INSERT OR IGNORE INTO device_pictures (device_id, url, position) VALUES (1524, 'https://fdn2.gsmarena.com/vv/bigpic/allview-p7-xtreme.jpg', 0);
INSERT OR IGNORE INTO device_pictures (device_id, url, position) VALUES (1524, 'https://fdn2.gsmarena.com/vv/pics/allview/allview-p7-xtreme-1.jpg', 1);
INSERT OR IGNORE INTO device_pictures (device_id, url, position) VALUES (1524, 'https://fdn2.gsmarena.com/vv/pics/allview/allview-p7-xtreme-2.jpg', 2);
INSERT OR IGNORE INTO device_pictures (device_id, url, position) VALUES (1524, 'https://fdn2.gsmarena.com/vv/pics/allview/allview-p7-xtreme-3.jpg', 3);
INSERT OR IGNORE INTO devices (id, brand_id, name, gsmarena_url, thumbnail_url, summary) VALUES (1525, 8, 'X1 Xtreme', 'https://www.gsmarena.com/allview_x1_xtreme-6194.php', 'https://fdn2.gsmarena.com/vv/bigpic/allview-x1-xtreme.jpg', 'X1 Xtreme');
INSERT OR IGNORE INTO device_specs (device_id, announced, status, network, os, chipset, cpu, gpu, display_size, display_type, display_res, ram, storage, main_camera, selfie_camera, battery, charging, nfc, usb, bluetooth, wlan, colors, weight, dimensions, sim, sensors, popularity, fans, rating, full_specs_json) VALUES (1525, '2014, February. Released 2014, February', 'Discontinued', 'GSM / HSPA', 'Android 4.2.2 (Jelly Bean)', 'Qualcomm MSM8274 Snapdragon 800 (28 nm)', 'Quad-core 2.15 GHz Krait 400', 'Adreno 330', '5.5 inches, 83.4 cm 2 (~73.8% screen-to-body ratio)', 'IPS LCD', '1080 x 1920 pixels, 16:9 ratio (~401 ppi density)', '3GB', '32GB', '16 MP, AF, LED flash, HDR, panorama', '8 MP', 'Li-Po 2500 mAh, non-removable', NULL, 'Yes', 'microUSB 2.0', '4.0, A2DP, EDR', 'Wi-Fi 802.11 a/b/g/n/ac, dual-band, Wi-Fi Direct, hotspot', 'Black', '150.5 g (5.29 oz)', '150.6 x 75 x 9.7 mm (5.93 x 2.95 x 0.38 in)', 'Micro-SIM', 'Accelerometer, proximity, compass', 'About 470 EUR', NULL, NULL, '[{"category":"Network","specs":[{"label":"Technology","value":"GSM / HSPA"},{"label":"2G bands","value":"GSM 900 / 1800 / 1900"},{"label":"3G bands","value":"HSDPA 900 / 2100"},{"label":"Speed","value":"HSPA"}]},{"category":"Launch","specs":[{"label":"Announced","value":"2014, February. Released 2014, February"},{"label":"Status","value":"Discontinued"}]},{"category":"Body","specs":[{"label":"Dimensions","value":"150.6 x 75 x 9.7 mm (5.93 x 2.95 x 0.38 in)"},{"label":"Weight","value":"150.5 g (5.29 oz)"},{"label":"SIM","value":"Micro-SIM"}]},{"category":"Display","specs":[{"label":"Type","value":"IPS LCD"},{"label":"Size","value":"5.5 inches, 83.4 cm 2 (~73.8% screen-to-body ratio)"},{"label":"Resolution","value":"1080 x 1920 pixels, 16:9 ratio (~401 ppi density)"},{"label":"Protection","value":"Corning Gorilla Glass 3"}]},{"category":"Platform","specs":[{"label":"OS","value":"Android 4.2.2 (Jelly Bean)"},{"label":"Chipset","value":"Qualcomm MSM8274 Snapdragon 800 (28 nm)"},{"label":"CPU","value":"Quad-core 2.15 GHz Krait 400"},{"label":"GPU","value":"Adreno 330"}]},{"category":"Memory","specs":[{"label":"Card slot","value":"No"},{"label":"Internal","value":"32GB 3GB RAM"}]},{"category":"Main Camera","specs":[{"label":"Single","value":"16 MP, AF"},{"label":"Features","value":"LED flash, HDR, panorama"},{"label":"Video","value":"1080p@30fps"}]},{"category":"Selfie camera","specs":[{"label":"Single","value":"8 MP"}]},{"category":"Sound","specs":[{"label":"Loudspeaker","value":"Yes"},{"label":"3.5mm jack","value":"Yes"}]},{"category":"Comms","specs":[{"label":"WLAN","value":"Wi-Fi 802.11 a/b/g/n/ac, dual-band, Wi-Fi Direct, hotspot"},{"label":"Bluetooth","value":"4.0, A2DP, EDR"},{"label":"Positioning","value":"GPS, GLONASS"},{"label":"NFC","value":"Yes"},{"label":"USB","value":"microUSB 2.0"},{"label":"Radio","value":"FM radio"}]},{"category":"Features","specs":[{"label":"Sensors","value":"Accelerometer, proximity, compass"}]},{"category":"Battery","specs":[{"label":"Type","value":"Li-Po 2500 mAh, non-removable"},{"label":"Stand-by","value":"Up to 250 h"},{"label":"Talk time","value":"Up to 8 h 20 min"}]},{"category":"Misc","specs":[{"label":"Colors","value":"Black"},{"label":"Price","value":"About 470 EUR"}]}]');
INSERT OR IGNORE INTO device_pictures (device_id, url, position) VALUES (1525, 'https://fdn2.gsmarena.com/vv/bigpic/allview-x1-xtreme.jpg', 0);
INSERT OR IGNORE INTO device_pictures (device_id, url, position) VALUES (1525, 'https://fdn2.gsmarena.com/vv/pics/allview/allview-x1-xtreme-1.jpg', 1);
INSERT OR IGNORE INTO device_pictures (device_id, url, position) VALUES (1525, 'https://fdn2.gsmarena.com/vv/pics/allview/allview-x1-xtreme-2.jpg', 2);
INSERT OR IGNORE INTO devices (id, brand_id, name, gsmarena_url, thumbnail_url, summary) VALUES (1526, 8, 'V1 Viper S', 'https://www.gsmarena.com/allview_v1_viper_s-6193.php', 'https://fdn2.gsmarena.com/vv/bigpic/allview-v1-viper-s.jpg', 'V1 Viper S');
INSERT OR IGNORE INTO device_specs (device_id, announced, status, network, os, chipset, cpu, gpu, display_size, display_type, display_res, ram, storage, main_camera, selfie_camera, battery, charging, nfc, usb, bluetooth, wlan, colors, weight, dimensions, sim, sensors, popularity, fans, rating, full_specs_json) VALUES (1526, '2014, February. Released 2014, February', 'Discontinued', 'GSM / HSPA', 'Android 4.3 (Jelly Bean)', 'Qualcomm MSM8228 Snapdragon 400 (28 nm)', 'Quad-core 1.4 GHz Cortex-A7', 'Adreno 305', '5.0 inches, 68.9 cm 2 (~66.7% screen-to-body ratio)', 'IPS LCD', '720 x 1280 pixels, 16:9 ratio (~294 ppi density)', '2GB', '16GB', '13 MP, AF, LED flash, HDR, panorama', '5 MP', 'Li-Ion 2500 mAh, removable', NULL, 'Yes', 'microUSB 2.0', '4.0, A2DP, EDR', 'Wi-Fi 802.11 b/g/n, hotspot, Wi-Fi Direct', 'Black', '143.5 g (5.08 oz)', '144 x 71.8 x 8.9 mm (5.67 x 2.83 x 0.35 in)', 'Dual SIM (Mini-SIM/ Micro-SIM)', 'Accelerometer, proximity, compass', 'About 310 EUR', NULL, NULL, '[{"category":"Network","specs":[{"label":"Technology","value":"GSM / HSPA"},{"label":"2G bands","value":"GSM 900 / 1800 / 1900"},{"label":"3G bands","value":"HSDPA 900 / 2100"},{"label":"Speed","value":"HSPA"}]},{"category":"Launch","specs":[{"label":"Announced","value":"2014, February. Released 2014, February"},{"label":"Status","value":"Discontinued"}]},{"category":"Body","specs":[{"label":"Dimensions","value":"144 x 71.8 x 8.9 mm (5.67 x 2.83 x 0.35 in)"},{"label":"Weight","value":"143.5 g (5.08 oz)"},{"label":"SIM","value":"Dual SIM (Mini-SIM/ Micro-SIM)"}]},{"category":"Display","specs":[{"label":"Type","value":"IPS LCD"},{"label":"Size","value":"5.0 inches, 68.9 cm 2 (~66.7% screen-to-body ratio)"},{"label":"Resolution","value":"720 x 1280 pixels, 16:9 ratio (~294 ppi density)"},{"label":"Protection","value":"Corning Gorilla Glass 3"}]},{"category":"Platform","specs":[{"label":"OS","value":"Android 4.3 (Jelly Bean)"},{"label":"Chipset","value":"Qualcomm MSM8228 Snapdragon 400 (28 nm)"},{"label":"CPU","value":"Quad-core 1.4 GHz Cortex-A7"},{"label":"GPU","value":"Adreno 305"}]},{"category":"Memory","specs":[{"label":"Card slot","value":"microSDHC"},{"label":"Internal","value":"16GB 2GB RAM"}]},{"category":"Main Camera","specs":[{"label":"Single","value":"13 MP, AF"},{"label":"Features","value":"LED flash, HDR, panorama"},{"label":"Video","value":"1080p@30fps"}]},{"category":"Selfie camera","specs":[{"label":"Single","value":"5 MP"}]},{"category":"Sound","specs":[{"label":"Loudspeaker","value":"Yes, built-in amplifier"},{"label":"3.5mm jack","value":"Yes"}]},{"category":"Comms","specs":[{"label":"WLAN","value":"Wi-Fi 802.11 b/g/n, hotspot, Wi-Fi Direct"},{"label":"Bluetooth","value":"4.0, A2DP, EDR"},{"label":"Positioning","value":"GPS"},{"label":"NFC","value":"Yes"},{"label":"USB","value":"microUSB 2.0"},{"label":"Radio","value":"FM radio"}]},{"category":"Features","specs":[{"label":"Sensors","value":"Accelerometer, proximity, compass"}]},{"category":"Battery","specs":[{"label":"Type","value":"Li-Ion 2500 mAh, removable"},{"label":"Stand-by","value":"Up to 277 h"},{"label":"Talk time","value":"Up to 9 h"}]},{"category":"Misc","specs":[{"label":"Colors","value":"Black"},{"label":"Price","value":"About 310 EUR"}]}]');
INSERT OR IGNORE INTO device_pictures (device_id, url, position) VALUES (1526, 'https://fdn2.gsmarena.com/vv/bigpic/allview-v1-viper-s.jpg', 0);
INSERT OR IGNORE INTO device_pictures (device_id, url, position) VALUES (1526, 'https://fdn2.gsmarena.com/vv/pics/allview/allview-v1-viper-s.jpg', 1);
INSERT OR IGNORE INTO devices (id, brand_id, name, gsmarena_url, thumbnail_url, summary) VALUES (1527, 8, 'Wi10N PRO', 'https://www.gsmarena.com/allview_wi10n_pro-7644.php', 'https://fdn2.gsmarena.com/vv/bigpic/allview-wi10n-pro.jpg', 'Wi10N PRO');
INSERT OR IGNORE INTO device_specs (device_id, announced, status, network, os, chipset, cpu, gpu, display_size, display_type, display_res, ram, storage, main_camera, selfie_camera, battery, charging, nfc, usb, bluetooth, wlan, colors, weight, dimensions, sim, sensors, popularity, fans, rating, full_specs_json) VALUES (1527, '2014, November. Released 2014, November', 'Discontinued', 'No cellular connectivity', 'Microsoft Windows 10', 'Intel Atom Z3735F', 'Quad-core 1.33 GHz', NULL, '10.1 inches, 295.8 cm 2 (~66.3% screen-to-body ratio)', 'IPS LCD', '1280 x 800 pixels, 16:10 ratio (~149 ppi density)', '2GB', '32GB', '2 MP', 'VGA', 'Li-Po 6000 mAh, non-removable', NULL, 'No', '2.0', '4.0, A2DP, EDR', 'Wi-Fi 802.11 b/g/n', 'Black', '625.7 g (1.38 lb)', '258 x 173 x 10.3 mm (10.16 x 6.81 x 0.41 in)', 'No', 'Accelerometer', NULL, NULL, NULL, '[{"category":"Network","specs":[{"label":"Technology","value":"No cellular connectivity"},{"label":"2G bands","value":"N/A"},{"label":"GPRS","value":"No"},{"label":"EDGE","value":"No"}]},{"category":"Launch","specs":[{"label":"Announced","value":"2014, November. Released 2014, November"},{"label":"Status","value":"Discontinued"}]},{"category":"Body","specs":[{"label":"Dimensions","value":"258 x 173 x 10.3 mm (10.16 x 6.81 x 0.41 in)"},{"label":"Weight","value":"625.7 g (1.38 lb)"},{"label":"SIM","value":"No"}]},{"category":"Display","specs":[{"label":"Type","value":"IPS LCD"},{"label":"Size","value":"10.1 inches, 295.8 cm 2 (~66.3% screen-to-body ratio)"},{"label":"Resolution","value":"1280 x 800 pixels, 16:10 ratio (~149 ppi density)"}]},{"category":"Platform","specs":[{"label":"OS","value":"Microsoft Windows 10"},{"label":"Chipset","value":"Intel Atom Z3735F"},{"label":"CPU","value":"Quad-core 1.33 GHz"}]},{"category":"Memory","specs":[{"label":"Card slot","value":"microSDHC (dedicated slot)"},{"label":"Internal","value":"32GB 2GB RAM"}]},{"category":"Main Camera","specs":[{"label":"Single","value":"2 MP"},{"label":"Video","value":"Yes"}]},{"category":"Selfie camera","specs":[{"label":"Single","value":"VGA"}]},{"category":"Sound","specs":[{"label":"Loudspeaker","value":"Yes, with stereo speakers"},{"label":"3.5mm jack","value":"Yes"}]},{"category":"Comms","specs":[{"label":"WLAN","value":"Wi-Fi 802.11 b/g/n"},{"label":"Bluetooth","value":"4.0, A2DP, EDR"},{"label":"Positioning","value":"No"},{"label":"NFC","value":"No"},{"label":"USB","value":"2.0"},{"label":"Radio","value":"No"}]},{"category":"Features","specs":[{"label":"Sensors","value":"Accelerometer"}]},{"category":"Battery","specs":[{"label":"Type","value":"Li-Po 6000 mAh, non-removable"},{"label":"Stand-by","value":"Up to 150 h"},{"label":"Talk time","value":"Up to 5 h"}]},{"category":"Misc","specs":[{"label":"Colors","value":"Black"}]}]');
INSERT OR IGNORE INTO device_pictures (device_id, url, position) VALUES (1527, 'https://fdn2.gsmarena.com/vv/bigpic/allview-wi10n-pro.jpg', 0);
INSERT OR IGNORE INTO device_pictures (device_id, url, position) VALUES (1527, 'https://fdn2.gsmarena.com/vv/pics/allview/allview-wi10n-pro.jpg', 1);
INSERT OR IGNORE INTO devices (id, brand_id, name, gsmarena_url, thumbnail_url, summary) VALUES (1528, 8, 'Wi8G', 'https://www.gsmarena.com/allview_wi8g-7643.php', 'https://fdn2.gsmarena.com/vv/bigpic/allview-wi-8g.jpg', 'Wi8G');
INSERT OR IGNORE INTO device_specs (device_id, announced, status, network, os, chipset, cpu, gpu, display_size, display_type, display_res, ram, storage, main_camera, selfie_camera, battery, charging, nfc, usb, bluetooth, wlan, colors, weight, dimensions, sim, sensors, popularity, fans, rating, full_specs_json) VALUES (1528, '2014, December. Released 2014, December', 'Discontinued', 'GSM / HSPA', 'Microsoft Windows 10', 'Intel Atom Z3735G', 'Quad-core 1.33 GHz', NULL, '8.0 inches, 185.6 cm 2 (~73.2% screen-to-body ratio)', 'IPS LCD', '800 x 1280 pixels, 16:10 ratio (~189 ppi density)', '1GB', '16GB', '2 MP', '2 MP', 'Li-Po 3800 mAh, non-removable', NULL, 'No', 'microUSB 2.0', '4.0, A2DP, EDR', 'Wi-Fi 802.11 b/g/n', 'Black, White', '351 g (12.38 oz)', '206.5 x 122.8 x 9.1 mm (8.13 x 4.83 x 0.36 in)', 'Mini-SIM', 'Accelerometer', NULL, NULL, NULL, '[{"category":"Network","specs":[{"label":"Technology","value":"GSM / HSPA"},{"label":"2G bands","value":"GSM 900 / 1800"},{"label":"3G bands","value":"HSDPA 900 / 2100"},{"label":"Speed","value":"HSPA 21.1/5.76 Mbps"}]},{"category":"Launch","specs":[{"label":"Announced","value":"2014, December. Released 2014, December"},{"label":"Status","value":"Discontinued"}]},{"category":"Body","specs":[{"label":"Dimensions","value":"206.5 x 122.8 x 9.1 mm (8.13 x 4.83 x 0.36 in)"},{"label":"Weight","value":"351 g (12.38 oz)"},{"label":"SIM","value":"Mini-SIM"}]},{"category":"Display","specs":[{"label":"Type","value":"IPS LCD"},{"label":"Size","value":"8.0 inches, 185.6 cm 2 (~73.2% screen-to-body ratio)"},{"label":"Resolution","value":"800 x 1280 pixels, 16:10 ratio (~189 ppi density)"}]},{"category":"Platform","specs":[{"label":"OS","value":"Microsoft Windows 10"},{"label":"Chipset","value":"Intel Atom Z3735G"},{"label":"CPU","value":"Quad-core 1.33 GHz"}]},{"category":"Memory","specs":[{"label":"Card slot","value":"microSDHC (dedicated slot)"},{"label":"Internal","value":"16GB 1GB RAM"}]},{"category":"Main Camera","specs":[{"label":"Single","value":"2 MP"},{"label":"Video","value":"Yes"}]},{"category":"Selfie camera","specs":[{"label":"Single","value":"2 MP"}]},{"category":"Sound","specs":[{"label":"Loudspeaker","value":"Yes"},{"label":"3.5mm jack","value":"Yes"}]},{"category":"Comms","specs":[{"label":"WLAN","value":"Wi-Fi 802.11 b/g/n"},{"label":"Bluetooth","value":"4.0, A2DP, EDR"},{"label":"Positioning","value":"No"},{"label":"NFC","value":"No"},{"label":"USB","value":"microUSB 2.0"},{"label":"Radio","value":"No"}]},{"category":"Features","specs":[{"label":"Sensors","value":"Accelerometer"}]},{"category":"Battery","specs":[{"label":"Type","value":"Li-Po 3800 mAh, non-removable"},{"label":"Stand-by","value":"Up to 140 h"},{"label":"Talk time","value":"Up to 4 h"}]},{"category":"Misc","specs":[{"label":"Colors","value":"Black, White"}]}]');
INSERT OR IGNORE INTO device_pictures (device_id, url, position) VALUES (1528, 'https://fdn2.gsmarena.com/vv/bigpic/allview-wi-8g.jpg', 0);
INSERT OR IGNORE INTO device_pictures (device_id, url, position) VALUES (1528, 'https://fdn2.gsmarena.com/vv/pics/allview/allview-wi-8g.jpg', 1);
INSERT OR IGNORE INTO devices (id, brand_id, name, gsmarena_url, thumbnail_url, summary) VALUES (1529, 8, 'Wi7', 'https://www.gsmarena.com/allview_wi7-7640.php', 'https://fdn2.gsmarena.com/vv/bigpic/allview-wi7.jpg', 'Wi7');
INSERT OR IGNORE INTO device_specs (device_id, announced, status, network, os, chipset, cpu, gpu, display_size, display_type, display_res, ram, storage, main_camera, selfie_camera, battery, charging, nfc, usb, bluetooth, wlan, colors, weight, dimensions, sim, sensors, popularity, fans, rating, full_specs_json) VALUES (1529, '2014, November. Released 2014, November', 'Discontinued', 'No cellular connectivity', 'Microsoft Windows Phone 8.1', 'Intel Atom Z3735G', 'Quad-core 1.33 GHz', NULL, '7.0 inches, 137.9 cm 2 (~66.4% screen-to-body ratio)', 'TFT', '600 x 1024 pixels, 16:9 ratio (~170 ppi density)', '1GB', '16GB', '2 MP', 'VGA', 'Li-Po 2400 mAh, non-removable', NULL, 'No', 'microUSB 2.0', '4.0, A2DP', 'Wi-Fi 802.11 b/g/n', 'Black', '283.7 g (10.02 oz)', '194 x 107 x 9.7 mm (7.64 x 4.21 x 0.38 in)', 'No', 'Accelerometer', NULL, NULL, NULL, '[{"category":"Network","specs":[{"label":"Technology","value":"No cellular connectivity"},{"label":"2G bands","value":"N/A"},{"label":"GPRS","value":"No"},{"label":"EDGE","value":"No"}]},{"category":"Launch","specs":[{"label":"Announced","value":"2014, November. Released 2014, November"},{"label":"Status","value":"Discontinued"}]},{"category":"Body","specs":[{"label":"Dimensions","value":"194 x 107 x 9.7 mm (7.64 x 4.21 x 0.38 in)"},{"label":"Weight","value":"283.7 g (10.02 oz)"},{"label":"SIM","value":"No"}]},{"category":"Display","specs":[{"label":"Type","value":"TFT"},{"label":"Size","value":"7.0 inches, 137.9 cm 2 (~66.4% screen-to-body ratio)"},{"label":"Resolution","value":"600 x 1024 pixels, 16:9 ratio (~170 ppi density)"}]},{"category":"Platform","specs":[{"label":"OS","value":"Microsoft Windows Phone 8.1"},{"label":"Chipset","value":"Intel Atom Z3735G"},{"label":"CPU","value":"Quad-core 1.33 GHz"}]},{"category":"Memory","specs":[{"label":"Card slot","value":"microSDHC (dedicated slot)"},{"label":"Internal","value":"16GB 1GB RAM"}]},{"category":"Main Camera","specs":[{"label":"Single","value":"2 MP"},{"label":"Video","value":"Yes"}]},{"category":"Selfie camera","specs":[{"label":"Single","value":"VGA"}]},{"category":"Sound","specs":[{"label":"Loudspeaker","value":"Yes"},{"label":"3.5mm jack","value":"Yes"}]},{"category":"Comms","specs":[{"label":"WLAN","value":"Wi-Fi 802.11 b/g/n"},{"label":"Bluetooth","value":"4.0, A2DP"},{"label":"Positioning","value":"No"},{"label":"NFC","value":"No"},{"label":"USB","value":"microUSB 2.0"},{"label":"Radio","value":"No"}]},{"category":"Features","specs":[{"label":"Sensors","value":"Accelerometer"}]},{"category":"Battery","specs":[{"label":"Type","value":"Li-Po 2400 mAh, non-removable"},{"label":"Stand-by","value":"Up to 150 h"},{"label":"Talk time","value":"Up to 3 h"}]},{"category":"Misc","specs":[{"label":"Colors","value":"Black"}]}]');
INSERT OR IGNORE INTO device_pictures (device_id, url, position) VALUES (1529, 'https://fdn2.gsmarena.com/vv/bigpic/allview-wi7.jpg', 0);
INSERT OR IGNORE INTO device_pictures (device_id, url, position) VALUES (1529, 'https://fdn2.gsmarena.com/vv/pics/allview/allview-wi7.jpg', 1);
INSERT OR IGNORE INTO devices (id, brand_id, name, gsmarena_url, thumbnail_url, summary) VALUES (1530, 8, 'Viva i10G', 'https://www.gsmarena.com/allview_viva_i10g-7639.php', 'https://fdn2.gsmarena.com/vv/bigpic/allview-viva-i10g.jpg', 'Viva i10G');
INSERT OR IGNORE INTO device_specs (device_id, announced, status, network, os, chipset, cpu, gpu, display_size, display_type, display_res, ram, storage, main_camera, selfie_camera, battery, charging, nfc, usb, bluetooth, wlan, colors, weight, dimensions, sim, sensors, popularity, fans, rating, full_specs_json) VALUES (1530, '2014, June. Released 2014, June', 'Discontinued', 'GSM / HSPA', 'Android 4.4 (KitKat)', 'Intel Atom Z3735D', 'Quad-core 1.83 GHz', NULL, '9.7 inches, 291.4 cm 2 (~67.7% screen-to-body ratio)', 'IPS LCD', '1536 x 2048 pixels, 4:3 ratio (~264 ppi density)', '2GB', '16GB', '5 MP, AF', '2 MP', 'Li-Po 8000 mAh, non-removable', NULL, 'No', 'microUSB 2.0, OTG', '3.0', 'Wi-Fi 802.11 b/g/n', 'White', '588.7 g (1.30 lb)', '239 x 180 x 9.3 mm (9.41 x 7.09 x 0.37 in)', 'Mini-SIM', 'Accelerometer', NULL, NULL, NULL, '[{"category":"Network","specs":[{"label":"Technology","value":"GSM / HSPA"},{"label":"2G bands","value":"GSM 900 / 1800 / 1900"},{"label":"3G bands","value":"HSDPA 900 / 2100"},{"label":"Speed","value":"HSPA 21.1/5.76 Mbps"}]},{"category":"Launch","specs":[{"label":"Announced","value":"2014, June. Released 2014, June"},{"label":"Status","value":"Discontinued"}]},{"category":"Body","specs":[{"label":"Dimensions","value":"239 x 180 x 9.3 mm (9.41 x 7.09 x 0.37 in)"},{"label":"Weight","value":"588.7 g (1.30 lb)"},{"label":"SIM","value":"Mini-SIM"}]},{"category":"Display","specs":[{"label":"Type","value":"IPS LCD"},{"label":"Size","value":"9.7 inches, 291.4 cm 2 (~67.7% screen-to-body ratio)"},{"label":"Resolution","value":"1536 x 2048 pixels, 4:3 ratio (~264 ppi density)"},{"label":"Protection","value":"Scratch-resistant glass"}]},{"category":"Platform","specs":[{"label":"OS","value":"Android 4.4 (KitKat)"},{"label":"Chipset","value":"Intel Atom Z3735D"},{"label":"CPU","value":"Quad-core 1.83 GHz"}]},{"category":"Memory","specs":[{"label":"Card slot","value":"microSDHC (dedicated slot)"},{"label":"Internal","value":"16GB 2GB RAM"}]},{"category":"Main Camera","specs":[{"label":"Single","value":"5 MP, AF"},{"label":"Video","value":"720p@30fps"}]},{"category":"Selfie camera","specs":[{"label":"Single","value":"2 MP"}]},{"category":"Sound","specs":[{"label":"Loudspeaker","value":"Yes, with stereo speakers"},{"label":"3.5mm jack","value":"Yes"}]},{"category":"Comms","specs":[{"label":"WLAN","value":"Wi-Fi 802.11 b/g/n"},{"label":"Bluetooth","value":"3.0"},{"label":"Positioning","value":"GPS"},{"label":"NFC","value":"No"},{"label":"USB","value":"microUSB 2.0, OTG"},{"label":"Radio","value":"No"}]},{"category":"Features","specs":[{"label":"Sensors","value":"Accelerometer"}]},{"category":"Battery","specs":[{"label":"Type","value":"Li-Po 8000 mAh, non-removable"},{"label":"Stand-by","value":"Up to 200 h"},{"label":"Talk time","value":"Up to 6 h"}]},{"category":"Misc","specs":[{"label":"Colors","value":"White"},{"label":"SAR EU","value":"1.06 W/kg (body)"}]}]');
INSERT OR IGNORE INTO device_pictures (device_id, url, position) VALUES (1530, 'https://fdn2.gsmarena.com/vv/bigpic/allview-viva-i10g.jpg', 0);
INSERT OR IGNORE INTO device_pictures (device_id, url, position) VALUES (1530, 'https://fdn2.gsmarena.com/vv/pics/allview/allview-viva-i10g.jpg', 1);
INSERT OR IGNORE INTO devices (id, brand_id, name, gsmarena_url, thumbnail_url, summary) VALUES (1531, 8, 'Viva H10 HD', 'https://www.gsmarena.com/allview_viva_h10_hd-7638.php', 'https://fdn2.gsmarena.com/vv/bigpic/allview-viva-h10-hd.jpg', 'Viva H10 HD');
INSERT OR IGNORE INTO device_specs (device_id, announced, status, network, os, chipset, cpu, gpu, display_size, display_type, display_res, ram, storage, main_camera, selfie_camera, battery, charging, nfc, usb, bluetooth, wlan, colors, weight, dimensions, sim, sensors, popularity, fans, rating, full_specs_json) VALUES (1531, '2014, July. Released 2014, July', 'Discontinued', 'GSM / HSPA', 'Android 4.4 (KitKat)', 'Mediatek MT8382 (28 nm)', 'Quad-core 1.3 GHz Cortex-A7', 'Mali-400MP2', '10.1 inches, 295.8 cm 2 (~68.2% screen-to-body ratio)', 'IPS LCD', '800 x 1280 pixels, 16:10 ratio (~149 ppi density)', '1GB', '8GB', '3.15 MP', 'VGA', 'Li-Po 8000 mAh, non-removable', NULL, 'No', 'microUSB 2.0', '4.0, A2DP, EDR', 'Wi-Fi 802.11 b/g/n', 'Black, White', '659.4 (1.45 lb)', '258 x 168 x 9.6 mm (10.16 x 6.61 x 0.38 in)', 'Mini-SIM', 'Accelerometer', NULL, NULL, NULL, '[{"category":"Network","specs":[{"label":"Technology","value":"GSM / HSPA"},{"label":"2G bands","value":"GSM 900 / 1800 / 1900"},{"label":"3G bands","value":"HSDPA 900 / 2100"},{"label":"Speed","value":"HSPA 21.1/5.76 Mbps"}]},{"category":"Launch","specs":[{"label":"Announced","value":"2014, July. Released 2014, July"},{"label":"Status","value":"Discontinued"}]},{"category":"Body","specs":[{"label":"Dimensions","value":"258 x 168 x 9.6 mm (10.16 x 6.61 x 0.38 in)"},{"label":"Weight","value":"659.4 (1.45 lb)"},{"label":"SIM","value":"Mini-SIM"}]},{"category":"Display","specs":[{"label":"Type","value":"IPS LCD"},{"label":"Size","value":"10.1 inches, 295.8 cm 2 (~68.2% screen-to-body ratio)"},{"label":"Resolution","value":"800 x 1280 pixels, 16:10 ratio (~149 ppi density)"}]},{"category":"Platform","specs":[{"label":"OS","value":"Android 4.4 (KitKat)"},{"label":"Chipset","value":"Mediatek MT8382 (28 nm)"},{"label":"CPU","value":"Quad-core 1.3 GHz Cortex-A7"},{"label":"GPU","value":"Mali-400MP2"}]},{"category":"Memory","specs":[{"label":"Card slot","value":"microSDHC (dedicated slot)"},{"label":"Internal","value":"8GB 1GB RAM"}]},{"category":"Main Camera","specs":[{"label":"Single","value":"3.15 MP"},{"label":"Video","value":"Yes"}]},{"category":"Selfie camera","specs":[{"label":"Single","value":"VGA"}]},{"category":"Sound","specs":[{"label":"Loudspeaker","value":"Yes, with stereo speakers"},{"label":"3.5mm jack","value":"Yes"}]},{"category":"Comms","specs":[{"label":"WLAN","value":"Wi-Fi 802.11 b/g/n"},{"label":"Bluetooth","value":"4.0, A2DP, EDR"},{"label":"Positioning","value":"GPS"},{"label":"NFC","value":"No"},{"label":"USB","value":"microUSB 2.0"},{"label":"Radio","value":"No"}]},{"category":"Features","specs":[{"label":"Sensors","value":"Accelerometer"}]},{"category":"Battery","specs":[{"label":"Type","value":"Li-Po 8000 mAh, non-removable"},{"label":"Stand-by","value":"Up to 400 h"},{"label":"Talk time","value":"Up to 7 h 30 min"}]},{"category":"Misc","specs":[{"label":"Colors","value":"Black, White"},{"label":"SAR EU","value":"0.79 W/kg (body)"}]}]');
INSERT OR IGNORE INTO device_pictures (device_id, url, position) VALUES (1531, 'https://fdn2.gsmarena.com/vv/bigpic/allview-viva-h10-hd.jpg', 0);
INSERT OR IGNORE INTO device_pictures (device_id, url, position) VALUES (1531, 'https://fdn2.gsmarena.com/vv/pics/allview/allview-viva-h10-hd.jpg', 1);
INSERT OR IGNORE INTO devices (id, brand_id, name, gsmarena_url, thumbnail_url, summary) VALUES (1532, 8, 'Viva H10 LTE', 'https://www.gsmarena.com/allview_viva_h10_lte-7637.php', 'https://fdn2.gsmarena.com/vv/bigpic/allview-viva-h10-lte.jpg', 'Viva H10 LTE');
INSERT OR IGNORE INTO device_specs (device_id, announced, status, network, os, chipset, cpu, gpu, display_size, display_type, display_res, ram, storage, main_camera, selfie_camera, battery, charging, nfc, usb, bluetooth, wlan, colors, weight, dimensions, sim, sensors, popularity, fans, rating, full_specs_json) VALUES (1532, '2014, December. Released 2014, December', 'Discontinued', 'GSM / HSPA / LTE / 4G/LTE', 'Android 4.4.4 (KitKat)', 'Mediatek MT8732 (28 nm)', 'Quad-core 1.5 GHz Cortex-A53', 'Mali-T760', '10.1 inches, 295.8 cm 2 (~69.7% screen-to-body ratio)', 'IPS LCD', '800 x 1280 pixels, 16:10 ratio (~149 ppi density)', '1GB', '8GB', '5 MP, AF, LED flash', '2 MP', 'Li-Po 6500 mAh, non-removable', NULL, 'No', 'microUSB 2.0', '4.0, A2DP', 'Wi-Fi 802.11 b/g/n', 'Black, White', '510.2 g (1.12 lb)', '244 x 174 x 10.5 mm (9.61 x 6.85 x 0.41 in)', 'Mini-SIM', 'Accelerometer', NULL, NULL, NULL, '[{"category":"Network","specs":[{"label":"Technology","value":"GSM / HSPA / LTE"},{"label":"2G bands","value":"GSM 900 / 1800 / 1900"},{"label":"3G bands","value":"HSDPA 900 / 2100"},{"label":"4G bands","value":"3, 7, 20"},{"label":"Speed","value":"HSPA 42.2/11.5 Mbps, LTE Cat4 150/50 Mbps"}]},{"category":"Launch","specs":[{"label":"Announced","value":"2014, December. Released 2014, December"},{"label":"Status","value":"Discontinued"}]},{"category":"Body","specs":[{"label":"Dimensions","value":"244 x 174 x 10.5 mm (9.61 x 6.85 x 0.41 in)"},{"label":"Weight","value":"510.2 g (1.12 lb)"},{"label":"SIM","value":"Mini-SIM"}]},{"category":"Display","specs":[{"label":"Type","value":"IPS LCD"},{"label":"Size","value":"10.1 inches, 295.8 cm 2 (~69.7% screen-to-body ratio)"},{"label":"Resolution","value":"800 x 1280 pixels, 16:10 ratio (~149 ppi density)"}]},{"category":"Platform","specs":[{"label":"OS","value":"Android 4.4.4 (KitKat)"},{"label":"Chipset","value":"Mediatek MT8732 (28 nm)"},{"label":"CPU","value":"Quad-core 1.5 GHz Cortex-A53"},{"label":"GPU","value":"Mali-T760"}]},{"category":"Memory","specs":[{"label":"Card slot","value":"microSDHC (dedicated slot)"},{"label":"Internal","value":"8GB 1GB RAM"}]},{"category":"Main Camera","specs":[{"label":"Single","value":"5 MP, AF"},{"label":"Features","value":"LED flash"},{"label":"Video","value":"1080p@30fps"}]},{"category":"Selfie camera","specs":[{"label":"Single","value":"2 MP"}]},{"category":"Sound","specs":[{"label":"Loudspeaker","value":"Yes, with stereo speakers"},{"label":"3.5mm jack","value":"Yes"}]},{"category":"Comms","specs":[{"label":"WLAN","value":"Wi-Fi 802.11 b/g/n"},{"label":"Bluetooth","value":"4.0, A2DP"},{"label":"Positioning","value":"GPS"},{"label":"NFC","value":"No"},{"label":"USB","value":"microUSB 2.0"},{"label":"Radio","value":"FM Radio"}]},{"category":"Features","specs":[{"label":"Sensors","value":"Accelerometer"}]},{"category":"Battery","specs":[{"label":"Type","value":"Li-Po 6500 mAh, non-removable"},{"label":"Stand-by","value":"Up to 435 h"},{"label":"Talk time","value":"Up to 6 h"}]},{"category":"Misc","specs":[{"label":"Colors","value":"Black, White"},{"label":"SAR EU","value":"1.47 W/kg (body)"}]}]');
INSERT OR IGNORE INTO device_pictures (device_id, url, position) VALUES (1532, 'https://fdn2.gsmarena.com/vv/bigpic/allview-viva-h10-lte.jpg', 0);
INSERT OR IGNORE INTO device_pictures (device_id, url, position) VALUES (1532, 'https://fdn2.gsmarena.com/vv/pics/allview/allview-viva-h10-lte.jpg', 1);
INSERT OR IGNORE INTO devices (id, brand_id, name, gsmarena_url, thumbnail_url, summary) VALUES (1533, 8, 'Viva H8 LTE', 'https://www.gsmarena.com/allview_viva_h8_lte-7636.php', 'https://fdn2.gsmarena.com/vv/bigpic/allview-viva-h8-lte.jpg', 'Viva H8 LTE');
INSERT OR IGNORE INTO device_specs (device_id, announced, status, network, os, chipset, cpu, gpu, display_size, display_type, display_res, ram, storage, main_camera, selfie_camera, battery, charging, nfc, usb, bluetooth, wlan, colors, weight, dimensions, sim, sensors, popularity, fans, rating, full_specs_json) VALUES (1533, '2014. Released 2014', 'Discontinued', 'GSM / HSPA / LTE / 4G/LTE', 'Android 4.4.4 (KitKat)', 'Mediatek MT8732 (28 nm)', 'Quad-core 1.5 GHz Cortex-A53', 'Mali-T760', '8.0 inches, 185.6 cm 2 (~72.4% screen-to-body ratio)', 'IPS LCD', '800 x 1280 pixels, 16:10 ratio (~189 ppi density)', '1GB', '8GB', '2 MP, LED flash', 'VGA', 'Li-Po 4000 mAh, non-removable', NULL, 'No', 'microUSB 2.0', '4.0, EDR', 'Wi-Fi 802.11 b/g/n', 'Black', '324.4 g (11.43 oz)', '210 x 122 x 9 mm (8.27 x 4.80 x 0.35 in)', 'Mini-SIM', 'Accelerometer, proximity', NULL, NULL, NULL, '[{"category":"Network","specs":[{"label":"Technology","value":"GSM / HSPA / LTE"},{"label":"2G bands","value":"GSM 900 / 1800 / 1900"},{"label":"3G bands","value":"HSDPA 900 / 2100"},{"label":"4G bands","value":"3, 7, 20"},{"label":"Speed","value":"HSPA 42.2/11.5 Mbps, LTE Cat4 150/50 Mbps"}]},{"category":"Launch","specs":[{"label":"Announced","value":"2014. Released 2014"},{"label":"Status","value":"Discontinued"}]},{"category":"Body","specs":[{"label":"Dimensions","value":"210 x 122 x 9 mm (8.27 x 4.80 x 0.35 in)"},{"label":"Weight","value":"324.4 g (11.43 oz)"},{"label":"SIM","value":"Mini-SIM"}]},{"category":"Display","specs":[{"label":"Type","value":"IPS LCD"},{"label":"Size","value":"8.0 inches, 185.6 cm 2 (~72.4% screen-to-body ratio)"},{"label":"Resolution","value":"800 x 1280 pixels, 16:10 ratio (~189 ppi density)"}]},{"category":"Platform","specs":[{"label":"OS","value":"Android 4.4.4 (KitKat)"},{"label":"Chipset","value":"Mediatek MT8732 (28 nm)"},{"label":"CPU","value":"Quad-core 1.5 GHz Cortex-A53"},{"label":"GPU","value":"Mali-T760"}]},{"category":"Memory","specs":[{"label":"Card slot","value":"microSDHC (dedicated slot)"},{"label":"Internal","value":"8GB 1GB RAM"}]},{"category":"Main Camera","specs":[{"label":"Single","value":"2 MP"},{"label":"Features","value":"LED flash"},{"label":"Video","value":"Yes"}]},{"category":"Selfie camera","specs":[{"label":"Single","value":"VGA"}]},{"category":"Sound","specs":[{"label":"Loudspeaker","value":"Yes"},{"label":"3.5mm jack","value":"Yes"}]},{"category":"Comms","specs":[{"label":"WLAN","value":"Wi-Fi 802.11 b/g/n"},{"label":"Bluetooth","value":"4.0, EDR"},{"label":"Positioning","value":"GPS"},{"label":"NFC","value":"No"},{"label":"USB","value":"microUSB 2.0"},{"label":"Radio","value":"FM Radio"}]},{"category":"Features","specs":[{"label":"Sensors","value":"Accelerometer, proximity"}]},{"category":"Battery","specs":[{"label":"Type","value":"Li-Po 4000 mAh, non-removable"},{"label":"Stand-by","value":"Up to 400 h"},{"label":"Talk time","value":"Up to 6 h"}]},{"category":"Misc","specs":[{"label":"Colors","value":"Black"},{"label":"SAR EU","value":"1.18 W/kg (body)"}]}]');
INSERT OR IGNORE INTO device_pictures (device_id, url, position) VALUES (1533, 'https://fdn2.gsmarena.com/vv/bigpic/allview-viva-h8-lte.jpg', 0);
INSERT OR IGNORE INTO device_pictures (device_id, url, position) VALUES (1533, 'https://fdn2.gsmarena.com/vv/pics/allview/allview-viva-h8-lte.jpg', 1);
INSERT OR IGNORE INTO devices (id, brand_id, name, gsmarena_url, thumbnail_url, summary) VALUES (1534, 8, 'Viva H7S', 'https://www.gsmarena.com/allview_viva_h7s-7635.php', 'https://fdn2.gsmarena.com/vv/bigpic/allview-viva-h7-s.jpg', 'Viva H7S');
INSERT OR IGNORE INTO device_specs (device_id, announced, status, network, os, chipset, cpu, gpu, display_size, display_type, display_res, ram, storage, main_camera, selfie_camera, battery, charging, nfc, usb, bluetooth, wlan, colors, weight, dimensions, sim, sensors, popularity, fans, rating, full_specs_json) VALUES (1534, '2014, June. Released 2014, June', 'Discontinued', 'GSM / HSPA', 'Android 4.2.2 (Jelly Bean)', 'Mediatek MT8382 (28 nm)', 'Quad-core 1.3 GHz Cortex-A7', 'Mali-400MP2', '7.0 inches, 142.1 cm 2 (~69.3% screen-to-body ratio)', 'IPS LCD', '800 x 1280 pixels, 16:10 ratio (~216 ppi density)', '1GB', '8GB', '5 MP, AF, LED flash, HDR, panorama', 'VGA', 'Li-Po 3000 mAh, non-removable', NULL, 'No', 'microUSB 2.0', '4.0, EDR', 'Wi-Fi 802.11 b/g/n', 'Black', '277.6 g (9.81 oz)', '191 x 107.3 x 8.8 mm (7.52 x 4.22 x 0.35 in)', 'Mini-SIM', 'Accelerometer', NULL, NULL, NULL, '[{"category":"Network","specs":[{"label":"Technology","value":"GSM / HSPA"},{"label":"2G bands","value":"GSM 900 / 1800 / 1900"},{"label":"3G bands","value":"HSDPA 900 / 2100"},{"label":"Speed","value":"HSPA 21.1/5.76 Mbps"}]},{"category":"Launch","specs":[{"label":"Announced","value":"2014, June. Released 2014, June"},{"label":"Status","value":"Discontinued"}]},{"category":"Body","specs":[{"label":"Dimensions","value":"191 x 107.3 x 8.8 mm (7.52 x 4.22 x 0.35 in)"},{"label":"Weight","value":"277.6 g (9.81 oz)"},{"label":"SIM","value":"Mini-SIM"}]},{"category":"Display","specs":[{"label":"Type","value":"IPS LCD"},{"label":"Size","value":"7.0 inches, 142.1 cm 2 (~69.3% screen-to-body ratio)"},{"label":"Resolution","value":"800 x 1280 pixels, 16:10 ratio (~216 ppi density)"}]},{"category":"Platform","specs":[{"label":"OS","value":"Android 4.2.2 (Jelly Bean)"},{"label":"Chipset","value":"Mediatek MT8382 (28 nm)"},{"label":"CPU","value":"Quad-core 1.3 GHz Cortex-A7"},{"label":"GPU","value":"Mali-400MP2"}]},{"category":"Memory","specs":[{"label":"Card slot","value":"microSDHC (dedicated slot)"},{"label":"Internal","value":"8GB 1GB RAM"}]},{"category":"Main Camera","specs":[{"label":"Single","value":"5 MP, AF"},{"label":"Features","value":"LED flash, HDR, panorama"},{"label":"Video","value":"1080p@30fps"}]},{"category":"Selfie camera","specs":[{"label":"Single","value":"VGA"}]},{"category":"Sound","specs":[{"label":"Loudspeaker","value":"Yes"},{"label":"3.5mm jack","value":"Yes"}]},{"category":"Comms","specs":[{"label":"WLAN","value":"Wi-Fi 802.11 b/g/n"},{"label":"Bluetooth","value":"4.0, EDR"},{"label":"Positioning","value":"GPS"},{"label":"NFC","value":"No"},{"label":"USB","value":"microUSB 2.0"},{"label":"Radio","value":"FM radio, RDS"}]},{"category":"Features","specs":[{"label":"Sensors","value":"Accelerometer"}]},{"category":"Battery","specs":[{"label":"Type","value":"Li-Po 3000 mAh, non-removable"},{"label":"Stand-by","value":"Up to 300 h"},{"label":"Talk time","value":"Up to 5 h"}]},{"category":"Misc","specs":[{"label":"Colors","value":"Black"}]}]');
INSERT OR IGNORE INTO device_pictures (device_id, url, position) VALUES (1534, 'https://fdn2.gsmarena.com/vv/bigpic/allview-viva-h7-s.jpg', 0);
INSERT OR IGNORE INTO device_pictures (device_id, url, position) VALUES (1534, 'https://fdn2.gsmarena.com/vv/pics/allview/allview-viva-h7-s.jpg', 1);
INSERT OR IGNORE INTO devices (id, brand_id, name, gsmarena_url, thumbnail_url, summary) VALUES (1535, 8, 'Viva H7 LTE', 'https://www.gsmarena.com/allview_viva_h7_lte-7634.php', 'https://fdn2.gsmarena.com/vv/bigpic/allview-viva-h7-lte.jpg', 'Viva H7 LTE');
INSERT OR IGNORE INTO device_specs (device_id, announced, status, network, os, chipset, cpu, gpu, display_size, display_type, display_res, ram, storage, main_camera, selfie_camera, battery, charging, nfc, usb, bluetooth, wlan, colors, weight, dimensions, sim, sensors, popularity, fans, rating, full_specs_json) VALUES (1535, '2014. Released 2014', 'Discontinued', 'GSM / HSPA / LTE / 4G/LTE', 'Android 4.4.4 (KitKat)', 'Mediatek MT8732 (28 nm)', 'Quad-core 1.5 GHz Cortex-A53', 'Mali-T760', '7.0 inches, 137.9 cm 2 (~67.9% screen-to-body ratio)', 'IPS LCD', '600 x 1024 pixels, 16:9 ratio (~170 ppi density)', '1GB', '8GB', '2 MP', 'VGA', 'Li-Po 2500 mAh, non-removable', NULL, 'No', 'microUSB 2.0', '4.0, EDR', 'Wi-Fi 802.11 b/g/n', 'Black, White', '265 g (9.35 oz)', '188 x 108 x 9 mm (7.40 x 4.25 x 0.35 in)', 'Mini-SIM', 'Accelerometer, proximity', NULL, NULL, NULL, '[{"category":"Network","specs":[{"label":"Technology","value":"GSM / HSPA / LTE"},{"label":"2G bands","value":"GSM 900 / 1800 / 1900"},{"label":"3G bands","value":"HSDPA 900 / 2100"},{"label":"4G bands","value":"3, 7, 20"},{"label":"Speed","value":"HSPA 42.2/11.5 Mbps, LTE Cat4 150/50 Mbps"}]},{"category":"Launch","specs":[{"label":"Announced","value":"2014. Released 2014"},{"label":"Status","value":"Discontinued"}]},{"category":"Body","specs":[{"label":"Dimensions","value":"188 x 108 x 9 mm (7.40 x 4.25 x 0.35 in)"},{"label":"Weight","value":"265 g (9.35 oz)"},{"label":"SIM","value":"Mini-SIM"}]},{"category":"Display","specs":[{"label":"Type","value":"IPS LCD"},{"label":"Size","value":"7.0 inches, 137.9 cm 2 (~67.9% screen-to-body ratio)"},{"label":"Resolution","value":"600 x 1024 pixels, 16:9 ratio (~170 ppi density)"}]},{"category":"Platform","specs":[{"label":"OS","value":"Android 4.4.4 (KitKat)"},{"label":"Chipset","value":"Mediatek MT8732 (28 nm)"},{"label":"CPU","value":"Quad-core 1.5 GHz Cortex-A53"},{"label":"GPU","value":"Mali-T760"}]},{"category":"Memory","specs":[{"label":"Card slot","value":"microSDHC (dedicated slot)"},{"label":"Internal","value":"8GB 1GB RAM"}]},{"category":"Main Camera","specs":[{"label":"Single","value":"2 MP"},{"label":"Video","value":"Yes"}]},{"category":"Selfie camera","specs":[{"label":"Single","value":"VGA"}]},{"category":"Sound","specs":[{"label":"Loudspeaker","value":"Yes"},{"label":"3.5mm jack","value":"Yes"}]},{"category":"Comms","specs":[{"label":"WLAN","value":"Wi-Fi 802.11 b/g/n"},{"label":"Bluetooth","value":"4.0, EDR"},{"label":"Positioning","value":"GPS"},{"label":"NFC","value":"No"},{"label":"USB","value":"microUSB 2.0"},{"label":"Radio","value":"FM Radio"}]},{"category":"Features","specs":[{"label":"Sensors","value":"Accelerometer, proximity"}]},{"category":"Battery","specs":[{"label":"Type","value":"Li-Po 2500 mAh, non-removable"},{"label":"Stand-by","value":"Up to 250 h"},{"label":"Talk time","value":"Up to 4 h 30 min"}]},{"category":"Misc","specs":[{"label":"Colors","value":"Black, White"}]}]');
INSERT OR IGNORE INTO device_pictures (device_id, url, position) VALUES (1535, 'https://fdn2.gsmarena.com/vv/bigpic/allview-viva-h7-lte.jpg', 0);
INSERT OR IGNORE INTO device_pictures (device_id, url, position) VALUES (1535, 'https://fdn2.gsmarena.com/vv/pics/allview/allview-viva-h7-lte.jpg', 1);
INSERT OR IGNORE INTO devices (id, brand_id, name, gsmarena_url, thumbnail_url, summary) VALUES (1536, 8, 'Viva D8', 'https://www.gsmarena.com/allview_viva_d8-6078.php', 'https://fdn2.gsmarena.com/vv/bigpic/allview-viva-d8.jpg', 'Viva D8');
INSERT OR IGNORE INTO device_specs (device_id, announced, status, network, os, chipset, cpu, gpu, display_size, display_type, display_res, ram, storage, main_camera, selfie_camera, battery, charging, nfc, usb, bluetooth, wlan, colors, weight, dimensions, sim, sensors, popularity, fans, rating, full_specs_json) VALUES (1536, '2014, January. Released 2014, January', 'Discontinued', 'GSM / HSPA', 'Android 4.2 (Jelly Bean)', NULL, 'Dual-core 1.3 GHz Cortex-A7', 'Mali-400', '7.9 inches, 193.3 cm 2 (~71.0% screen-to-body ratio)', 'IPS LCD', '768 x 1024 pixels, 4:3 ratio (~162 ppi density)', NULL, '4GB', '3.15 MP, Panorama, HDR', '1 MP', 'Li-Po 4000 mAh, non-removable', NULL, 'No', 'microUSB 2.0', '4.0, A2DP, EDR', 'Wi-Fi 802.11 b/g/n, Wi-Fi Direct, hotspot', 'Black', '367 g (12.95 oz)', '199 x 136.8 x 9.1 mm (7.83 x 5.39 x 0.36 in)', 'Micro-SIM', 'Accelerometer', NULL, NULL, NULL, '[{"category":"Network","specs":[{"label":"Technology","value":"GSM / HSPA"},{"label":"2G bands","value":"GSM 900 / 1800 / 1900"},{"label":"3G bands","value":"HSDPA 900 / 2100"},{"label":"Speed","value":"HSPA 42.2/11.5 Mbps"}]},{"category":"Launch","specs":[{"label":"Announced","value":"2014, January. Released 2014, January"},{"label":"Status","value":"Discontinued"}]},{"category":"Body","specs":[{"label":"Dimensions","value":"199 x 136.8 x 9.1 mm (7.83 x 5.39 x 0.36 in)"},{"label":"Weight","value":"367 g (12.95 oz)"},{"label":"SIM","value":"Micro-SIM"}]},{"category":"Display","specs":[{"label":"Type","value":"IPS LCD"},{"label":"Size","value":"7.9 inches, 193.3 cm 2 (~71.0% screen-to-body ratio)"},{"label":"Resolution","value":"768 x 1024 pixels, 4:3 ratio (~162 ppi density)"}]},{"category":"Platform","specs":[{"label":"OS","value":"Android 4.2 (Jelly Bean)"},{"label":"CPU","value":"Dual-core 1.3 GHz Cortex-A7"},{"label":"GPU","value":"Mali-400"}]},{"category":"Memory","specs":[{"label":"Card slot","value":"microSDHC (dedicated slot)"},{"label":"Internal","value":"4GB 512MB RAM"}]},{"category":"Main Camera","specs":[{"label":"Single","value":"3.15 MP"},{"label":"Features","value":"Panorama, HDR"},{"label":"Video","value":"Yes"}]},{"category":"Selfie camera","specs":[{"label":"Single","value":"1 MP"}]},{"category":"Sound","specs":[{"label":"Loudspeaker","value":"Yes"},{"label":"3.5mm jack","value":"Yes"}]},{"category":"Comms","specs":[{"label":"WLAN","value":"Wi-Fi 802.11 b/g/n, Wi-Fi Direct, hotspot"},{"label":"Bluetooth","value":"4.0, A2DP, EDR"},{"label":"Positioning","value":"GPS"},{"label":"NFC","value":"No"},{"label":"USB","value":"microUSB 2.0"},{"label":"Radio","value":"FM radio, RDS"}]},{"category":"Features","specs":[{"label":"Sensors","value":"Accelerometer"}]},{"category":"Battery","specs":[{"label":"Type","value":"Li-Po 4000 mAh, non-removable"},{"label":"Stand-by","value":"Up to 400 h"},{"label":"Talk time","value":"Up to 5 h"}]},{"category":"Misc","specs":[{"label":"Colors","value":"Black"}]}]');
INSERT OR IGNORE INTO device_pictures (device_id, url, position) VALUES (1536, 'https://fdn2.gsmarena.com/vv/bigpic/allview-viva-d8.jpg', 0);
INSERT OR IGNORE INTO device_pictures (device_id, url, position) VALUES (1536, 'https://fdn2.gsmarena.com/vv/pics/allview/allview-viva-d8.jpg', 1);
INSERT OR IGNORE INTO devices (id, brand_id, name, gsmarena_url, thumbnail_url, summary) VALUES (1537, 8, 'AX4 Nano', 'https://www.gsmarena.com/allview_ax4_nano-6079.php', 'https://fdn2.gsmarena.com/vv/bigpic/allview-ax4-nano.jpg', 'AX4 Nano');
INSERT OR IGNORE INTO device_specs (device_id, announced, status, network, os, chipset, cpu, gpu, display_size, display_type, display_res, ram, storage, main_camera, selfie_camera, battery, charging, nfc, usb, bluetooth, wlan, colors, weight, dimensions, sim, sensors, popularity, fans, rating, full_specs_json) VALUES (1537, '2014, January. Released 2014, January', 'Discontinued', 'GSM / HSPA', 'Android 4.2 (Jelly Bean)', NULL, 'Dual-core 1.3 GHz Cortex-A7', 'Mali-400', '7.0 inches, 139.5 cm 2 (~67.8% screen-to-body ratio)', 'IPS LCD', '480 x 800 pixels, 5:3 ratio (~133 ppi density)', NULL, '4GB', '3.15 MP', '1 MP', 'Li-Po 2500 mAh, non-removable', NULL, 'No', 'microUSB 2.0', '4.0, A2DP, EDR', 'Wi-Fi 802.11 b/g/n, Wi-Fi Direct, hotspot', 'Black, White', '256.2 g (9.03 oz)', '190.9 x 107.8 x 9.3 mm (7.52 x 4.24 x 0.37 in)', 'Mini-SIM', 'Accelerometer', NULL, NULL, NULL, '[{"category":"Network","specs":[{"label":"Technology","value":"GSM / HSPA"},{"label":"2G bands","value":"GSM 900 / 1800 / 1900"},{"label":"3G bands","value":"HSDPA 900 / 2100"},{"label":"Speed","value":"HSPA"}]},{"category":"Launch","specs":[{"label":"Announced","value":"2014, January. Released 2014, January"},{"label":"Status","value":"Discontinued"}]},{"category":"Body","specs":[{"label":"Dimensions","value":"190.9 x 107.8 x 9.3 mm (7.52 x 4.24 x 0.37 in)"},{"label":"Weight","value":"256.2 g (9.03 oz)"},{"label":"SIM","value":"Mini-SIM"}]},{"category":"Display","specs":[{"label":"Type","value":"IPS LCD"},{"label":"Size","value":"7.0 inches, 139.5 cm 2 (~67.8% screen-to-body ratio)"},{"label":"Resolution","value":"480 x 800 pixels, 5:3 ratio (~133 ppi density)"}]},{"category":"Platform","specs":[{"label":"OS","value":"Android 4.2 (Jelly Bean)"},{"label":"CPU","value":"Dual-core 1.3 GHz Cortex-A7"},{"label":"GPU","value":"Mali-400"}]},{"category":"Memory","specs":[{"label":"Card slot","value":"microSDHC (dedicated slot)"},{"label":"Internal","value":"4GB 512MB RAM"}]},{"category":"Main Camera","specs":[{"label":"Single","value":"3.15 MP"},{"label":"Video","value":"Yes"}]},{"category":"Selfie camera","specs":[{"label":"Single","value":"1 MP"}]},{"category":"Sound","specs":[{"label":"Loudspeaker","value":"Yes"},{"label":"3.5mm jack","value":"Yes"}]},{"category":"Comms","specs":[{"label":"WLAN","value":"Wi-Fi 802.11 b/g/n, Wi-Fi Direct, hotspot"},{"label":"Bluetooth","value":"4.0, A2DP, EDR"},{"label":"Positioning","value":"GPS"},{"label":"NFC","value":"No"},{"label":"USB","value":"microUSB 2.0"},{"label":"Radio","value":"FM Radio"}]},{"category":"Features","specs":[{"label":"Sensors","value":"Accelerometer"}]},{"category":"Battery","specs":[{"label":"Type","value":"Li-Po 2500 mAh, non-removable"},{"label":"Stand-by","value":"Up to 250 h"},{"label":"Talk time","value":"Up to 4 h"}]},{"category":"Misc","specs":[{"label":"Colors","value":"Black, White"}]}]');
INSERT OR IGNORE INTO device_pictures (device_id, url, position) VALUES (1537, 'https://fdn2.gsmarena.com/vv/bigpic/allview-ax4-nano.jpg', 0);
INSERT OR IGNORE INTO device_pictures (device_id, url, position) VALUES (1537, 'https://fdn2.gsmarena.com/vv/pics/allview/allview-ax4-nano.jpg', 1);
INSERT OR IGNORE INTO device_pictures (device_id, url, position) VALUES (1537, 'https://fdn2.gsmarena.com/vv/pics/allview/allview-ax4-nano1.jpg', 2);
INSERT OR IGNORE INTO devices (id, brand_id, name, gsmarena_url, thumbnail_url, summary) VALUES (1538, 8, 'AX3 Party', 'https://www.gsmarena.com/allview_ax3_party-6080.php', 'https://fdn2.gsmarena.com/vv/bigpic/allview-ax3-party.jpg', 'AX3 Party');
INSERT OR IGNORE INTO device_specs (device_id, announced, status, network, os, chipset, cpu, gpu, display_size, display_type, display_res, ram, storage, main_camera, selfie_camera, battery, charging, nfc, usb, bluetooth, wlan, colors, weight, dimensions, sim, sensors, popularity, fans, rating, full_specs_json) VALUES (1538, '2013, November. Released 2013, November', 'Discontinued', 'GSM / HSPA', 'Android 4.0.4 (Ice Cream Sandwich)', NULL, 'Dual-core 1.0 GHz Cortex-A9', 'PowerVR SGX531', '7.0 inches, 139.5 cm 2 (~57.7% screen-to-body ratio)', 'TFT', '480 x 800 pixels, 5:3 ratio (~133 ppi density)', NULL, '4GB', '3.15 MP', 'VGA', 'Li-Po 3000 mAh, non-removable', NULL, 'No', 'microUSB 2.0', 'Yes', 'Wi-Fi 802.11 b/g/n, Wi-Fi Direct, hotspot', 'Black, White', '337.4 g (11.89 oz)', '198 x 122 x 9.9 mm (7.80 x 4.80 x 0.39 in)', 'Yes', 'Accelerometer, compass', NULL, NULL, NULL, '[{"category":"Network","specs":[{"label":"Technology","value":"GSM / HSPA"},{"label":"2G bands","value":"GSM 900 / 1800 / 1900"},{"label":"3G bands","value":"HSDPA 900 / 2100"},{"label":"Speed","value":"HSPA 7.2/5.76 Mbps"}]},{"category":"Launch","specs":[{"label":"Announced","value":"2013, November. Released 2013, November"},{"label":"Status","value":"Discontinued"}]},{"category":"Body","specs":[{"label":"Dimensions","value":"198 x 122 x 9.9 mm (7.80 x 4.80 x 0.39 in)"},{"label":"Weight","value":"337.4 g (11.89 oz)"},{"label":"SIM","value":"Yes"}]},{"category":"Display","specs":[{"label":"Type","value":"TFT"},{"label":"Size","value":"7.0 inches, 139.5 cm 2 (~57.7% screen-to-body ratio)"},{"label":"Resolution","value":"480 x 800 pixels, 5:3 ratio (~133 ppi density)"}]},{"category":"Platform","specs":[{"label":"OS","value":"Android 4.0.4 (Ice Cream Sandwich)"},{"label":"CPU","value":"Dual-core 1.0 GHz Cortex-A9"},{"label":"GPU","value":"PowerVR SGX531"}]},{"category":"Memory","specs":[{"label":"Card slot","value":"microSDHC (dedicated slot)"},{"label":"Internal","value":"4GB 512MB RAM"}]},{"category":"Main Camera","specs":[{"label":"Single","value":"3.15 MP"},{"label":"Video","value":"Yes"}]},{"category":"Selfie camera","specs":[{"label":"Single","value":"VGA"}]},{"category":"Sound","specs":[{"label":"Loudspeaker","value":"Yes, with stereo speakers"},{"label":"3.5mm jack","value":"Yes"}]},{"category":"Comms","specs":[{"label":"WLAN","value":"Wi-Fi 802.11 b/g/n, Wi-Fi Direct, hotspot"},{"label":"Bluetooth","value":"Yes"},{"label":"Positioning","value":"GPS"},{"label":"NFC","value":"No"},{"label":"USB","value":"microUSB 2.0"},{"label":"Radio","value":"FM Radio"}]},{"category":"Features","specs":[{"label":"Sensors","value":"Accelerometer, compass"}]},{"category":"Battery","specs":[{"label":"Type","value":"Li-Po 3000 mAh, non-removable"}]},{"category":"Misc","specs":[{"label":"Colors","value":"Black, White"}]}]');
INSERT OR IGNORE INTO device_pictures (device_id, url, position) VALUES (1538, 'https://fdn2.gsmarena.com/vv/bigpic/allview-ax3-party.jpg', 0);
INSERT OR IGNORE INTO device_pictures (device_id, url, position) VALUES (1538, 'https://fdn2.gsmarena.com/vv/pics/allview/allview-ax3-party.jpg', 1);
INSERT OR IGNORE INTO devices (id, brand_id, name, gsmarena_url, thumbnail_url, summary) VALUES (1539, 8, 'Viva i8', 'https://www.gsmarena.com/allview_viva_i8-6081.php', 'https://fdn2.gsmarena.com/vv/bigpic/allview-viva-i8.jpg', 'Viva i8');
INSERT OR IGNORE INTO device_specs (device_id, announced, status, network, os, chipset, cpu, gpu, display_size, display_type, display_res, ram, storage, main_camera, selfie_camera, battery, charging, nfc, usb, bluetooth, wlan, colors, weight, dimensions, sim, sensors, popularity, fans, rating, full_specs_json) VALUES (1539, '2013, November. Released 2013, November', 'Discontinued', 'No cellular connectivity', 'Android 4.2 (Jelly Bean)', 'Intel Atom Z5280', 'Dual-core 2.0 GHz', 'PowerVR SGX544', '7.9 inches, 193.3 cm 2 (~70.5% screen-to-body ratio)', 'IPS LCD', '768 x 1024 pixels, 4:3 ratio (~162 ppi density)', '1GB', '16GB', '5 MP, AF', '2 MP', 'Li-Po 4600 mAh, non-removable', NULL, 'No', 'microUSB 2.0', '3.0, A2DP', 'Wi-Fi 802.11 b/g/n', 'White', '312.5 g (11.01 oz)', '200 x 137 x 7.3 mm (7.87 x 5.39 x 0.29 in)', 'No', 'Accelerometer', NULL, NULL, NULL, '[{"category":"Network","specs":[{"label":"Technology","value":"No cellular connectivity"},{"label":"2G bands","value":"N/A"},{"label":"GPRS","value":"No"},{"label":"EDGE","value":"No"}]},{"category":"Launch","specs":[{"label":"Announced","value":"2013, November. Released 2013, November"},{"label":"Status","value":"Discontinued"}]},{"category":"Body","specs":[{"label":"Dimensions","value":"200 x 137 x 7.3 mm (7.87 x 5.39 x 0.29 in)"},{"label":"Weight","value":"312.5 g (11.01 oz)"},{"label":"SIM","value":"No"}]},{"category":"Display","specs":[{"label":"Type","value":"IPS LCD"},{"label":"Size","value":"7.9 inches, 193.3 cm 2 (~70.5% screen-to-body ratio)"},{"label":"Resolution","value":"768 x 1024 pixels, 4:3 ratio (~162 ppi density)"}]},{"category":"Platform","specs":[{"label":"OS","value":"Android 4.2 (Jelly Bean)"},{"label":"Chipset","value":"Intel Atom Z5280"},{"label":"CPU","value":"Dual-core 2.0 GHz"},{"label":"GPU","value":"PowerVR SGX544"}]},{"category":"Memory","specs":[{"label":"Card slot","value":"microSDHC (dedicated slot)"},{"label":"Internal","value":"16GB 1GB RAM"}]},{"category":"Main Camera","specs":[{"label":"Single","value":"5 MP, AF"},{"label":"Video","value":"Yes"}]},{"category":"Selfie camera","specs":[{"label":"Single","value":"2 MP"}]},{"category":"Sound","specs":[{"label":"Loudspeaker","value":"Yes, with stereo speakers"},{"label":"3.5mm jack","value":"Yes"}]},{"category":"Comms","specs":[{"label":"WLAN","value":"Wi-Fi 802.11 b/g/n"},{"label":"Bluetooth","value":"3.0, A2DP"},{"label":"Positioning","value":"GPS"},{"label":"NFC","value":"No"},{"label":"USB","value":"microUSB 2.0"},{"label":"Radio","value":"No"}]},{"category":"Features","specs":[{"label":"Sensors","value":"Accelerometer"}]},{"category":"Battery","specs":[{"label":"Type","value":"Li-Po 4600 mAh, non-removable"},{"label":"Stand-by","value":"Up to 460 h"},{"label":"Talk time","value":"Up to 8 h"}]},{"category":"Misc","specs":[{"label":"Colors","value":"White"}]}]');
INSERT OR IGNORE INTO device_pictures (device_id, url, position) VALUES (1539, 'https://fdn2.gsmarena.com/vv/bigpic/allview-viva-i8.jpg', 0);
INSERT OR IGNORE INTO device_pictures (device_id, url, position) VALUES (1539, 'https://fdn2.gsmarena.com/vv/pics/allview/allview-viva-i8.jpg', 1);
INSERT OR IGNORE INTO device_pictures (device_id, url, position) VALUES (1539, 'https://fdn2.gsmarena.com/vv/pics/allview/allview-viva-i81.jpg', 2);
INSERT OR IGNORE INTO devices (id, brand_id, name, gsmarena_url, thumbnail_url, summary) VALUES (1540, 8, 'Viva Q7 Life', 'https://www.gsmarena.com/allview_viva_q7_life-6107.php', 'https://fdn2.gsmarena.com/vv/bigpic/allview-viva-q7-life.jpg', 'Viva Q7 Life');
INSERT OR IGNORE INTO device_specs (device_id, announced, status, network, os, chipset, cpu, gpu, display_size, display_type, display_res, ram, storage, main_camera, selfie_camera, battery, charging, nfc, usb, bluetooth, wlan, colors, weight, dimensions, sim, sensors, popularity, fans, rating, full_specs_json) VALUES (1540, '2013, November. Released 2013, November', 'Discontinued', 'No cellular connectivity', 'Android 4.2 (Jelly Bean), upgradable to 4.4.2 (KitKat)', NULL, 'Quad-core 1.0 GHz Cortex-A7', 'PowerVR SGX544', '7.0 inches, 137.9 cm 2 (~58.7% screen-to-body ratio)', 'TFT', '600 x 1024 pixels, 16:9 ratio (~170 ppi density)', '1GB', '8GB', 'VGA', NULL, 'Li-Po 3000 mAh, non-removable', NULL, 'No', 'microUSB 2.0', 'Yes', 'Wi-Fi 802.11 b/g/n', 'White, Black', '402 g (14.18 oz)', '192.5 x 122 x 7.5 mm (7.58 x 4.80 x 0.30 in)', 'No', 'Accelerometer', 'About 90 EUR', NULL, NULL, '[{"category":"Network","specs":[{"label":"Technology","value":"No cellular connectivity"},{"label":"2G bands","value":"N/A"},{"label":"GPRS","value":"No"},{"label":"EDGE","value":"No"}]},{"category":"Launch","specs":[{"label":"Announced","value":"2013, November. Released 2013, November"},{"label":"Status","value":"Discontinued"}]},{"category":"Body","specs":[{"label":"Dimensions","value":"192.5 x 122 x 7.5 mm (7.58 x 4.80 x 0.30 in)"},{"label":"Weight","value":"402 g (14.18 oz)"},{"label":"SIM","value":"No"}]},{"category":"Display","specs":[{"label":"Type","value":"TFT"},{"label":"Size","value":"7.0 inches, 137.9 cm 2 (~58.7% screen-to-body ratio)"},{"label":"Resolution","value":"600 x 1024 pixels, 16:9 ratio (~170 ppi density)"}]},{"category":"Platform","specs":[{"label":"OS","value":"Android 4.2 (Jelly Bean), upgradable to 4.4.2 (KitKat)"},{"label":"CPU","value":"Quad-core 1.0 GHz Cortex-A7"},{"label":"GPU","value":"PowerVR SGX544"}]},{"category":"Memory","specs":[{"label":"Card slot","value":"microSDHC (dedicated slot)"},{"label":"Internal","value":"8GB 1GB RAM"}]},{"category":"Main Camera","specs":[{"label":"Single","value":"VGA"},{"label":"Video","value":"Yes"}]},{"category":"Sound","specs":[{"label":"Loudspeaker","value":"Yes"},{"label":"3.5mm jack","value":"Yes"}]},{"category":"Comms","specs":[{"label":"WLAN","value":"Wi-Fi 802.11 b/g/n"},{"label":"Bluetooth","value":"Yes"},{"label":"NFC","value":"No"},{"label":"USB","value":"microUSB 2.0"},{"label":"Radio","value":"No"}]},{"category":"Features","specs":[{"label":"Sensors","value":"Accelerometer"}]},{"category":"Battery","specs":[{"label":"Type","value":"Li-Po 3000 mAh, non-removable"},{"label":"Stand-by","value":"Up to 300 h"},{"label":"Talk time","value":"Up to 4 h"}]},{"category":"Misc","specs":[{"label":"Colors","value":"White, Black"},{"label":"Price","value":"About 90 EUR"}]}]');
INSERT OR IGNORE INTO device_pictures (device_id, url, position) VALUES (1540, 'https://fdn2.gsmarena.com/vv/bigpic/allview-viva-q7-life.jpg', 0);
INSERT OR IGNORE INTO device_pictures (device_id, url, position) VALUES (1540, 'https://fdn2.gsmarena.com/vv/pics/allview/allview-viva-q7-life1.jpg', 1);
INSERT OR IGNORE INTO device_pictures (device_id, url, position) VALUES (1540, 'https://fdn2.gsmarena.com/vv/pics/allview/allview-viva-q7-life2.jpg', 2);
INSERT OR IGNORE INTO devices (id, brand_id, name, gsmarena_url, thumbnail_url, summary) VALUES (1541, 8, '3 Speed Quad HD', 'https://www.gsmarena.com/allview_3_speed_quad_hd-6108.php', 'https://fdn2.gsmarena.com/vv/bigpic/allview-3-speed-quad-hd.jpg', '3 Speed Quad HD');
INSERT OR IGNORE INTO device_specs (device_id, announced, status, network, os, chipset, cpu, gpu, display_size, display_type, display_res, ram, storage, main_camera, selfie_camera, battery, charging, nfc, usb, bluetooth, wlan, colors, weight, dimensions, sim, sensors, popularity, fans, rating, full_specs_json) VALUES (1541, '2013, November. Released 2013, November', 'Discontinued', 'No cellular connectivity', 'Android 4.2.2 (Jelly Bean)', NULL, 'Quad-core 1.0 GHz Cortex-A7', 'PowerVR SGX544', '9.7 inches, 291.4 cm 2 (~67.5% screen-to-body ratio)', 'TFT', '768 x 1024 pixels, 4:3 ratio (~132 ppi density)', '1GB', '8GB', '2 MP', 'Yes', 'Li-Po 8000 mAh, non-removable', NULL, 'No', 'microUSB 2.0', 'Yes', 'Wi-Fi 802.11 b/g/n, Wi-Fi Direct', 'White, Black', '645.4 g (1.42 lb)', '242.5 x 178 x 8.9 mm (9.55 x 7.01 x 0.35 in)', 'No', 'Accelerometer', 'About 160 EUR', NULL, NULL, '[{"category":"Network","specs":[{"label":"Technology","value":"No cellular connectivity"},{"label":"2G bands","value":"N/A"},{"label":"GPRS","value":"No"},{"label":"EDGE","value":"No"}]},{"category":"Launch","specs":[{"label":"Announced","value":"2013, November. Released 2013, November"},{"label":"Status","value":"Discontinued"}]},{"category":"Body","specs":[{"label":"Dimensions","value":"242.5 x 178 x 8.9 mm (9.55 x 7.01 x 0.35 in)"},{"label":"Weight","value":"645.4 g (1.42 lb)"},{"label":"SIM","value":"No"}]},{"category":"Display","specs":[{"label":"Type","value":"TFT"},{"label":"Size","value":"9.7 inches, 291.4 cm 2 (~67.5% screen-to-body ratio)"},{"label":"Resolution","value":"768 x 1024 pixels, 4:3 ratio (~132 ppi density)"}]},{"category":"Platform","specs":[{"label":"OS","value":"Android 4.2.2 (Jelly Bean)"},{"label":"CPU","value":"Quad-core 1.0 GHz Cortex-A7"},{"label":"GPU","value":"PowerVR SGX544"}]},{"category":"Memory","specs":[{"label":"Card slot","value":"microSDHC (dedicated slot)"},{"label":"Internal","value":"8GB 1GB RAM"}]},{"category":"Main Camera","specs":[{"label":"Single","value":"2 MP"},{"label":"Video","value":"Yes"}]},{"category":"Selfie camera","specs":[{"label":"Single","value":"Yes"}]},{"category":"Sound","specs":[{"label":"Loudspeaker","value":"Yes"},{"label":"3.5mm jack","value":"Yes"}]},{"category":"Comms","specs":[{"label":"WLAN","value":"Wi-Fi 802.11 b/g/n, Wi-Fi Direct"},{"label":"Bluetooth","value":"Yes"},{"label":"NFC","value":"No"},{"label":"USB","value":"microUSB 2.0"},{"label":"Radio","value":"No"}]},{"category":"Features","specs":[{"label":"Sensors","value":"Accelerometer"}]},{"category":"Battery","specs":[{"label":"Type","value":"Li-Po 8000 mAh, non-removable"},{"label":"Stand-by","value":"Up to 570 h"},{"label":"Talk time","value":"Up to 8 h"}]},{"category":"Misc","specs":[{"label":"Colors","value":"White, Black"},{"label":"Price","value":"About 160 EUR"}]}]');
INSERT OR IGNORE INTO device_pictures (device_id, url, position) VALUES (1541, 'https://fdn2.gsmarena.com/vv/bigpic/allview-3-speed-quad-hd.jpg', 0);
INSERT OR IGNORE INTO device_pictures (device_id, url, position) VALUES (1541, 'https://fdn2.gsmarena.com/vv/pics/allview/allview-3-speed-quad-hd1.jpg', 1);
INSERT OR IGNORE INTO device_pictures (device_id, url, position) VALUES (1541, 'https://fdn2.gsmarena.com/vv/pics/allview/allview-3-speed-quad-hd2.jpg', 2);
INSERT OR IGNORE INTO devices (id, brand_id, name, gsmarena_url, thumbnail_url, summary) VALUES (1542, 8, 'City Life', 'https://www.gsmarena.com/allview_city_life-6110.php', 'https://fdn2.gsmarena.com/vv/bigpic/allview-city-life.jpg', 'City Life');
INSERT OR IGNORE INTO device_specs (device_id, announced, status, network, os, chipset, cpu, gpu, display_size, display_type, display_res, ram, storage, main_camera, selfie_camera, battery, charging, nfc, usb, bluetooth, wlan, colors, weight, dimensions, sim, sensors, popularity, fans, rating, full_specs_json) VALUES (1542, '2013, October. Released 2013, October', 'Discontinued', 'No cellular connectivity', 'Android 4.1.1 (Jelly Bean)', NULL, 'Dual-core 1.5 GHz Cortex-A9', 'Mali-400', '7.0 inches, 137.9 cm 2 (~58.7% screen-to-body ratio)', 'TFT', '600 x 1024 pixels, 16:9 ratio (~170 ppi density)', NULL, '8GB', 'VGA', NULL, 'Li-Po 3000 mAh, non-removable', NULL, 'No', 'microUSB 2.0, OTG', 'Yes', 'Wi-Fi 802.11 b/g/n', 'White, Black', '282 g (9.95 oz)', '192.5 x 122 x 7.9 mm (7.58 x 4.80 x 0.31 in)', 'No', 'Accelerometer', 'About 70 EUR', NULL, NULL, '[{"category":"Network","specs":[{"label":"Technology","value":"No cellular connectivity"},{"label":"2G bands","value":"N/A"},{"label":"GPRS","value":"No"},{"label":"EDGE","value":"No"}]},{"category":"Launch","specs":[{"label":"Announced","value":"2013, October. Released 2013, October"},{"label":"Status","value":"Discontinued"}]},{"category":"Body","specs":[{"label":"Dimensions","value":"192.5 x 122 x 7.9 mm (7.58 x 4.80 x 0.31 in)"},{"label":"Weight","value":"282 g (9.95 oz)"},{"label":"SIM","value":"No"}]},{"category":"Display","specs":[{"label":"Type","value":"TFT"},{"label":"Size","value":"7.0 inches, 137.9 cm 2 (~58.7% screen-to-body ratio)"},{"label":"Resolution","value":"600 x 1024 pixels, 16:9 ratio (~170 ppi density)"}]},{"category":"Platform","specs":[{"label":"OS","value":"Android 4.1.1 (Jelly Bean)"},{"label":"CPU","value":"Dual-core 1.5 GHz Cortex-A9"},{"label":"GPU","value":"Mali-400"}]},{"category":"Memory","specs":[{"label":"Card slot","value":"microSDHC (dedicated slot)"},{"label":"Internal","value":"8GB 512MB RAM"}]},{"category":"Main Camera","specs":[{"label":"Single","value":"VGA"},{"label":"Video","value":"Yes"}]},{"category":"Sound","specs":[{"label":"Loudspeaker","value":"Yes"},{"label":"3.5mm jack","value":"Yes"}]},{"category":"Comms","specs":[{"label":"WLAN","value":"Wi-Fi 802.11 b/g/n"},{"label":"Bluetooth","value":"Yes"},{"label":"NFC","value":"No"},{"label":"USB","value":"microUSB 2.0, OTG"},{"label":"Radio","value":"No"}]},{"category":"Features","specs":[{"label":"Sensors","value":"Accelerometer"}]},{"category":"Battery","specs":[{"label":"Type","value":"Li-Po 3000 mAh, non-removable"},{"label":"Stand-by","value":"Up to 250 h"},{"label":"Talk time","value":"Up to 4 h"}]},{"category":"Misc","specs":[{"label":"Colors","value":"White, Black"},{"label":"Price","value":"About 70 EUR"}]}]');
INSERT OR IGNORE INTO device_pictures (device_id, url, position) VALUES (1542, 'https://fdn2.gsmarena.com/vv/bigpic/allview-city-life.jpg', 0);
INSERT OR IGNORE INTO device_pictures (device_id, url, position) VALUES (1542, 'https://fdn2.gsmarena.com/vv/pics/allview/allview-city-life1.jpg', 1);
INSERT OR IGNORE INTO device_pictures (device_id, url, position) VALUES (1542, 'https://fdn2.gsmarena.com/vv/pics/allview/allview-city-life2.jpg', 2);
INSERT OR IGNORE INTO devices (id, brand_id, name, gsmarena_url, thumbnail_url, summary) VALUES (1543, 8, '2 Speed Quad', 'https://www.gsmarena.com/allview_2_speed_quad-6111.php', 'https://fdn2.gsmarena.com/vv/bigpic/allview-2-speed-quad.jpg', '2 Speed Quad');
INSERT OR IGNORE INTO device_specs (device_id, announced, status, network, os, chipset, cpu, gpu, display_size, display_type, display_res, ram, storage, main_camera, selfie_camera, battery, charging, nfc, usb, bluetooth, wlan, colors, weight, dimensions, sim, sensors, popularity, fans, rating, full_specs_json) VALUES (1543, '2013, September. Released 2013, September', 'Discontinued', 'No cellular connectivity', 'Android 4.2.2 (Jelly Bean)', NULL, 'Quad-core 1.0 GHz Cortex-A7', 'PowerVR SGX544', '8.0 inches, 198.2 cm 2 (~65.0% screen-to-body ratio)', 'TFT', '768 x 1024 pixels, 4:3 ratio (~160 ppi density)', '1GB', '8GB', '2 MP', 'VGA', 'Li-Po 4400 mAh, non-removable', NULL, 'No', 'microUSB 2.0, OTG', 'Yes', 'Wi-Fi 802.11 b/g/n, Wi-Fi Direct', 'White, Black', '472.4 g (1.04 lb)', '200 x 152.5 x 9.8 mm (7.87 x 6.00 x 0.39 in)', 'No', 'Accelerometer', 'About 120 EUR', NULL, NULL, '[{"category":"Network","specs":[{"label":"Technology","value":"No cellular connectivity"},{"label":"2G bands","value":"N/A"},{"label":"GPRS","value":"No"},{"label":"EDGE","value":"No"}]},{"category":"Launch","specs":[{"label":"Announced","value":"2013, September. Released 2013, September"},{"label":"Status","value":"Discontinued"}]},{"category":"Body","specs":[{"label":"Dimensions","value":"200 x 152.5 x 9.8 mm (7.87 x 6.00 x 0.39 in)"},{"label":"Weight","value":"472.4 g (1.04 lb)"},{"label":"SIM","value":"No"}]},{"category":"Display","specs":[{"label":"Type","value":"TFT"},{"label":"Size","value":"8.0 inches, 198.2 cm 2 (~65.0% screen-to-body ratio)"},{"label":"Resolution","value":"768 x 1024 pixels, 4:3 ratio (~160 ppi density)"}]},{"category":"Platform","specs":[{"label":"OS","value":"Android 4.2.2 (Jelly Bean)"},{"label":"CPU","value":"Quad-core 1.0 GHz Cortex-A7"},{"label":"GPU","value":"PowerVR SGX544"}]},{"category":"Memory","specs":[{"label":"Card slot","value":"microSDHC (dedicated slot)"},{"label":"Internal","value":"8GB 1GB RAM"}]},{"category":"Main Camera","specs":[{"label":"Single","value":"2 MP"},{"label":"Video","value":"Yes"}]},{"category":"Selfie camera","specs":[{"label":"Single","value":"VGA"}]},{"category":"Sound","specs":[{"label":"Loudspeaker","value":"Yes"},{"label":"3.5mm jack","value":"Yes"}]},{"category":"Comms","specs":[{"label":"WLAN","value":"Wi-Fi 802.11 b/g/n, Wi-Fi Direct"},{"label":"Bluetooth","value":"Yes"},{"label":"NFC","value":"No"},{"label":"USB","value":"microUSB 2.0, OTG"},{"label":"Radio","value":"No"}]},{"category":"Features","specs":[{"label":"Sensors","value":"Accelerometer"}]},{"category":"Battery","specs":[{"label":"Type","value":"Li-Po 4400 mAh, non-removable"},{"label":"Stand-by","value":"Up to 440 h"},{"label":"Talk time","value":"Up to 7 h"}]},{"category":"Misc","specs":[{"label":"Colors","value":"White, Black"},{"label":"Price","value":"About 120 EUR"}]}]');
INSERT OR IGNORE INTO device_pictures (device_id, url, position) VALUES (1543, 'https://fdn2.gsmarena.com/vv/bigpic/allview-2-speed-quad.jpg', 0);
INSERT OR IGNORE INTO device_pictures (device_id, url, position) VALUES (1543, 'https://fdn2.gsmarena.com/vv/pics/allview/allview-2-speed-quad1.jpg', 1);
INSERT OR IGNORE INTO device_pictures (device_id, url, position) VALUES (1543, 'https://fdn2.gsmarena.com/vv/pics/allview/allview-2-speed-quad2.jpg', 2);
INSERT OR IGNORE INTO device_pictures (device_id, url, position) VALUES (1543, 'https://fdn2.gsmarena.com/vv/pics/allview/allview-2-speed-quad3.jpg', 3);
INSERT OR IGNORE INTO devices (id, brand_id, name, gsmarena_url, thumbnail_url, summary) VALUES (1544, 8, 'City+', 'https://www.gsmarena.com/allview_city+-6112.php', 'https://fdn2.gsmarena.com/vv/bigpic/allview-city-plus.jpg', 'City+');
INSERT OR IGNORE INTO device_specs (device_id, announced, status, network, os, chipset, cpu, gpu, display_size, display_type, display_res, ram, storage, main_camera, selfie_camera, battery, charging, nfc, usb, bluetooth, wlan, colors, weight, dimensions, sim, sensors, popularity, fans, rating, full_specs_json) VALUES (1544, '2013, August. Released 2013, August', 'Discontinued', 'No cellular connectivity', 'Android 4.1 (Jelly Bean)', NULL, 'Dual-core 1.5 GHz Cortex-A9', 'Mali-400', '7.0 inches, 137.9 cm 2 (~58.7% screen-to-body ratio)', 'IPS LCD', '600 x 1024 pixels, 16:9 ratio (~170 ppi density)', NULL, '8GB', 'VGA', NULL, 'Li-Po 3000 mAh, non-removable', NULL, 'No', 'microUSB 2.0, OTG', 'Yes', 'Wi-Fi 802.11 b/g/n', 'White, Black', '289 g (10.19 oz)', '192.5 x 122 x 7.9 mm (7.58 x 4.80 x 0.31 in)', 'No', 'Accelerometer', 'About 80 EUR', NULL, NULL, '[{"category":"Network","specs":[{"label":"Technology","value":"No cellular connectivity"},{"label":"2G bands","value":"N/A"},{"label":"GPRS","value":"No"},{"label":"EDGE","value":"No"}]},{"category":"Launch","specs":[{"label":"Announced","value":"2013, August. Released 2013, August"},{"label":"Status","value":"Discontinued"}]},{"category":"Body","specs":[{"label":"Dimensions","value":"192.5 x 122 x 7.9 mm (7.58 x 4.80 x 0.31 in)"},{"label":"Weight","value":"289 g (10.19 oz)"},{"label":"SIM","value":"No"}]},{"category":"Display","specs":[{"label":"Type","value":"IPS LCD"},{"label":"Size","value":"7.0 inches, 137.9 cm 2 (~58.7% screen-to-body ratio)"},{"label":"Resolution","value":"600 x 1024 pixels, 16:9 ratio (~170 ppi density)"}]},{"category":"Platform","specs":[{"label":"OS","value":"Android 4.1 (Jelly Bean)"},{"label":"CPU","value":"Dual-core 1.5 GHz Cortex-A9"},{"label":"GPU","value":"Mali-400"}]},{"category":"Memory","specs":[{"label":"Card slot","value":"microSDHC (dedicated slot)"},{"label":"Internal","value":"8GB 512MB RAM"}]},{"category":"Main Camera","specs":[{"label":"Single","value":"VGA"},{"label":"Video","value":"Yes"}]},{"category":"Sound","specs":[{"label":"Loudspeaker","value":"Yes"},{"label":"3.5mm jack","value":"Yes"}]},{"category":"Comms","specs":[{"label":"WLAN","value":"Wi-Fi 802.11 b/g/n"},{"label":"Bluetooth","value":"Yes"},{"label":"NFC","value":"No"},{"label":"USB","value":"microUSB 2.0, OTG"},{"label":"Radio","value":"No"}]},{"category":"Features","specs":[{"label":"Sensors","value":"Accelerometer"}]},{"category":"Battery","specs":[{"label":"Type","value":"Li-Po 3000 mAh, non-removable"},{"label":"Stand-by","value":"Up to 250 h"},{"label":"Talk time","value":"Up to 4 h"}]},{"category":"Misc","specs":[{"label":"Colors","value":"White, Black"},{"label":"Price","value":"About 80 EUR"}]}]');
INSERT OR IGNORE INTO device_pictures (device_id, url, position) VALUES (1544, 'https://fdn2.gsmarena.com/vv/bigpic/allview-city-plus.jpg', 0);
INSERT OR IGNORE INTO device_pictures (device_id, url, position) VALUES (1544, 'https://fdn2.gsmarena.com/vv/pics/allview/allview-city-plus1.jpg', 1);
INSERT OR IGNORE INTO device_pictures (device_id, url, position) VALUES (1544, 'https://fdn2.gsmarena.com/vv/pics/allview/allview-city-plus2.jpg', 2);
INSERT OR IGNORE INTO devices (id, brand_id, name, gsmarena_url, thumbnail_url, summary) VALUES (1545, 8, 'Viva H8', 'https://www.gsmarena.com/allview_viva_h8-6113.php', 'https://fdn2.gsmarena.com/vv/bigpic/allview-viva-h8.jpg', 'Viva H8');
INSERT OR IGNORE INTO device_specs (device_id, announced, status, network, os, chipset, cpu, gpu, display_size, display_type, display_res, ram, storage, main_camera, selfie_camera, battery, charging, nfc, usb, bluetooth, wlan, colors, weight, dimensions, sim, sensors, popularity, fans, rating, full_specs_json) VALUES (1545, '2013, August. Released 2013, August', 'Discontinued', 'GSM / HSPA', 'Android 4.2 (Jelly Bean)', NULL, 'Quad-core 1.2 GHz Cortex-A7', 'PowerVR SGX544', '7.9 inches, 193.3 cm 2 (~71.2% screen-to-body ratio)', 'IPS LCD', '768 x 1024 pixels, 4:3 ratio (~162 ppi density)', '1GB', '8GB', '5 MP, AF', '2 MP', 'Li-Po 4000 mAh, non-removable', NULL, 'No', 'microUSB 2.0', '4.0, A2DP, EDR', 'Wi-Fi 802.11 b/g/n, Wi-Fi Direct, hotspot', 'Black', '374 g (13.19 oz)', '200 x 135.7 x 7.9 mm (7.87 x 5.34 x 0.31 in)', 'Yes', 'Accelerometer, proximity', 'About 190 EUR', NULL, NULL, '[{"category":"Network","specs":[{"label":"Technology","value":"GSM / HSPA"},{"label":"2G bands","value":"GSM 900 / 1800 / 1900"},{"label":"3G bands","value":"HSDPA 900 / 2100"},{"label":"Speed","value":"HSPA"}]},{"category":"Launch","specs":[{"label":"Announced","value":"2013, August. Released 2013, August"},{"label":"Status","value":"Discontinued"}]},{"category":"Body","specs":[{"label":"Dimensions","value":"200 x 135.7 x 7.9 mm (7.87 x 5.34 x 0.31 in)"},{"label":"Weight","value":"374 g (13.19 oz)"},{"label":"SIM","value":"Yes"}]},{"category":"Display","specs":[{"label":"Type","value":"IPS LCD"},{"label":"Size","value":"7.9 inches, 193.3 cm 2 (~71.2% screen-to-body ratio)"},{"label":"Resolution","value":"768 x 1024 pixels, 4:3 ratio (~162 ppi density)"}]},{"category":"Platform","specs":[{"label":"OS","value":"Android 4.2 (Jelly Bean)"},{"label":"CPU","value":"Quad-core 1.2 GHz Cortex-A7"},{"label":"GPU","value":"PowerVR SGX544"}]},{"category":"Memory","specs":[{"label":"Card slot","value":"microSDHC (dedicated slot)"},{"label":"Internal","value":"8GB 1GB RAM"}]},{"category":"Main Camera","specs":[{"label":"Single","value":"5 MP, AF"},{"label":"Video","value":"720p"}]},{"category":"Selfie camera","specs":[{"label":"Single","value":"2 MP"}]},{"category":"Sound","specs":[{"label":"Loudspeaker","value":"Yes"},{"label":"3.5mm jack","value":"Yes"}]},{"category":"Comms","specs":[{"label":"WLAN","value":"Wi-Fi 802.11 b/g/n, Wi-Fi Direct, hotspot"},{"label":"Bluetooth","value":"4.0, A2DP, EDR"},{"label":"Positioning","value":"GPS"},{"label":"NFC","value":"No"},{"label":"USB","value":"microUSB 2.0"},{"label":"Radio","value":"No"}]},{"category":"Features","specs":[{"label":"Sensors","value":"Accelerometer, proximity"}]},{"category":"Battery","specs":[{"label":"Type","value":"Li-Po 4000 mAh, non-removable"},{"label":"Stand-by","value":"Up to 400 h"},{"label":"Talk time","value":"Up to 4 h"}]},{"category":"Misc","specs":[{"label":"Colors","value":"Black"},{"label":"Price","value":"About 190 EUR"}]}]');
INSERT OR IGNORE INTO device_pictures (device_id, url, position) VALUES (1545, 'https://fdn2.gsmarena.com/vv/bigpic/allview-viva-h8.jpg', 0);
INSERT OR IGNORE INTO device_pictures (device_id, url, position) VALUES (1545, 'https://fdn2.gsmarena.com/vv/pics/allview/allview-viva-h8.jpg', 1);
INSERT OR IGNORE INTO devices (id, brand_id, name, gsmarena_url, thumbnail_url, summary) VALUES (1546, 8, 'Viva Q8', 'https://www.gsmarena.com/allview_viva_q8-6114.php', 'https://fdn2.gsmarena.com/vv/bigpic/allview-viva-q8.jpg', 'Viva Q8');
INSERT OR IGNORE INTO device_specs (device_id, announced, status, network, os, chipset, cpu, gpu, display_size, display_type, display_res, ram, storage, main_camera, selfie_camera, battery, charging, nfc, usb, bluetooth, wlan, colors, weight, dimensions, sim, sensors, popularity, fans, rating, full_specs_json) VALUES (1546, '2013, July. Released 2013, July', 'Discontinued', 'No cellular connectivity', 'Android 4.2 (Jelly Bean), upgradable to 4.4.2 (KitKat)', NULL, 'Quad-core 1.0 GHz Cortex-A7', 'PowerVR SGX544', '7.9 inches, 193.3 cm 2 (~69.5% screen-to-body ratio)', 'IPS LCD', '768 x 1024 pixels, 4:3 ratio (~162 ppi density)', '1GB', '8GB', '5 MP, AF', 'VGA', 'Li-Po 4000 mAh, non-removable', NULL, 'No', 'microUSB 2.0, OTG', 'Yes', 'Wi-Fi 802.11 b/g/n', 'White, Black', '357 g (12.59 oz)', '200 x 139 x 7.5 mm (7.87 x 5.47 x 0.30 in)', 'No', 'Accelerometer', 'About 150 EUR', NULL, NULL, '[{"category":"Network","specs":[{"label":"Technology","value":"No cellular connectivity"},{"label":"2G bands","value":"N/A"},{"label":"GPRS","value":"No"},{"label":"EDGE","value":"No"}]},{"category":"Launch","specs":[{"label":"Announced","value":"2013, July. Released 2013, July"},{"label":"Status","value":"Discontinued"}]},{"category":"Body","specs":[{"label":"Dimensions","value":"200 x 139 x 7.5 mm (7.87 x 5.47 x 0.30 in)"},{"label":"Weight","value":"357 g (12.59 oz)"},{"label":"SIM","value":"No"}]},{"category":"Display","specs":[{"label":"Type","value":"IPS LCD"},{"label":"Size","value":"7.9 inches, 193.3 cm 2 (~69.5% screen-to-body ratio)"},{"label":"Resolution","value":"768 x 1024 pixels, 4:3 ratio (~162 ppi density)"}]},{"category":"Platform","specs":[{"label":"OS","value":"Android 4.2 (Jelly Bean), upgradable to 4.4.2 (KitKat)"},{"label":"CPU","value":"Quad-core 1.0 GHz Cortex-A7"},{"label":"GPU","value":"PowerVR SGX544"}]},{"category":"Memory","specs":[{"label":"Card slot","value":"microSDHC (dedicated slot)"},{"label":"Internal","value":"8GB 1GB RAM"}]},{"category":"Main Camera","specs":[{"label":"Single","value":"5 MP, AF"},{"label":"Video","value":"Yes"}]},{"category":"Selfie camera","specs":[{"label":"Single","value":"VGA"}]},{"category":"Sound","specs":[{"label":"Loudspeaker","value":"Yes"},{"label":"3.5mm jack","value":"Yes"}]},{"category":"Comms","specs":[{"label":"WLAN","value":"Wi-Fi 802.11 b/g/n"},{"label":"Bluetooth","value":"Yes"},{"label":"NFC","value":"No"},{"label":"USB","value":"microUSB 2.0, OTG"},{"label":"Radio","value":"No"}]},{"category":"Features","specs":[{"label":"Sensors","value":"Accelerometer"}]},{"category":"Battery","specs":[{"label":"Type","value":"Li-Po 4000 mAh, non-removable"},{"label":"Stand-by","value":"Up to 130 h"},{"label":"Talk time","value":"Up to 4 h"}]},{"category":"Misc","specs":[{"label":"Colors","value":"White, Black"},{"label":"Price","value":"About 150 EUR"}]}]');
INSERT OR IGNORE INTO device_pictures (device_id, url, position) VALUES (1546, 'https://fdn2.gsmarena.com/vv/bigpic/allview-viva-q8.jpg', 0);
INSERT OR IGNORE INTO device_pictures (device_id, url, position) VALUES (1546, 'https://fdn2.gsmarena.com/vv/pics/allview/allview-viva-q81.jpg', 1);
INSERT OR IGNORE INTO device_pictures (device_id, url, position) VALUES (1546, 'https://fdn2.gsmarena.com/vv/pics/allview/allview-viva-q82.jpg', 2);
INSERT OR IGNORE INTO device_pictures (device_id, url, position) VALUES (1546, 'https://fdn2.gsmarena.com/vv/pics/allview/allview-viva-q83.jpg', 3);
INSERT OR IGNORE INTO devices (id, brand_id, name, gsmarena_url, thumbnail_url, summary) VALUES (1547, 8, 'Start M7', 'https://www.gsmarena.com/allview_start_m7-6020.php', 'https://fdn2.gsmarena.com/vv/bigpic/allview-m7-start.jpg', 'Start M7');
INSERT OR IGNORE INTO device_specs (device_id, announced, status, network, os, chipset, cpu, gpu, display_size, display_type, display_res, ram, storage, main_camera, selfie_camera, battery, charging, nfc, usb, bluetooth, wlan, colors, weight, dimensions, sim, sensors, popularity, fans, rating, full_specs_json) VALUES (1547, '2014, January. Released 2014, January', 'Discontinued', 'GSM', NULL, NULL, '0', NULL, '2.4 inches, 17.8 cm 2 (~28.9% screen-to-body ratio)', 'TFT, 256K colors', '240 x 320 pixels, 4:3 ratio (~167 ppi density)', NULL, NULL, 'QVGA', NULL, 'Li-Ion 1000 mAh, removable', NULL, 'No', 'microUSB 2.0', '2.0, A2DP, EDR', 'No', 'Black', '80 g (2.82 oz)', '119 x 51.9 x 11.9 mm (4.69 x 2.04 x 0.47 in)', 'Dual SIM (dual stand-by)', NULL, 'About 20 EUR', NULL, NULL, '[{"category":"Network","specs":[{"label":"Technology","value":"GSM"},{"label":"2G bands","value":"GSM 900 / 1800"},{"label":"GPRS","value":"Yes"},{"label":"EDGE","value":"No"}]},{"category":"Launch","specs":[{"label":"Announced","value":"2014, January. Released 2014, January"},{"label":"Status","value":"Discontinued"}]},{"category":"Body","specs":[{"label":"Dimensions","value":"119 x 51.9 x 11.9 mm (4.69 x 2.04 x 0.47 in)"},{"label":"Weight","value":"80 g (2.82 oz)"},{"label":"SIM","value":"Dual SIM (dual stand-by)"}]},{"category":"Display","specs":[{"label":"Type","value":"TFT, 256K colors"},{"label":"Size","value":"2.4 inches, 17.8 cm 2 (~28.9% screen-to-body ratio)"},{"label":"Resolution","value":"240 x 320 pixels, 4:3 ratio (~167 ppi density)"}]},{"category":"Platform","specs":[{"label":"CPU","value":"0"}]},{"category":"Memory","specs":[{"label":"Card slot","value":"microSDHC (dedicated slot)"},{"label":"Phonebook","value":"300 entries"},{"label":"Call records","value":"Yes"}]},{"category":"Main Camera","specs":[{"label":"Single","value":"QVGA"},{"label":"Video","value":"No"}]},{"category":"Sound","specs":[{"label":"Loudspeaker","value":"Yes"},{"label":"3.5mm jack","value":"Yes"}]},{"category":"Comms","specs":[{"label":"WLAN","value":"No"},{"label":"Bluetooth","value":"2.0, A2DP, EDR"},{"label":"Positioning","value":"No"},{"label":"NFC","value":"No"},{"label":"USB","value":"microUSB 2.0"},{"label":"Radio","value":"FM radio"}]},{"category":"Features","specs":[{"label":"Messaging","value":"SMS, MMS"},{"label":"Games","value":"No"},{"label":"Java","value":"No"}]},{"category":"Battery","specs":[{"label":"Type","value":"Li-Ion 1000 mAh, removable"},{"label":"Stand-by","value":"Up to 140 h"},{"label":"Talk time","value":"Up to 5 h 15 min"}]},{"category":"Misc","specs":[{"label":"Colors","value":"Black"},{"label":"Price","value":"About 20 EUR"}]}]');
INSERT OR IGNORE INTO device_pictures (device_id, url, position) VALUES (1547, 'https://fdn2.gsmarena.com/vv/bigpic/allview-m7-start.jpg', 0);
INSERT OR IGNORE INTO device_pictures (device_id, url, position) VALUES (1547, 'https://fdn2.gsmarena.com/vv/pics/allview/allview-m7-start.jpg', 1);
INSERT OR IGNORE INTO devices (id, brand_id, name, gsmarena_url, thumbnail_url, summary) VALUES (1548, 8, 'P6 Quad Plus', 'https://www.gsmarena.com/allview_p6_quad_plus-6019.php', 'https://fdn2.gsmarena.com/vv/bigpic/allview-p6-quad-plus.jpg', 'P6 Quad Plus');
INSERT OR IGNORE INTO device_specs (device_id, announced, status, network, os, chipset, cpu, gpu, display_size, display_type, display_res, ram, storage, main_camera, selfie_camera, battery, charging, nfc, usb, bluetooth, wlan, colors, weight, dimensions, sim, sensors, popularity, fans, rating, full_specs_json) VALUES (1548, '2014, January. Released 2014, January', 'Discontinued', 'GSM / HSPA', 'Android 4.1.2 (Jelly Bean)', NULL, 'Quad-core 1.5 GHz Cortex-A7', 'PowerVR SGX544', '4.65 inches, 59.6 cm 2 (~63.1% screen-to-body ratio)', 'TFT', '720 x 1280 pixels, 16:9 ratio (~316 ppi density)', '1GB', '4GB', '8 MP, AF, LED flash, HDR', '1 MP', 'Li-Po 2100 mAh, removable', NULL, 'No', 'microUSB 2.0', '4.0, A2DP, EDR', 'Wi-Fi 802.11 b/g/n, hotspot, Wi-Fi Direct', 'Black', '131.9 g (4.62 oz)', '135 x 70 x 8.6 mm (5.31 x 2.76 x 0.34 in)', 'Dual SIM (dual stand-by)', 'Accelerometer, proximity, compass', 'About 220 EUR', NULL, NULL, '[{"category":"Network","specs":[{"label":"Technology","value":"GSM / HSPA"},{"label":"2G bands","value":"GSM 900 / 1800 / 1900"},{"label":"3G bands","value":"HSDPA 900 / 2100"},{"label":"Speed","value":"HSPA 21.1/5.76 Mbps"}]},{"category":"Launch","specs":[{"label":"Announced","value":"2014, January. Released 2014, January"},{"label":"Status","value":"Discontinued"}]},{"category":"Body","specs":[{"label":"Dimensions","value":"135 x 70 x 8.6 mm (5.31 x 2.76 x 0.34 in)"},{"label":"Weight","value":"131.9 g (4.62 oz)"},{"label":"SIM","value":"Dual SIM (dual stand-by)"}]},{"category":"Display","specs":[{"label":"Type","value":"TFT"},{"label":"Size","value":"4.65 inches, 59.6 cm 2 (~63.1% screen-to-body ratio)"},{"label":"Resolution","value":"720 x 1280 pixels, 16:9 ratio (~316 ppi density)"}]},{"category":"Platform","specs":[{"label":"OS","value":"Android 4.1.2 (Jelly Bean)"},{"label":"CPU","value":"Quad-core 1.5 GHz Cortex-A7"},{"label":"GPU","value":"PowerVR SGX544"}]},{"category":"Memory","specs":[{"label":"Card slot","value":"microSDHC (dedicated slot)"},{"label":"Internal","value":"4GB 1GB RAM"}]},{"category":"Main Camera","specs":[{"label":"Single","value":"8 MP, AF"},{"label":"Features","value":"LED flash, HDR"},{"label":"Video","value":"1080p@30fps"}]},{"category":"Selfie camera","specs":[{"label":"Single","value":"1 MP"}]},{"category":"Sound","specs":[{"label":"Loudspeaker","value":"Yes"},{"label":"3.5mm jack","value":"Yes"}]},{"category":"Comms","specs":[{"label":"WLAN","value":"Wi-Fi 802.11 b/g/n, hotspot, Wi-Fi Direct"},{"label":"Bluetooth","value":"4.0, A2DP, EDR"},{"label":"Positioning","value":"GPS"},{"label":"NFC","value":"No"},{"label":"USB","value":"microUSB 2.0"},{"label":"Radio","value":"FM radio"}]},{"category":"Features","specs":[{"label":"Sensors","value":"Accelerometer, proximity, compass"}]},{"category":"Battery","specs":[{"label":"Type","value":"Li-Po 2100 mAh, removable"},{"label":"Stand-by","value":"Up to 260 h"},{"label":"Talk time","value":"Up to 6 h 40 min"}]},{"category":"Misc","specs":[{"label":"Colors","value":"Black"},{"label":"Price","value":"About 220 EUR"}]}]');
INSERT OR IGNORE INTO device_pictures (device_id, url, position) VALUES (1548, 'https://fdn2.gsmarena.com/vv/bigpic/allview-p6-quad-plus.jpg', 0);
INSERT OR IGNORE INTO device_pictures (device_id, url, position) VALUES (1548, 'https://fdn2.gsmarena.com/vv/pics/allview/allview-p6-quad-plus-1.jpg', 1);
INSERT OR IGNORE INTO device_pictures (device_id, url, position) VALUES (1548, 'https://fdn2.gsmarena.com/vv/pics/allview/allview-p6-quad-plus-2.jpg', 2);
INSERT OR IGNORE INTO devices (id, brand_id, name, gsmarena_url, thumbnail_url, summary) VALUES (1549, 8, 'A5 Quad', 'https://www.gsmarena.com/allview_a5_quad-6018.php', 'https://fdn2.gsmarena.com/vv/bigpic/allview-a5-quad.jpg', 'A5 Quad');
INSERT OR IGNORE INTO device_specs (device_id, announced, status, network, os, chipset, cpu, gpu, display_size, display_type, display_res, ram, storage, main_camera, selfie_camera, battery, charging, nfc, usb, bluetooth, wlan, colors, weight, dimensions, sim, sensors, popularity, fans, rating, full_specs_json) VALUES (1549, '2014, January. Released 2014, January', 'Discontinued', 'GSM / HSPA', 'Android 4.2.2 (Jelly Bean)', NULL, 'Quad-core 1.3 GHz Cortex-A7', 'Mali-400', '4.3 inches, 52.6 cm 2 (~59.9% screen-to-body ratio)', 'TFT', '480 x 800 pixels, 5:3 ratio (~217 ppi density)', NULL, '4GB', '5 MP, AF, LED flash, HDR', 'VGA', 'Li-Ion 1700 mAh, removable', NULL, 'No', 'microUSB 2.0', '4.0, A2DP, EDR', 'Wi-Fi 802.11 b/g/n, hotspot, Wi-Fi Direct', 'Black, White', '153.7 (5.40 oz)', '129.2 x 68 x 10.9 mm (5.09 x 2.68 x 0.43 in)', 'Dual SIM (dual stand-by)', 'Accelerometer, proximity, compass', 'About 130 EUR', NULL, NULL, '[{"category":"Network","specs":[{"label":"Technology","value":"GSM / HSPA"},{"label":"2G bands","value":"GSM 900 / 1800 / 1900"},{"label":"3G bands","value":"HSDPA 900 / 2100"},{"label":"Speed","value":"HSPA"}]},{"category":"Launch","specs":[{"label":"Announced","value":"2014, January. Released 2014, January"},{"label":"Status","value":"Discontinued"}]},{"category":"Body","specs":[{"label":"Dimensions","value":"129.2 x 68 x 10.9 mm (5.09 x 2.68 x 0.43 in)"},{"label":"Weight","value":"153.7 (5.40 oz)"},{"label":"SIM","value":"Dual SIM (dual stand-by)"}]},{"category":"Display","specs":[{"label":"Type","value":"TFT"},{"label":"Size","value":"4.3 inches, 52.6 cm 2 (~59.9% screen-to-body ratio)"},{"label":"Resolution","value":"480 x 800 pixels, 5:3 ratio (~217 ppi density)"}]},{"category":"Platform","specs":[{"label":"OS","value":"Android 4.2.2 (Jelly Bean)"},{"label":"CPU","value":"Quad-core 1.3 GHz Cortex-A7"},{"label":"GPU","value":"Mali-400"}]},{"category":"Memory","specs":[{"label":"Card slot","value":"No"},{"label":"Internal","value":"4GB 512MB RAM"}]},{"category":"Main Camera","specs":[{"label":"Single","value":"5 MP, AF"},{"label":"Features","value":"LED flash, HDR"},{"label":"Video","value":"1080p@30fps"}]},{"category":"Selfie camera","specs":[{"label":"Single","value":"VGA"}]},{"category":"Sound","specs":[{"label":"Loudspeaker","value":"Yes"},{"label":"3.5mm jack","value":"Yes"}]},{"category":"Comms","specs":[{"label":"WLAN","value":"Wi-Fi 802.11 b/g/n, hotspot, Wi-Fi Direct"},{"label":"Bluetooth","value":"4.0, A2DP, EDR"},{"label":"Positioning","value":"GPS"},{"label":"NFC","value":"No"},{"label":"USB","value":"microUSB 2.0"},{"label":"Radio","value":"FM radio"}]},{"category":"Features","specs":[{"label":"Sensors","value":"Accelerometer, proximity, compass"}]},{"category":"Battery","specs":[{"label":"Type","value":"Li-Ion 1700 mAh, removable"},{"label":"Stand-by","value":"Up to 212 h"},{"label":"Talk time","value":"Up to 6 h 30 min (2G) / Up to 5 h 30 min (3G)"}]},{"category":"Misc","specs":[{"label":"Colors","value":"Black, White"},{"label":"Price","value":"About 130 EUR"}]}]');
INSERT OR IGNORE INTO device_pictures (device_id, url, position) VALUES (1549, 'https://fdn2.gsmarena.com/vv/bigpic/allview-a5-quad.jpg', 0);
INSERT OR IGNORE INTO device_pictures (device_id, url, position) VALUES (1549, 'https://fdn2.gsmarena.com/vv/pics/allview/allview-a5-quad-1.jpg', 1);
INSERT OR IGNORE INTO device_pictures (device_id, url, position) VALUES (1549, 'https://fdn2.gsmarena.com/vv/pics/allview/allview-a5-quad-2.jpg', 2);
INSERT OR IGNORE INTO devices (id, brand_id, name, gsmarena_url, thumbnail_url, summary) VALUES (1550, 8, 'P5 Symbol', 'https://www.gsmarena.com/allview_p5_symbol-6017.php', 'https://fdn2.gsmarena.com/vv/bigpic/allview-p5-symbol.jpg', 'P5 Symbol');
INSERT OR IGNORE INTO device_specs (device_id, announced, status, network, os, chipset, cpu, gpu, display_size, display_type, display_res, ram, storage, main_camera, selfie_camera, battery, charging, nfc, usb, bluetooth, wlan, colors, weight, dimensions, sim, sensors, popularity, fans, rating, full_specs_json) VALUES (1550, '2013, December. Released 2013, December', 'Discontinued', 'GSM / HSPA', 'Android 4.2.2 (Jelly Bean)', NULL, 'Dual-core 1.2 GHz Cortex-A7', 'Mali-400', '4.63 inches, 59.1 cm 2 (~62.0% screen-to-body ratio)', 'TFT', '480 x 854 pixels, 16:9 ratio (~212 ppi density)', NULL, '4GB', '5 MP, AF, LED flash, HDR, panorama', 'VGA', 'Li-Ion 1700 mAh, removable', NULL, 'No', 'microUSB 2.0', '4.0, A2DP, EDR', 'Wi-Fi 802.11 b/g/n, hotspot, Wi-Fi Direct', 'Black', '147.7 (5.19 oz)', '136.6 x 69.8 x 10.9 mm (5.38 x 2.75 x 0.43 in)', 'Dual SIM (dual stand-by)', 'Accelerometer, proximity', 'About 160 EUR', NULL, NULL, '[{"category":"Network","specs":[{"label":"Technology","value":"GSM / HSPA"},{"label":"2G bands","value":"GSM 900 / 1800"},{"label":"3G bands","value":"HSDPA 900 / 2100"},{"label":"Speed","value":"HSPA"}]},{"category":"Launch","specs":[{"label":"Announced","value":"2013, December. Released 2013, December"},{"label":"Status","value":"Discontinued"}]},{"category":"Body","specs":[{"label":"Dimensions","value":"136.6 x 69.8 x 10.9 mm (5.38 x 2.75 x 0.43 in)"},{"label":"Weight","value":"147.7 (5.19 oz)"},{"label":"SIM","value":"Dual SIM (dual stand-by)"}]},{"category":"Display","specs":[{"label":"Type","value":"TFT"},{"label":"Size","value":"4.63 inches, 59.1 cm 2 (~62.0% screen-to-body ratio)"},{"label":"Resolution","value":"480 x 854 pixels, 16:9 ratio (~212 ppi density)"}]},{"category":"Platform","specs":[{"label":"OS","value":"Android 4.2.2 (Jelly Bean)"},{"label":"CPU","value":"Dual-core 1.2 GHz Cortex-A7"},{"label":"GPU","value":"Mali-400"}]},{"category":"Memory","specs":[{"label":"Card slot","value":"No"},{"label":"Internal","value":"4GB 512MB RAM"}]},{"category":"Main Camera","specs":[{"label":"Single","value":"5 MP, AF"},{"label":"Features","value":"LED flash, HDR, panorama"},{"label":"Video","value":"720p@30fps"}]},{"category":"Selfie camera","specs":[{"label":"Single","value":"VGA"}]},{"category":"Sound","specs":[{"label":"Loudspeaker","value":"Yes"},{"label":"3.5mm jack","value":"Yes"}]},{"category":"Comms","specs":[{"label":"WLAN","value":"Wi-Fi 802.11 b/g/n, hotspot, Wi-Fi Direct"},{"label":"Bluetooth","value":"4.0, A2DP, EDR"},{"label":"Positioning","value":"GPS"},{"label":"NFC","value":"No"},{"label":"USB","value":"microUSB 2.0"},{"label":"Radio","value":"FM radio"}]},{"category":"Features","specs":[{"label":"Sensors","value":"Accelerometer, proximity"}]},{"category":"Battery","specs":[{"label":"Type","value":"Li-Ion 1700 mAh, removable"},{"label":"Stand-by","value":"Up to 280 h"},{"label":"Talk time","value":"Up to 6 h 40 min (2G) / Up to 5 h 40 min (3G)"}]},{"category":"Misc","specs":[{"label":"Colors","value":"Black"},{"label":"Price","value":"About 160 EUR"}]}]');
INSERT OR IGNORE INTO device_pictures (device_id, url, position) VALUES (1550, 'https://fdn2.gsmarena.com/vv/bigpic/allview-p5-symbol.jpg', 0);
INSERT OR IGNORE INTO device_pictures (device_id, url, position) VALUES (1550, 'https://fdn2.gsmarena.com/vv/pics/allview/allview-p5-symbol.jpg', 1);
INSERT OR IGNORE INTO devices (id, brand_id, name, gsmarena_url, thumbnail_url, summary) VALUES (1551, 8, 'X1 Soul Mini', 'https://www.gsmarena.com/allview_x1_soul_mini-5997.php', 'https://fdn2.gsmarena.com/vv/bigpic/allview-x1-soul-mini.jpg', 'X1 Soul Mini');
INSERT OR IGNORE INTO device_specs (device_id, announced, status, network, os, chipset, cpu, gpu, display_size, display_type, display_res, ram, storage, main_camera, selfie_camera, battery, charging, nfc, usb, bluetooth, wlan, colors, weight, dimensions, sim, sensors, popularity, fans, rating, full_specs_json) VALUES (1551, '2013, November. Released 2013, November', 'Discontinued', 'GSM / HSPA', 'Android 4.2 (Jelly Bean)', 'Mediatek MT6589T (28 nm)', 'Quad-core 1.5 GHz Cortex-A7', 'PowerVR SGX544MP2', '4.5 inches, 55.8 cm 2 (~66.5% screen-to-body ratio)', 'IPS LCD', '720 x 1280 pixels, 16:9 ratio (~326 ppi density)', '1GB', '16GB', '8 MP, AF, LED flash, HDR, panorama', '2 MP', 'Li-Po 3000 mAh, non-removable', NULL, 'No', 'microUSB 2.0', '4.0, A2DP, EDR', 'Wi-Fi 802.11 b/g/n, hotspot, Wi-Fi Direct', 'Black', '147.7 g (5.19 oz)', '130.4 x 64.4 x 9.1 mm (5.13 x 2.54 x 0.36 in)', 'Micro-SIM', 'Accelerometer, proximity, compass', 'About 270 EUR', NULL, NULL, '[{"category":"Network","specs":[{"label":"Technology","value":"GSM / HSPA"},{"label":"2G bands","value":"GSM 900 / 1800 / 1900"},{"label":"3G bands","value":"HSDPA 900 / 2100"},{"label":"Speed","value":"HSPA"}]},{"category":"Launch","specs":[{"label":"Announced","value":"2013, November. Released 2013, November"},{"label":"Status","value":"Discontinued"}]},{"category":"Body","specs":[{"label":"Dimensions","value":"130.4 x 64.4 x 9.1 mm (5.13 x 2.54 x 0.36 in)"},{"label":"Weight","value":"147.7 g (5.19 oz)"},{"label":"SIM","value":"Micro-SIM"}]},{"category":"Display","specs":[{"label":"Type","value":"IPS LCD"},{"label":"Size","value":"4.5 inches, 55.8 cm 2 (~66.5% screen-to-body ratio)"},{"label":"Resolution","value":"720 x 1280 pixels, 16:9 ratio (~326 ppi density)"},{"label":"Protection","value":"Corning Gorilla Glass 3"}]},{"category":"Platform","specs":[{"label":"OS","value":"Android 4.2 (Jelly Bean)"},{"label":"Chipset","value":"Mediatek MT6589T (28 nm)"},{"label":"CPU","value":"Quad-core 1.5 GHz Cortex-A7"},{"label":"GPU","value":"PowerVR SGX544MP2"}]},{"category":"Memory","specs":[{"label":"Card slot","value":"No"},{"label":"Internal","value":"16GB 1GB RAM"}]},{"category":"Main Camera","specs":[{"label":"Single","value":"8 MP, AF"},{"label":"Features","value":"LED flash, HDR, panorama"},{"label":"Video","value":"1080p@30fps"}]},{"category":"Selfie camera","specs":[{"label":"Single","value":"2 MP"}]},{"category":"Sound","specs":[{"label":"Loudspeaker","value":"Yes"},{"label":"3.5mm jack","value":"Yes"}]},{"category":"Comms","specs":[{"label":"WLAN","value":"Wi-Fi 802.11 b/g/n, hotspot, Wi-Fi Direct"},{"label":"Bluetooth","value":"4.0, A2DP, EDR"},{"label":"Positioning","value":"GPS"},{"label":"NFC","value":"No"},{"label":"USB","value":"microUSB 2.0"},{"label":"Radio","value":"FM radio"}]},{"category":"Features","specs":[{"label":"Sensors","value":"Accelerometer, proximity, compass"}]},{"category":"Battery","specs":[{"label":"Type","value":"Li-Po 3000 mAh, non-removable"},{"label":"Stand-by","value":"Up to 350 h"},{"label":"Talk time","value":"Up to 8 h 20 min (2G) / Up to 7 h (3G)"}]},{"category":"Misc","specs":[{"label":"Colors","value":"Black"},{"label":"Price","value":"About 270 EUR"}]}]');
INSERT OR IGNORE INTO device_pictures (device_id, url, position) VALUES (1551, 'https://fdn2.gsmarena.com/vv/bigpic/allview-x1-soul-mini.jpg', 0);
INSERT OR IGNORE INTO device_pictures (device_id, url, position) VALUES (1551, 'https://fdn2.gsmarena.com/vv/pics/allview/allview-x1-soul-mini.jpg', 1);
INSERT OR IGNORE INTO devices (id, brand_id, name, gsmarena_url, thumbnail_url, summary) VALUES (1552, 8, 'X1 Soul', 'https://www.gsmarena.com/allview_x1_soul-5996.php', 'https://fdn2.gsmarena.com/vv/bigpic/allview-x1-soul.jpg', 'X1 Soul');
INSERT OR IGNORE INTO device_specs (device_id, announced, status, network, os, chipset, cpu, gpu, display_size, display_type, display_res, ram, storage, main_camera, selfie_camera, battery, charging, nfc, usb, bluetooth, wlan, colors, weight, dimensions, sim, sensors, popularity, fans, rating, full_specs_json) VALUES (1552, '2013, November. Released 2013, November', 'Discontinued', 'GSM / HSPA', 'Android 4.2 (Jelly Bean)', 'Mediatek MT6589T (28 nm)', 'Quad-core 1.5 GHz Cortex-A7', 'PowerVR SGX544MP2', '5.0 inches, 68.9 cm 2 (~69.8% screen-to-body ratio)', 'IPS LCD', '1080 x 1920 pixels, 16:9 ratio (~441 ppi density)', '2GB', '32GB', '13 MP, AF, LED flash, HDR, panorama', '5 MP', 'Li-Po 2000 mAh, non-removable', NULL, 'No', 'microUSB 2.0', '4.0, A2DP, EDR', 'Wi-Fi 802.11 b/g/n, hotspot, Wi-Fi Direct', 'Black', '129.4 g (4.55 oz)', '143 x 69 x 7.9 mm (5.63 x 2.72 x 0.31 in)', 'Micro-SIM', 'Accelerometer, proximity, compass', 'About 360 EUR', NULL, NULL, '[{"category":"Network","specs":[{"label":"Technology","value":"GSM / HSPA"},{"label":"2G bands","value":"GSM 850 / 900 / 1800 / 1900"},{"label":"3G bands","value":"HSDPA 900 / 2100"},{"label":"Speed","value":"HSPA"}]},{"category":"Launch","specs":[{"label":"Announced","value":"2013, November. Released 2013, November"},{"label":"Status","value":"Discontinued"}]},{"category":"Body","specs":[{"label":"Dimensions","value":"143 x 69 x 7.9 mm (5.63 x 2.72 x 0.31 in)"},{"label":"Weight","value":"129.4 g (4.55 oz)"},{"label":"SIM","value":"Micro-SIM"}]},{"category":"Display","specs":[{"label":"Type","value":"IPS LCD"},{"label":"Size","value":"5.0 inches, 68.9 cm 2 (~69.8% screen-to-body ratio)"},{"label":"Resolution","value":"1080 x 1920 pixels, 16:9 ratio (~441 ppi density)"},{"label":"Protection","value":"Corning Gorilla Glass 3"}]},{"category":"Platform","specs":[{"label":"OS","value":"Android 4.2 (Jelly Bean)"},{"label":"Chipset","value":"Mediatek MT6589T (28 nm)"},{"label":"CPU","value":"Quad-core 1.5 GHz Cortex-A7"},{"label":"GPU","value":"PowerVR SGX544MP2"}]},{"category":"Memory","specs":[{"label":"Card slot","value":"No"},{"label":"Internal","value":"32GB 2GB RAM"}]},{"category":"Main Camera","specs":[{"label":"Single","value":"13 MP, AF"},{"label":"Features","value":"LED flash, HDR, panorama"},{"label":"Video","value":"1080p@30fps"}]},{"category":"Selfie camera","specs":[{"label":"Single","value":"5 MP"}]},{"category":"Sound","specs":[{"label":"Loudspeaker","value":"Yes, built-in amplifier"},{"label":"3.5mm jack","value":"Yes"}]},{"category":"Comms","specs":[{"label":"WLAN","value":"Wi-Fi 802.11 b/g/n, hotspot, Wi-Fi Direct"},{"label":"Bluetooth","value":"4.0, A2DP, EDR"},{"label":"Positioning","value":"GPS"},{"label":"NFC","value":"No"},{"label":"USB","value":"microUSB 2.0"},{"label":"Radio","value":"FM radio"}]},{"category":"Features","specs":[{"label":"Sensors","value":"Accelerometer, proximity, compass"}]},{"category":"Battery","specs":[{"label":"Type","value":"Li-Po 2000 mAh, non-removable"},{"label":"Stand-by","value":"Up to 250 h"},{"label":"Talk time","value":"Up to 6 h (2G) / Up to 5 h (3G)"}]},{"category":"Misc","specs":[{"label":"Colors","value":"Black"},{"label":"Price","value":"About 360 EUR"}]}]');
INSERT OR IGNORE INTO device_pictures (device_id, url, position) VALUES (1552, 'https://fdn2.gsmarena.com/vv/bigpic/allview-x1-soul.jpg', 0);
INSERT OR IGNORE INTO device_pictures (device_id, url, position) VALUES (1552, 'https://fdn2.gsmarena.com/vv/pics/allview/allview-x1-soul.jpg', 1);
INSERT OR IGNORE INTO devices (id, brand_id, name, gsmarena_url, thumbnail_url, summary) VALUES (1553, 8, 'A4 Duo', 'https://www.gsmarena.com/allview_a4_duo-6021.php', 'https://fdn2.gsmarena.com/vv/bigpic/allview-a4-duo.jpg', 'A4 Duo');
INSERT OR IGNORE INTO device_specs (device_id, announced, status, network, os, chipset, cpu, gpu, display_size, display_type, display_res, ram, storage, main_camera, selfie_camera, battery, charging, nfc, usb, bluetooth, wlan, colors, weight, dimensions, sim, sensors, popularity, fans, rating, full_specs_json) VALUES (1553, '2013, November. Released 2013, November', 'Discontinued', 'GSM / HSPA', 'Android 4.2 (Jelly Bean)', NULL, 'Dual-core 1.0 GHz Cotex-A7', 'Mali-400', '3.5 inches, 36.5 cm 2 (~49.7% screen-to-body ratio)', 'TFT', '320 x 480 pixels, 3:2 ratio (~165 ppi density)', NULL, '512MB RAM', '2 MP', NULL, 'Li-Ion 1200 mAh, removable', NULL, 'No', 'microUSB 2.0', '4.0, A2DP, EDR', 'Wi-Fi 802.11 b/g/n, hotspot, Wi-Fi Direct', 'Black', '110.6 (3.88 oz)', '116.1 x 63.2 x 12 mm (4.57 x 2.49 x 0.47 in)', 'Dual SIM (dual stand-by)', 'Accelerometer, proximity', 'About 80 EUR', NULL, NULL, '[{"category":"Network","specs":[{"label":"Technology","value":"GSM / HSPA"},{"label":"2G bands","value":"GSM 900 / 1800"},{"label":"3G bands","value":"HSDPA 900 / 2100"},{"label":"Speed","value":"HSPA"}]},{"category":"Launch","specs":[{"label":"Announced","value":"2013, November. Released 2013, November"},{"label":"Status","value":"Discontinued"}]},{"category":"Body","specs":[{"label":"Dimensions","value":"116.1 x 63.2 x 12 mm (4.57 x 2.49 x 0.47 in)"},{"label":"Weight","value":"110.6 (3.88 oz)"},{"label":"SIM","value":"Dual SIM (dual stand-by)"}]},{"category":"Display","specs":[{"label":"Type","value":"TFT"},{"label":"Size","value":"3.5 inches, 36.5 cm 2 (~49.7% screen-to-body ratio)"},{"label":"Resolution","value":"320 x 480 pixels, 3:2 ratio (~165 ppi density)"}]},{"category":"Platform","specs":[{"label":"OS","value":"Android 4.2 (Jelly Bean)"},{"label":"CPU","value":"Dual-core 1.0 GHz Cotex-A7"},{"label":"GPU","value":"Mali-400"}]},{"category":"Memory","specs":[{"label":"Card slot","value":"No"},{"label":"Internal","value":"512MB RAM"}]},{"category":"Main Camera","specs":[{"label":"Single","value":"2 MP"},{"label":"Video","value":"Yes"}]},{"category":"Sound","specs":[{"label":"Loudspeaker","value":"Yes"},{"label":"3.5mm jack","value":"Yes"}]},{"category":"Comms","specs":[{"label":"WLAN","value":"Wi-Fi 802.11 b/g/n, hotspot, Wi-Fi Direct"},{"label":"Bluetooth","value":"4.0, A2DP, EDR"},{"label":"Positioning","value":"No"},{"label":"NFC","value":"No"},{"label":"USB","value":"microUSB 2.0"},{"label":"Radio","value":"FM radio"}]},{"category":"Features","specs":[{"label":"Sensors","value":"Accelerometer, proximity"}]},{"category":"Battery","specs":[{"label":"Type","value":"Li-Ion 1200 mAh, removable"},{"label":"Stand-by","value":"Up to 200 h"},{"label":"Talk time","value":"Up to 8 h 20 min"}]},{"category":"Misc","specs":[{"label":"Colors","value":"Black"},{"label":"Price","value":"About 80 EUR"}]}]');
INSERT OR IGNORE INTO device_pictures (device_id, url, position) VALUES (1553, 'https://fdn2.gsmarena.com/vv/bigpic/allview-a4-duo.jpg', 0);
INSERT OR IGNORE INTO device_pictures (device_id, url, position) VALUES (1553, 'https://fdn2.gsmarena.com/vv/pics/allview/allview-a4-duo.jpg', 1);
INSERT OR IGNORE INTO devices (id, brand_id, name, gsmarena_url, thumbnail_url, summary) VALUES (1554, 8, 'A5 Duo', 'https://www.gsmarena.com/allview_a5_duo-6022.php', 'https://fdn2.gsmarena.com/vv/bigpic/allview-a5-duo.jpg', 'A5 Duo');
INSERT OR IGNORE INTO device_specs (device_id, announced, status, network, os, chipset, cpu, gpu, display_size, display_type, display_res, ram, storage, main_camera, selfie_camera, battery, charging, nfc, usb, bluetooth, wlan, colors, weight, dimensions, sim, sensors, popularity, fans, rating, full_specs_json) VALUES (1554, '2013, August. Released 2013, August', 'Discontinued', 'GSM / HSPA', 'Android 4.2.2 (Jelly Bean)', NULL, 'Dual-core 1.2 GHz Cotex-A7', 'Mali-400', '4.0 inches, 45.5 cm 2 (~56.1% screen-to-body ratio)', 'TFT', '480 x 800 pixels, 5:3 ratio (~233 ppi density)', NULL, '4GB', '3.15 MP, LED flash', 'VGA', 'Li-Ion 1700 mAh, removable', NULL, 'No', 'microUSB 2.0', '4.0, A2DP, EDR', 'Wi-Fi 802.11 b/g/n, hotspot, Wi-Fi Direct', 'Black', '137.7 g (4.83 oz)', '126 x 64.4 x 11.5 mm (4.96 x 2.54 x 0.45 in)', 'Dual SIM (dual stand-by)', 'Accelerometer, proximity, compass', 'About 100 EUR', NULL, NULL, '[{"category":"Network","specs":[{"label":"Technology","value":"GSM / HSPA"},{"label":"2G bands","value":"GSM 850 / 900 / 1800 / 1900"},{"label":"3G bands","value":"HSDPA 900 / 2100"},{"label":"Speed","value":"HSPA 21.1/5.76 Mbps"}]},{"category":"Launch","specs":[{"label":"Announced","value":"2013, August. Released 2013, August"},{"label":"Status","value":"Discontinued"}]},{"category":"Body","specs":[{"label":"Dimensions","value":"126 x 64.4 x 11.5 mm (4.96 x 2.54 x 0.45 in)"},{"label":"Weight","value":"137.7 g (4.83 oz)"},{"label":"SIM","value":"Dual SIM (dual stand-by)"}]},{"category":"Display","specs":[{"label":"Type","value":"TFT"},{"label":"Size","value":"4.0 inches, 45.5 cm 2 (~56.1% screen-to-body ratio)"},{"label":"Resolution","value":"480 x 800 pixels, 5:3 ratio (~233 ppi density)"}]},{"category":"Platform","specs":[{"label":"OS","value":"Android 4.2.2 (Jelly Bean)"},{"label":"CPU","value":"Dual-core 1.2 GHz Cotex-A7"},{"label":"GPU","value":"Mali-400"}]},{"category":"Memory","specs":[{"label":"Card slot","value":"microSDHC (dedicated slot)"},{"label":"Internal","value":"4GB 512MB RAM"}]},{"category":"Main Camera","specs":[{"label":"Single","value":"3.15 MP"},{"label":"Features","value":"LED flash"},{"label":"Video","value":"Yes"}]},{"category":"Selfie camera","specs":[{"label":"Single","value":"VGA"}]},{"category":"Sound","specs":[{"label":"Loudspeaker","value":"Yes"},{"label":"3.5mm jack","value":"Yes"}]},{"category":"Comms","specs":[{"label":"WLAN","value":"Wi-Fi 802.11 b/g/n, hotspot, Wi-Fi Direct"},{"label":"Bluetooth","value":"4.0, A2DP, EDR"},{"label":"Positioning","value":"GPS"},{"label":"NFC","value":"No"},{"label":"USB","value":"microUSB 2.0"},{"label":"Radio","value":"FM radio"}]},{"category":"Features","specs":[{"label":"Sensors","value":"Accelerometer, proximity, compass"}]},{"category":"Battery","specs":[{"label":"Type","value":"Li-Ion 1700 mAh, removable"},{"label":"Stand-by","value":"Up to 220 h"},{"label":"Talk time","value":"Up to 6 h 40 min (2G) / Up to 6 h (3G)"}]},{"category":"Misc","specs":[{"label":"Colors","value":"Black"},{"label":"Price","value":"About 100 EUR"}]}]');
INSERT OR IGNORE INTO device_pictures (device_id, url, position) VALUES (1554, 'https://fdn2.gsmarena.com/vv/bigpic/allview-a5-duo.jpg', 0);
INSERT OR IGNORE INTO device_pictures (device_id, url, position) VALUES (1554, 'https://fdn2.gsmarena.com/vv/pics/allview/allview-a5-duo.jpg', 1);
INSERT OR IGNORE INTO devices (id, brand_id, name, gsmarena_url, thumbnail_url, summary) VALUES (1555, 8, 'H2 Qubo', 'https://www.gsmarena.com/allview_h2_qubo-6023.php', 'https://fdn2.gsmarena.com/vv/bigpic/allview-h2-qubo.jpg', 'H2 Qubo');
INSERT OR IGNORE INTO device_specs (device_id, announced, status, network, os, chipset, cpu, gpu, display_size, display_type, display_res, ram, storage, main_camera, selfie_camera, battery, charging, nfc, usb, bluetooth, wlan, colors, weight, dimensions, sim, sensors, popularity, fans, rating, full_specs_json) VALUES (1555, '2013, August. Released 2013, August', 'Discontinued', 'GSM / HSPA', 'Android 4.2 (Jelly Bean)', NULL, 'Quad-core 1.2 GHz Cortex-A7', 'PowerVR SGX544', '4.5 inches, 55.8 cm 2 (~61.2% screen-to-body ratio)', 'TFT', '480 x 854 pixels, 16:9 ratio (~218 ppi density)', NULL, '4GB', '5 MP, AF, LED flash, HDR', 'VGA', 'Li-Ion 1800 mAh, removable', NULL, 'No', 'microUSB 2.0', '4.0, A2DP, EDR', 'Wi-Fi 802.11 b/g/n, hotspot, Wi-Fi Direct', 'Black, White', '142 g (5.01 oz)', '136 x 67 x 9.8 mm (5.35 x 2.64 x 0.39 in)', 'Dual SIM (dual stand-by)', 'Accelerometer, proximity, compass', 'About 120 EUR', NULL, NULL, '[{"category":"Network","specs":[{"label":"Technology","value":"GSM / HSPA"},{"label":"2G bands","value":"GSM 850 / 900 / 1800 / 1900"},{"label":"3G bands","value":"HSDPA 900 / 2100"},{"label":"Speed","value":"HSPA 21.1/5.76 Mbps"}]},{"category":"Launch","specs":[{"label":"Announced","value":"2013, August. Released 2013, August"},{"label":"Status","value":"Discontinued"}]},{"category":"Body","specs":[{"label":"Dimensions","value":"136 x 67 x 9.8 mm (5.35 x 2.64 x 0.39 in)"},{"label":"Weight","value":"142 g (5.01 oz)"},{"label":"SIM","value":"Dual SIM (dual stand-by)"}]},{"category":"Display","specs":[{"label":"Type","value":"TFT"},{"label":"Size","value":"4.5 inches, 55.8 cm 2 (~61.2% screen-to-body ratio)"},{"label":"Resolution","value":"480 x 854 pixels, 16:9 ratio (~218 ppi density)"}]},{"category":"Platform","specs":[{"label":"OS","value":"Android 4.2 (Jelly Bean)"},{"label":"CPU","value":"Quad-core 1.2 GHz Cortex-A7"},{"label":"GPU","value":"PowerVR SGX544"}]},{"category":"Memory","specs":[{"label":"Card slot","value":"microSDHC (dedicated slot)"},{"label":"Internal","value":"4GB 512MB RAM"}]},{"category":"Main Camera","specs":[{"label":"Single","value":"5 MP, AF"},{"label":"Features","value":"LED flash, HDR"},{"label":"Video","value":"720p@30fps"}]},{"category":"Selfie camera","specs":[{"label":"Single","value":"VGA"}]},{"category":"Sound","specs":[{"label":"Loudspeaker","value":"Yes"},{"label":"3.5mm jack","value":"Yes"}]},{"category":"Comms","specs":[{"label":"WLAN","value":"Wi-Fi 802.11 b/g/n, hotspot, Wi-Fi Direct"},{"label":"Bluetooth","value":"4.0, A2DP, EDR"},{"label":"Positioning","value":"GPS"},{"label":"NFC","value":"No"},{"label":"USB","value":"microUSB 2.0"},{"label":"Radio","value":"FM radio"}]},{"category":"Features","specs":[{"label":"Sensors","value":"Accelerometer, proximity, compass"}]},{"category":"Battery","specs":[{"label":"Type","value":"Li-Ion 1800 mAh, removable"},{"label":"Stand-by","value":"Up to 230 h"},{"label":"Talk time","value":"Up to 6 h 40 min (2G) / Up to 6 h (3G)"}]},{"category":"Misc","specs":[{"label":"Colors","value":"Black, White"},{"label":"Price","value":"About 120 EUR"}]}]');
INSERT OR IGNORE INTO device_pictures (device_id, url, position) VALUES (1555, 'https://fdn2.gsmarena.com/vv/bigpic/allview-h2-qubo.jpg', 0);
INSERT OR IGNORE INTO device_pictures (device_id, url, position) VALUES (1555, 'https://fdn2.gsmarena.com/vv/pics/allview/allview-h2-qubo-1.jpg', 1);
INSERT OR IGNORE INTO device_pictures (device_id, url, position) VALUES (1555, 'https://fdn2.gsmarena.com/vv/pics/allview/allview-h2-qubo-2.jpg', 2);
INSERT OR IGNORE INTO devices (id, brand_id, name, gsmarena_url, thumbnail_url, summary) VALUES (1556, 8, 'Viper i V1', 'https://www.gsmarena.com/allview_viper_i_v1-6471.php', 'https://fdn2.gsmarena.com/vv/bigpic/allview-viper-i.jpg', 'Viper i V1');
INSERT OR IGNORE INTO device_specs (device_id, announced, status, network, os, chipset, cpu, gpu, display_size, display_type, display_res, ram, storage, main_camera, selfie_camera, battery, charging, nfc, usb, bluetooth, wlan, colors, weight, dimensions, sim, sensors, popularity, fans, rating, full_specs_json) VALUES (1556, '2014, May. Released 2014, May', 'Discontinued', 'GSM / HSPA', 'Android 4.2.2 (Jelly Bean)', NULL, 'Quad-core 1.3 GHz Cortex-A7', 'Mali-400', '4.7 inches, 60.9 cm 2 (~65.8% screen-to-body ratio)', 'IPS LCD', '540 x 960 pixels, 16:9 ratio (~234 ppi density)', '1GB', '8GB', '8 MP, AF, LED flash, HDR', '2 MP', 'Li-Ion 1800 mAh, removable', NULL, 'No', 'microUSB 2.0', '4.0, A2DP, EDR', 'Wi-Fi 802.11 b/g/n, hotspot, Wi-Fi Direct', 'Black, white, yellow, blue, pink', '143 g (5.04 oz)', '134.5 x 68.8 x 11 mm (5.30 x 2.71 x 0.43 in)', 'Dual SIM (dual stand-by)', 'Accelerometer, proximity, compass', 'About 200 EUR', NULL, NULL, '[{"category":"Network","specs":[{"label":"Technology","value":"GSM / HSPA"},{"label":"2G bands","value":"GSM 900 / 1800 / 1900 - SIM 1 & SIM 2"},{"label":"3G bands","value":"HSDPA 900 / 2100"},{"label":"Speed","value":"HSPA"}]},{"category":"Launch","specs":[{"label":"Announced","value":"2014, May. Released 2014, May"},{"label":"Status","value":"Discontinued"}]},{"category":"Body","specs":[{"label":"Dimensions","value":"134.5 x 68.8 x 11 mm (5.30 x 2.71 x 0.43 in)"},{"label":"Weight","value":"143 g (5.04 oz)"},{"label":"SIM","value":"Dual SIM (dual stand-by)"}]},{"category":"Display","specs":[{"label":"Type","value":"IPS LCD"},{"label":"Size","value":"4.7 inches, 60.9 cm 2 (~65.8% screen-to-body ratio)"},{"label":"Resolution","value":"540 x 960 pixels, 16:9 ratio (~234 ppi density)"},{"label":"Protection","value":"Scratch-resistant glass"}]},{"category":"Platform","specs":[{"label":"OS","value":"Android 4.2.2 (Jelly Bean)"},{"label":"CPU","value":"Quad-core 1.3 GHz Cortex-A7"},{"label":"GPU","value":"Mali-400"}]},{"category":"Memory","specs":[{"label":"Card slot","value":"microSDHC"},{"label":"Internal","value":"8GB 1GB RAM"}]},{"category":"Main Camera","specs":[{"label":"Single","value":"8 MP, AF"},{"label":"Features","value":"LED flash, HDR"},{"label":"Video","value":"1080p@30fps"}]},{"category":"Selfie camera","specs":[{"label":"Single","value":"2 MP"}]},{"category":"Sound","specs":[{"label":"Loudspeaker","value":"Yes"},{"label":"3.5mm jack","value":"Yes"}]},{"category":"Comms","specs":[{"label":"WLAN","value":"Wi-Fi 802.11 b/g/n, hotspot, Wi-Fi Direct"},{"label":"Bluetooth","value":"4.0, A2DP, EDR"},{"label":"Positioning","value":"GPS"},{"label":"NFC","value":"No"},{"label":"USB","value":"microUSB 2.0"},{"label":"Radio","value":"FM radio"}]},{"category":"Features","specs":[{"label":"Sensors","value":"Accelerometer, proximity, compass"}]},{"category":"Battery","specs":[{"label":"Type","value":"Li-Ion 1800 mAh, removable"},{"label":"Stand-by","value":"Up to 180 h"},{"label":"Talk time","value":"Up to 6 h (2G) / Up to 5 h (3G)"}]},{"category":"Misc","specs":[{"label":"Colors","value":"Black, white, yellow, blue, pink"},{"label":"Price","value":"About 200 EUR"}]}]');
INSERT OR IGNORE INTO device_pictures (device_id, url, position) VALUES (1556, 'https://fdn2.gsmarena.com/vv/bigpic/allview-viper-i.jpg', 0);
INSERT OR IGNORE INTO device_pictures (device_id, url, position) VALUES (1556, 'https://fdn2.gsmarena.com/vv/pics/allview/allview-viper-i-0.jpg', 1);
INSERT OR IGNORE INTO device_pictures (device_id, url, position) VALUES (1556, 'https://fdn2.gsmarena.com/vv/pics/allview/allview-viper-i-2.jpg', 2);
INSERT OR IGNORE INTO device_pictures (device_id, url, position) VALUES (1556, 'https://fdn2.gsmarena.com/vv/pics/allview/allview-viper-i-3.jpg', 3);
INSERT OR IGNORE INTO devices (id, brand_id, name, gsmarena_url, thumbnail_url, summary) VALUES (1557, 8, 'Viper V1', 'https://www.gsmarena.com/allview_viper_v1-6024.php', 'https://fdn2.gsmarena.com/vv/bigpic/allview-v1-viper.jpg', 'Viper V1');
INSERT OR IGNORE INTO device_specs (device_id, announced, status, network, os, chipset, cpu, gpu, display_size, display_type, display_res, ram, storage, main_camera, selfie_camera, battery, charging, nfc, usb, bluetooth, wlan, colors, weight, dimensions, sim, sensors, popularity, fans, rating, full_specs_json) VALUES (1557, '2013, June. Released 2013, June', 'Discontinued', 'GSM / HSPA', 'Android 4.2 (Jelly Bean)', 'Mediatek MT6589 (28 nm)', 'Quad-core 1.2 GHz Cortex-A7', 'PowerVR SGX544', '4.7 inches, 60.9 cm 2 (~64.7% screen-to-body ratio)', 'IPS LCD', '720 x 1280 pixels, 16:9 ratio (~312 ppi density)', '1GB', '4GB', '8 MP, AF, LED flash, HDR', '2 MP', 'Li-Ion 1800 mAh, removable', NULL, 'No', 'microUSB 2.0', '4.0, A2DP, EDR', 'Wi-Fi 802.11 b/g/n, hotspot, Wi-Fi Direct', 'Black, White, Blue', '124.9 g (4.37 oz)', '137.5 x 68.4 x 7.9 mm (5.41 x 2.69 x 0.31 in)', 'Dual SIM (dual stand-by)', 'Accelerometer, proximity, compass', 'About 230 EUR', NULL, NULL, '[{"category":"Network","specs":[{"label":"Technology","value":"GSM / HSPA"},{"label":"2G bands","value":"GSM 850 / 900 / 1800 / 1900"},{"label":"3G bands","value":"HSDPA 900 / 2100"},{"label":"Speed","value":"HSPA 21.1/5.76 Mbps"}]},{"category":"Launch","specs":[{"label":"Announced","value":"2013, June. Released 2013, June"},{"label":"Status","value":"Discontinued"}]},{"category":"Body","specs":[{"label":"Dimensions","value":"137.5 x 68.4 x 7.9 mm (5.41 x 2.69 x 0.31 in)"},{"label":"Weight","value":"124.9 g (4.37 oz)"},{"label":"SIM","value":"Dual SIM (dual stand-by)"}]},{"category":"Display","specs":[{"label":"Type","value":"IPS LCD"},{"label":"Size","value":"4.7 inches, 60.9 cm 2 (~64.7% screen-to-body ratio)"},{"label":"Resolution","value":"720 x 1280 pixels, 16:9 ratio (~312 ppi density)"},{"label":"Protection","value":"Corning Gorilla Glass"}]},{"category":"Platform","specs":[{"label":"OS","value":"Android 4.2 (Jelly Bean)"},{"label":"Chipset","value":"Mediatek MT6589 (28 nm)"},{"label":"CPU","value":"Quad-core 1.2 GHz Cortex-A7"},{"label":"GPU","value":"PowerVR SGX544"}]},{"category":"Memory","specs":[{"label":"Card slot","value":"microSDHC (dedicated slot)"},{"label":"Internal","value":"4GB 1GB RAM, 16GB 1GB RAM"}]},{"category":"Main Camera","specs":[{"label":"Single","value":"8 MP, AF"},{"label":"Features","value":"LED flash, HDR"},{"label":"Video","value":"1080p@30fps"}]},{"category":"Selfie camera","specs":[{"label":"Single","value":"2 MP"}]},{"category":"Sound","specs":[{"label":"Loudspeaker","value":"Yes"},{"label":"3.5mm jack","value":"Yes"}]},{"category":"Comms","specs":[{"label":"WLAN","value":"Wi-Fi 802.11 b/g/n, hotspot, Wi-Fi Direct"},{"label":"Bluetooth","value":"4.0, A2DP, EDR"},{"label":"Positioning","value":"GPS"},{"label":"NFC","value":"No"},{"label":"USB","value":"microUSB 2.0"},{"label":"Radio","value":"FM radio"}]},{"category":"Features","specs":[{"label":"Sensors","value":"Accelerometer, proximity, compass"}]},{"category":"Battery","specs":[{"label":"Type","value":"Li-Ion 1800 mAh, removable"},{"label":"Stand-by","value":"Up to 280 h"},{"label":"Talk time","value":"Up to 6 h 20 min (2G) / Up to 5 h 30 min (3G)"}]},{"category":"Misc","specs":[{"label":"Colors","value":"Black, White, Blue"},{"label":"Price","value":"About 230 EUR"}]}]');
INSERT OR IGNORE INTO device_pictures (device_id, url, position) VALUES (1557, 'https://fdn2.gsmarena.com/vv/bigpic/allview-v1-viper.jpg', 0);
INSERT OR IGNORE INTO device_pictures (device_id, url, position) VALUES (1557, 'https://fdn2.gsmarena.com/vv/pics/allview/allview-v1-viper-1.jpg', 1);
INSERT OR IGNORE INTO device_pictures (device_id, url, position) VALUES (1557, 'https://fdn2.gsmarena.com/vv/pics/allview/allview-v1-viper-2.jpg', 2);
INSERT OR IGNORE INTO devices (id, brand_id, name, gsmarena_url, thumbnail_url, summary) VALUES (1558, 8, 'P5 Qmax', 'https://www.gsmarena.com/allview_p5_qmax-6025.php', 'https://fdn2.gsmarena.com/vv/bigpic/allview-p5-qmax.jpg', 'P5 Qmax');
INSERT OR IGNORE INTO device_specs (device_id, announced, status, network, os, chipset, cpu, gpu, display_size, display_type, display_res, ram, storage, main_camera, selfie_camera, battery, charging, nfc, usb, bluetooth, wlan, colors, weight, dimensions, sim, sensors, popularity, fans, rating, full_specs_json) VALUES (1558, '2013, June. Released 2013, June', 'Discontinued', 'GSM / HSPA', 'Android 4.1 (Jelly Bean)', 'Mediatek MT6589 (28 nm)', 'Quad-core 1.2 GHz Cortex-A7', 'PowerVR SGX544', '5.3 inches, 77.4 cm 2 (~69.3% screen-to-body ratio)', 'TFT', '540 x 960 pixels, 16:9 ratio (~208 ppi density)', '1GB', '4GB', '8 MP, AF, LED flash, HDR', '1 MP', 'Li-Ion 3000 mAh, removable', NULL, 'No', 'microUSB 2.0', '4.0, A2DP, EDR', 'Wi-Fi 802.11 b/g/n, hotspot, Wi-Fi Direct', 'Black', '176.9 g (6.21 oz)', '153 x 73 x 9.9 mm (6.02 x 2.87 x 0.39 in)', 'Dual SIM (dual stand-by)', 'Accelerometer, proximity, compass', 'About 230 EUR', NULL, NULL, '[{"category":"Network","specs":[{"label":"Technology","value":"GSM / HSPA"},{"label":"2G bands","value":"GSM 850 / 900 / 1800 / 1900"},{"label":"3G bands","value":"HSDPA 900 / 2100"},{"label":"Speed","value":"HSPA 21.1/5.76 Mbps"}]},{"category":"Launch","specs":[{"label":"Announced","value":"2013, June. Released 2013, June"},{"label":"Status","value":"Discontinued"}]},{"category":"Body","specs":[{"label":"Dimensions","value":"153 x 73 x 9.9 mm (6.02 x 2.87 x 0.39 in)"},{"label":"Weight","value":"176.9 g (6.21 oz)"},{"label":"SIM","value":"Dual SIM (dual stand-by)"}]},{"category":"Display","specs":[{"label":"Type","value":"TFT"},{"label":"Size","value":"5.3 inches, 77.4 cm 2 (~69.3% screen-to-body ratio)"},{"label":"Resolution","value":"540 x 960 pixels, 16:9 ratio (~208 ppi density)"}]},{"category":"Platform","specs":[{"label":"OS","value":"Android 4.1 (Jelly Bean)"},{"label":"Chipset","value":"Mediatek MT6589 (28 nm)"},{"label":"CPU","value":"Quad-core 1.2 GHz Cortex-A7"},{"label":"GPU","value":"PowerVR SGX544"}]},{"category":"Memory","specs":[{"label":"Card slot","value":"microSDHC (dedicated slot)"},{"label":"Internal","value":"4GB 1GB RAM"}]},{"category":"Main Camera","specs":[{"label":"Single","value":"8 MP, AF"},{"label":"Features","value":"LED flash, HDR"},{"label":"Video","value":"720p@30fps"}]},{"category":"Selfie camera","specs":[{"label":"Single","value":"1 MP"}]},{"category":"Sound","specs":[{"label":"Loudspeaker","value":"Yes"},{"label":"3.5mm jack","value":"Yes"}]},{"category":"Comms","specs":[{"label":"WLAN","value":"Wi-Fi 802.11 b/g/n, hotspot, Wi-Fi Direct"},{"label":"Bluetooth","value":"4.0, A2DP, EDR"},{"label":"Positioning","value":"GPS"},{"label":"NFC","value":"No"},{"label":"USB","value":"microUSB 2.0"},{"label":"Radio","value":"FM radio"}]},{"category":"Features","specs":[{"label":"Sensors","value":"Accelerometer, proximity, compass"}]},{"category":"Battery","specs":[{"label":"Type","value":"Li-Ion 3000 mAh, removable"},{"label":"Stand-by","value":"Up to 400 h"},{"label":"Talk time","value":"Up to 8 h"}]},{"category":"Misc","specs":[{"label":"Colors","value":"Black"},{"label":"Price","value":"About 230 EUR"}]}]');
INSERT OR IGNORE INTO device_pictures (device_id, url, position) VALUES (1558, 'https://fdn2.gsmarena.com/vv/bigpic/allview-p5-qmax.jpg', 0);
INSERT OR IGNORE INTO device_pictures (device_id, url, position) VALUES (1558, 'https://fdn2.gsmarena.com/vv/pics/allview/allview-p5-qmax.jpg', 1);
INSERT OR IGNORE INTO devices (id, brand_id, name, gsmarena_url, thumbnail_url, summary) VALUES (1559, 8, 'P6 Quad', 'https://www.gsmarena.com/allview_p6_quad-6026.php', 'https://fdn2.gsmarena.com/vv/bigpic/allview-p6-quad.jpg', 'P6 Quad');
INSERT OR IGNORE INTO device_specs (device_id, announced, status, network, os, chipset, cpu, gpu, display_size, display_type, display_res, ram, storage, main_camera, selfie_camera, battery, charging, nfc, usb, bluetooth, wlan, colors, weight, dimensions, sim, sensors, popularity, fans, rating, full_specs_json) VALUES (1559, '2013, April. Released 2013, April', 'Discontinued', 'GSM / HSPA', 'Android 4.1.2 (Jelly Bean)', NULL, 'Quad-core 1.2 GHz Cortex-A7', 'PowerVR SGX544', '4.65 inches, 59.6 cm 2 (~63.1% screen-to-body ratio)', 'Super AMOLED', '720 x 1280 pixels, 16:9 ratio (~316 ppi density)', '1GB', '4GB', '8 MP, AF, LED flash, HDR', '1 MP', 'Li-Po 2100 mAh, non-removable', NULL, 'No', 'microUSB 2.0', '4.0, A2DP, EDR', 'Wi-Fi 802.11 b/g/n, hotspot, Wi-Fi Direct', 'Black', '131.9 g (4.62 oz)', '135 x 70 x 8.6 mm (5.31 x 2.76 x 0.34 in)', 'Dual SIM (dual stand-by)', 'Accelerometer, proximity, compass', NULL, NULL, NULL, '[{"category":"Network","specs":[{"label":"Technology","value":"GSM / HSPA"},{"label":"2G bands","value":"GSM 900 / 1800 / 1900"},{"label":"3G bands","value":"HSDPA 900 / 2100"},{"label":"Speed","value":"HSPA 21.1/5.76 Mbps"}]},{"category":"Launch","specs":[{"label":"Announced","value":"2013, April. Released 2013, April"},{"label":"Status","value":"Discontinued"}]},{"category":"Body","specs":[{"label":"Dimensions","value":"135 x 70 x 8.6 mm (5.31 x 2.76 x 0.34 in)"},{"label":"Weight","value":"131.9 g (4.62 oz)"},{"label":"SIM","value":"Dual SIM (dual stand-by)"}]},{"category":"Display","specs":[{"label":"Type","value":"Super AMOLED"},{"label":"Size","value":"4.65 inches, 59.6 cm 2 (~63.1% screen-to-body ratio)"},{"label":"Resolution","value":"720 x 1280 pixels, 16:9 ratio (~316 ppi density)"},{"label":"Protection","value":"Corning Gorilla Glass 2"}]},{"category":"Platform","specs":[{"label":"OS","value":"Android 4.1.2 (Jelly Bean)"},{"label":"CPU","value":"Quad-core 1.2 GHz Cortex-A7"},{"label":"GPU","value":"PowerVR SGX544"}]},{"category":"Memory","specs":[{"label":"Card slot","value":"microSDHC (dedicated slot)"},{"label":"Internal","value":"4GB 1GB RAM"}]},{"category":"Main Camera","specs":[{"label":"Single","value":"8 MP, AF"},{"label":"Features","value":"LED flash, HDR"},{"label":"Video","value":"1080p@30fps"}]},{"category":"Selfie camera","specs":[{"label":"Single","value":"1 MP"}]},{"category":"Sound","specs":[{"label":"Loudspeaker","value":"Yes"},{"label":"3.5mm jack","value":"Yes"}]},{"category":"Comms","specs":[{"label":"WLAN","value":"Wi-Fi 802.11 b/g/n, hotspot, Wi-Fi Direct"},{"label":"Bluetooth","value":"4.0, A2DP, EDR"},{"label":"Positioning","value":"GPS"},{"label":"NFC","value":"No"},{"label":"USB","value":"microUSB 2.0"},{"label":"Radio","value":"FM radio"}]},{"category":"Features","specs":[{"label":"Sensors","value":"Accelerometer, proximity, compass"}]},{"category":"Battery","specs":[{"label":"Type","value":"Li-Po 2100 mAh, non-removable"},{"label":"Stand-by","value":"Up to 260 h"},{"label":"Talk time","value":"Up to 6 h 40 min"}]},{"category":"Misc","specs":[{"label":"Colors","value":"Black"}]}]');
INSERT OR IGNORE INTO device_pictures (device_id, url, position) VALUES (1559, 'https://fdn2.gsmarena.com/vv/bigpic/allview-p6-quad.jpg', 0);
INSERT OR IGNORE INTO device_pictures (device_id, url, position) VALUES (1559, 'https://fdn2.gsmarena.com/vv/pics/allview/allview-p6-quad.jpg', 1);
INSERT OR IGNORE INTO devices (id, brand_id, name, gsmarena_url, thumbnail_url, summary) VALUES (1560, 8, 'Simply S5', 'https://www.gsmarena.com/allview_simply_s5-6027.php', 'https://fdn2.gsmarena.com/vv/bigpic/allview-simply-s5.jpg', 'Simply S5');
INSERT OR IGNORE INTO device_specs (device_id, announced, status, network, os, chipset, cpu, gpu, display_size, display_type, display_res, ram, storage, main_camera, selfie_camera, battery, charging, nfc, usb, bluetooth, wlan, colors, weight, dimensions, sim, sensors, popularity, fans, rating, full_specs_json) VALUES (1560, '2013, April. Released 2013, April', 'Discontinued', 'GSM', NULL, NULL, '0', NULL, '2.8 inches, 24.3 cm 2 (~35.2% screen-to-body ratio)', 'TFT, 256K colors', '240 x 320 pixels, 4:3 ratio (~143 ppi density)', NULL, NULL, '2 MP', NULL, 'Li-Ion 1280 mAh, removable', NULL, 'No', 'microUSB 2.0', '2.0', 'No', 'Black, White', '113.6 (3.99 oz)', '123 x 56 x 10.2 mm (4.84 x 2.20 x 0.40 in)', 'Dual SIM (dual stand-by)', NULL, 'About 20 EUR', NULL, NULL, '[{"category":"Network","specs":[{"label":"Technology","value":"GSM"},{"label":"2G bands","value":"GSM 900 / 1800"},{"label":"GPRS","value":"Class 12"},{"label":"EDGE","value":"Class 10"}]},{"category":"Launch","specs":[{"label":"Announced","value":"2013, April. Released 2013, April"},{"label":"Status","value":"Discontinued"}]},{"category":"Body","specs":[{"label":"Dimensions","value":"123 x 56 x 10.2 mm (4.84 x 2.20 x 0.40 in)"},{"label":"Weight","value":"113.6 (3.99 oz)"},{"label":"SIM","value":"Dual SIM (dual stand-by)"}]},{"category":"Display","specs":[{"label":"Type","value":"TFT, 256K colors"},{"label":"Size","value":"2.8 inches, 24.3 cm 2 (~35.2% screen-to-body ratio)"},{"label":"Resolution","value":"240 x 320 pixels, 4:3 ratio (~143 ppi density)"}]},{"category":"Platform","specs":[{"label":"CPU","value":"0"}]},{"category":"Memory","specs":[{"label":"Card slot","value":"microSDHC (dedicated slot)"},{"label":"Phonebook","value":"Yes"},{"label":"Call records","value":"Yes"}]},{"category":"Main Camera","specs":[{"label":"Single","value":"2 MP"},{"label":"Video","value":"Yes"}]},{"category":"Sound","specs":[{"label":"Loudspeaker","value":"Yes"},{"label":"3.5mm jack","value":"Yes"}]},{"category":"Comms","specs":[{"label":"WLAN","value":"No"},{"label":"Bluetooth","value":"2.0"},{"label":"Positioning","value":"No"},{"label":"NFC","value":"No"},{"label":"USB","value":"microUSB 2.0"},{"label":"Radio","value":"FM radio"}]},{"category":"Features","specs":[{"label":"Messaging","value":"SMS, MMS"},{"label":"Games","value":"No"},{"label":"Java","value":"Yes"}]},{"category":"Battery","specs":[{"label":"Type","value":"Li-Ion 1280 mAh, removable"},{"label":"Stand-by","value":"Up to 250 h"},{"label":"Talk time","value":"Up to 5 h"}]},{"category":"Misc","specs":[{"label":"Colors","value":"Black, White"},{"label":"Price","value":"About 20 EUR"}]}]');
INSERT OR IGNORE INTO device_pictures (device_id, url, position) VALUES (1560, 'https://fdn2.gsmarena.com/vv/bigpic/allview-simply-s5.jpg', 0);
INSERT OR IGNORE INTO device_pictures (device_id, url, position) VALUES (1560, 'https://fdn2.gsmarena.com/vv/pics/allview/allview-simply-s5-1.jpg', 1);
INSERT OR IGNORE INTO device_pictures (device_id, url, position) VALUES (1560, 'https://fdn2.gsmarena.com/vv/pics/allview/allview-simply-s5-2.jpg', 2);
INSERT OR IGNORE INTO devices (id, brand_id, name, gsmarena_url, thumbnail_url, summary) VALUES (1561, 8, 'A4ALL', 'https://www.gsmarena.com/allview_a4all-6028.php', 'https://fdn2.gsmarena.com/vv/bigpic/allview-a4all.jpg', 'A4ALL');
INSERT OR IGNORE INTO device_specs (device_id, announced, status, network, os, chipset, cpu, gpu, display_size, display_type, display_res, ram, storage, main_camera, selfie_camera, battery, charging, nfc, usb, bluetooth, wlan, colors, weight, dimensions, sim, sensors, popularity, fans, rating, full_specs_json) VALUES (1561, '2013, April. Released 2013, April', 'Discontinued', 'GSM / HSPA', 'Android 2.3.6 (Gingerbread)', NULL, '1.0 GHz Cortex-A9', 'PowerVR SGX531', '3.5 inches, 36.5 cm 2 (~51.2% screen-to-body ratio)', 'TFT', '320 x 480 pixels, 3:2 ratio (~165 ppi density)', NULL, '512MB 256MB RAM', '2 MP', 'VGA', 'Li-Ion 1500 mAh, removable', NULL, 'No', 'microUSB 2.0', '4.0, A2DP, EDR', 'Wi-Fi 802.11 b/g/n, hotspot', 'Black, White, Blue', '122.7 g (4.30 oz)', '115 x 62 x 12.2 mm (4.53 x 2.44 x 0.48 in)', 'Dual SIM (dual stand-by)', 'Accelerometer, proximity, compass', 'About 70 EUR', NULL, NULL, '[{"category":"Network","specs":[{"label":"Technology","value":"GSM / HSPA"},{"label":"2G bands","value":"GSM 900 / 1800 / 1900"},{"label":"3G bands","value":"HSDPA 900 / 2100"},{"label":"Speed","value":"HSPA 7.2/5.76 Mbps"}]},{"category":"Launch","specs":[{"label":"Announced","value":"2013, April. Released 2013, April"},{"label":"Status","value":"Discontinued"}]},{"category":"Body","specs":[{"label":"Dimensions","value":"115 x 62 x 12.2 mm (4.53 x 2.44 x 0.48 in)"},{"label":"Weight","value":"122.7 g (4.30 oz)"},{"label":"SIM","value":"Dual SIM (dual stand-by)"}]},{"category":"Display","specs":[{"label":"Type","value":"TFT"},{"label":"Size","value":"3.5 inches, 36.5 cm 2 (~51.2% screen-to-body ratio)"},{"label":"Resolution","value":"320 x 480 pixels, 3:2 ratio (~165 ppi density)"}]},{"category":"Platform","specs":[{"label":"OS","value":"Android 2.3.6 (Gingerbread)"},{"label":"CPU","value":"1.0 GHz Cortex-A9"},{"label":"GPU","value":"PowerVR SGX531"}]},{"category":"Memory","specs":[{"label":"Card slot","value":"microSDHC (dedicated slot)"},{"label":"Internal","value":"512MB 256MB RAM"}]},{"category":"Main Camera","specs":[{"label":"Single","value":"2 MP"},{"label":"Video","value":"480p@25fps"}]},{"category":"Selfie camera","specs":[{"label":"Single","value":"VGA"}]},{"category":"Sound","specs":[{"label":"Loudspeaker","value":"Yes"},{"label":"3.5mm jack","value":"Yes"}]},{"category":"Comms","specs":[{"label":"WLAN","value":"Wi-Fi 802.11 b/g/n, hotspot"},{"label":"Bluetooth","value":"4.0, A2DP, EDR"},{"label":"Positioning","value":"GPS"},{"label":"NFC","value":"No"},{"label":"USB","value":"microUSB 2.0"},{"label":"Radio","value":"FM radio, RDS"}]},{"category":"Features","specs":[{"label":"Sensors","value":"Accelerometer, proximity, compass"}]},{"category":"Battery","specs":[{"label":"Type","value":"Li-Ion 1500 mAh, removable"},{"label":"Stand-by","value":"Up to 200 h"},{"label":"Talk time","value":"Up to 5 h"}]},{"category":"Misc","specs":[{"label":"Colors","value":"Black, White, Blue"},{"label":"Price","value":"About 70 EUR"}]}]');
INSERT OR IGNORE INTO device_pictures (device_id, url, position) VALUES (1561, 'https://fdn2.gsmarena.com/vv/bigpic/allview-a4all.jpg', 0);
INSERT OR IGNORE INTO device_pictures (device_id, url, position) VALUES (1561, 'https://fdn2.gsmarena.com/vv/pics/allview/allview-a4all-1.jpg', 1);
INSERT OR IGNORE INTO device_pictures (device_id, url, position) VALUES (1561, 'https://fdn2.gsmarena.com/vv/pics/allview/allview-a4all-2.jpg', 2);
INSERT OR IGNORE INTO devices (id, brand_id, name, gsmarena_url, thumbnail_url, summary) VALUES (1562, 8, 'P5 Quad', 'https://www.gsmarena.com/allview_p5_quad-6029.php', 'https://fdn2.gsmarena.com/vv/bigpic/allview-p5-quad.jpg', 'P5 Quad');
INSERT OR IGNORE INTO device_specs (device_id, announced, status, network, os, chipset, cpu, gpu, display_size, display_type, display_res, ram, storage, main_camera, selfie_camera, battery, charging, nfc, usb, bluetooth, wlan, colors, weight, dimensions, sim, sensors, popularity, fans, rating, full_specs_json) VALUES (1562, '2013, February. Released 2013, February', 'Discontinued', 'GSM / HSPA', 'Android 4.1 (Jelly Bean)', 'Mediatek MT6589 (28 nm)', 'Quad-core 1.2 GHz Cortex-A7', 'PowerVR SGX544', '4.5 inches, 55.8 cm 2 (~61.0% screen-to-body ratio)', 'IPS LCD', '540 x 960 pixels, 16:9 ratio (~245 ppi density)', '1GB', '4GB', '8 MP, AF, LED flash, HDR', '1 MP', 'Li-Ion 2100 mAh, removable', NULL, 'No', 'microUSB 2.0', '4.0, A2DP, EDR', 'Wi-Fi 802.11 b/g/n, hotspot, Wi-Fi Direct', 'Black, White', '140.7 g (4.94 oz)', '136.5 x 67 x 9.8 mm (5.37 x 2.64 x 0.39 in)', 'Dual SIM (dual stand-by)', 'Accelerometer, proximity, compass', 'About 170 EUR', NULL, NULL, '[{"category":"Network","specs":[{"label":"Technology","value":"GSM / HSPA"},{"label":"2G bands","value":"GSM 850 / 900 / 1800 / 1900"},{"label":"3G bands","value":"HSDPA 900 / 2100"},{"label":"Speed","value":"HSPA 21.1/5.76 Mbps"}]},{"category":"Launch","specs":[{"label":"Announced","value":"2013, February. Released 2013, February"},{"label":"Status","value":"Discontinued"}]},{"category":"Body","specs":[{"label":"Dimensions","value":"136.5 x 67 x 9.8 mm (5.37 x 2.64 x 0.39 in)"},{"label":"Weight","value":"140.7 g (4.94 oz)"},{"label":"SIM","value":"Dual SIM (dual stand-by)"}]},{"category":"Display","specs":[{"label":"Type","value":"IPS LCD"},{"label":"Size","value":"4.5 inches, 55.8 cm 2 (~61.0% screen-to-body ratio)"},{"label":"Resolution","value":"540 x 960 pixels, 16:9 ratio (~245 ppi density)"}]},{"category":"Platform","specs":[{"label":"OS","value":"Android 4.1 (Jelly Bean)"},{"label":"Chipset","value":"Mediatek MT6589 (28 nm)"},{"label":"CPU","value":"Quad-core 1.2 GHz Cortex-A7"},{"label":"GPU","value":"PowerVR SGX544"}]},{"category":"Memory","specs":[{"label":"Card slot","value":"microSDHC (dedicated slot)"},{"label":"Internal","value":"4GB 1GB RAM"}]},{"category":"Main Camera","specs":[{"label":"Single","value":"8 MP, AF"},{"label":"Features","value":"LED flash, HDR"},{"label":"Video","value":"1080p@30fps"}]},{"category":"Selfie camera","specs":[{"label":"Single","value":"1 MP"}]},{"category":"Sound","specs":[{"label":"Loudspeaker","value":"Yes"},{"label":"3.5mm jack","value":"Yes"}]},{"category":"Comms","specs":[{"label":"WLAN","value":"Wi-Fi 802.11 b/g/n, hotspot, Wi-Fi Direct"},{"label":"Bluetooth","value":"4.0, A2DP, EDR"},{"label":"Positioning","value":"GPS"},{"label":"NFC","value":"No"},{"label":"USB","value":"microUSB 2.0"},{"label":"Radio","value":"FM radio, RDS"}]},{"category":"Features","specs":[{"label":"Sensors","value":"Accelerometer, proximity, compass"}]},{"category":"Battery","specs":[{"label":"Type","value":"Li-Ion 2100 mAh, removable"},{"label":"Stand-by","value":"Up to 230 h"},{"label":"Talk time","value":"Up to 6 h 40 min (2G) / Up to 5 h (3G)"}]},{"category":"Misc","specs":[{"label":"Colors","value":"Black, White"},{"label":"Price","value":"About 170 EUR"}]}]');
INSERT OR IGNORE INTO device_pictures (device_id, url, position) VALUES (1562, 'https://fdn2.gsmarena.com/vv/bigpic/allview-p5-quad.jpg', 0);
INSERT OR IGNORE INTO device_pictures (device_id, url, position) VALUES (1562, 'https://fdn2.gsmarena.com/vv/pics/allview/allview-p5-quad-1.jpg', 1);
INSERT OR IGNORE INTO device_pictures (device_id, url, position) VALUES (1562, 'https://fdn2.gsmarena.com/vv/pics/allview/allview-p5-quad-2.jpg', 2);
INSERT OR IGNORE INTO devices (id, brand_id, name, gsmarena_url, thumbnail_url, summary) VALUES (1563, 8, 'P6 Stony', 'https://www.gsmarena.com/allview_p6_stony-6030.php', 'https://fdn2.gsmarena.com/vv/bigpic/allview-stony-p6.jpg', 'P6 Stony');
INSERT OR IGNORE INTO device_specs (device_id, announced, status, network, os, chipset, cpu, gpu, display_size, display_type, display_res, ram, storage, main_camera, selfie_camera, battery, charging, nfc, usb, bluetooth, wlan, colors, weight, dimensions, sim, sensors, popularity, fans, rating, full_specs_json) VALUES (1563, '2012, November. Released 2012, November', 'Discontinued', 'GSM / HSPA', 'Android 4.0.4 (Ice Cream Sandwich)', NULL, 'Dual-core 1.0 GHz Cotex-A9', 'PowerVR SGX531', '4.65 inches, 59.6 cm 2 (~65.4% screen-to-body ratio)', 'Super AMOLED', '720 x 1280 pixels, 16:9 ratio (~316 ppi density)', '1GB', '4GB', '8 MP, AF, LED flash, HDR', '1 MP', 'Li-Po 2100 mAh, non-removable', NULL, 'No', 'microUSB 2.0', '3.0, A2DP, EDR', 'Wi-Fi 802.11 b/g/n, hotspot, Wi-Fi Direct, DLNA', 'Black', '131.3 g (4.62 oz)', '136 x 67 x 8.6 mm (5.35 x 2.64 x 0.34 in)', 'Dual SIM (dual stand-by)', 'Accelerometer, proximity, compass', 'About 200 EUR', NULL, NULL, '[{"category":"Network","specs":[{"label":"Technology","value":"GSM / HSPA"},{"label":"2G bands","value":"GSM 850 / 900 / 1800 / 1900"},{"label":"3G bands","value":"HSDPA 900 / 2100"},{"label":"Speed","value":"HSPA 7.2/5.76 Mbps"}]},{"category":"Launch","specs":[{"label":"Announced","value":"2012, November. Released 2012, November"},{"label":"Status","value":"Discontinued"}]},{"category":"Body","specs":[{"label":"Dimensions","value":"136 x 67 x 8.6 mm (5.35 x 2.64 x 0.34 in)"},{"label":"Weight","value":"131.3 g (4.62 oz)"},{"label":"SIM","value":"Dual SIM (dual stand-by)"}]},{"category":"Display","specs":[{"label":"Type","value":"Super AMOLED"},{"label":"Size","value":"4.65 inches, 59.6 cm 2 (~65.4% screen-to-body ratio)"},{"label":"Resolution","value":"720 x 1280 pixels, 16:9 ratio (~316 ppi density)"},{"label":"Protection","value":"Corning Gorilla Glass 2"}]},{"category":"Platform","specs":[{"label":"OS","value":"Android 4.0.4 (Ice Cream Sandwich)"},{"label":"CPU","value":"Dual-core 1.0 GHz Cotex-A9"},{"label":"GPU","value":"PowerVR SGX531"}]},{"category":"Memory","specs":[{"label":"Card slot","value":"microSDHC (dedicated slot), 16 GB included"},{"label":"Internal","value":"4GB 1GB RAM"}]},{"category":"Main Camera","specs":[{"label":"Single","value":"8 MP, AF"},{"label":"Features","value":"LED flash, HDR"},{"label":"Video","value":"720p@30fps"}]},{"category":"Selfie camera","specs":[{"label":"Single","value":"1 MP"}]},{"category":"Sound","specs":[{"label":"Loudspeaker","value":"Yes"},{"label":"3.5mm jack","value":"Yes"}]},{"category":"Comms","specs":[{"label":"WLAN","value":"Wi-Fi 802.11 b/g/n, hotspot, Wi-Fi Direct, DLNA"},{"label":"Bluetooth","value":"3.0, A2DP, EDR"},{"label":"Positioning","value":"GPS"},{"label":"NFC","value":"No"},{"label":"USB","value":"microUSB 2.0"},{"label":"Radio","value":"FM radio, RDS"}]},{"category":"Features","specs":[{"label":"Sensors","value":"Accelerometer, proximity, compass"}]},{"category":"Battery","specs":[{"label":"Type","value":"Li-Po 2100 mAh, non-removable"},{"label":"Stand-by","value":"Up to 260 h"},{"label":"Talk time","value":"Up to 5 h 30 min"}]},{"category":"Misc","specs":[{"label":"Colors","value":"Black"},{"label":"Price","value":"About 200 EUR"}]}]');
INSERT OR IGNORE INTO device_pictures (device_id, url, position) VALUES (1563, 'https://fdn2.gsmarena.com/vv/bigpic/allview-stony-p6.jpg', 0);
INSERT OR IGNORE INTO device_pictures (device_id, url, position) VALUES (1563, 'https://fdn2.gsmarena.com/vv/pics/allview/allview-stony-p6.jpg', 1);
INSERT OR IGNORE INTO devices (id, brand_id, name, gsmarena_url, thumbnail_url, summary) VALUES (1564, 8, 'P4 Duo', 'https://www.gsmarena.com/allview_p4_duo-6031.php', 'https://fdn2.gsmarena.com/vv/bigpic/allview-p4-duo.jpg', 'P4 Duo');
INSERT OR IGNORE INTO device_specs (device_id, announced, status, network, os, chipset, cpu, gpu, display_size, display_type, display_res, ram, storage, main_camera, selfie_camera, battery, charging, nfc, usb, bluetooth, wlan, colors, weight, dimensions, sim, sensors, popularity, fans, rating, full_specs_json) VALUES (1564, '2012, October. Released 2012, October', 'Discontinued', 'GSM / HSPA', 'Android 4.0.4 (Ice Cream Sandwich)', NULL, 'Dual-core 1.0 GHz Cotex-A9', 'PowerVR SGX531', '4.3 inches, 52.6 cm 2 (~61.9% screen-to-body ratio)', 'Super AMOLED', '480 x 800 pixels, 5:3 ratio (~217 ppi density)', NULL, '4GB', '8 MP, AF, LED flash, HDR', 'VGA', 'Li-Ion 1600 mAh, removable', NULL, 'No', 'microUSB 2.0', '3.0, A2DP, EDR', 'Wi-Fi 802.11 b/g/n, hotspot, Wi-Fi Direct, DLNA', 'Black, White', '118.4 g (4.16 oz)', '128 x 66.4 x 9.9 mm (5.04 x 2.61 x 0.39 in)', 'Dual SIM (dual stand-by)', 'Accelerometer, proximity, compass', 'About 180 EUR', NULL, NULL, '[{"category":"Network","specs":[{"label":"Technology","value":"GSM / HSPA"},{"label":"2G bands","value":"GSM 850 / 900 / 1800 / 1900"},{"label":"3G bands","value":"HSDPA 900 / 2100"},{"label":"Speed","value":"HSPA 7.2/5.76 Mbps"}]},{"category":"Launch","specs":[{"label":"Announced","value":"2012, October. Released 2012, October"},{"label":"Status","value":"Discontinued"}]},{"category":"Body","specs":[{"label":"Dimensions","value":"128 x 66.4 x 9.9 mm (5.04 x 2.61 x 0.39 in)"},{"label":"Weight","value":"118.4 g (4.16 oz)"},{"label":"SIM","value":"Dual SIM (dual stand-by)"}]},{"category":"Display","specs":[{"label":"Type","value":"Super AMOLED"},{"label":"Size","value":"4.3 inches, 52.6 cm 2 (~61.9% screen-to-body ratio)"},{"label":"Resolution","value":"480 x 800 pixels, 5:3 ratio (~217 ppi density)"},{"label":"Protection","value":"Corning Gorilla Glass"}]},{"category":"Platform","specs":[{"label":"OS","value":"Android 4.0.4 (Ice Cream Sandwich)"},{"label":"CPU","value":"Dual-core 1.0 GHz Cotex-A9"},{"label":"GPU","value":"PowerVR SGX531"}]},{"category":"Memory","specs":[{"label":"Card slot","value":"microSDHC (dedicated slot)"},{"label":"Internal","value":"4GB 512MB RAM"}]},{"category":"Main Camera","specs":[{"label":"Single","value":"8 MP, AF"},{"label":"Features","value":"LED flash, HDR"},{"label":"Video","value":"720p@30fps"}]},{"category":"Selfie camera","specs":[{"label":"Single","value":"VGA"}]},{"category":"Sound","specs":[{"label":"Loudspeaker","value":"Yes"},{"label":"3.5mm jack","value":"Yes"}]},{"category":"Comms","specs":[{"label":"WLAN","value":"Wi-Fi 802.11 b/g/n, hotspot, Wi-Fi Direct, DLNA"},{"label":"Bluetooth","value":"3.0, A2DP, EDR"},{"label":"Positioning","value":"GPS"},{"label":"NFC","value":"No"},{"label":"USB","value":"microUSB 2.0"},{"label":"Radio","value":"FM radio, RDS"}]},{"category":"Features","specs":[{"label":"Sensors","value":"Accelerometer, proximity, compass"}]},{"category":"Battery","specs":[{"label":"Type","value":"Li-Ion 1600 mAh, removable"},{"label":"Stand-by","value":"Up to 240 h"},{"label":"Talk time","value":"Up to 5 h"}]},{"category":"Misc","specs":[{"label":"Colors","value":"Black, White"},{"label":"Price","value":"About 180 EUR"}]}]');
INSERT OR IGNORE INTO device_pictures (device_id, url, position) VALUES (1564, 'https://fdn2.gsmarena.com/vv/bigpic/allview-p4-duo.jpg', 0);
INSERT OR IGNORE INTO device_pictures (device_id, url, position) VALUES (1564, 'https://fdn2.gsmarena.com/vv/pics/allview/allview-p4-duo-1.jpg', 1);
INSERT OR IGNORE INTO device_pictures (device_id, url, position) VALUES (1564, 'https://fdn2.gsmarena.com/vv/pics/allview/allview-p4-duo-2.jpg', 2);
INSERT OR IGNORE INTO devices (id, brand_id, name, gsmarena_url, thumbnail_url, summary) VALUES (1565, 8, 'P5 Mini', 'https://www.gsmarena.com/allview_p5_mini-6034.php', 'https://fdn2.gsmarena.com/vv/bigpic/allview-p5-mini.jpg', 'P5 Mini');
INSERT OR IGNORE INTO device_specs (device_id, announced, status, network, os, chipset, cpu, gpu, display_size, display_type, display_res, ram, storage, main_camera, selfie_camera, battery, charging, nfc, usb, bluetooth, wlan, colors, weight, dimensions, sim, sensors, popularity, fans, rating, full_specs_json) VALUES (1565, '2012, November. Released 2012, November', 'Discontinued', 'GSM / HSPA', 'Android 4.0.4 (Ice Cream Sandwich)', NULL, '1.0 GHz Cotex-A9', 'PowerVR SGX531', '3.95 inches, 46.5 cm 2 (~58.1% screen-to-body ratio)', 'TFT', '320 x 480 pixels, 3:2 ratio (~146 ppi density)', NULL, '4GB', '3.15 MP', 'VGA', 'Li-Ion 1700 mAh, removable', NULL, 'No', 'microUSB 2.0', '3.0, A2DP, EDR', 'Wi-Fi 802.11 b/g/n, hotspot, Wi-Fi Direct, DLNA', 'Black, White', '162.2 g (5.71 oz)', '125 x 64 x 11.2 mm (4.92 x 2.52 x 0.44 in)', 'Dual SIM (dual stand-by)', 'Accelerometer, proximity, compass', 'About 90 EUR', NULL, NULL, '[{"category":"Network","specs":[{"label":"Technology","value":"GSM / HSPA"},{"label":"2G bands","value":"GSM 850 / 900 / 1800 / 1900"},{"label":"3G bands","value":"HSDPA 900 / 2100"},{"label":"Speed","value":"HSPA 7.2/5.76 Mbps"}]},{"category":"Launch","specs":[{"label":"Announced","value":"2012, November. Released 2012, November"},{"label":"Status","value":"Discontinued"}]},{"category":"Body","specs":[{"label":"Dimensions","value":"125 x 64 x 11.2 mm (4.92 x 2.52 x 0.44 in)"},{"label":"Weight","value":"162.2 g (5.71 oz)"},{"label":"SIM","value":"Dual SIM (dual stand-by)"}]},{"category":"Display","specs":[{"label":"Type","value":"TFT"},{"label":"Size","value":"3.95 inches, 46.5 cm 2 (~58.1% screen-to-body ratio)"},{"label":"Resolution","value":"320 x 480 pixels, 3:2 ratio (~146 ppi density)"},{"label":"Protection","value":"Corning Gorilla Glass"}]},{"category":"Platform","specs":[{"label":"OS","value":"Android 4.0.4 (Ice Cream Sandwich)"},{"label":"CPU","value":"1.0 GHz Cotex-A9"},{"label":"GPU","value":"PowerVR SGX531"}]},{"category":"Memory","specs":[{"label":"Card slot","value":"microSDHC (dedicated slot)"},{"label":"Internal","value":"4GB 512MB RAM"}]},{"category":"Main Camera","specs":[{"label":"Single","value":"3.15 MP"},{"label":"Video","value":"Yes"}]},{"category":"Selfie camera","specs":[{"label":"Single","value":"VGA"}]},{"category":"Sound","specs":[{"label":"Loudspeaker","value":"Yes"},{"label":"3.5mm jack","value":"Yes"}]},{"category":"Comms","specs":[{"label":"WLAN","value":"Wi-Fi 802.11 b/g/n, hotspot, Wi-Fi Direct, DLNA"},{"label":"Bluetooth","value":"3.0, A2DP, EDR"},{"label":"Positioning","value":"GPS"},{"label":"NFC","value":"No"},{"label":"USB","value":"microUSB 2.0"},{"label":"Radio","value":"FM radio, RDS"}]},{"category":"Features","specs":[{"label":"Sensors","value":"Accelerometer, proximity, compass"}]},{"category":"Battery","specs":[{"label":"Type","value":"Li-Ion 1700 mAh, removable"},{"label":"Stand-by","value":"Up to 240 h"},{"label":"Talk time","value":"Up to 5 h"}]},{"category":"Misc","specs":[{"label":"Colors","value":"Black, White"},{"label":"Price","value":"About 90 EUR"}]}]');
INSERT OR IGNORE INTO device_pictures (device_id, url, position) VALUES (1565, 'https://fdn2.gsmarena.com/vv/bigpic/allview-p5-mini.jpg', 0);
INSERT OR IGNORE INTO device_pictures (device_id, url, position) VALUES (1565, 'https://fdn2.gsmarena.com/vv/pics/allview/allview-p5-mini.jpg', 1);
INSERT OR IGNORE INTO devices (id, brand_id, name, gsmarena_url, thumbnail_url, summary) VALUES (1566, 8, 'P5 AllDro', 'https://www.gsmarena.com/allview_p5_alldro-6035.php', 'https://fdn2.gsmarena.com/vv/bigpic/allview-p5-alldro.jpg', 'P5 AllDro');
INSERT OR IGNORE INTO device_specs (device_id, announced, status, network, os, chipset, cpu, gpu, display_size, display_type, display_res, ram, storage, main_camera, selfie_camera, battery, charging, nfc, usb, bluetooth, wlan, colors, weight, dimensions, sim, sensors, popularity, fans, rating, full_specs_json) VALUES (1566, '2012, September. Released 2012, September', 'Discontinued', 'GSM / HSPA', 'Android 4.0.4 (Ice Cream Sandwich)', NULL, '1.0 GHz Cotex-A9', 'PowerVR SGX531', '4.3 inches, 52.6 cm 2 (~59.5% screen-to-body ratio)', 'IPS LCD', '480 x 800 pixels, 5:3 ratio (~217 ppi density)', NULL, '4GB', '8 MP, AF, LED flash, HDR', 'VGA', 'Li-Ion 1800 mAh, removable', NULL, 'No', 'microUSB 2.0', '3.0, A2DP, EDR', 'Wi-Fi 802.11 b/g/n, hotspot, Wi-Fi Direct, DLNA', 'Black', '134.3 g (4.73 oz)', '130 x 68 x 9.8 mm (5.12 x 2.68 x 0.39 in)', 'Dual SIM (dual stand-by)', 'Accelerometer, proximity, compass', NULL, NULL, NULL, '[{"category":"Network","specs":[{"label":"Technology","value":"GSM / HSPA"},{"label":"2G bands","value":"GSM 850 / 900 / 1800 / 1900"},{"label":"3G bands","value":"HSDPA 900 / 2100"},{"label":"Speed","value":"HSPA 7.2/5.76 Mbps"}]},{"category":"Launch","specs":[{"label":"Announced","value":"2012, September. Released 2012, September"},{"label":"Status","value":"Discontinued"}]},{"category":"Body","specs":[{"label":"Dimensions","value":"130 x 68 x 9.8 mm (5.12 x 2.68 x 0.39 in)"},{"label":"Weight","value":"134.3 g (4.73 oz)"},{"label":"SIM","value":"Dual SIM (dual stand-by)"}]},{"category":"Display","specs":[{"label":"Type","value":"IPS LCD"},{"label":"Size","value":"4.3 inches, 52.6 cm 2 (~59.5% screen-to-body ratio)"},{"label":"Resolution","value":"480 x 800 pixels, 5:3 ratio (~217 ppi density)"},{"label":"Protection","value":"Corning Gorilla Glass"}]},{"category":"Platform","specs":[{"label":"OS","value":"Android 4.0.4 (Ice Cream Sandwich)"},{"label":"CPU","value":"1.0 GHz Cotex-A9"},{"label":"GPU","value":"PowerVR SGX531"}]},{"category":"Memory","specs":[{"label":"Card slot","value":"microSDHC (dedicated slot)"},{"label":"Internal","value":"4GB 512MB RAM"}]},{"category":"Main Camera","specs":[{"label":"Single","value":"8 MP, AF"},{"label":"Features","value":"LED flash, HDR"},{"label":"Video","value":"720p@30fps"}]},{"category":"Selfie camera","specs":[{"label":"Single","value":"VGA"}]},{"category":"Sound","specs":[{"label":"Loudspeaker","value":"Yes"},{"label":"3.5mm jack","value":"Yes"}]},{"category":"Comms","specs":[{"label":"WLAN","value":"Wi-Fi 802.11 b/g/n, hotspot, Wi-Fi Direct, DLNA"},{"label":"Bluetooth","value":"3.0, A2DP, EDR"},{"label":"Positioning","value":"GPS"},{"label":"NFC","value":"No"},{"label":"USB","value":"microUSB 2.0"},{"label":"Radio","value":"FM radio, RDS"}]},{"category":"Features","specs":[{"label":"Sensors","value":"Accelerometer, proximity, compass"}]},{"category":"Battery","specs":[{"label":"Type","value":"Li-Ion 1800 mAh, removable"},{"label":"Stand-by","value":"Up to 320 h"},{"label":"Talk time","value":"Up to 5 h"}]},{"category":"Misc","specs":[{"label":"Colors","value":"Black"}]}]');
INSERT OR IGNORE INTO device_pictures (device_id, url, position) VALUES (1566, 'https://fdn2.gsmarena.com/vv/bigpic/allview-p5-alldro.jpg', 0);
INSERT OR IGNORE INTO device_pictures (device_id, url, position) VALUES (1566, 'https://fdn2.gsmarena.com/vv/pics/allview/allview-p5-alldro.jpg', 1);
INSERT OR IGNORE INTO devices (id, brand_id, name, gsmarena_url, thumbnail_url, summary) VALUES (1567, 8, 'P4 AllDro', 'https://www.gsmarena.com/allview_p4_alldro-6036.php', 'https://fdn2.gsmarena.com/vv/bigpic/allview-p4-alldro.jpg', 'P4 AllDro');
INSERT OR IGNORE INTO device_specs (device_id, announced, status, network, os, chipset, cpu, gpu, display_size, display_type, display_res, ram, storage, main_camera, selfie_camera, battery, charging, nfc, usb, bluetooth, wlan, colors, weight, dimensions, sim, sensors, popularity, fans, rating, full_specs_json) VALUES (1567, '2012, August. Released 2012, August', 'Discontinued', 'GSM / HSPA', 'Android 4.0.4 (Ice Cream Sandwich)', NULL, '1.0 GHz Cotex-A9', 'PowerVR SGX531', '4.3 inches, 52.6 cm 2 (~61.9% screen-to-body ratio)', 'Super AMOLED+', '480 x 800 pixels, 5:3 ratio (~217 ppi density)', NULL, '4GB', '8 MP, AF, LED flash, HDR', 'VGA', 'Li-Ion 1600 mAh, removable', NULL, 'No', 'microUSB 2.0', '3.0, A2DP, EDR', 'Wi-Fi 802.11 b/g/n, hotspot, Wi-Fi Direct, DLNA', 'Black', '118.4 g (4.16 oz)', '127.2 x 66.8 x 9.8 mm (5.01 x 2.63 x 0.39 in)', 'Dual SIM (dual stand-by)', 'Accelerometer, proximity, compass', 'About 200 EUR', NULL, NULL, '[{"category":"Network","specs":[{"label":"Technology","value":"GSM / HSPA"},{"label":"2G bands","value":"GSM 900 / 1800 / 1900"},{"label":"3G bands","value":"HSDPA 900 / 2100"},{"label":"Speed","value":"HSPA 7.2/5.76 Mbps"}]},{"category":"Launch","specs":[{"label":"Announced","value":"2012, August. Released 2012, August"},{"label":"Status","value":"Discontinued"}]},{"category":"Body","specs":[{"label":"Dimensions","value":"127.2 x 66.8 x 9.8 mm (5.01 x 2.63 x 0.39 in)"},{"label":"Weight","value":"118.4 g (4.16 oz)"},{"label":"SIM","value":"Dual SIM (dual stand-by)"}]},{"category":"Display","specs":[{"label":"Type","value":"Super AMOLED+"},{"label":"Size","value":"4.3 inches, 52.6 cm 2 (~61.9% screen-to-body ratio)"},{"label":"Resolution","value":"480 x 800 pixels, 5:3 ratio (~217 ppi density)"},{"label":"Protection","value":"Corning Gorilla Glass"}]},{"category":"Platform","specs":[{"label":"OS","value":"Android 4.0.4 (Ice Cream Sandwich)"},{"label":"CPU","value":"1.0 GHz Cotex-A9"},{"label":"GPU","value":"PowerVR SGX531"}]},{"category":"Memory","specs":[{"label":"Card slot","value":"microSDHC (dedicated slot)"},{"label":"Internal","value":"4GB 512MB RAM"}]},{"category":"Main Camera","specs":[{"label":"Single","value":"8 MP, AF"},{"label":"Features","value":"LED flash, HDR"},{"label":"Video","value":"720p@30fps"}]},{"category":"Selfie camera","specs":[{"label":"Single","value":"VGA"}]},{"category":"Sound","specs":[{"label":"Loudspeaker","value":"Yes"},{"label":"3.5mm jack","value":"Yes"}]},{"category":"Comms","specs":[{"label":"WLAN","value":"Wi-Fi 802.11 b/g/n, hotspot, Wi-Fi Direct, DLNA"},{"label":"Bluetooth","value":"3.0, A2DP, EDR"},{"label":"Positioning","value":"GPS"},{"label":"NFC","value":"No"},{"label":"USB","value":"microUSB 2.0"},{"label":"Radio","value":"FM radio, RDS"}]},{"category":"Features","specs":[{"label":"Sensors","value":"Accelerometer, proximity, compass"}]},{"category":"Battery","specs":[{"label":"Type","value":"Li-Ion 1600 mAh, removable"},{"label":"Stand-by","value":"Up to 330 h"},{"label":"Talk time","value":"Up to 3 h 20 min"}]},{"category":"Misc","specs":[{"label":"Colors","value":"Black"},{"label":"Price","value":"About 200 EUR"}]}]');
INSERT OR IGNORE INTO device_pictures (device_id, url, position) VALUES (1567, 'https://fdn2.gsmarena.com/vv/bigpic/allview-p4-alldro.jpg', 0);
INSERT OR IGNORE INTO device_pictures (device_id, url, position) VALUES (1567, 'https://fdn2.gsmarena.com/vv/pics/allview/allview-p4-alldro.jpg', 1);
INSERT OR IGNORE INTO devices (id, brand_id, name, gsmarena_url, thumbnail_url, summary) VALUES (1568, 8, 'P3 AllDro', 'https://www.gsmarena.com/allview_p3_alldro-6037.php', 'https://fdn2.gsmarena.com/vv/bigpic/allview-p3-alldro.jpg', 'P3 AllDro');
INSERT OR IGNORE INTO device_specs (device_id, announced, status, network, os, chipset, cpu, gpu, display_size, display_type, display_res, ram, storage, main_camera, selfie_camera, battery, charging, nfc, usb, bluetooth, wlan, colors, weight, dimensions, sim, sensors, popularity, fans, rating, full_specs_json) VALUES (1568, '2012, January. Released 2012, January', 'Discontinued', 'GSM / HSPA', 'Android 2.3.5 (Gingerbread)', NULL, '670 MHz', 'PowerVR SGX531', '4.1 inches, 47.8 cm 2 (~60.2% screen-to-body ratio)', 'TFT', '480 x 800 pixels, 5:3 ratio (~228 ppi density)', NULL, '512MB 512MB RAM', '8 MP, AF, LED flash, panorama', 'VGA', 'Li-Ion 1900 mAh, removable', NULL, 'No', 'microUSB 2.0', '2.1, A2DP', 'Wi-Fi 802.11 b/g, hotspot', 'Black, White', '135.5 g (4.76 oz)', '121.5 x 65.4 x 12.9 mm (4.78 x 2.57 x 0.51 in)', 'Dual SIM (dual stand-by)', 'Accelerometer, proximity', 'About 100 EUR', NULL, NULL, '[{"category":"Network","specs":[{"label":"Technology","value":"GSM / HSPA"},{"label":"2G bands","value":"GSM 900 / 1800"},{"label":"3G bands","value":"HSDPA 2100"},{"label":"Speed","value":"HSPA 7.2/5.76 Mbps"}]},{"category":"Launch","specs":[{"label":"Announced","value":"2012, January. Released 2012, January"},{"label":"Status","value":"Discontinued"}]},{"category":"Body","specs":[{"label":"Dimensions","value":"121.5 x 65.4 x 12.9 mm (4.78 x 2.57 x 0.51 in)"},{"label":"Weight","value":"135.5 g (4.76 oz)"},{"label":"SIM","value":"Dual SIM (dual stand-by)"}]},{"category":"Display","specs":[{"label":"Type","value":"TFT"},{"label":"Size","value":"4.1 inches, 47.8 cm 2 (~60.2% screen-to-body ratio)"},{"label":"Resolution","value":"480 x 800 pixels, 5:3 ratio (~228 ppi density)"}]},{"category":"Platform","specs":[{"label":"OS","value":"Android 2.3.5 (Gingerbread)"},{"label":"CPU","value":"670 MHz"},{"label":"GPU","value":"PowerVR SGX531"}]},{"category":"Memory","specs":[{"label":"Card slot","value":"microSDHC (dedicated slot), 4 GB included"},{"label":"Internal","value":"512MB 512MB RAM"}]},{"category":"Main Camera","specs":[{"label":"Single","value":"8 MP, AF"},{"label":"Features","value":"LED flash, panorama"},{"label":"Video","value":"480p@30fps"}]},{"category":"Selfie camera","specs":[{"label":"Single","value":"VGA"}]},{"category":"Sound","specs":[{"label":"Loudspeaker","value":"Yes"},{"label":"3.5mm jack","value":"Yes"}]},{"category":"Comms","specs":[{"label":"WLAN","value":"Wi-Fi 802.11 b/g, hotspot"},{"label":"Bluetooth","value":"2.1, A2DP"},{"label":"Positioning","value":"GPS"},{"label":"NFC","value":"No"},{"label":"USB","value":"microUSB 2.0"},{"label":"Radio","value":"No"}]},{"category":"Features","specs":[{"label":"Sensors","value":"Accelerometer, proximity"}]},{"category":"Battery","specs":[{"label":"Type","value":"Li-Ion 1900 mAh, removable"},{"label":"Stand-by","value":"Up to 300 h"},{"label":"Talk time","value":"Up to 6 h 40 min"}]},{"category":"Misc","specs":[{"label":"Colors","value":"Black, White"},{"label":"Price","value":"About 100 EUR"}]}]');
INSERT OR IGNORE INTO device_pictures (device_id, url, position) VALUES (1568, 'https://fdn2.gsmarena.com/vv/bigpic/allview-p3-alldro.jpg', 0);
INSERT OR IGNORE INTO device_pictures (device_id, url, position) VALUES (1568, 'https://fdn2.gsmarena.com/vv/pics/allview/allview-p3-alldro.jpg', 1);
INSERT OR IGNORE INTO devices (id, brand_id, name, gsmarena_url, thumbnail_url, summary) VALUES (1569, 8, 'P2 AllDro', 'https://www.gsmarena.com/allview_p2_alldro-6038.php', 'https://fdn2.gsmarena.com/vv/bigpic/allview-p2-alldro.jpg', 'P2 AllDro');
INSERT OR IGNORE INTO device_specs (device_id, announced, status, network, os, chipset, cpu, gpu, display_size, display_type, display_res, ram, storage, main_camera, selfie_camera, battery, charging, nfc, usb, bluetooth, wlan, colors, weight, dimensions, sim, sensors, popularity, fans, rating, full_specs_json) VALUES (1569, '2012, January. Released 2012, January', 'Discontinued', 'GSM / HSPA', 'Android 2.3.5 (Gingerbread)', NULL, '670 MHz', 'PowerVR SGX531', '3.5 inches, 36.5 cm 2 (~51.5% screen-to-body ratio)', 'TFT', '320 x 480 pixels, 3:2 ratio (~165 ppi density)', NULL, '512MB 256MB RAM', '5 MP, AF, Panorama', 'VGA', 'Li-Ion 1400 mAh, removable', NULL, 'No', 'microUSB 2.0', '2.1', 'Wi-Fi 802.11 b/g, hotspot', 'Black', '124.6 g (4.37 oz)', '116 x 61 x 12.8 mm (4.57 x 2.40 x 0.50 in)', 'Dual SIM (dual stand-by)', 'Accelerometer, proximity', 'About 80 EUR', NULL, NULL, '[{"category":"Network","specs":[{"label":"Technology","value":"GSM / HSPA"},{"label":"2G bands","value":"GSM 900 / 1800"},{"label":"3G bands","value":"HSDPA 2100"},{"label":"Speed","value":"HSPA"}]},{"category":"Launch","specs":[{"label":"Announced","value":"2012, January. Released 2012, January"},{"label":"Status","value":"Discontinued"}]},{"category":"Body","specs":[{"label":"Dimensions","value":"116 x 61 x 12.8 mm (4.57 x 2.40 x 0.50 in)"},{"label":"Weight","value":"124.6 g (4.37 oz)"},{"label":"SIM","value":"Dual SIM (dual stand-by)"}]},{"category":"Display","specs":[{"label":"Type","value":"TFT"},{"label":"Size","value":"3.5 inches, 36.5 cm 2 (~51.5% screen-to-body ratio)"},{"label":"Resolution","value":"320 x 480 pixels, 3:2 ratio (~165 ppi density)"}]},{"category":"Platform","specs":[{"label":"OS","value":"Android 2.3.5 (Gingerbread)"},{"label":"CPU","value":"670 MHz"},{"label":"GPU","value":"PowerVR SGX531"}]},{"category":"Memory","specs":[{"label":"Card slot","value":"microSDHC (dedicated slot)"},{"label":"Internal","value":"512MB 256MB RAM"}]},{"category":"Main Camera","specs":[{"label":"Single","value":"5 MP, AF"},{"label":"Features","value":"Panorama"},{"label":"Video","value":"480p@30fps"}]},{"category":"Selfie camera","specs":[{"label":"Single","value":"VGA"}]},{"category":"Sound","specs":[{"label":"Loudspeaker","value":"Yes"},{"label":"3.5mm jack","value":"Yes"}]},{"category":"Comms","specs":[{"label":"WLAN","value":"Wi-Fi 802.11 b/g, hotspot"},{"label":"Bluetooth","value":"2.1"},{"label":"Positioning","value":"GPS"},{"label":"NFC","value":"No"},{"label":"USB","value":"microUSB 2.0"},{"label":"Radio","value":"No"}]},{"category":"Features","specs":[{"label":"Sensors","value":"Accelerometer, proximity"}]},{"category":"Battery","specs":[{"label":"Type","value":"Li-Ion 1400 mAh, removable"},{"label":"Stand-by","value":"Up to 250 h"},{"label":"Talk time","value":"Up to 6 h 10 min"}]},{"category":"Misc","specs":[{"label":"Colors","value":"Black"},{"label":"Price","value":"About 80 EUR"}]}]');
INSERT OR IGNORE INTO device_pictures (device_id, url, position) VALUES (1569, 'https://fdn2.gsmarena.com/vv/bigpic/allview-p2-alldro.jpg', 0);
INSERT OR IGNORE INTO device_pictures (device_id, url, position) VALUES (1569, 'https://fdn2.gsmarena.com/vv/pics/allview/allview-p2-alldro.jpg', 1);
INSERT OR IGNORE INTO devices (id, brand_id, name, gsmarena_url, thumbnail_url, summary) VALUES (1570, 8, 'P1 AllDro', 'https://www.gsmarena.com/allview_p1_alldro-6039.php', 'https://fdn2.gsmarena.com/vv/bigpic/allview-p1-alldro1.jpg', 'P1 AllDro');
INSERT OR IGNORE INTO device_specs (device_id, announced, status, network, os, chipset, cpu, gpu, display_size, display_type, display_res, ram, storage, main_camera, selfie_camera, battery, charging, nfc, usb, bluetooth, wlan, colors, weight, dimensions, sim, sensors, popularity, fans, rating, full_specs_json) VALUES (1570, '2011, October. Released 2011, October', 'Discontinued', 'GSM', 'Android 2.2 (Froyo)', NULL, NULL, NULL, '3.5 inches, 36.5 cm 2 (~50.8% screen-to-body ratio)', 'TFT', '320 x 480 pixels, 3:2 ratio (~165 ppi density)', '256GB', '512MB 256GB RAM', '5 MP, AF, LED flash', 'VGA', 'Li-Ion 1500 mAh, removable', NULL, 'No', 'microUSB 2.0', '2.1', 'Wi-Fi 802.11 b/g', 'Black', '119 g (4.20 oz)', '115.9 x 62 x 12.9 mm (4.56 x 2.44 x 0.51 in)', 'Dual SIM (dual stand-by)', 'Accelerometer, proximity', NULL, NULL, NULL, '[{"category":"Network","specs":[{"label":"Technology","value":"GSM"},{"label":"2G bands","value":"GSM 900 / 1800"},{"label":"Speed","value":"HSPA"},{"label":"GPRS","value":"Yes"},{"label":"EDGE","value":"Yes"}]},{"category":"Launch","specs":[{"label":"Announced","value":"2011, October. Released 2011, October"},{"label":"Status","value":"Discontinued"}]},{"category":"Body","specs":[{"label":"Dimensions","value":"115.9 x 62 x 12.9 mm (4.56 x 2.44 x 0.51 in)"},{"label":"Weight","value":"119 g (4.20 oz)"},{"label":"SIM","value":"Dual SIM (dual stand-by)"}]},{"category":"Display","specs":[{"label":"Type","value":"TFT"},{"label":"Size","value":"3.5 inches, 36.5 cm 2 (~50.8% screen-to-body ratio)"},{"label":"Resolution","value":"320 x 480 pixels, 3:2 ratio (~165 ppi density)"}]},{"category":"Platform","specs":[{"label":"OS","value":"Android 2.2 (Froyo)"}]},{"category":"Memory","specs":[{"label":"Card slot","value":"microSDHC (dedicated slot)"},{"label":"Internal","value":"512MB 256GB RAM"}]},{"category":"Main Camera","specs":[{"label":"Single","value":"5 MP, AF"},{"label":"Features","value":"LED flash"},{"label":"Video","value":"480p@30fps"}]},{"category":"Selfie camera","specs":[{"label":"Single","value":"VGA"}]},{"category":"Sound","specs":[{"label":"Loudspeaker","value":"Yes"}]},{"category":"Comms","specs":[{"label":"WLAN","value":"Wi-Fi 802.11 b/g"},{"label":"Bluetooth","value":"2.1"},{"label":"Positioning","value":"GPS"},{"label":"NFC","value":"No"},{"label":"USB","value":"microUSB 2.0"},{"label":"Radio","value":"No"}]},{"category":"Features","specs":[{"label":"Sensors","value":"Accelerometer, proximity"}]},{"category":"Battery","specs":[{"label":"Type","value":"Li-Ion 1500 mAh, removable"},{"label":"Stand-by","value":"Up to 220 h"},{"label":"Talk time","value":"Up to 5 h"}]},{"category":"Misc","specs":[{"label":"Colors","value":"Black"}]}]');
INSERT OR IGNORE INTO device_pictures (device_id, url, position) VALUES (1570, 'https://fdn2.gsmarena.com/vv/bigpic/allview-p1-alldro1.jpg', 0);
INSERT OR IGNORE INTO devices (id, brand_id, name, gsmarena_url, thumbnail_url, summary) VALUES (1571, 8, 'L4 Class', 'https://www.gsmarena.com/allview_l4_class-6045.php', 'https://fdn2.gsmarena.com/vv/bigpic/allview-l4-class.jpg', 'L4 Class');
INSERT OR IGNORE INTO device_specs (device_id, announced, status, network, os, chipset, cpu, gpu, display_size, display_type, display_res, ram, storage, main_camera, selfie_camera, battery, charging, nfc, usb, bluetooth, wlan, colors, weight, dimensions, sim, sensors, popularity, fans, rating, full_specs_json) VALUES (1571, '2012, November. Released 2012, November', 'Discontinued', 'GSM', NULL, NULL, '0', NULL, '1.77 inches, 9.9 cm 2 (~20.3% screen-to-body ratio)', 'TFT, 256K colors', '128 x 160 pixels (~116 ppi density)', NULL, NULL, 'VGA', NULL, 'Li-Ion 800 mAh, removable', NULL, 'No', 'miniUSB', '2.1', 'No', 'Black, White', '84.6 g (2.96 oz)', '108 x 45 x 12.8 mm (4.25 x 1.77 x 0.50 in)', 'Dual SIM (dual stand-by)', NULL, 'About 20 EUR', NULL, NULL, '[{"category":"Network","specs":[{"label":"Technology","value":"GSM"},{"label":"2G bands","value":"GSM 900 / 1800"},{"label":"GPRS","value":"Yes"},{"label":"EDGE","value":"No"}]},{"category":"Launch","specs":[{"label":"Announced","value":"2012, November. Released 2012, November"},{"label":"Status","value":"Discontinued"}]},{"category":"Body","specs":[{"label":"Dimensions","value":"108 x 45 x 12.8 mm (4.25 x 1.77 x 0.50 in)"},{"label":"Weight","value":"84.6 g (2.96 oz)"},{"label":"SIM","value":"Dual SIM (dual stand-by)"}]},{"category":"Display","specs":[{"label":"Type","value":"TFT, 256K colors"},{"label":"Size","value":"1.77 inches, 9.9 cm 2 (~20.3% screen-to-body ratio)"},{"label":"Resolution","value":"128 x 160 pixels (~116 ppi density)"}]},{"category":"Platform","specs":[{"label":"CPU","value":"0"}]},{"category":"Memory","specs":[{"label":"Card slot","value":"microSDHC (dedicated slot)"},{"label":"Phonebook","value":"Yes"},{"label":"Call records","value":"Yes"}]},{"category":"Main Camera","specs":[{"label":"Single","value":"VGA"},{"label":"Video","value":"Yes"}]},{"category":"Sound","specs":[{"label":"Loudspeaker","value":"Yes"}]},{"category":"Comms","specs":[{"label":"WLAN","value":"No"},{"label":"Bluetooth","value":"2.1"},{"label":"Positioning","value":"No"},{"label":"NFC","value":"No"},{"label":"USB","value":"miniUSB"},{"label":"Radio","value":"FM radio"}]},{"category":"Features","specs":[{"label":"Messaging","value":"SMS, MMS"},{"label":"Games","value":"No"},{"label":"Java","value":"No"}]},{"category":"Battery","specs":[{"label":"Type","value":"Li-Ion 800 mAh, removable"},{"label":"Stand-by","value":"Up to 160 h"},{"label":"Talk time","value":"Up to 5 h"}]},{"category":"Misc","specs":[{"label":"Colors","value":"Black, White"},{"label":"Price","value":"About 20 EUR"}]}]');
INSERT OR IGNORE INTO device_pictures (device_id, url, position) VALUES (1571, 'https://fdn2.gsmarena.com/vv/bigpic/allview-l4-class.jpg', 0);
INSERT OR IGNORE INTO device_pictures (device_id, url, position) VALUES (1571, 'https://fdn2.gsmarena.com/vv/pics/allview/allview-l4-class.jpg', 1);
INSERT OR IGNORE INTO devices (id, brand_id, name, gsmarena_url, thumbnail_url, summary) VALUES (1572, 8, 'M6 Stark', 'https://www.gsmarena.com/allview_m6_stark-6046.php', 'https://fdn2.gsmarena.com/vv/bigpic/allview-m6-stark.jpg', 'M6 Stark');
INSERT OR IGNORE INTO device_specs (device_id, announced, status, network, os, chipset, cpu, gpu, display_size, display_type, display_res, ram, storage, main_camera, selfie_camera, battery, charging, nfc, usb, bluetooth, wlan, colors, weight, dimensions, sim, sensors, popularity, fans, rating, full_specs_json) VALUES (1572, '2012, February. Released 2012, February', 'Discontinued', 'GSM', NULL, NULL, '0', NULL, '2.0 inches, 12.6 cm 2 (~24.4% screen-to-body ratio)', 'TFT, 256K colors', '176 x 220 pixels (~141 ppi density)', NULL, NULL, '1.3 MP', NULL, 'Li-Ion 950 mAh, removable', NULL, 'No', 'microUSB', '2.1', 'No', 'Black, White', '52 g (1.83 oz)', '109.8 x 47 x 12.7 mm (4.32 x 1.85 x 0.5 in)', 'Dual SIM (dual stand-by)', NULL, 'About 20 EUR', NULL, NULL, '[{"category":"Network","specs":[{"label":"Technology","value":"GSM"},{"label":"2G bands","value":"GSM 900 / 1800"},{"label":"GPRS","value":"Yes"},{"label":"EDGE","value":"No"}]},{"category":"Launch","specs":[{"label":"Announced","value":"2012, February. Released 2012, February"},{"label":"Status","value":"Discontinued"}]},{"category":"Body","specs":[{"label":"Dimensions","value":"109.8 x 47 x 12.7 mm (4.32 x 1.85 x 0.5 in)"},{"label":"Weight","value":"52 g (1.83 oz)"},{"label":"SIM","value":"Dual SIM (dual stand-by)"}]},{"category":"Display","specs":[{"label":"Type","value":"TFT, 256K colors"},{"label":"Size","value":"2.0 inches, 12.6 cm 2 (~24.4% screen-to-body ratio)"},{"label":"Resolution","value":"176 x 220 pixels (~141 ppi density)"}]},{"category":"Platform","specs":[{"label":"CPU","value":"0"}]},{"category":"Memory","specs":[{"label":"Card slot","value":"microSDHC (dedicated slot)"},{"label":"Phonebook","value":"Yes"},{"label":"Call records","value":"Yes"}]},{"category":"Main Camera","specs":[{"label":"Single","value":"1.3 MP"},{"label":"Video","value":"Yes"}]},{"category":"Sound","specs":[{"label":"Loudspeaker","value":"Yes"},{"label":"3.5mm jack","value":"Yes"}]},{"category":"Comms","specs":[{"label":"WLAN","value":"No"},{"label":"Bluetooth","value":"2.1"},{"label":"Positioning","value":"No"},{"label":"NFC","value":"No"},{"label":"USB","value":"microUSB"},{"label":"Radio","value":"FM radio"}]},{"category":"Features","specs":[{"label":"Messaging","value":"SMS, MMS"},{"label":"Games","value":"No"},{"label":"Java","value":"No"}]},{"category":"Battery","specs":[{"label":"Type","value":"Li-Ion 950 mAh, removable"},{"label":"Stand-by","value":"Up to 230 h"},{"label":"Talk time","value":"Up to 4 h 30 min"}]},{"category":"Misc","specs":[{"label":"Colors","value":"Black, White"},{"label":"Price","value":"About 20 EUR"}]}]');
INSERT OR IGNORE INTO device_pictures (device_id, url, position) VALUES (1572, 'https://fdn2.gsmarena.com/vv/bigpic/allview-m6-stark.jpg', 0);
INSERT OR IGNORE INTO device_pictures (device_id, url, position) VALUES (1572, 'https://fdn2.gsmarena.com/vv/pics/allview/allview-m6-stark.jpg', 1);
INSERT OR IGNORE INTO devices (id, brand_id, name, gsmarena_url, thumbnail_url, summary) VALUES (1573, 9, 'Fire Max 11', 'https://www.gsmarena.com/amazon_fire_max_11-12382.php', 'https://fdn2.gsmarena.com/vv/bigpic/amazon-fire-max-11.jpg', 'Fire Max 11');
INSERT OR IGNORE INTO device_specs (device_id, announced, status, network, os, chipset, cpu, gpu, display_size, display_type, display_res, ram, storage, main_camera, selfie_camera, battery, charging, nfc, usb, bluetooth, wlan, colors, weight, dimensions, sim, sensors, popularity, fans, rating, full_specs_json) VALUES (1573, '2023, May 23', 'Available. Released 2023, May 23', 'No cellular connectivity', 'Android 11, Fire OS 8', 'Mediatek MT8188J', 'Octa-core (2x2.2 GHz Cortex-A78 & 6x2.0 GHz Cortex-A55)', 'Mali-G57 MC2', '11.0 inches, 344.4 cm 2 (~81.2% screen-to-body ratio)', 'IPS LCD', '2000 x 1200 pixels, 5:3 ratio (~212 ppi density)', '4GB', '64GB', '8 MP, AF', '8 MP, 1080p', 'Li-Ion', '15W wired', 'No', 'USB Type-C 2.0, OTG, magnetic accessory connector', '5.3, A2DP, LE', 'Wi-Fi 802.11 a/b/g/n/ac/6, dual-band', 'Gray', '490 g (1.08 lb)', '259.1 x 163.7 x 7.5 mm (10.20 x 6.44 x 0.30 in)', 'No', 'Fingerprint (side-mounted), accelerometer, proximity (accessories only)', 'About 270 EUR', NULL, NULL, '[{"category":"Network","specs":[{"label":"Technology","value":"No cellular connectivity"},{"label":"2G bands","value":"N/A"},{"label":"GPRS","value":"No"},{"label":"EDGE","value":"No"}]},{"category":"Launch","specs":[{"label":"Announced","value":"2023, May 23"},{"label":"Status","value":"Available. Released 2023, May 23"}]},{"category":"Body","specs":[{"label":"Dimensions","value":"259.1 x 163.7 x 7.5 mm (10.20 x 6.44 x 0.30 in)"},{"label":"Weight","value":"490 g (1.08 lb)"},{"label":"SIM","value":"No"}]},{"category":"Display","specs":[{"label":"Type","value":"IPS LCD"},{"label":"Size","value":"11.0 inches, 344.4 cm 2 (~81.2% screen-to-body ratio)"},{"label":"Resolution","value":"2000 x 1200 pixels, 5:3 ratio (~212 ppi density)"}]},{"category":"Platform","specs":[{"label":"OS","value":"Android 11, Fire OS 8"},{"label":"Chipset","value":"Mediatek MT8188J"},{"label":"CPU","value":"Octa-core (2x2.2 GHz Cortex-A78 & 6x2.0 GHz Cortex-A55)"},{"label":"GPU","value":"Mali-G57 MC2"}]},{"category":"Memory","specs":[{"label":"Card slot","value":"microSDXC (dedicated slot)"},{"label":"Internal","value":"64GB 4GB RAM, 128GB 4GB RAM"}]},{"category":"Main Camera","specs":[{"label":"Single","value":"8 MP, AF"},{"label":"Video","value":"1080p"}]},{"category":"Selfie camera","specs":[{"label":"Single","value":"8 MP"},{"label":"Video","value":"1080p"}]},{"category":"Sound","specs":[{"label":"Loudspeaker","value":"Yes, with stereo speakers"},{"label":"3.5mm jack","value":"No"}]},{"category":"Comms","specs":[{"label":"WLAN","value":"Wi-Fi 802.11 a/b/g/n/ac/6, dual-band"},{"label":"Bluetooth","value":"5.3, A2DP, LE"},{"label":"Positioning","value":"No"},{"label":"NFC","value":"No"},{"label":"USB","value":"USB Type-C 2.0, OTG, magnetic accessory connector"},{"label":"Radio","value":"No"}]},{"category":"Features","specs":[{"label":"Sensors","value":"Fingerprint (side-mounted), accelerometer, proximity (accessories only)"}]},{"category":"Battery","specs":[{"label":"Type","value":"Li-Ion"},{"label":"Charging","value":"15W wired"}]},{"category":"Misc","specs":[{"label":"Colors","value":"Gray"},{"label":"Models","value":"KFSNWI"},{"label":"Price","value":"About 270 EUR"}]}]');
INSERT OR IGNORE INTO device_pictures (device_id, url, position) VALUES (1573, 'https://fdn2.gsmarena.com/vv/bigpic/amazon-fire-max-11.jpg', 0);
INSERT OR IGNORE INTO device_pictures (device_id, url, position) VALUES (1573, 'https://fdn2.gsmarena.com/vv/pics/amazon/amazon-fire-max-11-1.jpg', 1);
INSERT OR IGNORE INTO device_pictures (device_id, url, position) VALUES (1573, 'https://fdn2.gsmarena.com/vv/pics/amazon/amazon-fire-max-11-2.jpg', 2);
INSERT OR IGNORE INTO device_pictures (device_id, url, position) VALUES (1573, 'https://fdn2.gsmarena.com/vv/pics/amazon/amazon-fire-max-11-3.jpg', 3);
INSERT OR IGNORE INTO devices (id, brand_id, name, gsmarena_url, thumbnail_url, summary) VALUES (1574, 9, 'Fire HD 8 Plus (2022)', 'https://www.gsmarena.com/amazon_fire_hd_8_plus_(2022)-12035.php', 'https://fdn2.gsmarena.com/vv/bigpic/amazon-fire-hd-8-plus-2022.jpg', 'Fire HD 8 Plus (2022)');
INSERT OR IGNORE INTO device_specs (device_id, announced, status, network, os, chipset, cpu, gpu, display_size, display_type, display_res, ram, storage, main_camera, selfie_camera, battery, charging, nfc, usb, bluetooth, wlan, colors, weight, dimensions, sim, sensors, popularity, fans, rating, full_specs_json) VALUES (1574, '2022, September 21', 'Available. Released 2022, September 21', 'No cellular connectivity', 'Android 11, Fire OS 8', 'Mediatek MT8169A', 'Hexa-core (6x2.0 GHz Cortex-A55)', 'Mali-G52 2EE MC2', '8.0 inches, 185.6 cm 2 (~66.9% screen-to-body ratio)', 'IPS LCD', '800 x 1280 pixels, 16:10 ratio (~189 ppi density)', '3GB', '32GB', '5 MP', '2 MP, 720p', NULL, '15W wired 10W wireless', 'No', 'USB Type-C 2.0', '5.2, A2DP, LE', 'Wi-Fi 802.11 a/b/g/n/ac, dual-band', 'Gray', '342 g (12.06 oz)', '201.9 x 137.4 x 9.6 mm (7.95 x 5.41 x 0.38 in)', 'No', 'Accelerometer', 'About 120 EUR', NULL, NULL, '[{"category":"Network","specs":[{"label":"Technology","value":"No cellular connectivity"},{"label":"2G bands","value":"N/A"},{"label":"GPRS","value":"N/A"},{"label":"EDGE","value":"N/A"}]},{"category":"Launch","specs":[{"label":"Announced","value":"2022, September 21"},{"label":"Status","value":"Available. Released 2022, September 21"}]},{"category":"Body","specs":[{"label":"Dimensions","value":"201.9 x 137.4 x 9.6 mm (7.95 x 5.41 x 0.38 in)"},{"label":"Weight","value":"342 g (12.06 oz)"},{"label":"SIM","value":"No"}]},{"category":"Display","specs":[{"label":"Type","value":"IPS LCD"},{"label":"Size","value":"8.0 inches, 185.6 cm 2 (~66.9% screen-to-body ratio)"},{"label":"Resolution","value":"800 x 1280 pixels, 16:10 ratio (~189 ppi density)"}]},{"category":"Platform","specs":[{"label":"OS","value":"Android 11, Fire OS 8"},{"label":"Chipset","value":"Mediatek MT8169A"},{"label":"CPU","value":"Hexa-core (6x2.0 GHz Cortex-A55)"},{"label":"GPU","value":"Mali-G52 2EE MC2"}]},{"category":"Memory","specs":[{"label":"Card slot","value":"microSDXC (dedicated slot)"},{"label":"Internal","value":"32GB 3GB RAM, 64GB 3GB RAM"}]},{"category":"Main Camera","specs":[{"label":"Single","value":"5 MP"},{"label":"Video","value":"1080p"}]},{"category":"Selfie camera","specs":[{"label":"Single","value":"2 MP"},{"label":"Video","value":"720p"}]},{"category":"Sound","specs":[{"label":"Loudspeaker","value":"Yes, with stereo speakers"},{"label":"3.5mm jack","value":"Yes"}]},{"category":"Comms","specs":[{"label":"WLAN","value":"Wi-Fi 802.11 a/b/g/n/ac, dual-band"},{"label":"Bluetooth","value":"5.2, A2DP, LE"},{"label":"Positioning","value":"No"},{"label":"NFC","value":"No"},{"label":"USB","value":"USB Type-C 2.0"},{"label":"Radio","value":"No"}]},{"category":"Features","specs":[{"label":"Sensors","value":"Accelerometer"}]},{"category":"Battery","specs":[{"label":"Charging","value":"15W wired 10W wireless"},{"label":"Talk time","value":"Up to 13 h"}]},{"category":"Misc","specs":[{"label":"Colors","value":"Gray"},{"label":"Models","value":"KFRAPWI"},{"label":"Price","value":"About 120 EUR"}]}]');
INSERT OR IGNORE INTO device_pictures (device_id, url, position) VALUES (1574, 'https://fdn2.gsmarena.com/vv/bigpic/amazon-fire-hd-8-plus-2022.jpg', 0);
INSERT OR IGNORE INTO device_pictures (device_id, url, position) VALUES (1574, 'https://fdn2.gsmarena.com/vv/pics/amazon/amazon-fire-hd-8-plus-2022-1.jpg', 1);
INSERT OR IGNORE INTO device_pictures (device_id, url, position) VALUES (1574, 'https://fdn2.gsmarena.com/vv/pics/amazon/amazon-fire-hd-8-plus-2022-3.jpg', 2);
INSERT OR IGNORE INTO devices (id, brand_id, name, gsmarena_url, thumbnail_url, summary) VALUES (1575, 9, 'Fire HD 8 (2022)', 'https://www.gsmarena.com/amazon_fire_hd_8_(2022)-12036.php', 'https://fdn2.gsmarena.com/vv/bigpic/amazon-fire-hd-8-2022.jpg', 'Fire HD 8 (2022)');
INSERT OR IGNORE INTO device_specs (device_id, announced, status, network, os, chipset, cpu, gpu, display_size, display_type, display_res, ram, storage, main_camera, selfie_camera, battery, charging, nfc, usb, bluetooth, wlan, colors, weight, dimensions, sim, sensors, popularity, fans, rating, full_specs_json) VALUES (1575, '2022, September 21', 'Available. Released 2022, September 21', 'No cellular connectivity', 'Android 11, Fire OS 8', 'Mediatek MT8169A', 'Hexa-core (6x2.0 GHz Cortex-A55)', 'Mali-G52 2EE MC2', '8.0 inches, 185.6 cm 2 (~66.9% screen-to-body ratio)', 'IPS LCD', '800 x 1280 pixels, 16:10 ratio (~189 ppi density)', '2GB', '32GB', '5 MP', '2 MP, 720p', NULL, '15W wired', 'No', 'USB Type-C 2.0', '5.2, A2DP, LE', 'Wi-Fi 802.11 a/b/g/n/ac, dual-band', 'Black, Denim, Rose', '337 g (11.89 oz)', '201.9 x 137.4 x 9.6 mm (7.95 x 5.41 x 0.38 in)', 'No', 'Accelerometer', 'About 110 EUR', NULL, NULL, '[{"category":"Network","specs":[{"label":"Technology","value":"No cellular connectivity"},{"label":"2G bands","value":"N/A"},{"label":"GPRS","value":"N/A"},{"label":"EDGE","value":"N/A"}]},{"category":"Launch","specs":[{"label":"Announced","value":"2022, September 21"},{"label":"Status","value":"Available. Released 2022, September 21"}]},{"category":"Body","specs":[{"label":"Dimensions","value":"201.9 x 137.4 x 9.6 mm (7.95 x 5.41 x 0.38 in)"},{"label":"Weight","value":"337 g (11.89 oz)"},{"label":"SIM","value":"No"}]},{"category":"Display","specs":[{"label":"Type","value":"IPS LCD"},{"label":"Size","value":"8.0 inches, 185.6 cm 2 (~66.9% screen-to-body ratio)"},{"label":"Resolution","value":"800 x 1280 pixels, 16:10 ratio (~189 ppi density)"}]},{"category":"Platform","specs":[{"label":"OS","value":"Android 11, Fire OS 8"},{"label":"Chipset","value":"Mediatek MT8169A"},{"label":"CPU","value":"Hexa-core (6x2.0 GHz Cortex-A55)"},{"label":"GPU","value":"Mali-G52 2EE MC2"}]},{"category":"Memory","specs":[{"label":"Card slot","value":"microSDXC (dedicated slot)"},{"label":"Internal","value":"32GB 2GB RAM, 64GB 2GB RAM"}]},{"category":"Main Camera","specs":[{"label":"Single","value":"5 MP"},{"label":"Video","value":"1080p"}]},{"category":"Selfie camera","specs":[{"label":"Single","value":"2 MP"},{"label":"Video","value":"720p"}]},{"category":"Sound","specs":[{"label":"Loudspeaker","value":"Yes, with stereo speakers"},{"label":"3.5mm jack","value":"Yes"}]},{"category":"Comms","specs":[{"label":"WLAN","value":"Wi-Fi 802.11 a/b/g/n/ac, dual-band"},{"label":"Bluetooth","value":"5.2, A2DP, LE"},{"label":"Positioning","value":"No"},{"label":"NFC","value":"No"},{"label":"USB","value":"USB Type-C 2.0"},{"label":"Radio","value":"No"}]},{"category":"Features","specs":[{"label":"Sensors","value":"Accelerometer"}]},{"category":"Battery","specs":[{"label":"Charging","value":"15W wired"},{"label":"Talk time","value":"Up to 13 h"}]},{"category":"Misc","specs":[{"label":"Colors","value":"Black, Denim, Rose"},{"label":"Models","value":"KFRAWI"},{"label":"Price","value":"About 110 EUR"}]}]');
INSERT OR IGNORE INTO device_pictures (device_id, url, position) VALUES (1575, 'https://fdn2.gsmarena.com/vv/bigpic/amazon-fire-hd-8-2022.jpg', 0);
INSERT OR IGNORE INTO device_pictures (device_id, url, position) VALUES (1575, 'https://fdn2.gsmarena.com/vv/pics/amazon/amazon-fire-hd-8-2022-1.jpg', 1);
INSERT OR IGNORE INTO device_pictures (device_id, url, position) VALUES (1575, 'https://fdn2.gsmarena.com/vv/pics/amazon/amazon-fire-hd-8-2022-2.jpg', 2);
INSERT OR IGNORE INTO devices (id, brand_id, name, gsmarena_url, thumbnail_url, summary) VALUES (1576, 9, 'Fire HD 10 Plus (2021)', 'https://www.gsmarena.com/amazon_fire_hd_10_plus_(2021)-10882.php', 'https://fdn2.gsmarena.com/vv/bigpic/amazon-fire-hd-10-plus-2021.jpg', 'Fire HD 10 Plus (2021)');
INSERT OR IGNORE INTO device_specs (device_id, announced, status, network, os, chipset, cpu, gpu, display_size, display_type, display_res, ram, storage, main_camera, selfie_camera, battery, charging, nfc, usb, bluetooth, wlan, colors, weight, dimensions, sim, sensors, popularity, fans, rating, full_specs_json) VALUES (1576, '2021, April 27. Released 2021, May 26', 'Discontinued', 'No cellular connectivity', 'Android 9.0 (Pie), Fire OS 7', 'Mediatek MT8183 Helio P60T (12 nm)', 'Octa-core (4x2.0 GHz Cortex-A73 & 4x2.0 GHz Cortex-A53)', 'Mali-G72 MP3', '10.1 inches, 295.8 cm 2 (~72.1% screen-to-body ratio)', 'IPS LCD', '1920 x 1200 pixels, 16:10 ratio (~224 ppi density)', '4GB', '32GB', '5 MP', '2 MP, 720p', 'Li-Ion', 'Wireless', 'No', 'USB Type-C 2.0, OTG', '5.0, A2DP, LE', 'Wi-Fi 802.11 a/b/g/n/ac, dual-band', 'Slate', '468 g (1.03 lb)', '247 x 166 x 9.2 mm (9.72 x 6.54 x 0.36 in)', 'No', 'Accelerometer', 'About 150 EUR', NULL, NULL, '[{"category":"Network","specs":[{"label":"Technology","value":"No cellular connectivity"},{"label":"2G bands","value":"N/A"},{"label":"GPRS","value":"No"},{"label":"EDGE","value":"No"}]},{"category":"Launch","specs":[{"label":"Announced","value":"2021, April 27. Released 2021, May 26"},{"label":"Status","value":"Discontinued"}]},{"category":"Body","specs":[{"label":"Dimensions","value":"247 x 166 x 9.2 mm (9.72 x 6.54 x 0.36 in)"},{"label":"Weight","value":"468 g (1.03 lb)"},{"label":"SIM","value":"No"}]},{"category":"Display","specs":[{"label":"Type","value":"IPS LCD"},{"label":"Size","value":"10.1 inches, 295.8 cm 2 (~72.1% screen-to-body ratio)"},{"label":"Resolution","value":"1920 x 1200 pixels, 16:10 ratio (~224 ppi density)"},{"label":"Protection","value":"Aluminosilicate glass"}]},{"category":"Platform","specs":[{"label":"OS","value":"Android 9.0 (Pie), Fire OS 7"},{"label":"Chipset","value":"Mediatek MT8183 Helio P60T (12 nm)"},{"label":"CPU","value":"Octa-core (4x2.0 GHz Cortex-A73 & 4x2.0 GHz Cortex-A53)"},{"label":"GPU","value":"Mali-G72 MP3"}]},{"category":"Memory","specs":[{"label":"Card slot","value":"microSDXC (dedicated slot)"},{"label":"Internal","value":"32GB 4GB RAM, 64GB 4GB RAM"}]},{"category":"Main Camera","specs":[{"label":"Single","value":"5 MP"},{"label":"Video","value":"720p"}]},{"category":"Selfie camera","specs":[{"label":"Single","value":"2 MP"},{"label":"Video","value":"720p"}]},{"category":"Sound","specs":[{"label":"Loudspeaker","value":"Yes, with stereo speakers"},{"label":"3.5mm jack","value":"Yes"}]},{"category":"Comms","specs":[{"label":"WLAN","value":"Wi-Fi 802.11 a/b/g/n/ac, dual-band"},{"label":"Bluetooth","value":"5.0, A2DP, LE"},{"label":"Positioning","value":"No"},{"label":"NFC","value":"No"},{"label":"USB","value":"USB Type-C 2.0, OTG"},{"label":"Radio","value":"No"}]},{"category":"Features","specs":[{"label":"Sensors","value":"Accelerometer"}]},{"category":"Battery","specs":[{"label":"Type","value":"Li-Ion"},{"label":"Charging","value":"Wireless"}]},{"category":"Misc","specs":[{"label":"Colors","value":"Slate"},{"label":"Models","value":"T76N2P"},{"label":"Price","value":"About 150 EUR"}]}]');
INSERT OR IGNORE INTO device_pictures (device_id, url, position) VALUES (1576, 'https://fdn2.gsmarena.com/vv/bigpic/amazon-fire-hd-10-plus-2021.jpg', 0);
INSERT OR IGNORE INTO device_pictures (device_id, url, position) VALUES (1576, 'https://fdn2.gsmarena.com/vv/pics/amazon/amazon-fire-hd-10-plus-2021-1.jpg', 1);
INSERT OR IGNORE INTO device_pictures (device_id, url, position) VALUES (1576, 'https://fdn2.gsmarena.com/vv/pics/amazon/amazon-fire-hd-10-plus-2021-2.jpg', 2);
INSERT OR IGNORE INTO devices (id, brand_id, name, gsmarena_url, thumbnail_url, summary) VALUES (1577, 9, 'Fire HD 10 (2021)', 'https://www.gsmarena.com/amazon_fire_hd_10_(2021)-10881.php', 'https://fdn2.gsmarena.com/vv/bigpic/amazon-fire-hd-10-2021.jpg', 'Fire HD 10 (2021)');
INSERT OR IGNORE INTO device_specs (device_id, announced, status, network, os, chipset, cpu, gpu, display_size, display_type, display_res, ram, storage, main_camera, selfie_camera, battery, charging, nfc, usb, bluetooth, wlan, colors, weight, dimensions, sim, sensors, popularity, fans, rating, full_specs_json) VALUES (1577, '2021, April 27. Released 2021, May 26', 'Discontinued', 'No cellular connectivity', 'Android 9.0 (Pie), Fire OS 7', 'Mediatek MT8183 Helio P60T (12 nm)', 'Octa-core (4x2.0 GHz Cortex-A73 & 4x2.0 GHz Cortex-A53)', 'Mali-G72 MP3', '10.1 inches, 295.8 cm 2 (~72.1% screen-to-body ratio)', 'IPS LCD', '1920 x 1200 pixels, 16:10 ratio (~224 ppi density)', '3GB', '32GB', '5 MP', '2 MP, 720p', 'Li-Ion', NULL, 'No', 'USB Type-C 2.0, OTG', '5.0, A2DP, LE', 'Wi-Fi 802.11 a/b/g/n/ac, dual-band', 'Black, Denim, Olive, Lavender', '465 g (1.03 lb)', '247 x 166 x 9.2 mm (9.72 x 6.54 x 0.36 in)', 'No', 'Accelerometer', 'About 130 EUR', NULL, NULL, '[{"category":"Network","specs":[{"label":"Technology","value":"No cellular connectivity"},{"label":"2G bands","value":"N/A"},{"label":"GPRS","value":"No"},{"label":"EDGE","value":"No"}]},{"category":"Launch","specs":[{"label":"Announced","value":"2021, April 27. Released 2021, May 26"},{"label":"Status","value":"Discontinued"}]},{"category":"Body","specs":[{"label":"Dimensions","value":"247 x 166 x 9.2 mm (9.72 x 6.54 x 0.36 in)"},{"label":"Weight","value":"465 g (1.03 lb)"},{"label":"SIM","value":"No"}]},{"category":"Display","specs":[{"label":"Type","value":"IPS LCD"},{"label":"Size","value":"10.1 inches, 295.8 cm 2 (~72.1% screen-to-body ratio)"},{"label":"Resolution","value":"1920 x 1200 pixels, 16:10 ratio (~224 ppi density)"},{"label":"Protection","value":"Aluminosilicate glass"}]},{"category":"Platform","specs":[{"label":"OS","value":"Android 9.0 (Pie), Fire OS 7"},{"label":"Chipset","value":"Mediatek MT8183 Helio P60T (12 nm)"},{"label":"CPU","value":"Octa-core (4x2.0 GHz Cortex-A73 & 4x2.0 GHz Cortex-A53)"},{"label":"GPU","value":"Mali-G72 MP3"}]},{"category":"Memory","specs":[{"label":"Card slot","value":"microSDXC (dedicated slot)"},{"label":"Internal","value":"32GB 3GB RAM, 64GB 3GB RAM"}]},{"category":"Main Camera","specs":[{"label":"Single","value":"5 MP"},{"label":"Video","value":"720p"}]},{"category":"Selfie camera","specs":[{"label":"Single","value":"2 MP"},{"label":"Video","value":"720p"}]},{"category":"Sound","specs":[{"label":"Loudspeaker","value":"Yes, with stereo speakers"},{"label":"3.5mm jack","value":"Yes"}]},{"category":"Comms","specs":[{"label":"WLAN","value":"Wi-Fi 802.11 a/b/g/n/ac, dual-band"},{"label":"Bluetooth","value":"5.0, A2DP, LE"},{"label":"Positioning","value":"No"},{"label":"NFC","value":"No"},{"label":"USB","value":"USB Type-C 2.0, OTG"},{"label":"Radio","value":"No"}]},{"category":"Features","specs":[{"label":"Sensors","value":"Accelerometer"}]},{"category":"Battery","specs":[{"label":"Type","value":"Li-Ion"}]},{"category":"Misc","specs":[{"label":"Colors","value":"Black, Denim, Olive, Lavender"},{"label":"Models","value":"T76N2B, KFTRWI, KFTRPWI"},{"label":"Price","value":"About 130 EUR"}]}]');
INSERT OR IGNORE INTO device_pictures (device_id, url, position) VALUES (1577, 'https://fdn2.gsmarena.com/vv/bigpic/amazon-fire-hd-10-2021.jpg', 0);
INSERT OR IGNORE INTO device_pictures (device_id, url, position) VALUES (1577, 'https://fdn2.gsmarena.com/vv/pics/amazon/amazon-fire-hd-10-2021-1.jpg', 1);
INSERT OR IGNORE INTO device_pictures (device_id, url, position) VALUES (1577, 'https://fdn2.gsmarena.com/vv/pics/amazon/amazon-fire-hd-10-2021-2.jpg', 2);
INSERT OR IGNORE INTO devices (id, brand_id, name, gsmarena_url, thumbnail_url, summary) VALUES (1578, 9, 'Fire HD 8 Plus (2020)', 'https://www.gsmarena.com/amazon_fire_hd_8_plus_(2020)-10246.php', 'https://fdn2.gsmarena.com/vv/bigpic/amazon-fire-hd8-2020.jpg', 'Fire HD 8 Plus (2020)');
INSERT OR IGNORE INTO device_specs (device_id, announced, status, network, os, chipset, cpu, gpu, display_size, display_type, display_res, ram, storage, main_camera, selfie_camera, battery, charging, nfc, usb, bluetooth, wlan, colors, weight, dimensions, sim, sensors, popularity, fans, rating, full_specs_json) VALUES (1578, '2020, March 13. Released 2020, June 03', 'Discontinued', 'No cellular connectivity', 'Android 9.0 (Pie), Fire OS 7', 'Mediatek MT8168 (12 nm)', 'Quad-core 2.0 GHz Cortex-A53', 'Mali-G52 MC1', '8.0 inches, 185.6 cm 2 (~67.1% screen-to-body ratio)', 'IPS LCD', '800 x 1280 pixels, 16:10 ratio (~189 ppi density)', '3GB', '32GB', '2 MP', '2 MP, Yes', NULL, 'Wireless', 'No', 'USB Type-C', '5.0, A2DP, LE', 'Wi-Fi 802.11 a/b/g/n/ac, dual-band', 'White, Black, Twilight Blue, Plum', '355 g (12.52 oz)', '202 x 137 x 9.7 mm (7.95 x 5.39 x 0.38 in)', 'No', 'Accelerometer', 'About 100 EUR', NULL, NULL, '[{"category":"Network","specs":[{"label":"Technology","value":"No cellular connectivity"},{"label":"2G bands","value":"N/A"},{"label":"GPRS","value":"No"},{"label":"EDGE","value":"No"}]},{"category":"Launch","specs":[{"label":"Announced","value":"2020, March 13. Released 2020, June 03"},{"label":"Status","value":"Discontinued"}]},{"category":"Body","specs":[{"label":"Dimensions","value":"202 x 137 x 9.7 mm (7.95 x 5.39 x 0.38 in)"},{"label":"Weight","value":"355 g (12.52 oz)"},{"label":"SIM","value":"No"}]},{"category":"Display","specs":[{"label":"Type","value":"IPS LCD"},{"label":"Size","value":"8.0 inches, 185.6 cm 2 (~67.1% screen-to-body ratio)"},{"label":"Resolution","value":"800 x 1280 pixels, 16:10 ratio (~189 ppi density)"}]},{"category":"Platform","specs":[{"label":"OS","value":"Android 9.0 (Pie), Fire OS 7"},{"label":"Chipset","value":"Mediatek MT8168 (12 nm)"},{"label":"CPU","value":"Quad-core 2.0 GHz Cortex-A53"},{"label":"GPU","value":"Mali-G52 MC1"}]},{"category":"Memory","specs":[{"label":"Card slot","value":"microSDXC (dedicated slot)"},{"label":"Internal","value":"32GB 3GB RAM, 64GB 3GB RAM"}]},{"category":"Main Camera","specs":[{"label":"Single","value":"2 MP"},{"label":"Video","value":"Yes"}]},{"category":"Selfie camera","specs":[{"label":"Single","value":"2 MP"},{"label":"Video","value":"Yes"}]},{"category":"Sound","specs":[{"label":"Loudspeaker","value":"Yes, with stereo speakers"},{"label":"3.5mm jack","value":"Yes"}]},{"category":"Comms","specs":[{"label":"WLAN","value":"Wi-Fi 802.11 a/b/g/n/ac, dual-band"},{"label":"Bluetooth","value":"5.0, A2DP, LE"},{"label":"Positioning","value":"No"},{"label":"NFC","value":"No"},{"label":"USB","value":"USB Type-C"},{"label":"Radio","value":"No"}]},{"category":"Features","specs":[{"label":"Sensors","value":"Accelerometer"}]},{"category":"Battery","specs":[{"label":"Charging","value":"Wireless"},{"label":"Talk time","value":"Up to 12 h"}]},{"category":"Misc","specs":[{"label":"Colors","value":"White, Black, Twilight Blue, Plum"},{"label":"Price","value":"About 100 EUR"}]}]');
INSERT OR IGNORE INTO device_pictures (device_id, url, position) VALUES (1578, 'https://fdn2.gsmarena.com/vv/bigpic/amazon-fire-hd8-2020.jpg', 0);
INSERT OR IGNORE INTO device_pictures (device_id, url, position) VALUES (1578, 'https://fdn2.gsmarena.com/vv/pics/amazon/amazon-fire-hd8-plus-2020-1.jpg', 1);
INSERT OR IGNORE INTO devices (id, brand_id, name, gsmarena_url, thumbnail_url, summary) VALUES (1579, 9, 'Fire HD 8 (2020)', 'https://www.gsmarena.com/amazon_fire_hd_8_(2020)-10245.php', 'https://fdn2.gsmarena.com/vv/bigpic/amazon-fire-hd8-2020.jpg', 'Fire HD 8 (2020)');
INSERT OR IGNORE INTO device_specs (device_id, announced, status, network, os, chipset, cpu, gpu, display_size, display_type, display_res, ram, storage, main_camera, selfie_camera, battery, charging, nfc, usb, bluetooth, wlan, colors, weight, dimensions, sim, sensors, popularity, fans, rating, full_specs_json) VALUES (1579, '2020, March 13. Released 2020, June 03', 'Discontinued', 'No cellular connectivity', 'Android 9.0 (Pie), Fire OS 7', 'Mediatek MT8168 (12 nm)', 'Quad-core 2.0 GHz Cortex-A53', 'Mali-G52 MC1', '8.0 inches, 185.6 cm 2 (~67.1% screen-to-body ratio)', 'IPS LCD', '800 x 1280 pixels, 16:10 ratio (~189 ppi density)', '2GB', '32GB', '2 MP', '2 MP, Yes', NULL, NULL, 'No', 'USB Type-C', '5.0, A2DP, LE', 'Wi-Fi 802.11 a/b/g/n/ac, dual-band', 'White, Black, Twilight Blue, Plum', '355 g (12.52 oz)', '202 x 137 x 9.7 mm (7.95 x 5.39 x 0.38 in)', 'No', 'Accelerometer', 'About 80 EUR', NULL, NULL, '[{"category":"Network","specs":[{"label":"Technology","value":"No cellular connectivity"},{"label":"2G bands","value":"N/A"},{"label":"GPRS","value":"No"},{"label":"EDGE","value":"No"}]},{"category":"Launch","specs":[{"label":"Announced","value":"2020, March 13. Released 2020, June 03"},{"label":"Status","value":"Discontinued"}]},{"category":"Body","specs":[{"label":"Dimensions","value":"202 x 137 x 9.7 mm (7.95 x 5.39 x 0.38 in)"},{"label":"Weight","value":"355 g (12.52 oz)"},{"label":"SIM","value":"No"}]},{"category":"Display","specs":[{"label":"Type","value":"IPS LCD"},{"label":"Size","value":"8.0 inches, 185.6 cm 2 (~67.1% screen-to-body ratio)"},{"label":"Resolution","value":"800 x 1280 pixels, 16:10 ratio (~189 ppi density)"}]},{"category":"Platform","specs":[{"label":"OS","value":"Android 9.0 (Pie), Fire OS 7"},{"label":"Chipset","value":"Mediatek MT8168 (12 nm)"},{"label":"CPU","value":"Quad-core 2.0 GHz Cortex-A53"},{"label":"GPU","value":"Mali-G52 MC1"}]},{"category":"Memory","specs":[{"label":"Card slot","value":"microSDXC (dedicated slot)"},{"label":"Internal","value":"32GB 2GB RAM, 64GB 2GB RAM"}]},{"category":"Main Camera","specs":[{"label":"Single","value":"2 MP"},{"label":"Video","value":"Yes"}]},{"category":"Selfie camera","specs":[{"label":"Single","value":"2 MP"},{"label":"Video","value":"Yes"}]},{"category":"Sound","specs":[{"label":"Loudspeaker","value":"Yes, with stereo speakers"},{"label":"3.5mm jack","value":"Yes"}]},{"category":"Comms","specs":[{"label":"WLAN","value":"Wi-Fi 802.11 a/b/g/n/ac, dual-band"},{"label":"Bluetooth","value":"5.0, A2DP, LE"},{"label":"Positioning","value":"No"},{"label":"NFC","value":"No"},{"label":"USB","value":"USB Type-C"},{"label":"Radio","value":"No"}]},{"category":"Features","specs":[{"label":"Sensors","value":"Accelerometer"}]},{"category":"Battery","specs":[{"label":"Talk time","value":"Up to 12 h"}]},{"category":"Misc","specs":[{"label":"Colors","value":"White, Black, Twilight Blue, Plum"},{"label":"Models","value":"KFONWI"},{"label":"Price","value":"About 80 EUR"}]}]');
INSERT OR IGNORE INTO device_pictures (device_id, url, position) VALUES (1579, 'https://fdn2.gsmarena.com/vv/bigpic/amazon-fire-hd8-2020.jpg', 0);
INSERT OR IGNORE INTO device_pictures (device_id, url, position) VALUES (1579, 'https://fdn2.gsmarena.com/vv/pics/amazon/amazon-fire-hd8-2020-1.jpg', 1);
INSERT OR IGNORE INTO devices (id, brand_id, name, gsmarena_url, thumbnail_url, summary) VALUES (1580, 9, 'Fire HD 10 (2019)', 'https://www.gsmarena.com/amazon_fire_hd_10_(2019)-10620.php', 'https://fdn2.gsmarena.com/vv/bigpic/amazon-fire-hd-10-2019.jpg', 'Fire HD 10 (2019)');
INSERT OR IGNORE INTO device_specs (device_id, announced, status, network, os, chipset, cpu, gpu, display_size, display_type, display_res, ram, storage, main_camera, selfie_camera, battery, charging, nfc, usb, bluetooth, wlan, colors, weight, dimensions, sim, sensors, popularity, fans, rating, full_specs_json) VALUES (1580, '2019, September. Released 2019, October', 'Discontinued', 'No cellular connectivity', 'Android 9.0 (Pie), Fire OS 7', 'Mediatek MT8183 Helio P60T (12 nm)', 'Octa-core (4x2.0 GHz Cortex-A73 & 4x2.0 GHz Cortex-A53)', 'Mali-G72 MP3', '10.1 inches, 295.8 cm 2 (~71.0% screen-to-body ratio)', 'IPS LCD', '1920 x 1200 pixels, 16:10 ratio (~224 ppi density)', '2GB', '32GB', '2 MP', '2 MP, 720p', 'Li-Ion', NULL, 'No', 'USB Type-C 2.0, OTG', '4.2, A2DP, LE', 'Wi-Fi 802.11 a/b/g/n/ac, dual-band', 'Black, Plum, Twilight Blue, White', '504 g (1.11 lb)', '262 x 159 x 9.8 mm (10.31 x 6.26 x 0.39 in)', 'No', 'Accelerometer', 'About 160 EUR', NULL, NULL, '[{"category":"Network","specs":[{"label":"Technology","value":"No cellular connectivity"},{"label":"2G bands","value":"N/A"},{"label":"GPRS","value":"No"},{"label":"EDGE","value":"No"}]},{"category":"Launch","specs":[{"label":"Announced","value":"2019, September. Released 2019, October"},{"label":"Status","value":"Discontinued"}]},{"category":"Body","specs":[{"label":"Dimensions","value":"262 x 159 x 9.8 mm (10.31 x 6.26 x 0.39 in)"},{"label":"Weight","value":"504 g (1.11 lb)"},{"label":"SIM","value":"No"}]},{"category":"Display","specs":[{"label":"Type","value":"IPS LCD"},{"label":"Size","value":"10.1 inches, 295.8 cm 2 (~71.0% screen-to-body ratio)"},{"label":"Resolution","value":"1920 x 1200 pixels, 16:10 ratio (~224 ppi density)"}]},{"category":"Platform","specs":[{"label":"OS","value":"Android 9.0 (Pie), Fire OS 7"},{"label":"Chipset","value":"Mediatek MT8183 Helio P60T (12 nm)"},{"label":"CPU","value":"Octa-core (4x2.0 GHz Cortex-A73 & 4x2.0 GHz Cortex-A53)"},{"label":"GPU","value":"Mali-G72 MP3"}]},{"category":"Memory","specs":[{"label":"Card slot","value":"microSDXC (dedicated slot)"},{"label":"Internal","value":"32GB 2GB RAM, 64GB 2GB RAM"}]},{"category":"Main Camera","specs":[{"label":"Single","value":"2 MP"},{"label":"Video","value":"720p"}]},{"category":"Selfie camera","specs":[{"label":"Single","value":"2 MP"},{"label":"Video","value":"720p"}]},{"category":"Sound","specs":[{"label":"Loudspeaker","value":"Yes, with stereo speakers"},{"label":"3.5mm jack","value":"Yes"}]},{"category":"Comms","specs":[{"label":"WLAN","value":"Wi-Fi 802.11 a/b/g/n/ac, dual-band"},{"label":"Bluetooth","value":"4.2, A2DP, LE"},{"label":"Positioning","value":"No"},{"label":"NFC","value":"No"},{"label":"USB","value":"USB Type-C 2.0, OTG"},{"label":"Radio","value":"No"}]},{"category":"Features","specs":[{"label":"Sensors","value":"Accelerometer"}]},{"category":"Battery","specs":[{"label":"Type","value":"Li-Ion"}]},{"category":"Misc","specs":[{"label":"Colors","value":"Black, Plum, Twilight Blue, White"},{"label":"Models","value":"KFMAWI"},{"label":"Price","value":"About 160 EUR"}]}]');
INSERT OR IGNORE INTO device_pictures (device_id, url, position) VALUES (1580, 'https://fdn2.gsmarena.com/vv/bigpic/amazon-fire-hd-10-2019.jpg', 0);
INSERT OR IGNORE INTO device_pictures (device_id, url, position) VALUES (1580, 'https://fdn2.gsmarena.com/vv/pics/amazon/amazon-fire-hd-10-2019-1.jpg', 1);
INSERT OR IGNORE INTO devices (id, brand_id, name, gsmarena_url, thumbnail_url, summary) VALUES (1581, 9, 'Fire HD 10 (2017)', 'https://www.gsmarena.com/amazon_fire_hd_10_(2017)-8872.php', 'https://fdn2.gsmarena.com/vv/bigpic/amazon-fire-hd-10-2017.jpg', 'Fire HD 10 (2017)');
INSERT OR IGNORE INTO device_specs (device_id, announced, status, network, os, chipset, cpu, gpu, display_size, display_type, display_res, ram, storage, main_camera, selfie_camera, battery, charging, nfc, usb, bluetooth, wlan, colors, weight, dimensions, sim, sensors, popularity, fans, rating, full_specs_json) VALUES (1581, '2017, September. Released 2017, October', 'Discontinued', 'No cellular connectivity', 'Customized Android 5.1 (Lollipop), Fire 5.3', 'Mediatek MT8173', 'Quad-core (2x1.8 GHz Cortex-A72 & 2x1.4 GHz Cortex-A53)', 'PowerVR G6250', '10.1 inches, 295.8 cm 2 (~71.0% screen-to-body ratio)', 'IPS LCD', '1920 x 1200 pixels, 16:10 ratio (~224 ppi density)', '2GB', '32GB', '2 MP', 'VGA', 'Li-Po 3830 mAh, non-removable (14.2 Wh)', NULL, 'No', 'microUSB 2.0', '4.1, A2DP, LE', 'Wi-Fi 802.11 a/b/g/n/ac, dual-band', 'Black, Marine Blue, Punch Red', '500 g (1.10 lb)', '262 x 159 x 9.8 mm (10.31 x 6.26 x 0.39 in)', 'No', 'Accelerometer', 'About 170 EUR', NULL, NULL, '[{"category":"Network","specs":[{"label":"Technology","value":"No cellular connectivity"},{"label":"2G bands","value":"N/A"},{"label":"GPRS","value":"No"},{"label":"EDGE","value":"No"}]},{"category":"Launch","specs":[{"label":"Announced","value":"2017, September. Released 2017, October"},{"label":"Status","value":"Discontinued"}]},{"category":"Body","specs":[{"label":"Dimensions","value":"262 x 159 x 9.8 mm (10.31 x 6.26 x 0.39 in)"},{"label":"Weight","value":"500 g (1.10 lb)"},{"label":"SIM","value":"No"}]},{"category":"Display","specs":[{"label":"Type","value":"IPS LCD"},{"label":"Size","value":"10.1 inches, 295.8 cm 2 (~71.0% screen-to-body ratio)"},{"label":"Resolution","value":"1920 x 1200 pixels, 16:10 ratio (~224 ppi density)"}]},{"category":"Platform","specs":[{"label":"OS","value":"Customized Android 5.1 (Lollipop), Fire 5.3"},{"label":"Chipset","value":"Mediatek MT8173"},{"label":"CPU","value":"Quad-core (2x1.8 GHz Cortex-A72 & 2x1.4 GHz Cortex-A53)"},{"label":"GPU","value":"PowerVR G6250"}]},{"category":"Memory","specs":[{"label":"Card slot","value":"microSDXC (dedicated slot)"},{"label":"Internal","value":"32GB 2GB RAM, 64GB 2GB RAM"}]},{"category":"Main Camera","specs":[{"label":"Single","value":"2 MP"},{"label":"Video","value":"720p"}]},{"category":"Selfie camera","specs":[{"label":"Single","value":"VGA"}]},{"category":"Sound","specs":[{"label":"Loudspeaker","value":"Yes, with stereo speakers"},{"label":"3.5mm jack","value":"Yes"}]},{"category":"Comms","specs":[{"label":"WLAN","value":"Wi-Fi 802.11 a/b/g/n/ac, dual-band"},{"label":"Bluetooth","value":"4.1, A2DP, LE"},{"label":"Positioning","value":"No"},{"label":"NFC","value":"No"},{"label":"USB","value":"microUSB 2.0"},{"label":"Radio","value":"No"}]},{"category":"Features","specs":[{"label":"Sensors","value":"Accelerometer"}]},{"category":"Battery","specs":[{"label":"Type","value":"Li-Po 3830 mAh, non-removable (14.2 Wh)"},{"label":"Talk time","value":"Up to 10 h"}]},{"category":"Misc","specs":[{"label":"Colors","value":"Black, Marine Blue, Punch Red"},{"label":"Price","value":"About 170 EUR"}]}]');
INSERT OR IGNORE INTO device_pictures (device_id, url, position) VALUES (1581, 'https://fdn2.gsmarena.com/vv/bigpic/amazon-fire-hd-10-2017.jpg', 0);
INSERT OR IGNORE INTO device_pictures (device_id, url, position) VALUES (1581, 'https://fdn2.gsmarena.com/vv/pics/amazon/amazon-fire-hd-10-2017-0.jpg', 1);
INSERT OR IGNORE INTO device_pictures (device_id, url, position) VALUES (1581, 'https://fdn2.gsmarena.com/vv/pics/amazon/amazon-fire-hd-10-2017-1.jpg', 2);
INSERT OR IGNORE INTO device_pictures (device_id, url, position) VALUES (1581, 'https://fdn2.gsmarena.com/vv/pics/amazon/amazon-fire-hd-10-2017-2.jpg', 3);
INSERT OR IGNORE INTO devices (id, brand_id, name, gsmarena_url, thumbnail_url, summary) VALUES (1582, 9, 'Fire HD 8 (2017)', 'https://www.gsmarena.com/amazon_fire_hd_8_(2017)-8806.php', 'https://fdn2.gsmarena.com/vv/bigpic/amazon-fire-hd-8-2017.jpg', 'Fire HD 8 (2017)');
INSERT OR IGNORE INTO device_specs (device_id, announced, status, network, os, chipset, cpu, gpu, display_size, display_type, display_res, ram, storage, main_camera, selfie_camera, battery, charging, nfc, usb, bluetooth, wlan, colors, weight, dimensions, sim, sensors, popularity, fans, rating, full_specs_json) VALUES (1582, '2017, May. Released 2017, June', 'Discontinued', 'No cellular connectivity', 'Customized Android 5.1 (Lollipop), Fire 5.4', 'Mediatek MT8163 (28 nm)', 'Quad-core 1.3 GHz Cortex-A53', 'Mali-T730MP3', '8.0 inches, 185.6 cm 2 (~67.7% screen-to-body ratio)', 'IPS LCD', '800 x 1280 pixels, 16:10 ratio (~189 ppi density)', '5GB', '16GB', '2 MP', 'VGA', 'Li-Po 3210 mAh, non-removable (11.87 Wh)', NULL, 'No', 'microUSB 2.0', '4.0, A2DP, LE', 'Wi-Fi 802.11 a/b/g/n, dual-band', 'Black, Canary Yellow, Marine Blue, Punch Red', '369 g (13.02 oz)', '214 x 128 x 9.7 mm (8.43 x 5.04 x 0.38 in)', 'No', 'Accelerometer', 'About 110 EUR', NULL, NULL, '[{"category":"Network","specs":[{"label":"Technology","value":"No cellular connectivity"},{"label":"2G bands","value":"N/A"},{"label":"GPRS","value":"No"},{"label":"EDGE","value":"No"}]},{"category":"Launch","specs":[{"label":"Announced","value":"2017, May. Released 2017, June"},{"label":"Status","value":"Discontinued"}]},{"category":"Body","specs":[{"label":"Dimensions","value":"214 x 128 x 9.7 mm (8.43 x 5.04 x 0.38 in)"},{"label":"Weight","value":"369 g (13.02 oz)"},{"label":"SIM","value":"No"}]},{"category":"Display","specs":[{"label":"Type","value":"IPS LCD"},{"label":"Size","value":"8.0 inches, 185.6 cm 2 (~67.7% screen-to-body ratio)"},{"label":"Resolution","value":"800 x 1280 pixels, 16:10 ratio (~189 ppi density)"}]},{"category":"Platform","specs":[{"label":"OS","value":"Customized Android 5.1 (Lollipop), Fire 5.4"},{"label":"Chipset","value":"Mediatek MT8163 (28 nm)"},{"label":"CPU","value":"Quad-core 1.3 GHz Cortex-A53"},{"label":"GPU","value":"Mali-T730MP3"}]},{"category":"Memory","specs":[{"label":"Card slot","value":"microSDXC (dedicated slot)"},{"label":"Internal","value":"16GB 1.5GB RAM, 32GB 1.5GB RAM"}]},{"category":"Main Camera","specs":[{"label":"Single","value":"2 MP"},{"label":"Video","value":"720p"}]},{"category":"Selfie camera","specs":[{"label":"Single","value":"VGA"}]},{"category":"Sound","specs":[{"label":"Loudspeaker","value":"Yes, with stereo speakers"},{"label":"3.5mm jack","value":"Yes"}]},{"category":"Comms","specs":[{"label":"WLAN","value":"Wi-Fi 802.11 a/b/g/n, dual-band"},{"label":"Bluetooth","value":"4.0, A2DP, LE"},{"label":"Positioning","value":"No"},{"label":"NFC","value":"No"},{"label":"USB","value":"microUSB 2.0"},{"label":"Radio","value":"No"}]},{"category":"Features","specs":[{"label":"Sensors","value":"Accelerometer"}]},{"category":"Battery","specs":[{"label":"Type","value":"Li-Po 3210 mAh, non-removable (11.87 Wh)"},{"label":"Talk time","value":"Up to 12 h"}]},{"category":"Misc","specs":[{"label":"Colors","value":"Black, Canary Yellow, Marine Blue, Punch Red"},{"label":"Price","value":"About 110 EUR"}]}]');
INSERT OR IGNORE INTO device_pictures (device_id, url, position) VALUES (1582, 'https://fdn2.gsmarena.com/vv/bigpic/amazon-fire-hd-8-2017.jpg', 0);
INSERT OR IGNORE INTO device_pictures (device_id, url, position) VALUES (1582, 'https://fdn2.gsmarena.com/vv/pics/amazon/amazon-fire-hd-8-2017-1.jpg', 1);
INSERT OR IGNORE INTO device_pictures (device_id, url, position) VALUES (1582, 'https://fdn2.gsmarena.com/vv/pics/amazon/amazon-fire-hd-8-2017-2.jpg', 2);
INSERT OR IGNORE INTO devices (id, brand_id, name, gsmarena_url, thumbnail_url, summary) VALUES (1583, 9, 'Fire 7 (2017)', 'https://www.gsmarena.com/amazon_fire_7_(2017)-8805.php', 'https://fdn2.gsmarena.com/vv/bigpic/amazon-fire-7-2017.jpg', 'Fire 7 (2017)');
INSERT OR IGNORE INTO device_specs (device_id, announced, status, network, os, chipset, cpu, gpu, display_size, display_type, display_res, ram, storage, main_camera, selfie_camera, battery, charging, nfc, usb, bluetooth, wlan, colors, weight, dimensions, sim, sensors, popularity, fans, rating, full_specs_json) VALUES (1583, '2017, May. Released 2017, June', 'Discontinued', 'No cellular connectivity', 'Customized Android 5.1 (Lollipop), Fire 5.4', 'Mediatek MT8127 (28 nm)', 'Quad-core 1.3 GHz Cortex-A7', 'Mali-450MP4', '7.0 inches, 137.9 cm 2 (~62.5% screen-to-body ratio)', 'IPS LCD', '600 x 1024 pixels, 16:9 ratio (~170 ppi density)', '1GB', '8GB', '2 MP', 'VGA', 'Li-Ion 2980 mAh, non-removable', NULL, 'No', 'microUSB 2.0, OTG', '4.0, A2DP, LE', 'Wi-Fi 802.11 a/b/g/n, dual-band', 'Black, Canary Yellow, Marine Blue, Punch Red', '295 g (10.41 oz)', '192 x 115 x 9.6 mm (7.56 x 4.53 x 0.38 in)', 'No', 'Accelerometer', 'About 70 EUR', NULL, NULL, '[{"category":"Network","specs":[{"label":"Technology","value":"No cellular connectivity"},{"label":"2G bands","value":"N/A"},{"label":"GPRS","value":"No"},{"label":"EDGE","value":"No"}]},{"category":"Launch","specs":[{"label":"Announced","value":"2017, May. Released 2017, June"},{"label":"Status","value":"Discontinued"}]},{"category":"Body","specs":[{"label":"Dimensions","value":"192 x 115 x 9.6 mm (7.56 x 4.53 x 0.38 in)"},{"label":"Weight","value":"295 g (10.41 oz)"},{"label":"SIM","value":"No"}]},{"category":"Display","specs":[{"label":"Type","value":"IPS LCD"},{"label":"Size","value":"7.0 inches, 137.9 cm 2 (~62.5% screen-to-body ratio)"},{"label":"Resolution","value":"600 x 1024 pixels, 16:9 ratio (~170 ppi density)"}]},{"category":"Platform","specs":[{"label":"OS","value":"Customized Android 5.1 (Lollipop), Fire 5.4"},{"label":"Chipset","value":"Mediatek MT8127 (28 nm)"},{"label":"CPU","value":"Quad-core 1.3 GHz Cortex-A7"},{"label":"GPU","value":"Mali-450MP4"}]},{"category":"Memory","specs":[{"label":"Card slot","value":"microSDXC (dedicated slot)"},{"label":"Internal","value":"8GB 1GB RAM, 16GB 1GB RAM"}]},{"category":"Main Camera","specs":[{"label":"Single","value":"2 MP"},{"label":"Video","value":"720p"}]},{"category":"Selfie camera","specs":[{"label":"Single","value":"VGA"}]},{"category":"Sound","specs":[{"label":"Loudspeaker","value":"Yes"},{"label":"3.5mm jack","value":"Yes"}]},{"category":"Comms","specs":[{"label":"WLAN","value":"Wi-Fi 802.11 a/b/g/n, dual-band"},{"label":"Bluetooth","value":"4.0, A2DP, LE"},{"label":"Positioning","value":"No"},{"label":"NFC","value":"No"},{"label":"USB","value":"microUSB 2.0, OTG"},{"label":"Radio","value":"No"}]},{"category":"Features","specs":[{"label":"Sensors","value":"Accelerometer"}]},{"category":"Battery","specs":[{"label":"Type","value":"Li-Ion 2980 mAh, non-removable"},{"label":"Talk time","value":"Up to 8 h"}]},{"category":"Misc","specs":[{"label":"Colors","value":"Black, Canary Yellow, Marine Blue, Punch Red"},{"label":"Price","value":"About 70 EUR"}]}]');
INSERT OR IGNORE INTO device_pictures (device_id, url, position) VALUES (1583, 'https://fdn2.gsmarena.com/vv/bigpic/amazon-fire-7-2017.jpg', 0);
INSERT OR IGNORE INTO device_pictures (device_id, url, position) VALUES (1583, 'https://fdn2.gsmarena.com/vv/pics/amazon/amazon-fire-7-2017-1.jpg', 1);
INSERT OR IGNORE INTO device_pictures (device_id, url, position) VALUES (1583, 'https://fdn2.gsmarena.com/vv/pics/amazon/amazon-fire-7-2017-2.jpg', 2);
INSERT OR IGNORE INTO device_pictures (device_id, url, position) VALUES (1583, 'https://fdn2.gsmarena.com/vv/pics/amazon/amazon-fire-7-2017-3.jpg', 3);
INSERT OR IGNORE INTO device_pictures (device_id, url, position) VALUES (1583, 'https://fdn2.gsmarena.com/vv/pics/amazon/amazon-fire-7-2017-4.jpg', 4);
INSERT OR IGNORE INTO devices (id, brand_id, name, gsmarena_url, thumbnail_url, summary) VALUES (1584, 9, 'Fire HD 10', 'https://www.gsmarena.com/amazon_fire_hd_10-7611.php', 'https://fdn2.gsmarena.com/vv/bigpic/amazon-fire-hd-10.jpg', 'Fire HD 10');
INSERT OR IGNORE INTO device_specs (device_id, announced, status, network, os, chipset, cpu, gpu, display_size, display_type, display_res, ram, storage, main_camera, selfie_camera, battery, charging, nfc, usb, bluetooth, wlan, colors, weight, dimensions, sim, sensors, popularity, fans, rating, full_specs_json) VALUES (1584, '2015, September. Released 2015, September', 'Discontinued', 'No cellular connectivity', 'Android OS (customized), Fire 5', NULL, 'Quad-core 1.5 GHz', NULL, '10.1 inches, 295.8 cm 2 (~71.0% screen-to-body ratio)', 'IPS LCD', '800 x 1280 pixels, 16:10 ratio (~149 ppi density)', '1GB', '16GB', '5 MP', '720p', 'Li-Ion, non-removable', NULL, 'No', 'microUSB 2.0', '4.0, A2DP, LE', 'Wi-Fi 802.11 a/b/g/n/ac, dual-band', 'Black, White', '432 g (15.24 oz)', '262 x 159 x 7.7 mm (10.31 x 6.26 x 0.30 in)', 'No', 'Accelerometer, gyro', 'About 210 EUR', NULL, NULL, '[{"category":"Network","specs":[{"label":"Technology","value":"No cellular connectivity"},{"label":"2G bands","value":"N/A"},{"label":"GPRS","value":"No"},{"label":"EDGE","value":"No"}]},{"category":"Launch","specs":[{"label":"Announced","value":"2015, September. Released 2015, September"},{"label":"Status","value":"Discontinued"}]},{"category":"Body","specs":[{"label":"Dimensions","value":"262 x 159 x 7.7 mm (10.31 x 6.26 x 0.30 in)"},{"label":"Weight","value":"432 g (15.24 oz)"},{"label":"SIM","value":"No"}]},{"category":"Display","specs":[{"label":"Type","value":"IPS LCD"},{"label":"Size","value":"10.1 inches, 295.8 cm 2 (~71.0% screen-to-body ratio)"},{"label":"Resolution","value":"800 x 1280 pixels, 16:10 ratio (~149 ppi density)"}]},{"category":"Platform","specs":[{"label":"OS","value":"Android OS (customized), Fire 5"},{"label":"CPU","value":"Quad-core 1.5 GHz"}]},{"category":"Memory","specs":[{"label":"Card slot","value":"microSDXC (dedicated slot)"},{"label":"Internal","value":"16GB 1GB RAM, 32GB 1GB RAM"}]},{"category":"Main Camera","specs":[{"label":"Single","value":"5 MP"},{"label":"Video","value":"1080p@30fps"}]},{"category":"Selfie camera","specs":[{"label":"Video","value":"720p"}]},{"category":"Sound","specs":[{"label":"Loudspeaker","value":"Yes, with stereo speakers"},{"label":"3.5mm jack","value":"Yes"}]},{"category":"Comms","specs":[{"label":"WLAN","value":"Wi-Fi 802.11 a/b/g/n/ac, dual-band"},{"label":"Bluetooth","value":"4.0, A2DP, LE"},{"label":"Positioning","value":"No"},{"label":"NFC","value":"No"},{"label":"USB","value":"microUSB 2.0"},{"label":"Radio","value":"No"}]},{"category":"Features","specs":[{"label":"Sensors","value":"Accelerometer, gyro"}]},{"category":"Battery","specs":[{"label":"Type","value":"Li-Ion, non-removable"},{"label":"Talk time","value":"Up to 8 h"}]},{"category":"Misc","specs":[{"label":"Colors","value":"Black, White"},{"label":"Price","value":"About 210 EUR"}]}]');
INSERT OR IGNORE INTO device_pictures (device_id, url, position) VALUES (1584, 'https://fdn2.gsmarena.com/vv/bigpic/amazon-fire-hd-10.jpg', 0);
INSERT OR IGNORE INTO device_pictures (device_id, url, position) VALUES (1584, 'https://fdn2.gsmarena.com/vv/pics/amazon/amazon-fire-hd-10-1.jpg', 1);
INSERT OR IGNORE INTO device_pictures (device_id, url, position) VALUES (1584, 'https://fdn2.gsmarena.com/vv/pics/amazon/amazon-fire-hd-10-2.jpg', 2);
INSERT OR IGNORE INTO devices (id, brand_id, name, gsmarena_url, thumbnail_url, summary) VALUES (1585, 9, 'Fire HD 8', 'https://www.gsmarena.com/amazon_fire_hd_8-7610.php', 'https://fdn2.gsmarena.com/vv/bigpic/amazon-fire-hd-8.jpg', 'Fire HD 8');
INSERT OR IGNORE INTO device_specs (device_id, announced, status, network, os, chipset, cpu, gpu, display_size, display_type, display_res, ram, storage, main_camera, selfie_camera, battery, charging, nfc, usb, bluetooth, wlan, colors, weight, dimensions, sim, sensors, popularity, fans, rating, full_specs_json) VALUES (1585, '2015, September. Released 2015, September', 'Discontinued', 'No cellular connectivity', 'Customized Android 5.1 (Lollipop), Fire 5', 'Mediatek MT8135', 'Quad-core 1.5 GHz Cortex-A7', 'PowerVR G6200', '8.0 inches, 185.6 cm 2 (~67.7% screen-to-body ratio)', 'IPS LCD', '800 x 1280 pixels, 16:10 ratio (~189 ppi density)', '1GB', '8GB', '5 MP', '720p', 'Li-Ion, non-removable', NULL, 'No', 'microUSB 2.0, OTG', '4.0, A2DP, LE', 'Wi-Fi 802.11 a/b/g/n/ac, dual-band', 'Black, Magenta, Blue, Tangerine', '311 g (10.97 oz)', '214 x 128 x 7.7 mm (8.43 x 5.04 x 0.30 in)', 'No', 'Accelerometer, gyro', 'About 130 EUR', NULL, NULL, '[{"category":"Network","specs":[{"label":"Technology","value":"No cellular connectivity"},{"label":"2G bands","value":"N/A"},{"label":"GPRS","value":"No"},{"label":"EDGE","value":"No"}]},{"category":"Launch","specs":[{"label":"Announced","value":"2015, September. Released 2015, September"},{"label":"Status","value":"Discontinued"}]},{"category":"Body","specs":[{"label":"Dimensions","value":"214 x 128 x 7.7 mm (8.43 x 5.04 x 0.30 in)"},{"label":"Weight","value":"311 g (10.97 oz)"},{"label":"SIM","value":"No"}]},{"category":"Display","specs":[{"label":"Type","value":"IPS LCD"},{"label":"Size","value":"8.0 inches, 185.6 cm 2 (~67.7% screen-to-body ratio)"},{"label":"Resolution","value":"800 x 1280 pixels, 16:10 ratio (~189 ppi density)"}]},{"category":"Platform","specs":[{"label":"OS","value":"Customized Android 5.1 (Lollipop), Fire 5"},{"label":"Chipset","value":"Mediatek MT8135"},{"label":"CPU","value":"Quad-core 1.5 GHz Cortex-A7"},{"label":"GPU","value":"PowerVR G6200"}]},{"category":"Memory","specs":[{"label":"Card slot","value":"microSDXC (dedicated slot)"},{"label":"Internal","value":"8GB 1GB RAM, 16GB 1GB RAM"}]},{"category":"Main Camera","specs":[{"label":"Single","value":"5 MP"},{"label":"Video","value":"1080p@30fps"}]},{"category":"Selfie camera","specs":[{"label":"Video","value":"720p"}]},{"category":"Sound","specs":[{"label":"Loudspeaker","value":"Yes, with stereo speakers"},{"label":"3.5mm jack","value":"Yes"}]},{"category":"Comms","specs":[{"label":"WLAN","value":"Wi-Fi 802.11 a/b/g/n/ac, dual-band"},{"label":"Bluetooth","value":"4.0, A2DP, LE"},{"label":"Positioning","value":"No"},{"label":"NFC","value":"No"},{"label":"USB","value":"microUSB 2.0, OTG"},{"label":"Radio","value":"No"}]},{"category":"Features","specs":[{"label":"Sensors","value":"Accelerometer, gyro"}]},{"category":"Battery","specs":[{"label":"Type","value":"Li-Ion, non-removable"},{"label":"Talk time","value":"Up to 8 h"}]},{"category":"Misc","specs":[{"label":"Colors","value":"Black, Magenta, Blue, Tangerine"},{"label":"Price","value":"About 130 EUR"}]}]');
INSERT OR IGNORE INTO device_pictures (device_id, url, position) VALUES (1585, 'https://fdn2.gsmarena.com/vv/bigpic/amazon-fire-hd-8.jpg', 0);
INSERT OR IGNORE INTO device_pictures (device_id, url, position) VALUES (1585, 'https://fdn2.gsmarena.com/vv/pics/amazon/amazon-fire-hd-8-1.jpg', 1);
INSERT OR IGNORE INTO device_pictures (device_id, url, position) VALUES (1585, 'https://fdn2.gsmarena.com/vv/pics/amazon/amazon-fire-hd-8-2.jpg', 2);
INSERT OR IGNORE INTO devices (id, brand_id, name, gsmarena_url, thumbnail_url, summary) VALUES (1586, 9, 'Fire 7', 'https://www.gsmarena.com/amazon_fire_7-7609.php', 'https://fdn2.gsmarena.com/vv/bigpic/amazon-fire-7.jpg', 'Fire 7');
INSERT OR IGNORE INTO device_specs (device_id, announced, status, network, os, chipset, cpu, gpu, display_size, display_type, display_res, ram, storage, main_camera, selfie_camera, battery, charging, nfc, usb, bluetooth, wlan, colors, weight, dimensions, sim, sensors, popularity, fans, rating, full_specs_json) VALUES (1586, '2015, September. Released 2015, November', 'Discontinued', 'No cellular connectivity', 'Customized Android 5.1 (Lollipop), Fire 5 UI', 'Mediatek MT8127 (28 nm)', 'Quad-core 1.3 GHz Cortex-A7', 'Mali-450MP4', '7.0 inches, 137.9 cm 2 (~62.8% screen-to-body ratio)', 'IPS LCD', '600 x 1024 pixels, 16:9 ratio (~170 ppi density)', '1GB', '8GB', '2 MP', 'VGA', 'Li-Ion 2980 mAh, non-removable', NULL, 'No', 'microUSB 2.0', '4.0, A2DP, LE', 'Wi-Fi 802.11 b/g/n', 'Black', '313 g (11.04 oz)', '191 x 115 x 10.6 mm (7.52 x 4.53 x 0.42 in)', 'No', 'Accelerometer', 'About 50 EUR', NULL, NULL, '[{"category":"Network","specs":[{"label":"Technology","value":"No cellular connectivity"},{"label":"2G bands","value":"N/A"},{"label":"GPRS","value":"No"},{"label":"EDGE","value":"No"}]},{"category":"Launch","specs":[{"label":"Announced","value":"2015, September. Released 2015, November"},{"label":"Status","value":"Discontinued"}]},{"category":"Body","specs":[{"label":"Dimensions","value":"191 x 115 x 10.6 mm (7.52 x 4.53 x 0.42 in)"},{"label":"Weight","value":"313 g (11.04 oz)"},{"label":"SIM","value":"No"}]},{"category":"Display","specs":[{"label":"Type","value":"IPS LCD"},{"label":"Size","value":"7.0 inches, 137.9 cm 2 (~62.8% screen-to-body ratio)"},{"label":"Resolution","value":"600 x 1024 pixels, 16:9 ratio (~170 ppi density)"}]},{"category":"Platform","specs":[{"label":"OS","value":"Customized Android 5.1 (Lollipop), Fire 5 UI"},{"label":"Chipset","value":"Mediatek MT8127 (28 nm)"},{"label":"CPU","value":"Quad-core 1.3 GHz Cortex-A7"},{"label":"GPU","value":"Mali-450MP4"}]},{"category":"Memory","specs":[{"label":"Card slot","value":"microSDXC (dedicated slot)"},{"label":"Internal","value":"8GB 1GB RAM"}]},{"category":"Main Camera","specs":[{"label":"Single","value":"2 MP"},{"label":"Video","value":"720p"}]},{"category":"Selfie camera","specs":[{"label":"Single","value":"VGA"}]},{"category":"Sound","specs":[{"label":"Loudspeaker","value":"Yes"},{"label":"3.5mm jack","value":"Yes"}]},{"category":"Comms","specs":[{"label":"WLAN","value":"Wi-Fi 802.11 b/g/n"},{"label":"Bluetooth","value":"4.0, A2DP, LE"},{"label":"Positioning","value":"No"},{"label":"NFC","value":"No"},{"label":"USB","value":"microUSB 2.0"},{"label":"Radio","value":"No"}]},{"category":"Features","specs":[{"label":"Sensors","value":"Accelerometer"}]},{"category":"Battery","specs":[{"label":"Type","value":"Li-Ion 2980 mAh, non-removable"},{"label":"Talk time","value":"Up to 7 h"}]},{"category":"Misc","specs":[{"label":"Colors","value":"Black"},{"label":"Price","value":"About 50 EUR"}]}]');
INSERT OR IGNORE INTO device_pictures (device_id, url, position) VALUES (1586, 'https://fdn2.gsmarena.com/vv/bigpic/amazon-fire-7.jpg', 0);
INSERT OR IGNORE INTO device_pictures (device_id, url, position) VALUES (1586, 'https://fdn2.gsmarena.com/vv/pics/amazon/amazon-fire-7-1.jpg', 1);
INSERT OR IGNORE INTO devices (id, brand_id, name, gsmarena_url, thumbnail_url, summary) VALUES (1587, 9, 'Fire HDX 8.9 (2014)', 'https://www.gsmarena.com/amazon_fire_hdx_8_9_(2014)-6690.php', 'https://fdn2.gsmarena.com/vv/bigpic/amazon-Kindle-Fire-HDX-89-2014.jpg', 'Fire HDX 8.9 (2014)');
INSERT OR IGNORE INTO device_specs (device_id, announced, status, network, os, chipset, cpu, gpu, display_size, display_type, display_res, ram, storage, main_camera, selfie_camera, battery, charging, nfc, usb, bluetooth, wlan, colors, weight, dimensions, sim, sensors, popularity, fans, rating, full_specs_json) VALUES (1587, '2014, September. Released 2014, October', 'Discontinued', 'GSM / HSPA / LTE / 4G/LTE', 'Android 4.4 (KitKat - customized), Fire 4', 'Qualcomm APQ8084 Snapdragon 805 (28 nm)', 'Quad-core 2.5 GHz Krait 450', 'Adreno 420', '8.9 inches, 229.7 cm 2 (~62.9% screen-to-body ratio)', 'IPS LCD', '2560 x 1600 pixels, 16:10 ratio (~339 ppi density)', '2GB', '16GB', '8 MP, AF, LED flash', '720p', 'Li-Ion, non-removable', NULL, 'No', 'microUSB 2.0 (SlimPort)', '4.0, A2DP', 'Wi-Fi 802.11 a/b/g/n/ac, dual-band', 'Black', '375 g (Wi-Fi)/ 389 g (4G) (13.23 oz)', '231 x 158 x 7.8 mm (9.09 x 6.22 x 0.31 in)', 'Micro-SIM - cellular model only', 'Accelerometer, gyro', 'About 310 EUR', NULL, NULL, '[{"category":"Network","specs":[{"label":"Technology","value":"GSM / HSPA / LTE"},{"label":"2G bands","value":"GSM 850 / 900 / 1800 / 1900"},{"label":"3G bands","value":"HSDPA"},{"label":"4G bands","value":"LTE"},{"label":"Speed","value":"HSPA, LTE - cellular model only"},{"label":"GPRS","value":"Yes"},{"label":"EDGE","value":"Yes"}]},{"category":"Launch","specs":[{"label":"Announced","value":"2014, September. Released 2014, October"},{"label":"Status","value":"Discontinued"}]},{"category":"Body","specs":[{"label":"Dimensions","value":"231 x 158 x 7.8 mm (9.09 x 6.22 x 0.31 in)"},{"label":"Weight","value":"375 g (Wi-Fi)/ 389 g (4G) (13.23 oz)"},{"label":"SIM","value":"Micro-SIM - cellular model only"}]},{"category":"Display","specs":[{"label":"Type","value":"IPS LCD"},{"label":"Size","value":"8.9 inches, 229.7 cm 2 (~62.9% screen-to-body ratio)"},{"label":"Resolution","value":"2560 x 1600 pixels, 16:10 ratio (~339 ppi density)"}]},{"category":"Platform","specs":[{"label":"OS","value":"Android 4.4 (KitKat - customized), Fire 4"},{"label":"Chipset","value":"Qualcomm APQ8084 Snapdragon 805 (28 nm)"},{"label":"CPU","value":"Quad-core 2.5 GHz Krait 450"},{"label":"GPU","value":"Adreno 420"}]},{"category":"Memory","specs":[{"label":"Card slot","value":"No"},{"label":"Internal","value":"16GB 2GB RAM, 32GB 2GB RAM, 64GB 2GB RAM"}]},{"category":"Main Camera","specs":[{"label":"Single","value":"8 MP, AF"},{"label":"Features","value":"LED flash"},{"label":"Video","value":"Yes"}]},{"category":"Selfie camera","specs":[{"label":"Video","value":"720p"}]},{"category":"Sound","specs":[{"label":"Loudspeaker","value":"Yes, with stereo speakers"},{"label":"3.5mm jack","value":"Yes"}]},{"category":"Comms","specs":[{"label":"WLAN","value":"Wi-Fi 802.11 a/b/g/n/ac, dual-band"},{"label":"Bluetooth","value":"4.0, A2DP"},{"label":"Positioning","value":"GPS - cellular model only"},{"label":"NFC","value":"No"},{"label":"USB","value":"microUSB 2.0 (SlimPort)"},{"label":"Radio","value":"No"}]},{"category":"Features","specs":[{"label":"Sensors","value":"Accelerometer, gyro"}]},{"category":"Battery","specs":[{"label":"Type","value":"Li-Ion, non-removable"},{"label":"Talk time","value":"Up to 12 h"}]},{"category":"Misc","specs":[{"label":"Colors","value":"Black"},{"label":"Price","value":"About 310 EUR"}]}]');
INSERT OR IGNORE INTO device_pictures (device_id, url, position) VALUES (1587, 'https://fdn2.gsmarena.com/vv/bigpic/amazon-Kindle-Fire-HDX-89-2014.jpg', 0);
INSERT OR IGNORE INTO device_pictures (device_id, url, position) VALUES (1587, 'https://fdn2.gsmarena.com/vv/pics/amazon/amazon-Kindle-Fire-HDX-89-2014.jpg', 1);
INSERT OR IGNORE INTO devices (id, brand_id, name, gsmarena_url, thumbnail_url, summary) VALUES (1588, 9, 'Fire HD 7', 'https://www.gsmarena.com/amazon_fire_hd_7-6689.php', 'https://fdn2.gsmarena.com/vv/bigpic/amazon-fire-hd7.jpg', 'Fire HD 7');
INSERT OR IGNORE INTO device_specs (device_id, announced, status, network, os, chipset, cpu, gpu, display_size, display_type, display_res, ram, storage, main_camera, selfie_camera, battery, charging, nfc, usb, bluetooth, wlan, colors, weight, dimensions, sim, sensors, popularity, fans, rating, full_specs_json) VALUES (1588, '2014, September. Released 2014, October', 'Discontinued', 'No cellular connectivity', 'Android 4.4 (KitKat - customized), Fire 4', NULL, 'Quad-core (2x1.5 GHz & 2x1.2 GHz)', NULL, '7.0 inches, 142.1 cm 2 (~58.1% screen-to-body ratio)', 'IPS LCD', '800 x 1280 pixels, 16:10 ratio (~216 ppi density)', '1GB', '8GB', '2 MP', 'VGA', 'Li-Ion, non-removable', NULL, 'No', 'microUSB 2.0 (SlimPort)', '4.0, A2DP', 'Wi-Fi 802.11 b/g/n', 'Black, White, Cobalt, Magenta, Citron', '337 g (11.89 oz)', '191 x 128 x 10.6 mm (7.52 x 5.04 x 0.42 in)', 'No', 'Accelerometer, gyro', 'About 120 EUR', NULL, NULL, '[{"category":"Network","specs":[{"label":"Technology","value":"No cellular connectivity"},{"label":"2G bands","value":"N/A"},{"label":"GPRS","value":"No"},{"label":"EDGE","value":"No"}]},{"category":"Launch","specs":[{"label":"Announced","value":"2014, September. Released 2014, October"},{"label":"Status","value":"Discontinued"}]},{"category":"Body","specs":[{"label":"Dimensions","value":"191 x 128 x 10.6 mm (7.52 x 5.04 x 0.42 in)"},{"label":"Weight","value":"337 g (11.89 oz)"},{"label":"SIM","value":"No"}]},{"category":"Display","specs":[{"label":"Type","value":"IPS LCD"},{"label":"Size","value":"7.0 inches, 142.1 cm 2 (~58.1% screen-to-body ratio)"},{"label":"Resolution","value":"800 x 1280 pixels, 16:10 ratio (~216 ppi density)"},{"label":"Protection","value":"Corning Gorilla Glass"}]},{"category":"Platform","specs":[{"label":"OS","value":"Android 4.4 (KitKat - customized), Fire 4"},{"label":"CPU","value":"Quad-core (2x1.5 GHz & 2x1.2 GHz)"}]},{"category":"Memory","specs":[{"label":"Card slot","value":"No"},{"label":"Internal","value":"8GB 1GB RAM, 16GB 1GB RAM"}]},{"category":"Main Camera","specs":[{"label":"Single","value":"2 MP"},{"label":"Video","value":"1080p@30fps"}]},{"category":"Selfie camera","specs":[{"label":"Single","value":"VGA"}]},{"category":"Sound","specs":[{"label":"Loudspeaker","value":"Yes, with stereo speakers"},{"label":"3.5mm jack","value":"Yes"}]},{"category":"Comms","specs":[{"label":"WLAN","value":"Wi-Fi 802.11 b/g/n"},{"label":"Bluetooth","value":"4.0, A2DP"},{"label":"Positioning","value":"No"},{"label":"NFC","value":"No"},{"label":"USB","value":"microUSB 2.0 (SlimPort)"},{"label":"Radio","value":"No"}]},{"category":"Features","specs":[{"label":"Sensors","value":"Accelerometer, gyro"}]},{"category":"Battery","specs":[{"label":"Type","value":"Li-Ion, non-removable"},{"label":"Talk time","value":"Up to 8 h"}]},{"category":"Misc","specs":[{"label":"Colors","value":"Black, White, Cobalt, Magenta, Citron"},{"label":"Models","value":"KFASWI"},{"label":"Price","value":"About 120 EUR"}]}]');
INSERT OR IGNORE INTO device_pictures (device_id, url, position) VALUES (1588, 'https://fdn2.gsmarena.com/vv/bigpic/amazon-fire-hd7.jpg', 0);
INSERT OR IGNORE INTO device_pictures (device_id, url, position) VALUES (1588, 'https://fdn2.gsmarena.com/vv/pics/amazon/amazon-fire-hd7.jpg', 1);
INSERT OR IGNORE INTO devices (id, brand_id, name, gsmarena_url, thumbnail_url, summary) VALUES (1589, 9, 'Fire HD 6', 'https://www.gsmarena.com/amazon_fire_hd_6-6688.php', 'https://fdn2.gsmarena.com/vv/bigpic/amazon-fire-hd6.jpg', 'Fire HD 6');
INSERT OR IGNORE INTO device_specs (device_id, announced, status, network, os, chipset, cpu, gpu, display_size, display_type, display_res, ram, storage, main_camera, selfie_camera, battery, charging, nfc, usb, bluetooth, wlan, colors, weight, dimensions, sim, sensors, popularity, fans, rating, full_specs_json) VALUES (1589, '2014, September. Released 2014, October', 'Discontinued', 'No cellular connectivity', 'Android 4.4 (KitKat - customized), Fire 4', NULL, 'Quad-core (2x1.5 GHz & 2x1.2 GHz)', NULL, '6.0 inches, 104.4 cm 2 (~60.0% screen-to-body ratio)', 'IPS LCD', '800 x 1280 pixels, 16:10 ratio (~252 ppi density)', '1GB', '8GB', '2 MP', 'VGA', 'Li-Ion, non-removable', NULL, 'No', 'microUSB 2.0 (SlimPort)', '4.0, A2DP', 'Wi-Fi 802.11 b/g/n', 'Black, White, Cobalt, Magenta, Citron', '290 g (10.23 oz)', '169 x 103 x 10.7 mm (6.65 x 4.06 x 0.42 in)', 'No', 'Accelerometer, gyro', 'About 90 EUR', NULL, NULL, '[{"category":"Network","specs":[{"label":"Technology","value":"No cellular connectivity"},{"label":"2G bands","value":"N/A"},{"label":"GPRS","value":"No"},{"label":"EDGE","value":"No"}]},{"category":"Launch","specs":[{"label":"Announced","value":"2014, September. Released 2014, October"},{"label":"Status","value":"Discontinued"}]},{"category":"Body","specs":[{"label":"Dimensions","value":"169 x 103 x 10.7 mm (6.65 x 4.06 x 0.42 in)"},{"label":"Weight","value":"290 g (10.23 oz)"},{"label":"SIM","value":"No"}]},{"category":"Display","specs":[{"label":"Type","value":"IPS LCD"},{"label":"Size","value":"6.0 inches, 104.4 cm 2 (~60.0% screen-to-body ratio)"},{"label":"Resolution","value":"800 x 1280 pixels, 16:10 ratio (~252 ppi density)"},{"label":"Protection","value":"Corning Gorilla Glass"}]},{"category":"Platform","specs":[{"label":"OS","value":"Android 4.4 (KitKat - customized), Fire 4"},{"label":"CPU","value":"Quad-core (2x1.5 GHz & 2x1.2 GHz)"}]},{"category":"Memory","specs":[{"label":"Card slot","value":"No"},{"label":"Internal","value":"8GB 1GB RAM, 16GB 1GB RAM"}]},{"category":"Main Camera","specs":[{"label":"Single","value":"2 MP"},{"label":"Video","value":"1080p@30fps"}]},{"category":"Selfie camera","specs":[{"label":"Single","value":"VGA"}]},{"category":"Sound","specs":[{"label":"Loudspeaker","value":"Yes"},{"label":"3.5mm jack","value":"Yes"}]},{"category":"Comms","specs":[{"label":"WLAN","value":"Wi-Fi 802.11 b/g/n"},{"label":"Bluetooth","value":"4.0, A2DP"},{"label":"Positioning","value":"No"},{"label":"NFC","value":"No"},{"label":"USB","value":"microUSB 2.0 (SlimPort)"},{"label":"Radio","value":"No"}]},{"category":"Features","specs":[{"label":"Sensors","value":"Accelerometer, gyro"}]},{"category":"Battery","specs":[{"label":"Type","value":"Li-Ion, non-removable"},{"label":"Talk time","value":"Up to 8 h"}]},{"category":"Misc","specs":[{"label":"Colors","value":"Black, White, Cobalt, Magenta, Citron"},{"label":"Price","value":"About 90 EUR"}]}]');
INSERT OR IGNORE INTO device_pictures (device_id, url, position) VALUES (1589, 'https://fdn2.gsmarena.com/vv/bigpic/amazon-fire-hd6.jpg', 0);
INSERT OR IGNORE INTO device_pictures (device_id, url, position) VALUES (1589, 'https://fdn2.gsmarena.com/vv/pics/amazon/amazon-fire-hd6.jpg', 1);
INSERT OR IGNORE INTO devices (id, brand_id, name, gsmarena_url, thumbnail_url, summary) VALUES (1590, 9, 'Fire Phone', 'https://www.gsmarena.com/amazon_fire_phone-6453.php', 'https://fdn2.gsmarena.com/vv/bigpic/amazon-fire-phone.jpg', 'Fire Phone');
INSERT OR IGNORE INTO device_specs (device_id, announced, status, network, os, chipset, cpu, gpu, display_size, display_type, display_res, ram, storage, main_camera, selfie_camera, battery, charging, nfc, usb, bluetooth, wlan, colors, weight, dimensions, sim, sensors, popularity, fans, rating, full_specs_json) VALUES (1590, '2014, June. Released 2014, July', 'Discontinued', 'GSM / HSPA / LTE / 4G/LTE', 'Amazon Fire 3.5 (Android based), upgradable to 3.6.5', 'Qualcomm Snapdragon 800 (28 nm)', 'Quad-core 2.2 GHz Krait 400', 'Adreno 330', '4.7 inches, 60.9 cm 2 (~65.8% screen-to-body ratio)', 'IPS LCD', '720 x 1280 pixels, 16:9 ratio (~312 ppi density)', '2GB', '32GB', '13 MP, AF, OIS, LED flash, HDR', '2.1 MP', 'Li-Ion 2400 mAh, non-removable', NULL, 'Yes', 'microUSB 2.0', '3.0', 'Wi-Fi 802.11 a/b/g/n/ac, dual-band', 'Black', '160 g (5.64 oz)', '139.2 x 66.5 x 8.9 mm (5.48 x 2.62 x 0.35 in)', 'Nano-SIM', 'Accelerometer, gyro, proximity, compass, barometer', 'About 160 EUR', NULL, NULL, '[{"category":"Network","specs":[{"label":"Technology","value":"GSM / HSPA / LTE"},{"label":"2G bands","value":"GSM 850 / 900 / 1800 / 1900"},{"label":"3G bands","value":"HSDPA 850 / 900 / 1700 / 1900 / 2100"},{"label":"4G bands","value":"1, 2, 3, 4, 5, 7, 8, 17, 20"},{"label":"Speed","value":"HSPA, LTE"}]},{"category":"Launch","specs":[{"label":"Announced","value":"2014, June. Released 2014, July"},{"label":"Status","value":"Discontinued"}]},{"category":"Body","specs":[{"label":"Dimensions","value":"139.2 x 66.5 x 8.9 mm (5.48 x 2.62 x 0.35 in)"},{"label":"Weight","value":"160 g (5.64 oz)"},{"label":"SIM","value":"Nano-SIM"}]},{"category":"Display","specs":[{"label":"Type","value":"IPS LCD"},{"label":"Size","value":"4.7 inches, 60.9 cm 2 (~65.8% screen-to-body ratio)"},{"label":"Resolution","value":"720 x 1280 pixels, 16:9 ratio (~312 ppi density)"},{"label":"Protection","value":"Corning Gorilla Glass 3 (front and back)"}]},{"category":"Platform","specs":[{"label":"OS","value":"Amazon Fire 3.5 (Android based), upgradable to 3.6.5"},{"label":"Chipset","value":"Qualcomm Snapdragon 800 (28 nm)"},{"label":"CPU","value":"Quad-core 2.2 GHz Krait 400"},{"label":"GPU","value":"Adreno 330"}]},{"category":"Memory","specs":[{"label":"Card slot","value":"No"},{"label":"Internal","value":"32GB 2GB RAM, 64GB 2GB RAM"}]},{"category":"Main Camera","specs":[{"label":"Single","value":"13 MP, AF, OIS"},{"label":"Features","value":"LED flash, HDR"},{"label":"Video","value":"1080p@30fps"}]},{"category":"Selfie camera","specs":[{"label":"Single","value":"2.1 MP"}]},{"category":"Sound","specs":[{"label":"Loudspeaker","value":"Yes, with stereo speakers"},{"label":"3.5mm jack","value":"Yes"}]},{"category":"Comms","specs":[{"label":"WLAN","value":"Wi-Fi 802.11 a/b/g/n/ac, dual-band"},{"label":"Bluetooth","value":"3.0"},{"label":"Positioning","value":"GPS, GLONASS"},{"label":"NFC","value":"Yes"},{"label":"USB","value":"microUSB 2.0"},{"label":"Radio","value":"No"}]},{"category":"Features","specs":[{"label":"Sensors","value":"Accelerometer, gyro, proximity, compass, barometer"}]},{"category":"Battery","specs":[{"label":"Type","value":"Li-Ion 2400 mAh, non-removable"},{"label":"Stand-by","value":"Up to 285 h"},{"label":"Talk time","value":"Up to 22 h"},{"label":"Music play","value":"Up to 65 h"}]},{"category":"Misc","specs":[{"label":"Colors","value":"Black"},{"label":"Models","value":"SD4930UR, Fire Phone"},{"label":"Price","value":"About 160 EUR"}]}]');
INSERT OR IGNORE INTO device_pictures (device_id, url, position) VALUES (1590, 'https://fdn2.gsmarena.com/vv/bigpic/amazon-fire-phone.jpg', 0);
INSERT OR IGNORE INTO device_pictures (device_id, url, position) VALUES (1590, 'https://fdn2.gsmarena.com/vv/pics/amazon/amazon-fire.jpg', 1);
INSERT OR IGNORE INTO device_pictures (device_id, url, position) VALUES (1590, 'https://fdn2.gsmarena.com/vv/pics/amazon/amazon-fire-1.jpg', 2);
INSERT OR IGNORE INTO devices (id, brand_id, name, gsmarena_url, thumbnail_url, summary) VALUES (1591, 9, 'Kindle Fire HDX 8.9', 'https://www.gsmarena.com/amazon_kindle_fire_hdx_8_9-5728.php', 'https://fdn2.gsmarena.com/vv/bigpic/amazon-Kindle-Fire-HDX-89.jpg', 'Kindle Fire HDX 8.9');
INSERT OR IGNORE INTO device_specs (device_id, announced, status, network, os, chipset, cpu, gpu, display_size, display_type, display_res, ram, storage, main_camera, selfie_camera, battery, charging, nfc, usb, bluetooth, wlan, colors, weight, dimensions, sim, sensors, popularity, fans, rating, full_specs_json) VALUES (1591, '2013, September. Released 2013, November', 'Discontinued', 'GSM / HSPA / EVDO / LTE / 4G/LTE', 'Android OS (Jelly Bean - customized), Fire 3', 'Qualcomm Snapdragon 800 (28 nm)', 'Quad-core 2.2 GHz Krait 400', 'Adreno 330', '8.9 inches, 229.7 cm 2 (~62.9% screen-to-body ratio)', 'IPS LCD', '2560 x 1600 pixels, 16:10 ratio (~339 ppi density)', '2GB', '16GB', '8 MP, AF, LED flash', NULL, 'Li-Ion, non-removable', NULL, 'No', 'microUSB 2.0', 'Yes', 'Wi-Fi 802.11 a/b/g/n, dual-band', 'Black', '374 g (Wi-Fi)/ 384 g (4G) (13.19 oz)', '231 x 158 x 7.8 mm (9.09 x 6.22 x 0.31 in)', 'Nano-SIM (cellular model only)', 'Accelerometer, gyro', 'About 280 EUR', NULL, NULL, '[{"category":"Network","specs":[{"label":"Technology","value":"GSM / HSPA / EVDO / LTE"},{"label":"2G bands","value":"GSM 850 / 900 / 1800 / 1900"},{"label":"3G bands","value":"HSDPA"},{"label":"4G bands","value":"LTE"},{"label":"Speed","value":"HSPA, LTE - cellular model only"},{"label":"GPRS","value":"Yes"},{"label":"EDGE","value":"Yes"}]},{"category":"Launch","specs":[{"label":"Announced","value":"2013, September. Released 2013, November"},{"label":"Status","value":"Discontinued"}]},{"category":"Body","specs":[{"label":"Dimensions","value":"231 x 158 x 7.8 mm (9.09 x 6.22 x 0.31 in)"},{"label":"Weight","value":"374 g (Wi-Fi)/ 384 g (4G) (13.19 oz)"},{"label":"SIM","value":"Nano-SIM (cellular model only)"}]},{"category":"Display","specs":[{"label":"Type","value":"IPS LCD"},{"label":"Size","value":"8.9 inches, 229.7 cm 2 (~62.9% screen-to-body ratio)"},{"label":"Resolution","value":"2560 x 1600 pixels, 16:10 ratio (~339 ppi density)"}]},{"category":"Platform","specs":[{"label":"OS","value":"Android OS (Jelly Bean - customized), Fire 3"},{"label":"Chipset","value":"Qualcomm Snapdragon 800 (28 nm)"},{"label":"CPU","value":"Quad-core 2.2 GHz Krait 400"},{"label":"GPU","value":"Adreno 330"}]},{"category":"Memory","specs":[{"label":"Card slot","value":"No"},{"label":"Internal","value":"16GB 2GB RAM, 32GB 2GB RAM, 64GB 2GB RAM"}]},{"category":"Main Camera","specs":[{"label":"Single","value":"8 MP, AF"},{"label":"Features","value":"LED flash"},{"label":"Video","value":"Yes"}]},{"category":"Sound","specs":[{"label":"Loudspeaker","value":"Yes, with stereo speakers"},{"label":"3.5mm jack","value":"Yes"}]},{"category":"Comms","specs":[{"label":"WLAN","value":"Wi-Fi 802.11 a/b/g/n, dual-band"},{"label":"Bluetooth","value":"Yes"},{"label":"Positioning","value":"GPS - cellular model only"},{"label":"NFC","value":"No"},{"label":"USB","value":"microUSB 2.0"},{"label":"Radio","value":"No"}]},{"category":"Features","specs":[{"label":"Sensors","value":"Accelerometer, gyro"}]},{"category":"Battery","specs":[{"label":"Type","value":"Li-Ion, non-removable"},{"label":"Talk time","value":"Up to 12 h"}]},{"category":"Misc","specs":[{"label":"Colors","value":"Black"},{"label":"Price","value":"About 280 EUR"}]}]');
INSERT OR IGNORE INTO device_pictures (device_id, url, position) VALUES (1591, 'https://fdn2.gsmarena.com/vv/bigpic/amazon-Kindle-Fire-HDX-89.jpg', 0);
INSERT OR IGNORE INTO device_pictures (device_id, url, position) VALUES (1591, 'https://fdn2.gsmarena.com/vv/pics/amazon/amazon-Kindle-Fire-HDX-89.jpg', 1);
INSERT OR IGNORE INTO devices (id, brand_id, name, gsmarena_url, thumbnail_url, summary) VALUES (1592, 9, 'Kindle Fire HDX', 'https://www.gsmarena.com/amazon_kindle_fire_hdx-5727.php', 'https://fdn2.gsmarena.com/vv/bigpic/amazon-Kindle-Fire-HDX.jpg', 'Kindle Fire HDX');
INSERT OR IGNORE INTO device_specs (device_id, announced, status, network, os, chipset, cpu, gpu, display_size, display_type, display_res, ram, storage, main_camera, selfie_camera, battery, charging, nfc, usb, bluetooth, wlan, colors, weight, dimensions, sim, sensors, popularity, fans, rating, full_specs_json) VALUES (1592, '2013, September. Released 2013, October', 'Discontinued', 'GSM / HSPA / EVDO / LTE / 4G/LTE', 'Android OS (Jelly Bean - customized), Fire 3', 'Qualcomm Snapdragon 800 (28 nm)', 'Quad-core 2.2 GHz Krait 400', 'Adreno 330', '7.0 inches, 142.1 cm 2 (~59.7% screen-to-body ratio)', 'IPS LCD', '1200 x 1920 pixels, 16:10 ratio (~323 ppi density)', '2GB', '16GB', '1.3 MP', NULL, 'Li-Ion, non-removable', NULL, 'No', 'microUSB 2.0', 'Yes', 'Wi-Fi 802.11 a/b/g/n, dual-band', 'Black', '303 g (Wi-Fi)/ 311 g (4G) (10.69 oz)', '186 x 128 x 9 mm (7.32 x 5.04 x 0.35 in)', 'Micro-SIM - cellular model only', 'Accelerometer, gyro', 'About 170 EUR', NULL, NULL, '[{"category":"Network","specs":[{"label":"Technology","value":"GSM / HSPA / EVDO / LTE"},{"label":"2G bands","value":"GSM 850 / 900 / 1800 / 1900"},{"label":"3G bands","value":"HSDPA"},{"label":"4G bands","value":"LTE"},{"label":"Speed","value":"HSPA, LTE - cellular model only"},{"label":"GPRS","value":"Yes"},{"label":"EDGE","value":"Yes"}]},{"category":"Launch","specs":[{"label":"Announced","value":"2013, September. Released 2013, October"},{"label":"Status","value":"Discontinued"}]},{"category":"Body","specs":[{"label":"Dimensions","value":"186 x 128 x 9 mm (7.32 x 5.04 x 0.35 in)"},{"label":"Weight","value":"303 g (Wi-Fi)/ 311 g (4G) (10.69 oz)"},{"label":"SIM","value":"Micro-SIM - cellular model only"}]},{"category":"Display","specs":[{"label":"Type","value":"IPS LCD"},{"label":"Size","value":"7.0 inches, 142.1 cm 2 (~59.7% screen-to-body ratio)"},{"label":"Resolution","value":"1200 x 1920 pixels, 16:10 ratio (~323 ppi density)"}]},{"category":"Platform","specs":[{"label":"OS","value":"Android OS (Jelly Bean - customized), Fire 3"},{"label":"Chipset","value":"Qualcomm Snapdragon 800 (28 nm)"},{"label":"CPU","value":"Quad-core 2.2 GHz Krait 400"},{"label":"GPU","value":"Adreno 330"}]},{"category":"Memory","specs":[{"label":"Card slot","value":"No"},{"label":"Internal","value":"16GB 2GB RAM, 32GB 2GB RAM, 64GB 2GB RAM"}]},{"category":"Main Camera","specs":[{"label":"Single","value":"1.3 MP"},{"label":"Video","value":"720p"}]},{"category":"Sound","specs":[{"label":"Loudspeaker","value":"Yes, with stereo speakers"},{"label":"3.5mm jack","value":"Yes"}]},{"category":"Comms","specs":[{"label":"WLAN","value":"Wi-Fi 802.11 a/b/g/n, dual-band"},{"label":"Bluetooth","value":"Yes"},{"label":"Positioning","value":"GPS - cellular model only"},{"label":"NFC","value":"No"},{"label":"USB","value":"microUSB 2.0"},{"label":"Radio","value":"No"}]},{"category":"Features","specs":[{"label":"Sensors","value":"Accelerometer, gyro"}]},{"category":"Battery","specs":[{"label":"Type","value":"Li-Ion, non-removable"},{"label":"Talk time","value":"Up to 11 h"}]},{"category":"Misc","specs":[{"label":"Colors","value":"Black"},{"label":"Price","value":"About 170 EUR"}]}]');
INSERT OR IGNORE INTO device_pictures (device_id, url, position) VALUES (1592, 'https://fdn2.gsmarena.com/vv/bigpic/amazon-Kindle-Fire-HDX.jpg', 0);
INSERT OR IGNORE INTO device_pictures (device_id, url, position) VALUES (1592, 'https://fdn2.gsmarena.com/vv/pics/amazon/amazon-Kindle-Fire-HDX.jpg', 1);
INSERT OR IGNORE INTO devices (id, brand_id, name, gsmarena_url, thumbnail_url, summary) VALUES (1593, 9, 'Kindle Fire HD (2013)', 'https://www.gsmarena.com/amazon_kindle_fire_hd_(2013)-5726.php', 'https://fdn2.gsmarena.com/vv/bigpic/amazon-Kindle-Fire-HD.jpg', 'Kindle Fire HD (2013)');
INSERT OR IGNORE INTO device_specs (device_id, announced, status, network, os, chipset, cpu, gpu, display_size, display_type, display_res, ram, storage, main_camera, selfie_camera, battery, charging, nfc, usb, bluetooth, wlan, colors, weight, dimensions, sim, sensors, popularity, fans, rating, full_specs_json) VALUES (1593, '2013, September. Released 2013, September', 'Discontinued', 'No cellular connectivity', 'Android OS (Jelly Bean - customized)', NULL, 'Dual-core 1.5 GHz', NULL, '7.0 inches, 142.1 cm 2 (~58.1% screen-to-body ratio)', 'IPS LCD', '800 x 1280 pixels, 16:10 ratio (~216 ppi density)', '1GB', '8GB', NULL, NULL, 'Li-Ion, non-removable', NULL, 'No', 'microUSB 2.0', 'Yes', 'Wi-Fi 802.11 a/b/g/n, dual-band', 'Black', '345 g (12.17 oz)', '191 x 128 x 10.6 mm (7.52 x 5.04 x 0.42 in)', 'No', 'Accelerometer, gyro', 'About 100 EUR', NULL, NULL, '[{"category":"Network","specs":[{"label":"Technology","value":"No cellular connectivity"},{"label":"2G bands","value":"N/A"},{"label":"GPRS","value":"No"},{"label":"EDGE","value":"No"}]},{"category":"Launch","specs":[{"label":"Announced","value":"2013, September. Released 2013, September"},{"label":"Status","value":"Discontinued"}]},{"category":"Body","specs":[{"label":"Dimensions","value":"191 x 128 x 10.6 mm (7.52 x 5.04 x 0.42 in)"},{"label":"Weight","value":"345 g (12.17 oz)"},{"label":"SIM","value":"No"}]},{"category":"Display","specs":[{"label":"Type","value":"IPS LCD"},{"label":"Size","value":"7.0 inches, 142.1 cm 2 (~58.1% screen-to-body ratio)"},{"label":"Resolution","value":"800 x 1280 pixels, 16:10 ratio (~216 ppi density)"}]},{"category":"Platform","specs":[{"label":"OS","value":"Android OS (Jelly Bean - customized)"},{"label":"CPU","value":"Dual-core 1.5 GHz"}]},{"category":"Memory","specs":[{"label":"Card slot","value":"No"},{"label":"Internal","value":"8GB 1GB RAM, 16GB 1GB RAM"}]},{"category":"Sound","specs":[{"label":"Loudspeaker","value":"Yes, with stereo speakers"},{"label":"3.5mm jack","value":"Yes"}]},{"category":"Comms","specs":[{"label":"WLAN","value":"Wi-Fi 802.11 a/b/g/n, dual-band"},{"label":"Bluetooth","value":"Yes"},{"label":"Positioning","value":"No"},{"label":"NFC","value":"No"},{"label":"USB","value":"microUSB 2.0"},{"label":"Radio","value":"No"}]},{"category":"Features","specs":[{"label":"Sensors","value":"Accelerometer, gyro"}]},{"category":"Battery","specs":[{"label":"Type","value":"Li-Ion, non-removable"},{"label":"Talk time","value":"Up to 10 h"}]},{"category":"Misc","specs":[{"label":"Colors","value":"Black"},{"label":"Price","value":"About 100 EUR"}]}]');
INSERT OR IGNORE INTO device_pictures (device_id, url, position) VALUES (1593, 'https://fdn2.gsmarena.com/vv/bigpic/amazon-Kindle-Fire-HD.jpg', 0);
INSERT OR IGNORE INTO device_pictures (device_id, url, position) VALUES (1593, 'https://fdn2.gsmarena.com/vv/pics/amazon/amazon-Kindle-Fire-HD.jpg', 1);
INSERT OR IGNORE INTO devices (id, brand_id, name, gsmarena_url, thumbnail_url, summary) VALUES (1594, 9, 'Kindle Fire HD 8.9 LTE', 'https://www.gsmarena.com/amazon_kindle_fire_hd_8_9_lte-4996.php', 'https://fdn2.gsmarena.com/vv/bigpic/amazon-kindle-fire-hd-89.jpg', 'Kindle Fire HD 8.9 LTE');
INSERT OR IGNORE INTO device_specs (device_id, announced, status, network, os, chipset, cpu, gpu, display_size, display_type, display_res, ram, storage, main_camera, selfie_camera, battery, charging, nfc, usb, bluetooth, wlan, colors, weight, dimensions, sim, sensors, popularity, fans, rating, full_specs_json) VALUES (1594, '2012, September. Released 2012, October', 'Discontinued', 'GSM / HSPA / LTE / 4G/LTE', 'Android 4.0 (customized)', 'TI OMAP 4470', 'Dual-core 1.5 GHz Cortex-A9', 'PowerVR SGX544', '8.9 inches, 229.7 cm 2 (~58.4% screen-to-body ratio)', 'IPS LCD', '1920 x 1200 pixels, 16:10 ratio (~254 ppi density)', '1GB', '32GB', '1.3 MP', NULL, 'Non-removable Li-Ion battery', NULL, NULL, '2.0', 'Yes', 'Wi-Fi 802.11 a/b/g/n, dual-band', 'Black', '575 g (1.27 lb)', '240 x 164 x 8.8 mm (9.45 x 6.46 x 0.35 in)', 'Mini-SIM', 'Accelerometer, gyro, compass', 'About 380 EUR', NULL, NULL, '[{"category":"Network","specs":[{"label":"Technology","value":"GSM / HSPA / LTE"},{"label":"2G bands","value":"GSM 850 / 900 / 1800 / 1900"},{"label":"3G bands","value":"HSDPA"},{"label":"4G bands","value":"LTE"},{"label":"Speed","value":"HSPA, LTE"},{"label":"GPRS","value":"Yes"},{"label":"EDGE","value":"Yes"}]},{"category":"Launch","specs":[{"label":"Announced","value":"2012, September. Released 2012, October"},{"label":"Status","value":"Discontinued"}]},{"category":"Body","specs":[{"label":"Dimensions","value":"240 x 164 x 8.8 mm (9.45 x 6.46 x 0.35 in)"},{"label":"Weight","value":"575 g (1.27 lb)"},{"label":"SIM","value":"Mini-SIM"}]},{"category":"Display","specs":[{"label":"Type","value":"IPS LCD"},{"label":"Size","value":"8.9 inches, 229.7 cm 2 (~58.4% screen-to-body ratio)"},{"label":"Resolution","value":"1920 x 1200 pixels, 16:10 ratio (~254 ppi density)"}]},{"category":"Platform","specs":[{"label":"OS","value":"Android 4.0 (customized)"},{"label":"Chipset","value":"TI OMAP 4470"},{"label":"CPU","value":"Dual-core 1.5 GHz Cortex-A9"},{"label":"GPU","value":"PowerVR SGX544"}]},{"category":"Memory","specs":[{"label":"Card slot","value":"No"},{"label":"Internal","value":"32GB 1GB RAM, 64GB 1GB RAM"}]},{"category":"Main Camera","specs":[{"label":"Single","value":"1.3 MP"},{"label":"Video","value":"No"}]},{"category":"Sound","specs":[{"label":"Loudspeaker","value":"Yes, with stereo speakers"},{"label":"3.5mm jack","value":"Yes"}]},{"category":"Comms","specs":[{"label":"WLAN","value":"Wi-Fi 802.11 a/b/g/n, dual-band"},{"label":"Bluetooth","value":"Yes"},{"label":"Positioning","value":"GPS, A-GPS"},{"label":"USB","value":"2.0"},{"label":"Radio","value":"No"}]},{"category":"Features","specs":[{"label":"Sensors","value":"Accelerometer, gyro, compass"}]},{"category":"Battery","specs":[{"label":"Type","value":"Non-removable Li-Ion battery"}]},{"category":"Misc","specs":[{"label":"Colors","value":"Black"},{"label":"Price","value":"About 380 EUR"}]}]');
INSERT OR IGNORE INTO device_pictures (device_id, url, position) VALUES (1594, 'https://fdn2.gsmarena.com/vv/bigpic/amazon-kindle-fire-hd-89.jpg', 0);
INSERT OR IGNORE INTO device_pictures (device_id, url, position) VALUES (1594, 'https://fdn2.gsmarena.com/vv/pics/amazon/amazon-kindle-fire-hd-89.jpg', 1);
INSERT OR IGNORE INTO devices (id, brand_id, name, gsmarena_url, thumbnail_url, summary) VALUES (1595, 9, 'Kindle Fire HD 8.9', 'https://www.gsmarena.com/amazon_kindle_fire_hd_8_9-4995.php', 'https://fdn2.gsmarena.com/vv/bigpic/amazon-kindle-fire-hd-89.jpg', 'Kindle Fire HD 8.9');
INSERT OR IGNORE INTO device_specs (device_id, announced, status, network, os, chipset, cpu, gpu, display_size, display_type, display_res, ram, storage, main_camera, selfie_camera, battery, charging, nfc, usb, bluetooth, wlan, colors, weight, dimensions, sim, sensors, popularity, fans, rating, full_specs_json) VALUES (1595, '2012, September. Released 2012, October', 'Discontinued', 'No cellular connectivity', 'Android 4.0 (customized)', 'TI OMAP 4470', 'Dual-core 1.5 GHz Cortex-A9', 'PowerVR SGX544', '8.9 inches, 229.7 cm 2 (~58.4% screen-to-body ratio)', 'IPS LCD', '1920 x 1200 pixels, 16:10 ratio (~254 ppi density)', '1GB', '16GB', '1.3 MP', NULL, 'Non-removable Li-Ion battery', NULL, NULL, '2.0', 'Yes', 'Wi-Fi 802.11 a/b/g/n, dual-band', 'Black', '567 g (1.25 lb)', '240 x 164 x 8.8 mm (9.45 x 6.46 x 0.35 in)', 'No', 'Accelerometer, gyro', 'About 200 EUR', NULL, NULL, '[{"category":"Network","specs":[{"label":"Technology","value":"No cellular connectivity"},{"label":"2G bands","value":"N/A"},{"label":"GPRS","value":"No"},{"label":"EDGE","value":"No"}]},{"category":"Launch","specs":[{"label":"Announced","value":"2012, September. Released 2012, October"},{"label":"Status","value":"Discontinued"}]},{"category":"Body","specs":[{"label":"Dimensions","value":"240 x 164 x 8.8 mm (9.45 x 6.46 x 0.35 in)"},{"label":"Weight","value":"567 g (1.25 lb)"},{"label":"SIM","value":"No"}]},{"category":"Display","specs":[{"label":"Type","value":"IPS LCD"},{"label":"Size","value":"8.9 inches, 229.7 cm 2 (~58.4% screen-to-body ratio)"},{"label":"Resolution","value":"1920 x 1200 pixels, 16:10 ratio (~254 ppi density)"}]},{"category":"Platform","specs":[{"label":"OS","value":"Android 4.0 (customized)"},{"label":"Chipset","value":"TI OMAP 4470"},{"label":"CPU","value":"Dual-core 1.5 GHz Cortex-A9"},{"label":"GPU","value":"PowerVR SGX544"}]},{"category":"Memory","specs":[{"label":"Card slot","value":"No"},{"label":"Internal","value":"16GB 1GB RAM, 32GB 1GB RAM"}]},{"category":"Main Camera","specs":[{"label":"Single","value":"1.3 MP"},{"label":"Video","value":"No"}]},{"category":"Sound","specs":[{"label":"Loudspeaker","value":"Yes, with stereo speakers"},{"label":"3.5mm jack","value":"Yes"}]},{"category":"Comms","specs":[{"label":"WLAN","value":"Wi-Fi 802.11 a/b/g/n, dual-band"},{"label":"Bluetooth","value":"Yes"},{"label":"Positioning","value":"No"},{"label":"USB","value":"2.0"},{"label":"Radio","value":"No"}]},{"category":"Features","specs":[{"label":"Sensors","value":"Accelerometer, gyro"}]},{"category":"Battery","specs":[{"label":"Type","value":"Non-removable Li-Ion battery"}]},{"category":"Misc","specs":[{"label":"Colors","value":"Black"},{"label":"Price","value":"About 200 EUR"}]}]');
INSERT OR IGNORE INTO device_pictures (device_id, url, position) VALUES (1595, 'https://fdn2.gsmarena.com/vv/bigpic/amazon-kindle-fire-hd-89.jpg', 0);
INSERT OR IGNORE INTO device_pictures (device_id, url, position) VALUES (1595, 'https://fdn2.gsmarena.com/vv/pics/amazon/amazon-kindle-fire-hd-89.jpg', 1);
INSERT OR IGNORE INTO devices (id, brand_id, name, gsmarena_url, thumbnail_url, summary) VALUES (1596, 9, 'Kindle Fire HD', 'https://www.gsmarena.com/amazon_kindle_fire_hd-4994.php', 'https://fdn2.gsmarena.com/vv/bigpic/amazon-kindle-fire-hd.jpg', 'Kindle Fire HD');
INSERT OR IGNORE INTO device_specs (device_id, announced, status, network, os, chipset, cpu, gpu, display_size, display_type, display_res, ram, storage, main_camera, selfie_camera, battery, charging, nfc, usb, bluetooth, wlan, colors, weight, dimensions, sim, sensors, popularity, fans, rating, full_specs_json) VALUES (1596, '2012, September. Released 2012, September', 'Discontinued', 'No cellular connectivity', 'Android 4.0 (customized)', 'TI OMAP 4460', 'Dual-core 1.2 GHz Cortex-A9', 'PowerVR SGX540', '7.0 inches, 142.1 cm 2 (~53.7% screen-to-body ratio)', 'IPS LCD', '800 x 1280 pixels, 16:10 ratio (~216 ppi density)', '1GB', '16GB', '1.3 MP', NULL, 'Non-removable Li-Ion battery', NULL, NULL, '2.0', 'Yes', 'Wi-Fi 802.11 a/b/g/n, dual-band', 'Black', '395 g (13.93 oz)', '193 x 137 x 10.3 mm (7.60 x 5.39 x 0.41 in)', 'No', 'Accelerometer, gyro', 'About 150 EUR', NULL, NULL, '[{"category":"Network","specs":[{"label":"Technology","value":"No cellular connectivity"},{"label":"2G bands","value":"N/A"},{"label":"GPRS","value":"No"},{"label":"EDGE","value":"No"}]},{"category":"Launch","specs":[{"label":"Announced","value":"2012, September. Released 2012, September"},{"label":"Status","value":"Discontinued"}]},{"category":"Body","specs":[{"label":"Dimensions","value":"193 x 137 x 10.3 mm (7.60 x 5.39 x 0.41 in)"},{"label":"Weight","value":"395 g (13.93 oz)"},{"label":"SIM","value":"No"}]},{"category":"Display","specs":[{"label":"Type","value":"IPS LCD"},{"label":"Size","value":"7.0 inches, 142.1 cm 2 (~53.7% screen-to-body ratio)"},{"label":"Resolution","value":"800 x 1280 pixels, 16:10 ratio (~216 ppi density)"}]},{"category":"Platform","specs":[{"label":"OS","value":"Android 4.0 (customized)"},{"label":"Chipset","value":"TI OMAP 4460"},{"label":"CPU","value":"Dual-core 1.2 GHz Cortex-A9"},{"label":"GPU","value":"PowerVR SGX540"}]},{"category":"Memory","specs":[{"label":"Card slot","value":"No"},{"label":"Internal","value":"16GB 1GB RAM, 32GB 1GB RAM"}]},{"category":"Main Camera","specs":[{"label":"Single","value":"1.3 MP"},{"label":"Video","value":"No"}]},{"category":"Sound","specs":[{"label":"Loudspeaker","value":"Yes, with stereo speakers"},{"label":"3.5mm jack","value":"Yes"}]},{"category":"Comms","specs":[{"label":"WLAN","value":"Wi-Fi 802.11 a/b/g/n, dual-band"},{"label":"Bluetooth","value":"Yes"},{"label":"Positioning","value":"No"},{"label":"USB","value":"2.0"},{"label":"Radio","value":"No"}]},{"category":"Features","specs":[{"label":"Sensors","value":"Accelerometer, gyro"}]},{"category":"Battery","specs":[{"label":"Type","value":"Non-removable Li-Ion battery"},{"label":"Talk time","value":"Up to 11 h"}]},{"category":"Misc","specs":[{"label":"Colors","value":"Black"},{"label":"Price","value":"About 150 EUR"}]}]');
INSERT OR IGNORE INTO device_pictures (device_id, url, position) VALUES (1596, 'https://fdn2.gsmarena.com/vv/bigpic/amazon-kindle-fire-hd.jpg', 0);
INSERT OR IGNORE INTO device_pictures (device_id, url, position) VALUES (1596, 'https://fdn2.gsmarena.com/vv/pics/amazon/amazon-kindle-fire-hd.jpg', 1);
INSERT OR IGNORE INTO device_pictures (device_id, url, position) VALUES (1596, 'https://fdn2.gsmarena.com/vv/pics/amazon/amazon-kindle-fire-hd2.jpg', 2);
INSERT OR IGNORE INTO devices (id, brand_id, name, gsmarena_url, thumbnail_url, summary) VALUES (1597, 9, 'Kindle Fire', 'https://www.gsmarena.com/amazon_kindle_fire-4524.php', 'https://fdn2.gsmarena.com/vv/bigpic/amazon-kindle-fire.jpg', 'Kindle Fire');
INSERT OR IGNORE INTO device_specs (device_id, announced, status, network, os, chipset, cpu, gpu, display_size, display_type, display_res, ram, storage, main_camera, selfie_camera, battery, charging, nfc, usb, bluetooth, wlan, colors, weight, dimensions, sim, sensors, popularity, fans, rating, full_specs_json) VALUES (1597, '2011, September. Released 2011, November', 'Discontinued', 'No cellular connectivity', 'Android 2.3 (customized)', 'TI OMAP 4430', 'Dual-core 1.0 GHz Cortex-A9', 'PowerVR SGX540', '7.0 inches, 137.9 cm 2 (~60.5% screen-to-body ratio)', 'IPS LCD', '600 x 1024 pixels, 16:9 ratio (~170 ppi density)', NULL, '8GB', NULL, NULL, 'Non-removable Li-Ion 4400 mAh battery', NULL, NULL, 'Proprietary', 'No', 'Wi-Fi 802.11 b/g/n', 'Black', '413 g (14.57 oz)', '190 x 120 x 11.4 mm (7.48 x 4.72 x 0.45 in)', 'No', 'Accelerometer', 'About 120 EUR', NULL, NULL, '[{"category":"Network","specs":[{"label":"Technology","value":"No cellular connectivity"},{"label":"2G bands","value":"N/A"},{"label":"GPRS","value":"No"},{"label":"EDGE","value":"No"}]},{"category":"Launch","specs":[{"label":"Announced","value":"2011, September. Released 2011, November"},{"label":"Status","value":"Discontinued"}]},{"category":"Body","specs":[{"label":"Dimensions","value":"190 x 120 x 11.4 mm (7.48 x 4.72 x 0.45 in)"},{"label":"Weight","value":"413 g (14.57 oz)"},{"label":"SIM","value":"No"}]},{"category":"Display","specs":[{"label":"Type","value":"IPS LCD"},{"label":"Size","value":"7.0 inches, 137.9 cm 2 (~60.5% screen-to-body ratio)"},{"label":"Resolution","value":"600 x 1024 pixels, 16:9 ratio (~170 ppi density)"}]},{"category":"Platform","specs":[{"label":"OS","value":"Android 2.3 (customized)"},{"label":"Chipset","value":"TI OMAP 4430"},{"label":"CPU","value":"Dual-core 1.0 GHz Cortex-A9"},{"label":"GPU","value":"PowerVR SGX540"}]},{"category":"Memory","specs":[{"label":"Card slot","value":"No"},{"label":"Internal","value":"8GB 512MB RAM"}]},{"category":"Sound","specs":[{"label":"Loudspeaker","value":"Yes"},{"label":"3.5mm jack","value":"Yes"}]},{"category":"Comms","specs":[{"label":"WLAN","value":"Wi-Fi 802.11 b/g/n"},{"label":"Bluetooth","value":"No"},{"label":"Positioning","value":"No"},{"label":"USB","value":"Proprietary"},{"label":"Radio","value":"No"}]},{"category":"Features","specs":[{"label":"Sensors","value":"Accelerometer"}]},{"category":"Battery","specs":[{"label":"Type","value":"Non-removable Li-Ion 4400 mAh battery"}]},{"category":"Misc","specs":[{"label":"Colors","value":"Black"},{"label":"Price","value":"About 120 EUR"}]}]');
INSERT OR IGNORE INTO device_pictures (device_id, url, position) VALUES (1597, 'https://fdn2.gsmarena.com/vv/bigpic/amazon-kindle-fire.jpg', 0);
INSERT OR IGNORE INTO device_pictures (device_id, url, position) VALUES (1597, 'https://fdn2.gsmarena.com/vv/pics/amazon/amazon-kindle-fire.jpg', 1);
INSERT OR IGNORE INTO device_pictures (device_id, url, position) VALUES (1597, 'https://fdn2.gsmarena.com/vv/pics/amazon/amazon-kindle-fire-01.jpg', 2);
INSERT OR IGNORE INTO device_pictures (device_id, url, position) VALUES (1597, 'https://fdn.gsmarena.com/vv/reviewsimg/amazon-kindle-fire/gal/gsmarena_001.jpg', 3);
INSERT OR IGNORE INTO device_pictures (device_id, url, position) VALUES (1597, 'https://fdn.gsmarena.com/vv/reviewsimg/amazon-kindle-fire/gal/gsmarena_002.jpg', 4);
INSERT OR IGNORE INTO device_pictures (device_id, url, position) VALUES (1597, 'https://fdn.gsmarena.com/vv/reviewsimg/amazon-kindle-fire/gal/gsmarena_003.jpg', 5);
INSERT OR IGNORE INTO device_pictures (device_id, url, position) VALUES (1597, 'https://fdn.gsmarena.com/vv/reviewsimg/amazon-kindle-fire/gal/gsmarena_004.jpg', 6);
INSERT OR IGNORE INTO device_pictures (device_id, url, position) VALUES (1597, 'https://fdn.gsmarena.com/vv/reviewsimg/amazon-kindle-fire/gal/gsmarena_005.jpg', 7);
INSERT OR IGNORE INTO device_pictures (device_id, url, position) VALUES (1597, 'https://fdn.gsmarena.com/vv/reviewsimg/amazon-kindle-fire/gal/gsmarena_006.jpg', 8);
INSERT OR IGNORE INTO device_pictures (device_id, url, position) VALUES (1597, 'https://fdn.gsmarena.com/vv/reviewsimg/amazon-kindle-fire/gal/gsmarena_007.jpg', 9);
INSERT OR IGNORE INTO devices (id, brand_id, name, gsmarena_url, thumbnail_url, summary) VALUES (1598, 10, 'E860', 'https://www.gsmarena.com/amoi_e860-2038.php', 'https://fdn2.gsmarena.com/vv/bigpic/amoi-e860.gif', 'E860');
INSERT OR IGNORE INTO device_specs (device_id, announced, status, network, os, chipset, cpu, gpu, display_size, display_type, display_res, ram, storage, main_camera, selfie_camera, battery, charging, nfc, usb, bluetooth, wlan, colors, weight, dimensions, sim, sensors, popularity, fans, rating, full_specs_json) VALUES (1598, '2007', 'Discontinued', 'GSM', 'Microsoft Windows Mobile 5.0 Phone Edition', NULL, NULL, NULL, '2.8 inches, 24.3 cm 2 (~35.8% screen-to-body ratio)', 'TFT resistive touchscreen, 256K colors (65K effective)', '240 x 320 pixels, 4:3 ratio (~143 ppi density)', NULL, '50MB', '2 MP', NULL, 'Removable Li-Ion 1150 mAh battery', NULL, NULL, 'No', '1.2, A2DP', 'No', 'Black', NULL, '112 x 60.5 x 15.8 mm (4.41 x 2.38 x 0.62 in)', 'Mini-SIM', NULL, NULL, NULL, NULL, '[{"category":"Network","specs":[{"label":"Technology","value":"GSM"},{"label":"2G bands","value":"GSM 900 / 1800"},{"label":"GPRS","value":"Yes"}]},{"category":"Launch","specs":[{"label":"Announced","value":"2007"},{"label":"Status","value":"Discontinued"}]},{"category":"Body","specs":[{"label":"Dimensions","value":"112 x 60.5 x 15.8 mm (4.41 x 2.38 x 0.62 in)"},{"label":"SIM","value":"Mini-SIM"}]},{"category":"Display","specs":[{"label":"Type","value":"TFT resistive touchscreen, 256K colors (65K effective)"},{"label":"Size","value":"2.8 inches, 24.3 cm 2 (~35.8% screen-to-body ratio)"},{"label":"Resolution","value":"240 x 320 pixels, 4:3 ratio (~143 ppi density)"}]},{"category":"Platform","specs":[{"label":"OS","value":"Microsoft Windows Mobile 5.0 Phone Edition"}]},{"category":"Memory","specs":[{"label":"Card slot","value":"microSD (dedicated slot)"},{"label":"Internal","value":"50MB"}]},{"category":"Main Camera","specs":[{"label":"Single","value":"2 MP"},{"label":"Video","value":"Yes"}]},{"category":"Sound","specs":[{"label":"Loudspeaker","value":"No"},{"label":"3.5mm jack","value":"No"},{"label":"Alert types","value":"Vibration; Downloadable polyphonic ringtones"}]},{"category":"Comms","specs":[{"label":"WLAN","value":"No"},{"label":"Bluetooth","value":"1.2, A2DP"},{"label":"Positioning","value":"GPS, SiRF Star III chipset"},{"label":"USB","value":"No"},{"label":"Radio","value":"No"}]},{"category":"Features","specs":[{"label":"Browser","value":"WAP 2.0/xHTML, HTML(IE)"}]},{"category":"Battery","specs":[{"label":"Type","value":"Removable Li-Ion 1150 mAh battery"}]},{"category":"Misc","specs":[{"label":"Colors","value":"Black"}]}]');
INSERT OR IGNORE INTO device_pictures (device_id, url, position) VALUES (1598, 'https://fdn2.gsmarena.com/vv/bigpic/amoi-e860.gif', 0);
INSERT OR IGNORE INTO devices (id, brand_id, name, gsmarena_url, thumbnail_url, summary) VALUES (1599, 10, 'E78', 'https://www.gsmarena.com/amoi_e78-2037.php', 'https://fdn2.gsmarena.com/vv/bigpic/amoi-e78.gif', 'E78');
INSERT OR IGNORE INTO device_specs (device_id, announced, status, network, os, chipset, cpu, gpu, display_size, display_type, display_res, ram, storage, main_camera, selfie_camera, battery, charging, nfc, usb, bluetooth, wlan, colors, weight, dimensions, sim, sensors, popularity, fans, rating, full_specs_json) VALUES (1599, '2007', 'Discontinued', 'GSM', 'Microsoft Windows Mobile 5.0 PocketPC', NULL, NULL, NULL, '2.46 inches, 18.7 cm 2 (~26.7% screen-to-body ratio)', 'TFT resistive touchscreen, 65K colors', '240 x 320 pixels, 4:3 ratio (~163 ppi density)', NULL, '64MB', '2 MP', NULL, 'Removable Li-Ion 1100 mAh battery', NULL, NULL, 'No', '1.2, A2DP', 'No', 'Black', NULL, '115 x 61 x 12.7 mm (4.53 x 2.40 x 0.5 in)', 'Mini-SIM', NULL, NULL, NULL, NULL, '[{"category":"Network","specs":[{"label":"Technology","value":"GSM"},{"label":"2G bands","value":"GSM 850 / 900 / 1800 / 1900"},{"label":"GPRS","value":"Yes"},{"label":"EDGE","value":"Yes"}]},{"category":"Launch","specs":[{"label":"Announced","value":"2007"},{"label":"Status","value":"Discontinued"}]},{"category":"Body","specs":[{"label":"Dimensions","value":"115 x 61 x 12.7 mm (4.53 x 2.40 x 0.5 in)"},{"label":"SIM","value":"Mini-SIM"}]},{"category":"Display","specs":[{"label":"Type","value":"TFT resistive touchscreen, 65K colors"},{"label":"Size","value":"2.46 inches, 18.7 cm 2 (~26.7% screen-to-body ratio)"},{"label":"Resolution","value":"240 x 320 pixels, 4:3 ratio (~163 ppi density)"}]},{"category":"Platform","specs":[{"label":"OS","value":"Microsoft Windows Mobile 5.0 PocketPC"}]},{"category":"Memory","specs":[{"label":"Card slot","value":"microSD (dedicated slot)"},{"label":"Internal","value":"64MB"}]},{"category":"Main Camera","specs":[{"label":"Single","value":"2 MP"},{"label":"Video","value":"Yes"}]},{"category":"Sound","specs":[{"label":"Loudspeaker","value":"No"},{"label":"3.5mm jack","value":"No"},{"label":"Alert types","value":"Vibration; Downloadable polyphonic ringtones"}]},{"category":"Comms","specs":[{"label":"WLAN","value":"No"},{"label":"Bluetooth","value":"1.2, A2DP"},{"label":"Positioning","value":"No"},{"label":"USB","value":"No"},{"label":"Radio","value":"No"}]},{"category":"Features","specs":[{"label":"Browser","value":"WAP 2.0 / HTML (PocketIE)"}]},{"category":"Battery","specs":[{"label":"Type","value":"Removable Li-Ion 1100 mAh battery"}]},{"category":"Misc","specs":[{"label":"Colors","value":"Black"}]}]');
INSERT OR IGNORE INTO device_pictures (device_id, url, position) VALUES (1599, 'https://fdn2.gsmarena.com/vv/bigpic/amoi-e78.gif', 0);
INSERT OR IGNORE INTO devices (id, brand_id, name, gsmarena_url, thumbnail_url, summary) VALUES (1600, 10, 'E76', 'https://www.gsmarena.com/amoi_e76-2036.php', 'https://fdn2.gsmarena.com/vv/bigpic/amoi-e76.gif', 'E76');
INSERT OR IGNORE INTO device_specs (device_id, announced, status, network, os, chipset, cpu, gpu, display_size, display_type, display_res, ram, storage, main_camera, selfie_camera, battery, charging, nfc, usb, bluetooth, wlan, colors, weight, dimensions, sim, sensors, popularity, fans, rating, full_specs_json) VALUES (1600, '2007', 'Discontinued', 'GSM', 'Microsoft Windows Mobile 5.0 Phone Edition', NULL, NULL, NULL, '2.2 inches, 15.0 cm 2 (~29.4% screen-to-body ratio)', 'TFT, 65K colors', '240 x 320 pixels, 4:3 ratio (~182 ppi density)', NULL, '64MB', '2 MP', NULL, 'Removable Li-Ion 1100 mAh battery', NULL, NULL, 'No', '1.2, A2DP', 'No', 'Black', NULL, '100 x 51 x 16.8 mm (3.94 x 2.01 x 0.66 in)', 'Mini-SIM', NULL, NULL, NULL, NULL, '[{"category":"Network","specs":[{"label":"Technology","value":"GSM"},{"label":"2G bands","value":"GSM 900 / 1800"},{"label":"GPRS","value":"Yes"}]},{"category":"Launch","specs":[{"label":"Announced","value":"2007"},{"label":"Status","value":"Discontinued"}]},{"category":"Body","specs":[{"label":"Dimensions","value":"100 x 51 x 16.8 mm (3.94 x 2.01 x 0.66 in)"},{"label":"SIM","value":"Mini-SIM"}]},{"category":"Display","specs":[{"label":"Type","value":"TFT, 65K colors"},{"label":"Size","value":"2.2 inches, 15.0 cm 2 (~29.4% screen-to-body ratio)"},{"label":"Resolution","value":"240 x 320 pixels, 4:3 ratio (~182 ppi density)"}]},{"category":"Platform","specs":[{"label":"OS","value":"Microsoft Windows Mobile 5.0 Phone Edition"}]},{"category":"Memory","specs":[{"label":"Card slot","value":"microSD (dedicated slot)"},{"label":"Internal","value":"64MB"}]},{"category":"Main Camera","specs":[{"label":"Single","value":"2 MP"},{"label":"Video","value":"Yes"}]},{"category":"Sound","specs":[{"label":"Loudspeaker","value":"No"},{"label":"3.5mm jack","value":"No"},{"label":"Alert types","value":"Vibration; Downloadable polyphonic ringtones"}]},{"category":"Comms","specs":[{"label":"WLAN","value":"No"},{"label":"Bluetooth","value":"1.2, A2DP"},{"label":"Positioning","value":"No"},{"label":"USB","value":"No"},{"label":"Radio","value":"No"}]},{"category":"Features","specs":[{"label":"Browser","value":"MS IE"}]},{"category":"Battery","specs":[{"label":"Type","value":"Removable Li-Ion 1100 mAh battery"}]},{"category":"Misc","specs":[{"label":"Colors","value":"Black"}]}]');
INSERT OR IGNORE INTO device_pictures (device_id, url, position) VALUES (1600, 'https://fdn2.gsmarena.com/vv/bigpic/amoi-e76.gif', 0);
INSERT OR IGNORE INTO devices (id, brand_id, name, gsmarena_url, thumbnail_url, summary) VALUES (1601, 10, 'E72', 'https://www.gsmarena.com/amoi_e72-2032.php', 'https://fdn2.gsmarena.com/vv/bigpic/amoi-e72.gif', 'E72');
INSERT OR IGNORE INTO device_specs (device_id, announced, status, network, os, chipset, cpu, gpu, display_size, display_type, display_res, ram, storage, main_camera, selfie_camera, battery, charging, nfc, usb, bluetooth, wlan, colors, weight, dimensions, sim, sensors, popularity, fans, rating, full_specs_json) VALUES (1601, '2007', 'Discontinued', 'GSM', 'Microsoft Windows Mobile 5.0 Phone Edition', NULL, NULL, NULL, '2.0 inches, 12.6 cm 2 (~28.1% screen-to-body ratio)', 'TFT, 65K colors', '176 x 220 pixels (~141 ppi density)', NULL, '64MB', '1.3 MP', NULL, 'Removable Li-Ion 1100 mAh battery', NULL, NULL, 'No', '1.2, A2DP', 'No', 'Black', NULL, '100 x 44.8 x 14.8 mm (3.94 x 1.76 x 0.58 in)', 'Mini-SIM', NULL, NULL, NULL, NULL, '[{"category":"Network","specs":[{"label":"Technology","value":"GSM"},{"label":"2G bands","value":"GSM 900 / 1900"},{"label":"Speed","value":"HSPA"},{"label":"GPRS","value":"Yes"}]},{"category":"Launch","specs":[{"label":"Announced","value":"2007"},{"label":"Status","value":"Discontinued"}]},{"category":"Body","specs":[{"label":"Dimensions","value":"100 x 44.8 x 14.8 mm (3.94 x 1.76 x 0.58 in)"},{"label":"SIM","value":"Mini-SIM"}]},{"category":"Display","specs":[{"label":"Type","value":"TFT, 65K colors"},{"label":"Size","value":"2.0 inches, 12.6 cm 2 (~28.1% screen-to-body ratio)"},{"label":"Resolution","value":"176 x 220 pixels (~141 ppi density)"}]},{"category":"Platform","specs":[{"label":"OS","value":"Microsoft Windows Mobile 5.0 Phone Edition"}]},{"category":"Memory","specs":[{"label":"Card slot","value":"microSD (dedicated slot)"},{"label":"Internal","value":"64MB"}]},{"category":"Main Camera","specs":[{"label":"Single","value":"1.3 MP"},{"label":"Video","value":"Yes"}]},{"category":"Sound","specs":[{"label":"Loudspeaker","value":"No"},{"label":"3.5mm jack","value":"No"},{"label":"Alert types","value":"Vibration; Downloadable polyphonic ringtones"}]},{"category":"Comms","specs":[{"label":"WLAN","value":"No"},{"label":"Bluetooth","value":"1.2, A2DP"},{"label":"Positioning","value":"No"},{"label":"USB","value":"No"},{"label":"Radio","value":"No"}]},{"category":"Features","specs":[{"label":"Browser","value":"WAP 2.0 / HTML (PocketIE)"}]},{"category":"Battery","specs":[{"label":"Type","value":"Removable Li-Ion 1100 mAh battery"}]},{"category":"Misc","specs":[{"label":"Colors","value":"Black"}]}]');
INSERT OR IGNORE INTO device_pictures (device_id, url, position) VALUES (1601, 'https://fdn2.gsmarena.com/vv/bigpic/amoi-e72.gif', 0);
INSERT OR IGNORE INTO devices (id, brand_id, name, gsmarena_url, thumbnail_url, summary) VALUES (1602, 10, 'WMA8701A', 'https://www.gsmarena.com/amoi_wma8701a-2031.php', 'https://fdn2.gsmarena.com/vv/bigpic/amoi-8701a.gif', 'WMA8701A');
INSERT OR IGNORE INTO device_specs (device_id, announced, status, network, os, chipset, cpu, gpu, display_size, display_type, display_res, ram, storage, main_camera, selfie_camera, battery, charging, nfc, usb, bluetooth, wlan, colors, weight, dimensions, sim, sensors, popularity, fans, rating, full_specs_json) VALUES (1602, '2007', 'Discontinued', 'GSM / UMTS', NULL, NULL, NULL, NULL, '2.2 inches, 15.0 cm 2 (~28.5% screen-to-body ratio)', 'TFT, 256K colors', '320 x 240 pixels, 4:3 ratio (~182 ppi density)', NULL, '200MB', '2 MP', 'VGA videocall camera', 'Removable Li-Ion 820 mAh battery', NULL, NULL, 'No', '1.2, A2DP', 'No', 'Black', NULL, '109.4 x 48 x 13.8 mm (4.31 x 1.89 x 0.54 in)', 'Mini-SIM', NULL, NULL, NULL, NULL, '[{"category":"Network","specs":[{"label":"Technology","value":"GSM / UMTS"},{"label":"2G bands","value":"GSM 900 / 1800"},{"label":"3G bands","value":"UMTS 2100"},{"label":"Speed","value":"HSPA"}]},{"category":"Launch","specs":[{"label":"Announced","value":"2007"},{"label":"Status","value":"Discontinued"}]},{"category":"Body","specs":[{"label":"Dimensions","value":"109.4 x 48 x 13.8 mm (4.31 x 1.89 x 0.54 in)"},{"label":"SIM","value":"Mini-SIM"}]},{"category":"Display","specs":[{"label":"Type","value":"TFT, 256K colors"},{"label":"Size","value":"2.2 inches, 15.0 cm 2 (~28.5% screen-to-body ratio)"},{"label":"Resolution","value":"320 x 240 pixels, 4:3 ratio (~182 ppi density)"}]},{"category":"Memory","specs":[{"label":"Card slot","value":"microSD (dedicated slot)"},{"label":"Internal","value":"200MB"},{"label":"Phonebook","value":"500 entries"},{"label":"Call records","value":"20 dialed, 20 received, 20 missed calls"}]},{"category":"Main Camera","specs":[{"label":"Single","value":"2 MP"},{"label":"Video","value":"Yes"}]},{"category":"Selfie camera","specs":[{"label":"Single","value":"VGA videocall camera"}]},{"category":"Sound","specs":[{"label":"Loudspeaker","value":"No"},{"label":"3.5mm jack","value":"No"},{"label":"Alert types","value":"Vibration; Downloadable polyphonic, AMR, MP3, AAC, AAC+, WAV, MIDI ringtones"}]},{"category":"Comms","specs":[{"label":"WLAN","value":"No"},{"label":"Bluetooth","value":"1.2, A2DP"},{"label":"Positioning","value":"No"},{"label":"USB","value":"No"},{"label":"Radio","value":"No"}]},{"category":"Features","specs":[{"label":"Messaging","value":"SMS, MMS, Email"},{"label":"Browser","value":"WAP 2.0"},{"label":"Games","value":"Yes"},{"label":"Java","value":"Yes, MIDP 2.0"}]},{"category":"Battery","specs":[{"label":"Type","value":"Removable Li-Ion 820 mAh battery"}]},{"category":"Misc","specs":[{"label":"Colors","value":"Black"}]}]');
INSERT OR IGNORE INTO device_pictures (device_id, url, position) VALUES (1602, 'https://fdn2.gsmarena.com/vv/bigpic/amoi-8701a.gif', 0);
INSERT OR IGNORE INTO devices (id, brand_id, name, gsmarena_url, thumbnail_url, summary) VALUES (1603, 10, 'WMA8703', 'https://www.gsmarena.com/amoi_wma8703-2029.php', 'https://fdn2.gsmarena.com/vv/bigpic/amoi-8703.gif', 'WMA8703');
INSERT OR IGNORE INTO device_specs (device_id, announced, status, network, os, chipset, cpu, gpu, display_size, display_type, display_res, ram, storage, main_camera, selfie_camera, battery, charging, nfc, usb, bluetooth, wlan, colors, weight, dimensions, sim, sensors, popularity, fans, rating, full_specs_json) VALUES (1603, '2007', 'Discontinued', 'GSM / UMTS', NULL, NULL, NULL, NULL, '2.2 inches, 15.0 cm 2 (~28.5% screen-to-body ratio)', 'TFT, 256K colors', '320 x 240 pixels, 4:3 ratio (~182 ppi density)', NULL, '200MB', '3.15 MP', 'VGA videocall camera', 'Removable Li-Ion 920 mAh battery', NULL, NULL, 'No', '1.2, A2DP', 'No', 'Black', NULL, '109.4 x 48 x 13.8 mm (4.31 x 1.89 x 0.54 in)', 'Mini-SIM', NULL, NULL, NULL, NULL, '[{"category":"Network","specs":[{"label":"Technology","value":"GSM / UMTS"},{"label":"2G bands","value":"GSM 900 / 1800"},{"label":"3G bands","value":"UMTS 2100"},{"label":"Speed","value":"HSPA"}]},{"category":"Launch","specs":[{"label":"Announced","value":"2007"},{"label":"Status","value":"Discontinued"}]},{"category":"Body","specs":[{"label":"Dimensions","value":"109.4 x 48 x 13.8 mm (4.31 x 1.89 x 0.54 in)"},{"label":"SIM","value":"Mini-SIM"}]},{"category":"Display","specs":[{"label":"Type","value":"TFT, 256K colors"},{"label":"Size","value":"2.2 inches, 15.0 cm 2 (~28.5% screen-to-body ratio)"},{"label":"Resolution","value":"320 x 240 pixels, 4:3 ratio (~182 ppi density)"}]},{"category":"Memory","specs":[{"label":"Card slot","value":"microSD (dedicated slot)"},{"label":"Internal","value":"200MB"},{"label":"Phonebook","value":"500 entries"},{"label":"Call records","value":"20 dialed, 20 received, 20 missed calls"}]},{"category":"Main Camera","specs":[{"label":"Single","value":"3.15 MP"},{"label":"Video","value":"Yes"}]},{"category":"Selfie camera","specs":[{"label":"Single","value":"VGA videocall camera"}]},{"category":"Sound","specs":[{"label":"Loudspeaker","value":"No"},{"label":"3.5mm jack","value":"No"},{"label":"Alert types","value":"Vibration; Downloadable polyphonic, AMR, MP3, AAC, AAC+, WAV, MIDI ringtones"}]},{"category":"Comms","specs":[{"label":"WLAN","value":"No"},{"label":"Bluetooth","value":"1.2, A2DP"},{"label":"Positioning","value":"No"},{"label":"USB","value":"No"},{"label":"Radio","value":"No"}]},{"category":"Features","specs":[{"label":"Messaging","value":"SMS, MMS, Email"},{"label":"Browser","value":"WAP 2.0"},{"label":"Games","value":"Yes"},{"label":"Java","value":"Yes, MIDP 2.0"}]},{"category":"Battery","specs":[{"label":"Type","value":"Removable Li-Ion 920 mAh battery"}]},{"category":"Misc","specs":[{"label":"Colors","value":"Black"}]}]');
INSERT OR IGNORE INTO device_pictures (device_id, url, position) VALUES (1603, 'https://fdn2.gsmarena.com/vv/bigpic/amoi-8703.gif', 0);
INSERT OR IGNORE INTO devices (id, brand_id, name, gsmarena_url, thumbnail_url, summary) VALUES (1604, 10, 'WMA8508', 'https://www.gsmarena.com/amoi_wma8508-2028.php', 'https://fdn2.gsmarena.com/vv/bigpic/amoi-8508.gif', 'WMA8508');
INSERT OR IGNORE INTO device_specs (device_id, announced, status, network, os, chipset, cpu, gpu, display_size, display_type, display_res, ram, storage, main_camera, selfie_camera, battery, charging, nfc, usb, bluetooth, wlan, colors, weight, dimensions, sim, sensors, popularity, fans, rating, full_specs_json) VALUES (1604, '2007, August', 'Cancelled', 'GSM / UMTS', NULL, NULL, NULL, NULL, '2.0 inches, 12.6 cm 2 (~27.6% screen-to-body ratio)', 'TFT, 256K colors', '176 x 220 pixels (~141 ppi density)', NULL, '16MB', '1.3 MP, rotating lens', NULL, 'Removable Li-Ion 780 mAh battery', NULL, NULL, 'No', '1.2, A2DP', 'No', 'Black', NULL, '95 x 48 x 15.9 mm (3.74 x 1.89 x 0.63 in)', 'Mini-SIM', NULL, NULL, NULL, NULL, '[{"category":"Network","specs":[{"label":"Technology","value":"GSM / UMTS"},{"label":"2G bands","value":"GSM 900 / 1800"},{"label":"3G bands","value":"UMTS 2100"},{"label":"Speed","value":"Yes, 384 kbps"}]},{"category":"Launch","specs":[{"label":"Announced","value":"2007, August"},{"label":"Status","value":"Cancelled"}]},{"category":"Body","specs":[{"label":"Dimensions","value":"95 x 48 x 15.9 mm (3.74 x 1.89 x 0.63 in)"},{"label":"SIM","value":"Mini-SIM"}]},{"category":"Display","specs":[{"label":"Type","value":"TFT, 256K colors"},{"label":"Size","value":"2.0 inches, 12.6 cm 2 (~27.6% screen-to-body ratio)"},{"label":"Resolution","value":"176 x 220 pixels (~141 ppi density)"}]},{"category":"Memory","specs":[{"label":"Card slot","value":"microSD"},{"label":"Internal","value":"16MB"},{"label":"Phonebook","value":"500 entries"},{"label":"Call records","value":"20 dialed, 20 received, 20 missed calls"}]},{"category":"Main Camera","specs":[{"label":"Single","value":"1.3 MP"},{"label":"Features","value":"rotating lens"},{"label":"Video","value":"No"}]},{"category":"Sound","specs":[{"label":"Loudspeaker","value":"No"},{"label":"3.5mm jack","value":"No"},{"label":"Alert types","value":"Vibration; Downloadable polyphonic, AMR, MP3, AAC, AAC+, midi, wav ringtones"}]},{"category":"Comms","specs":[{"label":"WLAN","value":"No"},{"label":"Bluetooth","value":"1.2, A2DP"},{"label":"Positioning","value":"No"},{"label":"USB","value":"No"},{"label":"Radio","value":"No"}]},{"category":"Features","specs":[{"label":"Messaging","value":"SMS, MMS, Email"},{"label":"Browser","value":"WAP 2.0"},{"label":"Games","value":"Yes"},{"label":"Java","value":"Yes, MIDP 2.0"}]},{"category":"Battery","specs":[{"label":"Type","value":"Removable Li-Ion 780 mAh battery"}]},{"category":"Misc","specs":[{"label":"Colors","value":"Black"}]}]');
INSERT OR IGNORE INTO device_pictures (device_id, url, position) VALUES (1604, 'https://fdn2.gsmarena.com/vv/bigpic/amoi-8508.gif', 0);
INSERT OR IGNORE INTO devices (id, brand_id, name, gsmarena_url, thumbnail_url, summary) VALUES (1605, 10, 'CMA8170', 'https://www.gsmarena.com/amoi_cma8170-2027.php', 'https://fdn2.gsmarena.com/vv/bigpic/amoi-8170.gif', 'CMA8170');
INSERT OR IGNORE INTO device_specs (device_id, announced, status, network, os, chipset, cpu, gpu, display_size, display_type, display_res, ram, storage, main_camera, selfie_camera, battery, charging, nfc, usb, bluetooth, wlan, colors, weight, dimensions, sim, sensors, popularity, fans, rating, full_specs_json) VALUES (1605, '2007', 'Discontinued', 'GSM', NULL, NULL, NULL, NULL, '2.0 inches, 12.6 cm 2 (~27.5% screen-to-body ratio)', 'TFT, 256K colors', '176 x 220 pixels (~141 ppi density)', NULL, '90MB', '1.3 MP', NULL, 'Removable Li-Ion 860 mAh battery', NULL, NULL, 'No', '1.1', 'No', 'Black', NULL, '92.5 x 49.5 x 18.7 mm (3.64 x 1.95 x 0.74 in)', 'Mini-SIM', NULL, NULL, NULL, NULL, '[{"category":"Network","specs":[{"label":"Technology","value":"GSM"},{"label":"2G bands","value":"GSM 900 / 1800 / CDMA2000 1x EV-DO"},{"label":"GPRS","value":"No"},{"label":"EDGE","value":"No"}]},{"category":"Launch","specs":[{"label":"Announced","value":"2007"},{"label":"Status","value":"Discontinued"}]},{"category":"Body","specs":[{"label":"Dimensions","value":"92.5 x 49.5 x 18.7 mm (3.64 x 1.95 x 0.74 in)"},{"label":"SIM","value":"Mini-SIM"}]},{"category":"Display","specs":[{"label":"Type","value":"TFT, 256K colors"},{"label":"Size","value":"2.0 inches, 12.6 cm 2 (~27.5% screen-to-body ratio)"},{"label":"Resolution","value":"176 x 220 pixels (~141 ppi density)"}]},{"category":"Memory","specs":[{"label":"Card slot","value":"microSD (dedicated slot)"},{"label":"Internal","value":"90MB"},{"label":"Phonebook","value":"500 entries"},{"label":"Call records","value":"20 dialed, 20 received, 20 missed calls"}]},{"category":"Main Camera","specs":[{"label":"Single","value":"1.3 MP"},{"label":"Video","value":"No"}]},{"category":"Sound","specs":[{"label":"Loudspeaker","value":"No"},{"label":"3.5mm jack","value":"No"},{"label":"Alert types","value":"Vibration; Downloadable polyphonic, MIDI, MP3 ringtones"}]},{"category":"Comms","specs":[{"label":"WLAN","value":"No"},{"label":"Bluetooth","value":"1.1"},{"label":"Positioning","value":"No"},{"label":"USB","value":"No"},{"label":"Radio","value":"No"}]},{"category":"Features","specs":[{"label":"Messaging","value":"SMS, MMS, Email"},{"label":"Browser","value":"WAP 2.0"},{"label":"Games","value":"Yes"},{"label":"Java","value":"Yes (optional)"}]},{"category":"Battery","specs":[{"label":"Type","value":"Removable Li-Ion 860 mAh battery"}]},{"category":"Misc","specs":[{"label":"Colors","value":"Black"}]}]');
INSERT OR IGNORE INTO device_pictures (device_id, url, position) VALUES (1605, 'https://fdn2.gsmarena.com/vv/bigpic/amoi-8170.gif', 0);
INSERT OR IGNORE INTO devices (id, brand_id, name, gsmarena_url, thumbnail_url, summary) VALUES (1606, 10, 'M33', 'https://www.gsmarena.com/amoi_m33-2026.php', 'https://fdn2.gsmarena.com/vv/bigpic/amoi-m33.gif', 'M33');
INSERT OR IGNORE INTO device_specs (device_id, announced, status, network, os, chipset, cpu, gpu, display_size, display_type, display_res, ram, storage, main_camera, selfie_camera, battery, charging, nfc, usb, bluetooth, wlan, colors, weight, dimensions, sim, sensors, popularity, fans, rating, full_specs_json) VALUES (1606, '2007, Q3', 'Cancelled', 'GSM', NULL, NULL, NULL, NULL, '1.8 inches, 10.2 cm 2 (~21.4% screen-to-body ratio)', 'CSTN, 65K colors', '128 x 160 pixels (~114 ppi density)', NULL, '30MB', 'VGA', NULL, 'Removable Li-Ion 700 mAh battery', NULL, NULL, 'No', 'No', 'No', 'Silver', NULL, '106 x 45 x 10.5 mm (4.17 x 1.77 x 0.41 in)', 'Mini-SIM', NULL, NULL, NULL, NULL, '[{"category":"Network","specs":[{"label":"Technology","value":"GSM"},{"label":"2G bands","value":"GSM 900 / 1800"},{"label":"GPRS","value":"No"},{"label":"EDGE","value":"No"}]},{"category":"Launch","specs":[{"label":"Announced","value":"2007, Q3"},{"label":"Status","value":"Cancelled"}]},{"category":"Body","specs":[{"label":"Dimensions","value":"106 x 45 x 10.5 mm (4.17 x 1.77 x 0.41 in)"},{"label":"SIM","value":"Mini-SIM"}]},{"category":"Display","specs":[{"label":"Type","value":"CSTN, 65K colors"},{"label":"Size","value":"1.8 inches, 10.2 cm 2 (~21.4% screen-to-body ratio)"},{"label":"Resolution","value":"128 x 160 pixels (~114 ppi density)"}]},{"category":"Memory","specs":[{"label":"Card slot","value":"microSD"},{"label":"Internal","value":"30MB"},{"label":"Phonebook","value":"500 entries"},{"label":"Call records","value":"20 dialed, 20 received, 20 missed calls"}]},{"category":"Main Camera","specs":[{"label":"Single","value":"VGA"},{"label":"Video","value":"No"}]},{"category":"Sound","specs":[{"label":"Loudspeaker","value":"No"},{"label":"3.5mm jack","value":"No"},{"label":"Alert types","value":"Vibration; Downloadable polyphonic, MP3 ringtones"}]},{"category":"Comms","specs":[{"label":"WLAN","value":"No"},{"label":"Bluetooth","value":"No"},{"label":"Positioning","value":"No"},{"label":"USB","value":"No"},{"label":"Radio","value":"FM radio"}]},{"category":"Features","specs":[{"label":"Messaging","value":"SMS"},{"label":"Browser","value":"No"},{"label":"Games","value":"Yes"},{"label":"Java","value":"No"}]},{"category":"Battery","specs":[{"label":"Type","value":"Removable Li-Ion 700 mAh battery"}]},{"category":"Misc","specs":[{"label":"Colors","value":"Silver"}]}]');
INSERT OR IGNORE INTO device_pictures (device_id, url, position) VALUES (1606, 'https://fdn2.gsmarena.com/vv/bigpic/amoi-m33.gif', 0);
INSERT OR IGNORE INTO devices (id, brand_id, name, gsmarena_url, thumbnail_url, summary) VALUES (1607, 10, 'A203', 'https://www.gsmarena.com/amoi_a203-2022.php', 'https://fdn2.gsmarena.com/vv/bigpic/amoi-a203.gif', 'A203');
INSERT OR IGNORE INTO device_specs (device_id, announced, status, network, os, chipset, cpu, gpu, display_size, display_type, display_res, ram, storage, main_camera, selfie_camera, battery, charging, nfc, usb, bluetooth, wlan, colors, weight, dimensions, sim, sensors, popularity, fans, rating, full_specs_json) VALUES (1607, '2007', 'Discontinued', 'GSM', NULL, NULL, NULL, NULL, '1.5 inches, 7.3 cm 2 (~15.6% screen-to-body ratio)', 'CSTN, 65K colors', '128 x 128 pixels, 1:1 ratio (~121 ppi density)', NULL, '5MB', 'VGA', NULL, 'Removable Li-Ion 750 mAh battery', NULL, NULL, 'No', 'No', 'No', 'Black', NULL, '101 x 46 x 13.4 mm (3.98 x 1.81 x 0.53 in)', 'Mini-SIM', NULL, NULL, NULL, NULL, '[{"category":"Network","specs":[{"label":"Technology","value":"GSM"},{"label":"2G bands","value":"GSM 900 / 1800"},{"label":"GPRS","value":"No"},{"label":"EDGE","value":"No"}]},{"category":"Launch","specs":[{"label":"Announced","value":"2007"},{"label":"Status","value":"Discontinued"}]},{"category":"Body","specs":[{"label":"Dimensions","value":"101 x 46 x 13.4 mm (3.98 x 1.81 x 0.53 in)"},{"label":"SIM","value":"Mini-SIM"}]},{"category":"Display","specs":[{"label":"Type","value":"CSTN, 65K colors"},{"label":"Size","value":"1.5 inches, 7.3 cm 2 (~15.6% screen-to-body ratio)"},{"label":"Resolution","value":"128 x 128 pixels, 1:1 ratio (~121 ppi density)"}]},{"category":"Memory","specs":[{"label":"Card slot","value":"No"},{"label":"Internal","value":"5MB"},{"label":"Phonebook","value":"500 entries"},{"label":"Call records","value":"20 dialed, 20 received, 20 missed calls"}]},{"category":"Main Camera","specs":[{"label":"Single","value":"VGA"},{"label":"Video","value":"No"}]},{"category":"Sound","specs":[{"label":"Loudspeaker","value":"No"},{"label":"3.5mm jack","value":"No"},{"label":"Alert types","value":"Vibration; Downloadable polyphonic, MIDI ringtones"}]},{"category":"Comms","specs":[{"label":"WLAN","value":"No"},{"label":"Bluetooth","value":"No"},{"label":"Positioning","value":"No"},{"label":"USB","value":"No"},{"label":"Radio","value":"FM radio"}]},{"category":"Features","specs":[{"label":"Messaging","value":"SMS"},{"label":"Browser","value":"No"},{"label":"Games","value":"Yes"},{"label":"Java","value":"No"}]},{"category":"Battery","specs":[{"label":"Type","value":"Removable Li-Ion 750 mAh battery"}]},{"category":"Misc","specs":[{"label":"Colors","value":"Black"}]}]');
INSERT OR IGNORE INTO device_pictures (device_id, url, position) VALUES (1607, 'https://fdn2.gsmarena.com/vv/bigpic/amoi-a203.gif', 0);
INSERT OR IGNORE INTO device_pictures (device_id, url, position) VALUES (1607, 'https://fdn2.gsmarena.com/vv/pics/amoi/amoi_a203_00.jpg', 1);
INSERT OR IGNORE INTO devices (id, brand_id, name, gsmarena_url, thumbnail_url, summary) VALUES (1608, 10, 'A200', 'https://www.gsmarena.com/amoi_a200-2021.php', 'https://fdn2.gsmarena.com/vv/bigpic/amoi-a200.gif', 'A200');
INSERT OR IGNORE INTO device_specs (device_id, announced, status, network, os, chipset, cpu, gpu, display_size, display_type, display_res, ram, storage, main_camera, selfie_camera, battery, charging, nfc, usb, bluetooth, wlan, colors, weight, dimensions, sim, sensors, popularity, fans, rating, full_specs_json) VALUES (1608, '2007', 'Discontinued', 'GSM', NULL, NULL, NULL, NULL, '1.5 inches, 7.3 cm 2 (~21.6% screen-to-body ratio)', 'CSTN, 65K colors', '128 x 128 pixels, 1:1 ratio (~121 ppi density)', NULL, '3MB', 'VGA', NULL, 'Removable Li-Ion 750 mAh battery', NULL, NULL, 'No', 'No', 'No', 'Black & Silver, Pink & White', NULL, '82 x 41 x 15 mm (3.23 x 1.61 x 0.59 in)', 'Mini-SIM', NULL, NULL, NULL, NULL, '[{"category":"Network","specs":[{"label":"Technology","value":"GSM"},{"label":"2G bands","value":"GSM 900 / 1800"},{"label":"GPRS","value":"No"},{"label":"EDGE","value":"No"}]},{"category":"Launch","specs":[{"label":"Announced","value":"2007"},{"label":"Status","value":"Discontinued"}]},{"category":"Body","specs":[{"label":"Dimensions","value":"82 x 41 x 15 mm (3.23 x 1.61 x 0.59 in)"},{"label":"SIM","value":"Mini-SIM"}]},{"category":"Display","specs":[{"label":"Type","value":"CSTN, 65K colors"},{"label":"Size","value":"1.5 inches, 7.3 cm 2 (~21.6% screen-to-body ratio)"},{"label":"Resolution","value":"128 x 128 pixels, 1:1 ratio (~121 ppi density)"}]},{"category":"Memory","specs":[{"label":"Card slot","value":"No"},{"label":"Internal","value":"3MB"},{"label":"Phonebook","value":"500 entries"},{"label":"Call records","value":"20 dialed, 20 received, 20 missed calls"}]},{"category":"Main Camera","specs":[{"label":"Single","value":"VGA"},{"label":"Video","value":"No"}]},{"category":"Sound","specs":[{"label":"Loudspeaker","value":"No"},{"label":"3.5mm jack","value":"No"},{"label":"Alert types","value":"Vibration; Downloadable polyphonic, MIDI ringtones"}]},{"category":"Comms","specs":[{"label":"WLAN","value":"No"},{"label":"Bluetooth","value":"No"},{"label":"Positioning","value":"No"},{"label":"USB","value":"No"},{"label":"Radio","value":"No"}]},{"category":"Features","specs":[{"label":"Messaging","value":"SMS"},{"label":"Browser","value":"No"},{"label":"Games","value":"Yes"},{"label":"Java","value":"No"}]},{"category":"Battery","specs":[{"label":"Type","value":"Removable Li-Ion 750 mAh battery"}]},{"category":"Misc","specs":[{"label":"Colors","value":"Black & Silver, Pink & White"}]}]');
INSERT OR IGNORE INTO device_pictures (device_id, url, position) VALUES (1608, 'https://fdn2.gsmarena.com/vv/bigpic/amoi-a200.gif', 0);
INSERT OR IGNORE INTO device_pictures (device_id, url, position) VALUES (1608, 'https://fdn2.gsmarena.com/vv/pics/amoi/amoi_a200_00.jpg', 1);
INSERT OR IGNORE INTO devices (id, brand_id, name, gsmarena_url, thumbnail_url, summary) VALUES (1609, 10, 'A102', 'https://www.gsmarena.com/amoi_a102-2020.php', 'https://fdn2.gsmarena.com/vv/bigpic/amoi-a102.gif', 'A102');
INSERT OR IGNORE INTO device_specs (device_id, announced, status, network, os, chipset, cpu, gpu, display_size, display_type, display_res, ram, storage, main_camera, selfie_camera, battery, charging, nfc, usb, bluetooth, wlan, colors, weight, dimensions, sim, sensors, popularity, fans, rating, full_specs_json) VALUES (1609, '2007', 'Discontinued', 'GSM', NULL, NULL, NULL, NULL, '1.5 inches, 7.3 cm 2 (~18.9% screen-to-body ratio)', 'CSTN, 65K colors', '128 x 128 pixels, 1:1 ratio (~121 ppi density)', NULL, NULL, NULL, NULL, 'Removable Li-Ion 750 mAh battery', NULL, NULL, 'No', 'No', 'No', 'Black', NULL, '85.5 x 45 x 18 mm (3.37 x 1.77 x 0.71 in)', 'Mini-SIM', NULL, NULL, NULL, NULL, '[{"category":"Network","specs":[{"label":"Technology","value":"GSM"},{"label":"2G bands","value":"GSM 900 / 1800"},{"label":"GPRS","value":"No"},{"label":"EDGE","value":"No"}]},{"category":"Launch","specs":[{"label":"Announced","value":"2007"},{"label":"Status","value":"Discontinued"}]},{"category":"Body","specs":[{"label":"Dimensions","value":"85.5 x 45 x 18 mm (3.37 x 1.77 x 0.71 in)"},{"label":"SIM","value":"Mini-SIM"}]},{"category":"Display","specs":[{"label":"Type","value":"CSTN, 65K colors"},{"label":"Size","value":"1.5 inches, 7.3 cm 2 (~18.9% screen-to-body ratio)"},{"label":"Resolution","value":"128 x 128 pixels, 1:1 ratio (~121 ppi density)"}]},{"category":"Memory","specs":[{"label":"Card slot","value":"No"},{"label":"Phonebook","value":"300 entries"},{"label":"Call records","value":"10 dialed, 10 received, 10 missed calls"}]},{"category":"Sound","specs":[{"label":"Loudspeaker","value":"No"},{"label":"3.5mm jack","value":"No"},{"label":"Alert types","value":"Vibration; Downloadable polyphonic, MIDI ringtones"}]},{"category":"Comms","specs":[{"label":"WLAN","value":"No"},{"label":"Bluetooth","value":"No"},{"label":"Positioning","value":"No"},{"label":"USB","value":"No"},{"label":"Radio","value":"No"}]},{"category":"Features","specs":[{"label":"Messaging","value":"SMS"},{"label":"Browser","value":"No"},{"label":"Games","value":"Yes"},{"label":"Java","value":"No"}]},{"category":"Battery","specs":[{"label":"Type","value":"Removable Li-Ion 750 mAh battery"}]},{"category":"Misc","specs":[{"label":"Colors","value":"Black"}]}]');
INSERT OR IGNORE INTO device_pictures (device_id, url, position) VALUES (1609, 'https://fdn2.gsmarena.com/vv/bigpic/amoi-a102.gif', 0);
INSERT OR IGNORE INTO device_pictures (device_id, url, position) VALUES (1609, 'https://fdn2.gsmarena.com/vv/pics/amoi/amoi_a102_00.jpg', 1);
INSERT OR IGNORE INTO devices (id, brand_id, name, gsmarena_url, thumbnail_url, summary) VALUES (1610, 10, 'A100', 'https://www.gsmarena.com/amoi_a100-2019.php', 'https://fdn2.gsmarena.com/vv/bigpic/amoi-a100.gif', 'A100');
INSERT OR IGNORE INTO device_specs (device_id, announced, status, network, os, chipset, cpu, gpu, display_size, display_type, display_res, ram, storage, main_camera, selfie_camera, battery, charging, nfc, usb, bluetooth, wlan, colors, weight, dimensions, sim, sensors, popularity, fans, rating, full_specs_json) VALUES (1610, '2007', 'Discontinued', 'GSM', NULL, NULL, NULL, NULL, '1.5 inches, 7.3 cm 2 (~18.9% screen-to-body ratio)', 'CSTN, 65K colors', '128 x 128 pixels, 1:1 ratio (~121 ppi density)', NULL, NULL, NULL, NULL, 'Removable Li-Ion 750 mAh battery', NULL, NULL, 'No', 'No', 'No', 'Black', '75 g (2.65 oz)', '85.5 x 45 x 18 mm (3.37 x 1.77 x 0.71 in)', 'Mini-SIM', NULL, NULL, NULL, NULL, '[{"category":"Network","specs":[{"label":"Technology","value":"GSM"},{"label":"2G bands","value":"GSM 900 / 1800"},{"label":"GPRS","value":"No"},{"label":"EDGE","value":"No"}]},{"category":"Launch","specs":[{"label":"Announced","value":"2007"},{"label":"Status","value":"Discontinued"}]},{"category":"Body","specs":[{"label":"Dimensions","value":"85.5 x 45 x 18 mm (3.37 x 1.77 x 0.71 in)"},{"label":"Weight","value":"75 g (2.65 oz)"},{"label":"SIM","value":"Mini-SIM"}]},{"category":"Display","specs":[{"label":"Type","value":"CSTN, 65K colors"},{"label":"Size","value":"1.5 inches, 7.3 cm 2 (~18.9% screen-to-body ratio)"},{"label":"Resolution","value":"128 x 128 pixels, 1:1 ratio (~121 ppi density)"}]},{"category":"Memory","specs":[{"label":"Card slot","value":"No"},{"label":"Phonebook","value":"300 entries"},{"label":"Call records","value":"10 dialed, 10 received, 10 missed calls"}]},{"category":"Sound","specs":[{"label":"Loudspeaker","value":"No"},{"label":"3.5mm jack","value":"No"},{"label":"Alert types","value":"Vibration; Downloadable polyphonic, MIDI ringtones"}]},{"category":"Comms","specs":[{"label":"WLAN","value":"No"},{"label":"Bluetooth","value":"No"},{"label":"Positioning","value":"No"},{"label":"USB","value":"No"},{"label":"Radio","value":"No"}]},{"category":"Features","specs":[{"label":"Messaging","value":"SMS"},{"label":"Browser","value":"No"},{"label":"Games","value":"Yes"},{"label":"Java","value":"No"}]},{"category":"Battery","specs":[{"label":"Type","value":"Removable Li-Ion 750 mAh battery"},{"label":"Stand-by","value":"Up to 350 h"},{"label":"Talk time","value":"Up to 7 h"}]},{"category":"Misc","specs":[{"label":"Colors","value":"Black"}]}]');
INSERT OR IGNORE INTO device_pictures (device_id, url, position) VALUES (1610, 'https://fdn2.gsmarena.com/vv/bigpic/amoi-a100.gif', 0);
INSERT OR IGNORE INTO device_pictures (device_id, url, position) VALUES (1610, 'https://fdn2.gsmarena.com/vv/pics/amoi/amoi_a100_00.jpg', 1);
INSERT OR IGNORE INTO devices (id, brand_id, name, gsmarena_url, thumbnail_url, summary) VALUES (1611, 10, 'A10', 'https://www.gsmarena.com/amoi_a10-2018.php', 'https://fdn2.gsmarena.com/vv/bigpic/amoi-a10.gif', 'A10');
INSERT OR IGNORE INTO device_specs (device_id, announced, status, network, os, chipset, cpu, gpu, display_size, display_type, display_res, ram, storage, main_camera, selfie_camera, battery, charging, nfc, usb, bluetooth, wlan, colors, weight, dimensions, sim, sensors, popularity, fans, rating, full_specs_json) VALUES (1611, '2007', 'Discontinued', 'GSM', NULL, NULL, NULL, NULL, '1.5 inches, 7.3 cm 2 (~16.1% screen-to-body ratio)', 'CSTN, mono', '128 x 128 pixels, 1:1 ratio (~121 ppi density)', NULL, NULL, NULL, NULL, 'Removable Li-Ion 1100 mAh battery', NULL, NULL, 'No', 'No', 'No', 'Black', NULL, '102.4 x 44 x 15 mm (4.03 x 1.73 x 0.59 in)', 'Mini-SIM', NULL, NULL, NULL, NULL, '[{"category":"Network","specs":[{"label":"Technology","value":"GSM"},{"label":"2G bands","value":"GSM 900 / 1800"},{"label":"GPRS","value":"No"},{"label":"EDGE","value":"No"}]},{"category":"Launch","specs":[{"label":"Announced","value":"2007"},{"label":"Status","value":"Discontinued"}]},{"category":"Body","specs":[{"label":"Dimensions","value":"102.4 x 44 x 15 mm (4.03 x 1.73 x 0.59 in)"},{"label":"SIM","value":"Mini-SIM"}]},{"category":"Display","specs":[{"label":"Type","value":"CSTN, mono"},{"label":"Size","value":"1.5 inches, 7.3 cm 2 (~16.1% screen-to-body ratio)"},{"label":"Resolution","value":"128 x 128 pixels, 1:1 ratio (~121 ppi density)"}]},{"category":"Memory","specs":[{"label":"Card slot","value":"No"},{"label":"Phonebook","value":"Yes"},{"label":"Call records","value":"10 dialed, 10 received, 10 missed calls"}]},{"category":"Sound","specs":[{"label":"Loudspeaker","value":"No"},{"label":"3.5mm jack","value":"No"},{"label":"Alert types","value":"Vibration; Downloadable polyphonic, MIDI, AMR ringtones"}]},{"category":"Comms","specs":[{"label":"WLAN","value":"No"},{"label":"Bluetooth","value":"No"},{"label":"Positioning","value":"No"},{"label":"USB","value":"No"},{"label":"Radio","value":"No"}]},{"category":"Features","specs":[{"label":"Messaging","value":"SMS"},{"label":"Browser","value":"No"},{"label":"Games","value":"Yes"},{"label":"Java","value":"No"}]},{"category":"Battery","specs":[{"label":"Type","value":"Removable Li-Ion 1100 mAh battery"},{"label":"Stand-by","value":"Up to 500 h"},{"label":"Talk time","value":"Up to 9 h"}]},{"category":"Misc","specs":[{"label":"Colors","value":"Black"}]}]');
INSERT OR IGNORE INTO device_pictures (device_id, url, position) VALUES (1611, 'https://fdn2.gsmarena.com/vv/bigpic/amoi-a10.gif', 0);
INSERT OR IGNORE INTO device_pictures (device_id, url, position) VALUES (1611, 'https://fdn2.gsmarena.com/vv/pics/amoi/amoi_a10_00.jpg', 1);
INSERT OR IGNORE INTO devices (id, brand_id, name, gsmarena_url, thumbnail_url, summary) VALUES (1612, 10, 'E850', 'https://www.gsmarena.com/amoi_e850-1821.php', 'https://fdn2.gsmarena.com/vv/bigpic/amoi-e850.gif', 'E850');
INSERT OR IGNORE INTO device_specs (device_id, announced, status, network, os, chipset, cpu, gpu, display_size, display_type, display_res, ram, storage, main_camera, selfie_camera, battery, charging, nfc, usb, bluetooth, wlan, colors, weight, dimensions, sim, sensors, popularity, fans, rating, full_specs_json) VALUES (1612, '2006, Q2', 'Discontinued', 'GSM', 'Microsoft Windows Mobile 5.0 for PocketPC Phone Edition', NULL, 'Intel XScale PXA 272 312 MHz', NULL, '2.4 inches, 16.8 cm 2 (~30.6% screen-to-body ratio)', 'TFT resistive touchscreen, 256K colors (65K effective)', '204 x 320 pixels (~158 ppi density)', NULL, '64MB RAM, 128MB ROM', '2 MP, LED flash', NULL, 'Removable Li-Ion 1100 mAh battery', NULL, NULL, '1.1', '1.2', 'No', 'Black', '108 g (3.81 oz)', '102 x 54 x 20 mm (4.02 x 2.13 x 0.79 in)', 'Mini-SIM', NULL, NULL, NULL, NULL, '[{"category":"Network","specs":[{"label":"Technology","value":"GSM"},{"label":"2G bands","value":"GSM 900 / 1800 / 1900"},{"label":"GPRS","value":"Class 10"},{"label":"EDGE","value":"No"}]},{"category":"Launch","specs":[{"label":"Announced","value":"2006, Q2"},{"label":"Status","value":"Discontinued"}]},{"category":"Body","specs":[{"label":"Dimensions","value":"102 x 54 x 20 mm (4.02 x 2.13 x 0.79 in)"},{"label":"Weight","value":"108 g (3.81 oz)"},{"label":"SIM","value":"Mini-SIM"}]},{"category":"Display","specs":[{"label":"Type","value":"TFT resistive touchscreen, 256K colors (65K effective)"},{"label":"Size","value":"2.4 inches, 16.8 cm 2 (~30.6% screen-to-body ratio)"},{"label":"Resolution","value":"204 x 320 pixels (~158 ppi density)"}]},{"category":"Platform","specs":[{"label":"OS","value":"Microsoft Windows Mobile 5.0 for PocketPC Phone Edition"},{"label":"CPU","value":"Intel XScale PXA 272 312 MHz"}]},{"category":"Memory","specs":[{"label":"Card slot","value":"microSD (dedicated slot)"},{"label":"Internal","value":"64MB RAM, 128MB ROM"}]},{"category":"Main Camera","specs":[{"label":"Single","value":"2 MP"},{"label":"Features","value":"LED flash"},{"label":"Video","value":"Yes"}]},{"category":"Sound","specs":[{"label":"Loudspeaker","value":"No"},{"label":"3.5mm jack","value":"No"},{"label":"Alert types","value":"Vibration; Downloadable polyphonic, MP3 ringtones"}]},{"category":"Comms","specs":[{"label":"WLAN","value":"No"},{"label":"Bluetooth","value":"1.2"},{"label":"Positioning","value":"No"},{"label":"USB","value":"1.1"},{"label":"Radio","value":"No"},{"label":"Infrared port","value":"Yes"}]},{"category":"Features","specs":[{"label":"Browser","value":"WAP 2.0"}]},{"category":"Battery","specs":[{"label":"Type","value":"Removable Li-Ion 1100 mAh battery"},{"label":"Stand-by","value":"Up to 150 h"},{"label":"Talk time","value":"Up to 4 h"}]},{"category":"Misc","specs":[{"label":"Colors","value":"Black"}]}]');
INSERT OR IGNORE INTO device_pictures (device_id, url, position) VALUES (1612, 'https://fdn2.gsmarena.com/vv/bigpic/amoi-e850.gif', 0);
INSERT OR IGNORE INTO device_pictures (device_id, url, position) VALUES (1612, 'https://fdn2.gsmarena.com/vv/pics/amoi/amoi_e850_00.jpg', 1);
INSERT OR IGNORE INTO devices (id, brand_id, name, gsmarena_url, thumbnail_url, summary) VALUES (1613, 10, 'V810', 'https://www.gsmarena.com/amoi_v810-1673.php', 'https://fdn2.gsmarena.com/vv/bigpic/amoi-v810.gif', 'V810');
INSERT OR IGNORE INTO device_specs (device_id, announced, status, network, os, chipset, cpu, gpu, display_size, display_type, display_res, ram, storage, main_camera, selfie_camera, battery, charging, nfc, usb, bluetooth, wlan, colors, weight, dimensions, sim, sensors, popularity, fans, rating, full_specs_json) VALUES (1613, '2006, Q2', 'Discontinued', 'GSM / UMTS', NULL, NULL, NULL, NULL, '2.0 inches, 12.6 cm 2 (~26.8% screen-to-body ratio)', 'TFT, 256Kcolors', '176 x 220 pixels (~141 ppi density)', NULL, '35MB', '1.3 MP, 180 deg rotating lens', NULL, 'Removable Li-Ion 720 mAh battery', NULL, NULL, 'Proprietary', 'Yes', 'No', 'Silver', '128g (4.52 oz)', '94 x 50 x 28 mm (3.70 x 1.97 x 1.10 in)', 'Mini-SIM', NULL, NULL, NULL, NULL, '[{"category":"Network","specs":[{"label":"Technology","value":"GSM / UMTS"},{"label":"2G bands","value":"GSM 900 / 1800"},{"label":"3G bands","value":"UMTS 2100"},{"label":"Speed","value":"Yes, 384 kbps"}]},{"category":"Launch","specs":[{"label":"Announced","value":"2006, Q2"},{"label":"Status","value":"Discontinued"}]},{"category":"Body","specs":[{"label":"Dimensions","value":"94 x 50 x 28 mm (3.70 x 1.97 x 1.10 in)"},{"label":"Weight","value":"128g (4.52 oz)"},{"label":"SIM","value":"Mini-SIM"}]},{"category":"Display","specs":[{"label":"Type","value":"TFT, 256Kcolors"},{"label":"Size","value":"2.0 inches, 12.6 cm 2 (~26.8% screen-to-body ratio)"},{"label":"Resolution","value":"176 x 220 pixels (~141 ppi density)"}]},{"category":"Memory","specs":[{"label":"Card slot","value":"microSD (dedicated slot)"},{"label":"Internal","value":"35MB"},{"label":"Phonebook","value":"Yes"},{"label":"Call records","value":"20 dialed, 20 received, 20 missed calls"}]},{"category":"Main Camera","specs":[{"label":"Single","value":"1.3 MP"},{"label":"Features","value":"180 deg rotating lens"},{"label":"Video","value":"CIF"}]},{"category":"Sound","specs":[{"label":"Loudspeaker","value":"No"},{"label":"3.5mm jack","value":"No"},{"label":"Alert types","value":"Vibration; Downloadable polyphonic, MP3 ringtones"}]},{"category":"Comms","specs":[{"label":"WLAN","value":"No"},{"label":"Bluetooth","value":"Yes"},{"label":"Positioning","value":"GPS, A-GPS"},{"label":"USB","value":"Proprietary"},{"label":"Radio","value":"No"}]},{"category":"Features","specs":[{"label":"Messaging","value":"SMS, MMS, Email"},{"label":"Browser","value":"WAP 2.0"},{"label":"Games","value":"Yes"},{"label":"Java","value":"No"}]},{"category":"Battery","specs":[{"label":"Type","value":"Removable Li-Ion 720 mAh battery"},{"label":"Stand-by","value":"Up to 120 h"},{"label":"Talk time","value":"Up to 3 h"}]},{"category":"Misc","specs":[{"label":"Colors","value":"Silver"}]}]');
INSERT OR IGNORE INTO device_pictures (device_id, url, position) VALUES (1613, 'https://fdn2.gsmarena.com/vv/bigpic/amoi-v810.gif', 0);
INSERT OR IGNORE INTO device_pictures (device_id, url, position) VALUES (1613, 'https://fdn2.gsmarena.com/vv/pics/amoi/amoi_v810_00.jpg', 1);
INSERT OR IGNORE INTO devices (id, brand_id, name, gsmarena_url, thumbnail_url, summary) VALUES (1614, 10, 'H815', 'https://www.gsmarena.com/amoi_h815-1672.php', 'https://fdn2.gsmarena.com/vv/bigpic/amoi-h815.gif', 'H815');
INSERT OR IGNORE INTO device_specs (device_id, announced, status, network, os, chipset, cpu, gpu, display_size, display_type, display_res, ram, storage, main_camera, selfie_camera, battery, charging, nfc, usb, bluetooth, wlan, colors, weight, dimensions, sim, sensors, popularity, fans, rating, full_specs_json) VALUES (1614, '2006, Q2', 'Discontinued', 'GSM / UMTS', NULL, NULL, NULL, NULL, '2.0 inches, 12.6 cm 2 (~31.1% screen-to-body ratio)', 'TFT, 256K colors', '176 x 220 pixels (~141 ppi density)', NULL, '36MB', '1.3 MP, 180 deg rotating lens', NULL, 'Removable Li-Ion 720 mAh battery', NULL, NULL, 'Proprietary', 'No', 'No', 'Silver', '106 g (3.74 oz)', '90 x 45 x 25 mm (3.54 x 1.77 x 0.98 in)', 'Mini-SIM', NULL, NULL, NULL, NULL, '[{"category":"Network","specs":[{"label":"Technology","value":"GSM / UMTS"},{"label":"2G bands","value":"GSM 900 / 1800"},{"label":"3G bands","value":"UMTS 2100"},{"label":"Speed","value":"Yes, 384 kbps"}]},{"category":"Launch","specs":[{"label":"Announced","value":"2006, Q2"},{"label":"Status","value":"Discontinued"}]},{"category":"Body","specs":[{"label":"Dimensions","value":"90 x 45 x 25 mm (3.54 x 1.77 x 0.98 in)"},{"label":"Weight","value":"106 g (3.74 oz)"},{"label":"SIM","value":"Mini-SIM"}]},{"category":"Display","specs":[{"label":"Type","value":"TFT, 256K colors"},{"label":"Size","value":"2.0 inches, 12.6 cm 2 (~31.1% screen-to-body ratio)"},{"label":"Resolution","value":"176 x 220 pixels (~141 ppi density)"}]},{"category":"Memory","specs":[{"label":"Card slot","value":"No"},{"label":"Internal","value":"36MB"},{"label":"Phonebook","value":"Yes, Photo/Video call"},{"label":"Call records","value":"20 dialed, 20 received, 20 missed calls"}]},{"category":"Main Camera","specs":[{"label":"Single","value":"1.3 MP"},{"label":"Features","value":"180 deg rotating lens"},{"label":"Video","value":"Yes"}]},{"category":"Sound","specs":[{"label":"Loudspeaker","value":"No"},{"label":"3.5mm jack","value":"No"},{"label":"Alert types","value":"Vibration; Downloadable polyphonic, MP3 ringtones"}]},{"category":"Comms","specs":[{"label":"WLAN","value":"No"},{"label":"Bluetooth","value":"No"},{"label":"Positioning","value":"No"},{"label":"USB","value":"Proprietary"},{"label":"Radio","value":"No"}]},{"category":"Features","specs":[{"label":"Messaging","value":"SMS, MMS, Email"},{"label":"Browser","value":"WAP 2.0"},{"label":"Games","value":"Yes"},{"label":"Java","value":"Yes"}]},{"category":"Battery","specs":[{"label":"Type","value":"Removable Li-Ion 720 mAh battery"},{"label":"Stand-by","value":"Up to 200 h"},{"label":"Talk time","value":"Up to 8 h"}]},{"category":"Misc","specs":[{"label":"Colors","value":"Silver"}]}]');
INSERT OR IGNORE INTO device_pictures (device_id, url, position) VALUES (1614, 'https://fdn2.gsmarena.com/vv/bigpic/amoi-h815.gif', 0);
INSERT OR IGNORE INTO device_pictures (device_id, url, position) VALUES (1614, 'https://fdn2.gsmarena.com/vv/pics/amoi/amoi_h815_00.jpg', 1);
INSERT OR IGNORE INTO devices (id, brand_id, name, gsmarena_url, thumbnail_url, summary) VALUES (1615, 10, 'H812', 'https://www.gsmarena.com/amoi_h812-1671.php', 'https://fdn2.gsmarena.com/vv/bigpic/amoi-h812.gif', 'H812');
INSERT OR IGNORE INTO device_specs (device_id, announced, status, network, os, chipset, cpu, gpu, display_size, display_type, display_res, ram, storage, main_camera, selfie_camera, battery, charging, nfc, usb, bluetooth, wlan, colors, weight, dimensions, sim, sensors, popularity, fans, rating, full_specs_json) VALUES (1615, '2006, Q2', 'Discontinued', 'GSM / UMTS', NULL, NULL, NULL, NULL, '2.0 inches, 12.6 cm 2 (~31.1% screen-to-body ratio)', 'TFT, 256K colors', '176 x 220 pixels (~141 ppi density)', NULL, '36MB', '1.3 MP, 180 deg rotating lens', NULL, 'Removable Li-Ion 720 mAh battery', NULL, NULL, 'Proprietary', 'No', 'No', 'Silver black', '106 g (3.74 oz)', '90 x 45 x 25 mm (3.54 x 1.77 x 0.98 in)', 'Mini-SIM', NULL, NULL, NULL, NULL, '[{"category":"Network","specs":[{"label":"Technology","value":"GSM / UMTS"},{"label":"2G bands","value":"GSM 900 / 1800"},{"label":"3G bands","value":"UMTS 2100"},{"label":"Speed","value":"Yes, 384 kbps"}]},{"category":"Launch","specs":[{"label":"Announced","value":"2006, Q2"},{"label":"Status","value":"Discontinued"}]},{"category":"Body","specs":[{"label":"Dimensions","value":"90 x 45 x 25 mm (3.54 x 1.77 x 0.98 in)"},{"label":"Weight","value":"106 g (3.74 oz)"},{"label":"SIM","value":"Mini-SIM"}]},{"category":"Display","specs":[{"label":"Type","value":"TFT, 256K colors"},{"label":"Size","value":"2.0 inches, 12.6 cm 2 (~31.1% screen-to-body ratio)"},{"label":"Resolution","value":"176 x 220 pixels (~141 ppi density)"}]},{"category":"Memory","specs":[{"label":"Card slot","value":"No"},{"label":"Internal","value":"36MB"},{"label":"Phonebook","value":"Yes, Photo/Video call"},{"label":"Call records","value":"20 dialed, 20 received, 20 missed calls"}]},{"category":"Main Camera","specs":[{"label":"Single","value":"1.3 MP"},{"label":"Features","value":"180 deg rotating lens"},{"label":"Video","value":"Yes"}]},{"category":"Sound","specs":[{"label":"Loudspeaker","value":"No"},{"label":"3.5mm jack","value":"No"},{"label":"Alert types","value":"Vibration; Downloadable polyphonic, MP3 ringtones"}]},{"category":"Comms","specs":[{"label":"WLAN","value":"No"},{"label":"Bluetooth","value":"No"},{"label":"Positioning","value":"No"},{"label":"USB","value":"Proprietary"},{"label":"Radio","value":"No"}]},{"category":"Features","specs":[{"label":"Messaging","value":"SMS, MMS, Email"},{"label":"Browser","value":"WAP 2.0"},{"label":"Games","value":"Yes"},{"label":"Java","value":"Yes"}]},{"category":"Battery","specs":[{"label":"Type","value":"Removable Li-Ion 720 mAh battery"},{"label":"Stand-by","value":"Up to 200 h"},{"label":"Talk time","value":"Up to 8 h"}]},{"category":"Misc","specs":[{"label":"Colors","value":"Silver black"}]}]');
INSERT OR IGNORE INTO device_pictures (device_id, url, position) VALUES (1615, 'https://fdn2.gsmarena.com/vv/bigpic/amoi-h812.gif', 0);
INSERT OR IGNORE INTO devices (id, brand_id, name, gsmarena_url, thumbnail_url, summary) VALUES (1616, 10, 'H810', 'https://www.gsmarena.com/amoi_h810-1670.php', 'https://fdn2.gsmarena.com/vv/bigpic/amoi-h810.gif', 'H810');
INSERT OR IGNORE INTO device_specs (device_id, announced, status, network, os, chipset, cpu, gpu, display_size, display_type, display_res, ram, storage, main_camera, selfie_camera, battery, charging, nfc, usb, bluetooth, wlan, colors, weight, dimensions, sim, sensors, popularity, fans, rating, full_specs_json) VALUES (1616, '2006, Q2', 'Discontinued', 'GSM / UMTS', NULL, NULL, NULL, NULL, '2.0 inches, 12.6 cm 2 (~31.1% screen-to-body ratio)', 'TFT, 256K colors', '176 x 220 pixels (~141 ppi density)', NULL, '36MB', '1.3 MP, 180 deg rotating lens', NULL, 'Removable Li-Ion 720 mAh battery', NULL, NULL, 'Proprietary', 'No', 'No', 'Silver black', '106g (3.74 oz)', '90 x 45 x 25 mm (3.54 x 1.77 x 0.98 in)', 'Mini-SIM', NULL, NULL, NULL, NULL, '[{"category":"Network","specs":[{"label":"Technology","value":"GSM / UMTS"},{"label":"2G bands","value":"GSM 900 / 1800"},{"label":"3G bands","value":"UMTS 2100"},{"label":"Speed","value":"Yes, 384 kbps"}]},{"category":"Launch","specs":[{"label":"Announced","value":"2006, Q2"},{"label":"Status","value":"Discontinued"}]},{"category":"Body","specs":[{"label":"Dimensions","value":"90 x 45 x 25 mm (3.54 x 1.77 x 0.98 in)"},{"label":"Weight","value":"106g (3.74 oz)"},{"label":"SIM","value":"Mini-SIM"}]},{"category":"Display","specs":[{"label":"Type","value":"TFT, 256K colors"},{"label":"Size","value":"2.0 inches, 12.6 cm 2 (~31.1% screen-to-body ratio)"},{"label":"Resolution","value":"176 x 220 pixels (~141 ppi density)"}]},{"category":"Memory","specs":[{"label":"Card slot","value":"No"},{"label":"Internal","value":"36MB"},{"label":"Phonebook","value":"Yes, Photo/Video call"},{"label":"Call records","value":"20 dialed, 20 received, 20 missed calls"}]},{"category":"Main Camera","specs":[{"label":"Single","value":"1.3 MP"},{"label":"Features","value":"180 deg rotating lens"},{"label":"Video","value":"QCIF"}]},{"category":"Sound","specs":[{"label":"Loudspeaker","value":"No"},{"label":"3.5mm jack","value":"No"},{"label":"Alert types","value":"Vibration; Downloadable polyphonic, MP3 ringtones"}]},{"category":"Comms","specs":[{"label":"WLAN","value":"No"},{"label":"Bluetooth","value":"No"},{"label":"Positioning","value":"No"},{"label":"USB","value":"Proprietary"},{"label":"Radio","value":"No"}]},{"category":"Features","specs":[{"label":"Messaging","value":"SMS, MMS, Email"},{"label":"Browser","value":"WAP 2.0"},{"label":"Games","value":"Yes"},{"label":"Java","value":"Yes"}]},{"category":"Battery","specs":[{"label":"Type","value":"Removable Li-Ion 720 mAh battery"},{"label":"Stand-by","value":"Up to 200 h"},{"label":"Talk time","value":"Up to 8 h"}]},{"category":"Misc","specs":[{"label":"Colors","value":"Silver black"}]}]');
INSERT OR IGNORE INTO device_pictures (device_id, url, position) VALUES (1616, 'https://fdn2.gsmarena.com/vv/bigpic/amoi-h810.gif', 0);
INSERT OR IGNORE INTO devices (id, brand_id, name, gsmarena_url, thumbnail_url, summary) VALUES (1617, 10, 'H802', 'https://www.gsmarena.com/amoi_h802-1669.php', 'https://fdn2.gsmarena.com/vv/bigpic/amoi-h802.gif', 'H802');
INSERT OR IGNORE INTO device_specs (device_id, announced, status, network, os, chipset, cpu, gpu, display_size, display_type, display_res, ram, storage, main_camera, selfie_camera, battery, charging, nfc, usb, bluetooth, wlan, colors, weight, dimensions, sim, sensors, popularity, fans, rating, full_specs_json) VALUES (1617, '2006, Q2', 'Discontinued', 'GSM / UMTS', NULL, NULL, NULL, NULL, '2.0 inches, 12.6 cm 2 (~26.9% screen-to-body ratio)', 'TFT, 256K colors', '176 x 220 pixels (~141 ppi density)', NULL, '7MB', '1.3 MP, 180 deg rotating lens', NULL, 'Removable Li-Ion 720 mAh battery', NULL, NULL, 'Proprietary', 'Optional', 'No', 'Silver black', '130g (4.59 oz)', '93.5 x 50 x 26.3 mm (3.68 x 1.97 x 1.04 in)', 'Mini-SIM', NULL, NULL, NULL, NULL, '[{"category":"Network","specs":[{"label":"Technology","value":"GSM / UMTS"},{"label":"2G bands","value":"GSM 900 / 1800 / 1900"},{"label":"3G bands","value":"UMTS 2100"},{"label":"Speed","value":"Yes, 384 kbps"}]},{"category":"Launch","specs":[{"label":"Announced","value":"2006, Q2"},{"label":"Status","value":"Discontinued"}]},{"category":"Body","specs":[{"label":"Dimensions","value":"93.5 x 50 x 26.3 mm (3.68 x 1.97 x 1.04 in)"},{"label":"Weight","value":"130g (4.59 oz)"},{"label":"SIM","value":"Mini-SIM"}]},{"category":"Display","specs":[{"label":"Type","value":"TFT, 256K colors"},{"label":"Size","value":"2.0 inches, 12.6 cm 2 (~26.9% screen-to-body ratio)"},{"label":"Resolution","value":"176 x 220 pixels (~141 ppi density)"}]},{"category":"Memory","specs":[{"label":"Card slot","value":"microSD (dedicated slot)"},{"label":"Internal","value":"7MB"},{"label":"Phonebook","value":"Yes, Photo/Video call"},{"label":"Call records","value":"20 dialed, 20 received, 20 missed calls"}]},{"category":"Main Camera","specs":[{"label":"Single","value":"1.3 MP"},{"label":"Features","value":"180 deg rotating lens"},{"label":"Video","value":"QCIF"}]},{"category":"Sound","specs":[{"label":"Loudspeaker","value":"No"},{"label":"3.5mm jack","value":"No"},{"label":"Alert types","value":"Vibration; Downloadable polyphonic, MP3 ringtones"}]},{"category":"Comms","specs":[{"label":"WLAN","value":"No"},{"label":"Bluetooth","value":"Optional"},{"label":"Positioning","value":"No"},{"label":"USB","value":"Proprietary"},{"label":"Radio","value":"No"}]},{"category":"Features","specs":[{"label":"Messaging","value":"SMS, MMS, Email"},{"label":"Browser","value":"WAP 2.0"},{"label":"Games","value":"Yes"},{"label":"Java","value":"Yes, MIDP 2.0"}]},{"category":"Battery","specs":[{"label":"Type","value":"Removable Li-Ion 720 mAh battery"},{"label":"Stand-by","value":"Up to 200 h"},{"label":"Talk time","value":"Up to 10 h"}]},{"category":"Misc","specs":[{"label":"Colors","value":"Silver black"}]}]');
INSERT OR IGNORE INTO device_pictures (device_id, url, position) VALUES (1617, 'https://fdn2.gsmarena.com/vv/bigpic/amoi-h802.gif', 0);
INSERT OR IGNORE INTO devices (id, brand_id, name, gsmarena_url, thumbnail_url, summary) VALUES (1618, 10, 'H801', 'https://www.gsmarena.com/amoi_h801-1664.php', 'https://fdn2.gsmarena.com/vv/bigpic/amoi-h801.gif', 'H801');
INSERT OR IGNORE INTO device_specs (device_id, announced, status, network, os, chipset, cpu, gpu, display_size, display_type, display_res, ram, storage, main_camera, selfie_camera, battery, charging, nfc, usb, bluetooth, wlan, colors, weight, dimensions, sim, sensors, popularity, fans, rating, full_specs_json) VALUES (1618, '2006, Q2', 'Discontinued', 'GSM / UMTS', NULL, NULL, NULL, NULL, '2.0 inches, 12.6 cm 2 (~27.1% screen-to-body ratio)', 'TFT, 256K colors', '176 x 220 pixels (~141 ppi density)', NULL, '7MB', '1.3 MP, 180 deg rotating lens', NULL, 'Removable Li-Ion 720 mAh battery', NULL, NULL, 'Proprietary', 'Optional', 'No', 'Silver', '129g (4.55 oz)', '93 x 50 x 26 mm (3.66 x 1.97 x 1.02 in)', 'Mini-SIM', NULL, NULL, NULL, NULL, '[{"category":"Network","specs":[{"label":"Technology","value":"GSM / UMTS"},{"label":"2G bands","value":"GSM 900 / 1800 / 1900"},{"label":"3G bands","value":"UMTS 2100"},{"label":"Speed","value":"Yes, 384 kbps"}]},{"category":"Launch","specs":[{"label":"Announced","value":"2006, Q2"},{"label":"Status","value":"Discontinued"}]},{"category":"Body","specs":[{"label":"Dimensions","value":"93 x 50 x 26 mm (3.66 x 1.97 x 1.02 in)"},{"label":"Weight","value":"129g (4.55 oz)"},{"label":"SIM","value":"Mini-SIM"}]},{"category":"Display","specs":[{"label":"Type","value":"TFT, 256K colors"},{"label":"Size","value":"2.0 inches, 12.6 cm 2 (~27.1% screen-to-body ratio)"},{"label":"Resolution","value":"176 x 220 pixels (~141 ppi density)"}]},{"category":"Memory","specs":[{"label":"Card slot","value":"microSD (dedicated slot)"},{"label":"Internal","value":"7MB"},{"label":"Phonebook","value":"Yes, Photo/Video call"},{"label":"Call records","value":"20 dialed, 20 received, 20 missed calls"}]},{"category":"Main Camera","specs":[{"label":"Single","value":"1.3 MP"},{"label":"Features","value":"180 deg rotating lens"},{"label":"Video","value":"QCIF"}]},{"category":"Sound","specs":[{"label":"Loudspeaker","value":"No"},{"label":"3.5mm jack","value":"No"},{"label":"Alert types","value":"Vibration; Downloadable polyphonic, MP3 ringtones"}]},{"category":"Comms","specs":[{"label":"WLAN","value":"No"},{"label":"Bluetooth","value":"Optional"},{"label":"Positioning","value":"No"},{"label":"USB","value":"Proprietary"},{"label":"Radio","value":"No"}]},{"category":"Features","specs":[{"label":"Messaging","value":"SMS, MMS, Email"},{"label":"Browser","value":"WAP 2.0"},{"label":"Games","value":"Yes"},{"label":"Java","value":"Yes, MIDP 2.0"}]},{"category":"Battery","specs":[{"label":"Type","value":"Removable Li-Ion 720 mAh battery"},{"label":"Stand-by","value":"Up to 200 h"},{"label":"Talk time","value":"Up to 10 h"}]},{"category":"Misc","specs":[{"label":"Colors","value":"Silver"}]}]');
INSERT OR IGNORE INTO device_pictures (device_id, url, position) VALUES (1618, 'https://fdn2.gsmarena.com/vv/bigpic/amoi-h801.gif', 0);
INSERT OR IGNORE INTO devices (id, brand_id, name, gsmarena_url, thumbnail_url, summary) VALUES (1619, 10, 'H8', 'https://www.gsmarena.com/amoi_h8-1663.php', 'https://fdn2.gsmarena.com/vv/bigpic/amoi-h8.gif', 'H8');
INSERT OR IGNORE INTO device_specs (device_id, announced, status, network, os, chipset, cpu, gpu, display_size, display_type, display_res, ram, storage, main_camera, selfie_camera, battery, charging, nfc, usb, bluetooth, wlan, colors, weight, dimensions, sim, sensors, popularity, fans, rating, full_specs_json) VALUES (1619, '2006, Q2', 'Discontinued', 'GSM / UMTS', NULL, NULL, NULL, NULL, '2.0 inches, 12.6 cm 2 (~26.8% screen-to-body ratio)', 'TFT, 256K colors', '176 x 220 pixels (~141 ppi density)', NULL, '7MB', '1.3 MP, 180 deg rotating lens', NULL, 'Removable Li-Ion 720 mAh battery', NULL, NULL, 'Proprietary', 'Optional', 'No', 'Black-silver', '128 g (4.52 oz)', '94 x 50 x 28 mm (3.70 x 1.97 x 1.10 in)', 'Mini-SIM', NULL, NULL, NULL, NULL, '[{"category":"Network","specs":[{"label":"Technology","value":"GSM / UMTS"},{"label":"2G bands","value":"GSM 900 / 1800 / 1900"},{"label":"3G bands","value":"UMTS 2100"},{"label":"Speed","value":"Yes, 384 kbps"}]},{"category":"Launch","specs":[{"label":"Announced","value":"2006, Q2"},{"label":"Status","value":"Discontinued"}]},{"category":"Body","specs":[{"label":"Dimensions","value":"94 x 50 x 28 mm (3.70 x 1.97 x 1.10 in)"},{"label":"Weight","value":"128 g (4.52 oz)"},{"label":"SIM","value":"Mini-SIM"}]},{"category":"Display","specs":[{"label":"Type","value":"TFT, 256K colors"},{"label":"Size","value":"2.0 inches, 12.6 cm 2 (~26.8% screen-to-body ratio)"},{"label":"Resolution","value":"176 x 220 pixels (~141 ppi density)"}]},{"category":"Memory","specs":[{"label":"Card slot","value":"microSD (dedicated slot)"},{"label":"Internal","value":"7MB"},{"label":"Phonebook","value":"Yes, Photo/Video call"},{"label":"Call records","value":"20 dialed, 20 received, 20 missed calls"}]},{"category":"Main Camera","specs":[{"label":"Single","value":"1.3 MP"},{"label":"Features","value":"180 deg rotating lens"},{"label":"Video","value":"QCIF"}]},{"category":"Sound","specs":[{"label":"Loudspeaker","value":"No"},{"label":"3.5mm jack","value":"No"},{"label":"Alert types","value":"Vibration; Downloadable polyphonic, MP3 ringtones"}]},{"category":"Comms","specs":[{"label":"WLAN","value":"No"},{"label":"Bluetooth","value":"Optional"},{"label":"Positioning","value":"No"},{"label":"USB","value":"Proprietary"},{"label":"Radio","value":"No"}]},{"category":"Features","specs":[{"label":"Messaging","value":"SMS, MMS, Email"},{"label":"Browser","value":"WAP 2.0"},{"label":"Games","value":"Yes"},{"label":"Java","value":"Yes"}]},{"category":"Battery","specs":[{"label":"Type","value":"Removable Li-Ion 720 mAh battery"},{"label":"Stand-by","value":"Up to 200 h"},{"label":"Talk time","value":"Up to 10 h"}]},{"category":"Misc","specs":[{"label":"Colors","value":"Black-silver"}]}]');
INSERT OR IGNORE INTO device_pictures (device_id, url, position) VALUES (1619, 'https://fdn2.gsmarena.com/vv/bigpic/amoi-h8.gif', 0);
INSERT OR IGNORE INTO devices (id, brand_id, name, gsmarena_url, thumbnail_url, summary) VALUES (1620, 10, 'H80', 'https://www.gsmarena.com/amoi_h80-1662.php', 'https://fdn2.gsmarena.com/vv/bigpic/amoi-h80.gif', 'H80');
INSERT OR IGNORE INTO device_specs (device_id, announced, status, network, os, chipset, cpu, gpu, display_size, display_type, display_res, ram, storage, main_camera, selfie_camera, battery, charging, nfc, usb, bluetooth, wlan, colors, weight, dimensions, sim, sensors, popularity, fans, rating, full_specs_json) VALUES (1620, '2006, Q2', 'Discontinued', 'GSM / UMTS', NULL, NULL, NULL, NULL, '2.0 inches, 12.6 cm 2 (~26.8% screen-to-body ratio)', 'TFT, 256K colors', '176 x 220 pixels (~141 ppi density)', NULL, '7MB', '1.3 MP, 180 deg rotating lens', NULL, 'Removable Li-Ion 720 mAh battery', NULL, NULL, 'Proprietary', 'Optional', 'No', 'Black', '128g (4.52 oz)', '94 x 50 x 28 mm (3.70 x 1.97 x 1.10 in)', 'Mini-SIM', NULL, NULL, NULL, NULL, '[{"category":"Network","specs":[{"label":"Technology","value":"GSM / UMTS"},{"label":"2G bands","value":"GSM 900 / 1800 / 1900"},{"label":"3G bands","value":"UMTS 2100"},{"label":"Speed","value":"Yes, 384 kbps"}]},{"category":"Launch","specs":[{"label":"Announced","value":"2006, Q2"},{"label":"Status","value":"Discontinued"}]},{"category":"Body","specs":[{"label":"Dimensions","value":"94 x 50 x 28 mm (3.70 x 1.97 x 1.10 in)"},{"label":"Weight","value":"128g (4.52 oz)"},{"label":"SIM","value":"Mini-SIM"}]},{"category":"Display","specs":[{"label":"Type","value":"TFT, 256K colors"},{"label":"Size","value":"2.0 inches, 12.6 cm 2 (~26.8% screen-to-body ratio)"},{"label":"Resolution","value":"176 x 220 pixels (~141 ppi density)"}]},{"category":"Memory","specs":[{"label":"Card slot","value":"microSD (dedicated slot)"},{"label":"Internal","value":"7MB"},{"label":"Phonebook","value":"Yes, Photo/Video call"},{"label":"Call records","value":"20 dialed, 20 received, 20 missed calls"}]},{"category":"Main Camera","specs":[{"label":"Single","value":"1.3 MP"},{"label":"Features","value":"180 deg rotating lens"},{"label":"Video","value":"QCIF"}]},{"category":"Sound","specs":[{"label":"Loudspeaker","value":"No"},{"label":"3.5mm jack","value":"No"},{"label":"Alert types","value":"Vibration; Downloadable polyphonic, MP3 ringtones"}]},{"category":"Comms","specs":[{"label":"WLAN","value":"No"},{"label":"Bluetooth","value":"Optional"},{"label":"Positioning","value":"No"},{"label":"USB","value":"Proprietary"},{"label":"Radio","value":"No"}]},{"category":"Features","specs":[{"label":"Messaging","value":"SMS, MMS, Email"},{"label":"Browser","value":"WAP 2.0"},{"label":"Games","value":"Yes"},{"label":"Java","value":"Yes"}]},{"category":"Battery","specs":[{"label":"Type","value":"Removable Li-Ion 720 mAh battery"},{"label":"Stand-by","value":"Up to 200 h"},{"label":"Talk time","value":"Up to 10 h"}]},{"category":"Misc","specs":[{"label":"Colors","value":"Black"}]}]');
INSERT OR IGNORE INTO device_pictures (device_id, url, position) VALUES (1620, 'https://fdn2.gsmarena.com/vv/bigpic/amoi-h80.gif', 0);
INSERT OR IGNORE INTO device_pictures (device_id, url, position) VALUES (1620, 'https://fdn2.gsmarena.com/vv/pics/amoi/amoi_h80_00.jpg', 1);
INSERT OR IGNORE INTO devices (id, brand_id, name, gsmarena_url, thumbnail_url, summary) VALUES (1621, 10, 'A675', 'https://www.gsmarena.com/amoi_a675-1654.php', 'https://fdn2.gsmarena.com/vv/bigpic/amoi-a675.gif', 'A675');
INSERT OR IGNORE INTO device_specs (device_id, announced, status, network, os, chipset, cpu, gpu, display_size, display_type, display_res, ram, storage, main_camera, selfie_camera, battery, charging, nfc, usb, bluetooth, wlan, colors, weight, dimensions, sim, sensors, popularity, fans, rating, full_specs_json) VALUES (1621, '2006, Q2', 'Discontinued', 'GSM', NULL, NULL, NULL, NULL, '2.0 inches, 12.4 cm 2 (~28.7% screen-to-body ratio)', 'TFT, 65K colors', '320 x 240 pixels, 4:3 ratio (~200 ppi density)', NULL, '128MB', '2 MP', NULL, 'Removable Li-Ion 720 mAh battery', NULL, NULL, 'miniUSB', 'Yes', 'No', 'Black', '101.4 g (3.56 oz)', '93.2 x 46.3 x 23.3 mm (3.67 x 1.82 x 0.92 in)', 'Mini-SIM', NULL, NULL, NULL, NULL, '[{"category":"Network","specs":[{"label":"Technology","value":"GSM"},{"label":"2G bands","value":"GSM 900 / 1800 / 1900"},{"label":"GPRS","value":"Class 10"},{"label":"EDGE","value":"No"}]},{"category":"Launch","specs":[{"label":"Announced","value":"2006, Q2"},{"label":"Status","value":"Discontinued"}]},{"category":"Body","specs":[{"label":"Dimensions","value":"93.2 x 46.3 x 23.3 mm (3.67 x 1.82 x 0.92 in)"},{"label":"Weight","value":"101.4 g (3.56 oz)"},{"label":"SIM","value":"Mini-SIM"}]},{"category":"Display","specs":[{"label":"Type","value":"TFT, 65K colors"},{"label":"Size","value":"2.0 inches, 12.4 cm 2 (~28.7% screen-to-body ratio)"},{"label":"Resolution","value":"320 x 240 pixels, 4:3 ratio (~200 ppi density)"}]},{"category":"Memory","specs":[{"label":"Card slot","value":"No"},{"label":"Internal","value":"128MB"},{"label":"Phonebook","value":"500 entries"},{"label":"Call records","value":"20 dialed, 20 received, 20 missed calls"}]},{"category":"Main Camera","specs":[{"label":"Single","value":"2 MP"},{"label":"Video","value":"Yes"}]},{"category":"Sound","specs":[{"label":"Loudspeaker","value":"No"},{"label":"3.5mm jack","value":"No"},{"label":"Alert types","value":"Vibration; Downloadable polyphonic, MP3 ringtones"}]},{"category":"Comms","specs":[{"label":"WLAN","value":"No"},{"label":"Bluetooth","value":"Yes"},{"label":"Positioning","value":"No"},{"label":"USB","value":"miniUSB"},{"label":"Radio","value":"No"}]},{"category":"Features","specs":[{"label":"Messaging","value":"SMS, MMS, Email"},{"label":"Browser","value":"WAP 2.0"},{"label":"Games","value":"Yes"},{"label":"Java","value":"Yes"}]},{"category":"Battery","specs":[{"label":"Type","value":"Removable Li-Ion 720 mAh battery"}]},{"category":"Misc","specs":[{"label":"Colors","value":"Black"}]}]');
INSERT OR IGNORE INTO device_pictures (device_id, url, position) VALUES (1621, 'https://fdn2.gsmarena.com/vv/bigpic/amoi-a675.gif', 0);
INSERT OR IGNORE INTO devices (id, brand_id, name, gsmarena_url, thumbnail_url, summary) VALUES (1622, 10, 'M636', 'https://www.gsmarena.com/amoi_m636-1653.php', 'https://fdn2.gsmarena.com/vv/bigpic/amoi-m636.gif', 'M636');
INSERT OR IGNORE INTO device_specs (device_id, announced, status, network, os, chipset, cpu, gpu, display_size, display_type, display_res, ram, storage, main_camera, selfie_camera, battery, charging, nfc, usb, bluetooth, wlan, colors, weight, dimensions, sim, sensors, popularity, fans, rating, full_specs_json) VALUES (1622, '2006, Q2', 'Discontinued', 'GSM', NULL, NULL, NULL, NULL, '2.0 inches, 12.6 cm 2 (~25.0% screen-to-body ratio)', 'TFT, 256K colors', '176 x 220 pixels (~141 ppi density)', NULL, '128MB', '2 MP, LED flash', NULL, 'Removable Li-Ion 720 mAh battery', NULL, NULL, 'miniUSB', 'No', 'No', 'Silver, Black', '97 g (3.42 oz)', '107 x 47 x 18 mm (4.21 x 1.85 x 0.71 in)', 'Mini-SIM', NULL, NULL, NULL, NULL, '[{"category":"Network","specs":[{"label":"Technology","value":"GSM"},{"label":"2G bands","value":"GSM 900 / 1800 / 1900"},{"label":"GPRS","value":"Class 10"},{"label":"EDGE","value":"No"}]},{"category":"Launch","specs":[{"label":"Announced","value":"2006, Q2"},{"label":"Status","value":"Discontinued"}]},{"category":"Body","specs":[{"label":"Dimensions","value":"107 x 47 x 18 mm (4.21 x 1.85 x 0.71 in)"},{"label":"Weight","value":"97 g (3.42 oz)"},{"label":"SIM","value":"Mini-SIM"}]},{"category":"Display","specs":[{"label":"Type","value":"TFT, 256K colors"},{"label":"Size","value":"2.0 inches, 12.6 cm 2 (~25.0% screen-to-body ratio)"},{"label":"Resolution","value":"176 x 220 pixels (~141 ppi density)"}]},{"category":"Memory","specs":[{"label":"Card slot","value":"No"},{"label":"Internal","value":"128MB"},{"label":"Phonebook","value":"500 entries"},{"label":"Call records","value":"20 dialed, 20 received, 20 missed calls"}]},{"category":"Main Camera","specs":[{"label":"Single","value":"2 MP"},{"label":"Features","value":"LED flash"},{"label":"Video","value":"Yes"}]},{"category":"Sound","specs":[{"label":"Loudspeaker","value":"Yes, with stereo speakers"},{"label":"3.5mm jack","value":"No"},{"label":"Alert types","value":"Vibration; Downloadable polyphonic, MP3, MIDI ringtones"}]},{"category":"Comms","specs":[{"label":"WLAN","value":"No"},{"label":"Bluetooth","value":"No"},{"label":"Positioning","value":"No"},{"label":"USB","value":"miniUSB"},{"label":"Radio","value":"FM radio"}]},{"category":"Features","specs":[{"label":"Messaging","value":"SMS, MMS"},{"label":"Browser","value":"WAP 2.0"},{"label":"Games","value":"Yes"},{"label":"Java","value":"No"}]},{"category":"Battery","specs":[{"label":"Type","value":"Removable Li-Ion 720 mAh battery"},{"label":"Stand-by","value":"Up to 150 h"},{"label":"Talk time","value":"Up to 5 h"}]},{"category":"Misc","specs":[{"label":"Colors","value":"Silver, Black"}]}]');
INSERT OR IGNORE INTO device_pictures (device_id, url, position) VALUES (1622, 'https://fdn2.gsmarena.com/vv/bigpic/amoi-m636.gif', 0);
INSERT OR IGNORE INTO device_pictures (device_id, url, position) VALUES (1622, 'https://fdn2.gsmarena.com/vv/pics/amoi/amoi_m636_00.jpg', 1);
INSERT OR IGNORE INTO devices (id, brand_id, name, gsmarena_url, thumbnail_url, summary) VALUES (1623, 10, 'A865', 'https://www.gsmarena.com/amoi_a865-1645.php', 'https://fdn2.gsmarena.com/vv/bigpic/amoi-a865.gif', 'A865');
INSERT OR IGNORE INTO device_specs (device_id, announced, status, network, os, chipset, cpu, gpu, display_size, display_type, display_res, ram, storage, main_camera, selfie_camera, battery, charging, nfc, usb, bluetooth, wlan, colors, weight, dimensions, sim, sensors, popularity, fans, rating, full_specs_json) VALUES (1623, '2006, Q2', 'Discontinued', 'GSM', NULL, NULL, NULL, NULL, '2.0 inches, 12.6 cm 2 (~30.4% screen-to-body ratio)', 'TFT, 256K colors', '176 x 220 pixels (~141 ppi density)', NULL, '10MB', '2 MP, rotating lens', NULL, 'Removable Li-Ion 720 mAh battery', NULL, NULL, 'miniUSB', 'No', 'No', 'Silver', '125 g (4.41 oz)', '90.3 x 45.9 x 22.8 mm (3.56 x 1.81 x 0.90 in)', 'Mini-SIM', NULL, NULL, NULL, NULL, '[{"category":"Network","specs":[{"label":"Technology","value":"GSM"},{"label":"2G bands","value":"GSM 900 / 1800 / 1900"},{"label":"GPRS","value":"Class 10"},{"label":"EDGE","value":"No"}]},{"category":"Launch","specs":[{"label":"Announced","value":"2006, Q2"},{"label":"Status","value":"Discontinued"}]},{"category":"Body","specs":[{"label":"Dimensions","value":"90.3 x 45.9 x 22.8 mm (3.56 x 1.81 x 0.90 in)"},{"label":"Weight","value":"125 g (4.41 oz)"},{"label":"SIM","value":"Mini-SIM"}]},{"category":"Display","specs":[{"label":"Type","value":"TFT, 256K colors"},{"label":"Size","value":"2.0 inches, 12.6 cm 2 (~30.4% screen-to-body ratio)"},{"label":"Resolution","value":"176 x 220 pixels (~141 ppi density)"}]},{"category":"Memory","specs":[{"label":"Card slot","value":"microSD (dedicated slot)"},{"label":"Internal","value":"10MB"},{"label":"Phonebook","value":"500 entries"},{"label":"Call records","value":"20 dialed, 20 received, 20 missed calls"}]},{"category":"Main Camera","specs":[{"label":"Single","value":"2 MP"},{"label":"Features","value":"rotating lens"},{"label":"Video","value":"Yes"}]},{"category":"Sound","specs":[{"label":"Loudspeaker","value":"No"},{"label":"3.5mm jack","value":"No"},{"label":"Alert types","value":"Vibration; Downloadable polyphonic, MP3, MIDI ringtones"}]},{"category":"Comms","specs":[{"label":"WLAN","value":"No"},{"label":"Bluetooth","value":"No"},{"label":"Positioning","value":"No"},{"label":"USB","value":"miniUSB"},{"label":"Radio","value":"FM radio"}]},{"category":"Features","specs":[{"label":"Messaging","value":"SMS, MMS"},{"label":"Browser","value":"WAP 2.0"},{"label":"Games","value":"Yes"},{"label":"Java","value":"Yes, MIDP 2.0"}]},{"category":"Battery","specs":[{"label":"Type","value":"Removable Li-Ion 720 mAh battery"},{"label":"Stand-by","value":"Up to 180 h"},{"label":"Talk time","value":"Up to 5 h"}]},{"category":"Misc","specs":[{"label":"Colors","value":"Silver"}]}]');
INSERT OR IGNORE INTO device_pictures (device_id, url, position) VALUES (1623, 'https://fdn2.gsmarena.com/vv/bigpic/amoi-a865.gif', 0);
INSERT OR IGNORE INTO devices (id, brand_id, name, gsmarena_url, thumbnail_url, summary) VALUES (1624, 10, 'A869', 'https://www.gsmarena.com/amoi_a869-1644.php', 'https://fdn2.gsmarena.com/vv/bigpic/amoi-a869.gif', 'A869');
INSERT OR IGNORE INTO device_specs (device_id, announced, status, network, os, chipset, cpu, gpu, display_size, display_type, display_res, ram, storage, main_camera, selfie_camera, battery, charging, nfc, usb, bluetooth, wlan, colors, weight, dimensions, sim, sensors, popularity, fans, rating, full_specs_json) VALUES (1624, '2006, Q2', 'Discontinued', 'GSM', NULL, NULL, NULL, NULL, '2.0 inches, 12.4 cm 2 (~29.0% screen-to-body ratio)', 'TFT, 256K colors', '240 x 320pixels, 4:3 ratio (~200 ppi density)', NULL, '128MB', '2 MP, LED flash', NULL, 'Removable Li-Ion 720 mAh battery', NULL, NULL, 'miniUSB', 'Yes', 'No', 'Silver', '92.5 g (3.25 oz)', '93 x 46 x 23.8 mm (3.66 x 1.81 x 0.94 in)', 'Mini-SIM', NULL, NULL, NULL, NULL, '[{"category":"Network","specs":[{"label":"Technology","value":"GSM"},{"label":"2G bands","value":"GSM 900 / 1800 / 1900"},{"label":"GPRS","value":"Class 10"},{"label":"EDGE","value":"No"}]},{"category":"Launch","specs":[{"label":"Announced","value":"2006, Q2"},{"label":"Status","value":"Discontinued"}]},{"category":"Body","specs":[{"label":"Dimensions","value":"93 x 46 x 23.8 mm (3.66 x 1.81 x 0.94 in)"},{"label":"Weight","value":"92.5 g (3.25 oz)"},{"label":"SIM","value":"Mini-SIM"}]},{"category":"Display","specs":[{"label":"Type","value":"TFT, 256K colors"},{"label":"Size","value":"2.0 inches, 12.4 cm 2 (~29.0% screen-to-body ratio)"},{"label":"Resolution","value":"240 x 320pixels, 4:3 ratio (~200 ppi density)"}]},{"category":"Memory","specs":[{"label":"Card slot","value":"No"},{"label":"Internal","value":"128MB"},{"label":"Phonebook","value":"1000 entries"},{"label":"Call records","value":"20 dialed, 20 received, 20 missed calls"}]},{"category":"Main Camera","specs":[{"label":"Single","value":"2 MP"},{"label":"Features","value":"LED flash"},{"label":"Video","value":"Yes"}]},{"category":"Sound","specs":[{"label":"Loudspeaker","value":"No"},{"label":"3.5mm jack","value":"No"},{"label":"Alert types","value":"Vibration; Downloadable polyphonic, MP3, MIDI ringtones"}]},{"category":"Comms","specs":[{"label":"WLAN","value":"No"},{"label":"Bluetooth","value":"Yes"},{"label":"Positioning","value":"No"},{"label":"USB","value":"miniUSB"},{"label":"Radio","value":"No"}]},{"category":"Features","specs":[{"label":"Messaging","value":"SMS, MMS"},{"label":"Browser","value":"WAP 2.0"},{"label":"Games","value":"Yes"},{"label":"Java","value":"Yes"}]},{"category":"Battery","specs":[{"label":"Type","value":"Removable Li-Ion 720 mAh battery"},{"label":"Stand-by","value":"Up to 220 h"},{"label":"Talk time","value":"Up to 6 h"}]},{"category":"Misc","specs":[{"label":"Colors","value":"Silver"}]}]');
INSERT OR IGNORE INTO device_pictures (device_id, url, position) VALUES (1624, 'https://fdn2.gsmarena.com/vv/bigpic/amoi-a869.gif', 0);
INSERT OR IGNORE INTO devices (id, brand_id, name, gsmarena_url, thumbnail_url, summary) VALUES (1625, 10, '6201', 'https://www.gsmarena.com/amoi_6201-1641.php', 'https://fdn2.gsmarena.com/vv/bigpic/amoi-6201.gif', '6201');
INSERT OR IGNORE INTO device_specs (device_id, announced, status, network, os, chipset, cpu, gpu, display_size, display_type, display_res, ram, storage, main_camera, selfie_camera, battery, charging, nfc, usb, bluetooth, wlan, colors, weight, dimensions, sim, sensors, popularity, fans, rating, full_specs_json) VALUES (1625, '2006, Q2', 'Discontinued', 'GSM', NULL, NULL, NULL, NULL, '2.0 inches, 12.6 cm 2 (~26.4% screen-to-body ratio)', 'TFT, 65K colors', '176 x 220pixels (~141 ppi density)', NULL, '128MB', '1.3 MP', NULL, 'Removable Li-Ion 720 mAh battery', NULL, NULL, 'miniUSB 1.1', 'Yes', 'No', 'Silver', '80 g (2.82 oz)', '106 x 45 x 11.9 mm (4.17 x 1.77 x 0.47 in)', 'Mini-SIM', NULL, NULL, NULL, NULL, '[{"category":"Network","specs":[{"label":"Technology","value":"GSM"},{"label":"2G bands","value":"GSM 900 / 1800 / 1900"},{"label":"GPRS","value":"Class 8"},{"label":"EDGE","value":"No"}]},{"category":"Launch","specs":[{"label":"Announced","value":"2006, Q2"},{"label":"Status","value":"Discontinued"}]},{"category":"Body","specs":[{"label":"Dimensions","value":"106 x 45 x 11.9 mm (4.17 x 1.77 x 0.47 in)"},{"label":"Weight","value":"80 g (2.82 oz)"},{"label":"SIM","value":"Mini-SIM"}]},{"category":"Display","specs":[{"label":"Type","value":"TFT, 65K colors"},{"label":"Size","value":"2.0 inches, 12.6 cm 2 (~26.4% screen-to-body ratio)"},{"label":"Resolution","value":"176 x 220pixels (~141 ppi density)"}]},{"category":"Memory","specs":[{"label":"Card slot","value":"No"},{"label":"Internal","value":"128MB"},{"label":"Phonebook","value":"500 entries"},{"label":"Call records","value":"20 dialed, 20 received, 20 missed calls"}]},{"category":"Main Camera","specs":[{"label":"Single","value":"1.3 MP"},{"label":"Video","value":"Yes"}]},{"category":"Sound","specs":[{"label":"Loudspeaker","value":"Yes"},{"label":"3.5mm jack","value":"No"},{"label":"Alert types","value":"Vibration; Downloadable polyphonic, MP3 ringtones"}]},{"category":"Comms","specs":[{"label":"WLAN","value":"No"},{"label":"Bluetooth","value":"Yes"},{"label":"Positioning","value":"No"},{"label":"USB","value":"miniUSB 1.1"},{"label":"Radio","value":"No"}]},{"category":"Features","specs":[{"label":"Messaging","value":"SMS, MMS"},{"label":"Browser","value":"WAP 2.0"},{"label":"Games","value":"Yes"},{"label":"Java","value":"No"}]},{"category":"Battery","specs":[{"label":"Type","value":"Removable Li-Ion 720 mAh battery"},{"label":"Stand-by","value":"Up to 150 h"},{"label":"Talk time","value":"Up to 4 h 30 min"}]},{"category":"Misc","specs":[{"label":"Colors","value":"Silver"}]}]');
INSERT OR IGNORE INTO device_pictures (device_id, url, position) VALUES (1625, 'https://fdn2.gsmarena.com/vv/bigpic/amoi-6201.gif', 0);
INSERT OR IGNORE INTO devices (id, brand_id, name, gsmarena_url, thumbnail_url, summary) VALUES (1626, 10, 'M360', 'https://www.gsmarena.com/amoi_m360-1639.php', 'https://fdn2.gsmarena.com/vv/bigpic/amoi-m360.gif', 'M360');
INSERT OR IGNORE INTO device_specs (device_id, announced, status, network, os, chipset, cpu, gpu, display_size, display_type, display_res, ram, storage, main_camera, selfie_camera, battery, charging, nfc, usb, bluetooth, wlan, colors, weight, dimensions, sim, sensors, popularity, fans, rating, full_specs_json) VALUES (1626, '2006, Q2', 'Discontinued', 'GSM', NULL, NULL, NULL, NULL, '1.8 inches, 10.2 cm 2 (~24.7% screen-to-body ratio)', 'TFT, 65K colors', '128 x 160 pixels (~114 ppi density)', NULL, '128MB', 'VGA', NULL, 'Removable Li-Ion 720 mAh battery', NULL, NULL, 'miniUSB 1.1', 'No', 'No', 'Silver', '88.6 g (3.10 oz)', '91.7 x 45 x 24 mm (3.61 x 1.77 x 0.94 in)', 'Mini-SIM', NULL, NULL, NULL, NULL, '[{"category":"Network","specs":[{"label":"Technology","value":"GSM"},{"label":"2G bands","value":"GSM 900 / 1800 / 1900"},{"label":"GPRS","value":"Class 10"},{"label":"EDGE","value":"No"}]},{"category":"Launch","specs":[{"label":"Announced","value":"2006, Q2"},{"label":"Status","value":"Discontinued"}]},{"category":"Body","specs":[{"label":"Dimensions","value":"91.7 x 45 x 24 mm (3.61 x 1.77 x 0.94 in)"},{"label":"Weight","value":"88.6 g (3.10 oz)"},{"label":"SIM","value":"Mini-SIM"}]},{"category":"Display","specs":[{"label":"Type","value":"TFT, 65K colors"},{"label":"Size","value":"1.8 inches, 10.2 cm 2 (~24.7% screen-to-body ratio)"},{"label":"Resolution","value":"128 x 160 pixels (~114 ppi density)"}]},{"category":"Memory","specs":[{"label":"Card slot","value":"No"},{"label":"Internal","value":"128MB"},{"label":"Phonebook","value":"500 entries"},{"label":"Call records","value":"20 dialed, 20 received, 20 missed calls"}]},{"category":"Main Camera","specs":[{"label":"Single","value":"VGA"},{"label":"Video","value":"No"}]},{"category":"Sound","specs":[{"label":"Loudspeaker","value":"Yes, with stereo speakers"},{"label":"3.5mm jack","value":"No"},{"label":"Alert types","value":"Vibration; Downloadable polyphonic, MP3, MIDI ringtones"}]},{"category":"Comms","specs":[{"label":"WLAN","value":"No"},{"label":"Bluetooth","value":"No"},{"label":"Positioning","value":"No"},{"label":"USB","value":"miniUSB 1.1"},{"label":"Radio","value":"FM radio"}]},{"category":"Features","specs":[{"label":"Messaging","value":"SMS, MMS"},{"label":"Browser","value":"WAP 2.0"},{"label":"Games","value":"Yes"},{"label":"Java","value":"No"}]},{"category":"Battery","specs":[{"label":"Type","value":"Removable Li-Ion 720 mAh battery"},{"label":"Stand-by","value":"Up to 100 h"},{"label":"Talk time","value":"Up to 5 h"}]},{"category":"Misc","specs":[{"label":"Colors","value":"Silver"}]}]');
INSERT OR IGNORE INTO device_pictures (device_id, url, position) VALUES (1626, 'https://fdn2.gsmarena.com/vv/bigpic/amoi-m360.gif', 0);
INSERT OR IGNORE INTO device_pictures (device_id, url, position) VALUES (1626, 'https://fdn2.gsmarena.com/vv/pics/amoi/amoi_m360_00.jpg', 1);
INSERT OR IGNORE INTO devices (id, brand_id, name, gsmarena_url, thumbnail_url, summary) VALUES (1627, 10, 'M650', 'https://www.gsmarena.com/amoi_m650-1638.php', 'https://fdn2.gsmarena.com/vv/bigpic/amoi-m650.gif', 'M650');
INSERT OR IGNORE INTO device_specs (device_id, announced, status, network, os, chipset, cpu, gpu, display_size, display_type, display_res, ram, storage, main_camera, selfie_camera, battery, charging, nfc, usb, bluetooth, wlan, colors, weight, dimensions, sim, sensors, popularity, fans, rating, full_specs_json) VALUES (1627, '2006, Q2', 'Discontinued', 'GSM', NULL, NULL, NULL, NULL, '1.8 inches, 10.2 cm 2 (~23.8% screen-to-body ratio)', 'TFT, 256K colors', '176 x 220 pixels (~157 ppi density)', NULL, '12MB', '1.3 MP', NULL, 'Removable Li-Ion 720 mAh battery', NULL, NULL, 'miniUSB 1.1', 'No', 'No', 'Black silver', '94 g (3.32 oz)', '91 x 47 x 21 mm (3.58 x 1.85 x 0.83 in)', 'Mini-SIM', NULL, NULL, NULL, NULL, '[{"category":"Network","specs":[{"label":"Technology","value":"GSM"},{"label":"2G bands","value":"GSM 900 / 1800 / 1900"},{"label":"GPRS","value":"Class 10"},{"label":"EDGE","value":"No"}]},{"category":"Launch","specs":[{"label":"Announced","value":"2006, Q2"},{"label":"Status","value":"Discontinued"}]},{"category":"Body","specs":[{"label":"Dimensions","value":"91 x 47 x 21 mm (3.58 x 1.85 x 0.83 in)"},{"label":"Weight","value":"94 g (3.32 oz)"},{"label":"SIM","value":"Mini-SIM"}]},{"category":"Display","specs":[{"label":"Type","value":"TFT, 256K colors"},{"label":"Size","value":"1.8 inches, 10.2 cm 2 (~23.8% screen-to-body ratio)"},{"label":"Resolution","value":"176 x 220 pixels (~157 ppi density)"}]},{"category":"Memory","specs":[{"label":"Card slot","value":"microSD (dedicated slot)"},{"label":"Internal","value":"12MB"},{"label":"Phonebook","value":"500 entries"},{"label":"Call records","value":"20 dialed, 20 received, 20 missed calls"}]},{"category":"Main Camera","specs":[{"label":"Single","value":"1.3 MP"},{"label":"Video","value":"No"}]},{"category":"Sound","specs":[{"label":"Loudspeaker","value":"Yes, with stereo speakers"},{"label":"3.5mm jack","value":"No"},{"label":"Alert types","value":"Vibration; Downloadable polyphonic, MP3, MIDI ringtones"}]},{"category":"Comms","specs":[{"label":"WLAN","value":"No"},{"label":"Bluetooth","value":"No"},{"label":"Positioning","value":"No"},{"label":"USB","value":"miniUSB 1.1"},{"label":"Radio","value":"No"}]},{"category":"Features","specs":[{"label":"Messaging","value":"SMS, MMS"},{"label":"Browser","value":"WAP 2.0"},{"label":"Games","value":"Yes"},{"label":"Java","value":"Yes, MIDP 2.0"}]},{"category":"Battery","specs":[{"label":"Type","value":"Removable Li-Ion 720 mAh battery"},{"label":"Stand-by","value":"Up to 120 h"},{"label":"Talk time","value":"Up to 5 h"}]},{"category":"Misc","specs":[{"label":"Colors","value":"Black silver"}]}]');
INSERT OR IGNORE INTO device_pictures (device_id, url, position) VALUES (1627, 'https://fdn2.gsmarena.com/vv/bigpic/amoi-m650.gif', 0);
INSERT OR IGNORE INTO devices (id, brand_id, name, gsmarena_url, thumbnail_url, summary) VALUES (1628, 10, 'M630', 'https://www.gsmarena.com/amoi_m630-1637.php', 'https://fdn2.gsmarena.com/vv/bigpic/amoi-m630.gif', 'M630');
INSERT OR IGNORE INTO device_specs (device_id, announced, status, network, os, chipset, cpu, gpu, display_size, display_type, display_res, ram, storage, main_camera, selfie_camera, battery, charging, nfc, usb, bluetooth, wlan, colors, weight, dimensions, sim, sensors, popularity, fans, rating, full_specs_json) VALUES (1628, '2006, Q2', 'Discontinued', 'GSM', NULL, NULL, NULL, NULL, '2.0 inches, 12.6 cm 2 (~26.1% screen-to-body ratio)', 'TFT, 256K colors', '176 x 220 pixels (~141 ppi density)', NULL, '128MB', '1.3 MP, LED flash', NULL, 'Removable Li-Ion 720 mAh battery', NULL, NULL, 'miniUSB 1.1', 'No', 'No', 'Black', '97 g (3.42 oz)', '105 x 46 x 18 mm (4.13 x 1.81 x 0.71 in)', 'Mini-SIM', NULL, NULL, NULL, NULL, '[{"category":"Network","specs":[{"label":"Technology","value":"GSM"},{"label":"2G bands","value":"GSM 900 / 1800 / 1900"},{"label":"GPRS","value":"Class 10"},{"label":"EDGE","value":"No"}]},{"category":"Launch","specs":[{"label":"Announced","value":"2006, Q2"},{"label":"Status","value":"Discontinued"}]},{"category":"Body","specs":[{"label":"Dimensions","value":"105 x 46 x 18 mm (4.13 x 1.81 x 0.71 in)"},{"label":"Weight","value":"97 g (3.42 oz)"},{"label":"SIM","value":"Mini-SIM"}]},{"category":"Display","specs":[{"label":"Type","value":"TFT, 256K colors"},{"label":"Size","value":"2.0 inches, 12.6 cm 2 (~26.1% screen-to-body ratio)"},{"label":"Resolution","value":"176 x 220 pixels (~141 ppi density)"}]},{"category":"Memory","specs":[{"label":"Card slot","value":"No"},{"label":"Internal","value":"128MB"},{"label":"Phonebook","value":"500 entries"},{"label":"Call records","value":"20 dialed, 20 received, 20 missed calls"}]},{"category":"Main Camera","specs":[{"label":"Single","value":"1.3 MP"},{"label":"Features","value":"LED flash"},{"label":"Video","value":"No"}]},{"category":"Sound","specs":[{"label":"Loudspeaker","value":"Yes, with stereo speakers"},{"label":"3.5mm jack","value":"No"},{"label":"Alert types","value":"Vibration; Downloadable polyphonic, MP3, MIDI ringtones"}]},{"category":"Comms","specs":[{"label":"WLAN","value":"No"},{"label":"Bluetooth","value":"No"},{"label":"Positioning","value":"No"},{"label":"USB","value":"miniUSB 1.1"},{"label":"Radio","value":"No"}]},{"category":"Features","specs":[{"label":"Messaging","value":"SMS, MMS"},{"label":"Browser","value":"WAP 2.0"},{"label":"Games","value":"Yes"},{"label":"Java","value":"No"}]},{"category":"Battery","specs":[{"label":"Type","value":"Removable Li-Ion 720 mAh battery"},{"label":"Stand-by","value":"Up to 150 h"},{"label":"Talk time","value":"Up to 5 h"}]},{"category":"Misc","specs":[{"label":"Colors","value":"Black"}]}]');
INSERT OR IGNORE INTO device_pictures (device_id, url, position) VALUES (1628, 'https://fdn2.gsmarena.com/vv/bigpic/amoi-m630.gif', 0);
INSERT OR IGNORE INTO devices (id, brand_id, name, gsmarena_url, thumbnail_url, summary) VALUES (1629, 10, 'F620', 'https://www.gsmarena.com/amoi_f620-1636.php', 'https://fdn2.gsmarena.com/vv/bigpic/amoi-f620.gif', 'F620');
INSERT OR IGNORE INTO device_specs (device_id, announced, status, network, os, chipset, cpu, gpu, display_size, display_type, display_res, ram, storage, main_camera, selfie_camera, battery, charging, nfc, usb, bluetooth, wlan, colors, weight, dimensions, sim, sensors, popularity, fans, rating, full_specs_json) VALUES (1629, '2006, Q2', 'Discontinued', 'GSM', NULL, NULL, NULL, NULL, '1.5 inches, 7.3 cm 2 (~18.1% screen-to-body ratio)', 'TFT, 256K colors', '128 x 128 pixels, 1:1 ratio (~121 ppi density)', NULL, '128MB', 'VGA', NULL, 'Removable Li-Ion 720 mAh battery', NULL, NULL, 'miniUSB 1.1', 'No', 'No', 'Silver pink, Silver blue', '80 g (2.82 oz)', '87 x 46 x 23 mm (3.43 x 1.81 x 0.91 in)', 'Mini-SIM', NULL, NULL, NULL, NULL, '[{"category":"Network","specs":[{"label":"Technology","value":"GSM"},{"label":"2G bands","value":"GSM 900 / 1800 / 1900"},{"label":"GPRS","value":"Class 10"},{"label":"EDGE","value":"No"}]},{"category":"Launch","specs":[{"label":"Announced","value":"2006, Q2"},{"label":"Status","value":"Discontinued"}]},{"category":"Body","specs":[{"label":"Dimensions","value":"87 x 46 x 23 mm (3.43 x 1.81 x 0.91 in)"},{"label":"Weight","value":"80 g (2.82 oz)"},{"label":"SIM","value":"Mini-SIM"}]},{"category":"Display","specs":[{"label":"Type","value":"TFT, 256K colors"},{"label":"Size","value":"1.5 inches, 7.3 cm 2 (~18.1% screen-to-body ratio)"},{"label":"Resolution","value":"128 x 128 pixels, 1:1 ratio (~121 ppi density)"}]},{"category":"Memory","specs":[{"label":"Card slot","value":"No"},{"label":"Internal","value":"128MB"},{"label":"Phonebook","value":"500 entries"},{"label":"Call records","value":"20 dialed, 20 received, 20 missed calls"}]},{"category":"Main Camera","specs":[{"label":"Single","value":"VGA"},{"label":"Video","value":"No"}]},{"category":"Sound","specs":[{"label":"Loudspeaker","value":"No"},{"label":"3.5mm jack","value":"No"},{"label":"Alert types","value":"Vibration; Downloadable polyphonic, MP3, MIDI ringtones"}]},{"category":"Comms","specs":[{"label":"WLAN","value":"No"},{"label":"Bluetooth","value":"No"},{"label":"Positioning","value":"No"},{"label":"USB","value":"miniUSB 1.1"},{"label":"Radio","value":"No"}]},{"category":"Features","specs":[{"label":"Messaging","value":"SMS, MMS"},{"label":"Browser","value":"WAP 2.0"},{"label":"Games","value":"Yes"},{"label":"Java","value":"No"}]},{"category":"Battery","specs":[{"label":"Type","value":"Removable Li-Ion 720 mAh battery"},{"label":"Stand-by","value":"Up to 100 h"},{"label":"Talk time","value":"Up to 3 h"}]},{"category":"Misc","specs":[{"label":"Colors","value":"Silver pink, Silver blue"}]}]');
INSERT OR IGNORE INTO device_pictures (device_id, url, position) VALUES (1629, 'https://fdn2.gsmarena.com/vv/bigpic/amoi-f620.gif', 0);
INSERT OR IGNORE INTO devices (id, brand_id, name, gsmarena_url, thumbnail_url, summary) VALUES (1630, 10, 'A320', 'https://www.gsmarena.com/amoi_a320-1635.php', 'https://fdn2.gsmarena.com/vv/bigpic/amoi-a320.gif', 'A320');
INSERT OR IGNORE INTO device_specs (device_id, announced, status, network, os, chipset, cpu, gpu, display_size, display_type, display_res, ram, storage, main_camera, selfie_camera, battery, charging, nfc, usb, bluetooth, wlan, colors, weight, dimensions, sim, sensors, popularity, fans, rating, full_specs_json) VALUES (1630, '2006, Q2', 'Discontinued', 'GSM', NULL, NULL, NULL, NULL, '1.8 inches, 10.2 cm 2 (~22.5% screen-to-body ratio)', 'CSTN, 65K colors', '128 x 160 pixels (~114 ppi density)', NULL, '2MB', 'VGA', NULL, 'Removable Li-Ion 720 mAh battery', NULL, NULL, 'No', 'No', 'No', 'Silver', '80 g (2.82 oz)', '104 x 43.6 x 17 mm (4.09 x 1.72 x 0.67 in)', 'Mini-SIM', NULL, NULL, NULL, NULL, '[{"category":"Network","specs":[{"label":"Technology","value":"GSM"},{"label":"2G bands","value":"GSM 850 / 900 / 1800 / 1900"},{"label":"GPRS","value":"Class 10"},{"label":"EDGE","value":"No"}]},{"category":"Launch","specs":[{"label":"Announced","value":"2006, Q2"},{"label":"Status","value":"Discontinued"}]},{"category":"Body","specs":[{"label":"Dimensions","value":"104 x 43.6 x 17 mm (4.09 x 1.72 x 0.67 in)"},{"label":"Weight","value":"80 g (2.82 oz)"},{"label":"SIM","value":"Mini-SIM"}]},{"category":"Display","specs":[{"label":"Type","value":"CSTN, 65K colors"},{"label":"Size","value":"1.8 inches, 10.2 cm 2 (~22.5% screen-to-body ratio)"},{"label":"Resolution","value":"128 x 160 pixels (~114 ppi density)"}]},{"category":"Memory","specs":[{"label":"Card slot","value":"No"},{"label":"Internal","value":"2MB"},{"label":"Phonebook","value":"300 entries"},{"label":"Call records","value":"20 dialed, 20 received, 20 missed calls"}]},{"category":"Main Camera","specs":[{"label":"Single","value":"VGA"},{"label":"Video","value":"No"}]},{"category":"Sound","specs":[{"label":"Loudspeaker","value":"No"},{"label":"3.5mm jack","value":"No"},{"label":"Alert types","value":"Vibration; Downloadable polyphonic, MP3, MIDI ringtones"}]},{"category":"Comms","specs":[{"label":"WLAN","value":"No"},{"label":"Bluetooth","value":"No"},{"label":"Positioning","value":"No"},{"label":"USB","value":"No"},{"label":"Radio","value":"No"}]},{"category":"Features","specs":[{"label":"Messaging","value":"SMS, MMS"},{"label":"Browser","value":"WAP 2.0"},{"label":"Games","value":"Yes"},{"label":"Java","value":"No"}]},{"category":"Battery","specs":[{"label":"Type","value":"Removable Li-Ion 720 mAh battery"},{"label":"Stand-by","value":"Up to 150 h"},{"label":"Talk time","value":"Up to 3 h"}]},{"category":"Misc","specs":[{"label":"Colors","value":"Silver"}]}]');
INSERT OR IGNORE INTO device_pictures (device_id, url, position) VALUES (1630, 'https://fdn2.gsmarena.com/vv/bigpic/amoi-a320.gif', 0);
INSERT OR IGNORE INTO device_pictures (device_id, url, position) VALUES (1630, 'https://fdn2.gsmarena.com/vv/pics/amoi/amoi_a320_00.jpg', 1);
INSERT OR IGNORE INTO devices (id, brand_id, name, gsmarena_url, thumbnail_url, summary) VALUES (1631, 10, 'F320', 'https://www.gsmarena.com/amoi_f320-1634.php', 'https://fdn2.gsmarena.com/vv/bigpic/amoi-f320.gif', 'F320');
INSERT OR IGNORE INTO device_specs (device_id, announced, status, network, os, chipset, cpu, gpu, display_size, display_type, display_res, ram, storage, main_camera, selfie_camera, battery, charging, nfc, usb, bluetooth, wlan, colors, weight, dimensions, sim, sensors, popularity, fans, rating, full_specs_json) VALUES (1631, '2006, Q2', 'Discontinued', 'GSM', NULL, NULL, NULL, NULL, '1.5 inches, 7.3 cm 2 (~15.7% screen-to-body ratio)', 'CSTN, 65K colors', '128 x 128 pixels, 1:1 ratio (~121 ppi density)', NULL, '3MB', 'VGA', NULL, 'Removable Li-Ion 720 mAh battery', NULL, NULL, 'No', 'No', 'No', 'Silver', '76 g (2.68 oz)', '100.4 x 46.1 x 17.8 mm (3.95 x 1.81 x 0.70 in)', 'Mini-SIM', NULL, NULL, NULL, NULL, '[{"category":"Network","specs":[{"label":"Technology","value":"GSM"},{"label":"2G bands","value":"GSM 900 / 1800"},{"label":"GPRS","value":"Class 10"},{"label":"EDGE","value":"No"}]},{"category":"Launch","specs":[{"label":"Announced","value":"2006, Q2"},{"label":"Status","value":"Discontinued"}]},{"category":"Body","specs":[{"label":"Dimensions","value":"100.4 x 46.1 x 17.8 mm (3.95 x 1.81 x 0.70 in)"},{"label":"Weight","value":"76 g (2.68 oz)"},{"label":"SIM","value":"Mini-SIM"}]},{"category":"Display","specs":[{"label":"Type","value":"CSTN, 65K colors"},{"label":"Size","value":"1.5 inches, 7.3 cm 2 (~15.7% screen-to-body ratio)"},{"label":"Resolution","value":"128 x 128 pixels, 1:1 ratio (~121 ppi density)"}]},{"category":"Memory","specs":[{"label":"Card slot","value":"No"},{"label":"Internal","value":"3MB"},{"label":"Phonebook","value":"500 entries"},{"label":"Call records","value":"20 dialed, 20 received, 20 missed calls"}]},{"category":"Main Camera","specs":[{"label":"Single","value":"VGA"},{"label":"Video","value":"No"}]},{"category":"Sound","specs":[{"label":"Loudspeaker","value":"No"},{"label":"3.5mm jack","value":"No"},{"label":"Alert types","value":"Vibration; Downloadable polyphonic, MP3, MIDI ringtones"}]},{"category":"Comms","specs":[{"label":"WLAN","value":"No"},{"label":"Bluetooth","value":"No"},{"label":"Positioning","value":"No"},{"label":"USB","value":"No"},{"label":"Radio","value":"FM radio"}]},{"category":"Features","specs":[{"label":"Messaging","value":"SMS, MMS"},{"label":"Browser","value":"WAP 2.0"},{"label":"Games","value":"Yes"},{"label":"Java","value":"No"}]},{"category":"Battery","specs":[{"label":"Type","value":"Removable Li-Ion 720 mAh battery"},{"label":"Stand-by","value":"Up to 100 h"},{"label":"Talk time","value":"Up to 3 h"}]},{"category":"Misc","specs":[{"label":"Colors","value":"Silver"}]}]');
INSERT OR IGNORE INTO device_pictures (device_id, url, position) VALUES (1631, 'https://fdn2.gsmarena.com/vv/bigpic/amoi-f320.gif', 0);
INSERT OR IGNORE INTO device_pictures (device_id, url, position) VALUES (1631, 'https://fdn2.gsmarena.com/vv/pics/amoi/amoi_f320_00.jpg', 1);
INSERT OR IGNORE INTO devices (id, brand_id, name, gsmarena_url, thumbnail_url, summary) VALUES (1632, 10, 'A310', 'https://www.gsmarena.com/amoi_a310-1633.php', 'https://fdn2.gsmarena.com/vv/bigpic/amoi-a310.gif', 'A310');
INSERT OR IGNORE INTO device_specs (device_id, announced, status, network, os, chipset, cpu, gpu, display_size, display_type, display_res, ram, storage, main_camera, selfie_camera, battery, charging, nfc, usb, bluetooth, wlan, colors, weight, dimensions, sim, sensors, popularity, fans, rating, full_specs_json) VALUES (1632, '2006, Q2', 'Discontinued', 'GSM', NULL, NULL, NULL, NULL, '1.5 inches, 7.3 cm 2 (~18.9% screen-to-body ratio)', 'CSTN, 65K colors', '128 x 128 pixels, 1:1 ratio (~121 ppi density)', NULL, '5MB', NULL, NULL, 'Removable Li-Ion 720 mAh battery', NULL, NULL, 'No', 'No', 'No', 'Silver black', '62 g (2.19 oz)', '91.9 x 41.8 x 14.9 mm (3.62 x 1.65 x 0.59 in)', 'Mini-SIM', NULL, NULL, NULL, NULL, '[{"category":"Network","specs":[{"label":"Technology","value":"GSM"},{"label":"2G bands","value":"GSM 900 / 1800"},{"label":"GPRS","value":"Class 10"},{"label":"EDGE","value":"No"}]},{"category":"Launch","specs":[{"label":"Announced","value":"2006, Q2"},{"label":"Status","value":"Discontinued"}]},{"category":"Body","specs":[{"label":"Dimensions","value":"91.9 x 41.8 x 14.9 mm (3.62 x 1.65 x 0.59 in)"},{"label":"Weight","value":"62 g (2.19 oz)"},{"label":"SIM","value":"Mini-SIM"}]},{"category":"Display","specs":[{"label":"Type","value":"CSTN, 65K colors"},{"label":"Size","value":"1.5 inches, 7.3 cm 2 (~18.9% screen-to-body ratio)"},{"label":"Resolution","value":"128 x 128 pixels, 1:1 ratio (~121 ppi density)"}]},{"category":"Memory","specs":[{"label":"Card slot","value":"No"},{"label":"Internal","value":"5MB"},{"label":"Phonebook","value":"300 entries"},{"label":"Call records","value":"20 dialed, 20 received, 20 missed calls"}]},{"category":"Sound","specs":[{"label":"Loudspeaker","value":"No"},{"label":"3.5mm jack","value":"No"},{"label":"Alert types","value":"Vibration; Downloadable polyphonic, MP3 ringtones"}]},{"category":"Comms","specs":[{"label":"WLAN","value":"No"},{"label":"Bluetooth","value":"No"},{"label":"Positioning","value":"No"},{"label":"USB","value":"No"},{"label":"Radio","value":"FM radio (Optional)"}]},{"category":"Features","specs":[{"label":"Messaging","value":"SMS, MMS"},{"label":"Browser","value":"WAP 2.0"},{"label":"Games","value":"Yes"},{"label":"Java","value":"No"}]},{"category":"Battery","specs":[{"label":"Type","value":"Removable Li-Ion 720 mAh battery"},{"label":"Stand-by","value":"Up to 100 h"},{"label":"Talk time","value":"Up to 4 h"}]},{"category":"Misc","specs":[{"label":"Colors","value":"Silver black"}]}]');
INSERT OR IGNORE INTO device_pictures (device_id, url, position) VALUES (1632, 'https://fdn2.gsmarena.com/vv/bigpic/amoi-a310.gif', 0);
INSERT OR IGNORE INTO device_pictures (device_id, url, position) VALUES (1632, 'https://fdn2.gsmarena.com/vv/pics/amoi/amoi_a310_00.jpg', 1);
INSERT OR IGNORE INTO devices (id, brand_id, name, gsmarena_url, thumbnail_url, summary) VALUES (1633, 10, 'A211', 'https://www.gsmarena.com/amoi_a211-1632.php', 'https://fdn2.gsmarena.com/vv/bigpic/amoi-a211.gif', 'A211');
INSERT OR IGNORE INTO device_specs (device_id, announced, status, network, os, chipset, cpu, gpu, display_size, display_type, display_res, ram, storage, main_camera, selfie_camera, battery, charging, nfc, usb, bluetooth, wlan, colors, weight, dimensions, sim, sensors, popularity, fans, rating, full_specs_json) VALUES (1633, '2006, Q2', 'Discontinued', 'GSM', NULL, NULL, NULL, NULL, '1.8 inches, 10.2 cm 2 (~28.9% screen-to-body ratio)', 'CSTN, 65K colors', '128 x 160pixels (~114 ppi density)', NULL, '650 KB', NULL, NULL, 'Removable Li-Ion 720 mAh battery', NULL, NULL, 'No', 'No', 'No', 'Black-silver', '84 g (2.96 oz)', '82 x 43 x 21.5 mm (3.23 x 1.69 x 0.85 in)', 'Mini-SIM', NULL, NULL, NULL, NULL, '[{"category":"Network","specs":[{"label":"Technology","value":"GSM"},{"label":"2G bands","value":"GSM 850 / 900 / 1800 / 1900"},{"label":"GPRS","value":"Class 10"},{"label":"EDGE","value":"No"}]},{"category":"Launch","specs":[{"label":"Announced","value":"2006, Q2"},{"label":"Status","value":"Discontinued"}]},{"category":"Body","specs":[{"label":"Dimensions","value":"82 x 43 x 21.5 mm (3.23 x 1.69 x 0.85 in)"},{"label":"Weight","value":"84 g (2.96 oz)"},{"label":"SIM","value":"Mini-SIM"}]},{"category":"Display","specs":[{"label":"Type","value":"CSTN, 65K colors"},{"label":"Size","value":"1.8 inches, 10.2 cm 2 (~28.9% screen-to-body ratio)"},{"label":"Resolution","value":"128 x 160pixels (~114 ppi density)"}]},{"category":"Memory","specs":[{"label":"Card slot","value":"No"},{"label":"Internal","value":"650 KB"},{"label":"Phonebook","value":"300 entries"},{"label":"Call records","value":"20 dialed, 20 received, 20 missed calls"}]},{"category":"Sound","specs":[{"label":"Loudspeaker","value":"No"},{"label":"3.5mm jack","value":"No"},{"label":"Alert types","value":"Vibration; Downloadable polyphonic, MP3 ringtones"}]},{"category":"Comms","specs":[{"label":"WLAN","value":"No"},{"label":"Bluetooth","value":"No"},{"label":"Positioning","value":"No"},{"label":"USB","value":"No"},{"label":"Radio","value":"FM radio (Optional)"}]},{"category":"Features","specs":[{"label":"Messaging","value":"SMS, MMS"},{"label":"Browser","value":"WAP 2.0"},{"label":"Games","value":"Yes"},{"label":"Java","value":"No"}]},{"category":"Battery","specs":[{"label":"Type","value":"Removable Li-Ion 720 mAh battery"},{"label":"Stand-by","value":"Up to 100 h"},{"label":"Talk time","value":"Up to 5 h"}]},{"category":"Misc","specs":[{"label":"Colors","value":"Black-silver"}]}]');
INSERT OR IGNORE INTO device_pictures (device_id, url, position) VALUES (1633, 'https://fdn2.gsmarena.com/vv/bigpic/amoi-a211.gif', 0);
INSERT OR IGNORE INTO device_pictures (device_id, url, position) VALUES (1633, 'https://fdn2.gsmarena.com/vv/pics/amoi/amoi_a211_00.jpg', 1);
INSERT OR IGNORE INTO devices (id, brand_id, name, gsmarena_url, thumbnail_url, summary) VALUES (1634, 10, 'A210', 'https://www.gsmarena.com/amoi_a210-1631.php', 'https://fdn2.gsmarena.com/vv/bigpic/amoi-a210.gif', 'A210');
INSERT OR IGNORE INTO device_specs (device_id, announced, status, network, os, chipset, cpu, gpu, display_size, display_type, display_res, ram, storage, main_camera, selfie_camera, battery, charging, nfc, usb, bluetooth, wlan, colors, weight, dimensions, sim, sensors, popularity, fans, rating, full_specs_json) VALUES (1634, '2006, Q2', 'Discontinued', 'GSM', NULL, NULL, NULL, NULL, '1.8 inches, 10.2 cm 2 (~29.6% screen-to-body ratio)', 'CSTN, 65K colors', '128 x 160pixels (~114 ppi density)', NULL, NULL, NULL, NULL, 'Removable Li-Ion 720 mAh battery', NULL, NULL, 'No', 'No', 'No', 'Silver, Grey', '84 g (2.96 oz)', '80 x 43 x 20.6 mm (3.15 x 1.69 x 0.81 in)', 'Mini-SIM', NULL, NULL, NULL, NULL, '[{"category":"Network","specs":[{"label":"Technology","value":"GSM"},{"label":"2G bands","value":"GSM 850 / 900 / 1800 / 1900"},{"label":"GPRS","value":"No"},{"label":"EDGE","value":"No"}]},{"category":"Launch","specs":[{"label":"Announced","value":"2006, Q2"},{"label":"Status","value":"Discontinued"}]},{"category":"Body","specs":[{"label":"Dimensions","value":"80 x 43 x 20.6 mm (3.15 x 1.69 x 0.81 in)"},{"label":"Weight","value":"84 g (2.96 oz)"},{"label":"SIM","value":"Mini-SIM"}]},{"category":"Display","specs":[{"label":"Type","value":"CSTN, 65K colors"},{"label":"Size","value":"1.8 inches, 10.2 cm 2 (~29.6% screen-to-body ratio)"},{"label":"Resolution","value":"128 x 160pixels (~114 ppi density)"}]},{"category":"Memory","specs":[{"label":"Card slot","value":"No"},{"label":"Phonebook","value":"300 entries"},{"label":"Call records","value":"20 dialed, 20 received, 20 missed calls"}]},{"category":"Sound","specs":[{"label":"Loudspeaker","value":"No"},{"label":"3.5mm jack","value":"No"},{"label":"Alert types","value":"Vibration; Downloadable polyphonic ringtones"}]},{"category":"Comms","specs":[{"label":"WLAN","value":"No"},{"label":"Bluetooth","value":"No"},{"label":"Positioning","value":"No"},{"label":"USB","value":"No"},{"label":"Radio","value":"No"}]},{"category":"Features","specs":[{"label":"Messaging","value":"SMS"},{"label":"Browser","value":"No"},{"label":"Games","value":"Yes"},{"label":"Java","value":"No"}]},{"category":"Battery","specs":[{"label":"Type","value":"Removable Li-Ion 720 mAh battery"},{"label":"Stand-by","value":"Up to 100 h"},{"label":"Talk time","value":"Up to 5 h"}]},{"category":"Misc","specs":[{"label":"Colors","value":"Silver, Grey"}]}]');
INSERT OR IGNORE INTO device_pictures (device_id, url, position) VALUES (1634, 'https://fdn2.gsmarena.com/vv/bigpic/amoi-a210.gif', 0);
INSERT OR IGNORE INTO device_pictures (device_id, url, position) VALUES (1634, 'https://fdn2.gsmarena.com/vv/pics/amoi/amoi_a210_00.jpg', 1);
INSERT OR IGNORE INTO devices (id, brand_id, name, gsmarena_url, thumbnail_url, summary) VALUES (1635, 10, '2561', 'https://www.gsmarena.com/amoi_2561-641.php', 'https://fdn2.gsmarena.com/vv/bigpic/am2561.gif', '2561');
INSERT OR IGNORE INTO device_specs (device_id, announced, status, network, os, chipset, cpu, gpu, display_size, display_type, display_res, ram, storage, main_camera, selfie_camera, battery, charging, nfc, usb, bluetooth, wlan, colors, weight, dimensions, sim, sensors, popularity, fans, rating, full_specs_json) VALUES (1635, '2004, Q1', 'Discontinued', 'GSM', NULL, NULL, NULL, NULL, NULL, 'TFT, 256K colors', '132 x 176 pixels, 4:3 ratio', NULL, NULL, 'VGA, LED flash', NULL, 'Removable Li-Ion 860 mAh battery', NULL, NULL, 'Proprietary', 'No', 'No', NULL, '80 g (2.82 oz)', '85 x 43 x 21 mm (3.35 x 1.69 x 0.83 in)', 'Mini-SIM', NULL, NULL, NULL, NULL, '[{"category":"Network","specs":[{"label":"Technology","value":"GSM"},{"label":"2G bands","value":"GSM 900 / 1800 / 1900"},{"label":"GPRS","value":"Class 10"},{"label":"EDGE","value":"No"}]},{"category":"Launch","specs":[{"label":"Announced","value":"2004, Q1"},{"label":"Status","value":"Discontinued"}]},{"category":"Body","specs":[{"label":"Dimensions","value":"85 x 43 x 21 mm (3.35 x 1.69 x 0.83 in)"},{"label":"Weight","value":"80 g (2.82 oz)"},{"label":"SIM","value":"Mini-SIM"}]},{"category":"Display","specs":[{"label":"Type","value":"TFT, 256K colors"},{"label":"Resolution","value":"132 x 176 pixels, 4:3 ratio"}]},{"category":"Memory","specs":[{"label":"Card slot","value":"No"},{"label":"Phonebook","value":"500"},{"label":"Call records","value":"10 dialed, 10 received, 10 missed calls"}]},{"category":"Main Camera","specs":[{"label":"Single","value":"VGA"},{"label":"Features","value":"LED flash"},{"label":"Video","value":"No"}]},{"category":"Sound","specs":[{"label":"Loudspeaker","value":"No"},{"label":"3.5mm jack","value":"No"},{"label":"Alert types","value":"Vibration; Downloadable polyphonic ringtones"}]},{"category":"Comms","specs":[{"label":"WLAN","value":"No"},{"label":"Bluetooth","value":"No"},{"label":"Positioning","value":"No"},{"label":"USB","value":"Proprietary"},{"label":"Radio","value":"FM radio"}]},{"category":"Features","specs":[{"label":"Messaging","value":"SMS, EMS, MMS, Email"},{"label":"Browser","value":"WAP"},{"label":"Games","value":"10 + Java downloadable"},{"label":"Java","value":"Yes"}]},{"category":"Battery","specs":[{"label":"Type","value":"Removable Li-Ion 860 mAh battery"},{"label":"Stand-by","value":"Up to 100 h"},{"label":"Talk time","value":"Up to 3 h"}]}]');
INSERT OR IGNORE INTO device_pictures (device_id, url, position) VALUES (1635, 'https://fdn2.gsmarena.com/vv/bigpic/am2561.gif', 0);
INSERT OR IGNORE INTO device_pictures (device_id, url, position) VALUES (1635, 'https://fdn2.gsmarena.com/vv/pics/amoi/am2561_00.jpg', 1);
INSERT OR IGNORE INTO devices (id, brand_id, name, gsmarena_url, thumbnail_url, summary) VALUES (1636, 10, 'CS6', 'https://www.gsmarena.com/amoi_cs6-638.php', 'https://fdn2.gsmarena.com/vv/bigpic/amcs6.gif', 'CS6');
INSERT OR IGNORE INTO device_specs (device_id, announced, status, network, os, chipset, cpu, gpu, display_size, display_type, display_res, ram, storage, main_camera, selfie_camera, battery, charging, nfc, usb, bluetooth, wlan, colors, weight, dimensions, sim, sensors, popularity, fans, rating, full_specs_json) VALUES (1636, '2004, Q1', 'Discontinued', 'GSM', NULL, NULL, NULL, NULL, NULL, 'CSTN, 65K colors', '128 x 128 pixels, 1:1 ratio', NULL, NULL, NULL, NULL, 'Removable Li-Ion 860 mAh battery', NULL, NULL, NULL, 'No', 'No', NULL, '80 g (2.82 oz)', '91.5 x 44 x 21 mm (3.60 x 1.73 x 0.83 in)', 'Mini-SIM', NULL, NULL, NULL, NULL, '[{"category":"Network","specs":[{"label":"Technology","value":"GSM"},{"label":"2G bands","value":"GSM 900 / 1800 / 1900"},{"label":"GPRS","value":"Yes"},{"label":"EDGE","value":"No"}]},{"category":"Launch","specs":[{"label":"Announced","value":"2004, Q1"},{"label":"Status","value":"Discontinued"}]},{"category":"Body","specs":[{"label":"Dimensions","value":"91.5 x 44 x 21 mm (3.60 x 1.73 x 0.83 in)"},{"label":"Weight","value":"80 g (2.82 oz)"},{"label":"SIM","value":"Mini-SIM"}]},{"category":"Display","specs":[{"label":"Type","value":"CSTN, 65K colors"},{"label":"Resolution","value":"128 x 128 pixels, 1:1 ratio"}]},{"category":"Memory","specs":[{"label":"Card slot","value":"No"},{"label":"Phonebook","value":"500"},{"label":"Call records","value":"10 dialed, 10 received, 10 missed calls"}]},{"category":"Sound","specs":[{"label":"Loudspeaker","value":"No"},{"label":"3.5mm jack","value":"No"},{"label":"Alert types","value":"Vibration; Downloadable polyphonic ringtones"}]},{"category":"Comms","specs":[{"label":"WLAN","value":"No"},{"label":"Bluetooth","value":"No"},{"label":"Positioning","value":"No"},{"label":"Radio","value":"No"}]},{"category":"Features","specs":[{"label":"Messaging","value":"SMS, EMS, MMS"},{"label":"Browser","value":"WAP"},{"label":"Games","value":"6 + Java downloadable"},{"label":"Java","value":"Yes"}]},{"category":"Battery","specs":[{"label":"Type","value":"Removable Li-Ion 860 mAh battery"},{"label":"Stand-by","value":"Up to 100 h"},{"label":"Talk time","value":"Up to 3 h"}]}]');
INSERT OR IGNORE INTO device_pictures (device_id, url, position) VALUES (1636, 'https://fdn2.gsmarena.com/vv/bigpic/amcs6.gif', 0);
INSERT OR IGNORE INTO device_pictures (device_id, url, position) VALUES (1636, 'https://fdn2.gsmarena.com/vv/pics/amoi/amcs6_00.jpg', 1);
INSERT OR IGNORE INTO devices (id, brand_id, name, gsmarena_url, thumbnail_url, summary) VALUES (1637, 10, '2560', 'https://www.gsmarena.com/amoi_2560-635.php', 'https://fdn2.gsmarena.com/vv/bigpic/am2560.gif', '2560');
INSERT OR IGNORE INTO device_specs (device_id, announced, status, network, os, chipset, cpu, gpu, display_size, display_type, display_res, ram, storage, main_camera, selfie_camera, battery, charging, nfc, usb, bluetooth, wlan, colors, weight, dimensions, sim, sensors, popularity, fans, rating, full_specs_json) VALUES (1637, '2003', 'Discontinued', 'GSM', NULL, NULL, NULL, NULL, NULL, 'TFT, 65K colors', '128 x 160 pixels', NULL, NULL, 'VGA, LED flash', NULL, 'Removable Li-Ion 860 mAh battery', NULL, NULL, NULL, 'No', 'No', NULL, '80 g (2.82 oz)', '88 x 44 x 21 mm (3.46 x 1.73 x 0.83 in)', 'Mini-SIM', NULL, NULL, NULL, NULL, '[{"category":"Network","specs":[{"label":"Technology","value":"GSM"},{"label":"2G bands","value":"GSM 900 / 1800 / 1900"},{"label":"GPRS","value":"Yes"},{"label":"EDGE","value":"No"}]},{"category":"Launch","specs":[{"label":"Announced","value":"2003"},{"label":"Status","value":"Discontinued"}]},{"category":"Body","specs":[{"label":"Dimensions","value":"88 x 44 x 21 mm (3.46 x 1.73 x 0.83 in)"},{"label":"Weight","value":"80 g (2.82 oz)"},{"label":"SIM","value":"Mini-SIM"}]},{"category":"Display","specs":[{"label":"Type","value":"TFT, 65K colors"},{"label":"Resolution","value":"128 x 160 pixels"}]},{"category":"Memory","specs":[{"label":"Card slot","value":"No"},{"label":"Phonebook","value":"500"},{"label":"Call records","value":"10 dialed, 10 received, 10 missed calls"}]},{"category":"Main Camera","specs":[{"label":"Single","value":"VGA"},{"label":"Features","value":"LED flash"},{"label":"Video","value":"No"}]},{"category":"Sound","specs":[{"label":"Loudspeaker","value":"No"},{"label":"3.5mm jack","value":"No"},{"label":"Alert types","value":"Vibration; Polyphonic(40) ringtones"}]},{"category":"Comms","specs":[{"label":"WLAN","value":"No"},{"label":"Bluetooth","value":"No"},{"label":"Positioning","value":"No"},{"label":"Radio","value":"No"}]},{"category":"Features","specs":[{"label":"Messaging","value":"SMS, EMS, MMS, Email"},{"label":"Browser","value":"WAP"},{"label":"Games","value":"10 + downloadable"},{"label":"Java","value":"No"}]},{"category":"Battery","specs":[{"label":"Type","value":"Removable Li-Ion 860 mAh battery"},{"label":"Stand-by","value":"Up to 100 h"},{"label":"Talk time","value":"Up to 3 h"}]}]');
INSERT OR IGNORE INTO device_pictures (device_id, url, position) VALUES (1637, 'https://fdn2.gsmarena.com/vv/bigpic/am2560.gif', 0);
INSERT OR IGNORE INTO device_pictures (device_id, url, position) VALUES (1637, 'https://fdn2.gsmarena.com/vv/pics/amoi/am2560_00.jpg', 1);
INSERT OR IGNORE INTO devices (id, brand_id, name, gsmarena_url, thumbnail_url, summary) VALUES (1638, 10, 'A90', 'https://www.gsmarena.com/amoi_a90-935.php', 'https://fdn2.gsmarena.com/vv/bigpic/ama90.gif', 'A90');
INSERT OR IGNORE INTO device_specs (device_id, announced, status, network, os, chipset, cpu, gpu, display_size, display_type, display_res, ram, storage, main_camera, selfie_camera, battery, charging, nfc, usb, bluetooth, wlan, colors, weight, dimensions, sim, sensors, popularity, fans, rating, full_specs_json) VALUES (1638, '2004', 'Discontinued', 'GSM', NULL, NULL, NULL, NULL, NULL, 'Color graphics, 4K colors', '128 x 160 pixels', NULL, NULL, NULL, NULL, 'Removable Li-Ion 550 mAh battery', NULL, NULL, NULL, 'No', 'No', NULL, '83 g (2.93 oz)', '86 x 44 x 21 mm (3.39 x 1.73 x 0.83 in)', 'Mini-SIM', NULL, NULL, NULL, NULL, '[{"category":"Network","specs":[{"label":"Technology","value":"GSM"},{"label":"2G bands","value":"GSM 900 / 1800 / 1900"},{"label":"GPRS","value":"Class 10"},{"label":"EDGE","value":"No"}]},{"category":"Launch","specs":[{"label":"Announced","value":"2004"},{"label":"Status","value":"Discontinued"}]},{"category":"Body","specs":[{"label":"Dimensions","value":"86 x 44 x 21 mm (3.39 x 1.73 x 0.83 in)"},{"label":"Weight","value":"83 g (2.93 oz)"},{"label":"SIM","value":"Mini-SIM"}]},{"category":"Display","specs":[{"label":"Type","value":"Color graphics, 4K colors"},{"label":"Resolution","value":"128 x 160 pixels"}]},{"category":"Memory","specs":[{"label":"Card slot","value":"No"},{"label":"Phonebook","value":"500 x 8 fields"},{"label":"Call records","value":"10 dialed, 10 received, 10 missed calls"}]},{"category":"Sound","specs":[{"label":"Loudspeaker","value":"No"},{"label":"3.5mm jack","value":"No"},{"label":"Alert types","value":"Vibration; Downloadable polyphonic ringtones"}]},{"category":"Comms","specs":[{"label":"WLAN","value":"No"},{"label":"Bluetooth","value":"No"},{"label":"Positioning","value":"No"},{"label":"Radio","value":"No"}]},{"category":"Features","specs":[{"label":"Messaging","value":"SMS, MMS, Email"},{"label":"Browser","value":"WAP 1.2.1"},{"label":"Games","value":"5 + downloadable"},{"label":"Java","value":"No"}]},{"category":"Battery","specs":[{"label":"Type","value":"Removable Li-Ion 550 mAh battery"},{"label":"Stand-by","value":"Up to 90 h"},{"label":"Talk time","value":"Up to 3 h"}]}]');
INSERT OR IGNORE INTO device_pictures (device_id, url, position) VALUES (1638, 'https://fdn2.gsmarena.com/vv/bigpic/ama90.gif', 0);
INSERT OR IGNORE INTO devices (id, brand_id, name, gsmarena_url, thumbnail_url, summary) VALUES (1639, 10, 'F99b', 'https://www.gsmarena.com/amoi_f99b-639.php', 'https://fdn2.gsmarena.com/vv/bigpic/amf99b.gif', 'F99b');
INSERT OR IGNORE INTO device_specs (device_id, announced, status, network, os, chipset, cpu, gpu, display_size, display_type, display_res, ram, storage, main_camera, selfie_camera, battery, charging, nfc, usb, bluetooth, wlan, colors, weight, dimensions, sim, sensors, popularity, fans, rating, full_specs_json) VALUES (1639, '2003', 'Discontinued', 'GSM', NULL, NULL, NULL, NULL, NULL, 'CSTN, 65K colors', '128 x 128 pixels, 1:1 ratio', NULL, NULL, NULL, NULL, 'Removable Li-Ion 860 mAh battery', NULL, NULL, NULL, 'No', 'No', NULL, '80 g (2.82 oz)', '86 x 49 x 24 mm (3.39 x 1.93 x 0.94 in)', 'Mini-SIM', NULL, NULL, NULL, NULL, '[{"category":"Network","specs":[{"label":"Technology","value":"GSM"},{"label":"2G bands","value":"GSM 900 / 1800 / 1900"},{"label":"GPRS","value":"Yes"},{"label":"EDGE","value":"No"}]},{"category":"Launch","specs":[{"label":"Announced","value":"2003"},{"label":"Status","value":"Discontinued"}]},{"category":"Body","specs":[{"label":"Dimensions","value":"86 x 49 x 24 mm (3.39 x 1.93 x 0.94 in)"},{"label":"Weight","value":"80 g (2.82 oz)"},{"label":"SIM","value":"Mini-SIM"}]},{"category":"Display","specs":[{"label":"Type","value":"CSTN, 65K colors"},{"label":"Resolution","value":"128 x 128 pixels, 1:1 ratio"}]},{"category":"Memory","specs":[{"label":"Card slot","value":"No"},{"label":"Phonebook","value":"500"},{"label":"Call records","value":"10 dialed, 10 received, 10 missed calls"}]},{"category":"Sound","specs":[{"label":"Loudspeaker","value":"No"},{"label":"3.5mm jack","value":"No"},{"label":"Alert types","value":"Vibration; Polyphonic(40) ringtones"}]},{"category":"Comms","specs":[{"label":"WLAN","value":"No"},{"label":"Bluetooth","value":"No"},{"label":"Positioning","value":"No"},{"label":"Radio","value":"No"}]},{"category":"Features","specs":[{"label":"Messaging","value":"SMS, EMS, MMS, Email"},{"label":"Browser","value":"WAP"},{"label":"Games","value":"5"},{"label":"Java","value":"No"}]},{"category":"Battery","specs":[{"label":"Type","value":"Removable Li-Ion 860 mAh battery"},{"label":"Stand-by","value":"Up to 100 h"},{"label":"Talk time","value":"Up to 3 h"}]}]');
INSERT OR IGNORE INTO device_pictures (device_id, url, position) VALUES (1639, 'https://fdn2.gsmarena.com/vv/bigpic/amf99b.gif', 0);
INSERT OR IGNORE INTO devices (id, brand_id, name, gsmarena_url, thumbnail_url, summary) VALUES (1640, 10, 'A9B', 'https://www.gsmarena.com/amoi_a9b-633.php', 'https://fdn2.gsmarena.com/vv/bigpic/ama9b.gif', 'A9B');
INSERT OR IGNORE INTO device_pictures (device_id, url, position) VALUES (1640, 'https://fdn2.gsmarena.com/vv/bigpic/ama9b.gif', 0);
INSERT OR IGNORE INTO devices (id, brand_id, name, gsmarena_url, thumbnail_url, summary) VALUES (1641, 10, 'CA8', 'https://www.gsmarena.com/amoi_ca8-636.php', 'https://fdn2.gsmarena.com/vv/bigpic/amca8.gif', 'CA8');
INSERT OR IGNORE INTO device_pictures (device_id, url, position) VALUES (1641, 'https://fdn2.gsmarena.com/vv/bigpic/amca8.gif', 0);
INSERT OR IGNORE INTO devices (id, brand_id, name, gsmarena_url, thumbnail_url, summary) VALUES (1642, 10, 'CA6', 'https://www.gsmarena.com/amoi_ca6-640.php', 'https://fdn2.gsmarena.com/vv/bigpic/amca6.gif', 'CA6');
INSERT OR IGNORE INTO device_pictures (device_id, url, position) VALUES (1642, 'https://fdn2.gsmarena.com/vv/bigpic/amca6.gif', 0);
INSERT OR IGNORE INTO devices (id, brand_id, name, gsmarena_url, thumbnail_url, summary) VALUES (1643, 10, 'A90B', 'https://www.gsmarena.com/amoi_a90b-634.php', 'https://fdn2.gsmarena.com/vv/bigpic/ama90b.gif', 'A90B');
INSERT OR IGNORE INTO device_pictures (device_id, url, position) VALUES (1643, 'https://fdn2.gsmarena.com/vv/bigpic/ama90b.gif', 0);
INSERT OR IGNORE INTO devices (id, brand_id, name, gsmarena_url, thumbnail_url, summary) VALUES (1644, 10, 'S6', 'https://www.gsmarena.com/amoi_s6-637.php', 'https://fdn2.gsmarena.com/vv/bigpic/ams6.gif', 'S6');
INSERT OR IGNORE INTO device_pictures (device_id, url, position) VALUES (1644, 'https://fdn2.gsmarena.com/vv/bigpic/ams6.gif', 0);

-- Update brand device counts
UPDATE brands SET device_count = 146 WHERE id = 1;
UPDATE brands SET device_count = 207 WHERE id = 2;
UPDATE brands SET device_count = 258 WHERE id = 3;
UPDATE brands SET device_count = 103 WHERE id = 4;
UPDATE brands SET device_count = 1160 WHERE id = 5;
UPDATE brands SET device_count = 4 WHERE id = 6;
UPDATE brands SET device_count = 117 WHERE id = 7;
UPDATE brands SET device_count = 157 WHERE id = 8;
UPDATE brands SET device_count = 25 WHERE id = 9;
UPDATE brands SET device_count = 47 WHERE id = 10;
INSERT OR IGNORE INTO users (id, name, email, password_hash, is_admin) VALUES (1, 'Admin', 'admin@example.com', '14eca200ea6984ac135e70b8c262462c$f52d15b9a7b5a4a7242c7e1b298c246e6810c7fce0d53fd840a4d9fd8e8d6cf2', 1);