INSERT OR IGNORE INTO device_pictures (device_id, url, position) VALUES (663, 'https://fdn2.gsmarena.com/vv/bigpic/oneplus-11.jpg', 0);
INSERT OR IGNORE INTO device_pictures (device_id, url, position) VALUES (663, 'https://fdn2.gsmarena.com/vv/pics/oneplus/oneplus-11-2.jpg', 1);
INSERT OR IGNORE INTO device_pictures (device_id, url, position) VALUES (663, 'https://fdn2.gsmarena.com/vv/pics/oneplus/oneplus-11-3.jpg', 2);
INSERT OR IGNORE INTO device_pictures (device_id, url, position) VALUES (663, 'https://fdn2.gsmarena.com/vv/pics/oneplus/oneplus-11-4.jpg', 3);
INSERT OR IGNORE INTO device_pictures (device_id, url, position) VALUES (663, 'https://fdn2.gsmarena.com/vv/pics/oneplus/oneplus-11-5.jpg', 4);
INSERT OR IGNORE INTO device_pictures (device_id, url, position) VALUES (663, 'https://fdn.gsmarena.com/imgroot/reviews/23/oneplus-11/lifestyle/-1024w2/gsmarena_001.jpg', 5);
INSERT OR IGNORE INTO device_pictures (device_id, url, position) VALUES (663, 'https://fdn.gsmarena.com/imgroot/reviews/23/oneplus-11/lifestyle/-1024w2/gsmarena_003.jpg', 6);
INSERT OR IGNORE INTO device_pictures (device_id, url, position) VALUES (663, 'https://fdn.gsmarena.com/imgroot/reviews/23/oneplus-11/lifestyle/-1024w2/gsmarena_004.jpg', 7);
INSERT OR IGNORE INTO device_pictures (device_id, url, position) VALUES (663, 'https://fdn.gsmarena.com/imgroot/reviews/23/oneplus-11/lifestyle/-1024w2/gsmarena_007.jpg', 8);
INSERT OR IGNORE INTO device_pictures (device_id, url, position) VALUES (663, 'https://fdn.gsmarena.com/imgroot/reviews/23/oneplus-11/lifestyle/-1024w2/gsmarena_010.jpg', 9);
INSERT OR IGNORE INTO devices (id, brand_id, name, gsmarena_url, thumbnail_url, summary) VALUES (664, 4, 'Nord N300', 'https://www.gsmarena.com/oneplus_nord_n300-11949.php', 'https://fdn2.gsmarena.com/vv/bigpic/oneplus-nord-n300-5g.jpg', 'Nord N300');
INSERT OR IGNORE INTO device_specs (device_id, announced, status, network, os, chipset, cpu, gpu, display_size, display_type, display_res, ram, storage, main_camera, selfie_camera, battery, charging, nfc, usb, bluetooth, wlan, colors, weight, dimensions, sim, sensors, popularity, fans, rating, full_specs_json) VALUES (664, '2022, October 24', 'Available. Released 2022, November 03', 'GSM / HSPA / LTE / 5G / 5G', 'Android 12, OxygenOS', 'Mediatek Dimensity 810 (6 nm)', 'Octa-core (2x2.4 GHz Cortex-A76 & 6x2.0 GHz Cortex-A55)', 'Mali-G57 MC2', '6.56 inches, 103.4 cm 2 (~84.0% screen-to-body ratio)', 'IPS LCD, 90Hz', '720 x 1612 pixels, 20:9 ratio (~269 ppi density)', '4GB', '64GB', '48 MP, f/1.8, (wide), PDAF, LED flash, HDR, panorama', '16 MP, f/2.0, (wide), 1080p@30fps', 'Li-Po 5000 mAh', '33W wired', 'Yes', 'USB Type-C 2.0, OTG', '5.3, A2DP, LE', 'Wi-Fi 802.11 a/b/g/n/ac, dual-band', 'Midnight Jade', '190 g (6.70 oz)', '163.8 x 75.1 x 8 mm (6.45 x 2.96 x 0.31 in)', 'Nano-SIM', 'Fingerprint (side-mounted), accelerometer, gyro, proximity, compass, barometer', 'About 230 EUR', NULL, NULL, '[{"category":"Network","specs":[{"label":"Technology","value":"GSM / HSPA / LTE / 5G"},{"label":"2G bands","value":"GSM 850 / 900 / 1800 / 1900"},{"label":"3G bands","value":"HSDPA 850 / 900 / 1700(AWS) / 1900 / 2100"},{"label":"4G bands","value":"1, 2, 3, 4, 5, 7, 8, 12, 13, 17, 20, 25, 26, 28, 38, 39, 40, 41, 66, 71"},{"label":"5G bands","value":"2, 25, 41, 66, 71, 77 SA/NSA"},{"label":"Speed","value":"HSPA 42.2/5.76 Mbps, LTE Cat13 390/150 Mbps, 5G"}]},{"category":"Launch","specs":[{"label":"Announced","value":"2022, October 24"},{"label":"Status","value":"Available. Released 2022, November 03"}]},{"category":"Body","specs":[{"label":"Dimensions","value":"163.8 x 75.1 x 8 mm (6.45 x 2.96 x 0.31 in)"},{"label":"Weight","value":"190 g (6.70 oz)"},{"label":"Build","value":"Glass front, plastic frame, plastic back"},{"label":"SIM","value":"Nano-SIM"}]},{"category":"Display","specs":[{"label":"Type","value":"IPS LCD, 90Hz"},{"label":"Size","value":"6.56 inches, 103.4 cm 2 (~84.0% screen-to-body ratio)"},{"label":"Resolution","value":"720 x 1612 pixels, 20:9 ratio (~269 ppi density)"}]},{"category":"Platform","specs":[{"label":"OS","value":"Android 12, OxygenOS"},{"label":"Chipset","value":"Mediatek Dimensity 810 (6 nm)"},{"label":"CPU","value":"Octa-core (2x2.4 GHz Cortex-A76 & 6x2.0 GHz Cortex-A55)"},{"label":"GPU","value":"Mali-G57 MC2"}]},{"category":"Memory","specs":[{"label":"Card slot","value":"microSDXC"},{"label":"Internal","value":"64GB 4GB RAM"}]},{"category":"Main Camera","specs":[{"label":"Dual","value":"48 MP, f/1.8, (wide), PDAF"},{"label":"Features","value":"LED flash, HDR, panorama"},{"label":"Video","value":"1080p@30fps"}]},{"category":"Selfie camera","specs":[{"label":"Single","value":"16 MP, f/2.0, (wide)"},{"label":"Video","value":"1080p@30fps"},{"label":"Features","value":"HDR"}]},{"category":"Sound","specs":[{"label":"Loudspeaker","value":"Yes, with dual speakers"},{"label":"3.5mm jack","value":"Yes"}]},{"category":"Comms","specs":[{"label":"WLAN","value":"Wi-Fi 802.11 a/b/g/n/ac, dual-band"},{"label":"Bluetooth","value":"5.3, A2DP, LE"},{"label":"Positioning","value":"GPS, GLONASS, GALILEO"},{"label":"NFC","value":"Yes"},{"label":"USB","value":"USB Type-C 2.0, OTG"},{"label":"Radio","value":"Unspecified"}]},{"category":"Features","specs":[{"label":"Sensors","value":"Fingerprint (side-mounted), accelerometer, gyro, proximity, compass, barometer"}]},{"category":"Battery","specs":[{"label":"Type","value":"Li-Po 5000 mAh"},{"label":"Charging","value":"33W wired"}]},{"category":"Misc","specs":[{"label":"Colors","value":"Midnight Jade"},{"label":"Models","value":"CPH2389"},{"label":"Price","value":"About 230 EUR"}]}]');
INSERT OR IGNORE INTO device_pictures (device_id, url, position) VALUES (664, 'https://fdn2.gsmarena.com/vv/bigpic/oneplus-nord-n300-5g.jpg', 0);
INSERT OR IGNORE INTO device_pictures (device_id, url, position) VALUES (664, 'https://fdn2.gsmarena.com/vv/pics/oneplus/oneplus-nord-n300-5g-1.jpg', 1);
INSERT OR IGNORE INTO device_pictures (device_id, url, position) VALUES (664, 'https://fdn.gsmarena.com/imgroot/reviews/22/oneplus-nord-n300/lifestyle/-1024w2/gsmarena_001.jpg', 2);
INSERT OR IGNORE INTO device_pictures (device_id, url, position) VALUES (664, 'https://fdn.gsmarena.com/imgroot/reviews/22/oneplus-nord-n300/lifestyle/-1024w2/gsmarena_002.jpg', 3);
INSERT OR IGNORE INTO device_pictures (device_id, url, position) VALUES (664, 'https://fdn.gsmarena.com/imgroot/reviews/22/oneplus-nord-n300/lifestyle/-1024w2/gsmarena_003.jpg', 4);
INSERT OR IGNORE INTO device_pictures (device_id, url, position) VALUES (664, 'https://fdn.gsmarena.com/imgroot/reviews/22/oneplus-nord-n300/lifestyle/-1024w2/gsmarena_004.jpg', 5);
INSERT OR IGNORE INTO device_pictures (device_id, url, position) VALUES (664, 'https://fdn.gsmarena.com/imgroot/reviews/22/oneplus-nord-n300/lifestyle/-1024w2/gsmarena_005.jpg', 6);
INSERT OR IGNORE INTO device_pictures (device_id, url, position) VALUES (664, 'https://fdn.gsmarena.com/imgroot/reviews/22/oneplus-nord-n300/lifestyle/-1024w2/gsmarena_006.jpg', 7);
INSERT OR IGNORE INTO device_pictures (device_id, url, position) VALUES (664, 'https://fdn.gsmarena.com/imgroot/reviews/22/oneplus-nord-n300/lifestyle/-1024w2/gsmarena_007.jpg', 8);
INSERT OR IGNORE INTO device_pictures (device_id, url, position) VALUES (664, 'https://fdn.gsmarena.com/imgroot/reviews/22/oneplus-nord-n300/lifestyle/-1024w2/gsmarena_008.jpg', 9);
INSERT OR IGNORE INTO devices (id, brand_id, name, gsmarena_url, thumbnail_url, summary) VALUES (665, 4, 'Nord Watch', 'https://www.gsmarena.com/oneplus_nord_watch-11899.php', 'https://fdn2.gsmarena.com/vv/bigpic/oneplus-nord-watch.jpg', 'Nord Watch');
INSERT OR IGNORE INTO device_specs (device_id, announced, status, network, os, chipset, cpu, gpu, display_size, display_type, display_res, ram, storage, main_camera, selfie_camera, battery, charging, nfc, usb, bluetooth, wlan, colors, weight, dimensions, sim, sensors, popularity, fans, rating, full_specs_json) VALUES (665, '2022, Octoder', 'Available. Released 2022, October', 'No cellular connectivity / 4G/LTE', 'Proprietary OS', NULL, NULL, NULL, '1.78 inches', 'AMOLED, 500 nits (typ)', '368 x 448 pixels (~326 ppi density)', NULL, '256MB', NULL, NULL, 'Li-Ion 230 mAh', NULL, 'Yes', 'No', '5.2, A2DP, LE', 'No', 'Midnight Black, Deep Blue', '52.4 g (1.87 oz)', '45.2 x 37.2 x 10.4 mm (1.78 x 1.46 x 0.41 in)', 'No', 'Accelerometer, gyro, heart rate, SpO2', 'About 60 EUR', NULL, NULL, '[{"category":"Network","specs":[{"label":"Technology","value":"No cellular connectivity"},{"label":"2G bands","value":"N/A"},{"label":"3G bands","value":"N/A"},{"label":"4G bands","value":"N/A"},{"label":"GPRS","value":"No"},{"label":"EDGE","value":"No"}]},{"category":"Launch","specs":[{"label":"Announced","value":"2022, Octoder"},{"label":"Status","value":"Available. Released 2022, October"}]},{"category":"Body","specs":[{"label":"Dimensions","value":"45.2 x 37.2 x 10.4 mm (1.78 x 1.46 x 0.41 in)"},{"label":"Weight","value":"52.4 g (1.87 oz)"},{"label":"Build","value":"Glass front, zinc frame"},{"label":"SIM","value":"No"}]},{"category":"Display","specs":[{"label":"Type","value":"AMOLED, 500 nits (typ)"},{"label":"Size","value":"1.78 inches"},{"label":"Resolution","value":"368 x 448 pixels (~326 ppi density)"}]},{"category":"Platform","specs":[{"label":"OS","value":"Proprietary OS"}]},{"category":"Memory","specs":[{"label":"Card slot","value":"No"},{"label":"Internal","value":"256MB"}]},{"category":"Sound","specs":[{"label":"Loudspeaker","value":"Yes"},{"label":"3.5mm jack","value":"No"}]},{"category":"Comms","specs":[{"label":"WLAN","value":"No"},{"label":"Bluetooth","value":"5.2, A2DP, LE"},{"label":"Positioning","value":"Unspecified"},{"label":"NFC","value":"Yes"},{"label":"USB","value":"No"},{"label":"Radio","value":"No"}]},{"category":"Features","specs":[{"label":"Sensors","value":"Accelerometer, gyro, heart rate, SpO2"}]},{"category":"Battery","specs":[{"label":"Type","value":"Li-Ion 230 mAh"}]},{"category":"Misc","specs":[{"label":"Colors","value":"Midnight Black, Deep Blue"},{"label":"Models","value":"OPBBE221"},{"label":"Price","value":"About 60 EUR"}]}]');
INSERT OR IGNORE INTO device_pictures (device_id, url, position) VALUES (665, 'https://fdn2.gsmarena.com/vv/bigpic/oneplus-nord-watch.jpg', 0);
INSERT OR IGNORE INTO device_pictures (device_id, url, position) VALUES (665, 'https://fdn2.gsmarena.com/vv/pics/oneplus/nord-watch-01.jpg', 1);
INSERT OR IGNORE INTO devices (id, brand_id, name, gsmarena_url, thumbnail_url, summary) VALUES (666, 4, 'Ace Pro', 'https://www.gsmarena.com/oneplus_ace_pro-11745.php', 'https://fdn2.gsmarena.com/vv/bigpic/oneplus-10t-5g.jpg', 'Ace Pro');
INSERT OR IGNORE INTO device_specs (device_id, announced, status, network, os, chipset, cpu, gpu, display_size, display_type, display_res, ram, storage, main_camera, selfie_camera, battery, charging, nfc, usb, bluetooth, wlan, colors, weight, dimensions, sim, sensors, popularity, fans, rating, full_specs_json) VALUES (666, '2022, August 09', 'Available. Released 2022, August 15', 'GSM / CDMA / HSPA / LTE / 5G / 5G', 'Android 12, ColorOS 12.1', 'Qualcomm SM8475 Snapdragon 8+ Gen 1 (4 nm)', 'Octa-core (1x3.19 GHz Cortex-X2 & 3x2.75 GHz Cortex-A710 & 4x1.80 GHz Cortex-A510)', 'Adreno 730', '6.7 inches, 108.0 cm 2 (~87.9% screen-to-body ratio)', 'Fluid AMOLED, 1B colors, 120Hz, HDR10+, 500 nits (typ), 800 nits (HBM), 950 nits (peak)', '1080 x 2412 pixels, 20:9 ratio (~394 ppi density)', '12GB', '256GB', '50 MP, f/1.8, 24mm (wide), 1/1.56", 1.0µm, PDAF, OIS, Color spectrum sensor, Dual-LED flash, HDR, panorama', '16 MP, f/2.4, 24mm (wide), 1/3", 1.0µm, 1080p@30fps', 'Li-Po 4800 mAh', '150W wired', 'Yes', 'USB Type-C 2.0', '5.2, A2DP, LE, aptX HD', 'Wi-Fi 802.11 a/b/g/n/ac/6, dual-band, Wi-Fi Direct', 'Moonstone Black, Jade Green, Genshin Impact', '203.5 g (7.20 oz)', '163 x 75.4 x 8.8 mm (6.42 x 2.97 x 0.35 in)', 'Nano-SIM + Nano-SIM', 'Fingerprint (under display, optical), accelerometer, gyro, proximity, compass', 'About 500 EUR', NULL, NULL, '[{"category":"Network","specs":[{"label":"Technology","value":"GSM / CDMA / HSPA / LTE / 5G"},{"label":"2G bands","value":"GSM 850 / 900 / 1800 / 1900"},{"label":"3G bands","value":"HSDPA 800 / 850 / 900 / 1700(AWS) / 1900 / 2100"},{"label":"4G bands","value":"1, 2, 3, 4, 5, 7, 8, 18, 19, 20, 26, 28, 34, 38, 39, 40, 41"},{"label":"5G bands","value":"1, 3, 5, 8, 20, 28, 38, 40, 41, 77, 78 SA/NSA"},{"label":"Speed","value":"HSPA, LTE, 5G"}]},{"category":"Launch","specs":[{"label":"Announced","value":"2022, August 09"},{"label":"Status","value":"Available. Released 2022, August 15"}]},{"category":"Body","specs":[{"label":"Dimensions","value":"163 x 75.4 x 8.8 mm (6.42 x 2.97 x 0.35 in)"},{"label":"Weight","value":"203.5 g (7.20 oz)"},{"label":"Build","value":"Glass front (Gorilla Glass 5), plastic frame, glass back"},{"label":"SIM","value":"Nano-SIM + Nano-SIM"}]},{"category":"Display","specs":[{"label":"Type","value":"Fluid AMOLED, 1B colors, 120Hz, HDR10+, 500 nits (typ), 800 nits (HBM), 950 nits (peak)"},{"label":"Size","value":"6.7 inches, 108.0 cm 2 (~87.9% screen-to-body ratio)"},{"label":"Resolution","value":"1080 x 2412 pixels, 20:9 ratio (~394 ppi density)"},{"label":"Protection","value":"Corning Gorilla Glass 5"}]},{"category":"Platform","specs":[{"label":"OS","value":"Android 12, ColorOS 12.1"},{"label":"Chipset","value":"Qualcomm SM8475 Snapdragon 8+ Gen 1 (4 nm)"},{"label":"CPU","value":"Octa-core (1x3.19 GHz Cortex-X2 & 3x2.75 GHz Cortex-A710 & 4x1.80 GHz Cortex-A510)"},{"label":"GPU","value":"Adreno 730"}]},{"category":"Memory","specs":[{"label":"Card slot","value":"No"},{"label":"Internal","value":"256GB 12GB RAM, 256GB 16GB RAM, 512GB 16GB RAM"}]},{"category":"Main Camera","specs":[{"label":"Triple","value":"50 MP, f/1.8, 24mm (wide), 1/1.56\\", 1.0µm, PDAF, OIS"},{"label":"Features","value":"Color spectrum sensor, Dual-LED flash, HDR, panorama"},{"label":"Video","value":"4K@30/60fps, 1080p@30/60/240fps, gyro-EIS"}]},{"category":"Selfie camera","specs":[{"label":"Single","value":"16 MP, f/2.4, 24mm (wide), 1/3\\", 1.0µm"},{"label":"Video","value":"1080p@30fps"},{"label":"Features","value":"HDR"}]},{"category":"Sound","specs":[{"label":"Loudspeaker","value":"Yes, with stereo speakers"},{"label":"3.5mm jack","value":"No"}]},{"category":"Comms","specs":[{"label":"WLAN","value":"Wi-Fi 802.11 a/b/g/n/ac/6, dual-band, Wi-Fi Direct"},{"label":"Bluetooth","value":"5.2, A2DP, LE, aptX HD"},{"label":"Positioning","value":"GPS (L1+L5), GLONASS (L1), BDS (B1I+B1c+B2a), GALILEO (E1+E5a), QZSS (L1+L5)"},{"label":"NFC","value":"Yes"},{"label":"USB","value":"USB Type-C 2.0"},{"label":"Radio","value":"No"}]},{"category":"Features","specs":[{"label":"Sensors","value":"Fingerprint (under display, optical), accelerometer, gyro, proximity, compass"}]},{"category":"Battery","specs":[{"label":"Type","value":"Li-Po 4800 mAh"},{"label":"Charging","value":"150W wired"}]},{"category":"Misc","specs":[{"label":"Colors","value":"Moonstone Black, Jade Green, Genshin Impact"},{"label":"Models","value":"PGP110"},{"label":"Price","value":"About 500 EUR"}]}]');
INSERT OR IGNORE INTO device_pictures (device_id, url, position) VALUES (666, 'https://fdn2.gsmarena.com/vv/bigpic/oneplus-10t-5g.jpg', 0);
INSERT OR IGNORE INTO device_pictures (device_id, url, position) VALUES (666, 'https://fdn2.gsmarena.com/vv/pics/oneplus/oneplus-10t-5g-1.jpg', 1);
INSERT OR IGNORE INTO device_pictures (device_id, url, position) VALUES (666, 'https://fdn2.gsmarena.com/vv/pics/oneplus/oneplus-10t-5g-2.jpg', 2);
INSERT OR IGNORE INTO devices (id, brand_id, name, gsmarena_url, thumbnail_url, summary) VALUES (667, 4, 'Nord N20 SE', 'https://www.gsmarena.com/oneplus_nord_n20_se-11738.php', 'https://fdn2.gsmarena.com/vv/bigpic/oneplus-nord-n20-se.jpg', 'Nord N20 SE');
INSERT OR IGNORE INTO device_specs (device_id, announced, status, network, os, chipset, cpu, gpu, display_size, display_type, display_res, ram, storage, main_camera, selfie_camera, battery, charging, nfc, usb, bluetooth, wlan, colors, weight, dimensions, sim, sensors, popularity, fans, rating, full_specs_json) VALUES (667, '2022, August 05', 'Available. Released 2022, August 08', 'GSM / HSPA / LTE / 4G/LTE', 'Android 12, OxygenOS 12.1', 'Mediatek MT6765G Helio G35 (12 nm)', 'Octa-core (4x2.3 GHz Cortex-A53 & 4x1.8 GHz Cortex-A53)', 'PowerVR GE8320', '6.56 inches, 103.4 cm 2 (~84.2% screen-to-body ratio)', 'IPS LCD, 480 nits (typ), 600 nits (HBM)', '720 x 1612 pixels, 20:9 ratio (~269 ppi density)', '4GB', '64GB', '50 MP, f/1.8, (wide), 1/2.76", 0.64µm, PDAF, LED flash, HDR, panorama', '8 MP, f/2.0, 26mm (wide), 1/4.0", 1.12µm, 1080p@30fps', 'Li-Po 5000 mAh', '33W wired, 50% in 34 min, 100% in 69 min', 'No', 'USB Type-C 2.0, OTG', '5.3, A2DP, LE, aptX HD', 'Wi-Fi 802.11 a/b/g/n/ac, dual-band, Wi-Fi Direct', 'Blue Oasis, Celestial Black', '187 g (6.60 oz)', '163.8 x 75 x 8 mm (6.45 x 2.95 x 0.31 in)', 'Nano-SIM + Nano-SIM', 'Fingerprint (side-mounted), accelerometer, proximity, compass', 'About 190 EUR', NULL, NULL, '[{"category":"Network","specs":[{"label":"Technology","value":"GSM / HSPA / LTE"},{"label":"2G bands","value":"GSM 850 / 900 / 1800 / 1900"},{"label":"3G bands","value":"HSDPA 850 / 900 / 2100 - Global"},{"label":"4G bands","value":"1, 3, 5, 7, 8, 20, 28, 38, 40, 41 - Global"},{"label":"Speed","value":"HSPA, LTE"}]},{"category":"Launch","specs":[{"label":"Announced","value":"2022, August 05"},{"label":"Status","value":"Available. Released 2022, August 08"}]},{"category":"Body","specs":[{"label":"Dimensions","value":"163.8 x 75 x 8 mm (6.45 x 2.95 x 0.31 in)"},{"label":"Weight","value":"187 g (6.60 oz)"},{"label":"Build","value":"Glass front, plastic frame, plastic back"},{"label":"SIM","value":"Nano-SIM + Nano-SIM"}]},{"category":"Display","specs":[{"label":"Type","value":"IPS LCD, 480 nits (typ), 600 nits (HBM)"},{"label":"Size","value":"6.56 inches, 103.4 cm 2 (~84.2% screen-to-body ratio)"},{"label":"Resolution","value":"720 x 1612 pixels, 20:9 ratio (~269 ppi density)"}]},{"category":"Platform","specs":[{"label":"OS","value":"Android 12, OxygenOS 12.1"},{"label":"Chipset","value":"Mediatek MT6765G Helio G35 (12 nm)"},{"label":"CPU","value":"Octa-core (4x2.3 GHz Cortex-A53 & 4x1.8 GHz Cortex-A53)"},{"label":"GPU","value":"PowerVR GE8320"}]},{"category":"Memory","specs":[{"label":"Card slot","value":"microSDXC"},{"label":"Internal","value":"64GB 4GB RAM, 128GB 4GB RAM"}]},{"category":"Main Camera","specs":[{"label":"Dual","value":"50 MP, f/1.8, (wide), 1/2.76\\", 0.64µm, PDAF"},{"label":"Features","value":"LED flash, HDR, panorama"},{"label":"Video","value":"1080p@30fps"}]},{"category":"Selfie camera","specs":[{"label":"Single","value":"8 MP, f/2.0, 26mm (wide), 1/4.0\\", 1.12µm"},{"label":"Video","value":"1080p@30fps"}]},{"category":"Sound","specs":[{"label":"Loudspeaker","value":"Yes, with dual speakers"},{"label":"3.5mm jack","value":"Yes"}]},{"category":"Comms","specs":[{"label":"WLAN","value":"Wi-Fi 802.11 a/b/g/n/ac, dual-band, Wi-Fi Direct"},{"label":"Bluetooth","value":"5.3, A2DP, LE, aptX HD"},{"label":"Positioning","value":"GPS, GLONASS, BDS, GALILEO, QZSS"},{"label":"NFC","value":"No"},{"label":"USB","value":"USB Type-C 2.0, OTG"},{"label":"Radio","value":"No"}]},{"category":"Features","specs":[{"label":"Sensors","value":"Fingerprint (side-mounted), accelerometer, proximity, compass"}]},{"category":"Battery","specs":[{"label":"Type","value":"Li-Po 5000 mAh"},{"label":"Charging","value":"33W wired, 50% in 34 min, 100% in 69 min"}]},{"category":"Misc","specs":[{"label":"Colors","value":"Blue Oasis, Celestial Black"},{"label":"Models","value":"CPH2469"},{"label":"Price","value":"About 190 EUR"}]}]');
INSERT OR IGNORE INTO device_pictures (device_id, url, position) VALUES (667, 'https://fdn2.gsmarena.com/vv/bigpic/oneplus-nord-n20-se.jpg', 0);
INSERT OR IGNORE INTO device_pictures (device_id, url, position) VALUES (667, 'https://fdn2.gsmarena.com/vv/pics/oneplus/oneplus-nord-n20-se-1.jpg', 1);
INSERT OR IGNORE INTO device_pictures (device_id, url, position) VALUES (667, 'https://fdn2.gsmarena.com/vv/pics/oneplus/oneplus-nord-n20-se-2.jpg', 2);
INSERT OR IGNORE INTO devices (id, brand_id, name, gsmarena_url, thumbnail_url, summary) VALUES (668, 4, '10T', 'https://www.gsmarena.com/oneplus_10t-11622.php', 'https://fdn2.gsmarena.com/vv/bigpic/oneplus-10t-5g.jpg', '10T');
INSERT OR IGNORE INTO device_specs (device_id, announced, status, network, os, chipset, cpu, gpu, display_size, display_type, display_res, ram, storage, main_camera, selfie_camera, battery, charging, nfc, usb, bluetooth, wlan, colors, weight, dimensions, sim, sensors, popularity, fans, rating, full_specs_json) VALUES (668, '2022, August 03', 'Available. Released 2022, August 06', 'GSM / HSPA / LTE / 5G / 5G', 'Android 12, OxygenOS 13', 'Qualcomm SM8475 Snapdragon 8+ Gen 1 (4 nm)', 'Octa-core (1x3.19 GHz Cortex-X2 & 3x2.75 GHz Cortex-A710 & 4x1.80 GHz Cortex-A510)', 'Adreno 730', '6.7 inches, 108.0 cm 2 (~87.9% screen-to-body ratio)', 'Fluid AMOLED, 1B colors, 120Hz, HDR10+', '1080 x 2412 pixels, 20:9 ratio (~394 ppi density)', '6GB', '128GB', '50 MP, f/1.8, 24mm (wide), 1/1.56", 1.0µm, PDAF, OIS, Color spectrum sensor, Dual-LED flash, HDR, panorama', '16 MP, f/2.4, 24mm (wide), 1/3", 1.0µm, 1080p@30fps', 'Li-Po 4800 mAh', '150W wired (125W for 110V sockets)', 'Yes', 'USB Type-C 2.0', '5.2, A2DP, LE, aptX HD', 'Wi-Fi 802.11 a/b/g/n/ac/6, dual-band, Wi-Fi Direct', 'Moonstone Black, Jade Green', '204 g (7.20 oz)', '163 x 75.4 x 8.8 mm (6.42 x 2.97 x 0.35 in)', 'Nano-SIM + Nano-SIM', 'Fingerprint (under display, optical), accelerometer, gyro, proximity, compass', '₹ 32,999 / $ 216.65 / £ 499.99 / € 499.00', NULL, NULL, '[{"category":"Network","specs":[{"label":"Technology","value":"GSM / HSPA / LTE / 5G"},{"label":"2G bands","value":"GSM 850 / 900 / 1800 / 1900"},{"label":"3G bands","value":"HSDPA 800 / 850 / 900 / 1700(AWS) / 1900 / 2100"},{"label":"4G bands","value":"1, 2, 3, 4, 5, 7, 8, 12, 13, 17, 18, 19, 20, 25, 26, 28, 30, 32, 38, 39, 41, 46, 48, 66, 71 - International"},{"label":"5G bands","value":"1, 2, 3, 5, 7, 8, 20, 25, 28, 30, 38, 41, 48, 66, 71, 77 SA/NSA - International"},{"label":"Speed","value":"HSPA 42.2/5.76 Mbps, LTE (4CA), Cat20 2000/200 Mbps, 5G HSPA 42.2/5.76 Mbps, LTE (3CA), Cat16 1000/150 Mbps, 5G - India"}]},{"category":"Launch","specs":[{"label":"Announced","value":"2022, August 03"},{"label":"Status","value":"Available. Released 2022, August 06"}]},{"category":"Body","specs":[{"label":"Dimensions","value":"163 x 75.4 x 8.8 mm (6.42 x 2.97 x 0.35 in)"},{"label":"Weight","value":"204 g (7.20 oz)"},{"label":"Build","value":"Glass front (Gorilla Glass 5), plastic frame, glass back (Gorilla Glass 5)"},{"label":"SIM","value":"Nano-SIM + Nano-SIM"}]},{"category":"Display","specs":[{"label":"Type","value":"Fluid AMOLED, 1B colors, 120Hz, HDR10+"},{"label":"Size","value":"6.7 inches, 108.0 cm 2 (~87.9% screen-to-body ratio)"},{"label":"Resolution","value":"1080 x 2412 pixels, 20:9 ratio (~394 ppi density)"},{"label":"Protection","value":"Corning Gorilla Glass 5"}]},{"category":"Platform","specs":[{"label":"OS","value":"Android 12, OxygenOS 13"},{"label":"Chipset","value":"Qualcomm SM8475 Snapdragon 8+ Gen 1 (4 nm)"},{"label":"CPU","value":"Octa-core (1x3.19 GHz Cortex-X2 & 3x2.75 GHz Cortex-A710 & 4x1.80 GHz Cortex-A510)"},{"label":"GPU","value":"Adreno 730"}]},{"category":"Memory","specs":[{"label":"Card slot","value":"No"},{"label":"Internal","value":"128GB 6GB RAM, 128GB 8GB RAM, 256GB 12GB RAM, 256GB 16GB RAM"}]},{"category":"Main Camera","specs":[{"label":"Triple","value":"50 MP, f/1.8, 24mm (wide), 1/1.56\\", 1.0µm, PDAF, OIS"},{"label":"Features","value":"Color spectrum sensor, Dual-LED flash, HDR, panorama"},{"label":"Video","value":"4K@30/60fps, 1080p@30/60/240fps, gyro-EIS"}]},{"category":"Selfie camera","specs":[{"label":"Single","value":"16 MP, f/2.4, 24mm (wide), 1/3\\", 1.0µm"},{"label":"Video","value":"1080p@30fps"},{"label":"Features","value":"HDR"}]},{"category":"Sound","specs":[{"label":"Loudspeaker","value":"Yes, with stereo speakers"},{"label":"3.5mm jack","value":"No"}]},{"category":"Comms","specs":[{"label":"WLAN","value":"Wi-Fi 802.11 a/b/g/n/ac/6, dual-band, Wi-Fi Direct"},{"label":"Bluetooth","value":"5.2, A2DP, LE, aptX HD"},{"label":"Positioning","value":"GPS (L1+L5), GLONASS (L1), BDS (B1I+B1c+B2a), GALILEO (E1+E5a), QZSS (L1+L5)"},{"label":"NFC","value":"Yes"},{"label":"USB","value":"USB Type-C 2.0"},{"label":"Radio","value":"No"}]},{"category":"Features","specs":[{"label":"Sensors","value":"Fingerprint (under display, optical), accelerometer, gyro, proximity, compass"}]},{"category":"Battery","specs":[{"label":"Type","value":"Li-Po 4800 mAh"},{"label":"Charging","value":"150W wired (125W for 110V sockets)"}]},{"category":"Misc","specs":[{"label":"Colors","value":"Moonstone Black, Jade Green"},{"label":"Models","value":"CPH2415, CPH2413, CPH2417, CPH2419"},{"label":"Price","value":"₹ 32,999 / $ 216.65 / £ 499.99 / € 499.00"}]}]');
INSERT OR IGNORE INTO device_pictures (device_id, url, position) VALUES (668, 'https://fdn2.gsmarena.com/vv/bigpic/oneplus-10t-5g.jpg', 0);
INSERT OR IGNORE INTO device_pictures (device_id, url, position) VALUES (668, 'https://fdn2.gsmarena.com/vv/pics/oneplus/oneplus-10t-5g-1.jpg', 1);
INSERT OR IGNORE INTO device_pictures (device_id, url, position) VALUES (668, 'https://fdn2.gsmarena.com/vv/pics/oneplus/oneplus-10t-5g-2.jpg', 2);
INSERT OR IGNORE INTO device_pictures (device_id, url, position) VALUES (668, 'https://fdn.gsmarena.com/imgroot/reviews/22/oneplus-10t/lifestyle/-1024w2/gsmarena_001.jpg', 3);
INSERT OR IGNORE INTO device_pictures (device_id, url, position) VALUES (668, 'https://fdn.gsmarena.com/imgroot/reviews/22/oneplus-10t/lifestyle/-1024w2/gsmarena_002.jpg', 4);
INSERT OR IGNORE INTO device_pictures (device_id, url, position) VALUES (668, 'https://fdn.gsmarena.com/imgroot/reviews/22/oneplus-10t/lifestyle/-1024w2/gsmarena_003.jpg', 5);
INSERT OR IGNORE INTO device_pictures (device_id, url, position) VALUES (668, 'https://fdn.gsmarena.com/imgroot/reviews/22/oneplus-10t/lifestyle/-1024w2/gsmarena_004.jpg', 6);
INSERT OR IGNORE INTO device_pictures (device_id, url, position) VALUES (668, 'https://fdn.gsmarena.com/imgroot/reviews/22/oneplus-10t/lifestyle/-1024w2/gsmarena_005.jpg', 7);
INSERT OR IGNORE INTO device_pictures (device_id, url, position) VALUES (668, 'https://fdn.gsmarena.com/imgroot/reviews/22/oneplus-10t/lifestyle/-1024w2/gsmarena_006.jpg', 8);
INSERT OR IGNORE INTO device_pictures (device_id, url, position) VALUES (668, 'https://fdn.gsmarena.com/imgroot/reviews/22/oneplus-10t/lifestyle/-1024w2/gsmarena_007.jpg', 9);
INSERT OR IGNORE INTO devices (id, brand_id, name, gsmarena_url, thumbnail_url, summary) VALUES (669, 4, 'Nord 2T', 'https://www.gsmarena.com/oneplus_nord_2t-11517.php', 'https://fdn2.gsmarena.com/vv/bigpic/oneplus-nord-2t.jpg', 'Nord 2T');
INSERT OR IGNORE INTO device_specs (device_id, announced, status, network, os, chipset, cpu, gpu, display_size, display_type, display_res, ram, storage, main_camera, selfie_camera, battery, charging, nfc, usb, bluetooth, wlan, colors, weight, dimensions, sim, sensors, popularity, fans, rating, full_specs_json) VALUES (669, '2022, May 19', 'Available. Released 2022, May 21', 'GSM / HSPA / LTE / 5G / 5G', 'Android 12, upgradable to Android 14, OxygenOS 14', 'Mediatek Dimensity 1300 (6 nm)', 'Octa-core (1x3.0 GHz Cortex-A78 & 3x2.6 GHz Cortex-A78 & 4x2.0 GHz Cortex-A55)', 'Mali-G77 MC9', '6.43 inches, 99.8 cm 2 (~85.7% screen-to-body ratio)', 'AMOLED, 90Hz, HDR10+', '1080 x 2400 pixels, 20:9 ratio (~409 ppi density)', '8GB', '128GB', '50 MP, f/1.9, 24mm (wide), 1/1.56", 1.0µm, PDAF, OIS, Dual-LED flash, HDR, panorama', '32 MP, f/2.4, (wide), 1/2.8", 0.8µm, 1080p@30fps, gyro-EIS', 'Li-Po 4500 mAh', '80W wired, PD', 'Yes', 'USB Type-C 2.0, OTG', '5.2, A2DP, LE, aptX HD', 'Wi-Fi 802.11 a/b/g/n/ac/6, dual-band, Wi-Fi Direct', 'Gray Shadow, Jade Fog', '190 g (6.70 oz)', '159.1 x 73.2 x 8.2 mm (6.26 x 2.88 x 0.32 in)', 'Nano-SIM + Nano-SIM', 'Fingerprint (under display, optical), accelerometer, gyro, proximity, compass', '€ 199.00', NULL, NULL, '[{"category":"Network","specs":[{"label":"Technology","value":"GSM / HSPA / LTE / 5G"},{"label":"2G bands","value":"GSM 850 / 900 / 1800 / 1900"},{"label":"3G bands","value":"HSDPA 800 / 850 / 900 / 1700(AWS) / 1800 / 1900 / 2100"},{"label":"4G bands","value":"1, 2, 3, 4, 5, 7, 8, 12, 17, 18, 19, 20, 26, 28, 32, 34, 38, 39, 40, 41, 66"},{"label":"5G bands","value":"1, 3, 7, 8, 20, 28, 38, 41, 78 SA/NSA"},{"label":"Speed","value":"HSPA 42.2/5.76 Mbps, LTE Cat18 1200/150 Mbps, 5G"}]},{"category":"Launch","specs":[{"label":"Announced","value":"2022, May 19"},{"label":"Status","value":"Available. Released 2022, May 21"}]},{"category":"Body","specs":[{"label":"Dimensions","value":"159.1 x 73.2 x 8.2 mm (6.26 x 2.88 x 0.32 in)"},{"label":"Weight","value":"190 g (6.70 oz)"},{"label":"Build","value":"Glass front (Gorilla Glass 5), plastic frame"},{"label":"SIM","value":"Nano-SIM + Nano-SIM"}]},{"category":"Display","specs":[{"label":"Type","value":"AMOLED, 90Hz, HDR10+"},{"label":"Size","value":"6.43 inches, 99.8 cm 2 (~85.7% screen-to-body ratio)"},{"label":"Resolution","value":"1080 x 2400 pixels, 20:9 ratio (~409 ppi density)"},{"label":"Protection","value":"Corning Gorilla Glass 5"}]},{"category":"Platform","specs":[{"label":"OS","value":"Android 12, upgradable to Android 14, OxygenOS 14"},{"label":"Chipset","value":"Mediatek Dimensity 1300 (6 nm)"},{"label":"CPU","value":"Octa-core (1x3.0 GHz Cortex-A78 & 3x2.6 GHz Cortex-A78 & 4x2.0 GHz Cortex-A55)"},{"label":"GPU","value":"Mali-G77 MC9"}]},{"category":"Memory","specs":[{"label":"Card slot","value":"No"},{"label":"Internal","value":"128GB 8GB RAM, 256GB 12GB RAM"}]},{"category":"Main Camera","specs":[{"label":"Triple","value":"50 MP, f/1.9, 24mm (wide), 1/1.56\\", 1.0µm, PDAF, OIS"},{"label":"Features","value":"Dual-LED flash, HDR, panorama"},{"label":"Video","value":"4K@30fps, 1080p@30/60/120/480fps, gyro-EIS"}]},{"category":"Selfie camera","specs":[{"label":"Single","value":"32 MP, f/2.4, (wide), 1/2.8\\", 0.8µm"},{"label":"Video","value":"1080p@30fps, gyro-EIS"},{"label":"Features","value":"Auto HDR"}]},{"category":"Sound","specs":[{"label":"Loudspeaker","value":"Yes, with stereo speakers"},{"label":"3.5mm jack","value":"No"}]},{"category":"Comms","specs":[{"label":"WLAN","value":"Wi-Fi 802.11 a/b/g/n/ac/6, dual-band, Wi-Fi Direct"},{"label":"Bluetooth","value":"5.2, A2DP, LE, aptX HD"},{"label":"Positioning","value":"GPS, GLONASS, GALILEO, BDS, NavIC"},{"label":"NFC","value":"Yes"},{"label":"USB","value":"USB Type-C 2.0, OTG"},{"label":"Radio","value":"No"}]},{"category":"Features","specs":[{"label":"Sensors","value":"Fingerprint (under display, optical), accelerometer, gyro, proximity, compass"}]},{"category":"Battery","specs":[{"label":"Type","value":"Li-Po 4500 mAh"},{"label":"Charging","value":"80W wired, PD"}]},{"category":"Misc","specs":[{"label":"Colors","value":"Gray Shadow, Jade Fog"},{"label":"Models","value":"CPH2399, CPH2401"},{"label":"Price","value":"€ 199.00"}]}]');
INSERT OR IGNORE INTO device_pictures (device_id, url, position) VALUES (669, 'https://fdn2.gsmarena.com/vv/bigpic/oneplus-nord-2t.jpg', 0);
INSERT OR IGNORE INTO device_pictures (device_id, url, position) VALUES (669, 'https://fdn2.gsmarena.com/vv/pics/oneplus/oneplus-nord-2t-5g-1.jpg', 1);
INSERT OR IGNORE INTO device_pictures (device_id, url, position) VALUES (669, 'https://fdn2.gsmarena.com/vv/pics/oneplus/oneplus-nord-2t-5g-2.jpg', 2);
INSERT OR IGNORE INTO device_pictures (device_id, url, position) VALUES (669, 'https://fdn.gsmarena.com/imgroot/reviews/22/oneplus-nord-2t-5g/lifestyle/-1024w2/gsmarena_001.jpg', 3);
INSERT OR IGNORE INTO device_pictures (device_id, url, position) VALUES (669, 'https://fdn.gsmarena.com/imgroot/reviews/22/oneplus-nord-2t-5g/lifestyle/-1024w2/gsmarena_003.jpg', 4);
INSERT OR IGNORE INTO device_pictures (device_id, url, position) VALUES (669, 'https://fdn.gsmarena.com/imgroot/reviews/22/oneplus-nord-2t-5g/lifestyle/-1024w2/gsmarena_004.jpg', 5);
INSERT OR IGNORE INTO device_pictures (device_id, url, position) VALUES (669, 'https://fdn.gsmarena.com/imgroot/reviews/22/oneplus-nord-2t-5g/lifestyle/-1024w2/gsmarena_005.jpg', 6);
INSERT OR IGNORE INTO device_pictures (device_id, url, position) VALUES (669, 'https://fdn.gsmarena.com/imgroot/reviews/22/oneplus-nord-2t-5g/lifestyle/-1024w2/gsmarena_006.jpg', 7);
INSERT OR IGNORE INTO device_pictures (device_id, url, position) VALUES (669, 'https://fdn.gsmarena.com/imgroot/reviews/22/oneplus-nord-2t-5g/lifestyle/-1024w2/gsmarena_008.jpg', 8);
INSERT OR IGNORE INTO device_pictures (device_id, url, position) VALUES (669, 'https://fdn.gsmarena.com/imgroot/reviews/22/oneplus-nord-2t-5g/lifestyle/-1024w2/gsmarena_009.jpg', 9);
INSERT OR IGNORE INTO devices (id, brand_id, name, gsmarena_url, thumbnail_url, summary) VALUES (670, 4, 'Ace Racing', 'https://www.gsmarena.com/oneplus_ace_racing-11529.php', 'https://fdn2.gsmarena.com/vv/bigpic/oneplus-ace-race.jpg', 'Ace Racing');
INSERT OR IGNORE INTO device_specs (device_id, announced, status, network, os, chipset, cpu, gpu, display_size, display_type, display_res, ram, storage, main_camera, selfie_camera, battery, charging, nfc, usb, bluetooth, wlan, colors, weight, dimensions, sim, sensors, popularity, fans, rating, full_specs_json) VALUES (670, '2022, May 17', 'Available. Released 2022, May 31', 'GSM / CDMA / HSPA / CDMA2000 / LTE / 5G / 5G', 'Android 12, ColorOS 12.1', 'Mediatek Dimensity 8100 Max (5 nm)', 'Octa-core (4x2.85 GHz Cortex-A78 & 4x2.0 GHz Cortex-A55)', 'Mali-G610 MC6', '6.59 inches, 104.5 cm 2 (~83.9% screen-to-body ratio)', 'IPS LCD, 120Hz, 480 nits (typ), 600 (HBM)', '1080 x 2412 pixels, 20:9 ratio (~401 ppi density)', '8GB', '128GB', '64 MP, f/1.7, 25mm (wide), PDAF, LED flash, HDR, panorama', '16 MP, f/2.1, 26mm (wide), 1/3.09", 1.0µm, 1080p@30fps, gyro-EIS', 'Li-Po 5000 mAh', '67W wired, 80% in 29 min', 'Yes', 'USB Type-C 2.0', '5.3, A2DP, LE, aptX HD', 'Wi-Fi 802.11 a/b/g/n/ac/6, dual-band, Wi-Fi Direct', 'Black, Blue', '205 g (7.23 oz)', '164.3 x 75.8 x 8.7 mm (6.47 x 2.98 x 0.34 in)', 'Nano-SIM + Nano-SIM', 'Fingerprint (side-mounted), accelerometer, gyro, proximity, compass', 'About 280 EUR', NULL, NULL, '[{"category":"Network","specs":[{"label":"Technology","value":"GSM / CDMA / HSPA / CDMA2000 / LTE / 5G"},{"label":"2G bands","value":"GSM 850 / 900 / 1800 / 1900"},{"label":"3G bands","value":"HSDPA 850 / 900 / 1700(AWS) / 1900 / 2100"},{"label":"4G bands","value":"1, 3, 4, 5, 7, 8, 18, 19, 28, 34, 38, 39, 40, 41"},{"label":"5G bands","value":"1, 3, 5, 8, 28, 41, 77, 78 SA/NSA"},{"label":"Speed","value":"HSPA, LTE, 5G"}]},{"category":"Launch","specs":[{"label":"Announced","value":"2022, May 17"},{"label":"Status","value":"Available. Released 2022, May 31"}]},{"category":"Body","specs":[{"label":"Dimensions","value":"164.3 x 75.8 x 8.7 mm (6.47 x 2.98 x 0.34 in)"},{"label":"Weight","value":"205 g (7.23 oz)"},{"label":"SIM","value":"Nano-SIM + Nano-SIM"}]},{"category":"Display","specs":[{"label":"Type","value":"IPS LCD, 120Hz, 480 nits (typ), 600 (HBM)"},{"label":"Size","value":"6.59 inches, 104.5 cm 2 (~83.9% screen-to-body ratio)"},{"label":"Resolution","value":"1080 x 2412 pixels, 20:9 ratio (~401 ppi density)"}]},{"category":"Platform","specs":[{"label":"OS","value":"Android 12, ColorOS 12.1"},{"label":"Chipset","value":"Mediatek Dimensity 8100 Max (5 nm)"},{"label":"CPU","value":"Octa-core (4x2.85 GHz Cortex-A78 & 4x2.0 GHz Cortex-A55)"},{"label":"GPU","value":"Mali-G610 MC6"}]},{"category":"Memory","specs":[{"label":"Card slot","value":"No"},{"label":"Internal","value":"128GB 8GB RAM, 256GB 8GB RAM, 256GB 12GB RAM"}]},{"category":"Main Camera","specs":[{"label":"Triple","value":"64 MP, f/1.7, 25mm (wide), PDAF"},{"label":"Features","value":"LED flash, HDR, panorama"},{"label":"Video","value":"4K@30fps, 1080p@30/60/120fps, gyro-EIS"}]},{"category":"Selfie camera","specs":[{"label":"Single","value":"16 MP, f/2.1, 26mm (wide), 1/3.09\\", 1.0µm"},{"label":"Video","value":"1080p@30fps, gyro-EIS"},{"label":"Features","value":"HDR"}]},{"category":"Sound","specs":[{"label":"Loudspeaker","value":"Yes, with stereo speakers"},{"label":"3.5mm jack","value":"Yes"}]},{"category":"Comms","specs":[{"label":"WLAN","value":"Wi-Fi 802.11 a/b/g/n/ac/6, dual-band, Wi-Fi Direct"},{"label":"Bluetooth","value":"5.3, A2DP, LE, aptX HD"},{"label":"Positioning","value":"GPS, GLONASS, GALILEO, BDS, QZSS"},{"label":"NFC","value":"Yes"},{"label":"USB","value":"USB Type-C 2.0"},{"label":"Radio","value":"No"}]},{"category":"Features","specs":[{"label":"Sensors","value":"Fingerprint (side-mounted), accelerometer, gyro, proximity, compass"}]},{"category":"Battery","specs":[{"label":"Type","value":"Li-Po 5000 mAh"},{"label":"Charging","value":"67W wired, 80% in 29 min"}]},{"category":"Misc","specs":[{"label":"Colors","value":"Black, Blue"},{"label":"Models","value":"PGZ110"},{"label":"Price","value":"About 280 EUR"}]}]');
INSERT OR IGNORE INTO device_pictures (device_id, url, position) VALUES (670, 'https://fdn2.gsmarena.com/vv/bigpic/oneplus-ace-race.jpg', 0);
INSERT OR IGNORE INTO device_pictures (device_id, url, position) VALUES (670, 'https://fdn2.gsmarena.com/vv/pics/oneplus/oneplus-ace-race-1.jpg', 1);
INSERT OR IGNORE INTO device_pictures (device_id, url, position) VALUES (670, 'https://fdn2.gsmarena.com/vv/pics/oneplus/oneplus-ace-race-2.jpg', 2);
INSERT OR IGNORE INTO devices (id, brand_id, name, gsmarena_url, thumbnail_url, summary) VALUES (671, 4, 'Nord N20 5G', 'https://www.gsmarena.com/oneplus_nord_n20_5g-11218.php', 'https://fdn2.gsmarena.com/vv/bigpic/oneplus-nord-n20-5g-.jpg', 'Nord N20 5G');
INSERT OR IGNORE INTO device_specs (device_id, announced, status, network, os, chipset, cpu, gpu, display_size, display_type, display_res, ram, storage, main_camera, selfie_camera, battery, charging, nfc, usb, bluetooth, wlan, colors, weight, dimensions, sim, sensors, popularity, fans, rating, full_specs_json) VALUES (671, '2022, April 28', 'Available. Released 2022, April 28', 'GSM / HSPA / LTE / 5G / 5G', 'Android 11, OxygenOS 11', 'Qualcomm SM6375 Snapdragon 695 5G (6 nm)', 'Octa-core (2x2.2 GHz Kryo 660 Gold & 6x1.7 GHz Kryo 660 Silver)', 'Adreno 619', '6.43 inches, 99.8 cm 2 (~85.3% screen-to-body ratio)', 'AMOLED', '1080 x 2400 pixels, 20:9 ratio (~409 ppi density)', '6GB', '128GB', '64 MP, f/1.8, (wide), PDAF, LED flash, HDR, panorama', '16 MP, f/2.4, (wide), 1080p@30fps', 'Li-Po 4500 mAh', '33W wired', 'Yes', 'USB Type-C 2.0, OTG', '5.1, A2DP, LE', 'Wi-Fi 802.11 a/b/g/n/ac, dual-band, Wi-Fi Direct', 'Blue', '173 g (6.10 oz)', '159.9 x 73.2 x 7.5 mm (6.30 x 2.88 x 0.30 in)', 'Nano-SIM', 'Fingerprint (under display, optical), accelerometer, gyro, proximity, compass, barometer', 'About 120 EUR', NULL, NULL, '[{"category":"Network","specs":[{"label":"Technology","value":"GSM / HSPA / LTE / 5G"},{"label":"2G bands","value":"GSM 850 / 900 / 1800 / 1900"},{"label":"3G bands","value":"HSDPA 850 / 900 / 1700(AWS) / 1900 / 2100"},{"label":"4G bands","value":"1, 2, 3, 4, 5, 7, 8, 12, 13, 17, 20, 25, 26, 28, 38, 39, 40, 41, 66, 71"},{"label":"5G bands","value":"2, 25, 41, 66, 71 SA/NSA"},{"label":"Speed","value":"HSPA 42.2/5.76 Mbps, LTE Cat15 800/200 Mbps, 5G"}]},{"category":"Launch","specs":[{"label":"Announced","value":"2022, April 28"},{"label":"Status","value":"Available. Released 2022, April 28"}]},{"category":"Body","specs":[{"label":"Dimensions","value":"159.9 x 73.2 x 7.5 mm (6.30 x 2.88 x 0.30 in)"},{"label":"Weight","value":"173 g (6.10 oz)"},{"label":"Build","value":"Glass front (Schott Xensation Up), plastic frame, plastic back"},{"label":"SIM","value":"Nano-SIM"}]},{"category":"Display","specs":[{"label":"Type","value":"AMOLED"},{"label":"Size","value":"6.43 inches, 99.8 cm 2 (~85.3% screen-to-body ratio)"},{"label":"Resolution","value":"1080 x 2400 pixels, 20:9 ratio (~409 ppi density)"},{"label":"Protection","value":"Schott Xensation Up"}]},{"category":"Platform","specs":[{"label":"OS","value":"Android 11, OxygenOS 11"},{"label":"Chipset","value":"Qualcomm SM6375 Snapdragon 695 5G (6 nm)"},{"label":"CPU","value":"Octa-core (2x2.2 GHz Kryo 660 Gold & 6x1.7 GHz Kryo 660 Silver)"},{"label":"GPU","value":"Adreno 619"}]},{"category":"Memory","specs":[{"label":"Card slot","value":"microSDXC (dedicated slot)"},{"label":"Internal","value":"128GB 6GB RAM"}]},{"category":"Main Camera","specs":[{"label":"Triple","value":"64 MP, f/1.8, (wide), PDAF"},{"label":"Features","value":"LED flash, HDR, panorama"},{"label":"Video","value":"1080p@30fps"}]},{"category":"Selfie camera","specs":[{"label":"Single","value":"16 MP, f/2.4, (wide)"},{"label":"Video","value":"1080p@30fps"},{"label":"Features","value":"HDR"}]},{"category":"Sound","specs":[{"label":"Loudspeaker","value":"Yes"},{"label":"3.5mm jack","value":"Yes"}]},{"category":"Comms","specs":[{"label":"WLAN","value":"Wi-Fi 802.11 a/b/g/n/ac, dual-band, Wi-Fi Direct"},{"label":"Bluetooth","value":"5.1, A2DP, LE"},{"label":"Positioning","value":"GPS (L1+L5), GLONASS, GALILEO, BDS"},{"label":"NFC","value":"Yes"},{"label":"USB","value":"USB Type-C 2.0, OTG"},{"label":"Radio","value":"No"}]},{"category":"Features","specs":[{"label":"Sensors","value":"Fingerprint (under display, optical), accelerometer, gyro, proximity, compass, barometer"}]},{"category":"Battery","specs":[{"label":"Type","value":"Li-Po 4500 mAh"},{"label":"Charging","value":"33W wired"}]},{"category":"Misc","specs":[{"label":"Colors","value":"Blue"},{"label":"Models","value":"GN2200, CPH2459"},{"label":"Price","value":"About 120 EUR"}]}]');
INSERT OR IGNORE INTO device_pictures (device_id, url, position) VALUES (671, 'https://fdn2.gsmarena.com/vv/bigpic/oneplus-nord-n20-5g-.jpg', 0);
INSERT OR IGNORE INTO device_pictures (device_id, url, position) VALUES (671, 'https://fdn2.gsmarena.com/vv/pics/oneplus/oneplus-nord-n20-5g-1.jpg', 1);
INSERT OR IGNORE INTO device_pictures (device_id, url, position) VALUES (671, 'https://fdn2.gsmarena.com/vv/pics/oneplus/oneplus-nord-n20-5g-3.jpg', 2);
INSERT OR IGNORE INTO device_pictures (device_id, url, position) VALUES (671, 'https://fdn.gsmarena.com/imgroot/reviews/22/oneplus-nord-n20-5g/lifestyle/-1024w2/gsmarena_001.jpg', 3);
INSERT OR IGNORE INTO device_pictures (device_id, url, position) VALUES (671, 'https://fdn.gsmarena.com/imgroot/reviews/22/oneplus-nord-n20-5g/lifestyle/-1024w2/gsmarena_002.jpg', 4);
INSERT OR IGNORE INTO device_pictures (device_id, url, position) VALUES (671, 'https://fdn.gsmarena.com/imgroot/reviews/22/oneplus-nord-n20-5g/lifestyle/-1024w2/gsmarena_003.jpg', 5);
INSERT OR IGNORE INTO device_pictures (device_id, url, position) VALUES (671, 'https://fdn.gsmarena.com/imgroot/reviews/22/oneplus-nord-n20-5g/lifestyle/-1024w2/gsmarena_004.jpg', 6);
INSERT OR IGNORE INTO device_pictures (device_id, url, position) VALUES (671, 'https://fdn.gsmarena.com/imgroot/reviews/22/oneplus-nord-n20-5g/lifestyle/-1024w2/gsmarena_005.jpg', 7);
INSERT OR IGNORE INTO device_pictures (device_id, url, position) VALUES (671, 'https://fdn.gsmarena.com/imgroot/reviews/22/oneplus-nord-n20-5g/lifestyle/-1024w2/gsmarena_006.jpg', 8);
INSERT OR IGNORE INTO device_pictures (device_id, url, position) VALUES (671, 'https://fdn.gsmarena.com/imgroot/reviews/22/oneplus-nord-n20-5g/lifestyle/-1024w2/gsmarena_007.jpg', 9);
INSERT OR IGNORE INTO devices (id, brand_id, name, gsmarena_url, thumbnail_url, summary) VALUES (672, 4, '10R 150W', 'https://www.gsmarena.com/oneplus_10r_150w-11598.php', 'https://fdn2.gsmarena.com/vv/bigpic/oneplus-10r.jpg', '10R 150W');
INSERT OR IGNORE INTO device_specs (device_id, announced, status, network, os, chipset, cpu, gpu, display_size, display_type, display_res, ram, storage, main_camera, selfie_camera, battery, charging, nfc, usb, bluetooth, wlan, colors, weight, dimensions, sim, sensors, popularity, fans, rating, full_specs_json) VALUES (672, '2022, April 28', 'Available. Released 2022, May 04', 'GSM / HSPA / LTE / 5G / 5G', 'Android 12, upgradable to Android 13, OxygenOS 13', 'Mediatek Dimensity 8100 Max (5 nm)', 'Octa-core (4x2.85 GHz Cortex-A78 & 4x2.0 GHz Cortex-A55)', 'Mali-G610 MC6', '6.7 inches, 108.0 cm 2 (~87.6% screen-to-body ratio)', 'Fluid AMOLED, 1B colors, 120Hz, HDR10+', '1080 x 2412 pixels, 20:9 ratio (~394 ppi density)', '12GB', '256GB', '50 MP, f/1.8, 24mm (wide), 1/1.56", 1.0µm, PDAF, OIS, Color spectrum sensor, LED flash, HDR, panorama', '16 MP, f/2.4, 26mm (wide), 1/3.09", 1.0µm, 1080p@30fps, gyro-EIS', 'Li-Po 4500 mAh', '150W wired, 30% in 3 min, 100% in 17 min', 'Yes', 'USB Type-C 2.0', '5.2, A2DP, LE', 'Wi-Fi 802.11 a/b/g/n/ac/6, dual-band, Wi-Fi Direct', 'Sierra Black, Forest Green', '186 g (6.56 oz)', '163.3 x 75.5 x 8.2 mm (6.43 x 2.97 x 0.32 in)', 'Nano-SIM + Nano-SIM', 'Fingerprint (under display, optical), accelerometer, gyro, proximity, compass', 'About 340 EUR', NULL, NULL, '[{"category":"Network","specs":[{"label":"Technology","value":"GSM / HSPA / LTE / 5G"},{"label":"2G bands","value":"GSM 850 / 900 / 1800 / 1900"},{"label":"3G bands","value":"HSDPA 800 / 850 / 900 / 1700(AWS) / 1900 / 2100"},{"label":"4G bands","value":"1, 2, 3, 4, 5, 7, 8, 18, 19, 26, 28, 34, 38, 39, 40, 41"},{"label":"5G bands","value":"1, 3, 5, 8, 28, 40, 41, 77, 78 SA/NSA"},{"label":"Speed","value":"HSPA 42.2/5.76 Mbps, LTE (4CA), Cat12 600/150 Mbps, 5G"}]},{"category":"Launch","specs":[{"label":"Announced","value":"2022, April 28"},{"label":"Status","value":"Available. Released 2022, May 04"}]},{"category":"Body","specs":[{"label":"Dimensions","value":"163.3 x 75.5 x 8.2 mm (6.43 x 2.97 x 0.32 in)"},{"label":"Weight","value":"186 g (6.56 oz)"},{"label":"Build","value":"Glass front (Gorilla Glass 5), plastic frame, plastic back"},{"label":"SIM","value":"Nano-SIM + Nano-SIM"}]},{"category":"Display","specs":[{"label":"Type","value":"Fluid AMOLED, 1B colors, 120Hz, HDR10+"},{"label":"Size","value":"6.7 inches, 108.0 cm 2 (~87.6% screen-to-body ratio)"},{"label":"Resolution","value":"1080 x 2412 pixels, 20:9 ratio (~394 ppi density)"},{"label":"Protection","value":"Corning Gorilla Glass 5"}]},{"category":"Platform","specs":[{"label":"OS","value":"Android 12, upgradable to Android 13, OxygenOS 13"},{"label":"Chipset","value":"Mediatek Dimensity 8100 Max (5 nm)"},{"label":"CPU","value":"Octa-core (4x2.85 GHz Cortex-A78 & 4x2.0 GHz Cortex-A55)"},{"label":"GPU","value":"Mali-G610 MC6"}]},{"category":"Memory","specs":[{"label":"Card slot","value":"No"},{"label":"Internal","value":"256GB 12GB RAM"}]},{"category":"Main Camera","specs":[{"label":"Triple","value":"50 MP, f/1.8, 24mm (wide), 1/1.56\\", 1.0µm, PDAF, OIS"},{"label":"Features","value":"Color spectrum sensor, LED flash, HDR, panorama"},{"label":"Video","value":"4K@30fps, 1080p@30/60/120fps, gyro-EIS"}]},{"category":"Selfie camera","specs":[{"label":"Single","value":"16 MP, f/2.4, 26mm (wide), 1/3.09\\", 1.0µm"},{"label":"Video","value":"1080p@30fps, gyro-EIS"},{"label":"Features","value":"HDR"}]},{"category":"Sound","specs":[{"label":"Loudspeaker","value":"Yes, with stereo speakers"},{"label":"3.5mm jack","value":"No"}]},{"category":"Comms","specs":[{"label":"WLAN","value":"Wi-Fi 802.11 a/b/g/n/ac/6, dual-band, Wi-Fi Direct"},{"label":"Bluetooth","value":"5.2, A2DP, LE"},{"label":"Positioning","value":"GPS (L1+L5), GLONASS (G1), BDS (B1), GALILEO (E1+E5a)"},{"label":"NFC","value":"Yes"},{"label":"USB","value":"USB Type-C 2.0"},{"label":"Radio","value":"No"}]},{"category":"Features","specs":[{"label":"Sensors","value":"Fingerprint (under display, optical), accelerometer, gyro, proximity, compass"}]},{"category":"Battery","specs":[{"label":"Type","value":"Li-Po 4500 mAh"},{"label":"Charging","value":"150W wired, 30% in 3 min, 100% in 17 min"}]},{"category":"Misc","specs":[{"label":"Colors","value":"Sierra Black, Forest Green"},{"label":"SAR","value":"0.95 W/kg (head)     0.96 W/kg (body)"},{"label":"Price","value":"About 340 EUR"}]}]');
INSERT OR IGNORE INTO device_pictures (device_id, url, position) VALUES (672, 'https://fdn2.gsmarena.com/vv/bigpic/oneplus-10r.jpg', 0);
INSERT OR IGNORE INTO device_pictures (device_id, url, position) VALUES (672, 'https://fdn2.gsmarena.com/vv/pics/oneplus/oneplus-10r-1.jpg', 1);
INSERT OR IGNORE INTO device_pictures (device_id, url, position) VALUES (672, 'https://fdn2.gsmarena.com/vv/pics/oneplus/oneplus-10r-2.jpg', 2);
INSERT OR IGNORE INTO device_pictures (device_id, url, position) VALUES (672, 'https://fdn.gsmarena.com/imgroot/reviews/22/oneplus-10r/lifestyle/-1024w2/gsmarena_001.jpg', 3);
INSERT OR IGNORE INTO device_pictures (device_id, url, position) VALUES (672, 'https://fdn.gsmarena.com/imgroot/reviews/22/oneplus-10r/lifestyle/-1024w2/gsmarena_002.jpg', 4);
INSERT OR IGNORE INTO device_pictures (device_id, url, position) VALUES (672, 'https://fdn.gsmarena.com/imgroot/reviews/22/oneplus-10r/lifestyle/-1024w2/gsmarena_003.jpg', 5);
INSERT OR IGNORE INTO device_pictures (device_id, url, position) VALUES (672, 'https://fdn.gsmarena.com/imgroot/reviews/22/oneplus-10r/lifestyle/-1024w2/gsmarena_004.jpg', 6);
INSERT OR IGNORE INTO device_pictures (device_id, url, position) VALUES (672, 'https://fdn.gsmarena.com/imgroot/reviews/22/oneplus-10r/lifestyle/-1024w2/gsmarena_005.jpg', 7);
INSERT OR IGNORE INTO device_pictures (device_id, url, position) VALUES (672, 'https://fdn.gsmarena.com/imgroot/reviews/22/oneplus-10r/lifestyle/-1024w2/gsmarena_006.jpg', 8);
INSERT OR IGNORE INTO device_pictures (device_id, url, position) VALUES (672, 'https://fdn.gsmarena.com/imgroot/reviews/22/oneplus-10r/lifestyle/-1024w2/gsmarena_007.jpg', 9);
INSERT OR IGNORE INTO devices (id, brand_id, name, gsmarena_url, thumbnail_url, summary) VALUES (673, 4, '10R', 'https://www.gsmarena.com/oneplus_10r-11445.php', 'https://fdn2.gsmarena.com/vv/bigpic/oneplus-10r.jpg', '10R');
INSERT OR IGNORE INTO device_specs (device_id, announced, status, network, os, chipset, cpu, gpu, display_size, display_type, display_res, ram, storage, main_camera, selfie_camera, battery, charging, nfc, usb, bluetooth, wlan, colors, weight, dimensions, sim, sensors, popularity, fans, rating, full_specs_json) VALUES (673, '2022, April 28', 'Available. Released 2022, May 04', 'GSM / HSPA / LTE / 5G / 5G', 'Android 12, upgradable to Android 13, OxygenOS 13', 'Mediatek Dimensity 8100 Max (5 nm)', 'Octa-core (4x2.85 GHz Cortex-A78 & 4x2.0 GHz Cortex-A55)', 'Mali-G610 MC6', '6.7 inches, 108.0 cm 2 (~87.6% screen-to-body ratio)', 'Fluid AMOLED, 1B colors, 120Hz, HDR10+', '1080 x 2412 pixels, 20:9 ratio (~394 ppi density)', '8GB', '128GB', '50 MP, f/1.8, 24mm (wide), 1/1.56", 1.0µm, PDAF, OIS, Color spectrum sensor, LED flash, HDR, panorama', '16 MP, f/2.4, 26mm (wide), 1/3.09", 1.0µm, 1080p@30fps, gyro-EIS', 'Li-Po 5000 mAh', '80W wired, 100% in 32 min', 'Yes', 'USB Type-C 2.0', '5.2, A2DP, LE', 'Wi-Fi 802.11 a/b/g/n/ac/6, dual-band, Wi-Fi Direct', 'Sierra Black, Forest Green, Prime Blue', '186 g (6.56 oz)', '163.3 x 75.5 x 8.2 mm (6.43 x 2.97 x 0.32 in)', 'Nano-SIM + Nano-SIM', 'Fingerprint (under display, optical), accelerometer, gyro, proximity, compass', '₹ 26,999', NULL, NULL, '[{"category":"Network","specs":[{"label":"Technology","value":"GSM / HSPA / LTE / 5G"},{"label":"2G bands","value":"GSM 850 / 900 / 1800 / 1900"},{"label":"3G bands","value":"HSDPA 800 / 850 / 900 / 1700(AWS) / 1900 / 2100"},{"label":"4G bands","value":"1, 2, 3, 4, 5, 7, 8, 18, 19, 26, 28, 34, 38, 39, 40, 41"},{"label":"5G bands","value":"1, 3, 5, 8, 28, 40, 41, 77, 78 SA/NSA"},{"label":"Speed","value":"HSPA 42.2/5.76 Mbps, LTE (4CA), Cat12 600/150 Mbps, 5G"}]},{"category":"Launch","specs":[{"label":"Announced","value":"2022, April 28"},{"label":"Status","value":"Available. Released 2022, May 04"}]},{"category":"Body","specs":[{"label":"Dimensions","value":"163.3 x 75.5 x 8.2 mm (6.43 x 2.97 x 0.32 in)"},{"label":"Weight","value":"186 g (6.56 oz)"},{"label":"Build","value":"Glass front (Gorilla Glass 5), plastic frame, plastic back"},{"label":"SIM","value":"Nano-SIM + Nano-SIM"}]},{"category":"Display","specs":[{"label":"Type","value":"Fluid AMOLED, 1B colors, 120Hz, HDR10+"},{"label":"Size","value":"6.7 inches, 108.0 cm 2 (~87.6% screen-to-body ratio)"},{"label":"Resolution","value":"1080 x 2412 pixels, 20:9 ratio (~394 ppi density)"},{"label":"Protection","value":"Corning Gorilla Glass 5"}]},{"category":"Platform","specs":[{"label":"OS","value":"Android 12, upgradable to Android 13, OxygenOS 13"},{"label":"Chipset","value":"Mediatek Dimensity 8100 Max (5 nm)"},{"label":"CPU","value":"Octa-core (4x2.85 GHz Cortex-A78 & 4x2.0 GHz Cortex-A55)"},{"label":"GPU","value":"Mali-G610 MC6"}]},{"category":"Memory","specs":[{"label":"Card slot","value":"No"},{"label":"Internal","value":"128GB 8GB RAM, 256GB 8GB RAM, 256GB 12GB RAM"}]},{"category":"Main Camera","specs":[{"label":"Triple","value":"50 MP, f/1.8, 24mm (wide), 1/1.56\\", 1.0µm, PDAF, OIS"},{"label":"Features","value":"Color spectrum sensor, LED flash, HDR, panorama"},{"label":"Video","value":"4K@30fps, 1080p@30/60/120fps, gyro-EIS"}]},{"category":"Selfie camera","specs":[{"label":"Single","value":"16 MP, f/2.4, 26mm (wide), 1/3.09\\", 1.0µm"},{"label":"Video","value":"1080p@30fps, gyro-EIS"},{"label":"Features","value":"HDR"}]},{"category":"Sound","specs":[{"label":"Loudspeaker","value":"Yes, with stereo speakers"},{"label":"3.5mm jack","value":"No"}]},{"category":"Comms","specs":[{"label":"WLAN","value":"Wi-Fi 802.11 a/b/g/n/ac/6, dual-band, Wi-Fi Direct"},{"label":"Bluetooth","value":"5.2, A2DP, LE"},{"label":"Positioning","value":"GPS (L1+L5), GLONASS (G1), BDS (B1), GALILEO (E1+E5a)"},{"label":"NFC","value":"Yes"},{"label":"USB","value":"USB Type-C 2.0"},{"label":"Radio","value":"No"}]},{"category":"Features","specs":[{"label":"Sensors","value":"Fingerprint (under display, optical), accelerometer, gyro, proximity, compass"}]},{"category":"Battery","specs":[{"label":"Type","value":"Li-Po 5000 mAh"},{"label":"Charging","value":"80W wired, 100% in 32 min"}]},{"category":"Misc","specs":[{"label":"Colors","value":"Sierra Black, Forest Green, Prime Blue"},{"label":"Models","value":"CPH2411"},{"label":"SAR","value":"0.95 W/kg (head)     0.96 W/kg (body)"},{"label":"Price","value":"₹ 26,999"}]}]');
INSERT OR IGNORE INTO device_pictures (device_id, url, position) VALUES (673, 'https://fdn2.gsmarena.com/vv/bigpic/oneplus-10r.jpg', 0);
INSERT OR IGNORE INTO device_pictures (device_id, url, position) VALUES (673, 'https://fdn2.gsmarena.com/vv/pics/oneplus/oneplus-10r-1.jpg', 1);
INSERT OR IGNORE INTO device_pictures (device_id, url, position) VALUES (673, 'https://fdn2.gsmarena.com/vv/pics/oneplus/oneplus-10r-2.jpg', 2);
INSERT OR IGNORE INTO device_pictures (device_id, url, position) VALUES (673, 'https://fdn2.gsmarena.com/vv/pics/oneplus/oneplus-10r-prime-blue-edition.jpg', 3);
INSERT OR IGNORE INTO devices (id, brand_id, name, gsmarena_url, thumbnail_url, summary) VALUES (674, 4, 'Nord CE 2 Lite 5G', 'https://www.gsmarena.com/oneplus_nord_ce_2_lite_5g-11344.php', 'https://fdn2.gsmarena.com/vv/bigpic/oneplus-nord-ce-2-lite-5g-0.jpg', 'Nord CE 2 Lite 5G');
INSERT OR IGNORE INTO device_specs (device_id, announced, status, network, os, chipset, cpu, gpu, display_size, display_type, display_res, ram, storage, main_camera, selfie_camera, battery, charging, nfc, usb, bluetooth, wlan, colors, weight, dimensions, sim, sensors, popularity, fans, rating, full_specs_json) VALUES (674, '2022, April 28', 'Available. Released 2022, April 30', 'GSM / HSPA / LTE / 5G / 5G', 'Android 12, upgradable to Android 13, OxygenOS 13', 'Qualcomm SM6375 Snapdragon 695 5G (6 nm)', 'Octa-core (2x2.2 GHz Kryo 660 Gold & 6x1.7 GHz Kryo 660 Silver)', 'Adreno 619', '6.59 inches, 104.5 cm 2 (~84.1% screen-to-body ratio)', 'IPS LCD, 120Hz', '1080 x 2412 pixels, 20:9 ratio (~401 ppi density)', '6GB', '128GB', '64 MP, f/1.7, 26mm (wide), 0.7µm, PDAF, LED flash, HDR, panorama', '16 MP, f/2.0, (wide), 1/3.0", 1.0µm, 1080p@30fps', 'Li-Po 5000 mAh', '33W wired', 'Yes (market/region dependent)', 'USB Type-C 2.0, OTG', '5.2, A2DP, LE, aptX HD', 'Wi-Fi 802.11 a/b/g/n/ac, dual-band, Wi-Fi Direct', 'Black Dusk, Blue Tide', '195 g (6.88 oz)', '164.3 x 75.6 x 8.5 mm (6.47 x 2.98 x 0.33 in)', 'Nano-SIM + Nano-SIM', 'Fingerprint (side-mounted), accelerometer, gyro, proximity, compass', 'About 220 EUR', NULL, NULL, '[{"category":"Network","specs":[{"label":"Technology","value":"GSM / HSPA / LTE / 5G"},{"label":"2G bands","value":"GSM 850 / 900 / 1800 / 1900"},{"label":"3G bands","value":"HSDPA 800 / 850 / 900 / 1700(AWS) / 1900 / 2100"},{"label":"4G bands","value":"1, 2, 3, 4, 5, 7, 8, 12, 13, 17, 18, 19, 20, 26, 28, 38, 39, 40, 41, 66 - Europe"},{"label":"5G bands","value":"1, 3, 5, 7, 8, 20, 28, 38, 40, 41, 66, 77, 78 SA/NSA - Europe"},{"label":"Speed","value":"HSPA, LTE, 5G"}]},{"category":"Launch","specs":[{"label":"Announced","value":"2022, April 28"},{"label":"Status","value":"Available. Released 2022, April 30"}]},{"category":"Body","specs":[{"label":"Dimensions","value":"164.3 x 75.6 x 8.5 mm (6.47 x 2.98 x 0.33 in)"},{"label":"Weight","value":"195 g (6.88 oz)"},{"label":"Build","value":"Glass front, plastic frame, plastic back"},{"label":"SIM","value":"Nano-SIM + Nano-SIM"}]},{"category":"Display","specs":[{"label":"Type","value":"IPS LCD, 120Hz"},{"label":"Size","value":"6.59 inches, 104.5 cm 2 (~84.1% screen-to-body ratio)"},{"label":"Resolution","value":"1080 x 2412 pixels, 20:9 ratio (~401 ppi density)"}]},{"category":"Platform","specs":[{"label":"OS","value":"Android 12, upgradable to Android 13, OxygenOS 13"},{"label":"Chipset","value":"Qualcomm SM6375 Snapdragon 695 5G (6 nm)"},{"label":"CPU","value":"Octa-core (2x2.2 GHz Kryo 660 Gold & 6x1.7 GHz Kryo 660 Silver)"},{"label":"GPU","value":"Adreno 619"}]},{"category":"Memory","specs":[{"label":"Card slot","value":"microSDXC (uses shared SIM slot)"},{"label":"Internal","value":"128GB 6GB RAM, 128GB 8GB RAM"}]},{"category":"Main Camera","specs":[{"label":"Triple","value":"64 MP, f/1.7, 26mm (wide), 0.7µm, PDAF"},{"label":"Features","value":"LED flash, HDR, panorama"},{"label":"Video","value":"1080p@30fps"}]},{"category":"Selfie camera","specs":[{"label":"Single","value":"16 MP, f/2.0, (wide), 1/3.0\\", 1.0µm"},{"label":"Video","value":"1080p@30fps"},{"label":"Features","value":"HDR"}]},{"category":"Sound","specs":[{"label":"Loudspeaker","value":"Yes"},{"label":"3.5mm jack","value":"Yes"}]},{"category":"Comms","specs":[{"label":"WLAN","value":"Wi-Fi 802.11 a/b/g/n/ac, dual-band, Wi-Fi Direct"},{"label":"Bluetooth","value":"5.2, A2DP, LE, aptX HD"},{"label":"Positioning","value":"GPS, GLONASS, GALILEO, BDS, QZSS"},{"label":"NFC","value":"Yes (market/region dependent)"},{"label":"USB","value":"USB Type-C 2.0, OTG"},{"label":"Radio","value":"Unspecified"}]},{"category":"Features","specs":[{"label":"Sensors","value":"Fingerprint (side-mounted), accelerometer, gyro, proximity, compass"}]},{"category":"Battery","specs":[{"label":"Type","value":"Li-Po 5000 mAh"},{"label":"Charging","value":"33W wired"}]},{"category":"Misc","specs":[{"label":"Colors","value":"Black Dusk, Blue Tide"},{"label":"Models","value":"CPH2381, CPH2409"},{"label":"SAR","value":"1.19 W/kg (head)     0.71 W/kg (body)"},{"label":"Price","value":"About 220 EUR"}]}]');
INSERT OR IGNORE INTO device_pictures (device_id, url, position) VALUES (674, 'https://fdn2.gsmarena.com/vv/bigpic/oneplus-nord-ce-2-lite-5g-0.jpg', 0);
INSERT OR IGNORE INTO device_pictures (device_id, url, position) VALUES (674, 'https://fdn2.gsmarena.com/vv/pics/oneplus/oneplus-nord-ce-2-lite-5g-1.jpg', 1);
INSERT OR IGNORE INTO device_pictures (device_id, url, position) VALUES (674, 'https://fdn2.gsmarena.com/vv/pics/oneplus/oneplus-nord-ce-2-lite-5g-2.jpg', 2);
INSERT OR IGNORE INTO device_pictures (device_id, url, position) VALUES (674, 'https://fdn.gsmarena.com/imgroot/reviews/22/oneplus-nord-ce-2-lite-5g/lifestyle/-1024w2/gsmarena_001.jpg', 3);
INSERT OR IGNORE INTO device_pictures (device_id, url, position) VALUES (674, 'https://fdn.gsmarena.com/imgroot/reviews/22/oneplus-nord-ce-2-lite-5g/lifestyle/-1024w2/gsmarena_002.jpg', 4);
INSERT OR IGNORE INTO device_pictures (device_id, url, position) VALUES (674, 'https://fdn.gsmarena.com/imgroot/reviews/22/oneplus-nord-ce-2-lite-5g/lifestyle/-1024w2/gsmarena_003.jpg', 5);
INSERT OR IGNORE INTO device_pictures (device_id, url, position) VALUES (674, 'https://fdn.gsmarena.com/imgroot/reviews/22/oneplus-nord-ce-2-lite-5g/lifestyle/-1024w2/gsmarena_004.jpg', 6);
INSERT OR IGNORE INTO device_pictures (device_id, url, position) VALUES (674, 'https://fdn.gsmarena.com/imgroot/reviews/22/oneplus-nord-ce-2-lite-5g/lifestyle/-1024w2/gsmarena_005.jpg', 7);
INSERT OR IGNORE INTO device_pictures (device_id, url, position) VALUES (674, 'https://fdn.gsmarena.com/imgroot/reviews/22/oneplus-nord-ce-2-lite-5g/lifestyle/-1024w2/gsmarena_006.jpg', 8);
INSERT OR IGNORE INTO device_pictures (device_id, url, position) VALUES (674, 'https://fdn.gsmarena.com/imgroot/reviews/22/oneplus-nord-ce-2-lite-5g/lifestyle/-1024w2/gsmarena_007.jpg', 9);
INSERT OR IGNORE INTO devices (id, brand_id, name, gsmarena_url, thumbnail_url, summary) VALUES (675, 4, 'Ace', 'https://www.gsmarena.com/oneplus_ace-11488.php', 'https://fdn2.gsmarena.com/vv/bigpic/oneplus-ace.jpg', 'Ace');
INSERT OR IGNORE INTO device_specs (device_id, announced, status, network, os, chipset, cpu, gpu, display_size, display_type, display_res, ram, storage, main_camera, selfie_camera, battery, charging, nfc, usb, bluetooth, wlan, colors, weight, dimensions, sim, sensors, popularity, fans, rating, full_specs_json) VALUES (675, '2022, April 21', 'Available. Released 2022, April 26', 'GSM / CDMA / HSPA / EVDO / LTE / 5G / 5G', 'Android 12, ColorOS 12.1', 'Mediatek Dimensity 8100 Max (5 nm)', 'Octa-core (4x2.85 GHz Cortex-A78 & 4x2.0 GHz Cortex-A55)', 'Mali-G610 MC6', '6.7 inches, 108.0 cm 2 (~87.6% screen-to-body ratio)', 'OLED, 1B colors, 120Hz, HDR10+, 500 nits (typ), 800 nits (HBM), 950 nits (peak)', '1080 x 2412 pixels, 20:9 ratio (~394 ppi density)', '8GB', '128GB', '50 MP, f/1.9, 24mm (wide), 1/1.56", 1.0µm, PDAF, OIS, Color spectrum sensor, LED flash, HDR, panorama', '16 MP, f/2.4, 26mm (wide), 1/3.09", 1.0µm, 1080p@30fps, gyro-EIS', 'Li-Po 4500 mAh', '150W wired, 50% in 5 min', 'Yes', 'USB Type-C 2.0', '5.2, A2DP, LE', 'Wi-Fi 802.11 a/b/g/n/ac/6, dual-band, Wi-Fi Direct', 'Black, Blue', '186 g (6.56 oz)', '163.3 x 75.5 x 8.2 mm (6.43 x 2.97 x 0.32 in)', 'Nano-SIM + Nano-SIM', 'Fingerprint (under display, optical), accelerometer, gyro, proximity, compass', 'About 360 EUR', NULL, NULL, '[{"category":"Network","specs":[{"label":"Technology","value":"GSM / CDMA / HSPA / EVDO / LTE / 5G"},{"label":"2G bands","value":"GSM 850 / 900 / 1800 / 1900"},{"label":"3G bands","value":"HSDPA 800 / 850 / 900 / 1700(AWS) / 1900 / 2100"},{"label":"4G bands","value":"1, 2, 3, 4, 5, 7, 8, 18, 19, 26, 28, 34, 38, 39, 40, 41"},{"label":"5G bands","value":"1, 3, 5, 8, 28, 40, 41, 77, 78 SA/NSA"},{"label":"Speed","value":"HSPA, LTE, 5G"}]},{"category":"Launch","specs":[{"label":"Announced","value":"2022, April 21"},{"label":"Status","value":"Available. Released 2022, April 26"}]},{"category":"Body","specs":[{"label":"Dimensions","value":"163.3 x 75.5 x 8.2 mm (6.43 x 2.97 x 0.32 in)"},{"label":"Weight","value":"186 g (6.56 oz)"},{"label":"Build","value":"Glass front (Gorilla Glass 5), plastic frame"},{"label":"SIM","value":"Nano-SIM + Nano-SIM"}]},{"category":"Display","specs":[{"label":"Type","value":"OLED, 1B colors, 120Hz, HDR10+, 500 nits (typ), 800 nits (HBM), 950 nits (peak)"},{"label":"Size","value":"6.7 inches, 108.0 cm 2 (~87.6% screen-to-body ratio)"},{"label":"Resolution","value":"1080 x 2412 pixels, 20:9 ratio (~394 ppi density)"},{"label":"Protection","value":"Corning Gorilla Glass 5"}]},{"category":"Platform","specs":[{"label":"OS","value":"Android 12, ColorOS 12.1"},{"label":"Chipset","value":"Mediatek Dimensity 8100 Max (5 nm)"},{"label":"CPU","value":"Octa-core (4x2.85 GHz Cortex-A78 & 4x2.0 GHz Cortex-A55)"},{"label":"GPU","value":"Mali-G610 MC6"}]},{"category":"Memory","specs":[{"label":"Card slot","value":"No"},{"label":"Internal","value":"128GB 8GB RAM, 256GB 8GB RAM, 256GB 12GB RAM, 512GB 12GB RAM"}]},{"category":"Main Camera","specs":[{"label":"Triple","value":"50 MP, f/1.9, 24mm (wide), 1/1.56\\", 1.0µm, PDAF, OIS"},{"label":"Features","value":"Color spectrum sensor, LED flash, HDR, panorama"},{"label":"Video","value":"4K@30/60fps, 1080p@30/60/240fps, gyro-EIS"}]},{"category":"Selfie camera","specs":[{"label":"Single","value":"16 MP, f/2.4, 26mm (wide), 1/3.09\\", 1.0µm"},{"label":"Video","value":"1080p@30fps, gyro-EIS"},{"label":"Features","value":"HDR"}]},{"category":"Sound","specs":[{"label":"Loudspeaker","value":"Yes, with stereo speakers"},{"label":"3.5mm jack","value":"No"}]},{"category":"Comms","specs":[{"label":"WLAN","value":"Wi-Fi 802.11 a/b/g/n/ac/6, dual-band, Wi-Fi Direct"},{"label":"Bluetooth","value":"5.2, A2DP, LE"},{"label":"Positioning","value":"GPS, GLONASS, GALILEO, BDS"},{"label":"NFC","value":"Yes"},{"label":"USB","value":"USB Type-C 2.0"},{"label":"Radio","value":"No"}]},{"category":"Features","specs":[{"label":"Sensors","value":"Fingerprint (under display, optical), accelerometer, gyro, proximity, compass"}]},{"category":"Battery","specs":[{"label":"Type","value":"Li-Po 4500 mAh"},{"label":"Charging","value":"150W wired, 50% in 5 min"}]},{"category":"Misc","specs":[{"label":"Colors","value":"Black, Blue"},{"label":"Models","value":"PGKM10"},{"label":"Price","value":"About 360 EUR"}]}]');
INSERT OR IGNORE INTO device_pictures (device_id, url, position) VALUES (675, 'https://fdn2.gsmarena.com/vv/bigpic/oneplus-ace.jpg', 0);
INSERT OR IGNORE INTO device_pictures (device_id, url, position) VALUES (675, 'https://fdn2.gsmarena.com/vv/pics/oneplus/oneplus-ace-1.jpg', 1);
INSERT OR IGNORE INTO device_pictures (device_id, url, position) VALUES (675, 'https://fdn2.gsmarena.com/vv/pics/oneplus/oneplus-ace-2.jpg', 2);
INSERT OR IGNORE INTO devices (id, brand_id, name, gsmarena_url, thumbnail_url, summary) VALUES (676, 4, '10 Pro', 'https://www.gsmarena.com/oneplus_10_pro-11234.php', 'https://fdn2.gsmarena.com/vv/bigpic/oneplus-10-pro.jpg', '10 Pro');
INSERT OR IGNORE INTO device_specs (device_id, announced, status, network, os, chipset, cpu, gpu, display_size, display_type, display_res, ram, storage, main_camera, selfie_camera, battery, charging, nfc, usb, bluetooth, wlan, colors, weight, dimensions, sim, sensors, popularity, fans, rating, full_specs_json) VALUES (676, '2022, January 11', 'Available. Released 2022, January 13', 'GSM / CDMA / HSPA / EVDO / LTE / 5G / 5G', 'Android 12, upgradable to Android 14, OxygenOS 14 (International), ColorOS (China)', 'Qualcomm SM8450 Snapdragon 8 Gen 1 (4 nm)', 'Octa-core (1x3.00 GHz Cortex-X2 & 3x2.50 GHz Cortex-A710 & 4x1.80 GHz Cortex-A510)', 'Adreno 730', '6.7 inches, 108.4 cm 2 (~90.0% screen-to-body ratio)', 'LTPO2 Fluid AMOLED, 1B colors, 120Hz, HDR10+, 500 nits (typ), 800 nits (HBM), 1300 nits (peak)', '1440 x 3216 pixels, 20:9 ratio (~525 ppi density)', '8GB', '128GB', '48 MP, f/1.8, 23mm (wide), 1/1.43", 1.12µm, multi-directional PDAF, OIS, Laser AF, color spectrum sensor, Hasselblad Color Calibration, Dual-LED dual-tone flash, HDR, panorama', '32 MP, f/2.2, (wide), 1/2.74", 0.8µm, 1080p@30fps, gyro-EIS', 'Li-Po 5000 mAh', '80W wired, PD, 100% in 32 min (International)', 'Yes', 'USB Type-C 3.1, OTG', '5.2, A2DP, LE, aptX HD', 'Wi-Fi 802.11 a/b/g/n/ac/6, dual-band, Wi-Fi Direct', 'Volcanic Black, Emerald Forest, Panda White (Extreme Edition)', '201 g (7.09 oz)', '163 x 73.9 x 8.6 mm (6.42 x 2.91 x 0.34 in)', '· Nano-SIM · Nano-SIM + Nano-SIM', 'Fingerprint (under display, optical), accelerometer, gyro, proximity, compass, barometer', '$ 264.44 / £ 414.99 / € 270.00', NULL, NULL, '[{"category":"Network","specs":[{"label":"Technology","value":"GSM / CDMA / HSPA / EVDO / LTE / 5G"},{"label":"2G bands","value":"GSM 850 / 900 / 1800 / 1900"},{"label":"3G bands","value":"HSDPA 800 / 850 / 900 / 1700(AWS) / 1900 / 2100"},{"label":"4G bands","value":"1, 2, 3, 4, 5, 7, 8, 12, 13, 17, 18, 19, 20, 25, 26, 28, 30, 32, 38, 39, 40, 41, 46, 48, 66, 71 - International"},{"label":"5G bands","value":"1, 2, 3, 5, 7, 8, 20, 25, 28, 30, 38, 40, 41, 48, 66, 71, 77, 78 SA/NSA - International"},{"label":"Speed","value":"HSPA 42.2/5.76 Mbps, LTE (4CA) Cat18 1200/200 Mbps, 5G"}]},{"category":"Launch","specs":[{"label":"Announced","value":"2022, January 11"},{"label":"Status","value":"Available. Released 2022, January 13"}]},{"category":"Body","specs":[{"label":"Dimensions","value":"163 x 73.9 x 8.6 mm (6.42 x 2.91 x 0.34 in)"},{"label":"Weight","value":"201 g (7.09 oz)"},{"label":"Build","value":"Glass front (Gorilla Glass Victus), glass back (Gorilla Glass 5), aluminum frame"},{"label":"SIM","value":"· Nano-SIM · Nano-SIM + Nano-SIM"}]},{"category":"Display","specs":[{"label":"Type","value":"LTPO2 Fluid AMOLED, 1B colors, 120Hz, HDR10+, 500 nits (typ), 800 nits (HBM), 1300 nits (peak)"},{"label":"Size","value":"6.7 inches, 108.4 cm 2 (~90.0% screen-to-body ratio)"},{"label":"Resolution","value":"1440 x 3216 pixels, 20:9 ratio (~525 ppi density)"},{"label":"Protection","value":"Corning Gorilla Glass Victus"}]},{"category":"Platform","specs":[{"label":"OS","value":"Android 12, upgradable to Android 14, OxygenOS 14 (International), ColorOS (China)"},{"label":"Chipset","value":"Qualcomm SM8450 Snapdragon 8 Gen 1 (4 nm)"},{"label":"CPU","value":"Octa-core (1x3.00 GHz Cortex-X2 & 3x2.50 GHz Cortex-A710 & 4x1.80 GHz Cortex-A510)"},{"label":"GPU","value":"Adreno 730"}]},{"category":"Memory","specs":[{"label":"Card slot","value":"No"},{"label":"Internal","value":"128GB 8GB RAM, 256GB 8GB RAM, 256GB 12GB RAM, 512GB 12GB RAM"}]},{"category":"Main Camera","specs":[{"label":"Triple","value":"48 MP, f/1.8, 23mm (wide), 1/1.43\\", 1.12µm, multi-directional PDAF, OIS"},{"label":"Features","value":"Laser AF, color spectrum sensor, Hasselblad Color Calibration, Dual-LED dual-tone flash, HDR, panorama"},{"label":"Video","value":"8K@24fps, 4K@30/60/120fps, 1080p@30/60/240fps, Auto HDR, gyro-EIS"}]},{"category":"Selfie camera","specs":[{"label":"Single","value":"32 MP, f/2.2, (wide), 1/2.74\\", 0.8µm"},{"label":"Video","value":"1080p@30fps, gyro-EIS"},{"label":"Features","value":"HDR"}]},{"category":"Sound","specs":[{"label":"Loudspeaker","value":"Yes, with stereo speakers"},{"label":"3.5mm jack","value":"No"}]},{"category":"Comms","specs":[{"label":"WLAN","value":"Wi-Fi 802.11 a/b/g/n/ac/6, dual-band, Wi-Fi Direct"},{"label":"Bluetooth","value":"5.2, A2DP, LE, aptX HD"},{"label":"Positioning","value":"GPS (L1+L5), GLONASS (G1), BDS (B1), GALILEO (E1+E5a)"},{"label":"NFC","value":"Yes"},{"label":"USB","value":"USB Type-C 3.1, OTG"},{"label":"Radio","value":"No"}]},{"category":"Features","specs":[{"label":"Sensors","value":"Fingerprint (under display, optical), accelerometer, gyro, proximity, compass, barometer"}]},{"category":"Battery","specs":[{"label":"Type","value":"Li-Po 5000 mAh"},{"label":"Charging","value":"80W wired, PD, 100% in 32 min (International)"}]},{"category":"Misc","specs":[{"label":"Colors","value":"Volcanic Black, Emerald Forest, Panda White (Extreme Edition)"},{"label":"Models","value":"NE2210, NE2211, NE2213, NE2215, NE2217"},{"label":"SAR","value":"1.16 W/kg (head)     0.70 W/kg (body)"},{"label":"Price","value":"$ 264.44 / £ 414.99 / € 270.00"}]}]');
INSERT OR IGNORE INTO device_pictures (device_id, url, position) VALUES (676, 'https://fdn2.gsmarena.com/vv/bigpic/oneplus-10-pro.jpg', 0);
INSERT OR IGNORE INTO device_pictures (device_id, url, position) VALUES (676, 'https://fdn2.gsmarena.com/vv/pics/oneplus/oneplus-10-pro-1.jpg', 1);
INSERT OR IGNORE INTO device_pictures (device_id, url, position) VALUES (676, 'https://fdn2.gsmarena.com/vv/pics/oneplus/oneplus-10-pro-2.jpg', 2);
INSERT OR IGNORE INTO device_pictures (device_id, url, position) VALUES (676, 'https://fdn2.gsmarena.com/vv/pics/oneplus/oneplus-10-pro-3.jpg', 3);
INSERT OR IGNORE INTO device_pictures (device_id, url, position) VALUES (676, 'https://fdn2.gsmarena.com/vv/pics/oneplus/oneplus-10-pro-extreme-edition.jpg', 4);
INSERT OR IGNORE INTO device_pictures (device_id, url, position) VALUES (676, 'https://fdn.gsmarena.com/imgroot/reviews/22/oneplus-10-pro/lifestyle/-1024w2/gsmarena_001.jpg', 5);
INSERT OR IGNORE INTO device_pictures (device_id, url, position) VALUES (676, 'https://fdn.gsmarena.com/imgroot/reviews/22/oneplus-10-pro/lifestyle/-1024w2/gsmarena_002.jpg', 6);
INSERT OR IGNORE INTO device_pictures (device_id, url, position) VALUES (676, 'https://fdn.gsmarena.com/imgroot/reviews/22/oneplus-10-pro/lifestyle/-1024w2/gsmarena_003.jpg', 7);
INSERT OR IGNORE INTO device_pictures (device_id, url, position) VALUES (676, 'https://fdn.gsmarena.com/imgroot/reviews/22/oneplus-10-pro/lifestyle/-1024w2/gsmarena_004.jpg', 8);
INSERT OR IGNORE INTO device_pictures (device_id, url, position) VALUES (676, 'https://fdn.gsmarena.com/imgroot/reviews/22/oneplus-10-pro/lifestyle/-1024w2/gsmarena_005.jpg', 9);
INSERT OR IGNORE INTO devices (id, brand_id, name, gsmarena_url, thumbnail_url, summary) VALUES (677, 4, 'Nord CE 2 5G', 'https://www.gsmarena.com/oneplus_nord_ce_2_5g-11269.php', 'https://fdn2.gsmarena.com/vv/bigpic/oneplus-nord-ce-2-5g.jpg', 'Nord CE 2 5G');
INSERT OR IGNORE INTO device_specs (device_id, announced, status, network, os, chipset, cpu, gpu, display_size, display_type, display_res, ram, storage, main_camera, selfie_camera, battery, charging, nfc, usb, bluetooth, wlan, colors, weight, dimensions, sim, sensors, popularity, fans, rating, full_specs_json) VALUES (677, '2022, February 17', 'Available. Released 2022, February 22', 'GSM / HSPA / LTE / 5G / 5G', 'Android 11, upgradable to Android 13, OxygenOS 13', 'Mediatek Dimensity 900 (6 nm)', 'Octa-core (2x2.4 GHz Cortex-A78 & 6x2.0 GHz Cortex-A55)', 'Mali-G68 MC4', '6.43 inches, 99.8 cm 2 (~84.9% screen-to-body ratio)', 'AMOLED, 90Hz, HDR10+', '1080 x 2400 pixels, 20:9 ratio (~409 ppi density)', '6GB', '128GB', '64 MP, f/1.8, 26mm (wide), 1/1.97", 0.7µm, PDAF, LED flash, HDR, panorama', '16 MP, f/2.4, 27mm (wide), 1.0µm, 1080p@30/60fps, gyro-EIS', 'Li-Po 4500 mAh', '65W wired', 'Yes', 'USB Type-C 2.0, OTG', '5.2, A2DP, LE, aptX HD', 'Wi-Fi 802.11 a/b/g/n/ac/6, dual-band, Wi-Fi Direct', 'Gray Mirror, Bahama Blue', '173 g (6.10 oz)', '160.6 x 73.2 x 7.8 mm (6.32 x 2.88 x 0.31 in)', 'Nano-SIM + Nano-SIM', 'Fingerprint (under display, optical), accelerometer, gyro, proximity, compass', '£ 120.80 / € 282.98', NULL, NULL, '[{"category":"Network","specs":[{"label":"Technology","value":"GSM / HSPA / LTE / 5G"},{"label":"2G bands","value":"GSM 850 / 900 / 1800 / 1900"},{"label":"3G bands","value":"HSDPA 850 / 900 / 1700(AWS) / 1900 / 2100"},{"label":"4G bands","value":"1, 2, 3, 4, 5, 7, 8, 12, 17, 18, 19, 20, 26, 28, 38, 39, 40, 41, 66 - Europe"},{"label":"5G bands","value":"1, 3, 5, 7, 8, 20, 28, 38, 40, 41, 66, 77, 78 SA/NSA - Europe"},{"label":"Speed","value":"HSPA 42.2/5.76 Mbps, LTE Cat18 1200/150 Mbps, 5G"}]},{"category":"Launch","specs":[{"label":"Announced","value":"2022, February 17"},{"label":"Status","value":"Available. Released 2022, February 22"}]},{"category":"Body","specs":[{"label":"Dimensions","value":"160.6 x 73.2 x 7.8 mm (6.32 x 2.88 x 0.31 in)"},{"label":"Weight","value":"173 g (6.10 oz)"},{"label":"SIM","value":"Nano-SIM + Nano-SIM"}]},{"category":"Display","specs":[{"label":"Type","value":"AMOLED, 90Hz, HDR10+"},{"label":"Size","value":"6.43 inches, 99.8 cm 2 (~84.9% screen-to-body ratio)"},{"label":"Resolution","value":"1080 x 2400 pixels, 20:9 ratio (~409 ppi density)"},{"label":"Protection","value":"Corning Gorilla Glass 5"}]},{"category":"Platform","specs":[{"label":"OS","value":"Android 11, upgradable to Android 13, OxygenOS 13"},{"label":"Chipset","value":"Mediatek Dimensity 900 (6 nm)"},{"label":"CPU","value":"Octa-core (2x2.4 GHz Cortex-A78 & 6x2.0 GHz Cortex-A55)"},{"label":"GPU","value":"Mali-G68 MC4"}]},{"category":"Memory","specs":[{"label":"Card slot","value":"microSDXC (dedicated slot)"},{"label":"Internal","value":"128GB 6GB RAM, 128GB 8GB RAM"}]},{"category":"Main Camera","specs":[{"label":"Triple","value":"64 MP, f/1.8, 26mm (wide), 1/1.97\\", 0.7µm, PDAF"},{"label":"Features","value":"LED flash, HDR, panorama"},{"label":"Video","value":"4K@30fps, 1080p@30/60/120fps, gyro-EIS"}]},{"category":"Selfie camera","specs":[{"label":"Single","value":"16 MP, f/2.4, 27mm (wide), 1.0µm"},{"label":"Video","value":"1080p@30/60fps, gyro-EIS"},{"label":"Features","value":"HDR"}]},{"category":"Sound","specs":[{"label":"Loudspeaker","value":"Yes"},{"label":"3.5mm jack","value":"Yes"}]},{"category":"Comms","specs":[{"label":"WLAN","value":"Wi-Fi 802.11 a/b/g/n/ac/6, dual-band, Wi-Fi Direct"},{"label":"Bluetooth","value":"5.2, A2DP, LE, aptX HD"},{"label":"Positioning","value":"GPS, GLONASS, GALILEO, BDS, QZSS"},{"label":"NFC","value":"Yes"},{"label":"USB","value":"USB Type-C 2.0, OTG"},{"label":"Radio","value":"Unspecified"}]},{"category":"Features","specs":[{"label":"Sensors","value":"Fingerprint (under display, optical), accelerometer, gyro, proximity, compass"}]},{"category":"Battery","specs":[{"label":"Type","value":"Li-Po 4500 mAh"},{"label":"Charging","value":"65W wired"}]},{"category":"Misc","specs":[{"label":"Colors","value":"Gray Mirror, Bahama Blue"},{"label":"Models","value":"IV2201"},{"label":"Price","value":"£ 120.80 / € 282.98"}]}]');
INSERT OR IGNORE INTO device_pictures (device_id, url, position) VALUES (677, 'https://fdn2.gsmarena.com/vv/bigpic/oneplus-nord-ce-2-5g.jpg', 0);
INSERT OR IGNORE INTO device_pictures (device_id, url, position) VALUES (677, 'https://fdn2.gsmarena.com/vv/pics/oneplus/oneplus-nord-ce-2-5g-1.jpg', 1);
INSERT OR IGNORE INTO device_pictures (device_id, url, position) VALUES (677, 'https://fdn2.gsmarena.com/vv/pics/oneplus/oneplus-nord-ce-2-5g-2.jpg', 2);
INSERT OR IGNORE INTO device_pictures (device_id, url, position) VALUES (677, 'https://fdn.gsmarena.com/imgroot/reviews/22/oneplus-nord-ce-2-5g/hands-on/lifestyle/-1024w2/gsmarena_001.jpg', 3);
INSERT OR IGNORE INTO device_pictures (device_id, url, position) VALUES (677, 'https://fdn.gsmarena.com/imgroot/reviews/22/oneplus-nord-ce-2-5g/hands-on/lifestyle/-1024w2/gsmarena_002.jpg', 4);
INSERT OR IGNORE INTO device_pictures (device_id, url, position) VALUES (677, 'https://fdn.gsmarena.com/imgroot/reviews/22/oneplus-nord-ce-2-5g/hands-on/lifestyle/-1024w2/gsmarena_003.jpg', 5);
INSERT OR IGNORE INTO device_pictures (device_id, url, position) VALUES (677, 'https://fdn.gsmarena.com/imgroot/reviews/22/oneplus-nord-ce-2-5g/hands-on/lifestyle/-1024w2/gsmarena_004.jpg', 6);
INSERT OR IGNORE INTO device_pictures (device_id, url, position) VALUES (677, 'https://fdn.gsmarena.com/imgroot/reviews/22/oneplus-nord-ce-2-5g/hands-on/lifestyle/-1024w2/gsmarena_005.jpg', 7);
INSERT OR IGNORE INTO device_pictures (device_id, url, position) VALUES (677, 'https://fdn.gsmarena.com/imgroot/reviews/22/oneplus-nord-ce-2-5g/hands-on/lifestyle/-1024w2/gsmarena_006.jpg', 8);
INSERT OR IGNORE INTO device_pictures (device_id, url, position) VALUES (677, 'https://fdn.gsmarena.com/imgroot/reviews/22/oneplus-nord-ce-2-5g/hands-on/lifestyle/-1024w2/gsmarena_007.jpg', 9);
INSERT OR IGNORE INTO devices (id, brand_id, name, gsmarena_url, thumbnail_url, summary) VALUES (678, 4, '9RT 5G', 'https://www.gsmarena.com/oneplus_9rt_5g-11148.php', 'https://fdn2.gsmarena.com/vv/bigpic/oneplus-9-rt-r.jpg', '9RT 5G');
INSERT OR IGNORE INTO device_specs (device_id, announced, status, network, os, chipset, cpu, gpu, display_size, display_type, display_res, ram, storage, main_camera, selfie_camera, battery, charging, nfc, usb, bluetooth, wlan, colors, weight, dimensions, sim, sensors, popularity, fans, rating, full_specs_json) VALUES (678, '2021, October 13', 'Available. Released 2021, October 19', 'GSM / CDMA / HSPA / EVDO / LTE / 5G / 5G', 'Android 11, upgradable to Android 13, OxygenOS 13', 'Qualcomm SM8350 Snapdragon 888 5G (5 nm)', 'Octa-core (1x2.84 GHz Cortex-X1 & 3x2.42 GHz Cortex-A78 & 4x1.80 GHz Cortex-A55)', 'Adreno 660', '6.62 inches, 106.3 cm 2 (~87.9% screen-to-body ratio)', 'AMOLED, 120Hz, HDR10+', '1080 x 2400 pixels, 20:9 ratio (~397 ppi density)', '8GB', '128GB', '50 MP, f/1.8, 24mm (wide), 1/1.56”, 1.0µm, PDAF, OIS, Dual-LED flash, HDR, panorama', '16 MP, f/2.4, (wide), 1/3.06", 1.0µm, 1080p@30fps, gyro-EIS', 'Li-Po 4500 mAh', '65W wired, 100% in 29 min', 'Yes', 'USB Type-C 2.0, OTG', '5.2, A2DP, LE', 'Wi-Fi 802.11 a/b/g/n/ac/6, dual-band, Wi-Fi Direct', 'Hacker Black, Nano Silver, Blue', '198.5 g (7.02 oz)', '162.2 x 74.6 x 8.3 mm (6.39 x 2.94 x 0.33 in)', 'Nano-SIM + Nano-SIM', 'Fingerprint (under display, optical), accelerometer, gyro, proximity, compass', 'About 590 EUR', NULL, NULL, '[{"category":"Network","specs":[{"label":"Technology","value":"GSM / CDMA / HSPA / EVDO / LTE / 5G"},{"label":"2G bands","value":"GSM 850 / 900 / 1800 / 1900"},{"label":"3G bands","value":"HSDPA 800 / 850 / 900 / 1700(AWS) / 1800 / 1900 / 2100"},{"label":"4G bands","value":"1, 2, 3, 4, 5, 7, 8, 12, 17, 18, 19, 20, 26, 28, 34, 38, 39, 40, 41 - Global"},{"label":"5G bands","value":"1, 3, 5, 8, 28, 40, 41, 78 SA/NSA - Global"},{"label":"Speed","value":"HSPA 42.2/5.76 Mbps, LTE Cat18 1200/200 Mbps, 5G"}]},{"category":"Launch","specs":[{"label":"Announced","value":"2021, October 13"},{"label":"Status","value":"Available. Released 2021, October 19"}]},{"category":"Body","specs":[{"label":"Dimensions","value":"162.2 x 74.6 x 8.3 mm (6.39 x 2.94 x 0.33 in)"},{"label":"Weight","value":"198.5 g (7.02 oz)"},{"label":"Build","value":"Glass front (Gorilla Glass 5), glass back (Gorilla Glass 5), aluminum frame"},{"label":"SIM","value":"Nano-SIM + Nano-SIM"}]},{"category":"Display","specs":[{"label":"Type","value":"AMOLED, 120Hz, HDR10+"},{"label":"Size","value":"6.62 inches, 106.3 cm 2 (~87.9% screen-to-body ratio)"},{"label":"Resolution","value":"1080 x 2400 pixels, 20:9 ratio (~397 ppi density)"},{"label":"Protection","value":"Corning Gorilla Glass 5"}]},{"category":"Platform","specs":[{"label":"OS","value":"Android 11, upgradable to Android 13, OxygenOS 13"},{"label":"Chipset","value":"Qualcomm SM8350 Snapdragon 888 5G (5 nm)"},{"label":"CPU","value":"Octa-core (1x2.84 GHz Cortex-X1 & 3x2.42 GHz Cortex-A78 & 4x1.80 GHz Cortex-A55)"},{"label":"GPU","value":"Adreno 660"}]},{"category":"Memory","specs":[{"label":"Card slot","value":"No"},{"label":"Internal","value":"128GB 8GB RAM, 256GB 8GB RAM, 256GB 12GB RAM"}]},{"category":"Main Camera","specs":[{"label":"Quad","value":"50 MP, f/1.8, 24mm (wide), 1/1.56”, 1.0µm, PDAF, OIS"},{"label":"Features","value":"Dual-LED flash, HDR, panorama"},{"label":"Video","value":"4K@30/60fps, 1080p@30/60/240fps, Auto HDR, gyro-EIS"}]},{"category":"Selfie camera","specs":[{"label":"Single","value":"16 MP, f/2.4, (wide), 1/3.06\\", 1.0µm"},{"label":"Video","value":"1080p@30fps, gyro-EIS"},{"label":"Features","value":"HDR"}]},{"category":"Sound","specs":[{"label":"Loudspeaker","value":"Yes, with stereo speakers"},{"label":"3.5mm jack","value":"No"}]},{"category":"Comms","specs":[{"label":"WLAN","value":"Wi-Fi 802.11 a/b/g/n/ac/6, dual-band, Wi-Fi Direct"},{"label":"Bluetooth","value":"5.2, A2DP, LE"},{"label":"Positioning","value":"GPS (L1+L5), GLONASS (G1), BDS (B1), GALILEO (E1+E5a)"},{"label":"NFC","value":"Yes"},{"label":"USB","value":"USB Type-C 2.0, OTG"},{"label":"Radio","value":"No"}]},{"category":"Features","specs":[{"label":"Sensors","value":"Fingerprint (under display, optical), accelerometer, gyro, proximity, compass"}]},{"category":"Battery","specs":[{"label":"Type","value":"Li-Po 4500 mAh"},{"label":"Charging","value":"65W wired, 100% in 29 min"}]},{"category":"Misc","specs":[{"label":"Colors","value":"Hacker Black, Nano Silver, Blue"},{"label":"Models","value":"MT2110, MT2111"},{"label":"Price","value":"About 590 EUR"}]}]');
INSERT OR IGNORE INTO device_pictures (device_id, url, position) VALUES (678, 'https://fdn2.gsmarena.com/vv/bigpic/oneplus-9-rt-r.jpg', 0);
INSERT OR IGNORE INTO device_pictures (device_id, url, position) VALUES (678, 'https://fdn2.gsmarena.com/vv/pics/oneplus/oneplus-9-rt-3.jpg', 1);
INSERT OR IGNORE INTO device_pictures (device_id, url, position) VALUES (678, 'https://fdn2.gsmarena.com/vv/pics/oneplus/oneplus-9-rt-2.jpg', 2);
INSERT OR IGNORE INTO device_pictures (device_id, url, position) VALUES (678, 'https://fdn.gsmarena.com/imgroot/reviews/22/oneplus-9rt/preview/lifestyle/-1024w2/gsmarena_001.jpg', 3);
INSERT OR IGNORE INTO device_pictures (device_id, url, position) VALUES (678, 'https://fdn.gsmarena.com/imgroot/reviews/22/oneplus-9rt/preview/lifestyle/-1024w2/gsmarena_002.jpg', 4);
INSERT OR IGNORE INTO device_pictures (device_id, url, position) VALUES (678, 'https://fdn.gsmarena.com/imgroot/reviews/22/oneplus-9rt/preview/lifestyle/-1024w2/gsmarena_003.jpg', 5);
INSERT OR IGNORE INTO device_pictures (device_id, url, position) VALUES (678, 'https://fdn.gsmarena.com/imgroot/reviews/22/oneplus-9rt/preview/lifestyle/-1024w2/gsmarena_004.jpg', 6);
INSERT OR IGNORE INTO device_pictures (device_id, url, position) VALUES (678, 'https://fdn.gsmarena.com/imgroot/reviews/22/oneplus-9rt/preview/lifestyle/-1024w2/gsmarena_005.jpg', 7);
INSERT OR IGNORE INTO device_pictures (device_id, url, position) VALUES (678, 'https://fdn.gsmarena.com/imgroot/reviews/22/oneplus-9rt/preview/lifestyle/-1024w2/gsmarena_006.jpg', 8);
INSERT OR IGNORE INTO device_pictures (device_id, url, position) VALUES (678, 'https://fdn.gsmarena.com/imgroot/reviews/22/oneplus-9rt/preview/lifestyle/-1024w2/gsmarena_007.jpg', 9);
INSERT OR IGNORE INTO devices (id, brand_id, name, gsmarena_url, thumbnail_url, summary) VALUES (679, 4, 'Nord 2 5G', 'https://www.gsmarena.com/oneplus_nord_2_5g-10960.php', 'https://fdn2.gsmarena.com/vv/bigpic/oneplus-nord-2-5g-new.jpg', 'Nord 2 5G');
INSERT OR IGNORE INTO device_specs (device_id, announced, status, network, os, chipset, cpu, gpu, display_size, display_type, display_res, ram, storage, main_camera, selfie_camera, battery, charging, nfc, usb, bluetooth, wlan, colors, weight, dimensions, sim, sensors, popularity, fans, rating, full_specs_json) VALUES (679, '2021, July 22', 'Available. Released 2021, July 28', 'GSM / HSPA / LTE / 5G / 5G', 'Android 11, upgradable to Android 13, OxygenOS 13', 'Mediatek Dimensity 1200 (6 nm)', 'Octa-core (1x3.0 GHz Cortex-A78 & 3x2.6 GHz Cortex-A78 & 4x2.0 GHz Cortex-A55)', 'Mali-G77 MC9', '6.43 inches, 99.8 cm 2 (~85.6% screen-to-body ratio)', 'Fluid AMOLED, 90Hz, HDR10+', '1080 x 2400 pixels, 20:9 ratio (~409 ppi density)', '6GB', '128GB', '50 MP, f/1.9, 24mm (wide), 1/1.56", 1.0µm, PDAF, OIS, Dual-LED flash, HDR, panorama', '32 MP, f/2.5, (wide), 1/2.8", 0.8µm, 1080p@30fps, gyro-EIS', 'Li-Po 4500 mAh', '65W wired, PD, 100% in 30 min', 'Yes', 'USB Type-C 2.0, OTG', '5.2, A2DP, LE, aptX HD', 'Wi-Fi 802.11 a/b/g/n/ac/6, dual-band, Wi-Fi Direct', 'Gray Sierra, Blue Haze, Green Wood, Pac-Man Edition', '189 g (6.67 oz)', '159.1 x 73.3 x 8.3 mm (6.26 x 2.89 x 0.33 in)', 'Nano-SIM + Nano-SIM', 'Fingerprint (under display, optical), accelerometer, gyro, proximity, compass', '£ 147.50 / € 149.80', NULL, NULL, '[{"category":"Network","specs":[{"label":"Technology","value":"GSM / HSPA / LTE / 5G"},{"label":"2G bands","value":"GSM 850 / 900 / 1800 / 1900"},{"label":"3G bands","value":"HSDPA 800 / 850 / 900 / 1700(AWS) / 1800 / 1900 / 2100"},{"label":"4G bands","value":"1, 2, 3, 4, 5, 7, 8, 12, 17, 18, 19, 20, 26, 28, 32, 34, 38, 39, 40, 41, 66 - EU"},{"label":"5G bands","value":"1, 3, 7, 8, 20, 28, 38, 41, 66, 78 SA/NSA - EU"},{"label":"Speed","value":"HSPA 42.2/5.76 Mbps, LTE Cat18 1200/150 Mbps, 5G"}]},{"category":"Launch","specs":[{"label":"Announced","value":"2021, July 22"},{"label":"Status","value":"Available. Released 2021, July 28"}]},{"category":"Body","specs":[{"label":"Dimensions","value":"159.1 x 73.3 x 8.3 mm (6.26 x 2.89 x 0.33 in)"},{"label":"Weight","value":"189 g (6.67 oz)"},{"label":"Build","value":"Glass front (Gorilla Glass 5), glass back (Gorilla Glass 5), plastic frame"},{"label":"SIM","value":"Nano-SIM + Nano-SIM"}]},{"category":"Display","specs":[{"label":"Type","value":"Fluid AMOLED, 90Hz, HDR10+"},{"label":"Size","value":"6.43 inches, 99.8 cm 2 (~85.6% screen-to-body ratio)"},{"label":"Resolution","value":"1080 x 2400 pixels, 20:9 ratio (~409 ppi density)"},{"label":"Protection","value":"Corning Gorilla Glass 5"}]},{"category":"Platform","specs":[{"label":"OS","value":"Android 11, upgradable to Android 13, OxygenOS 13"},{"label":"Chipset","value":"Mediatek Dimensity 1200 (6 nm)"},{"label":"CPU","value":"Octa-core (1x3.0 GHz Cortex-A78 & 3x2.6 GHz Cortex-A78 & 4x2.0 GHz Cortex-A55)"},{"label":"GPU","value":"Mali-G77 MC9"}]},{"category":"Memory","specs":[{"label":"Card slot","value":"No"},{"label":"Internal","value":"128GB 6GB RAM, 128GB 8GB RAM, 256GB 8GB RAM, 256GB 12GB RAM"}]},{"category":"Main Camera","specs":[{"label":"Triple","value":"50 MP, f/1.9, 24mm (wide), 1/1.56\\", 1.0µm, PDAF, OIS"},{"label":"Features","value":"Dual-LED flash, HDR, panorama"},{"label":"Video","value":"4K@30fps, 1080p@30/60/120fps, gyro-EIS"}]},{"category":"Selfie camera","specs":[{"label":"Single","value":"32 MP, f/2.5, (wide), 1/2.8\\", 0.8µm"},{"label":"Video","value":"1080p@30fps, gyro-EIS"},{"label":"Features","value":"Auto HDR"}]},{"category":"Sound","specs":[{"label":"Loudspeaker","value":"Yes, with stereo speakers"},{"label":"3.5mm jack","value":"No"}]},{"category":"Comms","specs":[{"label":"WLAN","value":"Wi-Fi 802.11 a/b/g/n/ac/6, dual-band, Wi-Fi Direct"},{"label":"Bluetooth","value":"5.2, A2DP, LE, aptX HD"},{"label":"Positioning","value":"GPS, GLONASS, GALILEO, BDS, SBAS, NavIC"},{"label":"NFC","value":"Yes"},{"label":"USB","value":"USB Type-C 2.0, OTG"},{"label":"Radio","value":"No"}]},{"category":"Features","specs":[{"label":"Sensors","value":"Fingerprint (under display, optical), accelerometer, gyro, proximity, compass"}]},{"category":"Battery","specs":[{"label":"Type","value":"Li-Po 4500 mAh"},{"label":"Charging","value":"65W wired, PD, 100% in 30 min"}]},{"category":"Misc","specs":[{"label":"Colors","value":"Gray Sierra, Blue Haze, Green Wood, Pac-Man Edition"},{"label":"Models","value":"DN2101, DN2103"},{"label":"Price","value":"£ 147.50 / € 149.80"}]}]');
INSERT OR IGNORE INTO device_pictures (device_id, url, position) VALUES (679, 'https://fdn2.gsmarena.com/vv/bigpic/oneplus-nord-2-5g-new.jpg', 0);
INSERT OR IGNORE INTO device_pictures (device_id, url, position) VALUES (679, 'https://fdn2.gsmarena.com/vv/pics/oneplus/oneplus-nord-2-5g-1.jpg', 1);
INSERT OR IGNORE INTO device_pictures (device_id, url, position) VALUES (679, 'https://fdn2.gsmarena.com/vv/pics/oneplus/oneplus-nord-2-5g-2.jpg', 2);
INSERT OR IGNORE INTO device_pictures (device_id, url, position) VALUES (679, 'https://fdn.gsmarena.com/imgroot/reviews/21/oneplus-nord-2-5g-1/lifestyle/-1024w2/gsmarena_001.jpg', 3);
INSERT OR IGNORE INTO device_pictures (device_id, url, position) VALUES (679, 'https://fdn.gsmarena.com/imgroot/reviews/21/oneplus-nord-2-5g-1/lifestyle/-1024w2/gsmarena_002.jpg', 4);
INSERT OR IGNORE INTO device_pictures (device_id, url, position) VALUES (679, 'https://fdn.gsmarena.com/imgroot/reviews/21/oneplus-nord-2-5g-1/lifestyle/-1024w2/gsmarena_003.jpg', 5);
INSERT OR IGNORE INTO device_pictures (device_id, url, position) VALUES (679, 'https://fdn.gsmarena.com/imgroot/reviews/21/oneplus-nord-2-5g-1/lifestyle/-1024w2/gsmarena_004.jpg', 6);
INSERT OR IGNORE INTO device_pictures (device_id, url, position) VALUES (679, 'https://fdn.gsmarena.com/imgroot/reviews/21/oneplus-nord-2-5g-1/lifestyle/-1024w2/gsmarena_005.jpg', 7);
INSERT OR IGNORE INTO device_pictures (device_id, url, position) VALUES (679, 'https://fdn.gsmarena.com/imgroot/reviews/21/oneplus-nord-2-5g-1/lifestyle/-1024w2/gsmarena_006.jpg', 8);
INSERT OR IGNORE INTO device_pictures (device_id, url, position) VALUES (679, 'https://fdn.gsmarena.com/imgroot/reviews/21/oneplus-nord-2-5g-1/lifestyle/-1024w2/gsmarena_007.jpg', 9);
INSERT OR IGNORE INTO devices (id, brand_id, name, gsmarena_url, thumbnail_url, summary) VALUES (680, 4, 'Nord N200 5G', 'https://www.gsmarena.com/oneplus_nord_n200_5g-10961.php', 'https://fdn2.gsmarena.com/vv/bigpic/oneplus-nord-n200-5g.jpg', 'Nord N200 5G');
INSERT OR IGNORE INTO device_specs (device_id, announced, status, network, os, chipset, cpu, gpu, display_size, display_type, display_res, ram, storage, main_camera, selfie_camera, battery, charging, nfc, usb, bluetooth, wlan, colors, weight, dimensions, sim, sensors, popularity, fans, rating, full_specs_json) VALUES (680, '2021, June 21', 'Available. Released 2021, June 25', 'GSM / HSPA / LTE / 5G / 5G', 'Android 11, OxygenOS 11', 'Qualcomm SM4350 Snapdragon 480 5G (8 nm)', 'Octa-core (2x2.0 GHz Kryo 460 & 6x1.8 GHz Kryo 460)', 'Adreno 619', '6.49 inches, 102.2 cm 2 (~83.7% screen-to-body ratio)', 'IPS LCD, 90Hz', '1080 x 2400 pixels, 20:9 ratio (~405 ppi density)', '4GB', '64GB', '13 MP, f/2.2, (wide), PDAF, LED flash, HDR, panorama', '16 MP, f/2.1, 1080p@30fps', 'Li-Po 5000 mAh', '18W wired', 'Yes', 'USB Type-C 2.0, OTG', '5.1, A2DP, LE', 'Wi-Fi 802.11 a/b/g/n/ac, dual-band', 'Blue Quantum', '189 g (6.67 oz)', '163.1 x 74.9 x 8.3 mm (6.42 x 2.95 x 0.33 in)', 'Nano-SIM', 'Fingerprint (side-mounted), accelerometer, gyro, proximity, compass, barometer', 'About 170 EUR', NULL, NULL, '[{"category":"Network","specs":[{"label":"Technology","value":"GSM / HSPA / LTE / 5G"},{"label":"2G bands","value":"GSM 850 / 900 / 1800 / 1900"},{"label":"3G bands","value":"HSDPA 850 / 900 / 1700(AWS) / 1900 / 2100"},{"label":"4G bands","value":"1, 2, 3, 4, 5, 7, 8, 12, 13, 17, 20, 25, 26, 28, 66, 71, 38, 39, 40, 41"},{"label":"5G bands","value":"2, 25, 41, 66, 71 SA/NSA/Sub6 - USA"},{"label":"Speed","value":"HSPA 42.2/5.76 Mbps, LTE Cat15 800/150 Mbps, 5G"}]},{"category":"Launch","specs":[{"label":"Announced","value":"2021, June 21"},{"label":"Status","value":"Available. Released 2021, June 25"}]},{"category":"Body","specs":[{"label":"Dimensions","value":"163.1 x 74.9 x 8.3 mm (6.42 x 2.95 x 0.33 in)"},{"label":"Weight","value":"189 g (6.67 oz)"},{"label":"SIM","value":"Nano-SIM"}]},{"category":"Display","specs":[{"label":"Type","value":"IPS LCD, 90Hz"},{"label":"Size","value":"6.49 inches, 102.2 cm 2 (~83.7% screen-to-body ratio)"},{"label":"Resolution","value":"1080 x 2400 pixels, 20:9 ratio (~405 ppi density)"}]},{"category":"Platform","specs":[{"label":"OS","value":"Android 11, OxygenOS 11"},{"label":"Chipset","value":"Qualcomm SM4350 Snapdragon 480 5G (8 nm)"},{"label":"CPU","value":"Octa-core (2x2.0 GHz Kryo 460 & 6x1.8 GHz Kryo 460)"},{"label":"GPU","value":"Adreno 619"}]},{"category":"Memory","specs":[{"label":"Card slot","value":"microSDXC"},{"label":"Internal","value":"64GB 4GB RAM"}]},{"category":"Main Camera","specs":[{"label":"Triple","value":"13 MP, f/2.2, (wide), PDAF"},{"label":"Features","value":"LED flash, HDR, panorama"},{"label":"Video","value":"1080p@30fps, gyro-EIS"}]},{"category":"Selfie camera","specs":[{"label":"Single","value":"16 MP, f/2.1"},{"label":"Video","value":"1080p@30fps"},{"label":"Features","value":"HDR"}]},{"category":"Sound","specs":[{"label":"Loudspeaker","value":"Yes"},{"label":"3.5mm jack","value":"Yes"}]},{"category":"Comms","specs":[{"label":"WLAN","value":"Wi-Fi 802.11 a/b/g/n/ac, dual-band"},{"label":"Bluetooth","value":"5.1, A2DP, LE"},{"label":"Positioning","value":"GPS (L1+L5), GLONASS, BDS, GALILEO"},{"label":"NFC","value":"Yes"},{"label":"USB","value":"USB Type-C 2.0, OTG"},{"label":"Radio","value":"FM radio"}]},{"category":"Features","specs":[{"label":"Sensors","value":"Fingerprint (side-mounted), accelerometer, gyro, proximity, compass, barometer"}]},{"category":"Battery","specs":[{"label":"Type","value":"Li-Po 5000 mAh"},{"label":"Charging","value":"18W wired"}]},{"category":"Misc","specs":[{"label":"Colors","value":"Blue Quantum"},{"label":"Models","value":"DE2118, DE2117"},{"label":"Price","value":"About 170 EUR"}]}]');
INSERT OR IGNORE INTO device_pictures (device_id, url, position) VALUES (680, 'https://fdn2.gsmarena.com/vv/bigpic/oneplus-nord-n200-5g.jpg', 0);
INSERT OR IGNORE INTO device_pictures (device_id, url, position) VALUES (680, 'https://fdn2.gsmarena.com/vv/pics/oneplus/oneplus-nord-n200-5g-1.jpg', 1);
INSERT OR IGNORE INTO device_pictures (device_id, url, position) VALUES (680, 'https://fdn2.gsmarena.com/vv/pics/oneplus/oneplus-nord-n200-5g-r1.jpg', 2);
INSERT OR IGNORE INTO devices (id, brand_id, name, gsmarena_url, thumbnail_url, summary) VALUES (681, 4, 'Nord CE 5G', 'https://www.gsmarena.com/oneplus_nord_ce_5g-10944.php', 'https://fdn2.gsmarena.com/vv/bigpic/oneplus-nord-ce-5g.jpg', 'Nord CE 5G');
INSERT OR IGNORE INTO device_specs (device_id, announced, status, network, os, chipset, cpu, gpu, display_size, display_type, display_res, ram, storage, main_camera, selfie_camera, battery, charging, nfc, usb, bluetooth, wlan, colors, weight, dimensions, sim, sensors, popularity, fans, rating, full_specs_json) VALUES (681, '2021, June 10', 'Available. Released 2021, June 11', 'GSM / HSPA / LTE / 5G / 5G', 'Android 11, upgradable to Android 13, OxygenOS 13', 'Qualcomm SM7225 Snapdragon 750G 5G (8 nm)', 'Octa-core (2x2.2 GHz Kryo 570 & 6x1.8 GHz Kryo 570)', 'Adreno 619', '6.43 inches, 99.3 cm 2 (~84.9% screen-to-body ratio)', 'Fluid AMOLED, 90Hz', '1080 x 2400 pixels, 20:9 ratio (~410 ppi density)', '6GB', '128GB', '64 MP, f/1.8, 26mm (wide), 0.7µm, PDAF, LED flash, HDR, panorama', '16 MP, f/2.5, (wide), 1/3.0", 1.0µm, 1080p@30/60fps', 'Li-Po 4500 mAh', '30W wired, 70% in 30 min', 'Yes', 'USB Type-C 2.0, OTG', '5.1, A2DP, LE, aptX HD', 'Wi-Fi 802.11 a/b/g/n/ac, dual-band, Wi-Fi Direct', 'Blue Void, Charkoal Ink, Silver Ray', '170 g (6.00 oz)', '159.2 x 73.5 x 7.9 mm (6.27 x 2.89 x 0.31 in)', 'Nano-SIM + Nano-SIM', 'Fingerprint (under display, optical), accelerometer, gyro, proximity, compass', 'About 250 EUR', NULL, NULL, '[{"category":"Network","specs":[{"label":"Technology","value":"GSM / HSPA / LTE / 5G"},{"label":"2G bands","value":"GSM 850 / 900 / 1800 / 1900"},{"label":"3G bands","value":"HSDPA 800 / 850 / 900 / 1700(AWS) / 1900 / 2100"},{"label":"4G bands","value":"1, 2, 3, 4, 5, 7, 8, 12, 17, 18, 19, 20, 26, 28, 39, 40, 41, 66 - Europe"},{"label":"5G bands","value":"1, 3, 5, 7, 8, 20, 28, 38, 40, 41, 77, 78 SA/NSA - Europe"},{"label":"Speed","value":"HSPA 42.2/5.76 Mbps, LTE Cat18 1200/150 Mbps, 5G"}]},{"category":"Launch","specs":[{"label":"Announced","value":"2021, June 10"},{"label":"Status","value":"Available. Released 2021, June 11"}]},{"category":"Body","specs":[{"label":"Dimensions","value":"159.2 x 73.5 x 7.9 mm (6.27 x 2.89 x 0.31 in)"},{"label":"Weight","value":"170 g (6.00 oz)"},{"label":"Build","value":"Glass front, plastic frame, plastic back"},{"label":"SIM","value":"Nano-SIM + Nano-SIM"}]},{"category":"Display","specs":[{"label":"Type","value":"Fluid AMOLED, 90Hz"},{"label":"Size","value":"6.43 inches, 99.3 cm 2 (~84.9% screen-to-body ratio)"},{"label":"Resolution","value":"1080 x 2400 pixels, 20:9 ratio (~410 ppi density)"}]},{"category":"Platform","specs":[{"label":"OS","value":"Android 11, upgradable to Android 13, OxygenOS 13"},{"label":"Chipset","value":"Qualcomm SM7225 Snapdragon 750G 5G (8 nm)"},{"label":"CPU","value":"Octa-core (2x2.2 GHz Kryo 570 & 6x1.8 GHz Kryo 570)"},{"label":"GPU","value":"Adreno 619"}]},{"category":"Memory","specs":[{"label":"Card slot","value":"No"},{"label":"Internal","value":"128GB 6GB RAM, 128GB 8GB RAM, 256GB 12GB RAM"}]},{"category":"Main Camera","specs":[{"label":"Triple","value":"64 MP, f/1.8, 26mm (wide), 0.7µm, PDAF"},{"label":"Features","value":"LED flash, HDR, panorama"},{"label":"Video","value":"4K@30fps, 1080p@30/60/120fps, gyro-EIS"}]},{"category":"Selfie camera","specs":[{"label":"Single","value":"16 MP, f/2.5, (wide), 1/3.0\\", 1.0µm"},{"label":"Video","value":"1080p@30/60fps"},{"label":"Features","value":"HDR"}]},{"category":"Sound","specs":[{"label":"Loudspeaker","value":"Yes"},{"label":"3.5mm jack","value":"Yes"}]},{"category":"Comms","specs":[{"label":"WLAN","value":"Wi-Fi 802.11 a/b/g/n/ac, dual-band, Wi-Fi Direct"},{"label":"Bluetooth","value":"5.1, A2DP, LE, aptX HD"},{"label":"Positioning","value":"GPS, GLONASS, GALILEO, BDS, NavIC"},{"label":"NFC","value":"Yes"},{"label":"USB","value":"USB Type-C 2.0, OTG"},{"label":"Radio","value":"No"}]},{"category":"Features","specs":[{"label":"Sensors","value":"Fingerprint (under display, optical), accelerometer, gyro, proximity, compass"}]},{"category":"Battery","specs":[{"label":"Type","value":"Li-Po 4500 mAh"},{"label":"Charging","value":"30W wired, 70% in 30 min"}]},{"category":"Misc","specs":[{"label":"Colors","value":"Blue Void, Charkoal Ink, Silver Ray"},{"label":"Models","value":"EB2101, EB2103"},{"label":"Price","value":"About 250 EUR"}]}]');
INSERT OR IGNORE INTO device_pictures (device_id, url, position) VALUES (681, 'https://fdn2.gsmarena.com/vv/bigpic/oneplus-nord-ce-5g.jpg', 0);
INSERT OR IGNORE INTO device_pictures (device_id, url, position) VALUES (681, 'https://fdn2.gsmarena.com/vv/pics/oneplus/oneplus-nord-ce-5g-1.jpg', 1);
INSERT OR IGNORE INTO device_pictures (device_id, url, position) VALUES (681, 'https://fdn2.gsmarena.com/vv/pics/oneplus/oneplus-nord-ce-5g-2.jpg', 2);
INSERT OR IGNORE INTO device_pictures (device_id, url, position) VALUES (681, 'https://fdn.gsmarena.com/imgroot/reviews/21/oneplus-nord-ce-5g/lifestyle/-1024w2/gsmarena_001.jpg', 3);
INSERT OR IGNORE INTO device_pictures (device_id, url, position) VALUES (681, 'https://fdn.gsmarena.com/imgroot/reviews/21/oneplus-nord-ce-5g/lifestyle/-1024w2/gsmarena_002.jpg', 4);
INSERT OR IGNORE INTO device_pictures (device_id, url, position) VALUES (681, 'https://fdn.gsmarena.com/imgroot/reviews/21/oneplus-nord-ce-5g/lifestyle/-1024w2/gsmarena_003.jpg', 5);
INSERT OR IGNORE INTO device_pictures (device_id, url, position) VALUES (681, 'https://fdn.gsmarena.com/imgroot/reviews/21/oneplus-nord-ce-5g/lifestyle/-1024w2/gsmarena_004.jpg', 6);
INSERT OR IGNORE INTO device_pictures (device_id, url, position) VALUES (681, 'https://fdn.gsmarena.com/imgroot/reviews/21/oneplus-nord-ce-5g/lifestyle/-1024w2/gsmarena_005.jpg', 7);
INSERT OR IGNORE INTO device_pictures (device_id, url, position) VALUES (681, 'https://fdn.gsmarena.com/imgroot/reviews/21/oneplus-nord-ce-5g/lifestyle/-1024w2/gsmarena_006.jpg', 8);
INSERT OR IGNORE INTO device_pictures (device_id, url, position) VALUES (681, 'https://fdn.gsmarena.com/imgroot/reviews/21/oneplus-nord-ce-5g/lifestyle/-1024w2/gsmarena_007.jpg', 9);
INSERT OR IGNORE INTO devices (id, brand_id, name, gsmarena_url, thumbnail_url, summary) VALUES (682, 4, '9 Pro', 'https://www.gsmarena.com/oneplus_9_pro-10806.php', 'https://fdn2.gsmarena.com/vv/bigpic/oneplus-9-pro-.jpg', '9 Pro');
INSERT OR IGNORE INTO device_specs (device_id, announced, status, network, os, chipset, cpu, gpu, display_size, display_type, display_res, ram, storage, main_camera, selfie_camera, battery, charging, nfc, usb, bluetooth, wlan, colors, weight, dimensions, sim, sensors, popularity, fans, rating, full_specs_json) VALUES (682, '2021, March 23', 'Available. Released 2021, March 30', 'GSM / CDMA / HSPA / LTE / 5G / 5G', 'Android 11, upgradable to Android 14, OxygenOS 14', 'Qualcomm SM8350 Snapdragon 888 5G (5 nm)', 'Octa-core (1x2.84 GHz Cortex-X1 & 3x2.42 GHz Cortex-A78 & 4x1.80 GHz Cortex-A55', 'Adreno 660', '6.7 inches, 108.4 cm 2 (~90.3% screen-to-body ratio)', 'LTPO Fluid2 AMOLED, 1B colors, 120Hz, HDR10+, 1300 nits (peak)', '1440 x 3216 pixels, 20:9 ratio (~525 ppi density)', '8GB', '128GB', '48 MP, f/1.8, 23mm (wide), 1/1.43", 1.12µm, multi-directional PDAF, OIS, Laser AF, color spectrum sensor, Hasselblad Color Calibration, dual-LED flash, HDR, panorama', '16 MP, f/2.4, (wide), 1/3.06", 1.0µm, 1080p@30fps, gyro-EIS', 'Li-Po 4500 mAh', '65W wired, PD, 100% in 29 min', 'Yes', 'USB Type-C 3.1, OTG', '5.2, A2DP, LE, aptX HD', 'Wi-Fi 802.11 a/b/g/n/ac/6, dual-band, Wi-Fi Direct, DLNA', 'Morning Mist, Forest Green, Stellar Black', '197 g (6.95 oz)', '163.2 x 73.6 x 8.7 mm (6.43 x 2.90 x 0.34 in)', '· Nano-SIM · Nano-SIM + Nano-SIM', 'Fingerprint (under display, optical), accelerometer, gyro, proximity, compass', '$ 274.44 / £ 219.90 / € 186.00', NULL, NULL, '[{"category":"Network","specs":[{"label":"Technology","value":"GSM / CDMA / HSPA / LTE / 5G"},{"label":"2G bands","value":"GSM 850 / 900 / 1800 / 1900"},{"label":"3G bands","value":"HSDPA 800 / 850 / 900 / 1700(AWS) / 1800 / 1900 / 2100"},{"label":"4G bands","value":"1, 2, 3, 4, 5, 7, 8, 12, 13, 17, 18, 19, 20, 25, 26, 28, 32, 38, 39, 40, 41, 66 - EU"},{"label":"5G bands","value":"1, 3, 5, 7, 8, 20, 28, 38, 40, 41, 66, 78 SA/NSA - EU"},{"label":"Speed","value":"HSPA 42.2/5.76 Mbps, LTE Cat20 2000/200 Mbps, 5G"}]},{"category":"Launch","specs":[{"label":"Announced","value":"2021, March 23"},{"label":"Status","value":"Available. Released 2021, March 30"}]},{"category":"Body","specs":[{"label":"Dimensions","value":"163.2 x 73.6 x 8.7 mm (6.43 x 2.90 x 0.34 in)"},{"label":"Weight","value":"197 g (6.95 oz)"},{"label":"Build","value":"Glass front (Gorilla Glass 5), glass back (Gorilla Glass 5), aluminum frame"},{"label":"SIM","value":"· Nano-SIM · Nano-SIM + Nano-SIM"}]},{"category":"Display","specs":[{"label":"Type","value":"LTPO Fluid2 AMOLED, 1B colors, 120Hz, HDR10+, 1300 nits (peak)"},{"label":"Size","value":"6.7 inches, 108.4 cm 2 (~90.3% screen-to-body ratio)"},{"label":"Resolution","value":"1440 x 3216 pixels, 20:9 ratio (~525 ppi density)"},{"label":"Protection","value":"Corning Gorilla Glass 5"}]},{"category":"Platform","specs":[{"label":"OS","value":"Android 11, upgradable to Android 14, OxygenOS 14"},{"label":"Chipset","value":"Qualcomm SM8350 Snapdragon 888 5G (5 nm)"},{"label":"CPU","value":"Octa-core (1x2.84 GHz Cortex-X1 & 3x2.42 GHz Cortex-A78 & 4x1.80 GHz Cortex-A55"},{"label":"GPU","value":"Adreno 660"}]},{"category":"Memory","specs":[{"label":"Card slot","value":"No"},{"label":"Internal","value":"128GB 8GB RAM, 256GB 8GB RAM, 256GB 12GB RAM"}]},{"category":"Main Camera","specs":[{"label":"Quad","value":"48 MP, f/1.8, 23mm (wide), 1/1.43\\", 1.12µm, multi-directional PDAF, OIS"},{"label":"Features","value":"Laser AF, color spectrum sensor, Hasselblad Color Calibration, dual-LED flash, HDR, panorama"},{"label":"Video","value":"8K@30fps, 4K@30/60/120fps, 1080p@30/60/240fps, Auto HDR, gyro-EIS"}]},{"category":"Selfie camera","specs":[{"label":"Single","value":"16 MP, f/2.4, (wide), 1/3.06\\", 1.0µm"},{"label":"Video","value":"1080p@30fps, gyro-EIS"},{"label":"Features","value":"HDR"}]},{"category":"Sound","specs":[{"label":"Loudspeaker","value":"Yes, with stereo speakers"},{"label":"3.5mm jack","value":"No"}]},{"category":"Comms","specs":[{"label":"WLAN","value":"Wi-Fi 802.11 a/b/g/n/ac/6, dual-band, Wi-Fi Direct, DLNA"},{"label":"Bluetooth","value":"5.2, A2DP, LE, aptX HD"},{"label":"Positioning","value":"GPS (L1+L5), GLONASS (G1), BDS (B1), GALILEO (E1+E5a)"},{"label":"NFC","value":"Yes"},{"label":"USB","value":"USB Type-C 3.1, OTG"},{"label":"Radio","value":"No"}]},{"category":"Features","specs":[{"label":"Sensors","value":"Fingerprint (under display, optical), accelerometer, gyro, proximity, compass"}]},{"category":"Battery","specs":[{"label":"Type","value":"Li-Po 4500 mAh"},{"label":"Charging","value":"65W wired, PD, 100% in 29 min"}]},{"category":"Misc","specs":[{"label":"Colors","value":"Morning Mist, Forest Green, Stellar Black"},{"label":"Models","value":"LE2121, LE2125, LE2123, LE2120, LE2127"},{"label":"Price","value":"$ 274.44 / £ 219.90 / € 186.00"}]}]');
INSERT OR IGNORE INTO device_pictures (device_id, url, position) VALUES (682, 'https://fdn2.gsmarena.com/vv/bigpic/oneplus-9-pro-.jpg', 0);
INSERT OR IGNORE INTO device_pictures (device_id, url, position) VALUES (682, 'https://fdn2.gsmarena.com/vv/pics/oneplus/oneplus-9-pro-1.jpg', 1);
INSERT OR IGNORE INTO device_pictures (device_id, url, position) VALUES (682, 'https://fdn2.gsmarena.com/vv/pics/oneplus/oneplus-9-pro-2.jpg', 2);
INSERT OR IGNORE INTO device_pictures (device_id, url, position) VALUES (682, 'https://fdn.gsmarena.com/imgroot/reviews/21/oneplus-9-pro/lifestyle/-1024w2/gsmarena_001.jpg', 3);
INSERT OR IGNORE INTO device_pictures (device_id, url, position) VALUES (682, 'https://fdn.gsmarena.com/imgroot/reviews/21/oneplus-9-pro/lifestyle/-1024w2/gsmarena_002.jpg', 4);
INSERT OR IGNORE INTO device_pictures (device_id, url, position) VALUES (682, 'https://fdn.gsmarena.com/imgroot/reviews/21/oneplus-9-pro/lifestyle/-1024w2/gsmarena_003.jpg', 5);
INSERT OR IGNORE INTO device_pictures (device_id, url, position) VALUES (682, 'https://fdn.gsmarena.com/imgroot/reviews/21/oneplus-9-pro/lifestyle/-1024w2/gsmarena_004.jpg', 6);
INSERT OR IGNORE INTO device_pictures (device_id, url, position) VALUES (682, 'https://fdn.gsmarena.com/imgroot/reviews/21/oneplus-9-pro/lifestyle/-1024w2/gsmarena_005.jpg', 7);
INSERT OR IGNORE INTO device_pictures (device_id, url, position) VALUES (682, 'https://fdn.gsmarena.com/imgroot/reviews/21/oneplus-9-pro/lifestyle/-1024w2/gsmarena_006.jpg', 8);
INSERT OR IGNORE INTO device_pictures (device_id, url, position) VALUES (682, 'https://fdn.gsmarena.com/imgroot/reviews/21/oneplus-9-pro/lifestyle/-1024w2/gsmarena_007.jpg', 9);
INSERT OR IGNORE INTO devices (id, brand_id, name, gsmarena_url, thumbnail_url, summary) VALUES (683, 4, '9', 'https://www.gsmarena.com/oneplus_9-10747.php', 'https://fdn2.gsmarena.com/vv/bigpic/oneplus-9-.jpg', '9');
INSERT OR IGNORE INTO device_specs (device_id, announced, status, network, os, chipset, cpu, gpu, display_size, display_type, display_res, ram, storage, main_camera, selfie_camera, battery, charging, nfc, usb, bluetooth, wlan, colors, weight, dimensions, sim, sensors, popularity, fans, rating, full_specs_json) VALUES (683, '2021, March 23', 'Available. Released 2021, March 26', 'GSM / CDMA / HSPA / LTE / 5G / 5G', 'Android 11, upgradable to Android 13, OxygenOS 13', 'Qualcomm SM8350 Snapdragon 888 5G (5 nm)', 'Octa-core (1x2.84 GHz Cortex-X1 & 3x2.42 GHz Cortex-A78 & 4x1.80 GHz Cortex-A55)', 'Adreno 660', '6.55 inches, 103.6 cm 2 (~87.6% screen-to-body ratio)', 'Fluid AMOLED, 120Hz, HDR10+, 1100 nits (peak)', '1080 x 2400 pixels, 20:9 ratio (~402 ppi density)', '8GB', '128GB', '48 MP, f/1.8, 23mm (wide), 1/1.43", 1.12µm, multi-directional PDAF, Hasselblad Color Calibration, color spectrum sensor, dual-LED flash, HDR, panorama', '16 MP, f/2.4, (wide), 1/3.06", 1.0µm, 1080p@30fps, gyro-EIS', 'Li-Po 4500 mAh', '65W wired, PD, 100% in 29 min', 'Yes', 'USB Type-C 3.1, OTG', '5.2, A2DP, LE, aptX HD', 'Wi-Fi 802.11 a/b/g/n/ac/6, dual-band, Wi-Fi Direct, DLNA', 'Winter Mist, Arctic Sky, Astral Black', '192 g (EU/NA) 183 g (IN/CN) (6.46 oz)', '160 x 74.2 x 8.7 mm (EU/NA) 160 x 73.9 x 8.1 mm (IN/CN)', '· Nano-SIM · Nano-SIM + Nano-SIM', 'Fingerprint (under display, optical), accelerometer, gyro, proximity, compass', '$ 179.00 / £ 240.00 / € 123.27', NULL, NULL, '[{"category":"Network","specs":[{"label":"Technology","value":"GSM / CDMA / HSPA / LTE / 5G"},{"label":"2G bands","value":"GSM 850 / 900 / 1800 / 1900"},{"label":"3G bands","value":"HSDPA 800 / 850 / 900 / 1700(AWS) / 1800 / 1900 / 2100"},{"label":"4G bands","value":"1, 2, 3, 4, 5, 7, 8, 12, 13, 17, 18, 19, 20, 25, 26, 28, 32, 38, 39, 40, 41, 66 - EU"},{"label":"5G bands","value":"1, 3, 5, 7, 8, 20, 28, 38, 40, 41, 66, 78 SA/NSA - EU"},{"label":"Speed","value":"HSPA 42.2/5.76 Mbps, LTE Cat20 2000/200 Mbps, 5G"}]},{"category":"Launch","specs":[{"label":"Announced","value":"2021, March 23"},{"label":"Status","value":"Available. Released 2021, March 26"}]},{"category":"Body","specs":[{"label":"Dimensions","value":"160 x 74.2 x 8.7 mm (EU/NA) 160 x 73.9 x 8.1 mm (IN/CN)"},{"label":"Weight","value":"192 g (EU/NA) 183 g (IN/CN) (6.46 oz)"},{"label":"Build","value":"Glass front (Gorilla Glass 5), glass back (Gorilla Glass 5), plastic frame"},{"label":"SIM","value":"· Nano-SIM · Nano-SIM + Nano-SIM"}]},{"category":"Display","specs":[{"label":"Type","value":"Fluid AMOLED, 120Hz, HDR10+, 1100 nits (peak)"},{"label":"Size","value":"6.55 inches, 103.6 cm 2 (~87.6% screen-to-body ratio)"},{"label":"Resolution","value":"1080 x 2400 pixels, 20:9 ratio (~402 ppi density)"},{"label":"Protection","value":"Corning Gorilla Glass 5"}]},{"category":"Platform","specs":[{"label":"OS","value":"Android 11, upgradable to Android 13, OxygenOS 13"},{"label":"Chipset","value":"Qualcomm SM8350 Snapdragon 888 5G (5 nm)"},{"label":"CPU","value":"Octa-core (1x2.84 GHz Cortex-X1 & 3x2.42 GHz Cortex-A78 & 4x1.80 GHz Cortex-A55)"},{"label":"GPU","value":"Adreno 660"}]},{"category":"Memory","specs":[{"label":"Card slot","value":"No"},{"label":"Internal","value":"128GB 8GB RAM, 256GB 12GB RAM"}]},{"category":"Main Camera","specs":[{"label":"Triple","value":"48 MP, f/1.8, 23mm (wide), 1/1.43\\", 1.12µm, multi-directional PDAF"},{"label":"Features","value":"Hasselblad Color Calibration, color spectrum sensor, dual-LED flash, HDR, panorama"},{"label":"Video","value":"8K@30fps, 4K@30/60fps, 1080p@30/60/240fps, Auto HDR, gyro-EIS"}]},{"category":"Selfie camera","specs":[{"label":"Single","value":"16 MP, f/2.4, (wide), 1/3.06\\", 1.0µm"},{"label":"Video","value":"1080p@30fps, gyro-EIS"},{"label":"Features","value":"HDR"}]},{"category":"Sound","specs":[{"label":"Loudspeaker","value":"Yes, with stereo speakers"},{"label":"3.5mm jack","value":"No"}]},{"category":"Comms","specs":[{"label":"WLAN","value":"Wi-Fi 802.11 a/b/g/n/ac/6, dual-band, Wi-Fi Direct, DLNA"},{"label":"Bluetooth","value":"5.2, A2DP, LE, aptX HD"},{"label":"Positioning","value":"GPS (L1+L5), GLONASS (G1), BDS (B1), GALILEO (E1+E5a)"},{"label":"NFC","value":"Yes"},{"label":"USB","value":"USB Type-C 3.1, OTG"},{"label":"Radio","value":"No"}]},{"category":"Features","specs":[{"label":"Sensors","value":"Fingerprint (under display, optical), accelerometer, gyro, proximity, compass"}]},{"category":"Battery","specs":[{"label":"Type","value":"Li-Po 4500 mAh"},{"label":"Charging","value":"65W wired, PD, 100% in 29 min"}]},{"category":"Misc","specs":[{"label":"Colors","value":"Winter Mist, Arctic Sky, Astral Black"},{"label":"Models","value":"LE2113, LE2111, LE2110, LE2117, LE2115"},{"label":"Price","value":"$ 179.00 / £ 240.00 / € 123.27"}]}]');
INSERT OR IGNORE INTO device_pictures (device_id, url, position) VALUES (683, 'https://fdn2.gsmarena.com/vv/bigpic/oneplus-9-.jpg', 0);
INSERT OR IGNORE INTO device_pictures (device_id, url, position) VALUES (683, 'https://fdn2.gsmarena.com/vv/pics/oneplus/oneplus-9-1.jpg', 1);
INSERT OR IGNORE INTO device_pictures (device_id, url, position) VALUES (683, 'https://fdn2.gsmarena.com/vv/pics/oneplus/oneplus-9-3.jpg', 2);
INSERT OR IGNORE INTO device_pictures (device_id, url, position) VALUES (683, 'https://fdn.gsmarena.com/imgroot/reviews/21/oneplus-9/lifestyle/-1024w2/gsmarena_001.jpg', 3);
INSERT OR IGNORE INTO device_pictures (device_id, url, position) VALUES (683, 'https://fdn.gsmarena.com/imgroot/reviews/21/oneplus-9/lifestyle/-1024w2/gsmarena_002.jpg', 4);
INSERT OR IGNORE INTO device_pictures (device_id, url, position) VALUES (683, 'https://fdn.gsmarena.com/imgroot/reviews/21/oneplus-9/lifestyle/-1024w2/gsmarena_003.jpg', 5);
INSERT OR IGNORE INTO device_pictures (device_id, url, position) VALUES (683, 'https://fdn.gsmarena.com/imgroot/reviews/21/oneplus-9/lifestyle/-1024w2/gsmarena_004.jpg', 6);
INSERT OR IGNORE INTO device_pictures (device_id, url, position) VALUES (683, 'https://fdn.gsmarena.com/imgroot/reviews/21/oneplus-9/lifestyle/-1024w2/gsmarena_005.jpg', 7);
INSERT OR IGNORE INTO device_pictures (device_id, url, position) VALUES (683, 'https://fdn.gsmarena.com/imgroot/reviews/21/oneplus-9/lifestyle/-1024w2/gsmarena_006.jpg', 8);
INSERT OR IGNORE INTO device_pictures (device_id, url, position) VALUES (683, 'https://fdn.gsmarena.com/imgroot/reviews/21/oneplus-9/lifestyle/-1024w2/gsmarena_007.jpg', 9);
INSERT OR IGNORE INTO devices (id, brand_id, name, gsmarena_url, thumbnail_url, summary) VALUES (684, 4, '9R', 'https://www.gsmarena.com/oneplus_9r-10807.php', 'https://fdn2.gsmarena.com/vv/bigpic/oneplus-9r.jpg', '9R');
INSERT OR IGNORE INTO device_specs (device_id, announced, status, network, os, chipset, cpu, gpu, display_size, display_type, display_res, ram, storage, main_camera, selfie_camera, battery, charging, nfc, usb, bluetooth, wlan, colors, weight, dimensions, sim, sensors, popularity, fans, rating, full_specs_json) VALUES (684, '2021, March 23', 'Available. Released 2021, April 14', 'GSM / HSPA / LTE / 5G / 5G', 'Android 10, upgradable to Android 14, OxygenOS 14', 'Qualcomm SM8250-AC Snapdragon 870 5G (7 nm)', 'Octa-core (1x3.2 GHz Kryo 585 & 3x2.42 GHz Kryo 585 & 4x1.80 GHz Kryo 585)', 'Adreno 650', '6.55 inches, 103.6 cm 2 (~86.8% screen-to-body ratio)', 'Fluid AMOLED, 120Hz, HDR10+', '1080 x 2400 pixels, 20:9 ratio (~402 ppi density)', '8GB', '128GB', '48 MP, f/1.7, 26mm (wide), 1/2.0", 0.8µm, PDAF, OIS, Dual-LED flash, HDR, panorama', '16 MP, f/2.4, (wide), 1/3.06", 1.0µm, 1080p@30fps, gyro-EIS', 'Li-Po 4500 mAh', '65W wired, 100% in 39 min', 'Yes', 'USB Type-C 3.1, OTG', '5.1, A2DP, LE, aptX HD', 'Wi-Fi 802.11 a/b/g/n/ac/6, dual-band, Wi-Fi Direct, DLNA', 'Carbon Black, Lake Blue', '189 g (6.67 oz)', '161 x 74.1 x 8.4 mm (6.34 x 2.92 x 0.33 in)', 'Nano-SIM + Nano-SIM', 'Fingerprint (under display, optical), accelerometer, gyro, proximity, compass', 'About 1170 EUR', NULL, NULL, '[{"category":"Network","specs":[{"label":"Technology","value":"GSM / HSPA / LTE / 5G"},{"label":"2G bands","value":"GSM 850 / 900 / 1800 / 1900"},{"label":"3G bands","value":"HSDPA 800 / 850 / 900 / 1700(AWS) / 1800 / 1900 / 2100"},{"label":"4G bands","value":"1, 2, 3, 4, 5, 7, 8, 12, 17, 18, 19, 20, 26, 34, 38, 39, 40, 41, 46"},{"label":"5G bands","value":"78 SA/NSA"},{"label":"Speed","value":"HSPA 42.2/5.76 Mbps, LTE Cat18 1200/200 Mbps, 5G"}]},{"category":"Launch","specs":[{"label":"Announced","value":"2021, March 23"},{"label":"Status","value":"Available. Released 2021, April 14"}]},{"category":"Body","specs":[{"label":"Dimensions","value":"161 x 74.1 x 8.4 mm (6.34 x 2.92 x 0.33 in)"},{"label":"Weight","value":"189 g (6.67 oz)"},{"label":"Build","value":"Glass front (Gorilla Glass 5), glass back (Gorilla Glass 5), aluminum frame"},{"label":"SIM","value":"Nano-SIM + Nano-SIM"}]},{"category":"Display","specs":[{"label":"Type","value":"Fluid AMOLED, 120Hz, HDR10+"},{"label":"Size","value":"6.55 inches, 103.6 cm 2 (~86.8% screen-to-body ratio)"},{"label":"Resolution","value":"1080 x 2400 pixels, 20:9 ratio (~402 ppi density)"},{"label":"Protection","value":"Corning Gorilla Glass 5"}]},{"category":"Platform","specs":[{"label":"OS","value":"Android 10, upgradable to Android 14, OxygenOS 14"},{"label":"Chipset","value":"Qualcomm SM8250-AC Snapdragon 870 5G (7 nm)"},{"label":"CPU","value":"Octa-core (1x3.2 GHz Kryo 585 & 3x2.42 GHz Kryo 585 & 4x1.80 GHz Kryo 585)"},{"label":"GPU","value":"Adreno 650"}]},{"category":"Memory","specs":[{"label":"Card slot","value":"No"},{"label":"Internal","value":"128GB 8GB RAM, 256GB 8GB RAM, 256GB 12GB RAM"}]},{"category":"Main Camera","specs":[{"label":"Quad","value":"48 MP, f/1.7, 26mm (wide), 1/2.0\\", 0.8µm, PDAF, OIS"},{"label":"Features","value":"Dual-LED flash, HDR, panorama"},{"label":"Video","value":"4K@30/60fps, 1080p@30/60/240fps, Auto HDR, gyro-EIS"}]},{"category":"Selfie camera","specs":[{"label":"Single","value":"16 MP, f/2.4, (wide), 1/3.06\\", 1.0µm"},{"label":"Video","value":"1080p@30fps, gyro-EIS"},{"label":"Features","value":"HDR"}]},{"category":"Sound","specs":[{"label":"Loudspeaker","value":"Yes, with stereo speakers"},{"label":"3.5mm jack","value":"No"}]},{"category":"Comms","specs":[{"label":"WLAN","value":"Wi-Fi 802.11 a/b/g/n/ac/6, dual-band, Wi-Fi Direct, DLNA"},{"label":"Bluetooth","value":"5.1, A2DP, LE, aptX HD"},{"label":"Positioning","value":"GPS (L1+L5), GLONASS (G1), BDS (B1), GALILEO (E1+E5a)"},{"label":"NFC","value":"Yes"},{"label":"USB","value":"USB Type-C 3.1, OTG"},{"label":"Radio","value":"No"}]},{"category":"Features","specs":[{"label":"Sensors","value":"Fingerprint (under display, optical), accelerometer, gyro, proximity, compass"}]},{"category":"Battery","specs":[{"label":"Type","value":"Li-Po 4500 mAh"},{"label":"Charging","value":"65W wired, 100% in 39 min"}]},{"category":"Misc","specs":[{"label":"Colors","value":"Carbon Black, Lake Blue"},{"label":"Models","value":"LE2101, LE2100"},{"label":"SAR","value":"1.17 W/kg (head)     0.85 W/kg (body)"},{"label":"Price","value":"About 1170 EUR"}]}]');
INSERT OR IGNORE INTO device_pictures (device_id, url, position) VALUES (684, 'https://fdn2.gsmarena.com/vv/bigpic/oneplus-9r.jpg', 0);
INSERT OR IGNORE INTO device_pictures (device_id, url, position) VALUES (684, 'https://fdn2.gsmarena.com/vv/pics/oneplus/oneplus-9r-2.jpg', 1);
INSERT OR IGNORE INTO device_pictures (device_id, url, position) VALUES (684, 'https://fdn2.gsmarena.com/vv/pics/oneplus/oneplus-9r-3.jpg', 2);
INSERT OR IGNORE INTO devices (id, brand_id, name, gsmarena_url, thumbnail_url, summary) VALUES (685, 4, 'Watch', 'https://www.gsmarena.com/oneplus_watch-10808.php', 'https://fdn2.gsmarena.com/vv/bigpic/oneplus-watch.jpg', 'Watch');
INSERT OR IGNORE INTO device_specs (device_id, announced, status, network, os, chipset, cpu, gpu, display_size, display_type, display_res, ram, storage, main_camera, selfie_camera, battery, charging, nfc, usb, bluetooth, wlan, colors, weight, dimensions, sim, sensors, popularity, fans, rating, full_specs_json) VALUES (685, '2021, March 23', 'Available. Released 2021, April 14', 'No cellular connectivity / 4G/LTE', 'Proprietary OS', NULL, NULL, NULL, '1.39 inches', 'AMOLED', '454 x 454 pixels (~326 ppi density)', '1GB', '4GB', NULL, NULL, 'Li-Ion 402 mAh', NULL, 'No', 'No', '5.0, A2DP, LE', 'No', 'Midnight Black, Moonlight Silver, Cobalt, Harry Potter Edition', '45 g (1.59 oz)', '46.4 x 46.4 x 10.9 mm (1.83 x 1.83 x 0.43 in)', 'No', 'Accelerometer, gyro, barometer, compass, heart rate, SpO2', 'About 190 EUR', NULL, NULL, '[{"category":"Network","specs":[{"label":"Technology","value":"No cellular connectivity"},{"label":"2G bands","value":"N/A"},{"label":"3G bands","value":"N/A"},{"label":"4G bands","value":"N/A"},{"label":"Speed","value":"No"},{"label":"GPRS","value":"No"},{"label":"EDGE","value":"No"}]},{"category":"Launch","specs":[{"label":"Announced","value":"2021, March 23"},{"label":"Status","value":"Available. Released 2021, April 14"}]},{"category":"Body","specs":[{"label":"Dimensions","value":"46.4 x 46.4 x 10.9 mm (1.83 x 1.83 x 0.43 in)"},{"label":"Weight","value":"45 g (1.59 oz)"},{"label":"Build","value":"Glass front, stainless steel frame, plastic back"},{"label":"SIM","value":"No"}]},{"category":"Display","specs":[{"label":"Type","value":"AMOLED"},{"label":"Size","value":"1.39 inches"},{"label":"Resolution","value":"454 x 454 pixels (~326 ppi density)"}]},{"category":"Platform","specs":[{"label":"OS","value":"Proprietary OS"}]},{"category":"Memory","specs":[{"label":"Card slot","value":"No"},{"label":"Internal","value":"4GB 1GB RAM"}]},{"category":"Sound","specs":[{"label":"Loudspeaker","value":"Yes"},{"label":"3.5mm jack","value":"No"}]},{"category":"Comms","specs":[{"label":"WLAN","value":"No"},{"label":"Bluetooth","value":"5.0, A2DP, LE"},{"label":"Positioning","value":"GPS, GLONASS, BDS, GALILEO"},{"label":"NFC","value":"No"},{"label":"USB","value":"No"},{"label":"Radio","value":"No"}]},{"category":"Features","specs":[{"label":"Sensors","value":"Accelerometer, gyro, barometer, compass, heart rate, SpO2"}]},{"category":"Battery","specs":[{"label":"Type","value":"Li-Ion 402 mAh"}]},{"category":"Misc","specs":[{"label":"Colors","value":"Midnight Black, Moonlight Silver, Cobalt, Harry Potter Edition"},{"label":"Price","value":"About 190 EUR"}]}]');
INSERT OR IGNORE INTO device_pictures (device_id, url, position) VALUES (685, 'https://fdn2.gsmarena.com/vv/bigpic/oneplus-watch.jpg', 0);
INSERT OR IGNORE INTO device_pictures (device_id, url, position) VALUES (685, 'https://fdn2.gsmarena.com/vv/pics/oneplus/oneplus-watch-1.jpg', 1);
INSERT OR IGNORE INTO device_pictures (device_id, url, position) VALUES (685, 'https://fdn2.gsmarena.com/vv/pics/oneplus/oneplus-watch-4.jpg', 2);
INSERT OR IGNORE INTO device_pictures (device_id, url, position) VALUES (685, 'https://fdn2.gsmarena.com/vv/pics/oneplus/oneplus-watch-5.jpg', 3);
INSERT OR IGNORE INTO device_pictures (device_id, url, position) VALUES (685, 'https://fdn2.gsmarena.com/vv/pics/oneplus/oneplus-watch-3.jpg', 4);
INSERT OR IGNORE INTO devices (id, brand_id, name, gsmarena_url, thumbnail_url, summary) VALUES (686, 4, 'Nord N10 5G', 'https://www.gsmarena.com/oneplus_nord_n10_5g-10556.php', 'https://fdn2.gsmarena.com/vv/bigpic/oneplus-nord-n10-5g-.jpg', 'Nord N10 5G');
INSERT OR IGNORE INTO device_specs (device_id, announced, status, network, os, chipset, cpu, gpu, display_size, display_type, display_res, ram, storage, main_camera, selfie_camera, battery, charging, nfc, usb, bluetooth, wlan, colors, weight, dimensions, sim, sensors, popularity, fans, rating, full_specs_json) VALUES (686, '2020, October 26', 'Available. Released 2020, November 21', 'GSM / CDMA / HSPA / LTE / 5G / 5G', 'Android 10, OxygenOS 10.5', 'Qualcomm SM6350 Snapdragon 690 5G (8 nm)', 'Octa-core (2x2.0 GHz Kryo 560 Gold & 6x1.7 GHz Kryo 560 Silver)', 'Adreno 619L', '6.49 inches, 101.7 cm 2 (~83.5% screen-to-body ratio)', 'IPS LCD, 90Hz', '1080 x 2400 pixels, 20:9 ratio (~406 ppi density)', '6GB', '128GB', '64 MP, f/1.8, (wide), 1/1.72", 0.8µm, PDAF, LED flash, HDR, panorama', '16 MP, f/2.1, 1080p@30/60fps, gyro-EIS', 'Li-Po 4300 mAh', '30W wired', 'Yes', 'USB Type-C 2.0, OTG', '5.1, A2DP, LE', 'Wi-Fi 802.11 a/b/g/n/ac, dual-band, Wi-Fi Direct', 'Midnight Ice', '190 g (6.70 oz)', '163 x 74.7 x 9 mm (6.42 x 2.94 x 0.35 in)', 'Nano-SIM + Nano-SIM', 'Fingerprint (rear-mounted), accelerometer, gyro, proximity, compass', 'About 250 EUR', NULL, NULL, '[{"category":"Network","specs":[{"label":"Technology","value":"GSM / CDMA / HSPA / LTE / 5G"},{"label":"2G bands","value":"GSM 850 / 900 / 1800 / 1900"},{"label":"3G bands","value":"HSDPA 850 / 900 / 1700(AWS) / 1900 / 2100"},{"label":"4G bands","value":"1, 2, 3, 4, 5, 7, 8, 12, 17, 20, 28, 38, 39, 40, 41, 66 - International"},{"label":"5G bands","value":"1, 3, 7, 28, 41, 66, 78 SA/NSA - International"},{"label":"Speed","value":"HSPA 42.2/5.76 Mbps, LTE Cat18 1024/150 Mbps, 5G"}]},{"category":"Launch","specs":[{"label":"Announced","value":"2020, October 26"},{"label":"Status","value":"Available. Released 2020, November 21"}]},{"category":"Body","specs":[{"label":"Dimensions","value":"163 x 74.7 x 9 mm (6.42 x 2.94 x 0.35 in)"},{"label":"Weight","value":"190 g (6.70 oz)"},{"label":"Build","value":"Glass front (Gorilla Glass 3), plastic back, plastic frame"},{"label":"SIM","value":"Nano-SIM + Nano-SIM"}]},{"category":"Display","specs":[{"label":"Type","value":"IPS LCD, 90Hz"},{"label":"Size","value":"6.49 inches, 101.7 cm 2 (~83.5% screen-to-body ratio)"},{"label":"Resolution","value":"1080 x 2400 pixels, 20:9 ratio (~406 ppi density)"},{"label":"Protection","value":"Corning Gorilla Glass 3"}]},{"category":"Platform","specs":[{"label":"OS","value":"Android 10, OxygenOS 10.5"},{"label":"Chipset","value":"Qualcomm SM6350 Snapdragon 690 5G (8 nm)"},{"label":"CPU","value":"Octa-core (2x2.0 GHz Kryo 560 Gold & 6x1.7 GHz Kryo 560 Silver)"},{"label":"GPU","value":"Adreno 619L"}]},{"category":"Memory","specs":[{"label":"Card slot","value":"microSDXC"},{"label":"Internal","value":"128GB 6GB RAM"}]},{"category":"Main Camera","specs":[{"label":"Quad","value":"64 MP, f/1.8, (wide), 1/1.72\\", 0.8µm, PDAF"},{"label":"Features","value":"LED flash, HDR, panorama"},{"label":"Video","value":"4K@30fps, 1080p@30/60/120fps; gyro-EIS"}]},{"category":"Selfie camera","specs":[{"label":"Single","value":"16 MP, f/2.1"},{"label":"Video","value":"1080p@30/60fps, gyro-EIS"},{"label":"Features","value":"HDR"}]},{"category":"Sound","specs":[{"label":"Loudspeaker","value":"Yes, with dual speakers"},{"label":"3.5mm jack","value":"Yes"}]},{"category":"Comms","specs":[{"label":"WLAN","value":"Wi-Fi 802.11 a/b/g/n/ac, dual-band, Wi-Fi Direct"},{"label":"Bluetooth","value":"5.1, A2DP, LE"},{"label":"Positioning","value":"GPS (L1+L5), GLONASS, GALILEO, BDS"},{"label":"NFC","value":"Yes"},{"label":"USB","value":"USB Type-C 2.0, OTG"},{"label":"Radio","value":"No"}]},{"category":"Features","specs":[{"label":"Sensors","value":"Fingerprint (rear-mounted), accelerometer, gyro, proximity, compass"}]},{"category":"Battery","specs":[{"label":"Type","value":"Li-Po 4300 mAh"},{"label":"Charging","value":"30W wired"}]},{"category":"Misc","specs":[{"label":"Colors","value":"Midnight Ice"},{"label":"Models","value":"BE2029, BE2025, BE2026, BE2028"},{"label":"Price","value":"About 250 EUR"}]}]');
INSERT OR IGNORE INTO device_pictures (device_id, url, position) VALUES (686, 'https://fdn2.gsmarena.com/vv/bigpic/oneplus-nord-n10-5g-.jpg', 0);
INSERT OR IGNORE INTO device_pictures (device_id, url, position) VALUES (686, 'https://fdn2.gsmarena.com/vv/pics/oneplus/oneplus-nord-n10-5g-1.jpg', 1);
INSERT OR IGNORE INTO device_pictures (device_id, url, position) VALUES (686, 'https://fdn.gsmarena.com/imgroot/reviews/20/oneplus-nord-n10-5g/lifestyle/-1024w2/gsmarena_003.jpg', 2);
INSERT OR IGNORE INTO device_pictures (device_id, url, position) VALUES (686, 'https://fdn.gsmarena.com/imgroot/reviews/20/oneplus-nord-n10-5g/lifestyle/-1024w2/gsmarena_004.jpg', 3);
INSERT OR IGNORE INTO device_pictures (device_id, url, position) VALUES (686, 'https://fdn.gsmarena.com/imgroot/reviews/20/oneplus-nord-n10-5g/lifestyle/-1024w2/gsmarena_005.jpg', 4);
INSERT OR IGNORE INTO device_pictures (device_id, url, position) VALUES (686, 'https://fdn.gsmarena.com/imgroot/reviews/20/oneplus-nord-n10-5g/lifestyle/-1024w2/gsmarena_006.jpg', 5);
INSERT OR IGNORE INTO device_pictures (device_id, url, position) VALUES (686, 'https://fdn.gsmarena.com/imgroot/reviews/20/oneplus-nord-n10-5g/lifestyle/-1024w2/gsmarena_007.jpg', 6);
INSERT OR IGNORE INTO device_pictures (device_id, url, position) VALUES (686, 'https://fdn.gsmarena.com/imgroot/reviews/20/oneplus-nord-n10-5g/lifestyle/-1024w2/gsmarena_009.jpg', 7);
INSERT OR IGNORE INTO device_pictures (device_id, url, position) VALUES (686, 'https://fdn.gsmarena.com/imgroot/reviews/20/oneplus-nord-n10-5g/lifestyle/-1024w2/gsmarena_010.jpg', 8);
INSERT OR IGNORE INTO device_pictures (device_id, url, position) VALUES (686, 'https://fdn.gsmarena.com/imgroot/reviews/20/oneplus-nord-n10-5g/lifestyle/-1024w2/gsmarena_011.jpg', 9);
INSERT OR IGNORE INTO devices (id, brand_id, name, gsmarena_url, thumbnail_url, summary) VALUES (687, 4, 'Nord N100', 'https://www.gsmarena.com/oneplus_nord_n100-10557.php', 'https://fdn2.gsmarena.com/vv/bigpic/oneplus-nord-n100-.jpg', 'Nord N100');
INSERT OR IGNORE INTO device_specs (device_id, announced, status, network, os, chipset, cpu, gpu, display_size, display_type, display_res, ram, storage, main_camera, selfie_camera, battery, charging, nfc, usb, bluetooth, wlan, colors, weight, dimensions, sim, sensors, popularity, fans, rating, full_specs_json) VALUES (687, '2020, October 26', 'Available. Released 2020, November 11', 'GSM / CDMA / HSPA / LTE / 4G/LTE', 'Android 10, OxygenOS 10.5.9', 'Qualcomm SM4250 Snapdragon 460 (11 nm)', 'Octa-core (4x1.8 GHz Kryo 240 & 4x1.6 GHz Kryo 240)', 'Adreno 610', '6.52 inches, 102.6 cm 2 (~82.9% screen-to-body ratio)', 'IPS LCD, 90Hz', '720 x 1600 pixels, 20:9 ratio (~269 ppi density)', '4GB', '64GB', '13 MP, f/2.2, (wide), PDAF, LED flash, HDR, panorama', '8 MP, f/2.0, 1080p@30fps', 'Li-Po 5000 mAh', '18W wired', NULL, 'USB Type-C 2.0, OTG', '5.0, A2DP, LE', 'Wi-Fi 802.11 a/b/g/n/ac, dual-band, Wi-Fi Direct', 'Midnight Frost', '188 g (6.63 oz)', '164.9 x 75.1 x 8.5 mm (6.49 x 2.96 x 0.33 in)', 'Nano-SIM + Nano-SIM', 'Fingerprint (rear-mounted), accelerometer, gyro, proximity, compass', 'About 80 EUR', NULL, NULL, '[{"category":"Network","specs":[{"label":"Technology","value":"GSM / CDMA / HSPA / LTE"},{"label":"2G bands","value":"GSM 850 / 900 / 1800 / 1900"},{"label":"3G bands","value":"HSDPA 850 / 900 / 1700(AWS) / 1900 / 2100"},{"label":"4G bands","value":"1, 2, 3, 4, 5, 7, 8, 12, 17, 20, 28, 38, 40, 41 - International"},{"label":"Speed","value":"HSPA 42.2/5.76 Mbps, LTE Cat13 400/50 Mbps"}]},{"category":"Launch","specs":[{"label":"Announced","value":"2020, October 26"},{"label":"Status","value":"Available. Released 2020, November 11"}]},{"category":"Body","specs":[{"label":"Dimensions","value":"164.9 x 75.1 x 8.5 mm (6.49 x 2.96 x 0.33 in)"},{"label":"Weight","value":"188 g (6.63 oz)"},{"label":"Build","value":"Glass front (Gorilla Glass 3), plastic frame"},{"label":"SIM","value":"Nano-SIM + Nano-SIM"}]},{"category":"Display","specs":[{"label":"Type","value":"IPS LCD, 90Hz"},{"label":"Size","value":"6.52 inches, 102.6 cm 2 (~82.9% screen-to-body ratio)"},{"label":"Resolution","value":"720 x 1600 pixels, 20:9 ratio (~269 ppi density)"},{"label":"Protection","value":"Corning Gorilla Glass 3"}]},{"category":"Platform","specs":[{"label":"OS","value":"Android 10, OxygenOS 10.5.9"},{"label":"Chipset","value":"Qualcomm SM4250 Snapdragon 460 (11 nm)"},{"label":"CPU","value":"Octa-core (4x1.8 GHz Kryo 240 & 4x1.6 GHz Kryo 240)"},{"label":"GPU","value":"Adreno 610"}]},{"category":"Memory","specs":[{"label":"Card slot","value":"microSDXC"},{"label":"Internal","value":"64GB 4GB RAM"}]},{"category":"Main Camera","specs":[{"label":"Triple","value":"13 MP, f/2.2, (wide), PDAF"},{"label":"Features","value":"LED flash, HDR, panorama"},{"label":"Video","value":"1080p@30fps, gyro-EIS"}]},{"category":"Selfie camera","specs":[{"label":"Single","value":"8 MP, f/2.0"},{"label":"Video","value":"1080p@30fps"},{"label":"Features","value":"HDR"}]},{"category":"Sound","specs":[{"label":"Loudspeaker","value":"Yes, with stereo speakers"},{"label":"3.5mm jack","value":"Yes"}]},{"category":"Comms","specs":[{"label":"WLAN","value":"Wi-Fi 802.11 a/b/g/n/ac, dual-band, Wi-Fi Direct"},{"label":"Bluetooth","value":"5.0, A2DP, LE"},{"label":"Positioning","value":"GPS, GLONASS, GALILEO, BDS"},{"label":"USB","value":"USB Type-C 2.0, OTG"},{"label":"Radio","value":"FM radio"}]},{"category":"Features","specs":[{"label":"Sensors","value":"Fingerprint (rear-mounted), accelerometer, gyro, proximity, compass"}]},{"category":"Battery","specs":[{"label":"Type","value":"Li-Po 5000 mAh"},{"label":"Charging","value":"18W wired"}]},{"category":"Misc","specs":[{"label":"Colors","value":"Midnight Frost"},{"label":"Models","value":"BE2013, BE2015, BE2011, BE2012"},{"label":"Price","value":"About 80 EUR"}]}]');
INSERT OR IGNORE INTO device_pictures (device_id, url, position) VALUES (687, 'https://fdn2.gsmarena.com/vv/bigpic/oneplus-nord-n100-.jpg', 0);
INSERT OR IGNORE INTO device_pictures (device_id, url, position) VALUES (687, 'https://fdn2.gsmarena.com/vv/pics/oneplus/oneplus-nord-n100-1.jpg', 1);
INSERT OR IGNORE INTO devices (id, brand_id, name, gsmarena_url, thumbnail_url, summary) VALUES (688, 4, '8T', 'https://www.gsmarena.com/oneplus_8t-10420.php', 'https://fdn2.gsmarena.com/vv/bigpic/oneplus-8t.jpg', '8T');
INSERT OR IGNORE INTO device_specs (device_id, announced, status, network, os, chipset, cpu, gpu, display_size, display_type, display_res, ram, storage, main_camera, selfie_camera, battery, charging, nfc, usb, bluetooth, wlan, colors, weight, dimensions, sim, sensors, popularity, fans, rating, full_specs_json) VALUES (688, '2020, October 14', 'Available. Released 2020, October 16', 'GSM / CDMA / HSPA / LTE / 5G / 5G', 'Android 11, upgradable to Android 14, OxygenOS 14', 'Qualcomm SM8250 Snapdragon 865 5G (7 nm+)', 'Octa-core (1x2.84 GHz Cortex-A77 & 3x2.42 GHz Cortex-A77 & 4x1.80 GHz Cortex-A55)', 'Adreno 650', '6.55 inches, 103.6 cm 2 (~87.0% screen-to-body ratio)', 'Fluid AMOLED, 120Hz, HDR10+', '1080 x 2400 pixels, 20:9 ratio (~402 ppi density)', '8GB', '128GB', '48 MP, f/1.7, 26mm (wide), 1/2.0", 0.8µm, PDAF, OIS, Dual-LED flash, HDR, panorama', '16 MP, f/2.4, (wide), 1/3.06", 1.0µm, 1080p@30fps, gyro-EIS', 'Li-Po 4500 mAh', '65W wired, 100% in 39 min', 'Yes', 'USB Type-C 3.1, OTG', '5.1, A2DP, LE, aptX HD', 'Wi-Fi 802.11 a/b/g/n/ac/6, dual-band, Wi-Fi Direct, DLNA', 'Aquamarine Green, Lunar Silver, Cyberpunk 2077 Edition', '188 g (6.63 oz)', '160.7 x 74.1 x 8.4 mm (6.33 x 2.92 x 0.33 in)', 'Nano-SIM + Nano-SIM', 'Fingerprint (under display, optical), accelerometer, gyro, proximity, compass, barometer (market dependant)', '$ 199.95 / € 210.00', NULL, NULL, '[{"category":"Network","specs":[{"label":"Technology","value":"GSM / CDMA / HSPA / LTE / 5G"},{"label":"2G bands","value":"GSM 850 / 900 / 1800 / 1900"},{"label":"3G bands","value":"HSDPA 800 / 850 / 900 / 1700(AWS) / 1800 / 1900 / 2100"},{"label":"4G bands","value":"1, 2, 3, 4, 5, 7, 8, 12, 13, 17, 18, 19, 20, 25, 26, 28, 32, 34, 38, 39, 40, 41, 42, 66 - EU"},{"label":"5G bands","value":"1, 3, 7, 28, 41, 78 SA/NSA - EU"},{"label":"Speed","value":"HSPA 42.2/5.76 Mbps, LTE (5CA) Cat18 1200/200 Mbps, 5G 7.5 Gbps DL"}]},{"category":"Launch","specs":[{"label":"Announced","value":"2020, October 14"},{"label":"Status","value":"Available. Released 2020, October 16"}]},{"category":"Body","specs":[{"label":"Dimensions","value":"160.7 x 74.1 x 8.4 mm (6.33 x 2.92 x 0.33 in)"},{"label":"Weight","value":"188 g (6.63 oz)"},{"label":"Build","value":"Glass front (Gorilla Glass 5), glass back (Gorilla Glass 5), aluminum frame"},{"label":"SIM","value":"Nano-SIM + Nano-SIM"}]},{"category":"Display","specs":[{"label":"Type","value":"Fluid AMOLED, 120Hz, HDR10+"},{"label":"Size","value":"6.55 inches, 103.6 cm 2 (~87.0% screen-to-body ratio)"},{"label":"Resolution","value":"1080 x 2400 pixels, 20:9 ratio (~402 ppi density)"},{"label":"Protection","value":"Corning Gorilla Glass 5"}]},{"category":"Platform","specs":[{"label":"OS","value":"Android 11, upgradable to Android 14, OxygenOS 14"},{"label":"Chipset","value":"Qualcomm SM8250 Snapdragon 865 5G (7 nm+)"},{"label":"CPU","value":"Octa-core (1x2.84 GHz Cortex-A77 & 3x2.42 GHz Cortex-A77 & 4x1.80 GHz Cortex-A55)"},{"label":"GPU","value":"Adreno 650"}]},{"category":"Memory","specs":[{"label":"Card slot","value":"No"},{"label":"Internal","value":"128GB 8GB RAM, 256GB 12GB RAM"}]},{"category":"Main Camera","specs":[{"label":"Quad","value":"48 MP, f/1.7, 26mm (wide), 1/2.0\\", 0.8µm, PDAF, OIS"},{"label":"Features","value":"Dual-LED flash, HDR, panorama"},{"label":"Video","value":"4K@30/60fps, 1080p@30/60/240fps, Auto HDR, gyro-EIS"}]},{"category":"Selfie camera","specs":[{"label":"Single","value":"16 MP, f/2.4, (wide), 1/3.06\\", 1.0µm"},{"label":"Video","value":"1080p@30fps, gyro-EIS"},{"label":"Features","value":"HDR"}]},{"category":"Sound","specs":[{"label":"Loudspeaker","value":"Yes, with stereo speakers"},{"label":"3.5mm jack","value":"No"}]},{"category":"Comms","specs":[{"label":"WLAN","value":"Wi-Fi 802.11 a/b/g/n/ac/6, dual-band, Wi-Fi Direct, DLNA"},{"label":"Bluetooth","value":"5.1, A2DP, LE, aptX HD"},{"label":"Positioning","value":"GPS (L1+L5), GLONASS (G1), BDS (B1), GALILEO (E1+E5a)"},{"label":"NFC","value":"Yes"},{"label":"USB","value":"USB Type-C 3.1, OTG"},{"label":"Radio","value":"No"}]},{"category":"Features","specs":[{"label":"Sensors","value":"Fingerprint (under display, optical), accelerometer, gyro, proximity, compass, barometer (market dependant)"}]},{"category":"Battery","specs":[{"label":"Type","value":"Li-Po 4500 mAh"},{"label":"Charging","value":"65W wired, 100% in 39 min"}]},{"category":"Misc","specs":[{"label":"Colors","value":"Aquamarine Green, Lunar Silver, Cyberpunk 2077 Edition"},{"label":"Models","value":"KB2001, KB2000, KB2003, KB2005"},{"label":"Price","value":"$ 199.95 / € 210.00"}]}]');
INSERT OR IGNORE INTO device_pictures (device_id, url, position) VALUES (688, 'https://fdn2.gsmarena.com/vv/bigpic/oneplus-8t.jpg', 0);
INSERT OR IGNORE INTO device_pictures (device_id, url, position) VALUES (688, 'https://fdn2.gsmarena.com/vv/pics/oneplus/oneplus-8t-1.jpg', 1);
INSERT OR IGNORE INTO device_pictures (device_id, url, position) VALUES (688, 'https://fdn2.gsmarena.com/vv/pics/oneplus/oneplus-8t-2.jpg', 2);
INSERT OR IGNORE INTO device_pictures (device_id, url, position) VALUES (688, 'https://fdn2.gsmarena.com/vv/pics/oneplus/oneplus-8t-lunar.jpg', 3);
INSERT OR IGNORE INTO device_pictures (device_id, url, position) VALUES (688, 'https://fdn.gsmarena.com/imgroot/reviews/20/oneplus-8t/lifestyle/-1024w2/gsmarena_001.jpg', 4);
INSERT OR IGNORE INTO device_pictures (device_id, url, position) VALUES (688, 'https://fdn.gsmarena.com/imgroot/reviews/20/oneplus-8t/lifestyle/-1024w2/gsmarena_002.jpg', 5);
INSERT OR IGNORE INTO device_pictures (device_id, url, position) VALUES (688, 'https://fdn.gsmarena.com/imgroot/reviews/20/oneplus-8t/lifestyle/-1024w2/gsmarena_003.jpg', 6);
INSERT OR IGNORE INTO device_pictures (device_id, url, position) VALUES (688, 'https://fdn.gsmarena.com/imgroot/reviews/20/oneplus-8t/lifestyle/-1024w2/gsmarena_004.jpg', 7);
INSERT OR IGNORE INTO device_pictures (device_id, url, position) VALUES (688, 'https://fdn.gsmarena.com/imgroot/reviews/20/oneplus-8t/lifestyle/-1024w2/gsmarena_005.jpg', 8);
INSERT OR IGNORE INTO device_pictures (device_id, url, position) VALUES (688, 'https://fdn.gsmarena.com/imgroot/reviews/20/oneplus-8t/lifestyle/-1024w2/gsmarena_006.jpg', 9);
INSERT OR IGNORE INTO devices (id, brand_id, name, gsmarena_url, thumbnail_url, summary) VALUES (689, 4, '8T+ 5G', 'https://www.gsmarena.com/oneplus_8t+_5g-10512.php', 'https://fdn2.gsmarena.com/vv/bigpic/oneplus-8t.jpg', '8T+ 5G');
INSERT OR IGNORE INTO device_specs (device_id, announced, status, network, os, chipset, cpu, gpu, display_size, display_type, display_res, ram, storage, main_camera, selfie_camera, battery, charging, nfc, usb, bluetooth, wlan, colors, weight, dimensions, sim, sensors, popularity, fans, rating, full_specs_json) VALUES (689, '2020, October 14', 'Available. Released 2020, October 16', 'GSM / CDMA / HSPA / LTE / 5G / 5G', 'Android 11, OxygenOS 11', 'Qualcomm SM8250 Snapdragon 865 5G (7 nm+)', 'Octa-core (1x2.84 GHz Cortex-A77 & 3x2.42 GHz Cortex-A77 & 4x1.80 GHz Cortex-A55)', 'Adreno 650', '6.55 inches, 103.6 cm 2 (~87.0% screen-to-body ratio)', 'Fluid AMOLED, 120Hz, HDR10+', '1080 x 2400 pixels, 20:9 ratio (~402 ppi density)', '12GB', '256GB', '48 MP, f/1.7, 26mm (wide), 1/2.0", 0.8µm, PDAF, OIS, Dual-LED flash, HDR, panorama', '16 MP, f/2.4, (wide), 1/3.06", 1.0µm, 1080p@30fps, gyro-EIS', 'Li-Po 4500 mAh', '65W wired, 100% in 39 min', 'Yes', 'USB Type-C 3.1, OTG', '5.1, A2DP, LE, aptX HD', 'Wi-Fi 802.11 a/b/g/n/ac/6, dual-band, Wi-Fi Direct, DLNA', 'Aquamarine Green, Lunar Silver', '-', '160.7 x 74.1 x 8.4 mm (6.33 x 2.92 x 0.33 in)', 'Nano-SIM', 'Fingerprint (under display, optical), accelerometer, gyro, proximity, compass, barometer (market dependant)', 'About 640 EUR', NULL, NULL, '[{"category":"Network","specs":[{"label":"Technology","value":"GSM / CDMA / HSPA / LTE / 5G"},{"label":"2G bands","value":"GSM 850 / 900 / 1800 / 1900"},{"label":"3G bands","value":"HSDPA 850 / 900 / 1700(AWS) / 1900 / 2100"},{"label":"4G bands","value":"1, 2, 3, 4, 5, 7, 8, 12, 13, 17, 18, 19, 20, 25, 26, 28, 29, 30, 34, 38, 39, 40, 41, 46, 48, 66, 71"},{"label":"5G bands","value":"2, 25, 41, 66, 71 Sub6/mmWave"},{"label":"Speed","value":"HSPA 42.2/5.76 Mbps, LTE (5CA) Cat18 1200/200 Mbps, 5G 7.5 Gbps DL"}]},{"category":"Launch","specs":[{"label":"Announced","value":"2020, October 14"},{"label":"Status","value":"Available. Released 2020, October 16"}]},{"category":"Body","specs":[{"label":"Dimensions","value":"160.7 x 74.1 x 8.4 mm (6.33 x 2.92 x 0.33 in)"},{"label":"Weight","value":"-"},{"label":"Build","value":"Glass front (Gorilla Glass 5), glass back (Gorilla Glass 5), aluminum frame"},{"label":"SIM","value":"Nano-SIM"}]},{"category":"Display","specs":[{"label":"Type","value":"Fluid AMOLED, 120Hz, HDR10+"},{"label":"Size","value":"6.55 inches, 103.6 cm 2 (~87.0% screen-to-body ratio)"},{"label":"Resolution","value":"1080 x 2400 pixels, 20:9 ratio (~402 ppi density)"},{"label":"Protection","value":"Corning Gorilla Glass 5"}]},{"category":"Platform","specs":[{"label":"OS","value":"Android 11, OxygenOS 11"},{"label":"Chipset","value":"Qualcomm SM8250 Snapdragon 865 5G (7 nm+)"},{"label":"CPU","value":"Octa-core (1x2.84 GHz Cortex-A77 & 3x2.42 GHz Cortex-A77 & 4x1.80 GHz Cortex-A55)"},{"label":"GPU","value":"Adreno 650"}]},{"category":"Memory","specs":[{"label":"Card slot","value":"No"},{"label":"Internal","value":"256GB 12GB RAM"}]},{"category":"Main Camera","specs":[{"label":"Quad","value":"48 MP, f/1.7, 26mm (wide), 1/2.0\\", 0.8µm, PDAF, OIS"},{"label":"Features","value":"Dual-LED flash, HDR, panorama"},{"label":"Video","value":"4K@30/60fps, 1080p@30/60/240fps, Auto HDR, gyro-EIS"}]},{"category":"Selfie camera","specs":[{"label":"Single","value":"16 MP, f/2.4, (wide), 1/3.06\\", 1.0µm"},{"label":"Video","value":"1080p@30fps, gyro-EIS"},{"label":"Features","value":"HDR"}]},{"category":"Sound","specs":[{"label":"Loudspeaker","value":"Yes, with stereo speakers"},{"label":"3.5mm jack","value":"No"}]},{"category":"Comms","specs":[{"label":"WLAN","value":"Wi-Fi 802.11 a/b/g/n/ac/6, dual-band, Wi-Fi Direct, DLNA"},{"label":"Bluetooth","value":"5.1, A2DP, LE, aptX HD"},{"label":"Positioning","value":"GPS (L1+L5), GLONASS (G1), BDS (B1), GALILEO (E1+E5a)"},{"label":"NFC","value":"Yes"},{"label":"USB","value":"USB Type-C 3.1, OTG"},{"label":"Radio","value":"No"}]},{"category":"Features","specs":[{"label":"Sensors","value":"Fingerprint (under display, optical), accelerometer, gyro, proximity, compass, barometer (market dependant)"}]},{"category":"Battery","specs":[{"label":"Type","value":"Li-Po 4500 mAh"},{"label":"Charging","value":"65W wired, 100% in 39 min"}]},{"category":"Misc","specs":[{"label":"Colors","value":"Aquamarine Green, Lunar Silver"},{"label":"Models","value":"KB2007"},{"label":"Price","value":"About 640 EUR"}]}]');
INSERT OR IGNORE INTO device_pictures (device_id, url, position) VALUES (689, 'https://fdn2.gsmarena.com/vv/bigpic/oneplus-8t.jpg', 0);
INSERT OR IGNORE INTO device_pictures (device_id, url, position) VALUES (689, 'https://fdn2.gsmarena.com/vv/pics/oneplus/oneplus-8t-1.jpg', 1);
INSERT OR IGNORE INTO device_pictures (device_id, url, position) VALUES (689, 'https://fdn2.gsmarena.com/vv/pics/oneplus/oneplus-8t-2.jpg', 2);
INSERT OR IGNORE INTO device_pictures (device_id, url, position) VALUES (689, 'https://fdn2.gsmarena.com/vv/pics/oneplus/oneplus-8t-lunar.jpg', 3);
INSERT OR IGNORE INTO devices (id, brand_id, name, gsmarena_url, thumbnail_url, summary) VALUES (690, 4, 'Nord', 'https://www.gsmarena.com/oneplus_nord-10289.php', 'https://fdn2.gsmarena.com/vv/bigpic/oneplus-nord.jpg', 'Nord');
INSERT OR IGNORE INTO device_specs (device_id, announced, status, network, os, chipset, cpu, gpu, display_size, display_type, display_res, ram, storage, main_camera, selfie_camera, battery, charging, nfc, usb, bluetooth, wlan, colors, weight, dimensions, sim, sensors, popularity, fans, rating, full_specs_json) VALUES (690, '2020, July 21', 'Available. Released 2020, August 04', 'GSM / HSPA / LTE / 5G / 5G', 'Android 10, upgradable to Android 12, OxygenOS 12', 'Qualcomm SM7250 Snapdragon 765G 5G (7 nm)', 'Octa-core (1x2.4 GHz Kryo 475 Prime & 1x2.2 GHz Kryo 475 Gold & 6x1.8 GHz Kryo 475 Silver)', 'Adreno 620', '6.44 inches, 100.6 cm 2 (~86.7% screen-to-body ratio)', 'Fluid AMOLED, 90Hz, HDR10+', '1080 x 2400 pixels, 20:9 ratio (~408 ppi density)', '6GB', '64GB', '48 MP, f/1.8, 26mm (wide), 1/2.0", 0.8µm, PDAF, OIS, Dual-LED flash, HDR, panorama', '32 MP, f/2.5, (wide), 1/2.8", 0.8µm, 4K@30/60fps, 1080p@30/60fps', 'Li-Po 4115 mAh', '30W wired, 70% in 30 min', 'Yes', 'USB Type-C 2.0, OTG', '5.1, A2DP, LE, aptX HD', 'Wi-Fi 802.11 a/b/g/n/ac, dual-band, Wi-Fi Direct', 'Blue Marble, Gray Onyx (Gray Ash)', '184 g (6.49 oz)', '158.3 x 73.3 x 8.2 mm (6.23 x 2.89 x 0.32 in)', 'Nano-SIM + Nano-SIM', 'Fingerprint (under display, optical), accelerometer, gyro, proximity, compass', '£ 118.99 / € 190.65', NULL, NULL, '[{"category":"Network","specs":[{"label":"Technology","value":"GSM / HSPA / LTE / 5G"},{"label":"2G bands","value":"GSM 850 / 900 / 1800 / 1900"},{"label":"3G bands","value":"HSDPA 800 / 850 / 900 / 1700(AWS) / 1800 / 1900 / 2100"},{"label":"4G bands","value":"1, 2, 3, 4, 5, 7, 8, 12, 17, 18, 19, 20, 26, 28, 32, 34, 38, 39, 40, 41, 66 - Europe"},{"label":"5G bands","value":"1, 3, 7, 28, 78 SA/NSA - Europe"},{"label":"Speed","value":"HSPA 42.2/5.76 Mbps, LTE Cat18 1200/150 Mbps, 5G"}]},{"category":"Launch","specs":[{"label":"Announced","value":"2020, July 21"},{"label":"Status","value":"Available. Released 2020, August 04"}]},{"category":"Body","specs":[{"label":"Dimensions","value":"158.3 x 73.3 x 8.2 mm (6.23 x 2.89 x 0.32 in)"},{"label":"Weight","value":"184 g (6.49 oz)"},{"label":"Build","value":"Glass front (Gorilla Glass 5), glass back (Gorilla Glass 5), plastic frame"},{"label":"SIM","value":"Nano-SIM + Nano-SIM"}]},{"category":"Display","specs":[{"label":"Type","value":"Fluid AMOLED, 90Hz, HDR10+"},{"label":"Size","value":"6.44 inches, 100.6 cm 2 (~86.7% screen-to-body ratio)"},{"label":"Resolution","value":"1080 x 2400 pixels, 20:9 ratio (~408 ppi density)"},{"label":"Protection","value":"Corning Gorilla Glass 5"}]},{"category":"Platform","specs":[{"label":"OS","value":"Android 10, upgradable to Android 12, OxygenOS 12"},{"label":"Chipset","value":"Qualcomm SM7250 Snapdragon 765G 5G (7 nm)"},{"label":"CPU","value":"Octa-core (1x2.4 GHz Kryo 475 Prime & 1x2.2 GHz Kryo 475 Gold & 6x1.8 GHz Kryo 475 Silver)"},{"label":"GPU","value":"Adreno 620"}]},{"category":"Memory","specs":[{"label":"Card slot","value":"No"},{"label":"Internal","value":"64GB 6GB RAM, 128GB 8GB RAM, 256GB 12GB RAM"}]},{"category":"Main Camera","specs":[{"label":"Quad","value":"48 MP, f/1.8, 26mm (wide), 1/2.0\\", 0.8µm, PDAF, OIS"},{"label":"Features","value":"Dual-LED flash, HDR, panorama"},{"label":"Video","value":"4K@30fps, 1080p@30/60/240fps, gyro-EIS"}]},{"category":"Selfie camera","specs":[{"label":"Dual","value":"32 MP, f/2.5, (wide), 1/2.8\\", 0.8µm"},{"label":"Video","value":"4K@30/60fps, 1080p@30/60fps"},{"label":"Features","value":"HDR"}]},{"category":"Sound","specs":[{"label":"Loudspeaker","value":"Yes"},{"label":"3.5mm jack","value":"No"}]},{"category":"Comms","specs":[{"label":"WLAN","value":"Wi-Fi 802.11 a/b/g/n/ac, dual-band, Wi-Fi Direct"},{"label":"Bluetooth","value":"5.1, A2DP, LE, aptX HD"},{"label":"Positioning","value":"GPS (L1+L5), GLONASS (G1), BDS (B1), GALILEO (E1+E5a), NavIC"},{"label":"NFC","value":"Yes"},{"label":"USB","value":"USB Type-C 2.0, OTG"},{"label":"Radio","value":"No"}]},{"category":"Features","specs":[{"label":"Sensors","value":"Fingerprint (under display, optical), accelerometer, gyro, proximity, compass"}]},{"category":"Battery","specs":[{"label":"Type","value":"Li-Po 4115 mAh"},{"label":"Charging","value":"30W wired, 70% in 30 min"}]},{"category":"Misc","specs":[{"label":"Colors","value":"Blue Marble, Gray Onyx (Gray Ash)"},{"label":"Models","value":"AC2001, AC2003"},{"label":"Price","value":"£ 118.99 / € 190.65"}]}]');
INSERT OR IGNORE INTO device_pictures (device_id, url, position) VALUES (690, 'https://fdn2.gsmarena.com/vv/bigpic/oneplus-nord.jpg', 0);
INSERT OR IGNORE INTO device_pictures (device_id, url, position) VALUES (690, 'https://fdn2.gsmarena.com/vv/pics/oneplus/oneplus-nord-1.jpg', 1);
INSERT OR IGNORE INTO device_pictures (device_id, url, position) VALUES (690, 'https://fdn2.gsmarena.com/vv/pics/oneplus/oneplus-nord-2.jpg', 2);
INSERT OR IGNORE INTO device_pictures (device_id, url, position) VALUES (690, 'https://fdn2.gsmarena.com/vv/pics/oneplus/oneplus-nord-3.jpg', 3);
INSERT OR IGNORE INTO device_pictures (device_id, url, position) VALUES (690, 'https://fdn.gsmarena.com/imgroot/reviews/20/oneplus-nord/review/lifestyle/-1024w2/gsmarena_001.jpg', 4);
INSERT OR IGNORE INTO device_pictures (device_id, url, position) VALUES (690, 'https://fdn.gsmarena.com/imgroot/reviews/20/oneplus-nord/review/lifestyle/-1024w2/gsmarena_002.jpg', 5);
INSERT OR IGNORE INTO device_pictures (device_id, url, position) VALUES (690, 'https://fdn.gsmarena.com/imgroot/reviews/20/oneplus-nord/review/lifestyle/-1024w2/gsmarena_003.jpg', 6);
INSERT OR IGNORE INTO device_pictures (device_id, url, position) VALUES (690, 'https://fdn.gsmarena.com/imgroot/reviews/20/oneplus-nord/review/lifestyle/-1024w2/gsmarena_004.jpg', 7);
INSERT OR IGNORE INTO device_pictures (device_id, url, position) VALUES (690, 'https://fdn.gsmarena.com/imgroot/reviews/20/oneplus-nord/review/lifestyle/-1024w2/gsmarena_005.jpg', 8);
INSERT OR IGNORE INTO device_pictures (device_id, url, position) VALUES (690, 'https://fdn.gsmarena.com/imgroot/reviews/20/oneplus-nord/review/lifestyle/-1024w2/gsmarena_006.jpg', 9);
INSERT OR IGNORE INTO devices (id, brand_id, name, gsmarena_url, thumbnail_url, summary) VALUES (691, 4, '8 Pro', 'https://www.gsmarena.com/oneplus_8_pro-9919.php', 'https://fdn2.gsmarena.com/vv/bigpic/oneplus-8-pro.jpg', '8 Pro');
INSERT OR IGNORE INTO device_specs (device_id, announced, status, network, os, chipset, cpu, gpu, display_size, display_type, display_res, ram, storage, main_camera, selfie_camera, battery, charging, nfc, usb, bluetooth, wlan, colors, weight, dimensions, sim, sensors, popularity, fans, rating, full_specs_json) VALUES (691, '2020, April 14', 'Available. Released 2020, April 21', 'GSM / CDMA / HSPA / LTE / 5G / 5G', 'Android 10, upgradable to Android 13, OxygenOS 13', 'Qualcomm SM8250 Snapdragon 865 5G (7 nm+)', 'Octa-core (1x2.84 GHz Cortex-A77 & 3x2.42 GHz Cortex-A77 & 4x1.80 GHz Cortex-A55)', 'Adreno 650', '6.78 inches, 111.7 cm 2 (~90.8% screen-to-body ratio)', 'Fluid AMOLED, 1B colors, 120Hz, HDR10+', '1440 x 3168 pixels (~513 ppi density)', '8GB', '128GB', '48 MP, f/1.8, 25mm (wide), 1/1.43", 1.12µm, multi-directional PDAF, OIS, Laser AF, Dual-LED flash, HDR, panorama', '16 MP, f/2.5, (wide), 1/3.06", 1.0µm, 1080p@30fps, gyro-EIS', 'Li-Po 4510 mAh, non-removable', '30W wired, 50% in 23 min', 'Yes', 'USB Type-C 3.1, OTG', '5.1, A2DP, LE, aptX HD', 'Wi-Fi 802.11 a/b/g/n/ac/6, dual-band, Wi-Fi Direct, DLNA', 'Glacial Green, Ultramarine Blue, Onyx Black', '199 g (7.02 oz)', '165.3 x 74.4 x 8.5 mm (6.51 x 2.93 x 0.33 in)', 'Nano-SIM + Nano-SIM', 'Fingerprint (under display, optical), accelerometer, gyro, proximity, compass', 'About 310 EUR', NULL, NULL, '[{"category":"Network","specs":[{"label":"Technology","value":"GSM / CDMA / HSPA / LTE / 5G"},{"label":"2G bands","value":"GSM 850 / 900 / 1800 / 1900"},{"label":"3G bands","value":"HSDPA 800 / 850 / 900 / 1700(AWS) / 1800 / 1900 / 2100"},{"label":"4G bands","value":"1, 2, 3, 4, 5, 7, 8, 12, 13, 17, 18, 19, 20, 25, 26, 28, 32, 34, 38, 39, 40, 41, 42, 46, 66 - EU"},{"label":"5G bands","value":"1, 3, 7, 28, 78 SA/NSA - EU"},{"label":"Speed","value":"HSPA 42.2/5.76 Mbps, LTE (5CA) Cat18 1200/150 Mbps, 5G 7.5 Gbps DL"}]},{"category":"Launch","specs":[{"label":"Announced","value":"2020, April 14"},{"label":"Status","value":"Available. Released 2020, April 21"}]},{"category":"Body","specs":[{"label":"Dimensions","value":"165.3 x 74.4 x 8.5 mm (6.51 x 2.93 x 0.33 in)"},{"label":"Weight","value":"199 g (7.02 oz)"},{"label":"Build","value":"Glass front (Gorilla Glass 5), glass back (Gorilla Glass 5), aluminum frame"},{"label":"SIM","value":"Nano-SIM + Nano-SIM"}]},{"category":"Display","specs":[{"label":"Type","value":"Fluid AMOLED, 1B colors, 120Hz, HDR10+"},{"label":"Size","value":"6.78 inches, 111.7 cm 2 (~90.8% screen-to-body ratio)"},{"label":"Resolution","value":"1440 x 3168 pixels (~513 ppi density)"},{"label":"Protection","value":"Corning Gorilla Glass 5"}]},{"category":"Platform","specs":[{"label":"OS","value":"Android 10, upgradable to Android 13, OxygenOS 13"},{"label":"Chipset","value":"Qualcomm SM8250 Snapdragon 865 5G (7 nm+)"},{"label":"CPU","value":"Octa-core (1x2.84 GHz Cortex-A77 & 3x2.42 GHz Cortex-A77 & 4x1.80 GHz Cortex-A55)"},{"label":"GPU","value":"Adreno 650"}]},{"category":"Memory","specs":[{"label":"Card slot","value":"No"},{"label":"Internal","value":"128GB 8GB RAM, 256GB 12GB RAM"}]},{"category":"Main Camera","specs":[{"label":"Quad","value":"48 MP, f/1.8, 25mm (wide), 1/1.43\\", 1.12µm, multi-directional PDAF, OIS"},{"label":"Features","value":"Laser AF, Dual-LED flash, HDR, panorama"},{"label":"Video","value":"4K@30/60fps, 1080p@30/60/240fps, Auto HDR, gyro-EIS"}]},{"category":"Selfie camera","specs":[{"label":"Single","value":"16 MP, f/2.5, (wide), 1/3.06\\", 1.0µm"},{"label":"Video","value":"1080p@30fps, gyro-EIS"},{"label":"Features","value":"HDR"}]},{"category":"Sound","specs":[{"label":"Loudspeaker","value":"Yes, with stereo speakers"},{"label":"3.5mm jack","value":"No"}]},{"category":"Comms","specs":[{"label":"WLAN","value":"Wi-Fi 802.11 a/b/g/n/ac/6, dual-band, Wi-Fi Direct, DLNA"},{"label":"Bluetooth","value":"5.1, A2DP, LE, aptX HD"},{"label":"Positioning","value":"GPS (L1+L5), GLONASS (G1), BDS (B1), GALILEO (E1+E5a)"},{"label":"NFC","value":"Yes"},{"label":"USB","value":"USB Type-C 3.1, OTG"},{"label":"Radio","value":"No"}]},{"category":"Features","specs":[{"label":"Sensors","value":"Fingerprint (under display, optical), accelerometer, gyro, proximity, compass"}]},{"category":"Battery","specs":[{"label":"Type","value":"Li-Po 4510 mAh, non-removable"},{"label":"Charging","value":"30W wired, 50% in 23 min"}]},{"category":"Misc","specs":[{"label":"Colors","value":"Glacial Green, Ultramarine Blue, Onyx Black"},{"label":"Models","value":"IN2023, IN2020, IN2021, IN2025"},{"label":"Price","value":"About 310 EUR"}]}]');
INSERT OR IGNORE INTO device_pictures (device_id, url, position) VALUES (691, 'https://fdn2.gsmarena.com/vv/bigpic/oneplus-8-pro.jpg', 0);
INSERT OR IGNORE INTO device_pictures (device_id, url, position) VALUES (691, 'https://fdn2.gsmarena.com/vv/pics/oneplus/oneplus-8-pro-1.jpg', 1);
INSERT OR IGNORE INTO device_pictures (device_id, url, position) VALUES (691, 'https://fdn2.gsmarena.com/vv/pics/oneplus/oneplus-8-pro-2.jpg', 2);
INSERT OR IGNORE INTO device_pictures (device_id, url, position) VALUES (691, 'https://fdn.gsmarena.com/imgroot/reviews/20/oneplus-8-pro/lifestyle/-1024w2/gsmarena_001.jpg', 3);
INSERT OR IGNORE INTO device_pictures (device_id, url, position) VALUES (691, 'https://fdn.gsmarena.com/imgroot/reviews/20/oneplus-8-pro/lifestyle/-1024w2/gsmarena_002.jpg', 4);
INSERT OR IGNORE INTO device_pictures (device_id, url, position) VALUES (691, 'https://fdn.gsmarena.com/imgroot/reviews/20/oneplus-8-pro/lifestyle/-1024w2/gsmarena_003.jpg', 5);
INSERT OR IGNORE INTO device_pictures (device_id, url, position) VALUES (691, 'https://fdn.gsmarena.com/imgroot/reviews/20/oneplus-8-pro/lifestyle/-1024w2/gsmarena_004.jpg', 6);
INSERT OR IGNORE INTO device_pictures (device_id, url, position) VALUES (691, 'https://fdn.gsmarena.com/imgroot/reviews/20/oneplus-8-pro/lifestyle/-1024w2/gsmarena_005.jpg', 7);
INSERT OR IGNORE INTO device_pictures (device_id, url, position) VALUES (691, 'https://fdn.gsmarena.com/imgroot/reviews/20/oneplus-8-pro/lifestyle/-1024w2/gsmarena_006.jpg', 8);
INSERT OR IGNORE INTO device_pictures (device_id, url, position) VALUES (691, 'https://fdn.gsmarena.com/imgroot/reviews/20/oneplus-8-pro/lifestyle/-1024w2/gsmarena_007.jpg', 9);
INSERT OR IGNORE INTO devices (id, brand_id, name, gsmarena_url, thumbnail_url, summary) VALUES (692, 4, '8', 'https://www.gsmarena.com/oneplus_8-10161.php', 'https://fdn2.gsmarena.com/vv/bigpic/oneplus-8.jpg', '8');
INSERT OR IGNORE INTO device_specs (device_id, announced, status, network, os, chipset, cpu, gpu, display_size, display_type, display_res, ram, storage, main_camera, selfie_camera, battery, charging, nfc, usb, bluetooth, wlan, colors, weight, dimensions, sim, sensors, popularity, fans, rating, full_specs_json) VALUES (692, '2020, April 14', 'Available. Released 2020, April 21', 'GSM / CDMA / HSPA / LTE / 5G / 5G', 'Android 10, upgradable to Android 13, OxygenOS 13', 'Qualcomm SM8250 Snapdragon 865 5G (7 nm+)', 'Octa-core (1x2.84 GHz Cortex-A77 & 3x2.42 GHz Cortex-A77 & 4x1.80 GHz Cortex-A55)', 'Adreno 650', '6.55 inches, 103.6 cm 2 (~88.7% screen-to-body ratio)', 'Fluid AMOLED, 90Hz, HDR10+', '1080 x 2400 pixels, 20:9 ratio (~402 ppi density)', '6GB', '128GB', '48 MP, f/1.8, 26mm (wide), 1/2.0", 0.8µm, PDAF, OIS, Dual-LED flash, HDR, panorama', '16 MP, f/2.4, (wide), 1/3.06", 1.0µm, 1080p@30fps, gyro-EIS', 'Li-Po 4300 mAh', '30W wired, 50% in 22 min', 'Yes', 'USB Type-C 3.1, OTG', '5.1, A2DP, LE, aptX HD', 'Wi-Fi 802.11 a/b/g/n/ac/6, dual-band, Wi-Fi Direct, DLNA', 'Onyx Black, Glacial Green, Interstellar Glow, Polar Silver', '180 g (6.35 oz)', '160.2 x 72.9 x 8 mm (6.31 x 2.87 x 0.31 in)', 'Nano-SIM + Nano-SIM', 'Fingerprint (under display, optical), accelerometer, gyro, proximity, compass', 'About 840 EUR', NULL, NULL, '[{"category":"Network","specs":[{"label":"Technology","value":"GSM / CDMA / HSPA / LTE / 5G"},{"label":"2G bands","value":"GSM 850 / 900 / 1800 / 1900"},{"label":"3G bands","value":"HSDPA 800 / 850 / 900 / 1700(AWS) / 1800 / 1900 / 2100"},{"label":"4G bands","value":"1, 2, 3, 4, 5, 7, 8, 12, 13, 17, 18, 19, 20, 25, 26, 28, 32, 34, 38, 39, 40, 41, 42, 46, 66 - EU"},{"label":"5G bands","value":"1, 3, 7, 28, 78 SA/NSA - EU"},{"label":"Speed","value":"HSPA 42.2/5.76 Mbps, LTE (5CA) Cat18 1200/150 Mbps, 5G 7.5 Gbps DL"}]},{"category":"Launch","specs":[{"label":"Announced","value":"2020, April 14"},{"label":"Status","value":"Available. Released 2020, April 21"}]},{"category":"Body","specs":[{"label":"Dimensions","value":"160.2 x 72.9 x 8 mm (6.31 x 2.87 x 0.31 in)"},{"label":"Weight","value":"180 g (6.35 oz)"},{"label":"Build","value":"Glass front (Gorilla Glass 5), glass back (Gorilla Glass 5), aluminum frame"},{"label":"SIM","value":"Nano-SIM + Nano-SIM"}]},{"category":"Display","specs":[{"label":"Type","value":"Fluid AMOLED, 90Hz, HDR10+"},{"label":"Size","value":"6.55 inches, 103.6 cm 2 (~88.7% screen-to-body ratio)"},{"label":"Resolution","value":"1080 x 2400 pixels, 20:9 ratio (~402 ppi density)"},{"label":"Protection","value":"Corning Gorilla Glass 5"}]},{"category":"Platform","specs":[{"label":"OS","value":"Android 10, upgradable to Android 13, OxygenOS 13"},{"label":"Chipset","value":"Qualcomm SM8250 Snapdragon 865 5G (7 nm+)"},{"label":"CPU","value":"Octa-core (1x2.84 GHz Cortex-A77 & 3x2.42 GHz Cortex-A77 & 4x1.80 GHz Cortex-A55)"},{"label":"GPU","value":"Adreno 650"}]},{"category":"Memory","specs":[{"label":"Card slot","value":"No"},{"label":"Internal","value":"128GB 6GB RAM, 128GB 8GB RAM, 256GB 12GB RAM"}]},{"category":"Main Camera","specs":[{"label":"Triple","value":"48 MP, f/1.8, 26mm (wide), 1/2.0\\", 0.8µm, PDAF, OIS"},{"label":"Features","value":"Dual-LED flash, HDR, panorama"},{"label":"Video","value":"4K@30/60fps, 1080p@30/60/240fps, Auto HDR, gyro-EIS"}]},{"category":"Selfie camera","specs":[{"label":"Single","value":"16 MP, f/2.4, (wide), 1/3.06\\", 1.0µm"},{"label":"Video","value":"1080p@30fps, gyro-EIS"},{"label":"Features","value":"HDR"}]},{"category":"Sound","specs":[{"label":"Loudspeaker","value":"Yes, with stereo speakers"},{"label":"3.5mm jack","value":"No"}]},{"category":"Comms","specs":[{"label":"WLAN","value":"Wi-Fi 802.11 a/b/g/n/ac/6, dual-band, Wi-Fi Direct, DLNA"},{"label":"Bluetooth","value":"5.1, A2DP, LE, aptX HD"},{"label":"Positioning","value":"GPS (L1+L5), GLONASS (G1), BDS (B1), GALILEO (E1+E5a)"},{"label":"NFC","value":"Yes"},{"label":"USB","value":"USB Type-C 3.1, OTG"},{"label":"Radio","value":"No"}]},{"category":"Features","specs":[{"label":"Sensors","value":"Fingerprint (under display, optical), accelerometer, gyro, proximity, compass"}]},{"category":"Battery","specs":[{"label":"Type","value":"Li-Po 4300 mAh"},{"label":"Charging","value":"30W wired, 50% in 22 min"}]},{"category":"Misc","specs":[{"label":"Colors","value":"Onyx Black, Glacial Green, Interstellar Glow, Polar Silver"},{"label":"Models","value":"IN2013, IN2017, IN2010, IN2019, IN2011"},{"label":"Price","value":"About 840 EUR"}]}]');
INSERT OR IGNORE INTO device_pictures (device_id, url, position) VALUES (692, 'https://fdn2.gsmarena.com/vv/bigpic/oneplus-8.jpg', 0);
INSERT OR IGNORE INTO device_pictures (device_id, url, position) VALUES (692, 'https://fdn2.gsmarena.com/vv/pics/oneplus/oneplus-8-1.jpg', 1);
INSERT OR IGNORE INTO device_pictures (device_id, url, position) VALUES (692, 'https://fdn2.gsmarena.com/vv/pics/oneplus/oneplus-8-2.jpg', 2);
INSERT OR IGNORE INTO device_pictures (device_id, url, position) VALUES (692, 'https://fdn2.gsmarena.com/vv/pics/oneplus/oneplus-8-polar-silver.jpg', 3);
INSERT OR IGNORE INTO device_pictures (device_id, url, position) VALUES (692, 'https://fdn.gsmarena.com/imgroot/reviews/20/oneplus-8/lifestyle/-1024w2/gsmarena_001.jpg', 4);
INSERT OR IGNORE INTO device_pictures (device_id, url, position) VALUES (692, 'https://fdn.gsmarena.com/imgroot/reviews/20/oneplus-8/lifestyle/-1024w2/gsmarena_002.jpg', 5);
INSERT OR IGNORE INTO device_pictures (device_id, url, position) VALUES (692, 'https://fdn.gsmarena.com/imgroot/reviews/20/oneplus-8/lifestyle/-1024w2/gsmarena_003.jpg', 6);
INSERT OR IGNORE INTO device_pictures (device_id, url, position) VALUES (692, 'https://fdn.gsmarena.com/imgroot/reviews/20/oneplus-8/lifestyle/-1024w2/gsmarena_004.jpg', 7);
INSERT OR IGNORE INTO device_pictures (device_id, url, position) VALUES (692, 'https://fdn.gsmarena.com/imgroot/reviews/20/oneplus-8/lifestyle/-1024w2/gsmarena_005.jpg', 8);
INSERT OR IGNORE INTO device_pictures (device_id, url, position) VALUES (692, 'https://fdn.gsmarena.com/imgroot/reviews/20/oneplus-8/lifestyle/-1024w2/gsmarena_006.jpg', 9);
INSERT OR IGNORE INTO devices (id, brand_id, name, gsmarena_url, thumbnail_url, summary) VALUES (693, 4, '8 5G UW (Verizon)', 'https://www.gsmarena.com/oneplus_8_5g_uw_(verizon)-10226.php', 'https://fdn2.gsmarena.com/vv/bigpic/oneplus-8-5g-uw.jpg', '8 5G UW (Verizon)');
INSERT OR IGNORE INTO device_specs (device_id, announced, status, network, os, chipset, cpu, gpu, display_size, display_type, display_res, ram, storage, main_camera, selfie_camera, battery, charging, nfc, usb, bluetooth, wlan, colors, weight, dimensions, sim, sensors, popularity, fans, rating, full_specs_json) VALUES (693, '2020, April 14', 'Available. Released 2020, April 29', 'GSM / HSPA / LTE / 5G / 5G', 'Android 10, OxygenOS 10.0', 'Qualcomm SM8250 Snapdragon 865 5G (7 nm+)', 'Octa-core (1x2.84 GHz Cortex-A77 & 3x2.42 GHz Cortex-A77 & 4x1.80 GHz Cortex-A55)', 'Adreno 650', '6.55 inches, 103.6 cm 2 (~88.7% screen-to-body ratio)', 'Fluid AMOLED, 90Hz, HDR10+', '1080 x 2400 pixels, 20:9 ratio (~402 ppi density)', '8GB', '128GB', '48 MP, f/1.8, 25mm (wide), 1/2.0", 0.8µm, PDAF, OIS, Dual-LED flash, HDR, panorama', '16 MP, f/2.0, (wide), 1/3.06", 1.0µm, 1080p@30fps, gyro-EIS', 'Li-Po 4300 mAh', '30W wired, 50% in 22 min', 'Yes', 'USB Type-C 3.1, OTG', '5.1, A2DP, LE, aptX HD', 'Wi-Fi 802.11 a/b/g/n/ac/6, dual-band, Wi-Fi Direct, DLNA', 'Onyx Black, Polar Silver', '180 g (6.35 oz)', '160.2 x 72.9 x 8 mm (6.31 x 2.87 x 0.31 in)', 'Nano-SIM (pre-installed)', 'Fingerprint (under display, optical), accelerometer, gyro, proximity, compass', 'About 740 EUR', NULL, NULL, '[{"category":"Network","specs":[{"label":"Technology","value":"GSM / HSPA / LTE / 5G"},{"label":"2G bands","value":"GSM 850 / 900 / 1800 / 1900"},{"label":"3G bands","value":"HSDPA 800 / 850 / 900 / 1700(AWS) / 1800 / 1900 / 2100"},{"label":"4G bands","value":"1, 2, 3, 4, 5, 7, 8, 12, 13, 17, 18, 19, 20, 25, 26, 28, 30, 38, 39, 40, 41, 46, 48, 66, 71"},{"label":"5G bands","value":"2, 5, 66, 260, 261 mmWave"},{"label":"Speed","value":"HSPA 42.2/5.76 Mbps, LTE (5CA) Cat18 1200/150 Mbps, 5G 7.5 Gbps DL"}]},{"category":"Launch","specs":[{"label":"Announced","value":"2020, April 14"},{"label":"Status","value":"Available. Released 2020, April 29"}]},{"category":"Body","specs":[{"label":"Dimensions","value":"160.2 x 72.9 x 8 mm (6.31 x 2.87 x 0.31 in)"},{"label":"Weight","value":"180 g (6.35 oz)"},{"label":"Build","value":"Glass front, glass back (Gorilla Glass 5), aluminum frame"},{"label":"SIM","value":"Nano-SIM (pre-installed)"}]},{"category":"Display","specs":[{"label":"Type","value":"Fluid AMOLED, 90Hz, HDR10+"},{"label":"Size","value":"6.55 inches, 103.6 cm 2 (~88.7% screen-to-body ratio)"},{"label":"Resolution","value":"1080 x 2400 pixels, 20:9 ratio (~402 ppi density)"}]},{"category":"Platform","specs":[{"label":"OS","value":"Android 10, OxygenOS 10.0"},{"label":"Chipset","value":"Qualcomm SM8250 Snapdragon 865 5G (7 nm+)"},{"label":"CPU","value":"Octa-core (1x2.84 GHz Cortex-A77 & 3x2.42 GHz Cortex-A77 & 4x1.80 GHz Cortex-A55)"},{"label":"GPU","value":"Adreno 650"}]},{"category":"Memory","specs":[{"label":"Card slot","value":"No"},{"label":"Internal","value":"128GB 8GB RAM"}]},{"category":"Main Camera","specs":[{"label":"Triple","value":"48 MP, f/1.8, 25mm (wide), 1/2.0\\", 0.8µm, PDAF, OIS"},{"label":"Features","value":"Dual-LED flash, HDR, panorama"},{"label":"Video","value":"4K@30/60fps, 1080p@30/60/240fps, Auto HDR, gyro-EIS"}]},{"category":"Selfie camera","specs":[{"label":"Single","value":"16 MP, f/2.0, (wide), 1/3.06\\", 1.0µm"},{"label":"Video","value":"1080p@30fps, gyro-EIS"},{"label":"Features","value":"HDR"}]},{"category":"Sound","specs":[{"label":"Loudspeaker","value":"Yes, with stereo speakers"},{"label":"3.5mm jack","value":"No"}]},{"category":"Comms","specs":[{"label":"WLAN","value":"Wi-Fi 802.11 a/b/g/n/ac/6, dual-band, Wi-Fi Direct, DLNA"},{"label":"Bluetooth","value":"5.1, A2DP, LE, aptX HD"},{"label":"Positioning","value":"GPS (L1+L5), GLONASS (G1), BDS (B1), GALILEO (E1+E5a)"},{"label":"NFC","value":"Yes"},{"label":"USB","value":"USB Type-C 3.1, OTG"},{"label":"Radio","value":"No"}]},{"category":"Features","specs":[{"label":"Sensors","value":"Fingerprint (under display, optical), accelerometer, gyro, proximity, compass"}]},{"category":"Battery","specs":[{"label":"Type","value":"Li-Po 4300 mAh"},{"label":"Charging","value":"30W wired, 50% in 22 min"}]},{"category":"Misc","specs":[{"label":"Colors","value":"Onyx Black, Polar Silver"},{"label":"SAR","value":"1.10 W/kg (head)     1.10 W/kg (body)"},{"label":"Price","value":"About 740 EUR"}]}]');
INSERT OR IGNORE INTO device_pictures (device_id, url, position) VALUES (693, 'https://fdn2.gsmarena.com/vv/bigpic/oneplus-8-5g-uw.jpg', 0);
INSERT OR IGNORE INTO device_pictures (device_id, url, position) VALUES (693, 'https://fdn2.gsmarena.com/vv/pics/oneplus/oneplus-8-5g-uw-11.jpg', 1);
INSERT OR IGNORE INTO devices (id, brand_id, name, gsmarena_url, thumbnail_url, summary) VALUES (694, 4, '8 5G (T-Mobile)', 'https://www.gsmarena.com/oneplus_8_5g_(t_mobile)-10229.php', 'https://fdn2.gsmarena.com/vv/bigpic/oneplus-8-5g-t-mobile.jpg', '8 5G (T-Mobile)');
INSERT OR IGNORE INTO device_specs (device_id, announced, status, network, os, chipset, cpu, gpu, display_size, display_type, display_res, ram, storage, main_camera, selfie_camera, battery, charging, nfc, usb, bluetooth, wlan, colors, weight, dimensions, sim, sensors, popularity, fans, rating, full_specs_json) VALUES (694, '2020, April 14', 'Available. Released 2020, April 29', 'GSM / CDMA / HSPA / EVDO / LTE / 5G / 5G', 'Android 10, OxygenOS 10.0', 'Qualcomm SM8250 Snapdragon 865 5G (7 nm+)', 'Octa-core (1x2.84 GHz Cortex-A77 & 3x2.42 GHz Cortex-A77 & 4x1.80 GHz Cortex-A55)', 'Adreno 650', '6.55 inches, 103.6 cm 2 (~88.7% screen-to-body ratio)', 'Fluid AMOLED, 90Hz, HDR10+', '1080 x 2400 pixels, 20:9 ratio (~402 ppi density)', '8GB', '128GB', '48 MP, f/1.8, 25mm (wide), 1/2.0", 0.8µm, PDAF, OIS, Dual-LED flash, HDR, panorama', '16 MP, f/2.0, (wide), 1/3.06", 1.0µm, 1080p@30fps, gyro-EIS', 'Li-Po 4300 mAh', '30W wired, 50% in 22 min', 'Yes', 'USB Type-C 3.1, OTG', '5.1, A2DP, LE, aptX HD', 'Wi-Fi 802.11 a/b/g/n/ac/6, dual-band, Wi-Fi Direct, DLNA', 'Onyx Black, Interstellar Glow', '180 g (6.35 oz)', '160.2 x 72.9 x 8 mm (6.31 x 2.87 x 0.31 in)', 'Nano-SIM', 'Fingerprint (under display, optical), accelerometer, gyro, proximity, compass', 'About 650 EUR', NULL, NULL, '[{"category":"Network","specs":[{"label":"Technology","value":"GSM / CDMA / HSPA / EVDO / LTE / 5G"},{"label":"2G bands","value":"GSM 850 / 900 / 1800 / 1900"},{"label":"3G bands","value":"HSDPA 800 / 850 / 900 / 1700(AWS) / 1800 / 1900 / 2100"},{"label":"4G bands","value":"1, 2, 3, 4, 5, 7, 8, 12, 13, 17, 18, 19, 20, 25, 26, 28, 29, 30, 34, 38, 39, 41, 46, 48, 66, 71"},{"label":"5G bands","value":"2, 5, 41, 66, 71 SA/NSA"},{"label":"Speed","value":"HSPA 42.2/5.76 Mbps, LTE (5CA) Cat18 1200/150 Mbps, 5G 7.5 Gbps DL"}]},{"category":"Launch","specs":[{"label":"Announced","value":"2020, April 14"},{"label":"Status","value":"Available. Released 2020, April 29"}]},{"category":"Body","specs":[{"label":"Dimensions","value":"160.2 x 72.9 x 8 mm (6.31 x 2.87 x 0.31 in)"},{"label":"Weight","value":"180 g (6.35 oz)"},{"label":"Build","value":"Glass front, glass back (Gorilla Glass 5), aluminum frame"},{"label":"SIM","value":"Nano-SIM"}]},{"category":"Display","specs":[{"label":"Type","value":"Fluid AMOLED, 90Hz, HDR10+"},{"label":"Size","value":"6.55 inches, 103.6 cm 2 (~88.7% screen-to-body ratio)"},{"label":"Resolution","value":"1080 x 2400 pixels, 20:9 ratio (~402 ppi density)"}]},{"category":"Platform","specs":[{"label":"OS","value":"Android 10, OxygenOS 10.0"},{"label":"Chipset","value":"Qualcomm SM8250 Snapdragon 865 5G (7 nm+)"},{"label":"CPU","value":"Octa-core (1x2.84 GHz Cortex-A77 & 3x2.42 GHz Cortex-A77 & 4x1.80 GHz Cortex-A55)"},{"label":"GPU","value":"Adreno 650"}]},{"category":"Memory","specs":[{"label":"Card slot","value":"No"},{"label":"Internal","value":"128GB 8GB RAM"}]},{"category":"Main Camera","specs":[{"label":"Triple","value":"48 MP, f/1.8, 25mm (wide), 1/2.0\\", 0.8µm, PDAF, OIS"},{"label":"Features","value":"Dual-LED flash, HDR, panorama"},{"label":"Video","value":"4K@30/60fps, 1080p@30/60/240fps, Auto HDR, gyro-EIS"}]},{"category":"Selfie camera","specs":[{"label":"Single","value":"16 MP, f/2.0, (wide), 1/3.06\\", 1.0µm"},{"label":"Video","value":"1080p@30fps, gyro-EIS"},{"label":"Features","value":"HDR"}]},{"category":"Sound","specs":[{"label":"Loudspeaker","value":"Yes, with stereo speakers"},{"label":"3.5mm jack","value":"No"}]},{"category":"Comms","specs":[{"label":"WLAN","value":"Wi-Fi 802.11 a/b/g/n/ac/6, dual-band, Wi-Fi Direct, DLNA"},{"label":"Bluetooth","value":"5.1, A2DP, LE, aptX HD"},{"label":"Positioning","value":"GPS (L1+L5), GLONASS (G1), BDS (B1), GALILEO (E1+E5a)"},{"label":"NFC","value":"Yes"},{"label":"USB","value":"USB Type-C 3.1, OTG"},{"label":"Radio","value":"No"}]},{"category":"Features","specs":[{"label":"Sensors","value":"Fingerprint (under display, optical), accelerometer, gyro, proximity, compass"}]},{"category":"Battery","specs":[{"label":"Type","value":"Li-Po 4300 mAh"},{"label":"Charging","value":"30W wired, 50% in 22 min"}]},{"category":"Misc","specs":[{"label":"Colors","value":"Onyx Black, Interstellar Glow"},{"label":"SAR","value":"1.10 W/kg (head)     1.10 W/kg (body)"},{"label":"Price","value":"About 650 EUR"}]}]');
INSERT OR IGNORE INTO device_pictures (device_id, url, position) VALUES (694, 'https://fdn2.gsmarena.com/vv/bigpic/oneplus-8-5g-t-mobile.jpg', 0);
INSERT OR IGNORE INTO device_pictures (device_id, url, position) VALUES (694, 'https://fdn2.gsmarena.com/vv/pics/oneplus/oneplus-8-5g-t-mobile-1.jpg', 1);
INSERT OR IGNORE INTO device_pictures (device_id, url, position) VALUES (694, 'https://fdn2.gsmarena.com/vv/pics/oneplus/oneplus-8-5g-t-mobile-2.jpg', 2);
INSERT OR IGNORE INTO devices (id, brand_id, name, gsmarena_url, thumbnail_url, summary) VALUES (695, 4, '7T Pro 5G McLaren', 'https://www.gsmarena.com/oneplus_7t_pro_5g_mclaren-9928.php', 'https://fdn2.gsmarena.com/vv/bigpic/oneplus-7t-pro-5g-mclaren-edition-.jpg', '7T Pro 5G McLaren');
INSERT OR IGNORE INTO device_specs (device_id, announced, status, network, os, chipset, cpu, gpu, display_size, display_type, display_res, ram, storage, main_camera, selfie_camera, battery, charging, nfc, usb, bluetooth, wlan, colors, weight, dimensions, sim, sensors, popularity, fans, rating, full_specs_json) VALUES (695, '2019, October 23. Released 2019, November 05', 'Discontinued', 'GSM / CDMA / HSPA / LTE / 5G / 5G', 'Android 10, OxygenOS 10.0', 'Qualcomm SM8150 Snapdragon 855+ (7 nm)', 'Octa-core (1x2.96 GHz Kryo 485 & 3x2.42 GHz Kryo 485 & 4x1.78 GHz Kryo 485)', 'Adreno 640 (700 MHz)', '6.67 inches, 108.8 cm 2 (~88.1% screen-to-body ratio)', 'Fluid AMOLED, 90Hz, HDR10+', '1440 x 3120 pixels, 19.5:9 ratio (~516 ppi density)', '12GB', '256GB', '48 MP, f/1.6, (wide), 1/2.0", 0.8µm, PDAF, OIS, Laser AF, Dual-LED flash, HDR, panorama', 'Motorized pop-up 16 MP, f/2.0, 25mm (wide), 1/3.06", 1.0µm, 1080p@30fps, gyro-EIS', 'Li-Po 4085 mAh, non-removable', '30W wired', 'Yes', 'USB Type-C 3.1, OTG', '5.1, A2DP, LE, aptX HD', 'Wi-Fi 802.11 a/b/g/n/ac, dual-band, Wi-Fi Direct, DLNA', 'Papaya Orange', '206 g (7.27 oz)', '162.6 x 75.9 x 8.8 mm (6.40 x 2.99 x 0.35 in)', 'Nano-SIM + Nano-SIM', 'Fingerprint (under display, optical), accelerometer, gyro, compass', 'About 800 EUR', NULL, NULL, '[{"category":"Network","specs":[{"label":"Technology","value":"GSM / CDMA / HSPA / LTE / 5G"},{"label":"2G bands","value":"GSM 850 / 900 / 1800 / 1900"},{"label":"3G bands","value":"HSDPA 850 / 900 / 1700(AWS) / 1900 / 2100"},{"label":"4G bands","value":"1, 2, 3, 4, 5, 1, 2, 3, 4, 5, 7, 8, 12, 13, 17, 18, 19, 20, 25, 26, 28, 29, 30, 34, 38, 39, 40, 41, 46, 48, 66, 71"},{"label":"5G bands","value":"71 SA"},{"label":"Speed","value":"HSPA 42.2/5.76 Mbps, LTE (5CA) Cat18 1200/150 Mbps, 5G (2+ Gbps DL)"}]},{"category":"Launch","specs":[{"label":"Announced","value":"2019, October 23. Released 2019, November 05"},{"label":"Status","value":"Discontinued"}]},{"category":"Body","specs":[{"label":"Dimensions","value":"162.6 x 75.9 x 8.8 mm (6.40 x 2.99 x 0.35 in)"},{"label":"Weight","value":"206 g (7.27 oz)"},{"label":"Build","value":"Glass front (Gorilla Glass 6), glass back (Gorilla Glass 5), aluminum frame"},{"label":"SIM","value":"Nano-SIM + Nano-SIM"}]},{"category":"Display","specs":[{"label":"Type","value":"Fluid AMOLED, 90Hz, HDR10+"},{"label":"Size","value":"6.67 inches, 108.8 cm 2 (~88.1% screen-to-body ratio)"},{"label":"Resolution","value":"1440 x 3120 pixels, 19.5:9 ratio (~516 ppi density)"},{"label":"Protection","value":"Corning Gorilla Glass 6"}]},{"category":"Platform","specs":[{"label":"OS","value":"Android 10, OxygenOS 10.0"},{"label":"Chipset","value":"Qualcomm SM8150 Snapdragon 855+ (7 nm)"},{"label":"CPU","value":"Octa-core (1x2.96 GHz Kryo 485 & 3x2.42 GHz Kryo 485 & 4x1.78 GHz Kryo 485)"},{"label":"GPU","value":"Adreno 640 (700 MHz)"}]},{"category":"Memory","specs":[{"label":"Card slot","value":"No"},{"label":"Internal","value":"256GB 12GB RAM"}]},{"category":"Main Camera","specs":[{"label":"Triple","value":"48 MP, f/1.6, (wide), 1/2.0\\", 0.8µm, PDAF, OIS"},{"label":"Features","value":"Laser AF, Dual-LED flash, HDR, panorama"},{"label":"Video","value":"4K@30/60fps, 1080p@30/60/240fps, 720p@960fps, Auto HDR, gyro-EIS"}]},{"category":"Selfie camera","specs":[{"label":"Single","value":"Motorized pop-up 16 MP, f/2.0, 25mm (wide), 1/3.06\\", 1.0µm"},{"label":"Video","value":"1080p@30fps, gyro-EIS"},{"label":"Features","value":"HDR"}]},{"category":"Sound","specs":[{"label":"Loudspeaker","value":"Yes, with stereo speakers"},{"label":"3.5mm jack","value":"No"}]},{"category":"Comms","specs":[{"label":"WLAN","value":"Wi-Fi 802.11 a/b/g/n/ac, dual-band, Wi-Fi Direct, DLNA"},{"label":"Bluetooth","value":"5.1, A2DP, LE, aptX HD"},{"label":"Positioning","value":"GPS (L1+L5), GLONASS (G1), BDS (B1), GALILEO (E1+E5a)"},{"label":"NFC","value":"Yes"},{"label":"USB","value":"USB Type-C 3.1, OTG"},{"label":"Radio","value":"No"}]},{"category":"Features","specs":[{"label":"Sensors","value":"Fingerprint (under display, optical), accelerometer, gyro, compass"}]},{"category":"Battery","specs":[{"label":"Type","value":"Li-Po 4085 mAh, non-removable"},{"label":"Charging","value":"30W wired"}]},{"category":"Misc","specs":[{"label":"Colors","value":"Papaya Orange"},{"label":"Models","value":"HD1925"},{"label":"Price","value":"About 800 EUR"}]}]');
INSERT OR IGNORE INTO device_pictures (device_id, url, position) VALUES (695, 'https://fdn2.gsmarena.com/vv/bigpic/oneplus-7t-pro-5g-mclaren-edition-.jpg', 0);
INSERT OR IGNORE INTO device_pictures (device_id, url, position) VALUES (695, 'https://fdn2.gsmarena.com/vv/pics/oneplus/oneplus-7t-pro-mclaren-1.jpg', 1);
INSERT OR IGNORE INTO device_pictures (device_id, url, position) VALUES (695, 'https://fdn2.gsmarena.com/vv/pics/oneplus/oneplus-7t-pro-mclaren-2.jpg', 2);
INSERT OR IGNORE INTO devices (id, brand_id, name, gsmarena_url, thumbnail_url, summary) VALUES (696, 4, '7T Pro', 'https://www.gsmarena.com/oneplus_7t_pro-9872.php', 'https://fdn2.gsmarena.com/vv/bigpic/oneplus-7t-pro.jpg', '7T Pro');
INSERT OR IGNORE INTO device_specs (device_id, announced, status, network, os, chipset, cpu, gpu, display_size, display_type, display_res, ram, storage, main_camera, selfie_camera, battery, charging, nfc, usb, bluetooth, wlan, colors, weight, dimensions, sim, sensors, popularity, fans, rating, full_specs_json) VALUES (696, '2019, October 10', 'Available. Released 2019, October 12', 'GSM / CDMA / HSPA / LTE / 4G/LTE', 'Android 10, upgradable to Android 12, OxygenOS 12.1', 'Qualcomm SM8150 Snapdragon 855+ (7 nm)', 'Octa-core (1x2.96 GHz Kryo 485 & 3x2.42 GHz Kryo 485 & 4x1.78 GHz Kryo 485)', 'Adreno 640 (700 MHz)', '6.67 inches, 108.8 cm 2 (~88.1% screen-to-body ratio)', 'Fluid AMOLED, 90Hz, HDR10+', '1440 x 3120 pixels, 19.5:9 ratio (~516 ppi density)', '8GB', '256GB', '48 MP, f/1.6, (wide), 1/2.0", 0.8µm, PDAF, OIS, Laser AF, Dual-LED flash, HDR, panorama', 'Motorized pop-up 16 MP, f/2.0, 25mm (wide), 1/3.06", 1.0µm, 1080p@30fps, gyro-EIS', 'Li-Po 4085 mAh, non-removable', '30W wired', 'Yes', 'USB Type-C 3.1, OTG', '5.0, A2DP, LE, aptX HD', 'Wi-Fi 802.11 a/b/g/n/ac, dual-band, Wi-Fi Direct, DLNA', 'Haze Blue, McLaren Edition', '206 g (7.27 oz)', '162.6 x 75.9 x 8.8 mm (6.40 x 2.99 x 0.35 in)', 'Nano-SIM + Nano-SIM', 'Fingerprint (under display, optical), accelerometer, gyro, compass', 'About 1030 EUR', NULL, NULL, '[{"category":"Network","specs":[{"label":"Technology","value":"GSM / CDMA / HSPA / LTE"},{"label":"2G bands","value":"GSM 850 / 900 / 1800 / 1900"},{"label":"3G bands","value":"HSDPA 800 / 850 / 900 / 1700(AWS) / 1800 / 1900 / 2100"},{"label":"4G bands","value":"1, 2, 3, 4, 5, 7, 8, 12, 13, 17, 18, 19, 20, 25, 26, 28, 29, 32, 34, 38, 39, 40, 41, 66"},{"label":"Speed","value":"HSPA 42.2/5.76 Mbps, LTE (5CA) Cat18 1200/150 Mbps"}]},{"category":"Launch","specs":[{"label":"Announced","value":"2019, October 10"},{"label":"Status","value":"Available. Released 2019, October 12"}]},{"category":"Body","specs":[{"label":"Dimensions","value":"162.6 x 75.9 x 8.8 mm (6.40 x 2.99 x 0.35 in)"},{"label":"Weight","value":"206 g (7.27 oz)"},{"label":"Build","value":"Glass front (Gorilla Glass 5), glass back (Gorilla Glass 5), aluminum frame"},{"label":"SIM","value":"Nano-SIM + Nano-SIM"}]},{"category":"Display","specs":[{"label":"Type","value":"Fluid AMOLED, 90Hz, HDR10+"},{"label":"Size","value":"6.67 inches, 108.8 cm 2 (~88.1% screen-to-body ratio)"},{"label":"Resolution","value":"1440 x 3120 pixels, 19.5:9 ratio (~516 ppi density)"},{"label":"Protection","value":"Corning Gorilla Glass 5"}]},{"category":"Platform","specs":[{"label":"OS","value":"Android 10, upgradable to Android 12, OxygenOS 12.1"},{"label":"Chipset","value":"Qualcomm SM8150 Snapdragon 855+ (7 nm)"},{"label":"CPU","value":"Octa-core (1x2.96 GHz Kryo 485 & 3x2.42 GHz Kryo 485 & 4x1.78 GHz Kryo 485)"},{"label":"GPU","value":"Adreno 640 (700 MHz)"}]},{"category":"Memory","specs":[{"label":"Card slot","value":"No"},{"label":"Internal","value":"256GB 8GB RAM, 256GB 12GB RAM"}]},{"category":"Main Camera","specs":[{"label":"Triple","value":"48 MP, f/1.6, (wide), 1/2.0\\", 0.8µm, PDAF, OIS"},{"label":"Features","value":"Laser AF, Dual-LED flash, HDR, panorama"},{"label":"Video","value":"4K@30/60fps, 1080p@30/60/240fps, 720p@960fps, Auto HDR, gyro-EIS"}]},{"category":"Selfie camera","specs":[{"label":"Single","value":"Motorized pop-up 16 MP, f/2.0, 25mm (wide), 1/3.06\\", 1.0µm"},{"label":"Video","value":"1080p@30fps, gyro-EIS"},{"label":"Features","value":"HDR"}]},{"category":"Sound","specs":[{"label":"Loudspeaker","value":"Yes, with stereo speakers"},{"label":"3.5mm jack","value":"No"}]},{"category":"Comms","specs":[{"label":"WLAN","value":"Wi-Fi 802.11 a/b/g/n/ac, dual-band, Wi-Fi Direct, DLNA"},{"label":"Bluetooth","value":"5.0, A2DP, LE, aptX HD"},{"label":"Positioning","value":"GPS (L1+L5), GLONASS (G1), BDS (B1), GALILEO (E1+E5a)"},{"label":"NFC","value":"Yes"},{"label":"USB","value":"USB Type-C 3.1, OTG"},{"label":"Radio","value":"No"}]},{"category":"Features","specs":[{"label":"Sensors","value":"Fingerprint (under display, optical), accelerometer, gyro, compass"}]},{"category":"Battery","specs":[{"label":"Type","value":"Li-Po 4085 mAh, non-removable"},{"label":"Charging","value":"30W wired"}]},{"category":"Misc","specs":[{"label":"Colors","value":"Haze Blue, McLaren Edition"},{"label":"Models","value":"HD1911, HD1913, HD1910"},{"label":"Price","value":"About 1030 EUR"}]}]');
INSERT OR IGNORE INTO device_pictures (device_id, url, position) VALUES (696, 'https://fdn2.gsmarena.com/vv/bigpic/oneplus-7t-pro.jpg', 0);
INSERT OR IGNORE INTO device_pictures (device_id, url, position) VALUES (696, 'https://fdn2.gsmarena.com/vv/pics/oneplus/oneplus-7t-pro-0.jpg', 1);
INSERT OR IGNORE INTO device_pictures (device_id, url, position) VALUES (696, 'https://fdn2.gsmarena.com/vv/pics/oneplus/oneplus-7t-pro-3.jpg', 2);
INSERT OR IGNORE INTO device_pictures (device_id, url, position) VALUES (696, 'https://fdn2.gsmarena.com/vv/pics/oneplus/oneplus-7t-pro-2.jpg', 3);
INSERT OR IGNORE INTO device_pictures (device_id, url, position) VALUES (696, 'https://fdn2.gsmarena.com/vv/pics/oneplus/oneplus-7t-pro-mclaren-1.jpg', 4);
INSERT OR IGNORE INTO device_pictures (device_id, url, position) VALUES (696, 'https://fdn2.gsmarena.com/vv/pics/oneplus/oneplus-7t-pro-mclaren-2.jpg', 5);
INSERT OR IGNORE INTO device_pictures (device_id, url, position) VALUES (696, 'https://fdn.gsmarena.com/imgroot/reviews/19/one-plus-7t-pro/lifestyle/-1024w2/gsmarena_001.jpg', 6);
INSERT OR IGNORE INTO device_pictures (device_id, url, position) VALUES (696, 'https://fdn.gsmarena.com/imgroot/reviews/19/one-plus-7t-pro/lifestyle/-1024w2/gsmarena_002.jpg', 7);
INSERT OR IGNORE INTO device_pictures (device_id, url, position) VALUES (696, 'https://fdn.gsmarena.com/imgroot/reviews/19/one-plus-7t-pro/lifestyle/-1024w2/gsmarena_003.jpg', 8);
INSERT OR IGNORE INTO device_pictures (device_id, url, position) VALUES (696, 'https://fdn.gsmarena.com/imgroot/reviews/19/one-plus-7t-pro/lifestyle/-1024w2/gsmarena_004.jpg', 9);
INSERT OR IGNORE INTO devices (id, brand_id, name, gsmarena_url, thumbnail_url, summary) VALUES (697, 4, '7T', 'https://www.gsmarena.com/oneplus_7t-9816.php', 'https://fdn2.gsmarena.com/vv/bigpic/oneplus-7t-.jpg', '7T');
INSERT OR IGNORE INTO device_specs (device_id, announced, status, network, os, chipset, cpu, gpu, display_size, display_type, display_res, ram, storage, main_camera, selfie_camera, battery, charging, nfc, usb, bluetooth, wlan, colors, weight, dimensions, sim, sensors, popularity, fans, rating, full_specs_json) VALUES (697, '2019, September 26', 'Available. Released 2019, September 27', 'GSM / CDMA / HSPA / LTE / 4G/LTE', 'Android 10, upgradable to Android 12, OxygenOS 12.1', 'Qualcomm SM8150 Snapdragon 855+ (7 nm)', 'Octa-core (1x2.96 GHz Kryo 485 & 3x2.42 GHz Kryo 485 & 4x1.78 GHz Kryo 485)', 'Adreno 640 (700 MHz)', '6.55 inches, 103.6 cm 2 (~86.5% screen-to-body ratio)', 'Fluid AMOLED, 90Hz, HDR10+', '1080 x 2400 pixels, 20:9 ratio (~402 ppi density)', '8GB', '128GB', '48 MP, f/1.6, 26mm (wide), 1/2.0", 0.8µm, PDAF, OIS, Dual-LED flash, HDR, panorama', '16 MP, f/2.0, 25mm (wide), 1/3.06", 1.0µm, 1080p@30fps, gyro-EIS', 'Li-Po 3800 mAh, non-removable', '30W wired', 'Yes', 'USB Type-C 3.1, OTG', '5.0, A2DP, LE, aptX HD', 'Wi-Fi 802.11 a/b/g/n/ac, dual-band, Wi-Fi Direct, DLNA', 'Frosted Silver, Glacier Blue, White', '190 g (6.70 oz)', '160.9 x 74.4 x 8.1 mm (6.33 x 2.93 x 0.32 in)', 'Nano-SIM + Nano-SIM', 'Fingerprint (under display, optical), accelerometer, gyro, compass', 'About 130 EUR', NULL, NULL, '[{"category":"Network","specs":[{"label":"Technology","value":"GSM / CDMA / HSPA / LTE"},{"label":"2G bands","value":"GSM 850 / 900 / 1800 / 1900"},{"label":"3G bands","value":"HSDPA 800 / 850 / 900 / 1700(AWS) / 1800 / 1900 / 2100"},{"label":"4G bands","value":"1, 2, 3, 4, 5, 7, 8, 12, 13, 17, 18, 19, 20, 25, 26, 28, 29, 32, 34, 38, 39, 40, 41, 66 - EU"},{"label":"Speed","value":"HSPA 42.2/5.76 Mbps, LTE (5CA) Cat18 1200/150 Mbps"}]},{"category":"Launch","specs":[{"label":"Announced","value":"2019, September 26"},{"label":"Status","value":"Available. Released 2019, September 27"}]},{"category":"Body","specs":[{"label":"Dimensions","value":"160.9 x 74.4 x 8.1 mm (6.33 x 2.93 x 0.32 in)"},{"label":"Weight","value":"190 g (6.70 oz)"},{"label":"Build","value":"Glass front (Gorilla Glass 5), glass back (Gorilla Glass 5), aluminum frame"},{"label":"SIM","value":"Nano-SIM + Nano-SIM"}]},{"category":"Display","specs":[{"label":"Type","value":"Fluid AMOLED, 90Hz, HDR10+"},{"label":"Size","value":"6.55 inches, 103.6 cm 2 (~86.5% screen-to-body ratio)"},{"label":"Resolution","value":"1080 x 2400 pixels, 20:9 ratio (~402 ppi density)"},{"label":"Protection","value":"Corning Gorilla Glass 5"}]},{"category":"Platform","specs":[{"label":"OS","value":"Android 10, upgradable to Android 12, OxygenOS 12.1"},{"label":"Chipset","value":"Qualcomm SM8150 Snapdragon 855+ (7 nm)"},{"label":"CPU","value":"Octa-core (1x2.96 GHz Kryo 485 & 3x2.42 GHz Kryo 485 & 4x1.78 GHz Kryo 485)"},{"label":"GPU","value":"Adreno 640 (700 MHz)"}]},{"category":"Memory","specs":[{"label":"Card slot","value":"No"},{"label":"Internal","value":"128GB 8GB RAM, 256GB 8GB RAM"}]},{"category":"Main Camera","specs":[{"label":"Triple","value":"48 MP, f/1.6, 26mm (wide), 1/2.0\\", 0.8µm, PDAF, OIS"},{"label":"Features","value":"Dual-LED flash, HDR, panorama"},{"label":"Video","value":"4K@30/60fps, 1080p@30/60/240fps, 720p@960fps, Auto HDR, gyro-EIS"}]},{"category":"Selfie camera","specs":[{"label":"Single","value":"16 MP, f/2.0, 25mm (wide), 1/3.06\\", 1.0µm"},{"label":"Video","value":"1080p@30fps, gyro-EIS"},{"label":"Features","value":"HDR"}]},{"category":"Sound","specs":[{"label":"Loudspeaker","value":"Yes, with stereo speakers"},{"label":"3.5mm jack","value":"No"}]},{"category":"Comms","specs":[{"label":"WLAN","value":"Wi-Fi 802.11 a/b/g/n/ac, dual-band, Wi-Fi Direct, DLNA"},{"label":"Bluetooth","value":"5.0, A2DP, LE, aptX HD"},{"label":"Positioning","value":"GPS (L1+L5), GLONASS (G1), BDS (B1), GALILEO (E1+E5a)"},{"label":"NFC","value":"Yes"},{"label":"USB","value":"USB Type-C 3.1, OTG"},{"label":"Radio","value":"No"}]},{"category":"Features","specs":[{"label":"Sensors","value":"Fingerprint (under display, optical), accelerometer, gyro, compass"}]},{"category":"Battery","specs":[{"label":"Type","value":"Li-Po 3800 mAh, non-removable"},{"label":"Charging","value":"30W wired"}]},{"category":"Misc","specs":[{"label":"Colors","value":"Frosted Silver, Glacier Blue, White"},{"label":"Models","value":"HD1901, HD1903, HD1900, HD1907, HD1905"},{"label":"Price","value":"About 130 EUR"}]}]');
INSERT OR IGNORE INTO device_pictures (device_id, url, position) VALUES (697, 'https://fdn2.gsmarena.com/vv/bigpic/oneplus-7t-.jpg', 0);
INSERT OR IGNORE INTO device_pictures (device_id, url, position) VALUES (697, 'https://fdn2.gsmarena.com/vv/pics/oneplus/oneplus-7t-1.jpg', 1);
INSERT OR IGNORE INTO device_pictures (device_id, url, position) VALUES (697, 'https://fdn2.gsmarena.com/vv/pics/oneplus/oneplus-7t-4.jpg', 2);
INSERT OR IGNORE INTO device_pictures (device_id, url, position) VALUES (697, 'https://fdn2.gsmarena.com/vv/pics/oneplus/oneplus-7t-2.jpg', 3);
INSERT OR IGNORE INTO device_pictures (device_id, url, position) VALUES (697, 'https://fdn2.gsmarena.com/vv/pics/oneplus/oneplus-7t-3.jpg', 4);
INSERT OR IGNORE INTO device_pictures (device_id, url, position) VALUES (697, 'https://fdn.gsmarena.com/imgroot/reviews/19/oneplus-7t/lifestyle/-1024w2/gsmarena_003.jpg', 5);
INSERT OR IGNORE INTO device_pictures (device_id, url, position) VALUES (697, 'https://fdn.gsmarena.com/imgroot/reviews/19/oneplus-7t/lifestyle/-1024w2/gsmarena_005.jpg', 6);
INSERT OR IGNORE INTO device_pictures (device_id, url, position) VALUES (697, 'https://fdn.gsmarena.com/imgroot/reviews/19/oneplus-7t/lifestyle/-1024w2/gsmarena_006.jpg', 7);
INSERT OR IGNORE INTO device_pictures (device_id, url, position) VALUES (697, 'https://fdn.gsmarena.com/imgroot/reviews/19/oneplus-7t/lifestyle/-1024w2/gsmarena_007.jpg', 8);
INSERT OR IGNORE INTO device_pictures (device_id, url, position) VALUES (697, 'https://fdn.gsmarena.com/imgroot/reviews/19/oneplus-7t/lifestyle/-1024w2/gsmarena_008.jpg', 9);
INSERT OR IGNORE INTO devices (id, brand_id, name, gsmarena_url, thumbnail_url, summary) VALUES (698, 4, '7 Pro 5G', 'https://www.gsmarena.com/oneplus_7_pro_5g-9704.php', 'https://fdn2.gsmarena.com/vv/bigpic/oneplus-7-pro-r1.jpg', '7 Pro 5G');
INSERT OR IGNORE INTO device_specs (device_id, announced, status, network, os, chipset, cpu, gpu, display_size, display_type, display_res, ram, storage, main_camera, selfie_camera, battery, charging, nfc, usb, bluetooth, wlan, colors, weight, dimensions, sim, sensors, popularity, fans, rating, full_specs_json) VALUES (698, '2019, May 14. Released 2019, September 06', 'Discontinued', 'GSM / HSPA / LTE / 5G / 5G', 'Android 9.0 (Pie), upgradable to Android 10, OxygenOS 10.0.4', 'Qualcomm SM8150 Snapdragon 855 (7 nm)', 'Octa-core (1x2.84 GHz Kryo 485 & 3x2.42 GHz Kryo 485 & 4x1.78 GHz Kryo 485)', 'Adreno 640', '6.67 inches, 109.2 cm 2 (~88.5% screen-to-body ratio)', 'Fluid AMOLED, 90Hz, HDR10+', '1440 x 3120 pixels, 19.5:9 ratio (~515 ppi density)', '6GB', '128GB', '48 MP, f/1.6, (wide), 1/2.0", 0.8µm, PDAF, OIS, Laser AF, Dual-LED dual-tone flash, panorama, HDR', 'Motorized pop-up 16 MP, f/2.0, 25mm (wide), 1/3.06", 1.0µm, 1080p@30fps, gyro-EIS', 'Li-Po 4000 mAh, non-removable', '30W wired', 'Yes', 'USB Type-C 3.1, OTG', '5.0, A2DP, LE, aptX HD', 'Wi-Fi 802.11 a/b/g/n/ac, dual-band, Wi-Fi Direct, DLNA', 'Mirror Grey, Almond, Nebula Blue', '206 g (7.27 oz)', '162.6 x 75.9 x 8.8 mm (6.40 x 2.99 x 0.35 in)', 'Nano-SIM + Nano-SIM', 'Fingerprint (under display, optical), accelerometer, gyro, proximity, compass', 'About 800 EUR', NULL, NULL, '[{"category":"Network","specs":[{"label":"Technology","value":"GSM / HSPA / LTE / 5G"},{"label":"2G bands","value":"GSM 850 / 900 / 1800 / 1900"},{"label":"3G bands","value":"HSDPA 800 / 850 / 900 / 1700(AWS) / 1800 / 1900 / 2100"},{"label":"4G bands","value":"1, 2, 3, 4, 5, 7, 8, 12, 13, 17, 18, 19, 20, 25, 26, 28, 29, 32, 34, 38, 39, 40, 41, 66"},{"label":"5G bands","value":"41 NSA/Sub6/mmWave"},{"label":"Speed","value":"HSPA 42.2/5.76 Mbps, LTE (5CA) Cat18 1200/150 Mbps, 5G (2+ Gbps DL)"}]},{"category":"Launch","specs":[{"label":"Announced","value":"2019, May 14. Released 2019, September 06"},{"label":"Status","value":"Discontinued"}]},{"category":"Body","specs":[{"label":"Dimensions","value":"162.6 x 75.9 x 8.8 mm (6.40 x 2.99 x 0.35 in)"},{"label":"Weight","value":"206 g (7.27 oz)"},{"label":"Build","value":"Glass front (Gorilla Glass 5), glass back (Gorilla Glass 5), aluminum frame"},{"label":"SIM","value":"Nano-SIM + Nano-SIM"}]},{"category":"Display","specs":[{"label":"Type","value":"Fluid AMOLED, 90Hz, HDR10+"},{"label":"Size","value":"6.67 inches, 109.2 cm 2 (~88.5% screen-to-body ratio)"},{"label":"Resolution","value":"1440 x 3120 pixels, 19.5:9 ratio (~515 ppi density)"},{"label":"Protection","value":"Corning Gorilla Glass 5"}]},{"category":"Platform","specs":[{"label":"OS","value":"Android 9.0 (Pie), upgradable to Android 10, OxygenOS 10.0.4"},{"label":"Chipset","value":"Qualcomm SM8150 Snapdragon 855 (7 nm)"},{"label":"CPU","value":"Octa-core (1x2.84 GHz Kryo 485 & 3x2.42 GHz Kryo 485 & 4x1.78 GHz Kryo 485)"},{"label":"GPU","value":"Adreno 640"}]},{"category":"Memory","specs":[{"label":"Card slot","value":"No"},{"label":"Internal","value":"128GB 6GB RAM, 256GB 8GB RAM, 256GB 12GB RAM"}]},{"category":"Main Camera","specs":[{"label":"Triple","value":"48 MP, f/1.6, (wide), 1/2.0\\", 0.8µm, PDAF, OIS"},{"label":"Features","value":"Laser AF, Dual-LED dual-tone flash, panorama, HDR"},{"label":"Video","value":"4K@30/60fps, 1080p@30/60/240fps, 720p@480fps, Auto HDR, gyro-EIS, no video rec. with ultrawide camera"}]},{"category":"Selfie camera","specs":[{"label":"Single","value":"Motorized pop-up 16 MP, f/2.0, 25mm (wide), 1/3.06\\", 1.0µm"},{"label":"Video","value":"1080p@30fps, gyro-EIS"},{"label":"Features","value":"HDR"}]},{"category":"Sound","specs":[{"label":"Loudspeaker","value":"Yes, with stereo speakers"},{"label":"3.5mm jack","value":"No"}]},{"category":"Comms","specs":[{"label":"WLAN","value":"Wi-Fi 802.11 a/b/g/n/ac, dual-band, Wi-Fi Direct, DLNA"},{"label":"Bluetooth","value":"5.0, A2DP, LE, aptX HD"},{"label":"Positioning","value":"GPS (L1+L5), GLONASS (G1), BDS (B1), GALILEO (E1+E5a)"},{"label":"NFC","value":"Yes"},{"label":"USB","value":"USB Type-C 3.1, OTG"},{"label":"Radio","value":"No"}]},{"category":"Features","specs":[{"label":"Sensors","value":"Fingerprint (under display, optical), accelerometer, gyro, proximity, compass"}]},{"category":"Battery","specs":[{"label":"Type","value":"Li-Po 4000 mAh, non-removable"},{"label":"Charging","value":"30W wired"}]},{"category":"Misc","specs":[{"label":"Colors","value":"Mirror Grey, Almond, Nebula Blue"},{"label":"Models","value":"GM1925"},{"label":"Price","value":"About 800 EUR"}]}]');
INSERT OR IGNORE INTO device_pictures (device_id, url, position) VALUES (698, 'https://fdn2.gsmarena.com/vv/bigpic/oneplus-7-pro-r1.jpg', 0);
INSERT OR IGNORE INTO device_pictures (device_id, url, position) VALUES (698, 'https://fdn2.gsmarena.com/vv/pics/oneplus/oneplus-7-pro-1.jpg', 1);
INSERT OR IGNORE INTO device_pictures (device_id, url, position) VALUES (698, 'https://fdn2.gsmarena.com/vv/pics/oneplus/oneplus-7-pro-2.jpg', 2);
INSERT OR IGNORE INTO device_pictures (device_id, url, position) VALUES (698, 'https://fdn2.gsmarena.com/vv/pics/oneplus/oneplus-7-pro-3.jpg', 3);
INSERT OR IGNORE INTO device_pictures (device_id, url, position) VALUES (698, 'https://fdn2.gsmarena.com/vv/pics/oneplus/oneplus-7-pro-4.jpg', 4);
INSERT OR IGNORE INTO device_pictures (device_id, url, position) VALUES (698, 'https://fdn2.gsmarena.com/vv/pics/oneplus/oneplus-7-pro-r3.jpg', 5);
INSERT OR IGNORE INTO device_pictures (device_id, url, position) VALUES (698, 'https://fdn.gsmarena.com/imgroot/reviews/19/oneplus-7-pro/gal/-1024w2/gsmarena_001.jpg', 6);
INSERT OR IGNORE INTO device_pictures (device_id, url, position) VALUES (698, 'https://fdn.gsmarena.com/imgroot/reviews/19/oneplus-7-pro/gal/-1024w2/gsmarena_002.jpg', 7);
INSERT OR IGNORE INTO device_pictures (device_id, url, position) VALUES (698, 'https://fdn.gsmarena.com/imgroot/reviews/19/oneplus-7-pro/gal/-1024w2/gsmarena_003.jpg', 8);
INSERT OR IGNORE INTO device_pictures (device_id, url, position) VALUES (698, 'https://fdn.gsmarena.com/imgroot/reviews/19/oneplus-7-pro/gal/-1024w2/gsmarena_004.jpg', 9);
INSERT OR IGNORE INTO devices (id, brand_id, name, gsmarena_url, thumbnail_url, summary) VALUES (699, 4, '7 Pro', 'https://www.gsmarena.com/oneplus_7_pro-9689.php', 'https://fdn2.gsmarena.com/vv/bigpic/oneplus-7-pro-r1.jpg', '7 Pro');
INSERT OR IGNORE INTO device_specs (device_id, announced, status, network, os, chipset, cpu, gpu, display_size, display_type, display_res, ram, storage, main_camera, selfie_camera, battery, charging, nfc, usb, bluetooth, wlan, colors, weight, dimensions, sim, sensors, popularity, fans, rating, full_specs_json) VALUES (699, '2019, May 14. Released 2019, May 16', 'Discontinued', 'GSM / CDMA / HSPA / LTE / 4G/LTE', 'Android 9.0 (Pie), upgradable to Android 12, OxygenOS 12.1', 'Qualcomm SM8150 Snapdragon 855 (7 nm)', 'Octa-core (1x2.84 GHz Kryo 485 & 3x2.42 GHz Kryo 485 & 4x1.78 GHz Kryo 485)', 'Adreno 640', '6.67 inches, 108.8 cm 2 (~88.1% screen-to-body ratio)', 'Fluid AMOLED, 90Hz, HDR10+', '1440 x 3120 pixels, 19.5:9 ratio (~516 ppi density)', '6GB', '128GB', '48 MP, f/1.6, (wide), 1/2.0", 0.8µm, PDAF, OIS, Laser AF, Dual-LED flash, panorama, HDR', 'Motorized pop-up 16 MP, f/2.0, 25mm (wide), 1/3.06", 1.0µm, 1080p@30fps, gyro-EIS', 'Li-Po 4000 mAh, non-removable', '30W wired', 'Yes', 'USB Type-C 3.1, OTG', '5.0, A2DP, LE, aptX HD', 'Wi-Fi 802.11 a/b/g/n/ac, dual-band, Wi-Fi Direct, DLNA', 'Mirror Grey, Almond, Nebula Blue', '206 g (7.27 oz)', '162.6 x 75.9 x 8.8 mm (6.40 x 2.99 x 0.35 in)', 'Nano-SIM + Nano-SIM', 'Fingerprint (under display, optical), accelerometer, gyro, compass', 'About 590 EUR', NULL, NULL, '[{"category":"Network","specs":[{"label":"Technology","value":"GSM / CDMA / HSPA / LTE"},{"label":"2G bands","value":"GSM 850 / 900 / 1800 / 1900"},{"label":"3G bands","value":"HSDPA 800 / 850 / 900 / 1700(AWS) / 1800 / 1900 / 2100"},{"label":"4G bands","value":"1, 2, 3, 4, 5, 7, 8, 12, 13, 17, 18, 19, 20, 25, 26, 28, 29, 32, 34, 38, 39, 40, 41, 66 - Global"},{"label":"Speed","value":"HSPA 42.2/5.76 Mbps, LTE (5CA) Cat18 1200/150 Mbps"}]},{"category":"Launch","specs":[{"label":"Announced","value":"2019, May 14. Released 2019, May 16"},{"label":"Status","value":"Discontinued"}]},{"category":"Body","specs":[{"label":"Dimensions","value":"162.6 x 75.9 x 8.8 mm (6.40 x 2.99 x 0.35 in)"},{"label":"Weight","value":"206 g (7.27 oz)"},{"label":"Build","value":"Glass front (Gorilla Glass 5), glass back (Gorilla Glass 5), aluminum frame"},{"label":"SIM","value":"Nano-SIM + Nano-SIM"}]},{"category":"Display","specs":[{"label":"Type","value":"Fluid AMOLED, 90Hz, HDR10+"},{"label":"Size","value":"6.67 inches, 108.8 cm 2 (~88.1% screen-to-body ratio)"},{"label":"Resolution","value":"1440 x 3120 pixels, 19.5:9 ratio (~516 ppi density)"},{"label":"Protection","value":"Corning Gorilla Glass 5"}]},{"category":"Platform","specs":[{"label":"OS","value":"Android 9.0 (Pie), upgradable to Android 12, OxygenOS 12.1"},{"label":"Chipset","value":"Qualcomm SM8150 Snapdragon 855 (7 nm)"},{"label":"CPU","value":"Octa-core (1x2.84 GHz Kryo 485 & 3x2.42 GHz Kryo 485 & 4x1.78 GHz Kryo 485)"},{"label":"GPU","value":"Adreno 640"}]},{"category":"Memory","specs":[{"label":"Card slot","value":"No"},{"label":"Internal","value":"128GB 6GB RAM, 256GB 8GB RAM, 256GB 12GB RAM"}]},{"category":"Main Camera","specs":[{"label":"Triple","value":"48 MP, f/1.6, (wide), 1/2.0\\", 0.8µm, PDAF, OIS"},{"label":"Features","value":"Laser AF, Dual-LED flash, panorama, HDR"},{"label":"Video","value":"4K@30/60fps, 1080p@30/60/240fps, 720p@480fps, Auto HDR, gyro-EIS, no video rec. with ultrawide camera"}]},{"category":"Selfie camera","specs":[{"label":"Single","value":"Motorized pop-up 16 MP, f/2.0, 25mm (wide), 1/3.06\\", 1.0µm"},{"label":"Video","value":"1080p@30fps, gyro-EIS"},{"label":"Features","value":"HDR"}]},{"category":"Sound","specs":[{"label":"Loudspeaker","value":"Yes, with stereo speakers"},{"label":"3.5mm jack","value":"No"}]},{"category":"Comms","specs":[{"label":"WLAN","value":"Wi-Fi 802.11 a/b/g/n/ac, dual-band, Wi-Fi Direct, DLNA"},{"label":"Bluetooth","value":"5.0, A2DP, LE, aptX HD"},{"label":"Positioning","value":"GPS (L1+L5), GLONASS (G1), BDS (B1), GALILEO (E1+E5a)"},{"label":"NFC","value":"Yes"},{"label":"USB","value":"USB Type-C 3.1, OTG"},{"label":"Radio","value":"No"}]},{"category":"Features","specs":[{"label":"Sensors","value":"Fingerprint (under display, optical), accelerometer, gyro, compass"}]},{"category":"Battery","specs":[{"label":"Type","value":"Li-Po 4000 mAh, non-removable"},{"label":"Charging","value":"30W wired"}]},{"category":"Misc","specs":[{"label":"Colors","value":"Mirror Grey, Almond, Nebula Blue"},{"label":"Models","value":"GM1911, GM1913, GM1917, GM1910, GM1915"},{"label":"Price","value":"About 590 EUR"}]}]');
INSERT OR IGNORE INTO device_pictures (device_id, url, position) VALUES (699, 'https://fdn2.gsmarena.com/vv/bigpic/oneplus-7-pro-r1.jpg', 0);
INSERT OR IGNORE INTO device_pictures (device_id, url, position) VALUES (699, 'https://fdn2.gsmarena.com/vv/pics/oneplus/oneplus-7-pro-1.jpg', 1);
INSERT OR IGNORE INTO device_pictures (device_id, url, position) VALUES (699, 'https://fdn2.gsmarena.com/vv/pics/oneplus/oneplus-7-pro-2.jpg', 2);
INSERT OR IGNORE INTO device_pictures (device_id, url, position) VALUES (699, 'https://fdn2.gsmarena.com/vv/pics/oneplus/oneplus-7-pro-3.jpg', 3);
INSERT OR IGNORE INTO device_pictures (device_id, url, position) VALUES (699, 'https://fdn2.gsmarena.com/vv/pics/oneplus/oneplus-7-pro-4.jpg', 4);
INSERT OR IGNORE INTO device_pictures (device_id, url, position) VALUES (699, 'https://fdn2.gsmarena.com/vv/pics/oneplus/oneplus-7-pro-5.jpg', 5);
INSERT OR IGNORE INTO device_pictures (device_id, url, position) VALUES (699, 'https://fdn2.gsmarena.com/vv/pics/oneplus/oneplus-7-pro-r3.jpg', 6);
INSERT OR IGNORE INTO device_pictures (device_id, url, position) VALUES (699, 'https://fdn.gsmarena.com/imgroot/reviews/19/oneplus-7-pro/gal/-1024w2/gsmarena_012.jpg', 7);
INSERT OR IGNORE INTO device_pictures (device_id, url, position) VALUES (699, 'https://fdn.gsmarena.com/imgroot/reviews/19/oneplus-7-pro/gal/-1024w2/gsmarena_013.jpg', 8);
INSERT OR IGNORE INTO device_pictures (device_id, url, position) VALUES (699, 'https://fdn.gsmarena.com/imgroot/reviews/19/oneplus-7-pro/gal/-1024w2/gsmarena_014.jpg', 9);
INSERT OR IGNORE INTO devices (id, brand_id, name, gsmarena_url, thumbnail_url, summary) VALUES (700, 4, '7', 'https://www.gsmarena.com/oneplus_7-9623.php', 'https://fdn2.gsmarena.com/vv/bigpic/oneplus-7--.jpg', '7');
INSERT OR IGNORE INTO device_specs (device_id, announced, status, network, os, chipset, cpu, gpu, display_size, display_type, display_res, ram, storage, main_camera, selfie_camera, battery, charging, nfc, usb, bluetooth, wlan, colors, weight, dimensions, sim, sensors, popularity, fans, rating, full_specs_json) VALUES (700, '2019, May 14. Released 2019, June 04', 'Discontinued', 'GSM / CDMA / HSPA / LTE / 4G/LTE', 'Android 9.0 (Pie), upgradable to Android 12, OxygenOS 12.1', 'Qualcomm SM8150 Snapdragon 855 (7 nm)', 'Octa-core (1x2.84 GHz Kryo 485 & 3x2.42 GHz Kryo 485 & 4x1.78 GHz Kryo 485)', 'Adreno 640', '6.41 inches, 100.9 cm 2 (~85.5% screen-to-body ratio)', 'Optic AMOLED, HDR10', '1080 x 2340 pixels, 19.5:9 ratio (~402 ppi density)', '6GB', '128GB', '48 MP, f/1.7, (wide), 1/2.0", 0.8µm, PDAF, OIS, Dual-LED flash, HDR, panorama', '16 MP, f/2.0, 25mm (wide), 1/3.06", 1.0µm, 1080p@30fps, gyro-EIS', 'Li-Po 3700 mAh, non-removable', '20W wired', 'Yes', 'USB Type-C 3.1, OTG', '5.0, A2DP, LE, aptX HD', 'Wi-Fi 802.11 a/b/g/n/ac, dual-band, Wi-Fi Direct, DLNA', 'Mirror Gray, Red, Mirror Blue', '182 g (6.42 oz)', '157.7 x 74.8 x 8.2 mm (6.21 x 2.94 x 0.32 in)', 'Nano-SIM + Nano-SIM', 'Fingerprint (under display, optical), accelerometer, gyro, proximity, compass', 'About 400 EUR', NULL, NULL, '[{"category":"Network","specs":[{"label":"Technology","value":"GSM / CDMA / HSPA / LTE"},{"label":"2G bands","value":"GSM 850 / 900 / 1800 / 1900"},{"label":"3G bands","value":"HSDPA 800 / 850 / 900 / 1700(AWS) / 1800 / 1900 / 2100"},{"label":"4G bands","value":"1, 2, 3, 4, 5, 7, 8, 12, 13, 17, 18, 19, 20, 26, 28, 29, 32, 34, 38, 39, 40, 41"},{"label":"Speed","value":"HSPA 42.2/5.76 Mbps, LTE (5CA) Cat16 1024/150 Mbps"}]},{"category":"Launch","specs":[{"label":"Announced","value":"2019, May 14. Released 2019, June 04"},{"label":"Status","value":"Discontinued"}]},{"category":"Body","specs":[{"label":"Dimensions","value":"157.7 x 74.8 x 8.2 mm (6.21 x 2.94 x 0.32 in)"},{"label":"Weight","value":"182 g (6.42 oz)"},{"label":"Build","value":"Glass front (Gorilla Glass 6), glass back (Gorilla Glass 5), aluminum frame"},{"label":"SIM","value":"Nano-SIM + Nano-SIM"}]},{"category":"Display","specs":[{"label":"Type","value":"Optic AMOLED, HDR10"},{"label":"Size","value":"6.41 inches, 100.9 cm 2 (~85.5% screen-to-body ratio)"},{"label":"Resolution","value":"1080 x 2340 pixels, 19.5:9 ratio (~402 ppi density)"},{"label":"Protection","value":"Corning Gorilla Glass 6"}]},{"category":"Platform","specs":[{"label":"OS","value":"Android 9.0 (Pie), upgradable to Android 12, OxygenOS 12.1"},{"label":"Chipset","value":"Qualcomm SM8150 Snapdragon 855 (7 nm)"},{"label":"CPU","value":"Octa-core (1x2.84 GHz Kryo 485 & 3x2.42 GHz Kryo 485 & 4x1.78 GHz Kryo 485)"},{"label":"GPU","value":"Adreno 640"}]},{"category":"Memory","specs":[{"label":"Card slot","value":"No"},{"label":"Internal","value":"128GB 6GB RAM, 256GB 8GB RAM, 256GB 12GB RAM"}]},{"category":"Main Camera","specs":[{"label":"Dual","value":"48 MP, f/1.7, (wide), 1/2.0\\", 0.8µm, PDAF, OIS"},{"label":"Features","value":"Dual-LED flash, HDR, panorama"},{"label":"Video","value":"4K@30/60fps, 1080p@30/60/240fps, 720p@480fps, Auto HDR, gyro-EIS"}]},{"category":"Selfie camera","specs":[{"label":"Single","value":"16 MP, f/2.0, 25mm (wide), 1/3.06\\", 1.0µm"},{"label":"Video","value":"1080p@30fps, gyro-EIS"},{"label":"Features","value":"HDR"}]},{"category":"Sound","specs":[{"label":"Loudspeaker","value":"Yes, with stereo speakers"},{"label":"3.5mm jack","value":"No"}]},{"category":"Comms","specs":[{"label":"WLAN","value":"Wi-Fi 802.11 a/b/g/n/ac, dual-band, Wi-Fi Direct, DLNA"},{"label":"Bluetooth","value":"5.0, A2DP, LE, aptX HD"},{"label":"Positioning","value":"GPS (L1+L5), GLONASS (G1), BDS (B1), GALILEO (E1+E5a)"},{"label":"NFC","value":"Yes"},{"label":"USB","value":"USB Type-C 3.1, OTG"},{"label":"Radio","value":"No"}]},{"category":"Features","specs":[{"label":"Sensors","value":"Fingerprint (under display, optical), accelerometer, gyro, proximity, compass"}]},{"category":"Battery","specs":[{"label":"Type","value":"Li-Po 3700 mAh, non-removable"},{"label":"Charging","value":"20W wired"}]},{"category":"Misc","specs":[{"label":"Colors","value":"Mirror Gray, Red, Mirror Blue"},{"label":"Models","value":"GM1901, GM1900, GM1905, GM1903"},{"label":"Price","value":"About 400 EUR"}]}]');
INSERT OR IGNORE INTO device_pictures (device_id, url, position) VALUES (700, 'https://fdn2.gsmarena.com/vv/bigpic/oneplus-7--.jpg', 0);
INSERT OR IGNORE INTO device_pictures (device_id, url, position) VALUES (700, 'https://fdn2.gsmarena.com/vv/pics/oneplus/oneplus-7-1.jpg', 1);
INSERT OR IGNORE INTO device_pictures (device_id, url, position) VALUES (700, 'https://fdn.gsmarena.com/imgroot/reviews/19/oneplus-7/gal/-1024w2/gsmarena_010.jpg', 2);
INSERT OR IGNORE INTO device_pictures (device_id, url, position) VALUES (700, 'https://fdn.gsmarena.com/imgroot/reviews/19/oneplus-7/gal/-1024w2/gsmarena_011.jpg', 3);
INSERT OR IGNORE INTO device_pictures (device_id, url, position) VALUES (700, 'https://fdn.gsmarena.com/imgroot/reviews/19/oneplus-7/gal/-1024w2/gsmarena_012.jpg', 4);
INSERT OR IGNORE INTO device_pictures (device_id, url, position) VALUES (700, 'https://fdn.gsmarena.com/imgroot/reviews/19/oneplus-7/gal/-1024w2/gsmarena_013.jpg', 5);
INSERT OR IGNORE INTO device_pictures (device_id, url, position) VALUES (700, 'https://fdn.gsmarena.com/imgroot/reviews/19/oneplus-7/gal/-1024w2/gsmarena_014.jpg', 6);
INSERT OR IGNORE INTO device_pictures (device_id, url, position) VALUES (700, 'https://fdn.gsmarena.com/imgroot/reviews/19/oneplus-7/gal/-1024w2/gsmarena_015.jpg', 7);
INSERT OR IGNORE INTO device_pictures (device_id, url, position) VALUES (700, 'https://fdn.gsmarena.com/imgroot/reviews/19/oneplus-7/gal/-1024w2/gsmarena_016.jpg', 8);
INSERT OR IGNORE INTO device_pictures (device_id, url, position) VALUES (700, 'https://fdn.gsmarena.com/imgroot/reviews/19/oneplus-7/gal/-1024w2/gsmarena_017.jpg', 9);
INSERT OR IGNORE INTO devices (id, brand_id, name, gsmarena_url, thumbnail_url, summary) VALUES (701, 4, '6T McLaren', 'https://www.gsmarena.com/oneplus_6t_mclaren-9469.php', 'https://fdn2.gsmarena.com/vv/bigpic/oneplus-6t-mclaren-edition.jpg', '6T McLaren');
INSERT OR IGNORE INTO device_specs (device_id, announced, status, network, os, chipset, cpu, gpu, display_size, display_type, display_res, ram, storage, main_camera, selfie_camera, battery, charging, nfc, usb, bluetooth, wlan, colors, weight, dimensions, sim, sensors, popularity, fans, rating, full_specs_json) VALUES (701, '2018, December 11. Released 2018, December 13', 'Discontinued', 'GSM / HSPA / LTE / 4G/LTE', 'Android 9.0 (Pie), upgradable to Android 10, OxygenOS 10', 'Qualcomm SDM845 Snapdragon 845 (10 nm)', 'Octa-core (4x2.8 GHz Kryo 385 Gold & 4x1.7 GHz Kryo 385 Silver)', 'Adreno 630', '6.41 inches, 100.9 cm 2 (~85.6% screen-to-body ratio)', 'Optic AMOLED', '1080 x 2340 pixels, 19.5:9 ratio (~402 ppi density)', '10GB', '256GB', '16 MP, f/1.7, 25mm (wide), 1/2.6", 1.22µm, PDAF, OIS, Dual-LED flash, HDR, panorama', '16 MP, f/2.0, 25mm (wide), 1/3.06", 1.0µm, 1080p@30fps, gyro-EIS', 'Li-Po 3700 mAh, non-removable', '30W wired, 50% in 20 min', 'Yes', 'USB Type-C 2.0, OTG', '5.0, A2DP, aptX HD, LE', 'Wi-Fi 802.11 a/b/g/n/ac, dual-band, Wi-Fi Direct, DLNA', 'Speed Orange', '185 g (6.53 oz)', '157.5 x 74.8 x 8.2 mm (6.20 x 2.94 x 0.32 in)', 'Nano-SIM + Nano-SIM', 'Fingerprint (under display, optical), accelerometer, gyro, proximity, compass', 'About 700 EUR', NULL, NULL, '[{"category":"Network","specs":[{"label":"Technology","value":"GSM / HSPA / LTE"},{"label":"2G bands","value":"GSM 850 / 900 / 1800 / 1900"},{"label":"3G bands","value":"HSDPA 800 / 850 / 900 / 1700(AWS) / 1800 / 1900 / 2100"},{"label":"4G bands","value":"1, 2, 3, 4, 5, 7, 12, 13, 17, 18, 19, 20, 25, 26, 28, 29, 30, 32, 34, 38, 39, 40, 41, 46, 66, 71"},{"label":"Speed","value":"HSPA 42.2/5.76 Mbps, LTE (5CA) Cat16 1024/150 Mbps"}]},{"category":"Launch","specs":[{"label":"Announced","value":"2018, December 11. Released 2018, December 13"},{"label":"Status","value":"Discontinued"}]},{"category":"Body","specs":[{"label":"Dimensions","value":"157.5 x 74.8 x 8.2 mm (6.20 x 2.94 x 0.32 in)"},{"label":"Weight","value":"185 g (6.53 oz)"},{"label":"Build","value":"Glass front (Gorilla Glass 6), glass back, aluminum frame"},{"label":"SIM","value":"Nano-SIM + Nano-SIM"}]},{"category":"Display","specs":[{"label":"Type","value":"Optic AMOLED"},{"label":"Size","value":"6.41 inches, 100.9 cm 2 (~85.6% screen-to-body ratio)"},{"label":"Resolution","value":"1080 x 2340 pixels, 19.5:9 ratio (~402 ppi density)"},{"label":"Protection","value":"Corning Gorilla Glass 6"}]},{"category":"Platform","specs":[{"label":"OS","value":"Android 9.0 (Pie), upgradable to Android 10, OxygenOS 10"},{"label":"Chipset","value":"Qualcomm SDM845 Snapdragon 845 (10 nm)"},{"label":"CPU","value":"Octa-core (4x2.8 GHz Kryo 385 Gold & 4x1.7 GHz Kryo 385 Silver)"},{"label":"GPU","value":"Adreno 630"}]},{"category":"Memory","specs":[{"label":"Card slot","value":"No"},{"label":"Internal","value":"256GB 10GB RAM"}]},{"category":"Main Camera","specs":[{"label":"Dual","value":"16 MP, f/1.7, 25mm (wide), 1/2.6\\", 1.22µm, PDAF, OIS"},{"label":"Features","value":"Dual-LED flash, HDR, panorama"},{"label":"Video","value":"4K@30/60fps, 1080p@30/60/240fps, 720p@480fps, Auto HDR, gyro-EIS"}]},{"category":"Selfie camera","specs":[{"label":"Single","value":"16 MP, f/2.0, 25mm (wide), 1/3.06\\", 1.0µm"},{"label":"Video","value":"1080p@30fps, gyro-EIS"},{"label":"Features","value":"HDR"}]},{"category":"Sound","specs":[{"label":"Loudspeaker","value":"Yes"},{"label":"3.5mm jack","value":"No"}]},{"category":"Comms","specs":[{"label":"WLAN","value":"Wi-Fi 802.11 a/b/g/n/ac, dual-band, Wi-Fi Direct, DLNA"},{"label":"Bluetooth","value":"5.0, A2DP, aptX HD, LE"},{"label":"Positioning","value":"GPS, GLONASS, BDS, GALILEO"},{"label":"NFC","value":"Yes"},{"label":"USB","value":"USB Type-C 2.0, OTG"},{"label":"Radio","value":"No"}]},{"category":"Features","specs":[{"label":"Sensors","value":"Fingerprint (under display, optical), accelerometer, gyro, proximity, compass"}]},{"category":"Battery","specs":[{"label":"Type","value":"Li-Po 3700 mAh, non-removable"},{"label":"Charging","value":"30W wired, 50% in 20 min"}]},{"category":"Misc","specs":[{"label":"Colors","value":"Speed Orange"},{"label":"Price","value":"About 700 EUR"}]}]');
INSERT OR IGNORE INTO device_pictures (device_id, url, position) VALUES (701, 'https://fdn2.gsmarena.com/vv/bigpic/oneplus-6t-mclaren-edition.jpg', 0);
INSERT OR IGNORE INTO device_pictures (device_id, url, position) VALUES (701, 'https://fdn2.gsmarena.com/vv/pics/oneplus/oneplus-6t-mclaren-edition.jpg', 1);
INSERT OR IGNORE INTO device_pictures (device_id, url, position) VALUES (701, 'https://fdn2.gsmarena.com/vv/pics/oneplus/oneplus-6t-mclaren-edition1.jpg', 2);
INSERT OR IGNORE INTO devices (id, brand_id, name, gsmarena_url, thumbnail_url, summary) VALUES (702, 4, '6T', 'https://www.gsmarena.com/oneplus_6t-9350.php', 'https://fdn2.gsmarena.com/vv/bigpic/oneplus-6t-thunder-purple.jpg', '6T');
INSERT OR IGNORE INTO device_specs (device_id, announced, status, network, os, chipset, cpu, gpu, display_size, display_type, display_res, ram, storage, main_camera, selfie_camera, battery, charging, nfc, usb, bluetooth, wlan, colors, weight, dimensions, sim, sensors, popularity, fans, rating, full_specs_json) VALUES (702, '2018, October 29. Released 2018, November 01', 'Discontinued', 'GSM / CDMA / HSPA / LTE / 4G/LTE', 'Android 9.0 (Pie), upgradable to Android 11, OxygenOS 11.1.1.1', 'Qualcomm SDM845 Snapdragon 845 (10 nm)', 'Octa-core (4x2.8 GHz Kryo 385 Gold & 4x1.7 GHz Kryo 385 Silver)', 'Adreno 630', '6.41 inches, 100.9 cm 2 (~85.6% screen-to-body ratio)', 'Optic AMOLED', '1080 x 2340 pixels, 19.5:9 ratio (~402 ppi density)', '6GB', '128GB', '16 MP, f/1.7, 25mm (wide), 1/2.6", 1.22µm, PDAF, OIS, Dual-LED flash, HDR, panorama', '16 MP, f/2.0, 25mm (wide), 1/3.06", 1.0µm, 1080p@30fps, gyro-EIS', 'Li-Po 3700 mAh, non-removable', '20W wired', 'Yes', 'USB Type-C 2.0, OTG', '5.0, A2DP, aptX HD, LE', 'Wi-Fi 802.11 a/b/g/n/ac, dual-band, Wi-Fi Direct, DLNA', 'Thunder Purple, Mirror Black, Midnight Black', '185 g (6.53 oz)', '157.5 x 74.8 x 8.2 mm (6.20 x 2.94 x 0.32 in)', 'Nano-SIM + Nano-SIM', 'Fingerprint (under display, optical), accelerometer, gyro, proximity, compass', 'About 430 EUR', NULL, NULL, '[{"category":"Network","specs":[{"label":"Technology","value":"GSM / CDMA / HSPA / LTE"},{"label":"2G bands","value":"GSM 850 / 900 / 1800 / 1900"},{"label":"3G bands","value":"HSDPA 800 / 850 / 900 / 1700(AWS) / 1800 / 1900 / 2100"},{"label":"4G bands","value":"1, 2, 3, 4, 5, 7, 12, 13, 17, 18, 19, 20, 25, 26, 28, 29, 30, 32, 34, 38, 39, 40, 41, 46, 66, 71 - Europe, North America"},{"label":"Speed","value":"HSPA 42.2/5.76 Mbps, LTE (5CA) Cat16 1024/150 Mbps"}]},{"category":"Launch","specs":[{"label":"Announced","value":"2018, October 29. Released 2018, November 01"},{"label":"Status","value":"Discontinued"}]},{"category":"Body","specs":[{"label":"Dimensions","value":"157.5 x 74.8 x 8.2 mm (6.20 x 2.94 x 0.32 in)"},{"label":"Weight","value":"185 g (6.53 oz)"},{"label":"Build","value":"Glass front (Gorilla Glass 6), glass back, aluminum frame"},{"label":"SIM","value":"Nano-SIM + Nano-SIM"}]},{"category":"Display","specs":[{"label":"Type","value":"Optic AMOLED"},{"label":"Size","value":"6.41 inches, 100.9 cm 2 (~85.6% screen-to-body ratio)"},{"label":"Resolution","value":"1080 x 2340 pixels, 19.5:9 ratio (~402 ppi density)"},{"label":"Protection","value":"Corning Gorilla Glass 6"}]},{"category":"Platform","specs":[{"label":"OS","value":"Android 9.0 (Pie), upgradable to Android 11, OxygenOS 11.1.1.1"},{"label":"Chipset","value":"Qualcomm SDM845 Snapdragon 845 (10 nm)"},{"label":"CPU","value":"Octa-core (4x2.8 GHz Kryo 385 Gold & 4x1.7 GHz Kryo 385 Silver)"},{"label":"GPU","value":"Adreno 630"}]},{"category":"Memory","specs":[{"label":"Card slot","value":"No"},{"label":"Internal","value":"128GB 6GB RAM, 128GB 8GB RAM, 256GB 8GB RAM"}]},{"category":"Main Camera","specs":[{"label":"Dual","value":"16 MP, f/1.7, 25mm (wide), 1/2.6\\", 1.22µm, PDAF, OIS"},{"label":"Features","value":"Dual-LED flash, HDR, panorama"},{"label":"Video","value":"4K@30/60fps, 1080p@30/60/240fps, 720p@480fps, Auto HDR, gyro-EIS"}]},{"category":"Selfie camera","specs":[{"label":"Single","value":"16 MP, f/2.0, 25mm (wide), 1/3.06\\", 1.0µm"},{"label":"Video","value":"1080p@30fps, gyro-EIS"},{"label":"Features","value":"HDR"}]},{"category":"Sound","specs":[{"label":"Loudspeaker","value":"Yes"},{"label":"3.5mm jack","value":"No"}]},{"category":"Comms","specs":[{"label":"WLAN","value":"Wi-Fi 802.11 a/b/g/n/ac, dual-band, Wi-Fi Direct, DLNA"},{"label":"Bluetooth","value":"5.0, A2DP, aptX HD, LE"},{"label":"Positioning","value":"GPS, GLONASS, BDS, GALILEO"},{"label":"NFC","value":"Yes"},{"label":"USB","value":"USB Type-C 2.0, OTG"},{"label":"Radio","value":"No"}]},{"category":"Features","specs":[{"label":"Sensors","value":"Fingerprint (under display, optical), accelerometer, gyro, proximity, compass"}]},{"category":"Battery","specs":[{"label":"Type","value":"Li-Po 3700 mAh, non-removable"},{"label":"Charging","value":"20W wired"}]},{"category":"Misc","specs":[{"label":"Colors","value":"Thunder Purple, Mirror Black, Midnight Black"},{"label":"Models","value":"A6010, A6013"},{"label":"Price","value":"About 430 EUR"}]}]');
INSERT OR IGNORE INTO device_pictures (device_id, url, position) VALUES (702, 'https://fdn2.gsmarena.com/vv/bigpic/oneplus-6t-thunder-purple.jpg', 0);
INSERT OR IGNORE INTO device_pictures (device_id, url, position) VALUES (702, 'https://fdn2.gsmarena.com/vv/pics/oneplus/oneplus-6t-thunder-purple-1.jpg', 1);
INSERT OR IGNORE INTO device_pictures (device_id, url, position) VALUES (702, 'https://fdn2.gsmarena.com/vv/pics/oneplus/oneplus-6t-midnight-black.jpg', 2);
INSERT OR IGNORE INTO device_pictures (device_id, url, position) VALUES (702, 'https://fdn2.gsmarena.com/vv/pics/oneplus/oneplus-6t-2.jpg', 3);
INSERT OR IGNORE INTO device_pictures (device_id, url, position) VALUES (702, 'https://fdn2.gsmarena.com/vv/pics/oneplus/oneplus-6t-thunder-purple-2.jpg', 4);
INSERT OR IGNORE INTO device_pictures (device_id, url, position) VALUES (702, 'https://fdn.gsmarena.com/imgroot/reviews/18/oneplus-6t/gal/-1024w2/gsmarena_011.jpg', 5);
INSERT OR IGNORE INTO device_pictures (device_id, url, position) VALUES (702, 'https://fdn.gsmarena.com/imgroot/reviews/18/oneplus-6t/gal/-1024w2/gsmarena_012.jpg', 6);
INSERT OR IGNORE INTO device_pictures (device_id, url, position) VALUES (702, 'https://fdn.gsmarena.com/imgroot/reviews/18/oneplus-6t/gal/-1024w2/gsmarena_013.jpg', 7);
INSERT OR IGNORE INTO device_pictures (device_id, url, position) VALUES (702, 'https://fdn.gsmarena.com/imgroot/reviews/18/oneplus-6t/gal/-1024w2/gsmarena_014.jpg', 8);
INSERT OR IGNORE INTO device_pictures (device_id, url, position) VALUES (702, 'https://fdn.gsmarena.com/imgroot/reviews/18/oneplus-6t/gal/-1024w2/gsmarena_015.jpg', 9);
INSERT OR IGNORE INTO devices (id, brand_id, name, gsmarena_url, thumbnail_url, summary) VALUES (703, 4, '6', 'https://www.gsmarena.com/oneplus_6-9109.php', 'https://fdn2.gsmarena.com/vv/bigpic/oneplus-6-red.jpg', '6');
INSERT OR IGNORE INTO device_specs (device_id, announced, status, network, os, chipset, cpu, gpu, display_size, display_type, display_res, ram, storage, main_camera, selfie_camera, battery, charging, nfc, usb, bluetooth, wlan, colors, weight, dimensions, sim, sensors, popularity, fans, rating, full_specs_json) VALUES (703, '2018, May 16. Released 2018, May 17', 'Discontinued', 'GSM / CDMA / HSPA / LTE / 4G/LTE', 'Android 8.1 (Oreo), upgradable to Android 11, OxygenOS 11.1.1.1', 'Qualcomm SDM845 Snapdragon 845 (10 nm)', 'Octa-core (4x2.8 GHz Kryo 385 Gold & 4x1.7 GHz Kryo 385 Silver)', 'Adreno 630', '6.28 inches, 98.4 cm 2 (~83.8% screen-to-body ratio)', 'Optic AMOLED', '1080 x 2280 pixels, 19:9 ratio (~402 ppi density)', '6GB', '64GB', '16 MP, f/1.7, 25mm (wide), 1/2.6", 1.22µm, PDAF, OIS, Dual-LED flash, HDR, panorama', '16 MP, f/2.0, 25mm (wide), 1/3.06", 1.0µm, 1080p@30fps, gyro-EIS', 'Li-Po 3300 mAh, non-removable', '20W wired', 'Yes', 'USB Type-C 2.0', '5.0, A2DP, LE, aptX HD', 'Wi-Fi 802.11 a/b/g/n/ac, dual-band, Wi-Fi Direct, DLNA', 'Midnight Black, Mirror Black, Silk White, Amber Red', '177 g (6.24 oz)', '155.7 x 75.4 x 7.8 mm (6.13 x 2.97 x 0.31 in)', 'Nano-SIM + Nano-SIM', 'Fingerprint (rear-mounted), accelerometer, gyro, proximity, compass', 'About 410 EUR', NULL, NULL, '[{"category":"Network","specs":[{"label":"Technology","value":"GSM / CDMA / HSPA / LTE"},{"label":"2G bands","value":"GSM 850 / 900 / 1800 / 1900"},{"label":"3G bands","value":"HSDPA 800 / 850 / 900 / 1700(AWS) / 1900 / 2100"},{"label":"4G bands","value":"1, 2, 3, 4, 5, 7, 8, 12, 17, 18, 19, 20, 25, 26, 28, 29, 30, 32, 34, 38, 39, 40, 41, 66, 71 - Europe, North America"},{"label":"Speed","value":"HSPA 42.2/5.76 Mbps, LTE (4CA) Cat16 1024/150 Mbps"}]},{"category":"Launch","specs":[{"label":"Announced","value":"2018, May 16. Released 2018, May 17"},{"label":"Status","value":"Discontinued"}]},{"category":"Body","specs":[{"label":"Dimensions","value":"155.7 x 75.4 x 7.8 mm (6.13 x 2.97 x 0.31 in)"},{"label":"Weight","value":"177 g (6.24 oz)"},{"label":"Build","value":"Glass front (Gorilla Glass 5), glass back, aluminum frame"},{"label":"SIM","value":"Nano-SIM + Nano-SIM"}]},{"category":"Display","specs":[{"label":"Type","value":"Optic AMOLED"},{"label":"Size","value":"6.28 inches, 98.4 cm 2 (~83.8% screen-to-body ratio)"},{"label":"Resolution","value":"1080 x 2280 pixels, 19:9 ratio (~402 ppi density)"},{"label":"Protection","value":"Corning Gorilla Glass 5"}]},{"category":"Platform","specs":[{"label":"OS","value":"Android 8.1 (Oreo), upgradable to Android 11, OxygenOS 11.1.1.1"},{"label":"Chipset","value":"Qualcomm SDM845 Snapdragon 845 (10 nm)"},{"label":"CPU","value":"Octa-core (4x2.8 GHz Kryo 385 Gold & 4x1.7 GHz Kryo 385 Silver)"},{"label":"GPU","value":"Adreno 630"}]},{"category":"Memory","specs":[{"label":"Card slot","value":"No"},{"label":"Internal","value":"64GB 6GB RAM, 128GB 8GB RAM, 256GB 8GB RAM"}]},{"category":"Main Camera","specs":[{"label":"Dual","value":"16 MP, f/1.7, 25mm (wide), 1/2.6\\", 1.22µm, PDAF, OIS"},{"label":"Features","value":"Dual-LED flash, HDR, panorama"},{"label":"Video","value":"4K@30/60fps, 1080p@30/60/240fps, 720p@480fps, Auto HDR"}]},{"category":"Selfie camera","specs":[{"label":"Single","value":"16 MP, f/2.0, 25mm (wide), 1/3.06\\", 1.0µm"},{"label":"Video","value":"1080p@30fps, gyro-EIS"},{"label":"Features","value":"HDR"}]},{"category":"Sound","specs":[{"label":"Loudspeaker","value":"Yes"},{"label":"3.5mm jack","value":"Yes"}]},{"category":"Comms","specs":[{"label":"WLAN","value":"Wi-Fi 802.11 a/b/g/n/ac, dual-band, Wi-Fi Direct, DLNA"},{"label":"Bluetooth","value":"5.0, A2DP, LE, aptX HD"},{"label":"Positioning","value":"GPS, GLONASS, BDS, GALILEO"},{"label":"NFC","value":"Yes"},{"label":"USB","value":"USB Type-C 2.0"},{"label":"Radio","value":"No"}]},{"category":"Features","specs":[{"label":"Sensors","value":"Fingerprint (rear-mounted), accelerometer, gyro, proximity, compass"}]},{"category":"Battery","specs":[{"label":"Type","value":"Li-Po 3300 mAh, non-removable"},{"label":"Charging","value":"20W wired"}]},{"category":"Misc","specs":[{"label":"Colors","value":"Midnight Black, Mirror Black, Silk White, Amber Red"},{"label":"Models","value":"A6000, A6003"},{"label":"Price","value":"About 410 EUR"}]}]');
INSERT OR IGNORE INTO device_pictures (device_id, url, position) VALUES (703, 'https://fdn2.gsmarena.com/vv/bigpic/oneplus-6-red.jpg', 0);
INSERT OR IGNORE INTO device_pictures (device_id, url, position) VALUES (703, 'https://fdn2.gsmarena.com/vv/pics/oneplus/oneplus-6-amber-red.jpg', 1);
INSERT OR IGNORE INTO device_pictures (device_id, url, position) VALUES (703, 'https://fdn2.gsmarena.com/vv/pics/oneplus/oneplus-6-5.jpg', 2);
INSERT OR IGNORE INTO device_pictures (device_id, url, position) VALUES (703, 'https://fdn2.gsmarena.com/vv/pics/oneplus/oneplus-6-6.jpg', 3);
INSERT OR IGNORE INTO device_pictures (device_id, url, position) VALUES (703, 'https://fdn2.gsmarena.com/vv/pics/oneplus/oneplus-6-7.jpg', 4);
INSERT OR IGNORE INTO device_pictures (device_id, url, position) VALUES (703, 'https://fdn.gsmarena.com/imgroot/reviews/18/oneplus-6/gal/-1024w2/gsmarena_010.jpg', 5);
INSERT OR IGNORE INTO device_pictures (device_id, url, position) VALUES (703, 'https://fdn.gsmarena.com/imgroot/reviews/18/oneplus-6/gal/-1024w2/gsmarena_011.jpg', 6);
INSERT OR IGNORE INTO device_pictures (device_id, url, position) VALUES (703, 'https://fdn.gsmarena.com/imgroot/reviews/18/oneplus-6/gal/-1024w2/gsmarena_012.jpg', 7);
INSERT OR IGNORE INTO device_pictures (device_id, url, position) VALUES (703, 'https://fdn.gsmarena.com/imgroot/reviews/18/oneplus-6/gal/-1024w2/gsmarena_013.jpg', 8);
INSERT OR IGNORE INTO device_pictures (device_id, url, position) VALUES (703, 'https://fdn.gsmarena.com/imgroot/reviews/18/oneplus-6/gal/-1024w2/gsmarena_014.jpg', 9);
INSERT OR IGNORE INTO devices (id, brand_id, name, gsmarena_url, thumbnail_url, summary) VALUES (704, 4, '5T', 'https://www.gsmarena.com/oneplus_5t-8912.php', 'https://fdn2.gsmarena.com/vv/bigpic/oneplus-5t.jpg', '5T');
INSERT OR IGNORE INTO device_specs (device_id, announced, status, network, os, chipset, cpu, gpu, display_size, display_type, display_res, ram, storage, main_camera, selfie_camera, battery, charging, nfc, usb, bluetooth, wlan, colors, weight, dimensions, sim, sensors, popularity, fans, rating, full_specs_json) VALUES (704, '2017, November 16. Released 2017, November 21', 'Discontinued', 'GSM / CDMA / HSPA / LTE / 4G/LTE', 'Android 7.1.1 (Nougat), upgradable to Android 10, OxygenOS 10.0.0', 'Qualcomm MSM8998 Snapdragon 835 (10 nm)', 'Octa-core (4x2.45 GHz Kryo & 4x1.9 GHz Kryo)', 'Adreno 540', '6.01 inches, 93.7 cm 2 (~80.0% screen-to-body ratio)', 'Optic AMOLED', '1080 x 2160 pixels, 18:9 ratio (~401 ppi density)', '6GB', '64GB', '16 MP, f/1.7, 27mm (wide), 1/2.8", 1.12µm, PDAF, Dual-LED flash, HDR, panorama', '16 MP, f/2.0, 20mm (wide), 1/3.06", 1.0µm, 1080p (gyro-EIS)', 'Li-Po 3300 mAh, non-removable', '20W wired', 'Yes', 'USB Type-C 2.0', '5.0, A2DP, LE, aptX HD', 'Wi-Fi 802.11 a/b/g/n/ac, dual-band, Wi-Fi Direct, DLNA', 'Midnight Black, Lava Red, Sandstone White', '162 g (5.71 oz)', '156.1 x 75 x 7.3 mm (6.15 x 2.95 x 0.29 in)', 'Nano-SIM + Nano-SIM', 'Fingerprint (rear-mounted), accelerometer, gyro, proximity, compass', 'About 840 EUR', NULL, NULL, '[{"category":"Network","specs":[{"label":"Technology","value":"GSM / CDMA / HSPA / LTE"},{"label":"2G bands","value":"GSM 850 / 900 / 1800 / 1900 - SIM 1 & SIM 2"},{"label":"3G bands","value":"HSDPA 850 / 900 / 1700(AWS) / 1900 / 2100"},{"label":"4G bands","value":"1, 2, 3, 4, 5, 7, 8, 12, 17, 18, 19, 20, 25, 26, 28, 29, 30, 34, 38, 39, 40, 41, 66"},{"label":"Speed","value":"HSPA 42.2/5.76 Mbps, LTE (3CA) Cat12 600/150 Mbps"}]},{"category":"Launch","specs":[{"label":"Announced","value":"2017, November 16. Released 2017, November 21"},{"label":"Status","value":"Discontinued"}]},{"category":"Body","specs":[{"label":"Dimensions","value":"156.1 x 75 x 7.3 mm (6.15 x 2.95 x 0.29 in)"},{"label":"Weight","value":"162 g (5.71 oz)"},{"label":"Build","value":"Glass front (Gorilla Glass 5), aluminum back, aluminum frame"},{"label":"SIM","value":"Nano-SIM + Nano-SIM"}]},{"category":"Display","specs":[{"label":"Type","value":"Optic AMOLED"},{"label":"Size","value":"6.01 inches, 93.7 cm 2 (~80.0% screen-to-body ratio)"},{"label":"Resolution","value":"1080 x 2160 pixels, 18:9 ratio (~401 ppi density)"},{"label":"Protection","value":"Corning Gorilla Glass 5"}]},{"category":"Platform","specs":[{"label":"OS","value":"Android 7.1.1 (Nougat), upgradable to Android 10, OxygenOS 10.0.0"},{"label":"Chipset","value":"Qualcomm MSM8998 Snapdragon 835 (10 nm)"},{"label":"CPU","value":"Octa-core (4x2.45 GHz Kryo & 4x1.9 GHz Kryo)"},{"label":"GPU","value":"Adreno 540"}]},{"category":"Memory","specs":[{"label":"Card slot","value":"No"},{"label":"Internal","value":"64GB 6GB RAM, 128GB 8GB RAM"}]},{"category":"Main Camera","specs":[{"label":"Dual","value":"16 MP, f/1.7, 27mm (wide), 1/2.8\\", 1.12µm, PDAF"},{"label":"Features","value":"Dual-LED flash, HDR, panorama"},{"label":"Video","value":"4K@30fps, 1080p@30/60fps, 720p@30/120fps, Auto HDR"}]},{"category":"Selfie camera","specs":[{"label":"Single","value":"16 MP, f/2.0, 20mm (wide), 1/3.06\\", 1.0µm"},{"label":"Video","value":"1080p (gyro-EIS)"},{"label":"Features","value":"HDR"}]},{"category":"Sound","specs":[{"label":"Loudspeaker","value":"Yes"},{"label":"3.5mm jack","value":"Yes"}]},{"category":"Comms","specs":[{"label":"WLAN","value":"Wi-Fi 802.11 a/b/g/n/ac, dual-band, Wi-Fi Direct, DLNA"},{"label":"Bluetooth","value":"5.0, A2DP, LE, aptX HD"},{"label":"Positioning","value":"GPS, GLONASS, BDS, GALILEO"},{"label":"NFC","value":"Yes"},{"label":"USB","value":"USB Type-C 2.0"},{"label":"Radio","value":"No"}]},{"category":"Features","specs":[{"label":"Sensors","value":"Fingerprint (rear-mounted), accelerometer, gyro, proximity, compass"}]},{"category":"Battery","specs":[{"label":"Type","value":"Li-Po 3300 mAh, non-removable"},{"label":"Charging","value":"20W wired"}]},{"category":"Misc","specs":[{"label":"Colors","value":"Midnight Black, Lava Red, Sandstone White"},{"label":"Models","value":"A5010"},{"label":"Price","value":"About 840 EUR"}]}]');
INSERT OR IGNORE INTO device_pictures (device_id, url, position) VALUES (704, 'https://fdn2.gsmarena.com/vv/bigpic/oneplus-5t.jpg', 0);
INSERT OR IGNORE INTO device_pictures (device_id, url, position) VALUES (704, 'https://fdn2.gsmarena.com/vv/pics/oneplus/oneplus-5t-1.jpg', 1);
INSERT OR IGNORE INTO device_pictures (device_id, url, position) VALUES (704, 'https://fdn2.gsmarena.com/vv/pics/oneplus/oneplus-5t-sandstone-white.jpg', 2);
INSERT OR IGNORE INTO device_pictures (device_id, url, position) VALUES (704, 'https://fdn.gsmarena.com/imgroot/reviews/17/oneplus-5t/lifestyle/-728w2/gsmarena_020.jpg', 3);
INSERT OR IGNORE INTO device_pictures (device_id, url, position) VALUES (704, 'https://fdn.gsmarena.com/imgroot/reviews/17/oneplus-5t/lifestyle/-728w2/gsmarena_002.jpg', 4);
INSERT OR IGNORE INTO device_pictures (device_id, url, position) VALUES (704, 'https://fdn.gsmarena.com/imgroot/reviews/17/oneplus-5t/lifestyle/-728w2/gsmarena_004.jpg', 5);
INSERT OR IGNORE INTO device_pictures (device_id, url, position) VALUES (704, 'https://fdn.gsmarena.com/imgroot/reviews/17/oneplus-5t/lifestyle/-728w2/gsmarena_006.jpg', 6);
INSERT OR IGNORE INTO device_pictures (device_id, url, position) VALUES (704, 'https://fdn.gsmarena.com/imgroot/reviews/17/oneplus-5t/lifestyle/-728w2/gsmarena_014.jpg', 7);
INSERT OR IGNORE INTO device_pictures (device_id, url, position) VALUES (704, 'https://fdn.gsmarena.com/imgroot/reviews/17/oneplus-5t/lifestyle/-728w2/gsmarena_015.jpg', 8);
INSERT OR IGNORE INTO device_pictures (device_id, url, position) VALUES (704, 'https://fdn.gsmarena.com/imgroot/reviews/17/oneplus-5t/lifestyle/-728w2/gsmarena_017.jpg', 9);
INSERT OR IGNORE INTO devices (id, brand_id, name, gsmarena_url, thumbnail_url, summary) VALUES (705, 4, '5', 'https://www.gsmarena.com/oneplus_5-8647.php', 'https://fdn2.gsmarena.com/vv/bigpic/oneplus-5.jpg', '5');
INSERT OR IGNORE INTO device_specs (device_id, announced, status, network, os, chipset, cpu, gpu, display_size, display_type, display_res, ram, storage, main_camera, selfie_camera, battery, charging, nfc, usb, bluetooth, wlan, colors, weight, dimensions, sim, sensors, popularity, fans, rating, full_specs_json) VALUES (705, '2017, June. Released 2017, June', 'Discontinued', 'GSM / CDMA / HSPA / LTE / 4G/LTE', 'Android 7.1.1 (Nougat), upgradable to Android 10, OxygenOS 10.0.0', 'Qualcomm MSM8998 Snapdragon 835 (10 nm)', 'Octa-core (4x2.45 GHz Kryo & 4x1.9 GHz Kryo)', 'Adreno 540', '5.5 inches, 83.4 cm 2 (~73.0% screen-to-body ratio)', 'Optic AMOLED', '1080 x 1920 pixels, 16:9 ratio (~401 ppi density)', '6GB', '64GB', '16 MP, f/1.7, 24mm (wide), 1/2.8", 1.12µm, PDAF, HDR, panorama, dual-LED flash', '16 MP, f/2.0, 20mm (wide), 1/3.06", 1.0µm, 1080p (gyro-EIS)', 'Li-Po 3300 mAh, non-removable', '20W wired', 'Yes', 'USB Type-C 2.0', '5.0, A2DP, LE, aptX HD', 'Wi-Fi 802.11 a/b/g/n/ac, Wi-Fi Direct, DLNA', 'Midnight Black, Slate Gray', '153 g (5.40 oz)', '154.2 x 74.1 x 7.3 mm (6.07 x 2.92 x 0.29 in)', 'Nano-SIM + Nano-SIM', 'Fingerprint (front-mounted), accelerometer, gyro, proximity, compass', 'About 500 EUR', NULL, NULL, '[{"category":"Network","specs":[{"label":"Technology","value":"GSM / CDMA / HSPA / LTE"},{"label":"2G bands","value":"GSM 850 / 900 / 1800 / 1900 - SIM 1 & SIM 2"},{"label":"3G bands","value":"HSDPA 850 / 900 / 1700(AWS) / 1900 / 2100"},{"label":"4G bands","value":"1, 2, 3, 4, 5, 7, 8, 12, 17, 18, 19, 20, 25, 26, 28, 29, 30, 38, 39, 40, 41, 66"},{"label":"Speed","value":"HSPA 42.2/5.76 Mbps, LTE (3CA) Cat12 600/150 Mbps"}]},{"category":"Launch","specs":[{"label":"Announced","value":"2017, June. Released 2017, June"},{"label":"Status","value":"Discontinued"}]},{"category":"Body","specs":[{"label":"Dimensions","value":"154.2 x 74.1 x 7.3 mm (6.07 x 2.92 x 0.29 in)"},{"label":"Weight","value":"153 g (5.40 oz)"},{"label":"Build","value":"Glass front (Gorilla Glass 5), aluminum back, aluminum frame"},{"label":"SIM","value":"Nano-SIM + Nano-SIM"}]},{"category":"Display","specs":[{"label":"Type","value":"Optic AMOLED"},{"label":"Size","value":"5.5 inches, 83.4 cm 2 (~73.0% screen-to-body ratio)"},{"label":"Resolution","value":"1080 x 1920 pixels, 16:9 ratio (~401 ppi density)"},{"label":"Protection","value":"Corning Gorilla Glass 5"}]},{"category":"Platform","specs":[{"label":"OS","value":"Android 7.1.1 (Nougat), upgradable to Android 10, OxygenOS 10.0.0"},{"label":"Chipset","value":"Qualcomm MSM8998 Snapdragon 835 (10 nm)"},{"label":"CPU","value":"Octa-core (4x2.45 GHz Kryo & 4x1.9 GHz Kryo)"},{"label":"GPU","value":"Adreno 540"}]},{"category":"Memory","specs":[{"label":"Card slot","value":"No"},{"label":"Internal","value":"64GB 6GB RAM, 128GB 8GB RAM"}]},{"category":"Main Camera","specs":[{"label":"Dual","value":"16 MP, f/1.7, 24mm (wide), 1/2.8\\", 1.12µm, PDAF"},{"label":"Features","value":"HDR, panorama, dual-LED flash"},{"label":"Video","value":"4K@30fps, 1080p@30/60fps, 720p@30/120/480fps, Auto HDR"}]},{"category":"Selfie camera","specs":[{"label":"Single","value":"16 MP, f/2.0, 20mm (wide), 1/3.06\\", 1.0µm"},{"label":"Video","value":"1080p (gyro-EIS)"},{"label":"Features","value":"HDR"}]},{"category":"Sound","specs":[{"label":"Loudspeaker","value":"Yes"},{"label":"3.5mm jack","value":"Yes"}]},{"category":"Comms","specs":[{"label":"WLAN","value":"Wi-Fi 802.11 a/b/g/n/ac, Wi-Fi Direct, DLNA"},{"label":"Bluetooth","value":"5.0, A2DP, LE, aptX HD"},{"label":"Positioning","value":"GPS, GLONASS, BDS, GALILEO"},{"label":"NFC","value":"Yes"},{"label":"USB","value":"USB Type-C 2.0"},{"label":"Radio","value":"No"}]},{"category":"Features","specs":[{"label":"Sensors","value":"Fingerprint (front-mounted), accelerometer, gyro, proximity, compass"}]},{"category":"Battery","specs":[{"label":"Type","value":"Li-Po 3300 mAh, non-removable"},{"label":"Charging","value":"20W wired"}]},{"category":"Misc","specs":[{"label":"Colors","value":"Midnight Black, Slate Gray"},{"label":"Models","value":"A5000"},{"label":"Price","value":"About 500 EUR"}]}]');
INSERT OR IGNORE INTO device_pictures (device_id, url, position) VALUES (705, 'https://fdn2.gsmarena.com/vv/bigpic/oneplus-5.jpg', 0);
INSERT OR IGNORE INTO device_pictures (device_id, url, position) VALUES (705, 'https://fdn2.gsmarena.com/vv/pics/oneplus/oneplus-5-midnight-black-1.jpg', 1);
INSERT OR IGNORE INTO device_pictures (device_id, url, position) VALUES (705, 'https://fdn2.gsmarena.com/vv/pics/oneplus/oneplus-5-slate-gray-1.jpg', 2);
INSERT OR IGNORE INTO device_pictures (device_id, url, position) VALUES (705, 'https://fdn2.gsmarena.com/vv/pics/oneplus/oneplus-5-slate-gray-2.jpg', 3);
INSERT OR IGNORE INTO device_pictures (device_id, url, position) VALUES (705, 'https://fdn.gsmarena.com/imgroot/reviews/17/oneplus-5/lifestyle/-728w2/gsmarena_006.jpg', 4);
INSERT OR IGNORE INTO device_pictures (device_id, url, position) VALUES (705, 'https://fdn.gsmarena.com/imgroot/reviews/17/oneplus-5/lifestyle/-728w2/gsmarena_005.jpg', 5);
INSERT OR IGNORE INTO device_pictures (device_id, url, position) VALUES (705, 'https://fdn.gsmarena.com/imgroot/reviews/17/oneplus-5/lifestyle/-728w2/gsmarena_008.jpg', 6);
INSERT OR IGNORE INTO device_pictures (device_id, url, position) VALUES (705, 'https://fdn.gsmarena.com/imgroot/reviews/17/oneplus-5/lifestyle/-728w2/gsmarena_009.jpg', 7);
INSERT OR IGNORE INTO device_pictures (device_id, url, position) VALUES (705, 'https://fdn.gsmarena.com/imgroot/reviews/17/oneplus-5/lifestyle/-728w2/gsmarena_012.jpg', 8);
INSERT OR IGNORE INTO device_pictures (device_id, url, position) VALUES (705, 'https://fdn.gsmarena.com/imgroot/reviews/17/oneplus-5/lifestyle/-728w2/gsmarena_016.jpg', 9);
INSERT OR IGNORE INTO devices (id, brand_id, name, gsmarena_url, thumbnail_url, summary) VALUES (706, 4, '3T', 'https://www.gsmarena.com/oneplus_3t-8416.php', 'https://fdn2.gsmarena.com/vv/bigpic/oneplus-3t-.jpg', '3T');
INSERT OR IGNORE INTO device_specs (device_id, announced, status, network, os, chipset, cpu, gpu, display_size, display_type, display_res, ram, storage, main_camera, selfie_camera, battery, charging, nfc, usb, bluetooth, wlan, colors, weight, dimensions, sim, sensors, popularity, fans, rating, full_specs_json) VALUES (706, '2016, November. Released 2016, November', 'Discontinued', 'GSM / HSPA / EVDO / LTE / 4G/LTE', 'Android 6.0.1 (Marshmallow), upgradable to Android 9.0 (Pie)', 'Qualcomm MSM8996 Snapdragon 821 (14 nm)', 'Quad-core (2x2.35 GHz Kryo & 2x1.6 GHz Kryo)', 'Adreno 530', '5.5 inches, 83.4 cm 2 (~73.1% screen-to-body ratio)', 'Optic AMOLED', '1080 x 1920 pixels, 16:9 ratio (~401 ppi density)', '6GB', '64GB', '16 MP, f/2.0, 1/2.8", 1.12µm, PDAF, OIS, LED flash, panorama, HDR', '16 MP, f/2.0, (wide), 1/3.06", 1.0µm, 1080p@30fps', 'Li-Ion 3400 mAh, non-removable', '20W wired', 'Yes', 'USB Type-C 2.0', '4.2, A2DP, aptX HD, LE', 'Wi-Fi 802.11 a/b/g/n/ac, Wi-Fi Direct, DLNA', 'Gunmetal, Soft Gold, Midnight Black', '158 g (5.57 oz)', '152.7 x 74.7 x 7.4 mm (6.01 x 2.94 x 0.29 in)', 'Nano-SIM + Nano-SIM', 'Fingerprint (front-mounted), accelerometer, gyro, proximity, compass', 'About 440 EUR', NULL, NULL, '[{"category":"Network","specs":[{"label":"Technology","value":"GSM / HSPA / EVDO / LTE"},{"label":"2G bands","value":"GSM 850 / 900 / 1800 / 1900 - SIM 1 & SIM 2"},{"label":"3G bands","value":"HSDPA 850 / 900 / 1700(AWS) / 1900 / 2100 - North America"},{"label":"4G bands","value":"1, 2, 4, 5, 7, 8, 12, 17, 30 - North America"},{"label":"Speed","value":"HSPA 42.2/5.76 Mbps, LTE (2CA) Cat6 300/50 Mbps"}]},{"category":"Launch","specs":[{"label":"Announced","value":"2016, November. Released 2016, November"},{"label":"Status","value":"Discontinued"}]},{"category":"Body","specs":[{"label":"Dimensions","value":"152.7 x 74.7 x 7.4 mm (6.01 x 2.94 x 0.29 in)"},{"label":"Weight","value":"158 g (5.57 oz)"},{"label":"Build","value":"Glass front (Gorilla Glass 4), aluminum back, aluminum frame"},{"label":"SIM","value":"Nano-SIM + Nano-SIM"}]},{"category":"Display","specs":[{"label":"Type","value":"Optic AMOLED"},{"label":"Size","value":"5.5 inches, 83.4 cm 2 (~73.1% screen-to-body ratio)"},{"label":"Resolution","value":"1080 x 1920 pixels, 16:9 ratio (~401 ppi density)"},{"label":"Protection","value":"Corning Gorilla Glass 4"}]},{"category":"Platform","specs":[{"label":"OS","value":"Android 6.0.1 (Marshmallow), upgradable to Android 9.0 (Pie)"},{"label":"Chipset","value":"Qualcomm MSM8996 Snapdragon 821 (14 nm)"},{"label":"CPU","value":"Quad-core (2x2.35 GHz Kryo & 2x1.6 GHz Kryo)"},{"label":"GPU","value":"Adreno 530"}]},{"category":"Memory","specs":[{"label":"Card slot","value":"No"},{"label":"Internal","value":"64GB 6GB RAM, 128GB 6GB RAM"}]},{"category":"Main Camera","specs":[{"label":"Single","value":"16 MP, f/2.0, 1/2.8\\", 1.12µm, PDAF, OIS"},{"label":"Features","value":"LED flash, panorama, HDR"},{"label":"Video","value":"4K@30fps, 1080p@30/60fps, 720p@120fps, Auto HDR"}]},{"category":"Selfie camera","specs":[{"label":"Single","value":"16 MP, f/2.0, (wide), 1/3.06\\", 1.0µm"},{"label":"Video","value":"1080p@30fps"}]},{"category":"Sound","specs":[{"label":"Loudspeaker","value":"Yes"},{"label":"3.5mm jack","value":"Yes"}]},{"category":"Comms","specs":[{"label":"WLAN","value":"Wi-Fi 802.11 a/b/g/n/ac, Wi-Fi Direct, DLNA"},{"label":"Bluetooth","value":"4.2, A2DP, aptX HD, LE"},{"label":"Positioning","value":"GPS, GLONASS, BDS"},{"label":"NFC","value":"Yes"},{"label":"USB","value":"USB Type-C 2.0"},{"label":"Radio","value":"No"}]},{"category":"Features","specs":[{"label":"Sensors","value":"Fingerprint (front-mounted), accelerometer, gyro, proximity, compass"}]},{"category":"Battery","specs":[{"label":"Type","value":"Li-Ion 3400 mAh, non-removable"},{"label":"Charging","value":"20W wired"}]},{"category":"Misc","specs":[{"label":"Colors","value":"Gunmetal, Soft Gold, Midnight Black"},{"label":"Models","value":"A3010, A3003"},{"label":"SAR","value":"0.99 W/kg (head)     0.65 W/kg (body)"},{"label":"Price","value":"About 440 EUR"}]}]');
INSERT OR IGNORE INTO device_pictures (device_id, url, position) VALUES (706, 'https://fdn2.gsmarena.com/vv/bigpic/oneplus-3t-.jpg', 0);
INSERT OR IGNORE INTO device_pictures (device_id, url, position) VALUES (706, 'https://fdn2.gsmarena.com/vv/pics/oneplus/oneplus-3t-midnight-black.jpg', 1);
INSERT OR IGNORE INTO device_pictures (device_id, url, position) VALUES (706, 'https://fdn2.gsmarena.com/vv/pics/oneplus/oneplus-3t-3.jpg', 2);
INSERT OR IGNORE INTO device_pictures (device_id, url, position) VALUES (706, 'https://fdn2.gsmarena.com/vv/pics/oneplus/oneplus-3-soft-gold.jpg', 3);
INSERT OR IGNORE INTO device_pictures (device_id, url, position) VALUES (706, 'https://fdn.gsmarena.com/imgroot//reviews/16/oneplus-3t/gal/-1024x768w1/gsmarena_001.jpg', 4);
INSERT OR IGNORE INTO device_pictures (device_id, url, position) VALUES (706, 'https://fdn.gsmarena.com/imgroot//reviews/16/oneplus-3t/gal/-1024x768w1/gsmarena_002.jpg', 5);
INSERT OR IGNORE INTO device_pictures (device_id, url, position) VALUES (706, 'https://fdn.gsmarena.com/imgroot//reviews/16/oneplus-3t/gal/-1024x768w1/gsmarena_003.jpg', 6);
INSERT OR IGNORE INTO device_pictures (device_id, url, position) VALUES (706, 'https://fdn.gsmarena.com/imgroot//reviews/16/oneplus-3t/gal/-1024x768w1/gsmarena_004.jpg', 7);
INSERT OR IGNORE INTO device_pictures (device_id, url, position) VALUES (706, 'https://fdn.gsmarena.com/imgroot//reviews/16/oneplus-3t/gal/-1024x768w1/gsmarena_005.jpg', 8);
INSERT OR IGNORE INTO device_pictures (device_id, url, position) VALUES (706, 'https://fdn.gsmarena.com/imgroot//reviews/16/oneplus-3t/gal/-1024x768w1/gsmarena_006.jpg', 9);
INSERT OR IGNORE INTO devices (id, brand_id, name, gsmarena_url, thumbnail_url, summary) VALUES (707, 4, '3', 'https://www.gsmarena.com/oneplus_3-7995.php', 'https://fdn2.gsmarena.com/vv/bigpic/oneplus-3-.jpg', '3');
INSERT OR IGNORE INTO device_specs (device_id, announced, status, network, os, chipset, cpu, gpu, display_size, display_type, display_res, ram, storage, main_camera, selfie_camera, battery, charging, nfc, usb, bluetooth, wlan, colors, weight, dimensions, sim, sensors, popularity, fans, rating, full_specs_json) VALUES (707, '2016, June. Released 2016, June', 'Discontinued', 'GSM / HSPA / LTE / 4G/LTE', 'Android 6.0.1 (Marshmallow), upgradable to Android 9.0 (Pie)', 'Qualcomm MSM8996 Snapdragon 820 (14 nm)', 'Quad-core (2x2.15 GHz Kryo & 2x1.6 GHz Kryo)', 'Adreno 530', '5.5 inches, 83.4 cm 2 (~73.1% screen-to-body ratio)', 'Optic AMOLED', '1080 x 1920 pixels, 16:9 ratio (~401 ppi density)', '6GB', '64GB', '16 MP, f/2.0, 1/2.8", 1.12µm, PDAF, OIS, LED flash, panorama, HDR', '8 MP, f/2.0, 1/3.2", 1.4µm', 'Li-Ion 3000 mAh, non-removable', '20W wired', 'Yes', 'USB Type-C 2.0', '4.2, A2DP, LE, aptX HD', 'Wi-Fi 802.11 a/b/g/n/ac, Wi-Fi Direct, DLNA', 'Graphite, soft gold', '158 g (5.57 oz)', '152.7 x 74.7 x 7.4 mm (6.01 x 2.94 x 0.29 in)', 'Nano-SIM + Nano-SIM', 'Fingerprint (front-mounted), accelerometer, gyro, proximity, compass', 'About 400 EUR', NULL, NULL, '[{"category":"Network","specs":[{"label":"Technology","value":"GSM / HSPA / LTE"},{"label":"2G bands","value":"GSM 850 / 900 / 1800 / 1900 - SIM 1 & SIM 2"},{"label":"3G bands","value":"HSDPA 850 / 900 / 2100"},{"label":"4G bands","value":"1, 3, 5, 7, 8, 20, 38, 40"},{"label":"Speed","value":"HSPA 42.2/5.76 Mbps, LTE (2CA) Cat6 300/50 Mbps"}]},{"category":"Launch","specs":[{"label":"Announced","value":"2016, June. Released 2016, June"},{"label":"Status","value":"Discontinued"}]},{"category":"Body","specs":[{"label":"Dimensions","value":"152.7 x 74.7 x 7.4 mm (6.01 x 2.94 x 0.29 in)"},{"label":"Weight","value":"158 g (5.57 oz)"},{"label":"Build","value":"Glass front (Gorilla Glass 4), aluminum back, aluminum frame"},{"label":"SIM","value":"Nano-SIM + Nano-SIM"}]},{"category":"Display","specs":[{"label":"Type","value":"Optic AMOLED"},{"label":"Size","value":"5.5 inches, 83.4 cm 2 (~73.1% screen-to-body ratio)"},{"label":"Resolution","value":"1080 x 1920 pixels, 16:9 ratio (~401 ppi density)"},{"label":"Protection","value":"Corning Gorilla Glass 4"}]},{"category":"Platform","specs":[{"label":"OS","value":"Android 6.0.1 (Marshmallow), upgradable to Android 9.0 (Pie)"},{"label":"Chipset","value":"Qualcomm MSM8996 Snapdragon 820 (14 nm)"},{"label":"CPU","value":"Quad-core (2x2.15 GHz Kryo & 2x1.6 GHz Kryo)"},{"label":"GPU","value":"Adreno 530"}]},{"category":"Memory","specs":[{"label":"Card slot","value":"No"},{"label":"Internal","value":"64GB 6GB RAM"}]},{"category":"Main Camera","specs":[{"label":"Single","value":"16 MP, f/2.0, 1/2.8\\", 1.12µm, PDAF, OIS"},{"label":"Features","value":"LED flash, panorama, HDR"},{"label":"Video","value":"4K@30fps, 1080p@30/60fps, 720p@120fps, Auto HDR"}]},{"category":"Selfie camera","specs":[{"label":"Single","value":"8 MP, f/2.0, 1/3.2\\", 1.4µm"}]},{"category":"Sound","specs":[{"label":"Loudspeaker","value":"Yes"},{"label":"3.5mm jack","value":"Yes"}]},{"category":"Comms","specs":[{"label":"WLAN","value":"Wi-Fi 802.11 a/b/g/n/ac, Wi-Fi Direct, DLNA"},{"label":"Bluetooth","value":"4.2, A2DP, LE, aptX HD"},{"label":"Positioning","value":"GPS, GLONASS, BDS"},{"label":"NFC","value":"Yes"},{"label":"USB","value":"USB Type-C 2.0"},{"label":"Radio","value":"No"}]},{"category":"Features","specs":[{"label":"Sensors","value":"Fingerprint (front-mounted), accelerometer, gyro, proximity, compass"}]},{"category":"Battery","specs":[{"label":"Type","value":"Li-Ion 3000 mAh, non-removable"},{"label":"Charging","value":"20W wired"}]},{"category":"Misc","specs":[{"label":"Colors","value":"Graphite, soft gold"},{"label":"Models","value":"A3003, A3000, SM-A3000"},{"label":"Price","value":"About 400 EUR"},{"label":"SAR EU","value":"0.39 W/kg (head)     0.32 W/kg (body)"}]}]');
INSERT OR IGNORE INTO device_pictures (device_id, url, position) VALUES (707, 'https://fdn2.gsmarena.com/vv/bigpic/oneplus-3-.jpg', 0);
INSERT OR IGNORE INTO device_pictures (device_id, url, position) VALUES (707, 'https://fdn2.gsmarena.com/vv/pics/oneplus/oneplus-3-3.jpg', 1);
INSERT OR IGNORE INTO device_pictures (device_id, url, position) VALUES (707, 'https://fdn2.gsmarena.com/vv/pics/oneplus/oneplus-3-soft-gold.jpg', 2);
INSERT OR IGNORE INTO device_pictures (device_id, url, position) VALUES (707, 'https://fdn.gsmarena.com/imgroot//reviews/16/oneplus-3/gal/-1024x768w1/gsmarena_001.jpg', 3);
INSERT OR IGNORE INTO device_pictures (device_id, url, position) VALUES (707, 'https://fdn.gsmarena.com/imgroot//reviews/16/oneplus-3/gal/-1024x768w1/gsmarena_002.jpg', 4);
INSERT OR IGNORE INTO device_pictures (device_id, url, position) VALUES (707, 'https://fdn.gsmarena.com/imgroot//reviews/16/oneplus-3/gal/-1024x768w1/gsmarena_003.jpg', 5);
INSERT OR IGNORE INTO device_pictures (device_id, url, position) VALUES (707, 'https://fdn.gsmarena.com/imgroot//reviews/16/oneplus-3/gal/-1024x768w1/gsmarena_004.jpg', 6);
INSERT OR IGNORE INTO device_pictures (device_id, url, position) VALUES (707, 'https://fdn.gsmarena.com/imgroot//reviews/16/oneplus-3/gal/-1024x768w1/gsmarena_005.jpg', 7);
INSERT OR IGNORE INTO device_pictures (device_id, url, position) VALUES (707, 'https://fdn.gsmarena.com/imgroot//reviews/16/oneplus-3/gal/-1024x768w1/gsmarena_006.jpg', 8);
INSERT OR IGNORE INTO device_pictures (device_id, url, position) VALUES (707, 'https://fdn.gsmarena.com/imgroot//reviews/16/oneplus-3/gal/-1024x768w1/gsmarena_007.jpg', 9);
INSERT OR IGNORE INTO devices (id, brand_id, name, gsmarena_url, thumbnail_url, summary) VALUES (708, 4, 'X', 'https://www.gsmarena.com/oneplus_x-7630.php', 'https://fdn2.gsmarena.com/vv/bigpic/oneplus-x.jpg', 'X');
INSERT OR IGNORE INTO device_specs (device_id, announced, status, network, os, chipset, cpu, gpu, display_size, display_type, display_res, ram, storage, main_camera, selfie_camera, battery, charging, nfc, usb, bluetooth, wlan, colors, weight, dimensions, sim, sensors, popularity, fans, rating, full_specs_json) VALUES (708, '2015, October. Released 2015, November', 'Discontinued', 'GSM / HSPA / LTE / 4G/LTE', 'Android 5.1.1 (Lollipop), upgradable to 6.0.1 (Marshmallow), OxygenOS 2.2.3', 'Qualcomm Snapdragon 801 (28 nm)', 'Quad-core 2.3 GHz Krait 400', 'Adreno 330', '5.0 inches, 68.9 cm 2 (~71.3% screen-to-body ratio)', 'AMOLED', '1080 x 1920 pixels, 16:9 ratio (~441 ppi density)', '3GB', '16GB', '13 MP, f/2.2, 1/3.1", 1.14µm, PDAF, LED flash, panorama, HDR', '8 MP, f/2.4', 'Li-Po 2525 mAh, non-removable', NULL, 'No', 'microUSB 2.0', '4.0, A2DP', 'Wi-Fi 802.11 b/g/n, hotspot', 'Onyx, Ceramic, Champagne', '138 g / 160 g (4.87 oz)', '140 x 69 x 6.9 mm (5.51 x 2.72 x 0.27 in)', 'Nano-SIM + Nano-SIM', 'Accelerometer, gyro, proximity', 'About 270 EUR', NULL, NULL, '[{"category":"Network","specs":[{"label":"Technology","value":"GSM / HSPA / LTE"},{"label":"2G bands","value":"GSM 850 / 900 / 1800 / 1900 - SIM 1 & SIM 2"},{"label":"3G bands","value":"HSDPA 850 / 900 / 1900 / 2100 - Europe"},{"label":"4G bands","value":"1, 3, 5, 7, 8, 20, 38, 40 - Europe"},{"label":"Speed","value":"HSPA, LTE"}]},{"category":"Launch","specs":[{"label":"Announced","value":"2015, October. Released 2015, November"},{"label":"Status","value":"Discontinued"}]},{"category":"Body","specs":[{"label":"Dimensions","value":"140 x 69 x 6.9 mm (5.51 x 2.72 x 0.27 in)"},{"label":"Weight","value":"138 g / 160 g (4.87 oz)"},{"label":"Build","value":"Glass front (Gorilla Glass 3), glass back, aluminum frame"},{"label":"SIM","value":"Nano-SIM + Nano-SIM"}]},{"category":"Display","specs":[{"label":"Type","value":"AMOLED"},{"label":"Size","value":"5.0 inches, 68.9 cm 2 (~71.3% screen-to-body ratio)"},{"label":"Resolution","value":"1080 x 1920 pixels, 16:9 ratio (~441 ppi density)"},{"label":"Protection","value":"Corning Gorilla Glass 3"}]},{"category":"Platform","specs":[{"label":"OS","value":"Android 5.1.1 (Lollipop), upgradable to 6.0.1 (Marshmallow), OxygenOS 2.2.3"},{"label":"Chipset","value":"Qualcomm Snapdragon 801 (28 nm)"},{"label":"CPU","value":"Quad-core 2.3 GHz Krait 400"},{"label":"GPU","value":"Adreno 330"}]},{"category":"Memory","specs":[{"label":"Card slot","value":"microSDXC (uses shared SIM slot)"},{"label":"Internal","value":"16GB 3GB RAM"}]},{"category":"Main Camera","specs":[{"label":"Single","value":"13 MP, f/2.2, 1/3.1\\", 1.14µm, PDAF"},{"label":"Features","value":"LED flash, panorama, HDR"},{"label":"Video","value":"1080p@30fps, 720p@120fps"}]},{"category":"Selfie camera","specs":[{"label":"Single","value":"8 MP, f/2.4"}]},{"category":"Sound","specs":[{"label":"Loudspeaker","value":"Yes"},{"label":"3.5mm jack","value":"Yes"}]},{"category":"Comms","specs":[{"label":"WLAN","value":"Wi-Fi 802.11 b/g/n, hotspot"},{"label":"Bluetooth","value":"4.0, A2DP"},{"label":"Positioning","value":"GPS, GLONASS, BDS"},{"label":"NFC","value":"No"},{"label":"USB","value":"microUSB 2.0"},{"label":"Radio","value":"FM radio"}]},{"category":"Features","specs":[{"label":"Sensors","value":"Accelerometer, gyro, proximity"}]},{"category":"Battery","specs":[{"label":"Type","value":"Li-Po 2525 mAh, non-removable"}]},{"category":"Misc","specs":[{"label":"Colors","value":"Onyx, Ceramic, Champagne"},{"label":"Models","value":"ONE E1003, ONE E1001, ONE E1005"},{"label":"SAR","value":"1.11 W/kg (head)     1.11 W/kg (body)"},{"label":"Price","value":"About 270 EUR"},{"label":"SAR EU","value":"0.32 W/kg (head)     0.42 W/kg (body)"}]}]');
INSERT OR IGNORE INTO device_pictures (device_id, url, position) VALUES (708, 'https://fdn2.gsmarena.com/vv/bigpic/oneplus-x.jpg', 0);
INSERT OR IGNORE INTO device_pictures (device_id, url, position) VALUES (708, 'https://fdn2.gsmarena.com/vv/pics/oneplus/oneplus-x-champagne.jpg', 1);
INSERT OR IGNORE INTO device_pictures (device_id, url, position) VALUES (708, 'https://fdn2.gsmarena.com/vv/pics/oneplus/oneplus-x-3.jpg', 2);
INSERT OR IGNORE INTO device_pictures (device_id, url, position) VALUES (708, 'https://fdn2.gsmarena.com/vv/pics/oneplus/oneplus-x-4.jpg', 3);
INSERT OR IGNORE INTO device_pictures (device_id, url, position) VALUES (708, 'https://fdn2.gsmarena.com/vv/pics/oneplus/oneplus-x-6.jpg', 4);
INSERT OR IGNORE INTO device_pictures (device_id, url, position) VALUES (708, 'https://fdn.gsmarena.com/imgroot//reviews/15/oneplus-x/gal/-1024x768w1/gsmarena_023.jpg', 5);
INSERT OR IGNORE INTO device_pictures (device_id, url, position) VALUES (708, 'https://fdn.gsmarena.com/imgroot//reviews/15/oneplus-x/gal/-1024x768w1/gsmarena_024.jpg', 6);
INSERT OR IGNORE INTO device_pictures (device_id, url, position) VALUES (708, 'https://fdn.gsmarena.com/imgroot//reviews/15/oneplus-x/gal/-1024x768w1/gsmarena_025.jpg', 7);
INSERT OR IGNORE INTO device_pictures (device_id, url, position) VALUES (708, 'https://fdn.gsmarena.com/imgroot//reviews/15/oneplus-x/gal/-1024x768w1/gsmarena_026.jpg', 8);
INSERT OR IGNORE INTO device_pictures (device_id, url, position) VALUES (708, 'https://fdn.gsmarena.com/imgroot//reviews/15/oneplus-x/gal/-1024x768w1/gsmarena_027.jpg', 9);
INSERT OR IGNORE INTO devices (id, brand_id, name, gsmarena_url, thumbnail_url, summary) VALUES (709, 4, '2', 'https://www.gsmarena.com/oneplus_2-6902.php', 'https://fdn2.gsmarena.com/vv/bigpic/oneplus-two.jpg', '2');
INSERT OR IGNORE INTO device_specs (device_id, announced, status, network, os, chipset, cpu, gpu, display_size, display_type, display_res, ram, storage, main_camera, selfie_camera, battery, charging, nfc, usb, bluetooth, wlan, colors, weight, dimensions, sim, sensors, popularity, fans, rating, full_specs_json) VALUES (709, '2015, July. Released 2015, August', 'Discontinued', 'GSM / HSPA / LTE / 4G/LTE', 'Android 5.1 (Lollipop), upgradable to 6.0.1 (Marshmallow), Oxygen 3.5.6 UI', 'Qualcomm MSM8994 Snapdragon 810 (20 nm)', 'Octa-core (4x1.56 GHz Cortex-A53 & 4x1.82 GHz Cortex-A57)', 'Adreno 430', '5.5 inches, 83.4 cm 2 (~73.3% screen-to-body ratio)', 'IPS LCD', '1080 x 1920 pixels, 16:9 ratio (~401 ppi density)', '3GB', '16GB', '13 MP, f/2.0, 1/2.6", 1.3µm, OIS, Laser AF, Dual-LED flash, panorama, HDR', '5 MP, f/2.4, 720p@30fps', 'Li-Po 3300 mAh, non-removable', NULL, 'No', 'USB Type-C 2.0', '4.1, A2DP', 'Wi-Fi 802.11 a/b/g/n/ac, Wi-Fi Direct, DLNA, hotspot', 'Sandstone Black', '175 g (6.17 oz)', '151.8 x 74.9 x 9.9 mm (5.98 x 2.95 x 0.39 in)', 'Nano-SIM + Nano-SIM', 'Fingerprint (front-mounted), accelerometer, gyro, proximity, compass', 'About 300 EUR', NULL, NULL, '[{"category":"Network","specs":[{"label":"Technology","value":"GSM / HSPA / LTE"},{"label":"2G bands","value":"GSM 850 / 900 / 1800 / 1900 - SIM 1 & SIM 2"},{"label":"3G bands","value":"HSDPA 850 / 900 / 1900 / 2100"},{"label":"4G bands","value":"1, 3, 5, 7, 8, 20, 38, 40, 41"},{"label":"Speed","value":"HSPA 42.2/5.76 Mbps, LTE Cat4 150/50 Mbps"}]},{"category":"Launch","specs":[{"label":"Announced","value":"2015, July. Released 2015, August"},{"label":"Status","value":"Discontinued"}]},{"category":"Body","specs":[{"label":"Dimensions","value":"151.8 x 74.9 x 9.9 mm (5.98 x 2.95 x 0.39 in)"},{"label":"Weight","value":"175 g (6.17 oz)"},{"label":"Build","value":"Glass front (Gorilla Glass 3), plastic back, aluminum frame"},{"label":"SIM","value":"Nano-SIM + Nano-SIM"}]},{"category":"Display","specs":[{"label":"Type","value":"IPS LCD"},{"label":"Size","value":"5.5 inches, 83.4 cm 2 (~73.3% screen-to-body ratio)"},{"label":"Resolution","value":"1080 x 1920 pixels, 16:9 ratio (~401 ppi density)"},{"label":"Protection","value":"Corning Gorilla Glass 3"}]},{"category":"Platform","specs":[{"label":"OS","value":"Android 5.1 (Lollipop), upgradable to 6.0.1 (Marshmallow), Oxygen 3.5.6 UI"},{"label":"Chipset","value":"Qualcomm MSM8994 Snapdragon 810 (20 nm)"},{"label":"CPU","value":"Octa-core (4x1.56 GHz Cortex-A53 & 4x1.82 GHz Cortex-A57)"},{"label":"GPU","value":"Adreno 430"}]},{"category":"Memory","specs":[{"label":"Card slot","value":"No"},{"label":"Internal","value":"16GB 3GB RAM, 64GB 4GB RAM"}]},{"category":"Main Camera","specs":[{"label":"Single","value":"13 MP, f/2.0, 1/2.6\\", 1.3µm, OIS"},{"label":"Features","value":"Laser AF, Dual-LED flash, panorama, HDR"},{"label":"Video","value":"4K@30fps, 4K(DCI)@24fps, 1080p@60fps, 720p@120fps, HDR, stereo sound rec."}]},{"category":"Selfie camera","specs":[{"label":"Single","value":"5 MP, f/2.4"},{"label":"Video","value":"720p@30fps"}]},{"category":"Sound","specs":[{"label":"Loudspeaker","value":"Yes"},{"label":"3.5mm jack","value":"Yes"}]},{"category":"Comms","specs":[{"label":"WLAN","value":"Wi-Fi 802.11 a/b/g/n/ac, Wi-Fi Direct, DLNA, hotspot"},{"label":"Bluetooth","value":"4.1, A2DP"},{"label":"Positioning","value":"GPS, GLONASS"},{"label":"NFC","value":"No"},{"label":"USB","value":"USB Type-C 2.0"},{"label":"Radio","value":"No"}]},{"category":"Features","specs":[{"label":"Sensors","value":"Fingerprint (front-mounted), accelerometer, gyro, proximity, compass"}]},{"category":"Battery","specs":[{"label":"Type","value":"Li-Po 3300 mAh, non-removable"}]},{"category":"Misc","specs":[{"label":"Colors","value":"Sandstone Black"},{"label":"Models","value":"ONE A2003, ONE A2005, ONE A2001"},{"label":"Price","value":"About 300 EUR"},{"label":"SAR EU","value":"0.43 W/kg (head)     0.20 W/kg (body)"}]}]');
INSERT OR IGNORE INTO device_pictures (device_id, url, position) VALUES (709, 'https://fdn2.gsmarena.com/vv/bigpic/oneplus-two.jpg', 0);
INSERT OR IGNORE INTO device_pictures (device_id, url, position) VALUES (709, 'https://fdn2.gsmarena.com/vv/pics/oneplus/oneplus-two-1.jpg', 1);
INSERT OR IGNORE INTO device_pictures (device_id, url, position) VALUES (709, 'https://fdn2.gsmarena.com/vv/pics/oneplus/oneplus-two-2.jpg', 2);
INSERT OR IGNORE INTO device_pictures (device_id, url, position) VALUES (709, 'https://fdn.gsmarena.com/imgroot//reviews/15/oneplus-2/gal/-1024x768w1/gsmarena_001.jpg', 3);
INSERT OR IGNORE INTO device_pictures (device_id, url, position) VALUES (709, 'https://fdn.gsmarena.com/imgroot//reviews/15/oneplus-2/gal/-1024x768w1/gsmarena_002.jpg', 4);
INSERT OR IGNORE INTO device_pictures (device_id, url, position) VALUES (709, 'https://fdn.gsmarena.com/imgroot//reviews/15/oneplus-2/gal/-1024x768w1/gsmarena_003.jpg', 5);
INSERT OR IGNORE INTO device_pictures (device_id, url, position) VALUES (709, 'https://fdn.gsmarena.com/imgroot//reviews/15/oneplus-2/gal/-1024x768w1/gsmarena_004.jpg', 6);
INSERT OR IGNORE INTO device_pictures (device_id, url, position) VALUES (709, 'https://fdn.gsmarena.com/imgroot//reviews/15/oneplus-2/gal/-1024x768w1/gsmarena_005.jpg', 7);
INSERT OR IGNORE INTO device_pictures (device_id, url, position) VALUES (709, 'https://fdn.gsmarena.com/imgroot//reviews/15/oneplus-2/gal/-1024x768w1/gsmarena_006.jpg', 8);
INSERT OR IGNORE INTO device_pictures (device_id, url, position) VALUES (709, 'https://fdn.gsmarena.com/imgroot//reviews/15/oneplus-2/gal/-1024x768w1/gsmarena_007.jpg', 9);
INSERT OR IGNORE INTO devices (id, brand_id, name, gsmarena_url, thumbnail_url, summary) VALUES (710, 4, 'One', 'https://www.gsmarena.com/oneplus_one-6327.php', 'https://fdn2.gsmarena.com/vv/bigpic/oneplus-one.jpg', 'One');
INSERT OR IGNORE INTO device_specs (device_id, announced, status, network, os, chipset, cpu, gpu, display_size, display_type, display_res, ram, storage, main_camera, selfie_camera, battery, charging, nfc, usb, bluetooth, wlan, colors, weight, dimensions, sim, sensors, popularity, fans, rating, full_specs_json) VALUES (710, '2014, April. Released 2014, June', 'Discontinued', 'GSM / HSPA / LTE / 4G/LTE', 'Android 4.4.2 (KitKat), upgradable to 6.0.1 (Marshmallow)', 'Qualcomm MSM8974AC Snapdragon 801 (28 nm)', 'Quad-core 2.5 GHz Krait 400', 'Adreno 330', '5.5 inches, 83.4 cm 2 (~71.9% screen-to-body ratio)', 'IPS LCD', '1080 x 1920 pixels, 16:9 ratio (~401 ppi density)', '3GB', '16GB', '13 MP, f/2.0, 1/3.1", 1.12µm, AF, Dual-LED flash, panorama, HDR', '5 MP, f/2.0, 720p@30fps', 'Li-Po 3100 mAh, non-removable', NULL, 'Yes', 'microUSB 2.0, OTG', '4.1, A2DP', 'Wi-Fi 802.11 a/b/g/n/ac, Wi-Fi Direct, DLNA, hotspot', 'Silk White, Sandstone Black', '162 g (5.71 oz)', '152.9 x 75.9 x 8.9 mm (6.02 x 2.99 x 0.35 in)', 'Micro-SIM', 'Accelerometer, gyro, proximity, compass', 'About 250 EUR', NULL, NULL, '[{"category":"Network","specs":[{"label":"Technology","value":"GSM / HSPA / LTE"},{"label":"2G bands","value":"GSM 850 / 900 / 1800 / 1900"},{"label":"3G bands","value":"HSDPA 850 / 900 / 1700 / 1900 / 2100"},{"label":"4G bands","value":"1, 3, 4, 7, 17, 38, 40"},{"label":"Speed","value":"HSPA 42.2/5.76 Mbps, LTE Cat4 150/50 Mbps"}]},{"category":"Launch","specs":[{"label":"Announced","value":"2014, April. Released 2014, June"},{"label":"Status","value":"Discontinued"}]},{"category":"Body","specs":[{"label":"Dimensions","value":"152.9 x 75.9 x 8.9 mm (6.02 x 2.99 x 0.35 in)"},{"label":"Weight","value":"162 g (5.71 oz)"},{"label":"Build","value":"Glass front (Gorilla Glass 3), plastic back, plastic frame"},{"label":"SIM","value":"Micro-SIM"}]},{"category":"Display","specs":[{"label":"Type","value":"IPS LCD"},{"label":"Size","value":"5.5 inches, 83.4 cm 2 (~71.9% screen-to-body ratio)"},{"label":"Resolution","value":"1080 x 1920 pixels, 16:9 ratio (~401 ppi density)"},{"label":"Protection","value":"Corning Gorilla Glass 3"}]},{"category":"Platform","specs":[{"label":"OS","value":"Android 4.4.2 (KitKat), upgradable to 6.0.1 (Marshmallow)"},{"label":"Chipset","value":"Qualcomm MSM8974AC Snapdragon 801 (28 nm)"},{"label":"CPU","value":"Quad-core 2.5 GHz Krait 400"},{"label":"GPU","value":"Adreno 330"}]},{"category":"Memory","specs":[{"label":"Card slot","value":"No"},{"label":"Internal","value":"16GB 3GB RAM, 64GB 3GB RAM"}]},{"category":"Main Camera","specs":[{"label":"Single","value":"13 MP, f/2.0, 1/3.1\\", 1.12µm, AF"},{"label":"Features","value":"Dual-LED flash, panorama, HDR"},{"label":"Video","value":"4K@30fps, 4K(DCI)@24fps, 1080p@60fps, 720p@120fps, HDR, stereo sound rec."}]},{"category":"Selfie camera","specs":[{"label":"Single","value":"5 MP, f/2.0"},{"label":"Video","value":"720p@30fps"}]},{"category":"Sound","specs":[{"label":"Loudspeaker","value":"Yes, dual mono speakers"},{"label":"3.5mm jack","value":"Yes"}]},{"category":"Comms","specs":[{"label":"WLAN","value":"Wi-Fi 802.11 a/b/g/n/ac, Wi-Fi Direct, DLNA, hotspot"},{"label":"Bluetooth","value":"4.1, A2DP"},{"label":"Positioning","value":"GPS, GLONASS"},{"label":"NFC","value":"Yes"},{"label":"USB","value":"microUSB 2.0, OTG"},{"label":"Radio","value":"No"}]},{"category":"Features","specs":[{"label":"Sensors","value":"Accelerometer, gyro, proximity, compass"}]},{"category":"Battery","specs":[{"label":"Type","value":"Li-Po 3100 mAh, non-removable"}]},{"category":"Misc","specs":[{"label":"Colors","value":"Silk White, Sandstone Black"},{"label":"Models","value":"A0001"},{"label":"SAR","value":"0.62 W/kg (head)     0.75 W/kg (body)"},{"label":"Price","value":"About 250 EUR"}]}]');
INSERT OR IGNORE INTO device_pictures (device_id, url, position) VALUES (710, 'https://fdn2.gsmarena.com/vv/bigpic/oneplus-one.jpg', 0);
INSERT OR IGNORE INTO device_pictures (device_id, url, position) VALUES (710, 'https://fdn2.gsmarena.com/vv/pics/oneplus/oneplus-one-02.jpg', 1);
INSERT OR IGNORE INTO device_pictures (device_id, url, position) VALUES (710, 'https://fdn2.gsmarena.com/vv/pics/oneplus/oneplus-one-05.jpg', 2);
INSERT OR IGNORE INTO device_pictures (device_id, url, position) VALUES (710, 'https://fdn2.gsmarena.com/vv/pics/oneplus/oneplus-one-04.jpg', 3);
INSERT OR IGNORE INTO device_pictures (device_id, url, position) VALUES (710, 'https://fdn.gsmarena.com/vv/reviewsimg/oneplus-one/gal/gsmarena_001.jpg', 4);
INSERT OR IGNORE INTO device_pictures (device_id, url, position) VALUES (710, 'https://fdn.gsmarena.com/vv/reviewsimg/oneplus-one/gal/gsmarena_002.jpg', 5);
INSERT OR IGNORE INTO device_pictures (device_id, url, position) VALUES (710, 'https://fdn.gsmarena.com/vv/reviewsimg/oneplus-one/gal/gsmarena_003.jpg', 6);
INSERT OR IGNORE INTO device_pictures (device_id, url, position) VALUES (710, 'https://fdn.gsmarena.com/vv/reviewsimg/oneplus-one/gal/gsmarena_004.jpg', 7);
INSERT OR IGNORE INTO device_pictures (device_id, url, position) VALUES (710, 'https://fdn.gsmarena.com/vv/reviewsimg/oneplus-one/gal/gsmarena_005.jpg', 8);
INSERT OR IGNORE INTO device_pictures (device_id, url, position) VALUES (710, 'https://fdn.gsmarena.com/vv/reviewsimg/oneplus-one/gal/gsmarena_006.jpg', 9);
INSERT OR IGNORE INTO devices (id, brand_id, name, gsmarena_url, thumbnail_url, summary) VALUES (711, 4, 'V Fold', 'https://www.gsmarena.com/oneplus_v_fold-12391.php', 'https://fdn2.gsmarena.com/vv/bigpic/oneplus-fold-r.jpg', 'V Fold');
INSERT OR IGNORE INTO device_specs (device_id, announced, status, network, os, chipset, cpu, gpu, display_size, display_type, display_res, ram, storage, main_camera, selfie_camera, battery, charging, nfc, usb, bluetooth, wlan, colors, weight, dimensions, sim, sensors, popularity, fans, rating, full_specs_json) VALUES (711, 'Not announced yet', 'Cancelled', 'GSM / CDMA / HSPA / EVDO / LTE / 5G / 5G', 'Android 14', NULL, NULL, NULL, '7.8 inches, 195.8 cm 2', 'Foldable LTPO AMOLED, 120Hz, HDR10+', '1792 x 1920 pixels (~337 ppi density)', '16GB', '256GB', '48 MP, (wide), PDAF, OIS, Hasselblad Color Calibration, Dual-LED dual-tone flash, HDR, panorama', '20 MP, (wide), 1080p@30fps, gyro-EIS', 'Li-Po 4800 mAh', '67W wired', 'Yes', 'USB Type-C', '5.3, A2DP, LE', 'Wi-Fi 802.11 a/b/g/n/ac/6/7, tri-band', 'Black; other colors', '-', '-', 'Nano-SIM + Nano-SIM', 'Fingerprint (side-mounted), accelerometer, dual gyro, proximity, compass', NULL, NULL, NULL, '[{"category":"Network","specs":[{"label":"Technology","value":"GSM / CDMA / HSPA / EVDO / LTE / 5G"},{"label":"2G bands","value":"GSM 850 / 900 / 1800 / 1900"},{"label":"3G bands","value":"HSDPA 800 / 850 / 900 / 1700(AWS) / 1900 / 2100"},{"label":"4G bands","value":"LTE"},{"label":"5G bands","value":"SA/NSA"},{"label":"Speed","value":"HSPA, LTE, 5G"}]},{"category":"Launch","specs":[{"label":"Announced","value":"Not announced yet"},{"label":"Status","value":"Cancelled"}]},{"category":"Body","specs":[{"label":"Dimensions","value":"-"},{"label":"Weight","value":"-"},{"label":"SIM","value":"Nano-SIM + Nano-SIM"}]},{"category":"Display","specs":[{"label":"Type","value":"Foldable LTPO AMOLED, 120Hz, HDR10+"},{"label":"Size","value":"7.8 inches, 195.8 cm 2"},{"label":"Resolution","value":"1792 x 1920 pixels (~337 ppi density)"}]},{"category":"Platform","specs":[{"label":"OS","value":"Android 14"}]},{"category":"Memory","specs":[{"label":"Card slot","value":"No"},{"label":"Internal","value":"256GB 16GB RAM"}]},{"category":"Main Camera","specs":[{"label":"Triple","value":"48 MP, (wide), PDAF, OIS"},{"label":"Features","value":"Hasselblad Color Calibration, Dual-LED dual-tone flash, HDR, panorama"},{"label":"Video","value":"4K@30/60fps, 1080p@30/60/240fps"}]},{"category":"Selfie camera","specs":[{"label":"Single","value":"20 MP, (wide)"},{"label":"Video","value":"1080p@30fps, gyro-EIS"},{"label":"Features","value":"HDR, panorama"}]},{"category":"Sound","specs":[{"label":"Loudspeaker","value":"Yes, with stereo speakers"},{"label":"3.5mm jack","value":"No"}]},{"category":"Comms","specs":[{"label":"WLAN","value":"Wi-Fi 802.11 a/b/g/n/ac/6/7, tri-band"},{"label":"Bluetooth","value":"5.3, A2DP, LE"},{"label":"Positioning","value":"GPS (L1+L5), GLONASS (G1), BDS (B1I+B1c+B2a), GALILEO (E1+E5a), QZSS (L1+L5)"},{"label":"NFC","value":"Yes"},{"label":"USB","value":"USB Type-C"},{"label":"Radio","value":"No"}]},{"category":"Features","specs":[{"label":"Sensors","value":"Fingerprint (side-mounted), accelerometer, dual gyro, proximity, compass"}]},{"category":"Battery","specs":[{"label":"Type","value":"Li-Po 4800 mAh"},{"label":"Charging","value":"67W wired"}]},{"category":"Misc","specs":[{"label":"Colors","value":"Black; other colors"}]}]');
INSERT OR IGNORE INTO device_pictures (device_id, url, position) VALUES (711, 'https://fdn2.gsmarena.com/vv/bigpic/oneplus-fold-r.jpg', 0);
INSERT OR IGNORE INTO device_pictures (device_id, url, position) VALUES (711, 'https://fdn2.gsmarena.com/vv/pics/oneplus/oneplus-fold-r1.jpg', 1);
INSERT OR IGNORE INTO devices (id, brand_id, name, gsmarena_url, thumbnail_url, summary) VALUES (712, 4, 'Nord 2 Lite', 'https://www.gsmarena.com/oneplus_nord_2_lite-11530.php', 'https://fdn2.gsmarena.com/vv/bigpic/oneplus-nord-ce-2-lite-5g-0.jpg', 'Nord 2 Lite');
INSERT OR IGNORE INTO device_specs (device_id, announced, status, network, os, chipset, cpu, gpu, display_size, display_type, display_res, ram, storage, main_camera, selfie_camera, battery, charging, nfc, usb, bluetooth, wlan, colors, weight, dimensions, sim, sensors, popularity, fans, rating, full_specs_json) VALUES (712, 'Not announced yet', 'Cancelled', 'GSM / HSPA / LTE / 5G / 5G', 'Android 12, OxygenOS 12.1', 'Qualcomm SM6375 Snapdragon 695 5G (6 nm)', 'Octa-core (2x2.2 GHz Kryo 660 Gold & 6x1.7 GHz Kryo 660 Silver)', 'Adreno 619', '6.59 inches, 104.5 cm 2 (~84.1% screen-to-body ratio)', 'IPS LCD, 120Hz', '1080 x 2412 pixels, 20:9 ratio (~401 ppi density)', '8GB', '128GB', '64 MP, f/1.7, 26mm (wide), 0.7µm, PDAF, LED flash, HDR, panorama', '16 MP, f/2.0, (wide), 1/3.0", 1.0µm, 1080p@30fps', 'Li-Po 5000 mAh', '33W wired', 'Yes', 'USB Type-C 2.0, OTG', '5.2, A2DP, LE, aptX HD', 'Wi-Fi 802.11 a/b/g/n/ac, dual-band, Wi-Fi Direct', 'Black Dusk, Blue Tide', '195 g (6.88 oz)', '164.3 x 75.6 x 8.5 mm (6.47 x 2.98 x 0.33 in)', 'Nano-SIM + Nano-SIM', 'Fingerprint (side-mounted), accelerometer, gyro, proximity, compass', NULL, NULL, NULL, '[{"category":"Network","specs":[{"label":"Technology","value":"GSM / HSPA / LTE / 5G"},{"label":"2G bands","value":"GSM 850 / 900 / 1800 / 1900"},{"label":"3G bands","value":"HSDPA 800 / 850 / 900 / 1700(AWS) / 1900 / 2100"},{"label":"4G bands","value":"LTE"},{"label":"5G bands","value":"SA/NSA"},{"label":"Speed","value":"HSPA, LTE, 5G"}]},{"category":"Launch","specs":[{"label":"Announced","value":"Not announced yet"},{"label":"Status","value":"Cancelled"}]},{"category":"Body","specs":[{"label":"Dimensions","value":"164.3 x 75.6 x 8.5 mm (6.47 x 2.98 x 0.33 in)"},{"label":"Weight","value":"195 g (6.88 oz)"},{"label":"Build","value":"Glass front, plastic frame, plastic back"},{"label":"SIM","value":"Nano-SIM + Nano-SIM"}]},{"category":"Display","specs":[{"label":"Type","value":"IPS LCD, 120Hz"},{"label":"Size","value":"6.59 inches, 104.5 cm 2 (~84.1% screen-to-body ratio)"},{"label":"Resolution","value":"1080 x 2412 pixels, 20:9 ratio (~401 ppi density)"}]},{"category":"Platform","specs":[{"label":"OS","value":"Android 12, OxygenOS 12.1"},{"label":"Chipset","value":"Qualcomm SM6375 Snapdragon 695 5G (6 nm)"},{"label":"CPU","value":"Octa-core (2x2.2 GHz Kryo 660 Gold & 6x1.7 GHz Kryo 660 Silver)"},{"label":"GPU","value":"Adreno 619"}]},{"category":"Memory","specs":[{"label":"Card slot","value":"microSDXC (uses shared SIM slot)"},{"label":"Internal","value":"128GB 8GB RAM"}]},{"category":"Main Camera","specs":[{"label":"Triple","value":"64 MP, f/1.7, 26mm (wide), 0.7µm, PDAF"},{"label":"Features","value":"LED flash, HDR, panorama"},{"label":"Video","value":"1080p@30fps"}]},{"category":"Selfie camera","specs":[{"label":"Single","value":"16 MP, f/2.0, (wide), 1/3.0\\", 1.0µm"},{"label":"Video","value":"1080p@30fps"},{"label":"Features","value":"HDR"}]},{"category":"Sound","specs":[{"label":"Loudspeaker","value":"Yes"},{"label":"3.5mm jack","value":"Yes"}]},{"category":"Comms","specs":[{"label":"WLAN","value":"Wi-Fi 802.11 a/b/g/n/ac, dual-band, Wi-Fi Direct"},{"label":"Bluetooth","value":"5.2, A2DP, LE, aptX HD"},{"label":"Positioning","value":"GPS, GLONASS, GALILEO, BDS, QZSS"},{"label":"NFC","value":"Yes"},{"label":"USB","value":"USB Type-C 2.0, OTG"},{"label":"Radio","value":"Unspecified"}]},{"category":"Features","specs":[{"label":"Sensors","value":"Fingerprint (side-mounted), accelerometer, gyro, proximity, compass"}]},{"category":"Battery","specs":[{"label":"Type","value":"Li-Po 5000 mAh"},{"label":"Charging","value":"33W wired"}]},{"category":"Misc","specs":[{"label":"Colors","value":"Black Dusk, Blue Tide"}]}]');
INSERT OR IGNORE INTO device_pictures (device_id, url, position) VALUES (712, 'https://fdn2.gsmarena.com/vv/bigpic/oneplus-nord-ce-2-lite-5g-0.jpg', 0);
INSERT OR IGNORE INTO device_pictures (device_id, url, position) VALUES (712, 'https://fdn2.gsmarena.com/vv/pics/oneplus/oneplus-nord-ce-2-lite-5g-1.jpg', 1);
INSERT OR IGNORE INTO device_pictures (device_id, url, position) VALUES (712, 'https://fdn2.gsmarena.com/vv/pics/oneplus/oneplus-nord-ce-2-lite-5g-2.jpg', 2);
INSERT OR IGNORE INTO devices (id, brand_id, name, gsmarena_url, thumbnail_url, summary) VALUES (713, 4, '9E', 'https://www.gsmarena.com/oneplus_9e-10746.php', 'https://fdn2.gsmarena.com/vv/bigpic/smartphone.jpg', '9E');
INSERT OR IGNORE INTO device_specs (device_id, announced, status, network, os, chipset, cpu, gpu, display_size, display_type, display_res, ram, storage, main_camera, selfie_camera, battery, charging, nfc, usb, bluetooth, wlan, colors, weight, dimensions, sim, sensors, popularity, fans, rating, full_specs_json) VALUES (713, 'Not announced yet', 'Cancelled', 'GSM / HSPA / LTE / 5G / 5G', 'Android 11', 'Qualcomm SM6350 Snapdragon 690 5G (8 nm)', 'Octa-core (2x2.0 GHz Kryo 560 Gold & 6x1.7 GHz Kryo 560 Silver)', 'Adreno 619L', '6.5 inches, 102.0 cm 2', 'IPS LCD, 90Hz', '1080 x 2400 pixels, 20:9 ratio (~405 ppi density)', '8GB', '128GB', '64 MP, f/1.8, (wide), 1/1.72", 0.8µm, PDAF, LED flash, HDR, panorama', '16 MP, 1080p@30/60fps, gyro-EIS', 'Li-Po 5000 mAh', NULL, 'Yes', 'USB Type-C 2.0, OTG', '5.1, A2DP, LE', 'Wi-Fi 802.11 a/b/g/n/ac, dual-band, Wi-Fi Direct', 'Blue; other colours', '-', '-', 'Nano-SIM + Nano-SIM', 'Fingerprint (rear-mounted), accelerometer, gyro, proximity, compass', NULL, NULL, NULL, '[{"category":"Network","specs":[{"label":"Technology","value":"GSM / HSPA / LTE / 5G"},{"label":"2G bands","value":"GSM 850 / 900 / 1800 / 1900"},{"label":"3G bands","value":"HSDPA 850 / 900 / 1700(AWS) / 1900 / 2100"},{"label":"4G bands","value":"LTE"},{"label":"5G bands","value":"SA/NSA"},{"label":"Speed","value":"HSPA 42.2/5.76 Mbps, LTE Cat18 1024/150 Mbps, 5G"}]},{"category":"Launch","specs":[{"label":"Announced","value":"Not announced yet"},{"label":"Status","value":"Cancelled"}]},{"category":"Body","specs":[{"label":"Dimensions","value":"-"},{"label":"Weight","value":"-"},{"label":"SIM","value":"Nano-SIM + Nano-SIM"}]},{"category":"Display","specs":[{"label":"Type","value":"IPS LCD, 90Hz"},{"label":"Size","value":"6.5 inches, 102.0 cm 2"},{"label":"Resolution","value":"1080 x 2400 pixels, 20:9 ratio (~405 ppi density)"}]},{"category":"Platform","specs":[{"label":"OS","value":"Android 11"},{"label":"Chipset","value":"Qualcomm SM6350 Snapdragon 690 5G (8 nm)"},{"label":"CPU","value":"Octa-core (2x2.0 GHz Kryo 560 Gold & 6x1.7 GHz Kryo 560 Silver)"},{"label":"GPU","value":"Adreno 619L"}]},{"category":"Memory","specs":[{"label":"Card slot","value":"microSDXC"},{"label":"Internal","value":"128GB 8GB RAM"}]},{"category":"Main Camera","specs":[{"label":"Quad","value":"64 MP, f/1.8, (wide), 1/1.72\\", 0.8µm, PDAF"},{"label":"Features","value":"LED flash, HDR, panorama"},{"label":"Video","value":"4K@30fps, 1080p@30/60/120fps; gyro-EIS"}]},{"category":"Selfie camera","specs":[{"label":"Single","value":"16 MP"},{"label":"Video","value":"1080p@30/60fps, gyro-EIS"},{"label":"Features","value":"HDR"}]},{"category":"Sound","specs":[{"label":"Loudspeaker","value":"Yes"},{"label":"3.5mm jack","value":"Yes"}]},{"category":"Comms","specs":[{"label":"WLAN","value":"Wi-Fi 802.11 a/b/g/n/ac, dual-band, Wi-Fi Direct"},{"label":"Bluetooth","value":"5.1, A2DP, LE"},{"label":"Positioning","value":"GPS"},{"label":"NFC","value":"Yes"},{"label":"USB","value":"USB Type-C 2.0, OTG"},{"label":"Radio","value":"No"}]},{"category":"Features","specs":[{"label":"Sensors","value":"Fingerprint (rear-mounted), accelerometer, gyro, proximity, compass"}]},{"category":"Battery","specs":[{"label":"Type","value":"Li-Po 5000 mAh"}]},{"category":"Misc","specs":[{"label":"Colors","value":"Blue; other colours"}]}]');
INSERT OR IGNORE INTO device_pictures (device_id, url, position) VALUES (713, 'https://fdn2.gsmarena.com/vv/bigpic/smartphone.jpg', 0);
INSERT OR IGNORE INTO device_pictures (device_id, url, position) VALUES (713, 'https://fdn2.gsmarena.com/vv/bigpic/oneplus-nord-n10-5g-.jpg', 1);
INSERT OR IGNORE INTO devices (id, brand_id, name, gsmarena_url, thumbnail_url, summary) VALUES (714, 4, 'Open 2', 'https://www.gsmarena.com/oneplus_open_2-13597.php', 'https://fdn2.gsmarena.com/vv/bigpic/oneplus-open-10.jpg', 'Open 2');
INSERT OR IGNORE INTO device_specs (device_id, announced, status, network, os, chipset, cpu, gpu, display_size, display_type, display_res, ram, storage, main_camera, selfie_camera, battery, charging, nfc, usb, bluetooth, wlan, colors, weight, dimensions, sim, sensors, popularity, fans, rating, full_specs_json) VALUES (714, 'Not announced yet', 'Cancelled', 'GSM / HSPA / LTE / 5G / 5G', 'Android 15, OxygenOS 15', 'Qualcomm SM8750-AB Snapdragon 8 Elite (3 nm)', 'Octa-core (2x4.32 GHz Oryon V2 Phoenix L + 6x3.53 GHz Oryon V2 Phoenix M)', 'Adreno 830', '8.0 inches, 205.9 cm 2', 'Foldable LTPO3 Flexi-fluid AMOLED, 1B colors, Dolby Vision, 120Hz', '2268 x 2440 pixels* (~416 ppi density)', '16GB', '512GB', '50 MP, (wide), PDAF, OIS, Hasselblad Color Calibration, LED flash, HDR, panorama', '20MP, f/2.2, 20mm (ultrawide), 1/4.0", 0.7µm, 4K@30fps, 1080p@30fps, gyro-EIS', 'Si/C Li-Ion 5900 mAh', '80W wired', 'Yes', 'USB Type-C 3.1, OTG', '5.4, A2DP, LE, aptX HD', 'Wi-Fi 802.11 a/b/g/n/ac/6e/7, tri-band', 'Black; other colors', '-', 'Folded thickness: 10 mm', 'Nano-SIM + Nano-SIM + eSIM (max 2 at a time)', 'Fingerprint (side-mounted), accelerometer, gyro, proximity, compass', NULL, NULL, NULL, '[{"category":"Network","specs":[{"label":"Technology","value":"GSM / HSPA / LTE / 5G"},{"label":"2G bands","value":"GSM 850 / 900 / 1800 / 1900"},{"label":"3G bands","value":"HSDPA 800 / 850 / 900 / 1700(AWS) / 1900 / 2100"},{"label":"4G bands","value":"LTE"},{"label":"5G bands","value":"SA/NSA"},{"label":"Speed","value":"HSPA, LTE, 5G"}]},{"category":"Launch","specs":[{"label":"Announced","value":"Not announced yet"},{"label":"Status","value":"Cancelled"}]},{"category":"Body","specs":[{"label":"Dimensions","value":"Folded thickness: 10 mm"},{"label":"Weight","value":"-"},{"label":"SIM","value":"Nano-SIM + Nano-SIM + eSIM (max 2 at a time)"}]},{"category":"Display","specs":[{"label":"Type","value":"Foldable LTPO3 Flexi-fluid AMOLED, 1B colors, Dolby Vision, 120Hz"},{"label":"Size","value":"8.0 inches, 205.9 cm 2"},{"label":"Resolution","value":"2268 x 2440 pixels* (~416 ppi density)"}]},{"category":"Platform","specs":[{"label":"OS","value":"Android 15, OxygenOS 15"},{"label":"Chipset","value":"Qualcomm SM8750-AB Snapdragon 8 Elite (3 nm)"},{"label":"CPU","value":"Octa-core (2x4.32 GHz Oryon V2 Phoenix L + 6x3.53 GHz Oryon V2 Phoenix M)"},{"label":"GPU","value":"Adreno 830"}]},{"category":"Memory","specs":[{"label":"Card slot","value":"No"},{"label":"Internal","value":"512GB 16GB RAM, 1TB 16GB RAM"}]},{"category":"Main Camera","specs":[{"label":"Triple","value":"50 MP, (wide), PDAF, OIS"},{"label":"Features","value":"Hasselblad Color Calibration, LED flash, HDR, panorama"},{"label":"Video","value":"4K@30/60fps, 1080p@30/60/120/240/480fps gyro-EIS, HDR10+, Dolby Vision"}]},{"category":"Selfie camera","specs":[{"label":"Single","value":"20MP, f/2.2, 20mm (ultrawide), 1/4.0\\", 0.7µm"},{"label":"Video","value":"4K@30fps, 1080p@30fps, gyro-EIS"},{"label":"Features","value":"HDR"}]},{"category":"Sound","specs":[{"label":"Loudspeaker","value":"Yes, with stereo speakers (Dolby Atmos enhanced)"},{"label":"3.5mm jack","value":"No"}]},{"category":"Comms","specs":[{"label":"WLAN","value":"Wi-Fi 802.11 a/b/g/n/ac/6e/7, tri-band"},{"label":"Bluetooth","value":"5.4, A2DP, LE, aptX HD"},{"label":"Positioning","value":"GPS (L1+L5), GLONASS, BDS, GALILEO (E1+E5a), QZSS"},{"label":"NFC","value":"Yes"},{"label":"USB","value":"USB Type-C 3.1, OTG"},{"label":"Radio","value":"No"},{"label":"Infrared port","value":"Yes"}]},{"category":"Features","specs":[{"label":"Sensors","value":"Fingerprint (side-mounted), accelerometer, gyro, proximity, compass"}]},{"category":"Battery","specs":[{"label":"Type","value":"Si/C Li-Ion 5900 mAh"},{"label":"Charging","value":"80W wired"}]},{"category":"Misc","specs":[{"label":"Colors","value":"Black; other colors"}]}]');
INSERT OR IGNORE INTO device_pictures (device_id, url, position) VALUES (714, 'https://fdn2.gsmarena.com/vv/bigpic/oneplus-open-10.jpg', 0);
INSERT OR IGNORE INTO devices (id, brand_id, name, gsmarena_url, thumbnail_url, summary) VALUES (715, 5, 'iQOO Z11', 'https://www.gsmarena.com/vivo_iqoo_z11_5g_(china)-14562.php', 'https://fdn2.gsmarena.com/vv/bigpic/vivo-iqoo-z11.jpg', 'iQOO Z11');
INSERT OR IGNORE INTO device_specs (device_id, announced, status, network, os, chipset, cpu, gpu, display_size, display_type, display_res, ram, storage, main_camera, selfie_camera, battery, charging, nfc, usb, bluetooth, wlan, colors, weight, dimensions, sim, sensors, popularity, fans, rating, full_specs_json) VALUES (715, '2026, March 26', 'Available. Released 2026, March 26', 'GSM / HSPA / LTE / 5G / 5G', 'Android 16, OriginOS 6', 'Mediatek Dimensity 8500 (4 nm)', 'Octa-core (1x3.4 GHz Cortex-A725 & 3x3.2 GHz Cortex-A725 & 4x2.2 GHz Cortex-A725)', 'Mali-G720 MC8', '6.83 inches, 112.6 cm 2 (~90.4% screen-to-body ratio)', 'AMOLED, 1B colors, 165Hz, 2160Hz PWM, HDR, 1000 nits, 2000 nits (HBM), 5000 nits (peak)', '1260 x 2800 pixels, 20:9 ratio (~450 ppi density)', '8GB', '256GB', '50 MP, f/1.8, (wide), 1/1.95", 0.8µm, PDAF, OIS, LED flash, HDR, panorama', '16 MP, f/2.5, (wide), 1/3.0", 1.0µm, 1080p@30fps, gyro-EIS', 'Si/C Li-Ion 9020 mAh', '90W wired, 44W UFCS, 55W PD/PPS', 'Yes', 'USB Type-C 2.0, OTG', '5.4, A2DP, LE, aptX HD', 'Wi-Fi 802.11 a/b/g/n/ac/6, dual-band', 'Black, White, Blue', '216.5 g (7.65 oz)', '163.7 x 76.1 x 8.3 mm (6.44 x 3.00 x 0.33 in)', 'Nano-SIM + Nano-SIM', 'Fingerprint (under display, optical), accelerometer, gyro, proximity, compass', 'About 250 EUR', NULL, NULL, '[{"category":"Network","specs":[{"label":"Technology","value":"GSM / HSPA / LTE / 5G"},{"label":"2G bands","value":"GSM 850 / 900 / 1800 / 1900"},{"label":"3G bands","value":"HSDPA 800 / 850 / 900 / 2100"},{"label":"4G bands","value":"1, 3, 4, 5, 8, 19, 28, 34, 38, 39, 40, 41, 42, 48"},{"label":"5G bands","value":"1, 3, 5, 8, 28, 34, 38, 39, 40, 41, 48, 77, 78 SA/NSA"},{"label":"Speed","value":"HSPA, LTE, 5G"}]},{"category":"Launch","specs":[{"label":"Announced","value":"2026, March 26"},{"label":"Status","value":"Available. Released 2026, March 26"}]},{"category":"Body","specs":[{"label":"Dimensions","value":"163.7 x 76.1 x 8.3 mm (6.44 x 3.00 x 0.33 in)"},{"label":"Weight","value":"216.5 g (7.65 oz)"},{"label":"Build","value":"Glass front, plastic back, plastic frame"},{"label":"SIM","value":"Nano-SIM + Nano-SIM"}]},{"category":"Display","specs":[{"label":"Type","value":"AMOLED, 1B colors, 165Hz, 2160Hz PWM, HDR, 1000 nits, 2000 nits (HBM), 5000 nits (peak)"},{"label":"Size","value":"6.83 inches, 112.6 cm 2 (~90.4% screen-to-body ratio)"},{"label":"Resolution","value":"1260 x 2800 pixels, 20:9 ratio (~450 ppi density)"}]},{"category":"Platform","specs":[{"label":"OS","value":"Android 16, OriginOS 6"},{"label":"Chipset","value":"Mediatek Dimensity 8500 (4 nm)"},{"label":"CPU","value":"Octa-core (1x3.4 GHz Cortex-A725 & 3x3.2 GHz Cortex-A725 & 4x2.2 GHz Cortex-A725)"},{"label":"GPU","value":"Mali-G720 MC8"}]},{"category":"Memory","specs":[{"label":"Card slot","value":"No"},{"label":"Internal","value":"256GB 8GB RAM, 256GB 12GB RAM, 256GB 16GB RAM, 512GB 12GB RAM, 512GB 16GB RAM"}]},{"category":"Main Camera","specs":[{"label":"Dual","value":"50 MP, f/1.8, (wide), 1/1.95\\", 0.8µm, PDAF, OIS"},{"label":"Features","value":"LED flash, HDR, panorama"},{"label":"Video","value":"4K, 1080p, gyro-EIS, OIS"}]},{"category":"Selfie camera","specs":[{"label":"Single","value":"16 MP, f/2.5, (wide), 1/3.0\\", 1.0µm"},{"label":"Video","value":"1080p@30fps, gyro-EIS"}]},{"category":"Sound","specs":[{"label":"Loudspeaker","value":"Yes, with stereo speakers"},{"label":"3.5mm jack","value":"No"}]},{"category":"Comms","specs":[{"label":"WLAN","value":"Wi-Fi 802.11 a/b/g/n/ac/6, dual-band"},{"label":"Bluetooth","value":"5.4, A2DP, LE, aptX HD"},{"label":"Positioning","value":"GPS (L1+L5), BDS (B1I+B1C+B2a), GALILEO (E1+E5a), QZSS (L1+L5), NavIC (L5), GLONASS"},{"label":"NFC","value":"Yes"},{"label":"USB","value":"USB Type-C 2.0, OTG"},{"label":"Radio","value":"No"},{"label":"Infrared port","value":"Yes"}]},{"category":"Features","specs":[{"label":"Sensors","value":"Fingerprint (under display, optical), accelerometer, gyro, proximity, compass"}]},{"category":"Battery","specs":[{"label":"Type","value":"Si/C Li-Ion 9020 mAh"},{"label":"Charging","value":"90W wired, 44W UFCS, 55W PD/PPS"}]},{"category":"Misc","specs":[{"label":"Colors","value":"Black, White, Blue"},{"label":"Models","value":"V2551A"},{"label":"Price","value":"About 250 EUR"}]}]');
INSERT OR IGNORE INTO device_pictures (device_id, url, position) VALUES (715, 'https://fdn2.gsmarena.com/vv/bigpic/vivo-iqoo-z11.jpg', 0);
INSERT OR IGNORE INTO device_pictures (device_id, url, position) VALUES (715, 'https://fdn2.gsmarena.com/vv/pics/vivo/vivo-iqoo-z11-1.jpg', 1);
INSERT OR IGNORE INTO device_pictures (device_id, url, position) VALUES (715, 'https://fdn2.gsmarena.com/vv/pics/vivo/vivo-iqoo-z11-2.jpg', 2);
INSERT OR IGNORE INTO devices (id, brand_id, name, gsmarena_url, thumbnail_url, summary) VALUES (716, 5, 'iQOO Z11x (China)', 'https://www.gsmarena.com/vivo_iqoo_z11x_5g_(china)-14563.php', 'https://fdn2.gsmarena.com/vv/bigpic/vivo-iqoo-z11x-5g.jpg', 'iQOO Z11x (China)');
INSERT OR IGNORE INTO device_specs (device_id, announced, status, network, os, chipset, cpu, gpu, display_size, display_type, display_res, ram, storage, main_camera, selfie_camera, battery, charging, nfc, usb, bluetooth, wlan, colors, weight, dimensions, sim, sensors, popularity, fans, rating, full_specs_json) VALUES (716, '2026, March 26', 'Available. Released 2026, March 26', 'GSM / HSPA / LTE / 5G / 5G', 'Android 16, OriginOS 6', 'Mediatek Dimensity 7400 (4 nm)', 'Octa-core (4x2.6 GHz Cortex-A78 & 4x2.0 GHz Cortex-A55)', 'Mali-G615 MC2', '6.76 inches, 112.1 cm 2 (~85.8% screen-to-body ratio)', 'IPS LCD, 120Hz, 1200 nits (HBM)', '1080 x 2344 pixels, 19.5:9 ratio (~382 ppi density)', '8GB', '256GB', '50 MP, (wide), 1/2.93", PDAF, LED flash, HDR, panorama', '8 MP, f/2.1, (wide), 1080p@30fps', 'Si/C Li-Ion 7200 mAh', '44W wired, PPS, 50% in 43 min', 'Yes', 'USB Type-C 2.0, OTG', '5.4, A2DP, LE', 'Wi-Fi 802.11 a/b/g/n/ac/6, dual-band', 'Black, White, Green', '219 g (7.72 oz)', '166.6 x 78.4 x 8.4 mm (6.56 x 3.09 x 0.33 in)', 'Nano-SIM + Nano-SIM', 'Fingerprint (side-mounted), accelerometer, gyro, proximity, compass', 'About 190 EUR', NULL, NULL, '[{"category":"Network","specs":[{"label":"Technology","value":"GSM / HSPA / LTE / 5G"},{"label":"2G bands","value":"GSM 850 / 900 / 1800 / 1900"},{"label":"3G bands","value":"HSDPA 850 / 900 / 2100"},{"label":"4G bands","value":"1, 3, 5, 8, 28, 34, 38, 39, 40, 41"},{"label":"5G bands","value":"1, 3, 5, 8, 28, 38, 40, 41, 77, 78 SA/NSA"},{"label":"Speed","value":"HSPA, LTE, 5G"}]},{"category":"Launch","specs":[{"label":"Announced","value":"2026, March 26"},{"label":"Status","value":"Available. Released 2026, March 26"}]},{"category":"Body","specs":[{"label":"Dimensions","value":"166.6 x 78.4 x 8.4 mm (6.56 x 3.09 x 0.33 in)"},{"label":"Weight","value":"219 g (7.72 oz)"},{"label":"Build","value":"Glass front, plastic frame, plastic back"},{"label":"SIM","value":"Nano-SIM + Nano-SIM"}]},{"category":"Display","specs":[{"label":"Type","value":"IPS LCD, 120Hz, 1200 nits (HBM)"},{"label":"Size","value":"6.76 inches, 112.1 cm 2 (~85.8% screen-to-body ratio)"},{"label":"Resolution","value":"1080 x 2344 pixels, 19.5:9 ratio (~382 ppi density)"}]},{"category":"Platform","specs":[{"label":"OS","value":"Android 16, OriginOS 6"},{"label":"Chipset","value":"Mediatek Dimensity 7400 (4 nm)"},{"label":"CPU","value":"Octa-core (4x2.6 GHz Cortex-A78 & 4x2.0 GHz Cortex-A55)"},{"label":"GPU","value":"Mali-G615 MC2"}]},{"category":"Memory","specs":[{"label":"Card slot","value":"No"},{"label":"Internal","value":"256GB 8GB RAM, 256GB 12GB RAM, 512GB 8GB RAM, 512GB 12GB RAM"}]},{"category":"Main Camera","specs":[{"label":"Dual","value":"50 MP, (wide), 1/2.93\\", PDAF"},{"label":"Features","value":"LED flash, HDR, panorama"},{"label":"Video","value":"4K@30fps, 1080p@30fps, gyro-EIS"}]},{"category":"Selfie camera","specs":[{"label":"Single","value":"8 MP, f/2.1, (wide)"},{"label":"Video","value":"1080p@30fps"}]},{"category":"Sound","specs":[{"label":"Loudspeaker","value":"Yes, with stereo speakers"},{"label":"3.5mm jack","value":"No"}]},{"category":"Comms","specs":[{"label":"WLAN","value":"Wi-Fi 802.11 a/b/g/n/ac/6, dual-band"},{"label":"Bluetooth","value":"5.4, A2DP, LE"},{"label":"Positioning","value":"GPS, GALILEO, GLONASS, BDS, QZSS"},{"label":"NFC","value":"Yes"},{"label":"USB","value":"USB Type-C 2.0, OTG"},{"label":"Radio","value":"No"},{"label":"Infrared port","value":"Yes"}]},{"category":"Features","specs":[{"label":"Sensors","value":"Fingerprint (side-mounted), accelerometer, gyro, proximity, compass"}]},{"category":"Battery","specs":[{"label":"Type","value":"Si/C Li-Ion 7200 mAh"},{"label":"Charging","value":"44W wired, PPS, 50% in 43 min"}]},{"category":"Misc","specs":[{"label":"Colors","value":"Black, White, Green"},{"label":"Models","value":"V2532A"},{"label":"Price","value":"About 190 EUR"}]}]');
INSERT OR IGNORE INTO device_pictures (device_id, url, position) VALUES (716, 'https://fdn2.gsmarena.com/vv/bigpic/vivo-iqoo-z11x-5g.jpg', 0);
INSERT OR IGNORE INTO device_pictures (device_id, url, position) VALUES (716, 'https://fdn2.gsmarena.com/vv/pics/vivo/vivo-iqoo-z11x-1.jpg', 1);
INSERT OR IGNORE INTO device_pictures (device_id, url, position) VALUES (716, 'https://fdn2.gsmarena.com/vv/pics/vivo/vivo-iqoo-z11x-5g-2.jpg', 2);
INSERT OR IGNORE INTO device_pictures (device_id, url, position) VALUES (716, 'https://fdn2.gsmarena.com/vv/pics/vivo/vivo-iqoo-z11x-5g-3.jpg', 3);
INSERT OR IGNORE INTO devices (id, brand_id, name, gsmarena_url, thumbnail_url, summary) VALUES (717, 5, 'Y21', 'https://www.gsmarena.com/vivo_y21_5g-14561.php', 'https://fdn2.gsmarena.com/vv/bigpic/vivo-y05.jpg', 'Y21');
INSERT OR IGNORE INTO device_specs (device_id, announced, status, network, os, chipset, cpu, gpu, display_size, display_type, display_res, ram, storage, main_camera, selfie_camera, battery, charging, nfc, usb, bluetooth, wlan, colors, weight, dimensions, sim, sensors, popularity, fans, rating, full_specs_json) VALUES (717, '2026, March 26', 'Available. Released 2026, March 26', 'GSM / HSPA / LTE / 5G / 5G', 'Android 16, OriginOS 6', 'Mediatek Dimensity 6300 (6 nm)', 'Octa-core (2x2.4 GHz Cortex-A76 & 6x2.0 GHz Cortex-A55)', 'Mali-G57 MC2', '6.74 inches, 109.7 cm 2 (~85.0% screen-to-body ratio)', 'IPS LCD, 120Hz, 1200 nits (HBM)', '720 x 1600 pixels, 20:9 ratio (~260 ppi density)', '4GB', '128GB', '50 MP, f/1.8, (wide), LED flash, panorama', '5 MP, f/2.2, (wide), Yes', 'Li-Ion 6500 mAh', '44W wired, 50% in 36 min', 'Unspecified', 'USB Type-C 2.0, OTG', 'Yes', 'Yes', 'Champagne Gold, Midnight Blue', '209 g (7.37 oz)', '167.4 x 77.1 x 8.4 mm (6.59 x 3.04 x 0.33 in)', 'Nano-SIM + Nano-SIM', 'Fingerprint (side-mounted), accelerometer, proximity, compass', 'About 180 EUR', NULL, NULL, '[{"category":"Network","specs":[{"label":"Technology","value":"GSM / HSPA / LTE / 5G"},{"label":"2G bands","value":"GSM 850 / 900 / 1800 / 1900"},{"label":"3G bands","value":"HSDPA 850 / 900 / 2100"},{"label":"4G bands","value":"LTE"},{"label":"5G bands","value":"SA/NSA"},{"label":"Speed","value":"HSPA, LTE, 5G"}]},{"category":"Launch","specs":[{"label":"Announced","value":"2026, March 26"},{"label":"Status","value":"Available. Released 2026, March 26"}]},{"category":"Body","specs":[{"label":"Dimensions","value":"167.4 x 77.1 x 8.4 mm (6.59 x 3.04 x 0.33 in)"},{"label":"Weight","value":"209 g (7.37 oz)"},{"label":"Build","value":"Glass front, plastic frame, plastic back"},{"label":"SIM","value":"Nano-SIM + Nano-SIM"}]},{"category":"Display","specs":[{"label":"Type","value":"IPS LCD, 120Hz, 1200 nits (HBM)"},{"label":"Size","value":"6.74 inches, 109.7 cm 2 (~85.0% screen-to-body ratio)"},{"label":"Resolution","value":"720 x 1600 pixels, 20:9 ratio (~260 ppi density)"}]},{"category":"Platform","specs":[{"label":"OS","value":"Android 16, OriginOS 6"},{"label":"Chipset","value":"Mediatek Dimensity 6300 (6 nm)"},{"label":"CPU","value":"Octa-core (2x2.4 GHz Cortex-A76 & 6x2.0 GHz Cortex-A55)"},{"label":"GPU","value":"Mali-G57 MC2"}]},{"category":"Memory","specs":[{"label":"Card slot","value":"microSDXC (dedicated slot)"},{"label":"Internal","value":"128GB 4GB RAM, 128GB 6GB RAM, 128GB 8GB RAM"}]},{"category":"Main Camera","specs":[{"label":"Dual","value":"50 MP, f/1.8, (wide)"},{"label":"Features","value":"LED flash, panorama"},{"label":"Video","value":"1080p@30fps"}]},{"category":"Selfie camera","specs":[{"label":"Single","value":"5 MP, f/2.2, (wide)"},{"label":"Video","value":"Yes"}]},{"category":"Sound","specs":[{"label":"Loudspeaker","value":"Yes, with stereo speakers"},{"label":"3.5mm jack","value":"Yes"}]},{"category":"Comms","specs":[{"label":"WLAN","value":"Yes"},{"label":"Bluetooth","value":"Yes"},{"label":"Positioning","value":"GPS, GALILEO, GLONASS, BDS, QZSS"},{"label":"NFC","value":"Unspecified"},{"label":"USB","value":"USB Type-C 2.0, OTG"},{"label":"Radio","value":"Unspecified"},{"label":"Infrared port","value":"Yes"}]},{"category":"Features","specs":[{"label":"Sensors","value":"Fingerprint (side-mounted), accelerometer, proximity, compass"}]},{"category":"Battery","specs":[{"label":"Type","value":"Li-Ion 6500 mAh"},{"label":"Charging","value":"44W wired, 50% in 36 min"}]},{"category":"Misc","specs":[{"label":"Colors","value":"Champagne Gold, Midnight Blue"},{"label":"Price","value":"About 180 EUR"}]}]');
INSERT OR IGNORE INTO device_pictures (device_id, url, position) VALUES (717, 'https://fdn2.gsmarena.com/vv/bigpic/vivo-y05.jpg', 0);
INSERT OR IGNORE INTO device_pictures (device_id, url, position) VALUES (717, 'https://fdn2.gsmarena.com/vv/pics/vivo/vivo-y05-1.jpg', 1);
INSERT OR IGNORE INTO device_pictures (device_id, url, position) VALUES (717, 'https://fdn2.gsmarena.com/vv/pics/vivo/vivo-y21-2.jpg', 2);
INSERT OR IGNORE INTO devices (id, brand_id, name, gsmarena_url, thumbnail_url, summary) VALUES (718, 5, 'Y11', 'https://www.gsmarena.com/vivo_y11_5g-14564.php', 'https://fdn2.gsmarena.com/vv/bigpic/vivo-y05.jpg', 'Y11');
INSERT OR IGNORE INTO device_specs (device_id, announced, status, network, os, chipset, cpu, gpu, display_size, display_type, display_res, ram, storage, main_camera, selfie_camera, battery, charging, nfc, usb, bluetooth, wlan, colors, weight, dimensions, sim, sensors, popularity, fans, rating, full_specs_json) VALUES (718, '2026, March 26', 'Available. Released 2026, March 26', 'GSM / HSPA / LTE / 5G / 5G', 'Android 16, OriginOS 6', 'Mediatek Dimensity 6300 (6 nm)', 'Octa-core (2x2.4 GHz Cortex-A76 & 6x2.0 GHz Cortex-A55)', 'Mali-G57 MC2', '6.74 inches, 109.7 cm 2 (~85.0% screen-to-body ratio)', 'IPS LCD, 120Hz, 1200 nits (HBM)', '720 x 1600 pixels, 20:9 ratio (~260 ppi density)', '4GB', '64GB', '13 MP, (wide), LED flash, panorama', '5 MP, f/2.2, (wide), Yes', 'Li-Ion 6500 mAh', '15W wired', 'No', 'USB Type-C 2.0, OTG', '5.2, A2DP, LE', 'Wi-Fi 802.11 a/b/g/n/ac, dual-band', 'Sunrise Gold, Midnight Blue', '209 g (7.37 oz)', '167.4 x 77.1 x 8.4 mm (6.59 x 3.04 x 0.33 in)', 'Nano-SIM + Nano-SIM', 'Fingerprint (side-mounted), accelerometer, proximity, compass', 'About 140 EUR', NULL, NULL, '[{"category":"Network","specs":[{"label":"Technology","value":"GSM / HSPA / LTE / 5G"},{"label":"2G bands","value":"GSM 850 / 900 / 1800 / 1900"},{"label":"3G bands","value":"HSDPA 850 / 900 / 2100"},{"label":"4G bands","value":"1, 3, 5, 8, 38, 40, 41"},{"label":"5G bands","value":"SA/NSA"},{"label":"Speed","value":"HSPA, LTE, 5G"}]},{"category":"Launch","specs":[{"label":"Announced","value":"2026, March 26"},{"label":"Status","value":"Available. Released 2026, March 26"}]},{"category":"Body","specs":[{"label":"Dimensions","value":"167.4 x 77.1 x 8.4 mm (6.59 x 3.04 x 0.33 in)"},{"label":"Weight","value":"209 g (7.37 oz)"},{"label":"Build","value":"Glass front, plastic frame, plastic back"},{"label":"SIM","value":"Nano-SIM + Nano-SIM"}]},{"category":"Display","specs":[{"label":"Type","value":"IPS LCD, 120Hz, 1200 nits (HBM)"},{"label":"Size","value":"6.74 inches, 109.7 cm 2 (~85.0% screen-to-body ratio)"},{"label":"Resolution","value":"720 x 1600 pixels, 20:9 ratio (~260 ppi density)"}]},{"category":"Platform","specs":[{"label":"OS","value":"Android 16, OriginOS 6"},{"label":"Chipset","value":"Mediatek Dimensity 6300 (6 nm)"},{"label":"CPU","value":"Octa-core (2x2.4 GHz Cortex-A76 & 6x2.0 GHz Cortex-A55)"},{"label":"GPU","value":"Mali-G57 MC2"}]},{"category":"Memory","specs":[{"label":"Card slot","value":"microSDXC (dedicated slot)"},{"label":"Internal","value":"64GB 4GB RAM, 128GB 4GB RAM"}]},{"category":"Main Camera","specs":[{"label":"Single","value":"13 MP, (wide)"},{"label":"Features","value":"LED flash, panorama"},{"label":"Video","value":"1080p@30fps"}]},{"category":"Selfie camera","specs":[{"label":"Single","value":"5 MP, f/2.2, (wide)"},{"label":"Video","value":"Yes"}]},{"category":"Sound","specs":[{"label":"Loudspeaker","value":"Yes, with stereo speakers"},{"label":"3.5mm jack","value":"Yes"}]},{"category":"Comms","specs":[{"label":"WLAN","value":"Wi-Fi 802.11 a/b/g/n/ac, dual-band"},{"label":"Bluetooth","value":"5.2, A2DP, LE"},{"label":"Positioning","value":"GPS, GALILEO, GLONASS, BDS, QZSS"},{"label":"NFC","value":"No"},{"label":"USB","value":"USB Type-C 2.0, OTG"},{"label":"Radio","value":"Unspecified"},{"label":"Infrared port","value":"Yes"}]},{"category":"Features","specs":[{"label":"Sensors","value":"Fingerprint (side-mounted), accelerometer, proximity, compass"}]},{"category":"Battery","specs":[{"label":"Type","value":"Li-Ion 6500 mAh"},{"label":"Charging","value":"15W wired"}]},{"category":"Misc","specs":[{"label":"Colors","value":"Sunrise Gold, Midnight Blue"},{"label":"Price","value":"About 140 EUR"}]}]');
INSERT OR IGNORE INTO device_pictures (device_id, url, position) VALUES (718, 'https://fdn2.gsmarena.com/vv/bigpic/vivo-y05.jpg', 0);
INSERT OR IGNORE INTO device_pictures (device_id, url, position) VALUES (718, 'https://fdn2.gsmarena.com/vv/pics/vivo/vivo-y05-1.jpg', 1);
INSERT OR IGNORE INTO device_pictures (device_id, url, position) VALUES (718, 'https://fdn2.gsmarena.com/vv/pics/vivo/vivo-y05-2.jpg', 2);
INSERT OR IGNORE INTO devices (id, brand_id, name, gsmarena_url, thumbnail_url, summary) VALUES (719, 5, 'T5x', 'https://www.gsmarena.com/vivo_t5x_5g-14536.php', 'https://fdn2.gsmarena.com/vv/bigpic/vivo-t5x-5g.jpg', 'T5x');
INSERT OR IGNORE INTO device_specs (device_id, announced, status, network, os, chipset, cpu, gpu, display_size, display_type, display_res, ram, storage, main_camera, selfie_camera, battery, charging, nfc, usb, bluetooth, wlan, colors, weight, dimensions, sim, sensors, popularity, fans, rating, full_specs_json) VALUES (719, '2026, March 17', 'Available. Released 2026, March 24', 'GSM / HSPA / LTE / 5G / 5G', 'Android 16, OriginOS 6', 'Mediatek Dimensity 7400 Turbo (4 nm)', 'Octa-core (4x2.6 GHz Cortex-A78 & 4x2.0 GHz Cortex-A55)', 'Mali-G615 MC2', '6.76 inches, 112.1 cm 2 (~85.8% screen-to-body ratio)', 'IPS LCD, 120Hz, 1200 nits (HBM)', '1080 x 2344 pixels, 19.5:9 ratio (~382 ppi density)', '6GB', '128GB', '50 MP, (wide), 1/2.93", PDAF, LED flash, panorama', '32 MP, f/2.5, (wide), 4K@30fps, 1080p@30fps', 'Si/C Li-Ion 7200 mAh', '44W wired, 50% in 43 min', 'No', 'USB Type-C 2.0, OTG', '5.4, A2DP, LE', 'Wi-Fi 802.11 a/b/g/n/ac, dual-band', 'Cyber Green, Star Silver', '219 g (7.72 oz)', '166.6 x 78.4 x 8.4 mm (6.56 x 3.09 x 0.33 in)', 'Nano-SIM + Nano-SIM', 'Fingerprint (side-mounted), accelerometer, gyro, proximity, compass', 'About 180 EUR', NULL, NULL, '[{"category":"Network","specs":[{"label":"Technology","value":"GSM / HSPA / LTE / 5G"},{"label":"2G bands","value":"GSM 850 / 900 / 1800 / 1900"},{"label":"3G bands","value":"HSDPA 850 / 900 / 2100"},{"label":"4G bands","value":"1, 3, 5, 8, 28, 38, 40, 41"},{"label":"5G bands","value":"1, 3, 5, 8, 28, 38, 40, 41 SA/NSA"},{"label":"Speed","value":"HSPA, LTE, 5G"}]},{"category":"Launch","specs":[{"label":"Announced","value":"2026, March 17"},{"label":"Status","value":"Available. Released 2026, March 24"}]},{"category":"Body","specs":[{"label":"Dimensions","value":"166.6 x 78.4 x 8.4 mm (6.56 x 3.09 x 0.33 in)"},{"label":"Weight","value":"219 g (7.72 oz)"},{"label":"Build","value":"Glass front, plastic frame, plastic back"},{"label":"SIM","value":"Nano-SIM + Nano-SIM"}]},{"category":"Display","specs":[{"label":"Type","value":"IPS LCD, 120Hz, 1200 nits (HBM)"},{"label":"Size","value":"6.76 inches, 112.1 cm 2 (~85.8% screen-to-body ratio)"},{"label":"Resolution","value":"1080 x 2344 pixels, 19.5:9 ratio (~382 ppi density)"}]},{"category":"Platform","specs":[{"label":"OS","value":"Android 16, OriginOS 6"},{"label":"Chipset","value":"Mediatek Dimensity 7400 Turbo (4 nm)"},{"label":"CPU","value":"Octa-core (4x2.6 GHz Cortex-A78 & 4x2.0 GHz Cortex-A55)"},{"label":"GPU","value":"Mali-G615 MC2"}]},{"category":"Memory","specs":[{"label":"Card slot","value":"No"},{"label":"Internal","value":"128GB 6GB RAM, 128GB 8GB RAM, 256GB 8GB RAM"}]},{"category":"Main Camera","specs":[{"label":"Dual","value":"50 MP, (wide), 1/2.93\\", PDAF"},{"label":"Features","value":"LED flash, panorama"},{"label":"Video","value":"4K@30fps, 1080p@30fps, gyro-EIS"}]},{"category":"Selfie camera","specs":[{"label":"Single","value":"32 MP, f/2.5, (wide)"},{"label":"Video","value":"4K@30fps, 1080p@30fps"}]},{"category":"Sound","specs":[{"label":"Loudspeaker","value":"Yes, with stereo speakers"},{"label":"3.5mm jack","value":"No"}]},{"category":"Comms","specs":[{"label":"WLAN","value":"Wi-Fi 802.11 a/b/g/n/ac, dual-band"},{"label":"Bluetooth","value":"5.4, A2DP, LE"},{"label":"Positioning","value":"GPS, GALILEO, GLONASS, BDS, QZSS"},{"label":"NFC","value":"No"},{"label":"USB","value":"USB Type-C 2.0, OTG"},{"label":"Radio","value":"No"}]},{"category":"Features","specs":[{"label":"Sensors","value":"Fingerprint (side-mounted), accelerometer, gyro, proximity, compass"}]},{"category":"Battery","specs":[{"label":"Type","value":"Si/C Li-Ion 7200 mAh"},{"label":"Charging","value":"44W wired, 50% in 43 min"}]},{"category":"Misc","specs":[{"label":"Colors","value":"Cyber Green, Star Silver"},{"label":"Models","value":"V2545"},{"label":"SAR","value":"1.14 W/kg (head)     1.01 W/kg (body)"},{"label":"Price","value":"About 180 EUR"}]}]');
INSERT OR IGNORE INTO device_pictures (device_id, url, position) VALUES (719, 'https://fdn2.gsmarena.com/vv/bigpic/vivo-t5x-5g.jpg', 0);
INSERT OR IGNORE INTO device_pictures (device_id, url, position) VALUES (719, 'https://fdn2.gsmarena.com/vv/pics/vivo/vivo-t5x-5g-1.jpg', 1);
INSERT OR IGNORE INTO device_pictures (device_id, url, position) VALUES (719, 'https://fdn2.gsmarena.com/vv/pics/vivo/vivo-t5x-5g-2.jpg', 2);
INSERT OR IGNORE INTO devices (id, brand_id, name, gsmarena_url, thumbnail_url, summary) VALUES (720, 5, 'iQOO Z11x', 'https://www.gsmarena.com/vivo_iqoo_z11x_5g-14531.php', 'https://fdn2.gsmarena.com/vv/bigpic/vivo-iqoo-z11x-5g.jpg', 'iQOO Z11x');
INSERT OR IGNORE INTO device_specs (device_id, announced, status, network, os, chipset, cpu, gpu, display_size, display_type, display_res, ram, storage, main_camera, selfie_camera, battery, charging, nfc, usb, bluetooth, wlan, colors, weight, dimensions, sim, sensors, popularity, fans, rating, full_specs_json) VALUES (720, '2026, March 12', 'Available. Released 2026, March 17', 'GSM / HSPA / LTE / 5G / 5G', 'Android 16, OriginOS 6', 'Mediatek Dimensity 7400 Turbo (4 nm)', 'Octa-core (4x2.6 GHz Cortex-A78 & 4x2.0 GHz Cortex-A55)', 'Mali-G615 MC2', '6.76 inches, 112.1 cm 2 (~85.8% screen-to-body ratio)', 'IPS LCD, 120Hz, 1200 nits (HBM)', '1080 x 2344 pixels, 19.5:9 ratio (~382 ppi density)', '6GB', '128GB', '50 MP, (wide), 1/2.93", PDAF, LED flash, HDR, panorama', '32 MP, (wide), 4K@30fps, 1080p@30fps', 'Si/C Li-Ion 7200 mAh', '44W wired, PPS, 50% in 43 min', 'No', 'USB Type-C 2.0, OTG', '5.4, A2DP, LE', 'Wi-Fi 802.11 a/b/g/n/ac, dual-band', 'Prismatic Green, Titan Black', '219 g (7.72 oz)', '166.6 x 78.4 x 8.4 mm (6.56 x 3.09 x 0.33 in)', 'Nano-SIM + Nano-SIM', 'Fingerprint (side-mounted), accelerometer, gyro, proximity, compass', '₹ 18,998', NULL, NULL, '[{"category":"Network","specs":[{"label":"Technology","value":"GSM / HSPA / LTE / 5G"},{"label":"2G bands","value":"GSM 850 / 900 / 1800 / 1900"},{"label":"3G bands","value":"HSDPA 850 / 900 / 2100"},{"label":"4G bands","value":"1, 3, 5, 8, 28, 38, 40, 41"},{"label":"5G bands","value":"1, 3, 5, 8, 28, 38, 40, 41, 77, 78 SA/NSA"},{"label":"Speed","value":"HSPA, LTE, 5G"}]},{"category":"Launch","specs":[{"label":"Announced","value":"2026, March 12"},{"label":"Status","value":"Available. Released 2026, March 17"}]},{"category":"Body","specs":[{"label":"Dimensions","value":"166.6 x 78.4 x 8.4 mm (6.56 x 3.09 x 0.33 in)"},{"label":"Weight","value":"219 g (7.72 oz)"},{"label":"Build","value":"Glass front, plastic frame, plastic back"},{"label":"SIM","value":"Nano-SIM + Nano-SIM"}]},{"category":"Display","specs":[{"label":"Type","value":"IPS LCD, 120Hz, 1200 nits (HBM)"},{"label":"Size","value":"6.76 inches, 112.1 cm 2 (~85.8% screen-to-body ratio)"},{"label":"Resolution","value":"1080 x 2344 pixels, 19.5:9 ratio (~382 ppi density)"}]},{"category":"Platform","specs":[{"label":"OS","value":"Android 16, OriginOS 6"},{"label":"Chipset","value":"Mediatek Dimensity 7400 Turbo (4 nm)"},{"label":"CPU","value":"Octa-core (4x2.6 GHz Cortex-A78 & 4x2.0 GHz Cortex-A55)"},{"label":"GPU","value":"Mali-G615 MC2"}]},{"category":"Memory","specs":[{"label":"Card slot","value":"No"},{"label":"Internal","value":"128GB 6GB RAM, 128GB 8GB RAM, 256GB 8GB RAM"}]},{"category":"Main Camera","specs":[{"label":"Dual","value":"50 MP, (wide), 1/2.93\\", PDAF"},{"label":"Features","value":"LED flash, HDR, panorama"},{"label":"Video","value":"4K@30fps, 1080p@30fps, gyro-EIS"}]},{"category":"Selfie camera","specs":[{"label":"Single","value":"32 MP, (wide)"},{"label":"Video","value":"4K@30fps, 1080p@30fps"}]},{"category":"Sound","specs":[{"label":"Loudspeaker","value":"Yes, with stereo speakers"},{"label":"3.5mm jack","value":"No"}]},{"category":"Comms","specs":[{"label":"WLAN","value":"Wi-Fi 802.11 a/b/g/n/ac, dual-band"},{"label":"Bluetooth","value":"5.4, A2DP, LE"},{"label":"Positioning","value":"GPS, GALILEO, GLONASS, BDS, QZSS"},{"label":"NFC","value":"No"},{"label":"USB","value":"USB Type-C 2.0, OTG"},{"label":"Radio","value":"No"}]},{"category":"Features","specs":[{"label":"Sensors","value":"Fingerprint (side-mounted), accelerometer, gyro, proximity, compass"}]},{"category":"Battery","specs":[{"label":"Type","value":"Si/C Li-Ion 7200 mAh"},{"label":"Charging","value":"44W wired, PPS, 50% in 43 min"}]},{"category":"Misc","specs":[{"label":"Colors","value":"Prismatic Green, Titan Black"},{"label":"Models","value":"I2507"},{"label":"Price","value":"₹ 18,998"}]}]');
INSERT OR IGNORE INTO device_pictures (device_id, url, position) VALUES (720, 'https://fdn2.gsmarena.com/vv/bigpic/vivo-iqoo-z11x-5g.jpg', 0);
INSERT OR IGNORE INTO device_pictures (device_id, url, position) VALUES (720, 'https://fdn2.gsmarena.com/vv/pics/vivo/vivo-iqoo-z11x-1.jpg', 1);
INSERT OR IGNORE INTO device_pictures (device_id, url, position) VALUES (720, 'https://fdn2.gsmarena.com/vv/pics/vivo/vivo-iqoo-z11x-2.jpg', 2);
INSERT OR IGNORE INTO devices (id, brand_id, name, gsmarena_url, thumbnail_url, summary) VALUES (721, 5, 'Y51 Pro', 'https://www.gsmarena.com/vivo_y51_pro_5g-14539.php', 'https://fdn2.gsmarena.com/vv/bigpic/vivo-y51-pro.jpg', 'Y51 Pro');
INSERT OR IGNORE INTO device_specs (device_id, announced, status, network, os, chipset, cpu, gpu, display_size, display_type, display_res, ram, storage, main_camera, selfie_camera, battery, charging, nfc, usb, bluetooth, wlan, colors, weight, dimensions, sim, sensors, popularity, fans, rating, full_specs_json) VALUES (721, '2026, March 11', 'Available. Released 2026, March 11', 'GSM / HSPA / LTE / 5G / 5G', 'Android 16, OriginOS 6', 'Mediatek Dimensity 7360 Turbo (4 nm)', 'Octa-core (4x2.5 GHz Cortex-A78 & 4x2.0 GHz Cortex-A55)', 'Mali-G615 MC2', '6.75 inches, 111.4 cm 2 (~85.3% screen-to-body ratio)', 'IPS LCD, 120Hz, 1250 nits (HBM)', '720 x 1570 pixels, 19.5:9 ratio (~256 ppi density)', '8GB', '128GB', '50 MP, f/2.0, 21mm (wide), PDAF, LED flash, HDR, panorama', '8 MP, f/2.1, (wide), 1080p@30fps', 'Si/C Li-Ion 7200 mAh', '44W wired, 50% in 43 min', 'No', 'USB Type-C 2.0, OTG', '5.4, A2DP, LE', 'Wi-Fi 802.11 a/b/g/n/ac, dual-band', 'Festive Red, Noble Gold', '219 g (7.72 oz)', '166.6 x 78.4 x 8.4 mm (6.56 x 3.09 x 0.33 in)', 'Nano-SIM + Nano-SIM', 'Fingerprint (side-mounted), accelerometer, gyro, proximity, compass', 'About 230 EUR', NULL, NULL, '[{"category":"Network","specs":[{"label":"Technology","value":"GSM / HSPA / LTE / 5G"},{"label":"2G bands","value":"GSM 850 / 900 / 1800 / 1900"},{"label":"3G bands","value":"HSDPA 850 / 900 / 2100"},{"label":"4G bands","value":"1, 3, 5, 8, 20, 28, 38, 40, 41"},{"label":"5G bands","value":"1, 3, 5, 8, 20, 28, 38, 40, 41, 77, 78 SA/NSA"},{"label":"Speed","value":"HSPA, LTE, 5G"}]},{"category":"Launch","specs":[{"label":"Announced","value":"2026, March 11"},{"label":"Status","value":"Available. Released 2026, March 11"}]},{"category":"Body","specs":[{"label":"Dimensions","value":"166.6 x 78.4 x 8.4 mm (6.56 x 3.09 x 0.33 in)"},{"label":"Weight","value":"219 g (7.72 oz)"},{"label":"Build","value":"Glass front, plastic frame, plastic back"},{"label":"SIM","value":"Nano-SIM + Nano-SIM"}]},{"category":"Display","specs":[{"label":"Type","value":"IPS LCD, 120Hz, 1250 nits (HBM)"},{"label":"Size","value":"6.75 inches, 111.4 cm 2 (~85.3% screen-to-body ratio)"},{"label":"Resolution","value":"720 x 1570 pixels, 19.5:9 ratio (~256 ppi density)"}]},{"category":"Platform","specs":[{"label":"OS","value":"Android 16, OriginOS 6"},{"label":"Chipset","value":"Mediatek Dimensity 7360 Turbo (4 nm)"},{"label":"CPU","value":"Octa-core (4x2.5 GHz Cortex-A78 & 4x2.0 GHz Cortex-A55)"},{"label":"GPU","value":"Mali-G615 MC2"}]},{"category":"Memory","specs":[{"label":"Card slot","value":"No"},{"label":"Internal","value":"128GB 8GB RAM, 256GB 8GB RAM"}]},{"category":"Main Camera","specs":[{"label":"Dual","value":"50 MP, f/2.0, 21mm (wide), PDAF"},{"label":"Features","value":"LED flash, HDR, panorama"},{"label":"Video","value":"4K@30fps, 1080p@30fps"}]},{"category":"Selfie camera","specs":[{"label":"Single","value":"8 MP, f/2.1, (wide)"},{"label":"Video","value":"1080p@30fps"}]},{"category":"Sound","specs":[{"label":"Loudspeaker","value":"Yes, with stereo speakers"},{"label":"3.5mm jack","value":"No"}]},{"category":"Comms","specs":[{"label":"WLAN","value":"Wi-Fi 802.11 a/b/g/n/ac, dual-band"},{"label":"Bluetooth","value":"5.4, A2DP, LE"},{"label":"Positioning","value":"GPS, GALILEO, GLONASS, BDS, QZSS"},{"label":"NFC","value":"No"},{"label":"USB","value":"USB Type-C 2.0, OTG"},{"label":"Radio","value":"No"},{"label":"Infrared port","value":"Yes"}]},{"category":"Features","specs":[{"label":"Sensors","value":"Fingerprint (side-mounted), accelerometer, gyro, proximity, compass"}]},{"category":"Battery","specs":[{"label":"Type","value":"Si/C Li-Ion 7200 mAh"},{"label":"Charging","value":"44W wired, 50% in 43 min"}]},{"category":"Misc","specs":[{"label":"Colors","value":"Festive Red, Noble Gold"},{"label":"Price","value":"About 230 EUR"}]}]');
INSERT OR IGNORE INTO device_pictures (device_id, url, position) VALUES (721, 'https://fdn2.gsmarena.com/vv/bigpic/vivo-y51-pro.jpg', 0);
INSERT OR IGNORE INTO device_pictures (device_id, url, position) VALUES (721, 'https://fdn2.gsmarena.com/vv/pics/vivo/vivo-y51-pro-2.jpg', 1);
INSERT OR IGNORE INTO device_pictures (device_id, url, position) VALUES (721, 'https://fdn2.gsmarena.com/vv/pics/vivo/vivo-y51-pro-3.jpg', 2);
INSERT OR IGNORE INTO devices (id, brand_id, name, gsmarena_url, thumbnail_url, summary) VALUES (722, 5, 'V70 FE', 'https://www.gsmarena.com/vivo_v70_fe_5g-14504.php', 'https://fdn2.gsmarena.com/vv/bigpic/vivo-v70-fe.jpg', 'V70 FE');
INSERT OR IGNORE INTO device_specs (device_id, announced, status, network, os, chipset, cpu, gpu, display_size, display_type, display_res, ram, storage, main_camera, selfie_camera, battery, charging, nfc, usb, bluetooth, wlan, colors, weight, dimensions, sim, sensors, popularity, fans, rating, full_specs_json) VALUES (722, '2026, March 09', 'Available. Released 2026, March 17', 'GSM / HSPA / LTE / 5G / 5G', 'Android 16, OriginOS 6', 'Mediatek Dimensity 7360 Turbo (4 nm)', 'Octa-core (4x2.5 GHz Cortex-A78 & 4x2.0 GHz Cortex-A55)', 'Mali-G615 MC2', '6.83 inches, 113.1 cm 2 (~90.7% screen-to-body ratio)', 'AMOLED, 1B colors, 120Hz, HDR10+, 1900 nits (HBM)', '1260 x 2800 pixels, 20:9 ratio (~449 ppi density)', '8GB', '256GB', '200 MP, f/1.9, 24mm (wide), 1/1.56", PDAF, OIS, Ring-LED flash, HDR, panorama', '32 MP, f/2.2, 22mm (wide), 1/3.1", 0.7µm, 4K, 1080p', 'Si/C Li-Ion 7000 mAh', '90W wired, 100% in 60 min', 'Yes', 'USB Type-C 2.0, OTG', '5.4, A2DP, LE', 'Yes, dual-band', 'Ocean Blue, Muse Purple, Titanium Silver', '200 g (7.05 oz)', '163.7 x 76.2 x 7.6 mm (6.44 x 3.00 x 0.30 in)', 'Nano-SIM + Nano-SIM', 'Fingerprint (under display, optical), accelerometer, gyro, proximity, compass', 'About 330 EUR', NULL, NULL, '[{"category":"Network","specs":[{"label":"Technology","value":"GSM / HSPA / LTE / 5G"},{"label":"2G bands","value":"GSM 850 / 900 / 1800 / 1900"},{"label":"3G bands","value":"HSDPA 850 / 900 / 1700(AWS) / 1900 / 2100"},{"label":"4G bands","value":"1, 2, 3, 4, 5, 7, 8, 19, 20, 28, 32, 38, 40, 41, 42, 43, 48"},{"label":"5G bands","value":"1, 3, 5, 7, 8, 20, 28, 38, 40, 41, 75, 77, 78 SA/NSA"},{"label":"Speed","value":"HSPA, LTE, 5G"}]},{"category":"Launch","specs":[{"label":"Announced","value":"2026, March 09"},{"label":"Status","value":"Available. Released 2026, March 17"}]},{"category":"Body","specs":[{"label":"Dimensions","value":"163.7 x 76.2 x 7.6 mm (6.44 x 3.00 x 0.30 in)"},{"label":"Weight","value":"200 g (7.05 oz)"},{"label":"Build","value":"Glass front, plastic frame, plastic back"},{"label":"SIM","value":"Nano-SIM + Nano-SIM"}]},{"category":"Display","specs":[{"label":"Type","value":"AMOLED, 1B colors, 120Hz, HDR10+, 1900 nits (HBM)"},{"label":"Size","value":"6.83 inches, 113.1 cm 2 (~90.7% screen-to-body ratio)"},{"label":"Resolution","value":"1260 x 2800 pixels, 20:9 ratio (~449 ppi density)"},{"label":"Protection","value":"Mohs level 4"}]},{"category":"Platform","specs":[{"label":"OS","value":"Android 16, OriginOS 6"},{"label":"Chipset","value":"Mediatek Dimensity 7360 Turbo (4 nm)"},{"label":"CPU","value":"Octa-core (4x2.5 GHz Cortex-A78 & 4x2.0 GHz Cortex-A55)"},{"label":"GPU","value":"Mali-G615 MC2"}]},{"category":"Memory","specs":[{"label":"Card slot","value":"No"},{"label":"Internal","value":"256GB 8GB RAM, 256GB 12GB RAM, 512GB 8GB RAM"}]},{"category":"Main Camera","specs":[{"label":"Dual","value":"200 MP, f/1.9, 24mm (wide), 1/1.56\\", PDAF, OIS"},{"label":"Features","value":"Ring-LED flash, HDR, panorama"},{"label":"Video","value":"4K, 1080p, gyro-EIS, OIS"}]},{"category":"Selfie camera","specs":[{"label":"Single","value":"32 MP, f/2.2, 22mm (wide), 1/3.1\\", 0.7µm"},{"label":"Video","value":"4K, 1080p"}]},{"category":"Sound","specs":[{"label":"Loudspeaker","value":"Yes, with stereo speakers"},{"label":"3.5mm jack","value":"No"}]},{"category":"Comms","specs":[{"label":"WLAN","value":"Yes, dual-band"},{"label":"Bluetooth","value":"5.4, A2DP, LE"},{"label":"Positioning","value":"GPS, GALILEO, GLONASS, BDS, QZSS"},{"label":"NFC","value":"Yes"},{"label":"USB","value":"USB Type-C 2.0, OTG"},{"label":"Radio","value":"No"},{"label":"Infrared port","value":"Yes"}]},{"category":"Features","specs":[{"label":"Sensors","value":"Fingerprint (under display, optical), accelerometer, gyro, proximity, compass"}]},{"category":"Battery","specs":[{"label":"Type","value":"Si/C Li-Ion 7000 mAh"},{"label":"Charging","value":"90W wired, 100% in 60 min"}]},{"category":"Misc","specs":[{"label":"Colors","value":"Ocean Blue, Muse Purple, Titanium Silver"},{"label":"Models","value":"V2550"},{"label":"Price","value":"About 330 EUR"}]}]');
INSERT OR IGNORE INTO device_pictures (device_id, url, position) VALUES (722, 'https://fdn2.gsmarena.com/vv/bigpic/vivo-v70-fe.jpg', 0);
INSERT OR IGNORE INTO device_pictures (device_id, url, position) VALUES (722, 'https://fdn2.gsmarena.com/vv/pics/vivo/vivo-v70-fe-1.jpg', 1);
INSERT OR IGNORE INTO device_pictures (device_id, url, position) VALUES (722, 'https://fdn2.gsmarena.com/vv/pics/vivo/vivo-v70-fe-2.jpg', 2);
INSERT OR IGNORE INTO device_pictures (device_id, url, position) VALUES (722, 'https://fdn2.gsmarena.com/vv/pics/vivo/vivo-v70-fe-3.jpg', 3);
INSERT OR IGNORE INTO devices (id, brand_id, name, gsmarena_url, thumbnail_url, summary) VALUES (723, 5, 'X300 FE', 'https://www.gsmarena.com/vivo_x300_fe_5g-14491.php', 'https://fdn2.gsmarena.com/vv/bigpic/vivo-x300-fe.jpg', 'X300 FE');
INSERT OR IGNORE INTO device_specs (device_id, announced, status, network, os, chipset, cpu, gpu, display_size, display_type, display_res, ram, storage, main_camera, selfie_camera, battery, charging, nfc, usb, bluetooth, wlan, colors, weight, dimensions, sim, sensors, popularity, fans, rating, full_specs_json) VALUES (723, '2026, March 04', 'Coming soon. Exp. release 2026, March', 'GSM / HSPA / LTE / 5G / 5G', 'Android 16, up to 5 major Android upgrades, OriginOS 6', 'Qualcomm SM8845 Snapdragon 8 Gen 5 (3 nm)', 'Octa-core (2x3.8 GHz Oryon V3 Phoenix L + 6x3.32 GHz Oryon V3 Phoenix M)', 'Adreno 829', '6.31 inches, 97.6 cm 2 (~90.2% screen-to-body ratio)', 'LTPO AMOLED, 1B colors, 120Hz, HDR, 5000 nits (peak)', '1216 x 2640 pixels, 19.5:9 ratio (~461 ppi density)', '12GB', '256GB', '50 MP, f/1.6, 23mm (wide), 1/1.56", PDAF, OIS, Multi-focus LED flash, panorama, HDR', '50 MP, f/2.0, 21mm (wide), 1/2.76", AF, 4K, 1080p', 'Si/C Li-Ion 6500 mAh', '90W wired, PD', 'Yes', 'USB Type-C 2.0, OTG', '6.0, A2DP, LE', 'Wi-Fi 802.11 a/b/g/n/ac/6/7, dual-band', 'Moonlight White, Cool Purple, Graphite Black', '191 g (6.74 oz)', '150.8 x 71.8 x 8 mm (5.94 x 2.83 x 0.31 in)', 'Nano-SIM + Nano-SIM + eSIM + eSIM (max 2 at a time)', 'Fingerprint (under display, ultrasonic), accelerometer, gyro, proximity, compass', NULL, NULL, NULL, '[{"category":"Network","specs":[{"label":"Technology","value":"GSM / HSPA / LTE / 5G"},{"label":"2G bands","value":"GSM 850 / 900 / 1800 / 1900"},{"label":"3G bands","value":"HSDPA 800 / 850 / 900 / 1700(AWS) / 1900 / 2100"},{"label":"4G bands","value":"1, 2, 3, 4, 5, 7, 8, 12, 13, 17, 18, 19, 20, 25, 26, 28, 32, 34, 38, 39, 40, 41, 42, 43, 48, 66, 71"},{"label":"5G bands","value":"1, 2, 3, 5, 7, 8, 18, 20, 25, 26, 28, 38, 40, 41, 48, 66, 71, 75, 77, 78 SA/NSA"},{"label":"Speed","value":"HSPA, LTE, 5G"}]},{"category":"Launch","specs":[{"label":"Announced","value":"2026, March 04"},{"label":"Status","value":"Coming soon. Exp. release 2026, March"}]},{"category":"Body","specs":[{"label":"Dimensions","value":"150.8 x 71.8 x 8 mm (5.94 x 2.83 x 0.31 in)"},{"label":"Weight","value":"191 g (6.74 oz)"},{"label":"Build","value":"Glass front, aluminum alloy frame, glass back"},{"label":"SIM","value":"Nano-SIM + Nano-SIM + eSIM + eSIM (max 2 at a time)"}]},{"category":"Display","specs":[{"label":"Type","value":"LTPO AMOLED, 1B colors, 120Hz, HDR, 5000 nits (peak)"},{"label":"Size","value":"6.31 inches, 97.6 cm 2 (~90.2% screen-to-body ratio)"},{"label":"Resolution","value":"1216 x 2640 pixels, 19.5:9 ratio (~461 ppi density)"}]},{"category":"Platform","specs":[{"label":"OS","value":"Android 16, up to 5 major Android upgrades, OriginOS 6"},{"label":"Chipset","value":"Qualcomm SM8845 Snapdragon 8 Gen 5 (3 nm)"},{"label":"CPU","value":"Octa-core (2x3.8 GHz Oryon V3 Phoenix L + 6x3.32 GHz Oryon V3 Phoenix M)"},{"label":"GPU","value":"Adreno 829"}]},{"category":"Memory","specs":[{"label":"Card slot","value":"No"},{"label":"Internal","value":"256GB 12GB RAM, 512GB 12GB RAM"}]},{"category":"Main Camera","specs":[{"label":"Triple","value":"50 MP, f/1.6, 23mm (wide), 1/1.56\\", PDAF, OIS"},{"label":"Features","value":"Multi-focus LED flash, panorama, HDR"},{"label":"Video","value":"4K, 1080p, gyro-EIS"}]},{"category":"Selfie camera","specs":[{"label":"Single","value":"50 MP, f/2.0, 21mm (wide), 1/2.76\\", AF"},{"label":"Video","value":"4K, 1080p"},{"label":"Features","value":"HDR"}]},{"category":"Sound","specs":[{"label":"Loudspeaker","value":"Yes, with stereo speakers"},{"label":"3.5mm jack","value":"No"}]},{"category":"Comms","specs":[{"label":"WLAN","value":"Wi-Fi 802.11 a/b/g/n/ac/6/7, dual-band"},{"label":"Bluetooth","value":"6.0, A2DP, LE"},{"label":"Positioning","value":"GPS (L1+L5), BDS (B1I+B1C+B2a), GALILEO (E1+E5a), QZSS (L1+L5), GLONASS, NavIC"},{"label":"NFC","value":"Yes"},{"label":"USB","value":"USB Type-C 2.0, OTG"},{"label":"Radio","value":"No"},{"label":"Infrared port","value":"Yes"}]},{"category":"Features","specs":[{"label":"Sensors","value":"Fingerprint (under display, ultrasonic), accelerometer, gyro, proximity, compass"}]},{"category":"Battery","specs":[{"label":"Type","value":"Si/C Li-Ion 6500 mAh"},{"label":"Charging","value":"90W wired, PD"}]},{"category":"Misc","specs":[{"label":"Colors","value":"Moonlight White, Cool Purple, Graphite Black"},{"label":"Models","value":"V2537"}]}]');
INSERT OR IGNORE INTO device_pictures (device_id, url, position) VALUES (723, 'https://fdn2.gsmarena.com/vv/bigpic/vivo-x300-fe.jpg', 0);
INSERT OR IGNORE INTO device_pictures (device_id, url, position) VALUES (723, 'https://fdn2.gsmarena.com/vv/pics/vivo/vivo-x300-fe-1.jpg', 1);
INSERT OR IGNORE INTO device_pictures (device_id, url, position) VALUES (723, 'https://fdn2.gsmarena.com/vv/pics/vivo/vivo-x300-fe-2.jpg', 2);
INSERT OR IGNORE INTO device_pictures (device_id, url, position) VALUES (723, 'https://fdn2.gsmarena.com/vv/pics/vivo/vivo-x300-fe-3.jpg', 3);
INSERT OR IGNORE INTO devices (id, brand_id, name, gsmarena_url, thumbnail_url, summary) VALUES (724, 5, 'iQOO 15R', 'https://www.gsmarena.com/vivo_iqoo_15r_5g-14483.php', 'https://fdn2.gsmarena.com/vv/bigpic/vivo-iqoo-15r.jpg', 'iQOO 15R');
INSERT OR IGNORE INTO device_specs (device_id, announced, status, network, os, chipset, cpu, gpu, display_size, display_type, display_res, ram, storage, main_camera, selfie_camera, battery, charging, nfc, usb, bluetooth, wlan, colors, weight, dimensions, sim, sensors, popularity, fans, rating, full_specs_json) VALUES (724, '2026, February 24', 'Available. Released 2026, March 01', 'GSM / HSPA / LTE / 5G / 5G', 'Android 16, up to 4 major Android upgrades, OriginOS 6', 'Qualcomm SM8845 Snapdragon 8 Gen 5 (3 nm)', 'Octa-core (2x3.8 GHz Oryon V3 Phoenix L + 6x3.32 GHz Oryon V3 Phoenix M)', 'Adreno 829', '6.59 inches, 106.1 cm 2 (~90.5% screen-to-body ratio)', 'AMOLED, 1B colors, 144Hz, HDR10+, 4320Hz PWM, 5000 nits (peak)', '1260 x 2750 pixels, 19.5:9 ratio (~459 ppi density)', '8GB', '256GB', '50 MP, f/1.8, (wide), 1/1.56", PDAF, OIS, Color spectrum sensor, LED flash, HDR, panorama', '32 MP, f/2.2, (wide), 4K, 1080p', 'Si/C Li-Ion 7600 mAh', '100W wired', 'Yes', 'USB Type-C 2.0, OTG', '6.0, A2DP, LE', 'Wi-Fi 802.11 a/b/g/n/ac/6/7, dual-band', 'Dark Knight, Triumph Silver', '202 g or 206 g (7.13 oz)', '157.6 x 74.4 x 7.9 mm (6.20 x 2.93 x 0.31 in)', 'Nano-SIM + Nano-SIM', 'Fingerprint (under display, ultrasonic), accelerometer, gyro, proximity, compass', '₹ 44,998', NULL, NULL, '[{"category":"Network","specs":[{"label":"Technology","value":"GSM / HSPA / LTE / 5G"},{"label":"2G bands","value":"GSM 850 / 900 / 1800 / 1900"},{"label":"3G bands","value":"HSDPA 800 / 850 / 900 / 2100"},{"label":"4G bands","value":"1, 3, 4, 5, 7, 8, 18, 19, 20, 26, 28, 32, 38, 40, 41, 42, 43, 48, 71"},{"label":"5G bands","value":"1, 3, 5, 7, 8, 18, 20, 26, 28, 38, 40, 41, 48, 75, 71, 77, 78 SA/NSA"},{"label":"Speed","value":"HSPA, LTE, 5G"}]},{"category":"Launch","specs":[{"label":"Announced","value":"2026, February 24"},{"label":"Status","value":"Available. Released 2026, March 01"}]},{"category":"Body","specs":[{"label":"Dimensions","value":"157.6 x 74.4 x 7.9 mm (6.20 x 2.93 x 0.31 in)"},{"label":"Weight","value":"202 g or 206 g (7.13 oz)"},{"label":"Build","value":"Glass front, glass back or fiber-reinforced plastic back, aluminum alloy frame"},{"label":"SIM","value":"Nano-SIM + Nano-SIM"}]},{"category":"Display","specs":[{"label":"Type","value":"AMOLED, 1B colors, 144Hz, HDR10+, 4320Hz PWM, 5000 nits (peak)"},{"label":"Size","value":"6.59 inches, 106.1 cm 2 (~90.5% screen-to-body ratio)"},{"label":"Resolution","value":"1260 x 2750 pixels, 19.5:9 ratio (~459 ppi density)"}]},{"category":"Platform","specs":[{"label":"OS","value":"Android 16, up to 4 major Android upgrades, OriginOS 6"},{"label":"Chipset","value":"Qualcomm SM8845 Snapdragon 8 Gen 5 (3 nm)"},{"label":"CPU","value":"Octa-core (2x3.8 GHz Oryon V3 Phoenix L + 6x3.32 GHz Oryon V3 Phoenix M)"},{"label":"GPU","value":"Adreno 829"}]},{"category":"Memory","specs":[{"label":"Card slot","value":"No"},{"label":"Internal","value":"256GB 8GB RAM, 256GB 12GB RAM, 512GB 12GB RAM"}]},{"category":"Main Camera","specs":[{"label":"Dual","value":"50 MP, f/1.8, (wide), 1/1.56\\", PDAF, OIS"},{"label":"Features","value":"Color spectrum sensor, LED flash, HDR, panorama"},{"label":"Video","value":"4K@30/60fps, 1080p@30/60/120/240fps, gyro-EIS, OIS, HDR"}]},{"category":"Selfie camera","specs":[{"label":"Single","value":"32 MP, f/2.2, (wide)"},{"label":"Video","value":"4K, 1080p"}]},{"category":"Sound","specs":[{"label":"Loudspeaker","value":"Yes, with stereo speakers"},{"label":"3.5mm jack","value":"No"}]},{"category":"Comms","specs":[{"label":"WLAN","value":"Wi-Fi 802.11 a/b/g/n/ac/6/7, dual-band"},{"label":"Bluetooth","value":"6.0, A2DP, LE"},{"label":"Positioning","value":"GPS (L1+L5), BDS, GALILEO, QZSS, GLONASS, NavIC"},{"label":"NFC","value":"Yes"},{"label":"USB","value":"USB Type-C 2.0, OTG"},{"label":"Radio","value":"No"},{"label":"Infrared port","value":"Yes"}]},{"category":"Features","specs":[{"label":"Sensors","value":"Fingerprint (under display, ultrasonic), accelerometer, gyro, proximity, compass"}]},{"category":"Battery","specs":[{"label":"Type","value":"Si/C Li-Ion 7600 mAh"},{"label":"Charging","value":"100W wired"}]},{"category":"Misc","specs":[{"label":"Colors","value":"Dark Knight, Triumph Silver"},{"label":"Models","value":"I2508"},{"label":"Price","value":"₹ 44,998"}]}]');
INSERT OR IGNORE INTO device_pictures (device_id, url, position) VALUES (724, 'https://fdn2.gsmarena.com/vv/bigpic/vivo-iqoo-15r.jpg', 0);
INSERT OR IGNORE INTO device_pictures (device_id, url, position) VALUES (724, 'https://fdn2.gsmarena.com/vv/pics/vivo/vivo-iqoo-15r-1.jpg', 1);
INSERT OR IGNORE INTO device_pictures (device_id, url, position) VALUES (724, 'https://fdn2.gsmarena.com/vv/pics/vivo/vivo-iqoo-15r-2.jpg', 2);
INSERT OR IGNORE INTO devices (id, brand_id, name, gsmarena_url, thumbnail_url, summary) VALUES (725, 5, 'Y05', 'https://www.gsmarena.com/vivo_y05-14510.php', 'https://fdn2.gsmarena.com/vv/bigpic/vivo-y05.jpg', 'Y05');
INSERT OR IGNORE INTO device_specs (device_id, announced, status, network, os, chipset, cpu, gpu, display_size, display_type, display_res, ram, storage, main_camera, selfie_camera, battery, charging, nfc, usb, bluetooth, wlan, colors, weight, dimensions, sim, sensors, popularity, fans, rating, full_specs_json) VALUES (725, '2026, February 24', 'Available. Released 2026, February 24', 'GSM / HSPA / LTE / 4G/LTE', 'Android 16, OriginOS 6', 'Unisoc T7225 (12 nm)', 'Octa-core (2x2.0 GHz Cortex-A75 & 6x1.8 GHz Cortex-A55)', 'Mali-G52 MP1', '6.74 inches, 109.7 cm 2 (~85.0% screen-to-body ratio)', 'IPS LCD, 120Hz, 1200 nits (HBM)', '720 x 1600 pixels, 20:9 ratio (~260 ppi density)', '4GB', '64GB', '8 MP, f/2.0, (wide), LED flash, panorama', '5 MP, f/2.2, (wide), Yes', 'Li-Ion 6500 mAh', '15W wired', 'No', 'USB Type-C 2.0, OTG', '5.2, A2DP, LE', 'Wi-Fi 802.11 a/b/g/n/ac, dual-band', 'Voyage Black, Haze Blue, Summit Platinum', '209 g (7.37 oz)', '167.4 x 77.1 x 8.4 mm (6.59 x 3.04 x 0.33 in)', 'Nano-SIM + Nano-SIM', 'Fingerprint (side-mounted), accelerometer, proximity, compass', 'About 90 EUR', NULL, NULL, '[{"category":"Network","specs":[{"label":"Technology","value":"GSM / HSPA / LTE"},{"label":"2G bands","value":"GSM 850 / 900 / 1800 / 1900"},{"label":"3G bands","value":"HSDPA 850 / 900 / 2100"},{"label":"4G bands","value":"1, 3, 5, 7, 8, 20, 28, 38, 40, 41"},{"label":"Speed","value":"HSPA, LTE"}]},{"category":"Launch","specs":[{"label":"Announced","value":"2026, February 24"},{"label":"Status","value":"Available. Released 2026, February 24"}]},{"category":"Body","specs":[{"label":"Dimensions","value":"167.4 x 77.1 x 8.4 mm (6.59 x 3.04 x 0.33 in)"},{"label":"Weight","value":"209 g (7.37 oz)"},{"label":"Build","value":"Glass front, plastic frame, plastic back"},{"label":"SIM","value":"Nano-SIM + Nano-SIM"}]},{"category":"Display","specs":[{"label":"Type","value":"IPS LCD, 120Hz, 1200 nits (HBM)"},{"label":"Size","value":"6.74 inches, 109.7 cm 2 (~85.0% screen-to-body ratio)"},{"label":"Resolution","value":"720 x 1600 pixels, 20:9 ratio (~260 ppi density)"}]},{"category":"Platform","specs":[{"label":"OS","value":"Android 16, OriginOS 6"},{"label":"Chipset","value":"Unisoc T7225 (12 nm)"},{"label":"CPU","value":"Octa-core (2x2.0 GHz Cortex-A75 & 6x1.8 GHz Cortex-A55)"},{"label":"GPU","value":"Mali-G52 MP1"}]},{"category":"Memory","specs":[{"label":"Card slot","value":"microSDXC (dedicated slot)"},{"label":"Internal","value":"64GB 4GB RAM, 128GB 4GB RAM"}]},{"category":"Main Camera","specs":[{"label":"Single","value":"8 MP, f/2.0, (wide)"},{"label":"Features","value":"LED flash, panorama"},{"label":"Video","value":"1080p@30fps"}]},{"category":"Selfie camera","specs":[{"label":"Single","value":"5 MP, f/2.2, (wide)"},{"label":"Video","value":"Yes"}]},{"category":"Sound","specs":[{"label":"Loudspeaker","value":"Yes, with stereo speakers"},{"label":"3.5mm jack","value":"Yes"}]},{"category":"Comms","specs":[{"label":"WLAN","value":"Wi-Fi 802.11 a/b/g/n/ac, dual-band"},{"label":"Bluetooth","value":"5.2, A2DP, LE"},{"label":"Positioning","value":"GPS, GALILEO, GLONASS, BDS, QZSS"},{"label":"NFC","value":"No"},{"label":"USB","value":"USB Type-C 2.0, OTG"},{"label":"Radio","value":"FM radio"},{"label":"Infrared port","value":"Yes"}]},{"category":"Features","specs":[{"label":"Sensors","value":"Fingerprint (side-mounted), accelerometer, proximity, compass"}]},{"category":"Battery","specs":[{"label":"Type","value":"Li-Ion 6500 mAh"},{"label":"Charging","value":"15W wired"}]},{"category":"Misc","specs":[{"label":"Colors","value":"Voyage Black, Haze Blue, Summit Platinum"},{"label":"Price","value":"About 90 EUR"}]}]');
INSERT OR IGNORE INTO device_pictures (device_id, url, position) VALUES (725, 'https://fdn2.gsmarena.com/vv/bigpic/vivo-y05.jpg', 0);
INSERT OR IGNORE INTO device_pictures (device_id, url, position) VALUES (725, 'https://fdn2.gsmarena.com/vv/pics/vivo/vivo-y05-1.jpg', 1);
INSERT OR IGNORE INTO device_pictures (device_id, url, position) VALUES (725, 'https://fdn2.gsmarena.com/vv/pics/vivo/vivo-y05-2.jpg', 2);
INSERT OR IGNORE INTO devices (id, brand_id, name, gsmarena_url, thumbnail_url, summary) VALUES (726, 5, 'V70 Elite', 'https://www.gsmarena.com/vivo_v70_elite_5g-14446.php', 'https://fdn2.gsmarena.com/vv/bigpic/vivo-v70-elite.jpg', 'V70 Elite');
INSERT OR IGNORE INTO device_specs (device_id, announced, status, network, os, chipset, cpu, gpu, display_size, display_type, display_res, ram, storage, main_camera, selfie_camera, battery, charging, nfc, usb, bluetooth, wlan, colors, weight, dimensions, sim, sensors, popularity, fans, rating, full_specs_json) VALUES (726, '2026, February 19', 'Available. Released 2026, February 26', 'GSM / HSPA / LTE / 5G / 5G', 'Android 16, up to 4 major Android upgrades, OriginOS 6', 'Qualcomm SM8635 Snapdragon 8s Gen 3 (4 nm)', 'Octa-core (1x3.0 GHz Cortex-X4 & 4x2.8 GHz Cortex-A720 & 3x2.0 GHz Cortex-A520)', 'Adreno 735', '6.59 inches, 106.1 cm 2 (~90.7% screen-to-body ratio)', 'AMOLED, 1B colors, HDR10+, 120Hz, 1800 nits (HBM), 5000 nits (peak)', '1260 x 2750 pixels, 19.5:9 ratio (~459 ppi density)', '8GB', '256GB', '50 MP, f/1.9, 23mm (wide), 1/1.56", 1.0µm, PDAF, OIS, Zeiss optics, Ring-LED flash, panorama, HDR, color spectrum sensor', '50 MP, f/2.0, 21mm (wide), 1/2.76", 0.64µm, AF, 4K@30fps, 1080p@30/60fps', 'Si/C Li-Ion 6500 mAh', '90W wired, PD', 'Yes', 'USB Type-C 2.0, OTG', '5.4, A2DP, LE', 'Wi-Fi 802.11 a/b/g/n/ac/6, dual-band', 'Passion Red, Sand Beige, Authentic Black', '187 g or 194 g (6.60 oz)', '157.5 x 74.3 x 7.4 mm or 7.6 mm', 'Nano-SIM + Nano-SIM', 'Fingerprint (under display, ultrasonic), accelerometer, compass, proximity', '₹ 51,999', NULL, NULL, '[{"category":"Network","specs":[{"label":"Technology","value":"GSM / HSPA / LTE / 5G"},{"label":"2G bands","value":"GSM 850 / 900 / 1800 / 1900"},{"label":"3G bands","value":"HSDPA 800 / 850 / 900 / 1700(AWS) / 1900 / 2100"},{"label":"4G bands","value":"1, 3, 4, 5, 8, 18, 19, 26, 28, 38, 39, 40, 41, 42, 66"},{"label":"5G bands","value":"1, 3, 5, 8, 28, 38, 40, 41, 66, 77, 78 SA/NSA"},{"label":"Speed","value":"HSPA, LTE, 5G"}]},{"category":"Launch","specs":[{"label":"Announced","value":"2026, February 19"},{"label":"Status","value":"Available. Released 2026, February 26"}]},{"category":"Body","specs":[{"label":"Dimensions","value":"157.5 x 74.3 x 7.4 mm or 7.6 mm"},{"label":"Weight","value":"187 g or 194 g (6.60 oz)"},{"label":"Build","value":"Glass front, aluminum alloy frame, glass back or fiber-reinforced plastic back"},{"label":"SIM","value":"Nano-SIM + Nano-SIM"}]},{"category":"Display","specs":[{"label":"Type","value":"AMOLED, 1B colors, HDR10+, 120Hz, 1800 nits (HBM), 5000 nits (peak)"},{"label":"Size","value":"6.59 inches, 106.1 cm 2 (~90.7% screen-to-body ratio)"},{"label":"Resolution","value":"1260 x 2750 pixels, 19.5:9 ratio (~459 ppi density)"},{"label":"Protection","value":"Schott Xensation Core"}]},{"category":"Platform","specs":[{"label":"OS","value":"Android 16, up to 4 major Android upgrades, OriginOS 6"},{"label":"Chipset","value":"Qualcomm SM8635 Snapdragon 8s Gen 3 (4 nm)"},{"label":"CPU","value":"Octa-core (1x3.0 GHz Cortex-X4 & 4x2.8 GHz Cortex-A720 & 3x2.0 GHz Cortex-A520)"},{"label":"GPU","value":"Adreno 735"}]},{"category":"Memory","specs":[{"label":"Card slot","value":"No"},{"label":"Internal","value":"256GB 8GB RAM, 256GB 12GB RAM, 512GB 12GB RAM"}]},{"category":"Main Camera","specs":[{"label":"Triple","value":"50 MP, f/1.9, 23mm (wide), 1/1.56\\", 1.0µm, PDAF, OIS"},{"label":"Features","value":"Zeiss optics, Ring-LED flash, panorama, HDR, color spectrum sensor"},{"label":"Video","value":"4K@30/60fps (HDR), 1080p@30/60fps, gyro-EIS, OIS, HDR, LUT"}]},{"category":"Selfie camera","specs":[{"label":"Single","value":"50 MP, f/2.0, 21mm (wide), 1/2.76\\", 0.64µm, AF"},{"label":"Video","value":"4K@30fps, 1080p@30/60fps"},{"label":"Features","value":"Zeiss optics, HDR"}]},{"category":"Sound","specs":[{"label":"Loudspeaker","value":"Yes, with stereo speakers"},{"label":"3.5mm jack","value":"No"}]},{"category":"Comms","specs":[{"label":"WLAN","value":"Wi-Fi 802.11 a/b/g/n/ac/6, dual-band"},{"label":"Bluetooth","value":"5.4, A2DP, LE"},{"label":"Positioning","value":"GPS, GALILEO, GLONASS, QZSS, BDS, NavIC"},{"label":"NFC","value":"Yes"},{"label":"USB","value":"USB Type-C 2.0, OTG"},{"label":"Radio","value":"No"},{"label":"Infrared port","value":"Yes"}]},{"category":"Features","specs":[{"label":"Sensors","value":"Fingerprint (under display, ultrasonic), accelerometer, compass, proximity"}]},{"category":"Battery","specs":[{"label":"Type","value":"Si/C Li-Ion 6500 mAh"},{"label":"Charging","value":"90W wired, PD"}]},{"category":"Misc","specs":[{"label":"Colors","value":"Passion Red, Sand Beige, Authentic Black"},{"label":"Models","value":"V2548"},{"label":"SAR","value":"1.14 W/kg (head)     0.89 W/kg (body)"},{"label":"Price","value":"₹ 51,999"}]}]');
INSERT OR IGNORE INTO device_pictures (device_id, url, position) VALUES (726, 'https://fdn2.gsmarena.com/vv/bigpic/vivo-v70-elite.jpg', 0);
INSERT OR IGNORE INTO device_pictures (device_id, url, position) VALUES (726, 'https://fdn2.gsmarena.com/vv/pics/vivo/vivo-v70-1.jpg', 1);
INSERT OR IGNORE INTO device_pictures (device_id, url, position) VALUES (726, 'https://fdn2.gsmarena.com/vv/pics/vivo/vivo-v70-elite-2.jpg', 2);
INSERT OR IGNORE INTO device_pictures (device_id, url, position) VALUES (726, 'https://fdn2.gsmarena.com/vv/pics/vivo/vivo-v70-3.jpg', 3);
INSERT OR IGNORE INTO devices (id, brand_id, name, gsmarena_url, thumbnail_url, summary) VALUES (727, 5, 'V70', 'https://www.gsmarena.com/vivo_v70_5g-14505.php', 'https://fdn2.gsmarena.com/vv/bigpic/vivo-v70.jpg', 'V70');
INSERT OR IGNORE INTO device_specs (device_id, announced, status, network, os, chipset, cpu, gpu, display_size, display_type, display_res, ram, storage, main_camera, selfie_camera, battery, charging, nfc, usb, bluetooth, wlan, colors, weight, dimensions, sim, sensors, popularity, fans, rating, full_specs_json) VALUES (727, '2026, February 19', 'Available. Released 2026, February 26', 'GSM / HSPA / LTE / 5G / 5G', 'Android 16, up to 4 major Android upgrades, OriginOS 6', 'Qualcomm SM7750-AB Snapdragon 7 Gen 4 (4 nm)', 'Octa-core (1x2.8 GHz Cortex-720 & 4x2.4 GHz Cortex-720 & 3x1.8 GHz Cortex-520)', 'Adreno 722', '6.59 inches, 106.1 cm 2 (~90.7% screen-to-body ratio)', 'AMOLED, 1B colors, HDR10+, 120Hz, 1800 nits (HBM), 5000 nits (peak)', '1260 x 2750 pixels, 19.5:9 ratio (~459 ppi density)', '8GB', '256GB', '50 MP, f/1.9, 23mm (wide), 1/1.56", 1.0µm, PDAF, OIS, Zeiss optics, Ring-LED flash, panorama, HDR', '50 MP, f/2.0, 21mm (wide), 1/2.76", 0.64µm, AF, 4K@30fps, 1080p@30/60fps', 'Si/C Li-Ion 6500 mAh', '90W wired, PD', 'Yes', 'USB Type-C 2.0, OTG', '5.4, A2DP, LE', 'Yes', 'Golden Hour, Alpine Gray (Sand Beige), Sandalwood Brown, Canary (Lemon) Yellow, Authentic Black, Passion Red', '187 g or 194 g (6.60 oz)', '157.5 x 74.3 x 7.4 mm or 7.6 mm', 'Nano-SIM + Nano-SIM', 'Fingerprint (under display, ultrasonic), accelerometer, gyro, compass, proximity', '₹ 45,999', NULL, NULL, '[{"category":"Network","specs":[{"label":"Technology","value":"GSM / HSPA / LTE / 5G"},{"label":"2G bands","value":"GSM 850 / 900 / 1800 / 1900"},{"label":"3G bands","value":"HSDPA 800 / 850 / 900 / 1700(AWS) / 1900 / 2100"},{"label":"4G bands","value":"1, 3, 4, 5, 8, 18, 19, 26, 28, 38, 39, 40, 41, 42, 66"},{"label":"5G bands","value":"1, 3, 5, 8, 28, 38, 40, 41, 66, 77, 78 SA/NSA"},{"label":"Speed","value":"HSPA, LTE, 5G"}]},{"category":"Launch","specs":[{"label":"Announced","value":"2026, February 19"},{"label":"Status","value":"Available. Released 2026, February 26"}]},{"category":"Body","specs":[{"label":"Dimensions","value":"157.5 x 74.3 x 7.4 mm or 7.6 mm"},{"label":"Weight","value":"187 g or 194 g (6.60 oz)"},{"label":"Build","value":"Glass front, aluminum alloy frame, glass back or fiber-reinforced plastic back"},{"label":"SIM","value":"Nano-SIM + Nano-SIM"}]},{"category":"Display","specs":[{"label":"Type","value":"AMOLED, 1B colors, HDR10+, 120Hz, 1800 nits (HBM), 5000 nits (peak)"},{"label":"Size","value":"6.59 inches, 106.1 cm 2 (~90.7% screen-to-body ratio)"},{"label":"Resolution","value":"1260 x 2750 pixels, 19.5:9 ratio (~459 ppi density)"},{"label":"Protection","value":"Schott Xensation Core, Mohs level 4"}]},{"category":"Platform","specs":[{"label":"OS","value":"Android 16, up to 4 major Android upgrades, OriginOS 6"},{"label":"Chipset","value":"Qualcomm SM7750-AB Snapdragon 7 Gen 4 (4 nm)"},{"label":"CPU","value":"Octa-core (1x2.8 GHz Cortex-720 & 4x2.4 GHz Cortex-720 & 3x1.8 GHz Cortex-520)"},{"label":"GPU","value":"Adreno 722"}]},{"category":"Memory","specs":[{"label":"Card slot","value":"No"},{"label":"Internal","value":"256GB 8GB RAM, 256GB 12GB RAM, 512GB 12GB RAM"}]},{"category":"Main Camera","specs":[{"label":"Triple","value":"50 MP, f/1.9, 23mm (wide), 1/1.56\\", 1.0µm, PDAF, OIS"},{"label":"Features","value":"Zeiss optics, Ring-LED flash, panorama, HDR"},{"label":"Video","value":"4K@30/60fps, 1080p@30/60fps, gyro-EIS, OIS, HDR, LUT"}]},{"category":"Selfie camera","specs":[{"label":"Single","value":"50 MP, f/2.0, 21mm (wide), 1/2.76\\", 0.64µm, AF"},{"label":"Video","value":"4K@30fps, 1080p@30/60fps"},{"label":"Features","value":"Zeiss optics, HDR"}]},{"category":"Sound","specs":[{"label":"Loudspeaker","value":"Yes, with stereo speakers"},{"label":"3.5mm jack","value":"No"}]},{"category":"Comms","specs":[{"label":"WLAN","value":"Yes"},{"label":"Bluetooth","value":"5.4, A2DP, LE"},{"label":"Positioning","value":"GPS, GALILEO, GLONASS, QZSS, BDS, NavIC"},{"label":"NFC","value":"Yes"},{"label":"USB","value":"USB Type-C 2.0, OTG"},{"label":"Radio","value":"No"},{"label":"Infrared port","value":"Yes"}]},{"category":"Features","specs":[{"label":"Sensors","value":"Fingerprint (under display, ultrasonic), accelerometer, gyro, compass, proximity"}]},{"category":"Battery","specs":[{"label":"Type","value":"Si/C Li-Ion 6500 mAh"},{"label":"Charging","value":"90W wired, PD"}]},{"category":"Misc","specs":[{"label":"Colors","value":"Golden Hour, Alpine Gray (Sand Beige), Sandalwood Brown, Canary (Lemon) Yellow, Authentic Black, Passion Red"},{"label":"Models","value":"V2538"},{"label":"SAR","value":"1.09 W/kg (head)     0.95 W/kg (body)"},{"label":"Price","value":"₹ 45,999"}]}]');
INSERT OR IGNORE INTO device_pictures (device_id, url, position) VALUES (727, 'https://fdn2.gsmarena.com/vv/bigpic/vivo-v70.jpg', 0);
INSERT OR IGNORE INTO device_pictures (device_id, url, position) VALUES (727, 'https://fdn2.gsmarena.com/vv/pics/vivo/vivo-v70-1.jpg', 1);
INSERT OR IGNORE INTO device_pictures (device_id, url, position) VALUES (727, 'https://fdn2.gsmarena.com/vv/pics/vivo/vivo-v70-2.jpg', 2);
INSERT OR IGNORE INTO device_pictures (device_id, url, position) VALUES (727, 'https://fdn2.gsmarena.com/vv/pics/vivo/vivo-v70-4.jpg', 3);
INSERT OR IGNORE INTO device_pictures (device_id, url, position) VALUES (727, 'https://fdn.gsmarena.com/imgroot/reviews/26/vivo-v70/lifestyle/-1024w2/gsmarena_001.jpg', 4);
INSERT OR IGNORE INTO device_pictures (device_id, url, position) VALUES (727, 'https://fdn.gsmarena.com/imgroot/reviews/26/vivo-v70/lifestyle/-1024w2/gsmarena_002.jpg', 5);
INSERT OR IGNORE INTO device_pictures (device_id, url, position) VALUES (727, 'https://fdn.gsmarena.com/imgroot/reviews/26/vivo-v70/lifestyle/-1024w2/gsmarena_003.jpg', 6);
INSERT OR IGNORE INTO device_pictures (device_id, url, position) VALUES (727, 'https://fdn.gsmarena.com/imgroot/reviews/26/vivo-v70/lifestyle/-1024w2/gsmarena_004.jpg', 7);
INSERT OR IGNORE INTO device_pictures (device_id, url, position) VALUES (727, 'https://fdn.gsmarena.com/imgroot/reviews/26/vivo-v70/lifestyle/-1024w2/gsmarena_005.jpg', 8);
INSERT OR IGNORE INTO device_pictures (device_id, url, position) VALUES (727, 'https://fdn.gsmarena.com/imgroot/reviews/26/vivo-v70/lifestyle/-1024w2/gsmarena_006.jpg', 9);
INSERT OR IGNORE INTO devices (id, brand_id, name, gsmarena_url, thumbnail_url, summary) VALUES (728, 5, 'iQOO 15 Ultra', 'https://www.gsmarena.com/vivo_iqoo_15_ultra_5g-14445.php', 'https://fdn2.gsmarena.com/vv/bigpic/vivo-iqoo-15-ultra.jpg', 'iQOO 15 Ultra');
INSERT OR IGNORE INTO device_specs (device_id, announced, status, network, os, chipset, cpu, gpu, display_size, display_type, display_res, ram, storage, main_camera, selfie_camera, battery, charging, nfc, usb, bluetooth, wlan, colors, weight, dimensions, sim, sensors, popularity, fans, rating, full_specs_json) VALUES (728, '2026, February 04', 'Available. Released 2026, February 06', 'GSM / HSPA / LTE / 5G / 5G', 'Android 16, up to 5 major Android upgrades, OriginOS 6', 'Qualcomm SM8850-AC Snapdragon 8 Elite Gen 5 (3 nm)', 'Octa-core (2x4.6 GHz Oryon V3 Phoenix L + 6x3.62 GHz Oryon V3 Phoenix M)', 'Adreno 840', '6.85 inches, 114.0 cm 2 (~90.7% screen-to-body ratio)', 'AMOLED, 1B colors, 144Hz, PWM, Dolby Vision, HDR10+, HDR Vivid, 1000 nits (typ), 2600 nits (HBM), 8000 nits (peak)', '1440 x 3168 pixels (~508 ppi density)', '16GB', '256GB', '50 MP, f/1.9, 23mm (wide), 1/1.56", 1.0µm, PDAF, OIS, LED flash, HDR, panorama', '32 MP, f/2.2, 21mm (wide), 1/3.1", 0.7µm, 4K@30/60fps, 1080p@30/60fps', 'Si/C Li-Ion 7400 mAh', '100W wired, PPS, PD', 'Yes', 'USB Type-C 3.2, OTG', '5.4, A2DP, LE, aptX HD, aptX Adaptive, aptX Lossless, LHDC 5', 'Wi-Fi 802.11 a/b/g/n/ac/6/7, dual-band, Wi-Fi Direct', 'Black, Silver', '227 g (8.01 oz)', '163.7 x 76.8 x 8.7 mm (6.44 x 3.02 x 0.34 in)', 'Nano-SIM + Nano-SIM', 'Fingerprint (under display, ultrasonic), accelerometer, gyro, proximity, compass', 'About 730 EUR', NULL, NULL, '[{"category":"Network","specs":[{"label":"Technology","value":"GSM / HSPA / LTE / 5G"},{"label":"2G bands","value":"GSM 850 / 900 / 1800 / 1900"},{"label":"3G bands","value":"HSDPA 800 / 850 / 900 / 1700(AWS) / 1900 / 2100"},{"label":"4G bands","value":"1, 2, 3, 4, 5, 7, 8, 12, 17, 18, 19, 20, 25, 26, 28, 32, 34, 38, 39, 40, 41, 42, 43, 48, 66"},{"label":"5G bands","value":"1, 2, 3, 5, 7, 8, 12, 18, 20, 25, 26, 28, 38, 40, 41, 48, 66, 75, 77, 78, 79, 80, 81, 83, 84, 89, 91, 92, 93, 94 SA/NSA"},{"label":"Speed","value":"HSPA, LTE, 5G"}]},{"category":"Launch","specs":[{"label":"Announced","value":"2026, February 04"},{"label":"Status","value":"Available. Released 2026, February 06"}]},{"category":"Body","specs":[{"label":"Dimensions","value":"163.7 x 76.8 x 8.7 mm (6.44 x 3.02 x 0.34 in)"},{"label":"Weight","value":"227 g (8.01 oz)"},{"label":"SIM","value":"Nano-SIM + Nano-SIM"}]},{"category":"Display","specs":[{"label":"Type","value":"AMOLED, 1B colors, 144Hz, PWM, Dolby Vision, HDR10+, HDR Vivid, 1000 nits (typ), 2600 nits (HBM), 8000 nits (peak)"},{"label":"Size","value":"6.85 inches, 114.0 cm 2 (~90.7% screen-to-body ratio)"},{"label":"Resolution","value":"1440 x 3168 pixels (~508 ppi density)"}]},{"category":"Platform","specs":[{"label":"OS","value":"Android 16, up to 5 major Android upgrades, OriginOS 6"},{"label":"Chipset","value":"Qualcomm SM8850-AC Snapdragon 8 Elite Gen 5 (3 nm)"},{"label":"CPU","value":"Octa-core (2x4.6 GHz Oryon V3 Phoenix L + 6x3.62 GHz Oryon V3 Phoenix M)"},{"label":"GPU","value":"Adreno 840"}]},{"category":"Memory","specs":[{"label":"Card slot","value":"No"},{"label":"Internal","value":"256GB 16GB RAM, 512GB 16GB RAM, 1TB 16GB RAM, 1TB 24GB RAM"}]},{"category":"Main Camera","specs":[{"label":"Triple","value":"50 MP, f/1.9, 23mm (wide), 1/1.56\\", 1.0µm, PDAF, OIS"},{"label":"Features","value":"LED flash, HDR, panorama"},{"label":"Video","value":"8K@30fps, 4K@24/30/60fps, 1080p@30/60/120/240fps, gyro-EIS"}]},{"category":"Selfie camera","specs":[{"label":"Single","value":"32 MP, f/2.2, 21mm (wide), 1/3.1\\", 0.7µm"},{"label":"Video","value":"4K@30/60fps, 1080p@30/60fps"},{"label":"Features","value":"HDR"}]},{"category":"Sound","specs":[{"label":"Loudspeaker","value":"Yes, with stereo speakers (with Dolby Atmos)"},{"label":"3.5mm jack","value":"No"}]},{"category":"Comms","specs":[{"label":"WLAN","value":"Wi-Fi 802.11 a/b/g/n/ac/6/7, dual-band, Wi-Fi Direct"},{"label":"Bluetooth","value":"5.4, A2DP, LE, aptX HD, aptX Adaptive, aptX Lossless, LHDC 5"},{"label":"Positioning","value":"GPS (L1+L5), GLONASS (G1), BDS (B1I+B1c+B2a), GALILEO (E1+E5a), QZSS (L1+L5)"},{"label":"NFC","value":"Yes"},{"label":"USB","value":"USB Type-C 3.2, OTG"},{"label":"Radio","value":"No"},{"label":"Infrared port","value":"Yes"}]},{"category":"Features","specs":[{"label":"Sensors","value":"Fingerprint (under display, ultrasonic), accelerometer, gyro, proximity, compass"}]},{"category":"Battery","specs":[{"label":"Type","value":"Si/C Li-Ion 7400 mAh"},{"label":"Charging","value":"100W wired, PPS, PD"}]},{"category":"Misc","specs":[{"label":"Colors","value":"Black, Silver"},{"label":"Models","value":"V2546A"},{"label":"Price","value":"About 730 EUR"}]}]');
INSERT OR IGNORE INTO device_pictures (device_id, url, position) VALUES (728, 'https://fdn2.gsmarena.com/vv/bigpic/vivo-iqoo-15-ultra.jpg', 0);
INSERT OR IGNORE INTO device_pictures (device_id, url, position) VALUES (728, 'https://fdn2.gsmarena.com/vv/pics/vivo/vivo-iqoo-15-ultra-1.jpg', 1);
INSERT OR IGNORE INTO device_pictures (device_id, url, position) VALUES (728, 'https://fdn2.gsmarena.com/vv/pics/vivo/vivo-iqoo-15-ultra-2.jpg', 2);
INSERT OR IGNORE INTO device_pictures (device_id, url, position) VALUES (728, 'https://fdn2.gsmarena.com/vv/pics/vivo/vivo-iqoo-15-ultra-3.jpg', 3);
INSERT OR IGNORE INTO device_pictures (device_id, url, position) VALUES (728, 'https://fdn2.gsmarena.com/vv/pics/vivo/vivo-iqoo-15-ultra-4.jpg', 4);
INSERT OR IGNORE INTO devices (id, brand_id, name, gsmarena_url, thumbnail_url, summary) VALUES (729, 5, 'X200T', 'https://www.gsmarena.com/vivo_x200t_5g-14366.php', 'https://fdn2.gsmarena.com/vv/bigpic/vivo-x200-t.jpg', 'X200T');
INSERT OR IGNORE INTO device_specs (device_id, announced, status, network, os, chipset, cpu, gpu, display_size, display_type, display_res, ram, storage, main_camera, selfie_camera, battery, charging, nfc, usb, bluetooth, wlan, colors, weight, dimensions, sim, sensors, popularity, fans, rating, full_specs_json) VALUES (729, '2026, January 27', 'Available. Released 2026, February 03', 'GSM / HSPA / LTE / 5G / 5G', 'Android 16, up to 5 major Android upgrades, OriginOS 6', 'Mediatek Dimensity 9400+ (3 nm)', 'Octa-core (1x3.63 GHz Cortex-X925 & 3x3.3 GHz Cortex-X4 & 4x2.4 GHz Cortex-A720)', 'Immortalis-G925', '6.67 inches, 107.4 cm 2 (~90.4% screen-to-body ratio)', 'AMOLED, 1B colors, 120Hz, 2160Hz PWM, HDR10+, 1600 nits (HBM), 5000 nits (peak)', '1260 x 2800 pixels, 20:9 ratio (~460 ppi density)', '12GB', '256GB', '50 MP, f/1.6, 23mm (wide), 1/1.56", 1.0µm, PDAF, OIS, Laser AF, Zeiss optics, Zeiss T* lens coating, LED flash, panorama, HDR, 3D LUT import', '32 MP, f/2.0, 20mm (ultrawide), 1/3.44", 4K@30/60fps, 1080p@30/60fps', 'Si/C Li-Ion 6200 mAh', '90W wired', 'Yes', 'USB Type-C 2.0, OTG', '5.4, A2DP, LE, aptX HD, LHDC 5', 'Wi-Fi 802.11 a/b/g/n/ac/6/7, dual-band', 'Seaside Lilac, Stellar Black', '203 g or 205 g (7.16 oz)', '160 x 74.3 x 8 mm (6.30 x 2.93 x 0.31 in)', 'Nano-SIM + Nano-SIM + eSIM + eSIM (max 2 at a time)', 'Fingerprint (under display, ultrasonic), accelerometer, gyro, proximity, compass', 'About 550 EUR', NULL, NULL, '[{"category":"Network","specs":[{"label":"Technology","value":"GSM / HSPA / LTE / 5G"},{"label":"2G bands","value":"GSM 850 / 900 / 1800 / 1900"},{"label":"3G bands","value":"HSDPA 850 / 900 / 1700(AWS) / 1900 / 2100"},{"label":"4G bands","value":"1, 2, 3, 4, 5, 7, 8, 18, 19, 20, 25, 26, 28, 38, 39, 40, 41, 42, 43, 48, 66"},{"label":"5G bands","value":"1, 2, 3, 5, 7, 8, 20, 25, 26, 28, 38, 40, 41, 66, 77, 78 SA/NSA/Sub6"},{"label":"Speed","value":"HSPA, LTE, 5G"}]},{"category":"Launch","specs":[{"label":"Announced","value":"2026, January 27"},{"label":"Status","value":"Available. Released 2026, February 03"}]},{"category":"Body","specs":[{"label":"Dimensions","value":"160 x 74.3 x 8 mm (6.30 x 2.93 x 0.31 in)"},{"label":"Weight","value":"203 g or 205 g (7.16 oz)"},{"label":"Build","value":"Glass front, aluminum alloy frame, glass back"},{"label":"SIM","value":"Nano-SIM + Nano-SIM + eSIM + eSIM (max 2 at a time)"}]},{"category":"Display","specs":[{"label":"Type","value":"AMOLED, 1B colors, 120Hz, 2160Hz PWM, HDR10+, 1600 nits (HBM), 5000 nits (peak)"},{"label":"Size","value":"6.67 inches, 107.4 cm 2 (~90.4% screen-to-body ratio)"},{"label":"Resolution","value":"1260 x 2800 pixels, 20:9 ratio (~460 ppi density)"},{"label":"Protection","value":"Schott Xensation Core"}]},{"category":"Platform","specs":[{"label":"OS","value":"Android 16, up to 5 major Android upgrades, OriginOS 6"},{"label":"Chipset","value":"Mediatek Dimensity 9400+ (3 nm)"},{"label":"CPU","value":"Octa-core (1x3.63 GHz Cortex-X925 & 3x3.3 GHz Cortex-X4 & 4x2.4 GHz Cortex-A720)"},{"label":"GPU","value":"Immortalis-G925"}]},{"category":"Memory","specs":[{"label":"Card slot","value":"No"},{"label":"Internal","value":"256GB 12GB RAM, 512GB 12GB RAM"}]},{"category":"Main Camera","specs":[{"label":"Triple","value":"50 MP, f/1.6, 23mm (wide), 1/1.56\\", 1.0µm, PDAF, OIS"},{"label":"Features","value":"Laser AF, Zeiss optics, Zeiss T* lens coating, LED flash, panorama, HDR, 3D LUT import"},{"label":"Video","value":"4K@30/60fps, 1080p@30/60fps, gyro-EIS"}]},{"category":"Selfie camera","specs":[{"label":"Single","value":"32 MP, f/2.0, 20mm (ultrawide), 1/3.44\\""},{"label":"Video","value":"4K@30/60fps, 1080p@30/60fps"},{"label":"Features","value":"HDR"}]},{"category":"Sound","specs":[{"label":"Loudspeaker","value":"Yes, with stereo speakers"},{"label":"3.5mm jack","value":"No"}]},{"category":"Comms","specs":[{"label":"WLAN","value":"Wi-Fi 802.11 a/b/g/n/ac/6/7, dual-band"},{"label":"Bluetooth","value":"5.4, A2DP, LE, aptX HD, LHDC 5"},{"label":"Positioning","value":"GPS (L1+L5), GLONASS, GALILEO, BDS, QZSS, NavIC"},{"label":"NFC","value":"Yes"},{"label":"USB","value":"USB Type-C 2.0, OTG"},{"label":"Radio","value":"No"},{"label":"Infrared port","value":"Yes"}]},{"category":"Features","specs":[{"label":"Sensors","value":"Fingerprint (under display, ultrasonic), accelerometer, gyro, proximity, compass"}]},{"category":"Battery","specs":[{"label":"Type","value":"Si/C Li-Ion 6200 mAh"},{"label":"Charging","value":"90W wired"}]},{"category":"Misc","specs":[{"label":"Colors","value":"Seaside Lilac, Stellar Black"},{"label":"Models","value":"V2561"},{"label":"SAR","value":"1.09 W/kg (head)     0.97 W/kg (body)"},{"label":"Price","value":"About 550 EUR"}]}]');
INSERT OR IGNORE INTO device_pictures (device_id, url, position) VALUES (729, 'https://fdn2.gsmarena.com/vv/bigpic/vivo-x200-t.jpg', 0);
INSERT OR IGNORE INTO device_pictures (device_id, url, position) VALUES (729, 'https://fdn2.gsmarena.com/vv/pics/vivo/vivo-x200t-1.jpg', 1);
INSERT OR IGNORE INTO device_pictures (device_id, url, position) VALUES (729, 'https://fdn2.gsmarena.com/vv/pics/vivo/vivo-x200t-02.jpg', 2);
INSERT OR IGNORE INTO device_pictures (device_id, url, position) VALUES (729, 'https://fdn2.gsmarena.com/vv/pics/vivo/vivo-x200t-3.jpg', 3);
INSERT OR IGNORE INTO device_pictures (device_id, url, position) VALUES (729, 'https://fdn2.gsmarena.com/vv/pics/vivo/vivo-x200t-4.jpg', 4);
INSERT OR IGNORE INTO devices (id, brand_id, name, gsmarena_url, thumbnail_url, summary) VALUES (730, 5, 'iQOO Z11 Turbo', 'https://www.gsmarena.com/vivo_iqoo_z11_turbo_5g-14392.php', 'https://fdn2.gsmarena.com/vv/bigpic/vivo-iqoo-z11-turbo.jpg', 'iQOO Z11 Turbo');
INSERT OR IGNORE INTO device_specs (device_id, announced, status, network, os, chipset, cpu, gpu, display_size, display_type, display_res, ram, storage, main_camera, selfie_camera, battery, charging, nfc, usb, bluetooth, wlan, colors, weight, dimensions, sim, sensors, popularity, fans, rating, full_specs_json) VALUES (730, '2026, January 15', 'Available. Released 2026, January 15', 'GSM / HSPA / LTE / 5G / 5G', 'Android 16, OriginOS 6', 'Qualcomm SM8845 Snapdragon 8 Gen 5 (3 nm)', 'Octa-core (2x3.8 GHz Oryon V3 Phoenix L + 6x3.32 GHz Oryon V3 Phoenix M)', 'Adreno 829', '6.59 inches, 102.9 cm 2 (~87.8% screen-to-body ratio)', 'AMOLED, 1B colors, 144Hz, HDR, 4320Hz PWM, 5500 nits (peak)', '1260 x 2750 pixels, 19.5:9 ratio (~466 ppi density)', '12GB', '256GB', '200 MP, f/1.9, (wide), 1/1.56", PDAF, OIS, Color spectrum sensor, LED flash, HDR, panorama', '32 MP, f/2.2, (wide), 4K, 1080p', 'Si/C Li-Ion 7600 mAh', '100W wired', 'Yes', 'USB Type-C 2.0, OTG', '5.4, A2DP, LE, aptX HD, aptX Adaptive, aptX Lossless, LHDC 5.0', 'Wi-Fi 802.11 a/b/g/n/ac/6/7, dual-band', 'White, Black, Blue, Pink', '202 g or 206 g (7.13 oz)', '157.6 x 74.4 x 7.9 mm or 8.1 mm', 'Nano-SIM + Nano-SIM', 'Fingerprint (under display, ultrasonic), accelerometer, gyro, proximity, compass', 'About 300 EUR', NULL, NULL, '[{"category":"Network","specs":[{"label":"Technology","value":"GSM / HSPA / LTE / 5G"},{"label":"2G bands","value":"GSM 850 / 900 / 1800 / 1900"},{"label":"3G bands","value":"HSDPA 800 / 850 / 900 / 1900 / 2100"},{"label":"4G bands","value":"1, 3, 4, 5, 8, 18, 19, 26, 28, 34, 38, 39, 40, 41, 42, 43, 48"},{"label":"5G bands","value":"1, 3, 5, 8, 18, 26, 28, 38, 40, 41, 48, 77, 78 SA/NSA"},{"label":"Speed","value":"HSPA, LTE, 5G"}]},{"category":"Launch","specs":[{"label":"Announced","value":"2026, January 15"},{"label":"Status","value":"Available. Released 2026, January 15"}]},{"category":"Body","specs":[{"label":"Dimensions","value":"157.6 x 74.4 x 7.9 mm or 8.1 mm"},{"label":"Weight","value":"202 g or 206 g (7.13 oz)"},{"label":"Build","value":"Glass front, glass back or fiber-reinforced plastic back, aluminum alloy frame"},{"label":"SIM","value":"Nano-SIM + Nano-SIM"}]},{"category":"Display","specs":[{"label":"Type","value":"AMOLED, 1B colors, 144Hz, HDR, 4320Hz PWM, 5500 nits (peak)"},{"label":"Size","value":"6.59 inches, 102.9 cm 2 (~87.8% screen-to-body ratio)"},{"label":"Resolution","value":"1260 x 2750 pixels, 19.5:9 ratio (~466 ppi density)"}]},{"category":"Platform","specs":[{"label":"OS","value":"Android 16, OriginOS 6"},{"label":"Chipset","value":"Qualcomm SM8845 Snapdragon 8 Gen 5 (3 nm)"},{"label":"CPU","value":"Octa-core (2x3.8 GHz Oryon V3 Phoenix L + 6x3.32 GHz Oryon V3 Phoenix M)"},{"label":"GPU","value":"Adreno 829"}]},{"category":"Memory","specs":[{"label":"Card slot","value":"No"},{"label":"Internal","value":"256GB 12GB RAM, 256GB 16GB RAM, 512GB 12GB RAM, 512GB 16GB RAM, 1TB 16GB RAM"}]},{"category":"Main Camera","specs":[{"label":"Dual","value":"200 MP, f/1.9, (wide), 1/1.56\\", PDAF, OIS"},{"label":"Features","value":"Color spectrum sensor, LED flash, HDR, panorama"},{"label":"Video","value":"4K, 1080p, gyro-EIS, OIS"}]},{"category":"Selfie camera","specs":[{"label":"Single","value":"32 MP, f/2.2, (wide)"},{"label":"Video","value":"4K, 1080p"}]},{"category":"Sound","specs":[{"label":"Loudspeaker","value":"Yes, with stereo speakers"},{"label":"3.5mm jack","value":"No"}]},{"category":"Comms","specs":[{"label":"WLAN","value":"Wi-Fi 802.11 a/b/g/n/ac/6/7, dual-band"},{"label":"Bluetooth","value":"5.4, A2DP, LE, aptX HD, aptX Adaptive, aptX Lossless, LHDC 5.0"},{"label":"Positioning","value":"GPS (L1+L5), BDS (B1I+B1C+B2a), GALILEO (E1+E5a), QZSS (L1+L5), GLONASS"},{"label":"NFC","value":"Yes"},{"label":"USB","value":"USB Type-C 2.0, OTG"},{"label":"Radio","value":"No"},{"label":"Infrared port","value":"Yes"}]},{"category":"Features","specs":[{"label":"Sensors","value":"Fingerprint (under display, ultrasonic), accelerometer, gyro, proximity, compass"}]},{"category":"Battery","specs":[{"label":"Type","value":"Si/C Li-Ion 7600 mAh"},{"label":"Charging","value":"100W wired"}]},{"category":"Misc","specs":[{"label":"Colors","value":"White, Black, Blue, Pink"},{"label":"Models","value":"V2536A"},{"label":"Price","value":"About 300 EUR"}]}]');
INSERT OR IGNORE INTO device_pictures (device_id, url, position) VALUES (730, 'https://fdn2.gsmarena.com/vv/bigpic/vivo-iqoo-z11-turbo.jpg', 0);
INSERT OR IGNORE INTO device_pictures (device_id, url, position) VALUES (730, 'https://fdn2.gsmarena.com/vv/pics/vivo/vivo-iqoo-z11-turbo-11.jpg', 1);
INSERT OR IGNORE INTO device_pictures (device_id, url, position) VALUES (730, 'https://fdn2.gsmarena.com/vv/pics/vivo/vivo-iqoo-z11-turbo-2.jpg', 2);
INSERT OR IGNORE INTO devices (id, brand_id, name, gsmarena_url, thumbnail_url, summary) VALUES (731, 5, 'Y31d', 'https://www.gsmarena.com/vivo_y31d-14450.php', 'https://fdn2.gsmarena.com/vv/bigpic/vivo-y31d.jpg', 'Y31d');
INSERT OR IGNORE INTO device_specs (device_id, announced, status, network, os, chipset, cpu, gpu, display_size, display_type, display_res, ram, storage, main_camera, selfie_camera, battery, charging, nfc, usb, bluetooth, wlan, colors, weight, dimensions, sim, sensors, popularity, fans, rating, full_specs_json) VALUES (731, '2026, January 16', 'Available. Released 2026, January', 'GSM / HSPA / LTE / 4G/LTE', 'Android 16, OriginOS 6', 'Qualcomm Snapdragon 6s 4G Gen 2', 'Octa-core (4x2.9 GHz Cortex-A73 & 4x1.9 GHz Cortex-A53)', 'Adreno', '6.75 inches, 111.4 cm 2 (~85.3% screen-to-body ratio)', 'IPS LCD, 120Hz, 1250 nits (HBM)', '720 x 1570 pixels, 19.5:9 ratio (~256 ppi density)', '6GB', '128GB', '50 MP, f/2.0, 21mm (wide), PDAF, LED flash, HDR, panorama', '8 MP, f/2.1, (wide), 1080p@30fps', 'Si/C Li-Ion 7200 mAh', '44W wired, 50% in 43 min', 'No', 'USB Type-C 2.0, OTG', '5.1, A2DP, LE', 'Wi-Fi 802.11 a/b/g/n/ac, dual-band', 'Glow White, Starlight Grey', '219 g (7.72 oz)', '166.6 x 78.4 x 8.4 mm (6.56 x 3.09 x 0.33 in)', 'Nano-SIM + Nano-SIM', 'Fingerprint (side-mounted), accelerometer, gyro, proximity, compass', 'About 170 EUR', NULL, NULL, '[{"category":"Network","specs":[{"label":"Technology","value":"GSM / HSPA / LTE"},{"label":"2G bands","value":"GSM 850 / 900 / 1800 / 1900"},{"label":"3G bands","value":"HSDPA 850 / 900 / 2100"},{"label":"4G bands","value":"1, 3, 5, 8, 20, 28, 38, 40, 41"},{"label":"Speed","value":"HSPA, LTE"}]},{"category":"Launch","specs":[{"label":"Announced","value":"2026, January 16"},{"label":"Status","value":"Available. Released 2026, January"}]},{"category":"Body","specs":[{"label":"Dimensions","value":"166.6 x 78.4 x 8.4 mm (6.56 x 3.09 x 0.33 in)"},{"label":"Weight","value":"219 g (7.72 oz)"},{"label":"Build","value":"Glass front, plastic frame, plastic back"},{"label":"SIM","value":"Nano-SIM + Nano-SIM"}]},{"category":"Display","specs":[{"label":"Type","value":"IPS LCD, 120Hz, 1250 nits (HBM)"},{"label":"Size","value":"6.75 inches, 111.4 cm 2 (~85.3% screen-to-body ratio)"},{"label":"Resolution","value":"720 x 1570 pixels, 19.5:9 ratio (~256 ppi density)"}]},{"category":"Platform","specs":[{"label":"OS","value":"Android 16, OriginOS 6"},{"label":"Chipset","value":"Qualcomm Snapdragon 6s 4G Gen 2"},{"label":"CPU","value":"Octa-core (4x2.9 GHz Cortex-A73 & 4x1.9 GHz Cortex-A53)"},{"label":"GPU","value":"Adreno"}]},{"category":"Memory","specs":[{"label":"Card slot","value":"No"},{"label":"Internal","value":"128GB 6GB RAM, 256GB 6GB RAM, 256GB 8GB RAM"}]},{"category":"Main Camera","specs":[{"label":"Dual","value":"50 MP, f/2.0, 21mm (wide), PDAF"},{"label":"Features","value":"LED flash, HDR, panorama"},{"label":"Video","value":"1080p@30fps"}]},{"category":"Selfie camera","specs":[{"label":"Single","value":"8 MP, f/2.1, (wide)"},{"label":"Video","value":"1080p@30fps"}]},{"category":"Sound","specs":[{"label":"Loudspeaker","value":"Yes, with stereo speakers"},{"label":"3.5mm jack","value":"No"}]},{"category":"Comms","specs":[{"label":"WLAN","value":"Wi-Fi 802.11 a/b/g/n/ac, dual-band"},{"label":"Bluetooth","value":"5.1, A2DP, LE"},{"label":"Positioning","value":"GPS, GALILEO, GLONASS, BDS, QZSS"},{"label":"NFC","value":"No"},{"label":"USB","value":"USB Type-C 2.0, OTG"},{"label":"Radio","value":"No"},{"label":"Infrared port","value":"Yes"}]},{"category":"Features","specs":[{"label":"Sensors","value":"Fingerprint (side-mounted), accelerometer, gyro, proximity, compass"}]},{"category":"Battery","specs":[{"label":"Type","value":"Si/C Li-Ion 7200 mAh"},{"label":"Charging","value":"44W wired, 50% in 43 min"}]},{"category":"Misc","specs":[{"label":"Colors","value":"Glow White, Starlight Grey"},{"label":"Models","value":"V2543"},{"label":"Price","value":"About 170 EUR"}]}]');
INSERT OR IGNORE INTO device_pictures (device_id, url, position) VALUES (731, 'https://fdn2.gsmarena.com/vv/bigpic/vivo-y31d.jpg', 0);
INSERT OR IGNORE INTO device_pictures (device_id, url, position) VALUES (731, 'https://fdn2.gsmarena.com/vv/pics/vivo/vivo-y31d-2.jpg', 1);
INSERT OR IGNORE INTO devices (id, brand_id, name, gsmarena_url, thumbnail_url, summary) VALUES (732, 5, 'Y500i', 'https://www.gsmarena.com/vivo_y500i_5g-14407.php', 'https://fdn2.gsmarena.com/vv/bigpic/vivo-y500i.jpg', 'Y500i');
INSERT OR IGNORE INTO device_specs (device_id, announced, status, network, os, chipset, cpu, gpu, display_size, display_type, display_res, ram, storage, main_camera, selfie_camera, battery, charging, nfc, usb, bluetooth, wlan, colors, weight, dimensions, sim, sensors, popularity, fans, rating, full_specs_json) VALUES (732, '2026, January 12', 'Available. Released 2026, January 16', 'GSM / CDMA / HSPA / LTE / 5G / 5G', 'Android 16, OriginOS 6', 'Qualcomm SM4450 Snapdragon 4 Gen 2 (4 nm)', 'Octa-core (2x2.2 GHz Cortex-A78 & 6x1.95 GHz Cortex-A55)', 'Adreno 613', '6.75 inches, 111.4 cm 2 (~85.3% screen-to-body ratio)', 'IPS LCD, 120Hz, 1000 nits (HBM), 1200 nits (peak)', '720 x 1570 pixels, 19.5:9 ratio (~256 ppi density)', '8GB', '128GB', '50 MP, f/1.8, (wide), PDAF, LED flash, HDR, panorama', '5 MP, f/2.0, (wide), 1080p@30fps', 'Si/C Li-Ion 7200 mAh', '44W wired', 'Yes', 'USB Type-C 2.0, OTG', '4.2, A2DP, aptX Adaptive', 'Wi-Fi 802.11 a/b/g/n/ac, dual-band', 'Black, Silver, Gold', '219 g (7.72 oz)', '166.6 x 78.4 x 8.4 mm (6.56 x 3.09 x 0.33 in)', 'Nano-SIM + Nano-SIM', 'Fingerprint (side-mounted), accelerometer, proximity, compass', 'About 180 EUR', NULL, NULL, '[{"category":"Network","specs":[{"label":"Technology","value":"GSM / CDMA / HSPA / LTE / 5G"},{"label":"2G bands","value":"GSM 850 / 900 / 1800 / 1900"},{"label":"3G bands","value":"HSDPA 850 / 900 / 2100"},{"label":"4G bands","value":"1, 3, 5, 8, 28, 34, 38, 39, 40, 41"},{"label":"5G bands","value":"1, 3, 5, 8, 28, 38, 40, 41, 77, 78 SA/NSA"},{"label":"Speed","value":"HSPA, LTE, 5G"}]},{"category":"Launch","specs":[{"label":"Announced","value":"2026, January 12"},{"label":"Status","value":"Available. Released 2026, January 16"}]},{"category":"Body","specs":[{"label":"Dimensions","value":"166.6 x 78.4 x 8.4 mm (6.56 x 3.09 x 0.33 in)"},{"label":"Weight","value":"219 g (7.72 oz)"},{"label":"Build","value":"Glass front, plastic frame, plastic back"},{"label":"SIM","value":"Nano-SIM + Nano-SIM"}]},{"category":"Display","specs":[{"label":"Type","value":"IPS LCD, 120Hz, 1000 nits (HBM), 1200 nits (peak)"},{"label":"Size","value":"6.75 inches, 111.4 cm 2 (~85.3% screen-to-body ratio)"},{"label":"Resolution","value":"720 x 1570 pixels, 19.5:9 ratio (~256 ppi density)"}]},{"category":"Platform","specs":[{"label":"OS","value":"Android 16, OriginOS 6"},{"label":"Chipset","value":"Qualcomm SM4450 Snapdragon 4 Gen 2 (4 nm)"},{"label":"CPU","value":"Octa-core (2x2.2 GHz Cortex-A78 & 6x1.95 GHz Cortex-A55)"},{"label":"GPU","value":"Adreno 613"}]},{"category":"Memory","specs":[{"label":"Card slot","value":"No"},{"label":"Internal","value":"128GB 8GB RAM, 256GB 8GB RAM, 256GB 12GB RAM, 512GB 8GB RAM, 512GB 12GB RAM"}]},{"category":"Main Camera","specs":[{"label":"Single","value":"50 MP, f/1.8, (wide), PDAF"},{"label":"Features","value":"LED flash, HDR, panorama"},{"label":"Video","value":"1080p@30fps"}]},{"category":"Selfie camera","specs":[{"label":"Single","value":"5 MP, f/2.0, (wide)"},{"label":"Video","value":"1080p@30fps"}]},{"category":"Sound","specs":[{"label":"Loudspeaker","value":"Yes, with stereo speakers"},{"label":"3.5mm jack","value":"No"}]},{"category":"Comms","specs":[{"label":"WLAN","value":"Wi-Fi 802.11 a/b/g/n/ac, dual-band"},{"label":"Bluetooth","value":"4.2, A2DP, aptX Adaptive"},{"label":"Positioning","value":"GPS, GALILEO, GLONASS, BDS, QZSS"},{"label":"NFC","value":"Yes"},{"label":"USB","value":"USB Type-C 2.0, OTG"},{"label":"Radio","value":"No"},{"label":"Infrared port","value":"Yes"}]},{"category":"Features","specs":[{"label":"Sensors","value":"Fingerprint (side-mounted), accelerometer, proximity, compass"}]},{"category":"Battery","specs":[{"label":"Type","value":"Si/C Li-Ion 7200 mAh"},{"label":"Charging","value":"44W wired"}]},{"category":"Misc","specs":[{"label":"Colors","value":"Black, Silver, Gold"},{"label":"Models","value":"V2531A"},{"label":"Price","value":"About 180 EUR"}]}]');
INSERT OR IGNORE INTO device_pictures (device_id, url, position) VALUES (732, 'https://fdn2.gsmarena.com/vv/bigpic/vivo-y500i.jpg', 0);
INSERT OR IGNORE INTO device_pictures (device_id, url, position) VALUES (732, 'https://fdn2.gsmarena.com/vv/pics/vivo/vivo-y500i-1.jpg', 1);
INSERT OR IGNORE INTO device_pictures (device_id, url, position) VALUES (732, 'https://fdn2.gsmarena.com/vv/pics/vivo/vivo-y500i-2.jpg', 2);
INSERT OR IGNORE INTO devices (id, brand_id, name, gsmarena_url, thumbnail_url, summary) VALUES (733, 5, 'S50 Pro mini', 'https://www.gsmarena.com/vivo_s50_pro_mini_5g-14356.php', 'https://fdn2.gsmarena.com/vv/bigpic/vivo-s50-pro-mini.jpg', 'S50 Pro mini');
INSERT OR IGNORE INTO device_specs (device_id, announced, status, network, os, chipset, cpu, gpu, display_size, display_type, display_res, ram, storage, main_camera, selfie_camera, battery, charging, nfc, usb, bluetooth, wlan, colors, weight, dimensions, sim, sensors, popularity, fans, rating, full_specs_json) VALUES (733, '2025, December 15', 'Available. Released 2025, December 19', 'GSM / HSPA / LTE / 5G / 5G', 'Android 16, OriginOS 6', 'Qualcomm SM8845 Snapdragon 8 Gen 5 (3 nm)', 'Octa-core (2x3.8 GHz Oryon V3 Phoenix L + 6x3.32 GHz Oryon V3 Phoenix M)', 'Adreno 829', '6.31 inches, 97.6 cm 2 (~90.2% screen-to-body ratio)', 'LTPO AMOLED, 1B colors, 120Hz, HDR', '1216 x 2640 pixels, 19.5:9 ratio (~461 ppi density)', '12GB', '256GB', '50 MP, f/1.6, 23mm (wide), 1/1.56", PDAF, OIS, Ring-LED flash, panorama, HDR', '50 MP, f/2.0, 22mm (wide), AF, 4K, 1080p', 'Si/C Li-Ion 6500 mAh', '90W wired, PD', 'Yes', 'USB Type-C 2.0, OTG', '5.4, A2DP, LE, aptX HD, aptX Adaptive, aptX Lossless, LHDC 5', 'Wi-Fi 802.11 a/b/g/n/ac/6/7, dual-band', 'Black, Purple, White', '191 g (6.74 oz)', '150.8 x 71.8 x 8 mm (5.94 x 2.83 x 0.31 in)', 'Nano-SIM + Nano-SIM', 'Fingerprint (under display, ultrasonic), accelerometer, gyro, proximity, compass', 'About 450 EUR', NULL, NULL, '[{"category":"Network","specs":[{"label":"Technology","value":"GSM / HSPA / LTE / 5G"},{"label":"2G bands","value":"GSM 850 / 900 / 1800 / 1900"},{"label":"3G bands","value":"HSDPA 800 / 850 / 900 / 1700(AWS) / 2100"},{"label":"4G bands","value":"1, 3, 4, 5, 7, 8, 18, 19, 26, 28, 34, 38, 39, 40, 41, 42, 43, 48, 66"},{"label":"5G bands","value":"1, 3, 5, 7, 8, 18, 26, 28, 38, 40, 41, 48, 66, 77, 78 SA/NSA"},{"label":"Speed","value":"HSPA, LTE, 5G"}]},{"category":"Launch","specs":[{"label":"Announced","value":"2025, December 15"},{"label":"Status","value":"Available. Released 2025, December 19"}]},{"category":"Body","specs":[{"label":"Dimensions","value":"150.8 x 71.8 x 8 mm (5.94 x 2.83 x 0.31 in)"},{"label":"Weight","value":"191 g (6.74 oz)"},{"label":"Build","value":"Glass front, aluminum alloy frame, glass back"},{"label":"SIM","value":"Nano-SIM + Nano-SIM"}]},{"category":"Display","specs":[{"label":"Type","value":"LTPO AMOLED, 1B colors, 120Hz, HDR"},{"label":"Size","value":"6.31 inches, 97.6 cm 2 (~90.2% screen-to-body ratio)"},{"label":"Resolution","value":"1216 x 2640 pixels, 19.5:9 ratio (~461 ppi density)"}]},{"category":"Platform","specs":[{"label":"OS","value":"Android 16, OriginOS 6"},{"label":"Chipset","value":"Qualcomm SM8845 Snapdragon 8 Gen 5 (3 nm)"},{"label":"CPU","value":"Octa-core (2x3.8 GHz Oryon V3 Phoenix L + 6x3.32 GHz Oryon V3 Phoenix M)"},{"label":"GPU","value":"Adreno 829"}]},{"category":"Memory","specs":[{"label":"Card slot","value":"No"},{"label":"Internal","value":"256GB 12GB RAM, 512GB 12GB RAM, 512GB 16GB RAM"}]},{"category":"Main Camera","specs":[{"label":"Triple","value":"50 MP, f/1.6, 23mm (wide), 1/1.56\\", PDAF, OIS"},{"label":"Features","value":"Ring-LED flash, panorama, HDR"},{"label":"Video","value":"4K, 1080p, gyro-EIS"}]},{"category":"Selfie camera","specs":[{"label":"Single","value":"50 MP, f/2.0, 22mm (wide), AF"},{"label":"Video","value":"4K, 1080p"},{"label":"Features","value":"HDR"}]},{"category":"Sound","specs":[{"label":"Loudspeaker","value":"Yes, with stereo speakers"},{"label":"3.5mm jack","value":"No"}]},{"category":"Comms","specs":[{"label":"WLAN","value":"Wi-Fi 802.11 a/b/g/n/ac/6/7, dual-band"},{"label":"Bluetooth","value":"5.4, A2DP, LE, aptX HD, aptX Adaptive, aptX Lossless, LHDC 5"},{"label":"Positioning","value":"GPS (L1+L5), BDS (B1I+B1C+B2a), GALILEO (E1+E5a), QZSS (L1+L5), GLONASS"},{"label":"NFC","value":"Yes"},{"label":"USB","value":"USB Type-C 2.0, OTG"},{"label":"Radio","value":"No"},{"label":"Infrared port","value":"Yes"}]},{"category":"Features","specs":[{"label":"Sensors","value":"Fingerprint (under display, ultrasonic), accelerometer, gyro, proximity, compass"}]},{"category":"Battery","specs":[{"label":"Type","value":"Si/C Li-Ion 6500 mAh"},{"label":"Charging","value":"90W wired, PD"}]},{"category":"Misc","specs":[{"label":"Colors","value":"Black, Purple, White"},{"label":"Models","value":"V2527A"},{"label":"Price","value":"About 450 EUR"}]}]');
INSERT OR IGNORE INTO device_pictures (device_id, url, position) VALUES (733, 'https://fdn2.gsmarena.com/vv/bigpic/vivo-s50-pro-mini.jpg', 0);
INSERT OR IGNORE INTO device_pictures (device_id, url, position) VALUES (733, 'https://fdn2.gsmarena.com/vv/pics/vivo/vivo-s50-pro-mini-1.jpg', 1);
INSERT OR IGNORE INTO device_pictures (device_id, url, position) VALUES (733, 'https://fdn2.gsmarena.com/vv/pics/vivo/vivo-s50-pro-mini-2.jpg', 2);
INSERT OR IGNORE INTO device_pictures (device_id, url, position) VALUES (733, 'https://fdn2.gsmarena.com/vv/pics/vivo/vivo-s50-pro-mini-3.jpg', 3);
INSERT OR IGNORE INTO devices (id, brand_id, name, gsmarena_url, thumbnail_url, summary) VALUES (734, 5, 'S50', 'https://www.gsmarena.com/vivo_s50_5g-14353.php', 'https://fdn2.gsmarena.com/vv/bigpic/vivo-s50.jpg', 'S50');
INSERT OR IGNORE INTO device_specs (device_id, announced, status, network, os, chipset, cpu, gpu, display_size, display_type, display_res, ram, storage, main_camera, selfie_camera, battery, charging, nfc, usb, bluetooth, wlan, colors, weight, dimensions, sim, sensors, popularity, fans, rating, full_specs_json) VALUES (734, '2025, December 15', 'Available. Released 2025, December 19', 'GSM / HSPA / LTE / 5G / 5G', 'Android 16, OriginOS 6', 'Qualcomm SM8635 Snapdragon 8s Gen 3 (4 nm)', 'Octa-core (1x3.0 GHz Cortex-X4 & 4x2.8 GHz Cortex-A720 & 3x2.0 GHz Cortex-A520)', 'Adreno 735', '6.59 inches, 106.1 cm 2 (~90.7% screen-to-body ratio)', 'AMOLED, 1B colors, 120Hz, HDR', '1260 x 2750 pixels, 19.5:9 ratio (~459 ppi density)', '12GB', '256GB', '50 MP, f/1.9, 23mm (wide), 1/1.56", PDAF, OIS, Ring-LED flash, panorama, HDR', '50 MP, f/2.0, 22mm (wide), AF, 4K, 1080p', 'Si/C Li-Ion 6500 mAh', '90W wired, PD', 'Yes', 'USB Type-C 2.0, OTG', '5.4, A2DP, LE, aptX HD, aptX Adaptive, aptX Lossless, LHDC 5', 'Wi-Fi 802.11 a/b/g/n/ac/6, dual-band', 'Black, Blue, White, Purple', '196 g (6.91 oz)', '157.5 x 74.3 x 7.6 mm (6.20 x 2.93 x 0.30 in)', 'Nano-SIM + Nano-SIM', 'Fingerprint (under display, ultrasonic), accelerometer, gyro, proximity, compass', 'About 360 EUR', NULL, NULL, '[{"category":"Network","specs":[{"label":"Technology","value":"GSM / HSPA / LTE / 5G"},{"label":"2G bands","value":"GSM 850 / 900 / 1800 / 1900"},{"label":"3G bands","value":"HSDPA 800 / 850 / 900 / 1700(AWS) / 2100"},{"label":"4G bands","value":"1, 3, 4, 5, 7, 8, 18, 19, 26, 28, 34, 38, 39, 40, 41, 42, 43, 48, 66"},{"label":"5G bands","value":"1, 3, 5, 7, 8, 18, 26, 28, 38, 40, 41, 48, 66, 77, 78 SA/NSA"},{"label":"Speed","value":"HSPA, LTE, 5G"}]},{"category":"Launch","specs":[{"label":"Announced","value":"2025, December 15"},{"label":"Status","value":"Available. Released 2025, December 19"}]},{"category":"Body","specs":[{"label":"Dimensions","value":"157.5 x 74.3 x 7.6 mm (6.20 x 2.93 x 0.30 in)"},{"label":"Weight","value":"196 g (6.91 oz)"},{"label":"Build","value":"Glass front, aluminum alloy frame, glass back"},{"label":"SIM","value":"Nano-SIM + Nano-SIM"}]},{"category":"Display","specs":[{"label":"Type","value":"AMOLED, 1B colors, 120Hz, HDR"},{"label":"Size","value":"6.59 inches, 106.1 cm 2 (~90.7% screen-to-body ratio)"},{"label":"Resolution","value":"1260 x 2750 pixels, 19.5:9 ratio (~459 ppi density)"}]},{"category":"Platform","specs":[{"label":"OS","value":"Android 16, OriginOS 6"},{"label":"Chipset","value":"Qualcomm SM8635 Snapdragon 8s Gen 3 (4 nm)"},{"label":"CPU","value":"Octa-core (1x3.0 GHz Cortex-X4 & 4x2.8 GHz Cortex-A720 & 3x2.0 GHz Cortex-A520)"},{"label":"GPU","value":"Adreno 735"}]},{"category":"Memory","specs":[{"label":"Card slot","value":"No"},{"label":"Internal","value":"256GB 12GB RAM, 256GB 16GB RAM, 512GB 12GB RAM, 512GB 16GB RAM"}]},{"category":"Main Camera","specs":[{"label":"Triple","value":"50 MP, f/1.9, 23mm (wide), 1/1.56\\", PDAF, OIS"},{"label":"Features","value":"Ring-LED flash, panorama, HDR"},{"label":"Video","value":"4K, 1080p, gyro-EIS"}]},{"category":"Selfie camera","specs":[{"label":"Single","value":"50 MP, f/2.0, 22mm (wide), AF"},{"label":"Video","value":"4K, 1080p"},{"label":"Features","value":"HDR"}]},{"category":"Sound","specs":[{"label":"Loudspeaker","value":"Yes, with stereo speakers"},{"label":"3.5mm jack","value":"No"}]},{"category":"Comms","specs":[{"label":"WLAN","value":"Wi-Fi 802.11 a/b/g/n/ac/6, dual-band"},{"label":"Bluetooth","value":"5.4, A2DP, LE, aptX HD, aptX Adaptive, aptX Lossless, LHDC 5"},{"label":"Positioning","value":"GPS, GALILEO, GLONASS, QZSS, BDS (B1I+B1c)"},{"label":"NFC","value":"Yes"},{"label":"USB","value":"USB Type-C 2.0, OTG"},{"label":"Radio","value":"No"},{"label":"Infrared port","value":"Yes"}]},{"category":"Features","specs":[{"label":"Sensors","value":"Fingerprint (under display, ultrasonic), accelerometer, gyro, proximity, compass"}]},{"category":"Battery","specs":[{"label":"Type","value":"Si/C Li-Ion 6500 mAh"},{"label":"Charging","value":"90W wired, PD"}]},{"category":"Misc","specs":[{"label":"Colors","value":"Black, Blue, White, Purple"},{"label":"Models","value":"V2528A"},{"label":"Price","value":"About 360 EUR"}]}]');
INSERT OR IGNORE INTO device_pictures (device_id, url, position) VALUES (734, 'https://fdn2.gsmarena.com/vv/bigpic/vivo-s50.jpg', 0);
INSERT OR IGNORE INTO device_pictures (device_id, url, position) VALUES (734, 'https://fdn2.gsmarena.com/vv/pics/vivo/vivo-s50-1.jpg', 1);
INSERT OR IGNORE INTO device_pictures (device_id, url, position) VALUES (734, 'https://fdn2.gsmarena.com/vv/pics/vivo/vivo-s50-2.jpg', 2);
INSERT OR IGNORE INTO device_pictures (device_id, url, position) VALUES (734, 'https://fdn2.gsmarena.com/vv/pics/vivo/vivo-s50-3.jpg', 3);
INSERT OR IGNORE INTO devices (id, brand_id, name, gsmarena_url, thumbnail_url, summary) VALUES (735, 5, 'Y500 Pro', 'https://www.gsmarena.com/vivo_y500_pro_5g_(china)-14278.php', 'https://fdn2.gsmarena.com/vv/bigpic/vivo-y500-pro.jpg', 'Y500 Pro');
INSERT OR IGNORE INTO device_specs (device_id, announced, status, network, os, chipset, cpu, gpu, display_size, display_type, display_res, ram, storage, main_camera, selfie_camera, battery, charging, nfc, usb, bluetooth, wlan, colors, weight, dimensions, sim, sensors, popularity, fans, rating, full_specs_json) VALUES (735, '2025, November 10', 'Available. Released 2025, November 14', 'GSM / CDMA / HSPA / LTE / 5G / 5G', 'Android 16, OriginOS 6', 'Mediatek Dimensity 7400 (4 nm)', 'Octa-core (4x2.6 GHz Cortex-A78 & 4x2.0 GHz Cortex-A55)', 'Mali-G615 MC2', '6.67 inches, 107.4 cm 2 (~90.0% screen-to-body ratio)', 'AMOLED, 1B colors, 120Hz, 3840 PWM, 800 nits (typ), 1600 nits (HBM)', '1260 x 2800 pixels, 20:9 ratio (~460 ppi density)', '8GB', '128GB', '200 MP, f/1.9, 23mm (wide), 1/1.56", 0.5µm, PDAF, OIS, LED flash, panorama, HDR', '32 MP, f/2.5, (wide), 4K, 1080p', 'Si/C Li-Ion 7000 mAh', '90W wired', 'Yes', 'USB Type-C 2.0, OTG', '5.4, A2DP, LE, aptX HD', 'Wi-Fi 802.11 a/b/g/n/ac/6, dual-band', 'Black, Green, Pink, Gold', '198.6 g (7.02 oz)', '160.2 x 74.5 x 7.8 mm (6.31 x 2.93 x 0.31 in)', 'Nano-SIM + Nano-SIM', 'Fingerprint (under display, optical), accelerometer, gyro, proximity, compass', 'About 220 EUR', NULL, NULL, '[{"category":"Network","specs":[{"label":"Technology","value":"GSM / CDMA / HSPA / LTE / 5G"},{"label":"2G bands","value":"GSM 850 / 900 / 1800 / 1900"},{"label":"3G bands","value":"HSDPA 800 / 850 / 900 / 2100"},{"label":"4G bands","value":"1, 3, 5, 8, 19, 28, 34, 38, 39, 40, 41, 42, 48"},{"label":"5G bands","value":"1, 3, 5, 8, 28, 38, 40, 41, 48, 77, 78 SA/NSA"},{"label":"Speed","value":"HSPA, LTE, 5G"}]},{"category":"Launch","specs":[{"label":"Announced","value":"2025, November 10"},{"label":"Status","value":"Available. Released 2025, November 14"}]},{"category":"Body","specs":[{"label":"Dimensions","value":"160.2 x 74.5 x 7.8 mm (6.31 x 2.93 x 0.31 in)"},{"label":"Weight","value":"198.6 g (7.02 oz)"},{"label":"Build","value":"Glass front (Diamond Shield Glass), glass back, plastic frame"},{"label":"SIM","value":"Nano-SIM + Nano-SIM"}]},{"category":"Display","specs":[{"label":"Type","value":"AMOLED, 1B colors, 120Hz, 3840 PWM, 800 nits (typ), 1600 nits (HBM)"},{"label":"Size","value":"6.67 inches, 107.4 cm 2 (~90.0% screen-to-body ratio)"},{"label":"Resolution","value":"1260 x 2800 pixels, 20:9 ratio (~460 ppi density)"},{"label":"Protection","value":"Diamond Shield Glass"}]},{"category":"Platform","specs":[{"label":"OS","value":"Android 16, OriginOS 6"},{"label":"Chipset","value":"Mediatek Dimensity 7400 (4 nm)"},{"label":"CPU","value":"Octa-core (4x2.6 GHz Cortex-A78 & 4x2.0 GHz Cortex-A55)"},{"label":"GPU","value":"Mali-G615 MC2"}]},{"category":"Memory","specs":[{"label":"Card slot","value":"No"},{"label":"Internal","value":"128GB 8GB RAM, 256GB 8GB RAM, 256GB 12GB RAM, 512GB 12GB RAM"}]},{"category":"Main Camera","specs":[{"label":"Dual","value":"200 MP, f/1.9, 23mm (wide), 1/1.56\\", 0.5µm, PDAF, OIS"},{"label":"Features","value":"LED flash, panorama, HDR"},{"label":"Video","value":"4K, 1080p, gyro-EIS"}]},{"category":"Selfie camera","specs":[{"label":"Single","value":"32 MP, f/2.5, (wide)"},{"label":"Video","value":"4K, 1080p"},{"label":"Features","value":"Panorama"}]},{"category":"Sound","specs":[{"label":"Loudspeaker","value":"Yes"},{"label":"3.5mm jack","value":"No"}]},{"category":"Comms","specs":[{"label":"WLAN","value":"Wi-Fi 802.11 a/b/g/n/ac/6, dual-band"},{"label":"Bluetooth","value":"5.4, A2DP, LE, aptX HD"},{"label":"Positioning","value":"GPS (L1+L5), BDS (B1I+B1a), GALILEO (E1+E5a), QZSS (L1+L5), GLONASS"},{"label":"NFC","value":"Yes"},{"label":"USB","value":"USB Type-C 2.0, OTG"},{"label":"Radio","value":"No"},{"label":"Infrared port","value":"Yes"}]},{"category":"Features","specs":[{"label":"Sensors","value":"Fingerprint (under display, optical), accelerometer, gyro, proximity, compass"}]},{"category":"Battery","specs":[{"label":"Type","value":"Si/C Li-Ion 7000 mAh"},{"label":"Charging","value":"90W wired"}]},{"category":"Misc","specs":[{"label":"Colors","value":"Black, Green, Pink, Gold"},{"label":"Models","value":"V2516A"},{"label":"Price","value":"About 220 EUR"}]}]');
INSERT OR IGNORE INTO device_pictures (device_id, url, position) VALUES (735, 'https://fdn2.gsmarena.com/vv/bigpic/vivo-y500-pro.jpg', 0);
INSERT OR IGNORE INTO device_pictures (device_id, url, position) VALUES (735, 'https://fdn2.gsmarena.com/vv/pics/vivo/vivo-y500-pro-1.jpg', 1);
INSERT OR IGNORE INTO device_pictures (device_id, url, position) VALUES (735, 'https://fdn2.gsmarena.com/vv/pics/vivo/vivo-y500-pro-2.jpg', 2);
INSERT OR IGNORE INTO device_pictures (device_id, url, position) VALUES (735, 'https://fdn2.gsmarena.com/vv/pics/vivo/vivo-y500-pro-3.jpg', 3);
INSERT OR IGNORE INTO devices (id, brand_id, name, gsmarena_url, thumbnail_url, summary) VALUES (736, 5, 'Y21d', 'https://www.gsmarena.com/vivo_y21d-14508.php', 'https://fdn2.gsmarena.com/vv/bigpic/vivo-y21d.jpg', 'Y21d');
INSERT OR IGNORE INTO device_specs (device_id, announced, status, network, os, chipset, cpu, gpu, display_size, display_type, display_res, ram, storage, main_camera, selfie_camera, battery, charging, nfc, usb, bluetooth, wlan, colors, weight, dimensions, sim, sensors, popularity, fans, rating, full_specs_json) VALUES (736, '2025, October 11', 'Available. Released 2025, October', 'GSM / HSPA / LTE / 4G/LTE', 'Android 15, Funtouch 15', 'Unisoc T7225 (12 nm)', 'Octa-core (2x1.8 GHz Cortex-A75 & 6x1.8 GHz Cortex-A55)', 'Mali-G52 MP1', '6.68 inches, 107.4 cm 2 (~84.0% screen-to-body ratio)', 'IPS LCD, 90Hz, 1000 nits (HBM)', '720 x 1608 pixels, 20:9 ratio (~264 ppi density)', '4GB', '128GB', '50 MP, f/1.8, (wide), PDAF, Ring-LED flash, panorama', '5 MP, f/2.2, Yes', 'Si/C Li-Ion 6500 mAh', '44W wired, 50% in 40 min', 'No', 'USB Type-C 2.0, OTG', '5.2, A2DP, LE', 'Wi-Fi 802.11 a/b/g/n/ac, dual-band', 'Lavender Purple, Black', '209 g (7.37 oz)', '166.1 x 77 x 8.4 mm (6.54 x 3.03 x 0.33 in)', 'Nano-SIM + Nano-SIM', 'Fingerprint (side-mounted), accelerometer, proximity, compass', 'About 100 EUR', NULL, NULL, '[{"category":"Network","specs":[{"label":"Technology","value":"GSM / HSPA / LTE"},{"label":"2G bands","value":"GSM 850 / 900 / 1800 / 1900"},{"label":"3G bands","value":"HSDPA 850 / 900 / 2100"},{"label":"4G bands","value":"1, 3, 5, 8, 40"},{"label":"Speed","value":"HSPA, LTE"}]},{"category":"Launch","specs":[{"label":"Announced","value":"2025, October 11"},{"label":"Status","value":"Available. Released 2025, October"}]},{"category":"Body","specs":[{"label":"Dimensions","value":"166.1 x 77 x 8.4 mm (6.54 x 3.03 x 0.33 in)"},{"label":"Weight","value":"209 g (7.37 oz)"},{"label":"Build","value":"Glass front, plastic back, plastic frame"},{"label":"SIM","value":"Nano-SIM + Nano-SIM"}]},{"category":"Display","specs":[{"label":"Type","value":"IPS LCD, 90Hz, 1000 nits (HBM)"},{"label":"Size","value":"6.68 inches, 107.4 cm 2 (~84.0% screen-to-body ratio)"},{"label":"Resolution","value":"720 x 1608 pixels, 20:9 ratio (~264 ppi density)"},{"label":"Protection","value":"Ion strengthened glass"}]},{"category":"Platform","specs":[{"label":"OS","value":"Android 15, Funtouch 15"},{"label":"Chipset","value":"Unisoc T7225 (12 nm)"},{"label":"CPU","value":"Octa-core (2x1.8 GHz Cortex-A75 & 6x1.8 GHz Cortex-A55)"},{"label":"GPU","value":"Mali-G52 MP1"}]},{"category":"Memory","specs":[{"label":"Card slot","value":"microSDXC (dedicated slot)"},{"label":"Internal","value":"128GB 4GB RAM, 128GB 6GB RAM, 128GB 8GB RAM, 256GB 6GB RAM"}]},{"category":"Main Camera","specs":[{"label":"Single","value":"50 MP, f/1.8, (wide), PDAF"},{"label":"Features","value":"Ring-LED flash, panorama"},{"label":"Video","value":"1080p@30fps"}]},{"category":"Selfie camera","specs":[{"label":"Single","value":"5 MP, f/2.2"},{"label":"Video","value":"Yes"}]},{"category":"Sound","specs":[{"label":"Loudspeaker","value":"Yes, with stereo speakers"},{"label":"3.5mm jack","value":"No"}]},{"category":"Comms","specs":[{"label":"WLAN","value":"Wi-Fi 802.11 a/b/g/n/ac, dual-band"},{"label":"Bluetooth","value":"5.2, A2DP, LE"},{"label":"Positioning","value":"GPS, GLONASS, GALILEO, BDS, QZSS"},{"label":"NFC","value":"No"},{"label":"USB","value":"USB Type-C 2.0, OTG"},{"label":"Radio","value":"FM radio"}]},{"category":"Features","specs":[{"label":"Sensors","value":"Fingerprint (side-mounted), accelerometer, proximity, compass"}]},{"category":"Battery","specs":[{"label":"Type","value":"Si/C Li-Ion 6500 mAh"},{"label":"Charging","value":"44W wired, 50% in 40 min"}]},{"category":"Misc","specs":[{"label":"Colors","value":"Lavender Purple, Black"},{"label":"Price","value":"About 100 EUR"}]}]');
