INSERT OR IGNORE INTO device_pictures (device_id, url, position) VALUES (225, 'https://fdn2.gsmarena.com/vv/bigpic/asus-zenfone-3-ultra-zu680kl.jpg', 0);
INSERT OR IGNORE INTO device_pictures (device_id, url, position) VALUES (225, 'https://fdn2.gsmarena.com/vv/pics/asus/asus-zenfone-3-ultra-zu680kl.jpg', 1);
INSERT OR IGNORE INTO device_pictures (device_id, url, position) VALUES (225, 'https://fdn2.gsmarena.com/vv/pics/asus/asus-zenfone-3-ultra-zu680kl-1.jpg', 2);
INSERT OR IGNORE INTO devices (id, brand_id, name, gsmarena_url, thumbnail_url, summary) VALUES (226, 2, 'Zenfone 3 Deluxe ZS570KL', 'https://www.gsmarena.com/asus_zenfone_3_deluxe_zs570kl-8129.php', 'https://fdn2.gsmarena.com/vv/bigpic/asus-zenfone-3-deluxe-zs570kl.jpg', 'Zenfone 3 Deluxe ZS570KL');
INSERT OR IGNORE INTO device_specs (device_id, announced, status, network, os, chipset, cpu, gpu, display_size, display_type, display_res, ram, storage, main_camera, selfie_camera, battery, charging, nfc, usb, bluetooth, wlan, colors, weight, dimensions, sim, sensors, popularity, fans, rating, full_specs_json) VALUES (226, '2016, May. Released 2016, August', 'Discontinued', 'GSM / HSPA / LTE / 4G/LTE', 'Android 6.1 (Marshmallow), upgradable to Android 8 (Oreo), ZenUI 3', 'Qualcomm MSM8996 Snapdragon 820 (14 nm) Qualcomm MSM8996 Snapdragon 821 (14 nm)', 'Quad-core (2x2.15 GHz Kryo & 2x1.6 GHz Kryo) Quad-core (2x2.4 GHz Kryo & 2x2.0 GHz Kryo)', 'Adreno 530', '5.7 inches, 89.6 cm 2 (~74.0% screen-to-body ratio)', 'Super AMOLED', '1080 x 1920 pixels, 16:9 ratio (~386 ppi density)', '4GB', '64GB', '23 MP, f/2.0, 1/2.6", 1.0µm, PDAF, 4-axis OIS, Laser AF, Dual-LED dual-tone flash, HDR, panorama', '8 MP, f/2.0, 1080p@30fps', 'Li-Ion 3000 mAh, non-removable', '18W wired, QC3, 60% in 40 min', 'Yes', 'USB Type-C 3.0, OTG', '4.2, A2DP, EDR, LE', 'Wi-Fi 802.11 a/b/g/n/ac, Wi-Fi Direct', 'Glacier Silver, Titanium Gray, Shimmer Gold', '170 g (6.00 oz)', '156.4 x 77.4 x 7.5 mm (6.16 x 3.05 x 0.30 in)', 'Nano-SIM + Micro-SIM', 'Fingerprint (rear-mounted), accelerometer, gyro, proximity, compass', 'About 230 EUR', NULL, NULL, '[{"category":"Network","specs":[{"label":"Technology","value":"GSM / HSPA / LTE"},{"label":"2G bands","value":"GSM 850 / 900 / 1800 / 1900 - SIM 1 & SIM 2"},{"label":"3G bands","value":"HSDPA 800 / 850 / 900 / 1700(AWS) / 1900 / 2100"},{"label":"4G bands","value":"1, 2, 3, 4, 5, 7, 8, 12, 17, 18, 19, 20, 26, 28, 29, 30, 38, 39, 40, 41"},{"label":"Speed","value":"HSPA 42.2/5.76 Mbps, LTE (3CA) Cat12 600/150 Mbps"}]},{"category":"Launch","specs":[{"label":"Announced","value":"2016, May. Released 2016, August"},{"label":"Status","value":"Discontinued"}]},{"category":"Body","specs":[{"label":"Dimensions","value":"156.4 x 77.4 x 7.5 mm (6.16 x 3.05 x 0.30 in)"},{"label":"Weight","value":"170 g (6.00 oz)"},{"label":"SIM","value":"Nano-SIM + Micro-SIM"}]},{"category":"Display","specs":[{"label":"Type","value":"Super AMOLED"},{"label":"Size","value":"5.7 inches, 89.6 cm 2 (~74.0% screen-to-body ratio)"},{"label":"Resolution","value":"1080 x 1920 pixels, 16:9 ratio (~386 ppi density)"},{"label":"Protection","value":"Corning Gorilla Glass 4"}]},{"category":"Platform","specs":[{"label":"OS","value":"Android 6.1 (Marshmallow), upgradable to Android 8 (Oreo), ZenUI 3"},{"label":"Chipset","value":"Qualcomm MSM8996 Snapdragon 820 (14 nm) Qualcomm MSM8996 Snapdragon 821 (14 nm)"},{"label":"CPU","value":"Quad-core (2x2.15 GHz Kryo & 2x1.6 GHz Kryo) Quad-core (2x2.4 GHz Kryo & 2x2.0 GHz Kryo)"},{"label":"GPU","value":"Adreno 530"}]},{"category":"Memory","specs":[{"label":"Card slot","value":"microSDXC (uses shared SIM slot)"},{"label":"Internal","value":"64GB 4GB RAM, 64GB 6GB RAM, 128GB 4GB RAM, 256GB 6GB RAM"}]},{"category":"Main Camera","specs":[{"label":"Single","value":"23 MP, f/2.0, 1/2.6\\", 1.0µm, PDAF, 4-axis OIS"},{"label":"Features","value":"Laser AF, Dual-LED dual-tone flash, HDR, panorama"},{"label":"Video","value":"4K@30fps"}]},{"category":"Selfie camera","specs":[{"label":"Single","value":"8 MP, f/2.0"},{"label":"Video","value":"1080p@30fps"}]},{"category":"Sound","specs":[{"label":"Loudspeaker","value":"Yes"},{"label":"3.5mm jack","value":"Yes"}]},{"category":"Comms","specs":[{"label":"WLAN","value":"Wi-Fi 802.11 a/b/g/n/ac, Wi-Fi Direct"},{"label":"Bluetooth","value":"4.2, A2DP, EDR, LE"},{"label":"Positioning","value":"GPS, GLONASS, BDS"},{"label":"NFC","value":"Yes"},{"label":"USB","value":"USB Type-C 3.0, OTG"},{"label":"Radio","value":"No"}]},{"category":"Features","specs":[{"label":"Sensors","value":"Fingerprint (rear-mounted), accelerometer, gyro, proximity, compass"}]},{"category":"Battery","specs":[{"label":"Type","value":"Li-Ion 3000 mAh, non-removable"},{"label":"Charging","value":"18W wired, QC3, 60% in 40 min"}]},{"category":"Misc","specs":[{"label":"Colors","value":"Glacier Silver, Titanium Gray, Shimmer Gold"},{"label":"Models","value":"Z016D, Z016S"},{"label":"Price","value":"About 230 EUR"}]}]');
INSERT OR IGNORE INTO device_pictures (device_id, url, position) VALUES (226, 'https://fdn2.gsmarena.com/vv/bigpic/asus-zenfone-3-deluxe-zs570kl.jpg', 0);
INSERT OR IGNORE INTO device_pictures (device_id, url, position) VALUES (226, 'https://fdn2.gsmarena.com/vv/pics/asus/asus-zenfone-3-deluxe-zs570kl.jpg', 1);
INSERT OR IGNORE INTO device_pictures (device_id, url, position) VALUES (226, 'https://fdn2.gsmarena.com/vv/pics/asus/asus-zenfone-3-deluxe-zs570kl-1.jpg', 2);
INSERT OR IGNORE INTO device_pictures (device_id, url, position) VALUES (226, 'https://fdn2.gsmarena.com/vv/pics/asus/asus-zenfone-3-deluxe-zs570kl-2.jpg', 3);
INSERT OR IGNORE INTO devices (id, brand_id, name, gsmarena_url, thumbnail_url, summary) VALUES (227, 2, 'Zenfone 3 ZE552KL', 'https://www.gsmarena.com/asus_zenfone_3_ze552kl-8106.php', 'https://fdn2.gsmarena.com/vv/bigpic/asus-zenfone-3-ze552kl.jpg', 'Zenfone 3 ZE552KL');
INSERT OR IGNORE INTO device_specs (device_id, announced, status, network, os, chipset, cpu, gpu, display_size, display_type, display_res, ram, storage, main_camera, selfie_camera, battery, charging, nfc, usb, bluetooth, wlan, colors, weight, dimensions, sim, sensors, popularity, fans, rating, full_specs_json) VALUES (227, '2016, May. Released 2016, August', 'Discontinued', 'GSM / HSPA / LTE / 4G/LTE', 'Android 6.0.1 (Marshmallow), upgradable to 7.0 (Nougat), ZenUI 3', 'Qualcomm MSM8953 Snapdragon 625 (14 nm)', 'Octa-core 2.0 GHz Cortex-A53', 'Adreno 506', '5.5 inches, 83.4 cm 2 (~70.6% screen-to-body ratio)', 'Super IPS+', '1080 x 1920 pixels, 16:9 ratio (~401 ppi density)', '3GB', '32GB', '16 MP, f/2.0, PDAF, 3-axis OIS, Laser AF, Dual-LED dual-tone flash, panorama, HDR', '8 MP, f/2.0, 1080p@30fps', 'Li-Ion 3000 mAh, non-removable', NULL, 'No', 'USB Type-C 2.0, OTG', '4.2, A2DP, EDR, LE', 'Wi-Fi 802.11 a/b/g/n/ac, Wi-Fi Direct', 'Sapphire Black, Moonlight White, Shimmer Gold', '155 g (5.47 oz)', '152.6 x 77.4 x 7.7 mm (6.01 x 3.05 x 0.30 in)', 'Nano-SIM + Micro-SIM', 'Fingerprint (rear-mounted), accelerometer, gyro, proximity, compass', 'About 330 EUR', NULL, NULL, '[{"category":"Network","specs":[{"label":"Technology","value":"GSM / HSPA / LTE"},{"label":"2G bands","value":"GSM 850 / 900 / 1800 / 1900 - SIM 1 & SIM 2"},{"label":"3G bands","value":"HSDPA 850 / 900 / 1900 / 2100 - Global"},{"label":"4G bands","value":"1, 2, 3, 5, 7, 8, 20 - Global"},{"label":"Speed","value":"HSPA 42.2/5.76 Mbps, LTE Cat4 150/50 Mbps (Global), LTE (2CA) Cat6 300/50 Mbps (Taiwan)"}]},{"category":"Launch","specs":[{"label":"Announced","value":"2016, May. Released 2016, August"},{"label":"Status","value":"Discontinued"}]},{"category":"Body","specs":[{"label":"Dimensions","value":"152.6 x 77.4 x 7.7 mm (6.01 x 3.05 x 0.30 in)"},{"label":"Weight","value":"155 g (5.47 oz)"},{"label":"Build","value":"Glass front (Gorilla Glass 3), glass back (Gorilla Glass 3), aluminum frame"},{"label":"SIM","value":"Nano-SIM + Micro-SIM"}]},{"category":"Display","specs":[{"label":"Type","value":"Super IPS+"},{"label":"Size","value":"5.5 inches, 83.4 cm 2 (~70.6% screen-to-body ratio)"},{"label":"Resolution","value":"1080 x 1920 pixels, 16:9 ratio (~401 ppi density)"},{"label":"Protection","value":"Corning Gorilla Glass 3"}]},{"category":"Platform","specs":[{"label":"OS","value":"Android 6.0.1 (Marshmallow), upgradable to 7.0 (Nougat), ZenUI 3"},{"label":"Chipset","value":"Qualcomm MSM8953 Snapdragon 625 (14 nm)"},{"label":"CPU","value":"Octa-core 2.0 GHz Cortex-A53"},{"label":"GPU","value":"Adreno 506"}]},{"category":"Memory","specs":[{"label":"Card slot","value":"microSDXC (uses shared SIM slot)"},{"label":"Internal","value":"32GB 3GB RAM, 64GB 4GB RAM"}]},{"category":"Main Camera","specs":[{"label":"Single","value":"16 MP, f/2.0, PDAF, 3-axis OIS"},{"label":"Features","value":"Laser AF, Dual-LED dual-tone flash, panorama, HDR"},{"label":"Video","value":"4K@30fps"}]},{"category":"Selfie camera","specs":[{"label":"Single","value":"8 MP, f/2.0"},{"label":"Video","value":"1080p@30fps"}]},{"category":"Sound","specs":[{"label":"Loudspeaker","value":"Yes"},{"label":"3.5mm jack","value":"Yes"}]},{"category":"Comms","specs":[{"label":"WLAN","value":"Wi-Fi 802.11 a/b/g/n/ac, Wi-Fi Direct"},{"label":"Bluetooth","value":"4.2, A2DP, EDR, LE"},{"label":"Positioning","value":"GPS, GLONASS"},{"label":"NFC","value":"No"},{"label":"USB","value":"USB Type-C 2.0, OTG"},{"label":"Radio","value":"FM radio"}]},{"category":"Features","specs":[{"label":"Sensors","value":"Fingerprint (rear-mounted), accelerometer, gyro, proximity, compass"}]},{"category":"Battery","specs":[{"label":"Type","value":"Li-Ion 3000 mAh, non-removable"}]},{"category":"Misc","specs":[{"label":"Colors","value":"Sapphire Black, Moonlight White, Shimmer Gold"},{"label":"Models","value":"Z012DB, Z012D, Z012DA, Z012DC, Z012S, Z012DE"},{"label":"Price","value":"About 330 EUR"}]}]');
INSERT OR IGNORE INTO device_pictures (device_id, url, position) VALUES (227, 'https://fdn2.gsmarena.com/vv/bigpic/asus-zenfone-3-ze552kl.jpg', 0);
INSERT OR IGNORE INTO device_pictures (device_id, url, position) VALUES (227, 'https://fdn2.gsmarena.com/vv/pics/asus/asus-zenfone-3-1.jpg', 1);
INSERT OR IGNORE INTO device_pictures (device_id, url, position) VALUES (227, 'https://fdn2.gsmarena.com/vv/pics/asus/asus-zenfone-3-2.jpg', 2);
INSERT OR IGNORE INTO device_pictures (device_id, url, position) VALUES (227, 'https://fdn2.gsmarena.com/vv/pics/asus/asus-zenfone-3-3.jpg', 3);
INSERT OR IGNORE INTO device_pictures (device_id, url, position) VALUES (227, 'https://fdn.gsmarena.com/imgroot//reviews/16/asus-zenfone-3-ze552kl/gal/-1024x768w1/gsmarena_001.jpg', 4);
INSERT OR IGNORE INTO device_pictures (device_id, url, position) VALUES (227, 'https://fdn.gsmarena.com/imgroot//reviews/16/asus-zenfone-3-ze552kl/gal/-1024x768w1/gsmarena_002.jpg', 5);
INSERT OR IGNORE INTO device_pictures (device_id, url, position) VALUES (227, 'https://fdn.gsmarena.com/imgroot//reviews/16/asus-zenfone-3-ze552kl/gal/-1024x768w1/gsmarena_003.jpg', 6);
INSERT OR IGNORE INTO device_pictures (device_id, url, position) VALUES (227, 'https://fdn.gsmarena.com/imgroot//reviews/16/asus-zenfone-3-ze552kl/gal/-1024x768w1/gsmarena_004.jpg', 7);
INSERT OR IGNORE INTO device_pictures (device_id, url, position) VALUES (227, 'https://fdn.gsmarena.com/imgroot//reviews/16/asus-zenfone-3-ze552kl/gal/-1024x768w1/gsmarena_005.jpg', 8);
INSERT OR IGNORE INTO device_pictures (device_id, url, position) VALUES (227, 'https://fdn.gsmarena.com/imgroot//reviews/16/asus-zenfone-3-ze552kl/gal/-1024x768w1/gsmarena_006.jpg', 9);
INSERT OR IGNORE INTO devices (id, brand_id, name, gsmarena_url, thumbnail_url, summary) VALUES (228, 2, 'Zenfone Max ZC550KL (2016)', 'https://www.gsmarena.com/asus_zenfone_max_zc550kl_(2016)-8111.php', 'https://fdn2.gsmarena.com/vv/bigpic/asus-zenfone-max-zc550kl-1.jpg', 'Zenfone Max ZC550KL (2016)');
INSERT OR IGNORE INTO device_specs (device_id, announced, status, network, os, chipset, cpu, gpu, display_size, display_type, display_res, ram, storage, main_camera, selfie_camera, battery, charging, nfc, usb, bluetooth, wlan, colors, weight, dimensions, sim, sensors, popularity, fans, rating, full_specs_json) VALUES (228, '2016, May. Released 2016, May', 'Discontinued', 'GSM / HSPA / LTE / 4G/LTE', 'Android 6.0.1 (Marshmallow), ZenUI', 'Qualcomm MSM8939 Snapdragon 615 (28 nm)', 'Octa-core (4x1.5 GHz Cortex-A53 & 4x1.0 GHz Cortex-A53)', 'Adreno 405', '5.5 inches, 83.4 cm 2 (~69.0% screen-to-body ratio)', 'IPS LCD', '720 x 1280 pixels, 16:9 ratio (~267 ppi density)', '2GB', '32GB', '13 MP, f/2.0, Laser AF, Dual-LED dual-tone flash, panorama, HDR', '5 MP, f/2.0', 'Li-Po 5000 mAh, non-removable', 'Reverse wired', 'No', 'microUSB 2.0, OTG', '4.0, A2DP, EDR', 'Wi-Fi 802.11 b/g/n, Wi-Fi Direct', 'Black, White, Orange, Blue', '202 g (7.13 oz)', '156 x 77.5 x 10.6 mm (6.14 x 3.05 x 0.42 in)', 'Dual SIM (Micro-SIM, dual stand-by)', 'Accelerometer, proximity, compass', 'About 170 EUR', NULL, NULL, '[{"category":"Network","specs":[{"label":"Technology","value":"GSM / HSPA / LTE"},{"label":"2G bands","value":"GSM 850 / 900 / 1800 / 1900 - SIM 1 & SIM 2"},{"label":"3G bands","value":"HSDPA 850 / 900 / 1900 / 2100 - India"},{"label":"4G bands","value":"1, 3, 5, 38, 39, 40, 41 - India"},{"label":"Speed","value":"HSPA 42.2/5.76 Mbps, LTE Cat4 150/50 Mbps"}]},{"category":"Launch","specs":[{"label":"Announced","value":"2016, May. Released 2016, May"},{"label":"Status","value":"Discontinued"}]},{"category":"Body","specs":[{"label":"Dimensions","value":"156 x 77.5 x 10.6 mm (6.14 x 3.05 x 0.42 in)"},{"label":"Weight","value":"202 g (7.13 oz)"},{"label":"SIM","value":"Dual SIM (Micro-SIM, dual stand-by)"}]},{"category":"Display","specs":[{"label":"Type","value":"IPS LCD"},{"label":"Size","value":"5.5 inches, 83.4 cm 2 (~69.0% screen-to-body ratio)"},{"label":"Resolution","value":"720 x 1280 pixels, 16:9 ratio (~267 ppi density)"},{"label":"Protection","value":"Corning Gorilla Glass 4"}]},{"category":"Platform","specs":[{"label":"OS","value":"Android 6.0.1 (Marshmallow), ZenUI"},{"label":"Chipset","value":"Qualcomm MSM8939 Snapdragon 615 (28 nm)"},{"label":"CPU","value":"Octa-core (4x1.5 GHz Cortex-A53 & 4x1.0 GHz Cortex-A53)"},{"label":"GPU","value":"Adreno 405"}]},{"category":"Memory","specs":[{"label":"Card slot","value":"microSDXC (dedicated slot)"},{"label":"Internal","value":"32GB 2GB RAM, 32GB 3GB RAM"}]},{"category":"Main Camera","specs":[{"label":"Single","value":"13 MP, f/2.0"},{"label":"Features","value":"Laser AF, Dual-LED dual-tone flash, panorama, HDR"},{"label":"Video","value":"1080p@30fps"}]},{"category":"Selfie camera","specs":[{"label":"Single","value":"5 MP, f/2.0"}]},{"category":"Sound","specs":[{"label":"Loudspeaker","value":"Yes"},{"label":"3.5mm jack","value":"Yes"}]},{"category":"Comms","specs":[{"label":"WLAN","value":"Wi-Fi 802.11 b/g/n, Wi-Fi Direct"},{"label":"Bluetooth","value":"4.0, A2DP, EDR"},{"label":"Positioning","value":"GPS, GLONASS, BDS"},{"label":"NFC","value":"No"},{"label":"USB","value":"microUSB 2.0, OTG"},{"label":"Radio","value":"FM radio"}]},{"category":"Features","specs":[{"label":"Sensors","value":"Accelerometer, proximity, compass"}]},{"category":"Battery","specs":[{"label":"Type","value":"Li-Po 5000 mAh, non-removable"},{"label":"Charging","value":"Reverse wired"},{"label":"Stand-by","value":"Up to 914 h (3G)"},{"label":"Talk time","value":"Up to 38 h (3G)"}]},{"category":"Misc","specs":[{"label":"Colors","value":"Black, White, Orange, Blue"},{"label":"Models","value":"Z010DD"},{"label":"Price","value":"About 170 EUR"}]}]');
INSERT OR IGNORE INTO device_pictures (device_id, url, position) VALUES (228, 'https://fdn2.gsmarena.com/vv/bigpic/asus-zenfone-max-zc550kl-1.jpg', 0);
INSERT OR IGNORE INTO device_pictures (device_id, url, position) VALUES (228, 'https://fdn2.gsmarena.com/vv/pics/asus/asus-zenfone-max-zc550kl-2016-1.jpg', 1);
INSERT OR IGNORE INTO devices (id, brand_id, name, gsmarena_url, thumbnail_url, summary) VALUES (229, 2, 'Zenfone Go ZB450KL', 'https://www.gsmarena.com/asus_zenfone_go_zb450kl-8262.php', 'https://fdn2.gsmarena.com/vv/bigpic/asus-zenfone-go-zb452kg.jpg', 'Zenfone Go ZB450KL');
INSERT OR IGNORE INTO device_specs (device_id, announced, status, network, os, chipset, cpu, gpu, display_size, display_type, display_res, ram, storage, main_camera, selfie_camera, battery, charging, nfc, usb, bluetooth, wlan, colors, weight, dimensions, sim, sensors, popularity, fans, rating, full_specs_json) VALUES (229, '2016, July. Released 2016, August', 'Discontinued', 'GSM / HSPA / LTE / 4G/LTE', 'Android 6 (Marshmallow), ZenUI 2', 'Qualcomm MSM8916 Snapdragon 410 (28 nm)', 'Quad-core 1.2 GHz Cortex-A53', 'Adreno 306', '4.5 inches, 55.8 cm 2 (~61.3% screen-to-body ratio)', 'IPS LCD', '480 x 854 pixels, 16:9 ratio (~218 ppi density)', '1GB', '8GB', '8 MP, f/2.0, AF, LED flash, HDR, panorama', '2 MP, f/2.4', 'Li-Po 2070 mAh, removable', NULL, 'No', 'microUSB 2.0', '4.0, A2DP, EDR', 'Wi-Fi 802.11 b/g/n, Wi-Fi Direct', 'Glacier Grey/Silver, Blue/Sheer Gold, Charcoal Black, Pearl White, Glamor Red, Lemon Yellow', '135 g (4.76 oz)', '136.5 x 66.7 x 11.2 mm (5.37 x 2.63 x 0.44 in)', 'Nano-SIM + Micro-SIM', 'Accelerometer, proximity, compass', 'About 110 EUR', NULL, NULL, '[{"category":"Network","specs":[{"label":"Technology","value":"GSM / HSPA / LTE"},{"label":"2G bands","value":"GSM 850 / 900 / 1800 / 1900 - SIM 1 & SIM 2"},{"label":"3G bands","value":"HSDPA 850 / 900 / 2100 - Global, India"},{"label":"4G bands","value":"1, 3, 5, 7, 8 - Global"},{"label":"Speed","value":"HSPA 21.1/5.76 Mbps, LTE Cat4 150/50 Mbps"}]},{"category":"Launch","specs":[{"label":"Announced","value":"2016, July. Released 2016, August"},{"label":"Status","value":"Discontinued"}]},{"category":"Body","specs":[{"label":"Dimensions","value":"136.5 x 66.7 x 11.2 mm (5.37 x 2.63 x 0.44 in)"},{"label":"Weight","value":"135 g (4.76 oz)"},{"label":"SIM","value":"Nano-SIM + Micro-SIM"}]},{"category":"Display","specs":[{"label":"Type","value":"IPS LCD"},{"label":"Size","value":"4.5 inches, 55.8 cm 2 (~61.3% screen-to-body ratio)"},{"label":"Resolution","value":"480 x 854 pixels, 16:9 ratio (~218 ppi density)"}]},{"category":"Platform","specs":[{"label":"OS","value":"Android 6 (Marshmallow), ZenUI 2"},{"label":"Chipset","value":"Qualcomm MSM8916 Snapdragon 410 (28 nm)"},{"label":"CPU","value":"Quad-core 1.2 GHz Cortex-A53"},{"label":"GPU","value":"Adreno 306"}]},{"category":"Memory","specs":[{"label":"Card slot","value":"microSDXC (uses shared SIM slot)"},{"label":"Internal","value":"8GB 1GB RAM"}]},{"category":"Main Camera","specs":[{"label":"Single","value":"8 MP, f/2.0, AF"},{"label":"Features","value":"LED flash, HDR, panorama"},{"label":"Video","value":"720p"}]},{"category":"Selfie camera","specs":[{"label":"Single","value":"2 MP, f/2.4"}]},{"category":"Sound","specs":[{"label":"Loudspeaker","value":"Yes"},{"label":"3.5mm jack","value":"Yes"}]},{"category":"Comms","specs":[{"label":"WLAN","value":"Wi-Fi 802.11 b/g/n, Wi-Fi Direct"},{"label":"Bluetooth","value":"4.0, A2DP, EDR"},{"label":"Positioning","value":"GPS, GLONASS, BDS"},{"label":"NFC","value":"No"},{"label":"USB","value":"microUSB 2.0"},{"label":"Radio","value":"FM radio"}]},{"category":"Features","specs":[{"label":"Sensors","value":"Accelerometer, proximity, compass"}]},{"category":"Battery","specs":[{"label":"Type","value":"Li-Po 2070 mAh, removable"}]},{"category":"Misc","specs":[{"label":"Colors","value":"Glacier Grey/Silver, Blue/Sheer Gold, Charcoal Black, Pearl White, Glamor Red, Lemon Yellow"},{"label":"Models","value":"X009DA"},{"label":"Price","value":"About 110 EUR"}]}]');
INSERT OR IGNORE INTO device_pictures (device_id, url, position) VALUES (229, 'https://fdn2.gsmarena.com/vv/bigpic/asus-zenfone-go-zb452kg.jpg', 0);
INSERT OR IGNORE INTO device_pictures (device_id, url, position) VALUES (229, 'https://fdn2.gsmarena.com/vv/pics/asus/asus-zenfone-go-zb450kl.jpg', 1);
INSERT OR IGNORE INTO devices (id, brand_id, name, gsmarena_url, thumbnail_url, summary) VALUES (230, 2, 'Zenfone Go ZB452KG', 'https://www.gsmarena.com/asus_zenfone_go_zb452kg-8097.php', 'https://fdn2.gsmarena.com/vv/bigpic/asus-zenfone-go-zb452kg.jpg', 'Zenfone Go ZB452KG');
INSERT OR IGNORE INTO device_specs (device_id, announced, status, network, os, chipset, cpu, gpu, display_size, display_type, display_res, ram, storage, main_camera, selfie_camera, battery, charging, nfc, usb, bluetooth, wlan, colors, weight, dimensions, sim, sensors, popularity, fans, rating, full_specs_json) VALUES (230, '2016, April. Released 2016, April', 'Discontinued', 'GSM / HSPA', 'Android 5.1 (Lollipop)', 'Qualcomm MSM8212 Snapdragon 200 (28 nm)', 'Quad-core 1.2 GHz Cortex-A7', 'Adreno 302', '4.5 inches, 55.8 cm 2 (~61.3% screen-to-body ratio)', 'IPS LCD', '480 x 854 pixels, 16:9 ratio (~218 ppi density)', '1GB', '8GB', '5 MP or 8 MP, f/2.0, AF, LED flash, HDR, panorama', 'VGA, f/2.8', 'Li-Po 2070 mAh, removable', NULL, 'No', 'microUSB 2.0', '4.0, A2DP, EDR', 'Wi-Fi 802.11 b/g/n, Wi-Fi Direct, hotspot', 'Lemon Yellow, Charcoal Black, Pearl White, Glacier Gray, Sheer Gold, Glamour Red, Silver Blue', '125 g (4.41 oz)', '136.5 x 66.7 x 11.2 mm (5.37 x 2.63 x 0.44 in)', 'Dual SIM (Micro-SIM, dual stand-by)', 'Accelerometer, proximity, compass', 'About 90 EUR', NULL, NULL, '[{"category":"Network","specs":[{"label":"Technology","value":"GSM / HSPA"},{"label":"2G bands","value":"GSM 850 / 900 / 1800 / 1900 - SIM 1 & SIM 2"},{"label":"3G bands","value":"HSDPA 850 / 900 / 1900 / 2100"},{"label":"Speed","value":"HSPA 21.1/5.76 Mbps"}]},{"category":"Launch","specs":[{"label":"Announced","value":"2016, April. Released 2016, April"},{"label":"Status","value":"Discontinued"}]},{"category":"Body","specs":[{"label":"Dimensions","value":"136.5 x 66.7 x 11.2 mm (5.37 x 2.63 x 0.44 in)"},{"label":"Weight","value":"125 g (4.41 oz)"},{"label":"SIM","value":"Dual SIM (Micro-SIM, dual stand-by)"}]},{"category":"Display","specs":[{"label":"Type","value":"IPS LCD"},{"label":"Size","value":"4.5 inches, 55.8 cm 2 (~61.3% screen-to-body ratio)"},{"label":"Resolution","value":"480 x 854 pixels, 16:9 ratio (~218 ppi density)"}]},{"category":"Platform","specs":[{"label":"OS","value":"Android 5.1 (Lollipop)"},{"label":"Chipset","value":"Qualcomm MSM8212 Snapdragon 200 (28 nm)"},{"label":"CPU","value":"Quad-core 1.2 GHz Cortex-A7"},{"label":"GPU","value":"Adreno 302"}]},{"category":"Memory","specs":[{"label":"Card slot","value":"microSDXC (dedicated slot)"},{"label":"Internal","value":"8GB 1GB RAM"}]},{"category":"Main Camera","specs":[{"label":"Single","value":"5 MP or 8 MP, f/2.0, AF"},{"label":"Features","value":"LED flash, HDR, panorama"}]},{"category":"Selfie camera","specs":[{"label":"Single","value":"VGA, f/2.8"}]},{"category":"Sound","specs":[{"label":"Loudspeaker","value":"Yes"},{"label":"3.5mm jack","value":"Yes"}]},{"category":"Comms","specs":[{"label":"WLAN","value":"Wi-Fi 802.11 b/g/n, Wi-Fi Direct, hotspot"},{"label":"Bluetooth","value":"4.0, A2DP, EDR"},{"label":"Positioning","value":"GPS, GLONASS, BDS"},{"label":"NFC","value":"No"},{"label":"USB","value":"microUSB 2.0"},{"label":"Radio","value":"FM radio"}]},{"category":"Features","specs":[{"label":"Sensors","value":"Accelerometer, proximity, compass"}]},{"category":"Battery","specs":[{"label":"Type","value":"Li-Po 2070 mAh, removable"}]},{"category":"Misc","specs":[{"label":"Colors","value":"Lemon Yellow, Charcoal Black, Pearl White, Glacier Gray, Sheer Gold, Glamour Red, Silver Blue"},{"label":"Models","value":"X014D"},{"label":"Price","value":"About 90 EUR"}]}]');
INSERT OR IGNORE INTO device_pictures (device_id, url, position) VALUES (230, 'https://fdn2.gsmarena.com/vv/bigpic/asus-zenfone-go-zb452kg.jpg', 0);
INSERT OR IGNORE INTO device_pictures (device_id, url, position) VALUES (230, 'https://fdn2.gsmarena.com/vv/pics/asus/asus-zenfone-go-zb452kg.jpg', 1);
INSERT OR IGNORE INTO devices (id, brand_id, name, gsmarena_url, thumbnail_url, summary) VALUES (231, 2, 'Zenfone Go ZB551KL', 'https://www.gsmarena.com/asus_zenfone_go_zb551kl-8095.php', 'https://fdn2.gsmarena.com/vv/bigpic/asus-zenfone-go-zb551kl.jpg', 'Zenfone Go ZB551KL');
INSERT OR IGNORE INTO device_specs (device_id, announced, status, network, os, chipset, cpu, gpu, display_size, display_type, display_res, ram, storage, main_camera, selfie_camera, battery, charging, nfc, usb, bluetooth, wlan, colors, weight, dimensions, sim, sensors, popularity, fans, rating, full_specs_json) VALUES (231, '2016, April. Released 2016, May', 'Discontinued', 'GSM / HSPA / LTE / 4G/LTE', 'Android 5.1 (Lollipop)', 'Qualcomm MSM8928 Snapdragon 400 (28 nm)', 'Quad-core 1.6 GHz Cortex-A7', 'Adreno 305', '5.5 inches, 83.4 cm 2 (~71.8% screen-to-body ratio)', 'IPS LCD', '720 x 1280 pixels, 16:9 ratio (~267 ppi density)', '2GB', '16GB', '8 MP or 13 MP, f/2.0, AF, Dual-LED dual-tone flash, HDR, panorama', '5 MP, f/2.0', 'Li-Ion 3010 mAh, removable', NULL, 'No', 'microUSB 2.0, OTG', '4.0, A2DP, EDR', 'Wi-Fi 802.11 b/g/n, Wi-Fi Direct, hotspot', 'Charcoal Black, Pearl White, Lake Blue, Glacier Gray, Sheer Gold, Glamour Red, Floral Pink, Silver Blue', '160 g (5.64 oz)', '151 x 76.9 x 10.7 mm (5.94 x 3.03 x 0.42 in)', 'Dual SIM (Micro-SIM, dual stand-by)', 'Accelerometer, proximity', 'About 150 EUR', NULL, NULL, '[{"category":"Network","specs":[{"label":"Technology","value":"GSM / HSPA / LTE"},{"label":"2G bands","value":"GSM 850 / 900 / 1800 / 1900 - SIM 1 & SIM 2"},{"label":"3G bands","value":"HSDPA 850 / 900 / 1900 / 2100"},{"label":"4G bands","value":"1, 2, 3, 5, 7, 8, 20 - Global"},{"label":"Speed","value":"HSPA 21.1/5.76 Mbps, LTE Cat4 150/50 Mbps"}]},{"category":"Launch","specs":[{"label":"Announced","value":"2016, April. Released 2016, May"},{"label":"Status","value":"Discontinued"}]},{"category":"Body","specs":[{"label":"Dimensions","value":"151 x 76.9 x 10.7 mm (5.94 x 3.03 x 0.42 in)"},{"label":"Weight","value":"160 g (5.64 oz)"},{"label":"SIM","value":"Dual SIM (Micro-SIM, dual stand-by)"}]},{"category":"Display","specs":[{"label":"Type","value":"IPS LCD"},{"label":"Size","value":"5.5 inches, 83.4 cm 2 (~71.8% screen-to-body ratio)"},{"label":"Resolution","value":"720 x 1280 pixels, 16:9 ratio (~267 ppi density)"},{"label":"Protection","value":"Corning Gorilla Glass 3"}]},{"category":"Platform","specs":[{"label":"OS","value":"Android 5.1 (Lollipop)"},{"label":"Chipset","value":"Qualcomm MSM8928 Snapdragon 400 (28 nm)"},{"label":"CPU","value":"Quad-core 1.6 GHz Cortex-A7"},{"label":"GPU","value":"Adreno 305"}]},{"category":"Memory","specs":[{"label":"Card slot","value":"microSDXC (dedicated slot)"},{"label":"Internal","value":"16GB 2GB RAM, 32GB 2GB RAM"}]},{"category":"Main Camera","specs":[{"label":"Single","value":"8 MP or 13 MP, f/2.0, AF"},{"label":"Features","value":"Dual-LED dual-tone flash, HDR, panorama"},{"label":"Video","value":"1080p@30fps"}]},{"category":"Selfie camera","specs":[{"label":"Single","value":"5 MP, f/2.0"}]},{"category":"Sound","specs":[{"label":"Loudspeaker","value":"Yes"},{"label":"3.5mm jack","value":"Yes"}]},{"category":"Comms","specs":[{"label":"WLAN","value":"Wi-Fi 802.11 b/g/n, Wi-Fi Direct, hotspot"},{"label":"Bluetooth","value":"4.0, A2DP, EDR"},{"label":"Positioning","value":"GPS, GLONASS, BDS"},{"label":"NFC","value":"No"},{"label":"USB","value":"microUSB 2.0, OTG"},{"label":"Radio","value":"FM radio"}]},{"category":"Features","specs":[{"label":"Sensors","value":"Accelerometer, proximity"}]},{"category":"Battery","specs":[{"label":"Type","value":"Li-Ion 3010 mAh, removable"},{"label":"Stand-by","value":"Up to 335 h (3G)"},{"label":"Talk time","value":"Up to 16 h (3G)"}]},{"category":"Misc","specs":[{"label":"Colors","value":"Charcoal Black, Pearl White, Lake Blue, Glacier Gray, Sheer Gold, Glamour Red, Floral Pink, Silver Blue"},{"label":"Models","value":"X013D, X013DC, X013DA, X013DB"},{"label":"Price","value":"About 150 EUR"}]}]');
INSERT OR IGNORE INTO device_pictures (device_id, url, position) VALUES (231, 'https://fdn2.gsmarena.com/vv/bigpic/asus-zenfone-go-zb551kl.jpg', 0);
INSERT OR IGNORE INTO device_pictures (device_id, url, position) VALUES (231, 'https://fdn2.gsmarena.com/vv/pics/asus/asus-zenfone-go-zb551kl.jpg', 1);
INSERT OR IGNORE INTO devices (id, brand_id, name, gsmarena_url, thumbnail_url, summary) VALUES (232, 2, 'Zenfone Go T500', 'https://www.gsmarena.com/asus_zenfone_go_t500-8045.php', 'https://fdn2.gsmarena.com/vv/bigpic/asus-zenfone-go-t500.jpg', 'Zenfone Go T500');
INSERT OR IGNORE INTO device_specs (device_id, announced, status, network, os, chipset, cpu, gpu, display_size, display_type, display_res, ram, storage, main_camera, selfie_camera, battery, charging, nfc, usb, bluetooth, wlan, colors, weight, dimensions, sim, sensors, popularity, fans, rating, full_specs_json) VALUES (232, '2016, April. Released 2016, April', 'Discontinued', 'GSM / HSPA / LTE / 4G/LTE', 'Android 4.4 (KitKat)', 'Qualcomm MSM8916 Snapdragon 410 (28 nm)', 'Quad-core 1.2 GHz Cortex-A53', 'Adreno 306', '5.0 inches, 68.9 cm 2 (~64.7% screen-to-body ratio)', 'IPS LCD', '720 x 1280 pixels, 16:9 ratio (~294 ppi density)', '2GB', '16GB', '8 MP, AF, LED flash', '5 MP, f/2.2', 'Li-Po 2500 mAh, removable', NULL, 'No', 'microUSB 2.0', '4.0, A2DP, EDR', 'Wi-Fi 802.11 a/b/g/n, hotspot', 'Black, White', '153 g (5.40 oz)', '146 x 73 x 9.9 mm (5.75 x 2.87 x 0.39 in)', 'Dual SIM (Micro-SIM, dual stand-by)', 'Accelerometer, proximity', 'About 110 EUR', NULL, NULL, '[{"category":"Network","specs":[{"label":"Technology","value":"GSM / HSPA / LTE"},{"label":"2G bands","value":"GSM 850 / 900 / 1800 / 1900 - SIM 1 & SIM 2"},{"label":"3G bands","value":"HSDPA 2100"},{"label":"4G bands","value":"3, 40"},{"label":"Speed","value":"HSPA 21.1/5.76 Mbps, LTE Cat4 150/50 Mbps"}]},{"category":"Launch","specs":[{"label":"Announced","value":"2016, April. Released 2016, April"},{"label":"Status","value":"Discontinued"}]},{"category":"Body","specs":[{"label":"Dimensions","value":"146 x 73 x 9.9 mm (5.75 x 2.87 x 0.39 in)"},{"label":"Weight","value":"153 g (5.40 oz)"},{"label":"SIM","value":"Dual SIM (Micro-SIM, dual stand-by)"}]},{"category":"Display","specs":[{"label":"Type","value":"IPS LCD"},{"label":"Size","value":"5.0 inches, 68.9 cm 2 (~64.7% screen-to-body ratio)"},{"label":"Resolution","value":"720 x 1280 pixels, 16:9 ratio (~294 ppi density)"}]},{"category":"Platform","specs":[{"label":"OS","value":"Android 4.4 (KitKat)"},{"label":"Chipset","value":"Qualcomm MSM8916 Snapdragon 410 (28 nm)"},{"label":"CPU","value":"Quad-core 1.2 GHz Cortex-A53"},{"label":"GPU","value":"Adreno 306"}]},{"category":"Memory","specs":[{"label":"Card slot","value":"microSDHC (dedicated slot)"},{"label":"Internal","value":"16GB 2GB RAM"}]},{"category":"Main Camera","specs":[{"label":"Single","value":"8 MP, AF"},{"label":"Features","value":"LED flash"},{"label":"Video","value":"1080p@30fps"}]},{"category":"Selfie camera","specs":[{"label":"Single","value":"5 MP, f/2.2"}]},{"category":"Sound","specs":[{"label":"Loudspeaker","value":"Yes"},{"label":"3.5mm jack","value":"Yes"}]},{"category":"Comms","specs":[{"label":"WLAN","value":"Wi-Fi 802.11 a/b/g/n, hotspot"},{"label":"Bluetooth","value":"4.0, A2DP, EDR"},{"label":"Positioning","value":"GPS, GLONASS"},{"label":"NFC","value":"No"},{"label":"USB","value":"microUSB 2.0"},{"label":"Radio","value":"FM radio"}]},{"category":"Features","specs":[{"label":"Sensors","value":"Accelerometer, proximity"}]},{"category":"Battery","specs":[{"label":"Type","value":"Li-Po 2500 mAh, removable"}]},{"category":"Misc","specs":[{"label":"Colors","value":"Black, White"},{"label":"Price","value":"About 110 EUR"}]}]');
INSERT OR IGNORE INTO device_pictures (device_id, url, position) VALUES (232, 'https://fdn2.gsmarena.com/vv/bigpic/asus-zenfone-go-t500.jpg', 0);
INSERT OR IGNORE INTO device_pictures (device_id, url, position) VALUES (232, 'https://fdn2.gsmarena.com/vv/pics/asus/asus-zenfone-go-t500-1.jpg', 1);
INSERT OR IGNORE INTO device_pictures (device_id, url, position) VALUES (232, 'https://fdn2.gsmarena.com/vv/pics/asus/asus-zenfone-go-t500-2.jpg', 2);
INSERT OR IGNORE INTO devices (id, brand_id, name, gsmarena_url, thumbnail_url, summary) VALUES (233, 2, 'Zenfone Go ZC451TG', 'https://www.gsmarena.com/asus_zenfone_go_zc451tg-8048.php', 'https://fdn2.gsmarena.com/vv/bigpic/asus-zenfone-go-zc451tg.jpg', 'Zenfone Go ZC451TG');
INSERT OR IGNORE INTO device_specs (device_id, announced, status, network, os, chipset, cpu, gpu, display_size, display_type, display_res, ram, storage, main_camera, selfie_camera, battery, charging, nfc, usb, bluetooth, wlan, colors, weight, dimensions, sim, sensors, popularity, fans, rating, full_specs_json) VALUES (233, '2015, December. Released 2015, December', 'Discontinued', 'GSM / HSPA', 'Android 5.1 (Lollipop)', 'Mediatek MT6580M (28 nm)', 'Quad-core 1.3 GHz Cortex-A7', 'Mali-400MP2', '4.5 inches, 55.8 cm 2 (~61.7% screen-to-body ratio)', 'IPS LCD', '480 x 854 pixels, 16:9 ratio (~218 ppi density)', '1GB', '8GB', '5 MP, f/2.0, AF, LED flash', 'VGA', 'Li-Ion 1600 mAh, removable', NULL, 'No', 'microUSB 2.0', '4.0, A2DP, EDR', 'Wi-Fi 802.11 b/g/n, hotspot', 'Charcoal Black, Pearl White, Rouge Pink, Flash Blue', '133.5 g (4.73 oz)', '135 x 67 x 10.1 mm (5.31 x 2.64 x 0.40 in)', 'Dual SIM (Micro-SIM, dual stand-by)', 'Accelerometer, proximity, compass', 'About 70 EUR', NULL, NULL, '[{"category":"Network","specs":[{"label":"Technology","value":"GSM / HSPA"},{"label":"2G bands","value":"GSM 850 / 900 / 1800 / 1900 - SIM 1 & SIM 2"},{"label":"3G bands","value":"HSDPA 850 / 900 / 1900 / 2100"},{"label":"Speed","value":"HSPA 21.1/5.76 Mbps"}]},{"category":"Launch","specs":[{"label":"Announced","value":"2015, December. Released 2015, December"},{"label":"Status","value":"Discontinued"}]},{"category":"Body","specs":[{"label":"Dimensions","value":"135 x 67 x 10.1 mm (5.31 x 2.64 x 0.40 in)"},{"label":"Weight","value":"133.5 g (4.73 oz)"},{"label":"SIM","value":"Dual SIM (Micro-SIM, dual stand-by)"}]},{"category":"Display","specs":[{"label":"Type","value":"IPS LCD"},{"label":"Size","value":"4.5 inches, 55.8 cm 2 (~61.7% screen-to-body ratio)"},{"label":"Resolution","value":"480 x 854 pixels, 16:9 ratio (~218 ppi density)"}]},{"category":"Platform","specs":[{"label":"OS","value":"Android 5.1 (Lollipop)"},{"label":"Chipset","value":"Mediatek MT6580M (28 nm)"},{"label":"CPU","value":"Quad-core 1.3 GHz Cortex-A7"},{"label":"GPU","value":"Mali-400MP2"}]},{"category":"Memory","specs":[{"label":"Card slot","value":"microSDXC (dedicated slot)"},{"label":"Internal","value":"8GB 1GB RAM"}]},{"category":"Main Camera","specs":[{"label":"Single","value":"5 MP, f/2.0, AF"},{"label":"Features","value":"LED flash"},{"label":"Video","value":"720p@30fps"}]},{"category":"Selfie camera","specs":[{"label":"Single","value":"VGA"}]},{"category":"Sound","specs":[{"label":"Loudspeaker","value":"Yes"},{"label":"3.5mm jack","value":"Yes"}]},{"category":"Comms","specs":[{"label":"WLAN","value":"Wi-Fi 802.11 b/g/n, hotspot"},{"label":"Bluetooth","value":"4.0, A2DP, EDR"},{"label":"Positioning","value":"GPS"},{"label":"NFC","value":"No"},{"label":"USB","value":"microUSB 2.0"},{"label":"Radio","value":"FM radio"}]},{"category":"Features","specs":[{"label":"Sensors","value":"Accelerometer, proximity, compass"}]},{"category":"Battery","specs":[{"label":"Type","value":"Li-Ion 1600 mAh, removable"},{"label":"Stand-by","value":"Up to 355 h (3G)"},{"label":"Talk time","value":"Up to 11 h (3G)"}]},{"category":"Misc","specs":[{"label":"Colors","value":"Charcoal Black, Pearl White, Rouge Pink, Flash Blue"},{"label":"Models","value":"Z00SD"},{"label":"Price","value":"About 70 EUR"}]}]');
INSERT OR IGNORE INTO device_pictures (device_id, url, position) VALUES (233, 'https://fdn2.gsmarena.com/vv/bigpic/asus-zenfone-go-zc451tg.jpg', 0);
INSERT OR IGNORE INTO device_pictures (device_id, url, position) VALUES (233, 'https://fdn2.gsmarena.com/vv/pics/asus/asus-zenfone-go-zc451tg-1.jpg', 1);
INSERT OR IGNORE INTO devices (id, brand_id, name, gsmarena_url, thumbnail_url, summary) VALUES (234, 2, 'Live G500TG', 'https://www.gsmarena.com/asus_live_g500tg-7866.php', 'https://fdn2.gsmarena.com/vv/bigpic/asus-live-g500tg-.jpg', 'Live G500TG');
INSERT OR IGNORE INTO device_specs (device_id, announced, status, network, os, chipset, cpu, gpu, display_size, display_type, display_res, ram, storage, main_camera, selfie_camera, battery, charging, nfc, usb, bluetooth, wlan, colors, weight, dimensions, sim, sensors, popularity, fans, rating, full_specs_json) VALUES (234, '2016, January. Released 2016, February', 'Discontinued', 'GSM / HSPA', 'Android 5.1 (Lollipop)', 'Mediatek MT6580 (28 nm)', 'Quad-core 1.3 GHz Cortex-A7', 'Mali-400MP2', '5.0 inches, 68.9 cm 2 (~67.2% screen-to-body ratio)', 'IPS LCD', '720 x 1280 pixels, 16:9 ratio (~294 ppi density)', '2GB', '16GB', '8 MP, f/2.0, AF, LED flash', '2 MP, f/2.4', 'Li-Po 2070 mAh, removable', NULL, 'No', 'microUSB 2.0', '4.0, A2DP, LE', 'Wi-Fi 802.11 b/g/n, hotspot', 'Rosa, Azul, Yellow', '140 g (4.94 oz)', '144.5 x 71 x 10 mm (5.69 x 2.80 x 0.39 in)', 'Dual SIM (Micro-SIM, dual stand-by)', 'Accelerometer, proximity', 'About 160 EUR', NULL, NULL, '[{"category":"Network","specs":[{"label":"Technology","value":"GSM / HSPA"},{"label":"2G bands","value":"GSM 850 / 900 / 1800 / 1900 - SIM 1 & SIM 2"},{"label":"3G bands","value":"HSDPA 850 / 900 / 1900 / 2100"},{"label":"Speed","value":"HSPA 21.1/5.76 Mbps"}]},{"category":"Launch","specs":[{"label":"Announced","value":"2016, January. Released 2016, February"},{"label":"Status","value":"Discontinued"}]},{"category":"Body","specs":[{"label":"Dimensions","value":"144.5 x 71 x 10 mm (5.69 x 2.80 x 0.39 in)"},{"label":"Weight","value":"140 g (4.94 oz)"},{"label":"SIM","value":"Dual SIM (Micro-SIM, dual stand-by)"}]},{"category":"Display","specs":[{"label":"Type","value":"IPS LCD"},{"label":"Size","value":"5.0 inches, 68.9 cm 2 (~67.2% screen-to-body ratio)"},{"label":"Resolution","value":"720 x 1280 pixels, 16:9 ratio (~294 ppi density)"}]},{"category":"Platform","specs":[{"label":"OS","value":"Android 5.1 (Lollipop)"},{"label":"Chipset","value":"Mediatek MT6580 (28 nm)"},{"label":"CPU","value":"Quad-core 1.3 GHz Cortex-A7"},{"label":"GPU","value":"Mali-400MP2"}]},{"category":"Memory","specs":[{"label":"Card slot","value":"microSDXC (dedicated slot)"},{"label":"Internal","value":"16GB 2GB RAM"}]},{"category":"Main Camera","specs":[{"label":"Single","value":"8 MP, f/2.0, AF"},{"label":"Features","value":"LED flash"},{"label":"Video","value":"Yes"}]},{"category":"Selfie camera","specs":[{"label":"Single","value":"2 MP, f/2.4"}]},{"category":"Sound","specs":[{"label":"Loudspeaker","value":"Yes"},{"label":"3.5mm jack","value":"Yes"}]},{"category":"Comms","specs":[{"label":"WLAN","value":"Wi-Fi 802.11 b/g/n, hotspot"},{"label":"Bluetooth","value":"4.0, A2DP, LE"},{"label":"Positioning","value":"GPS"},{"label":"NFC","value":"No"},{"label":"USB","value":"microUSB 2.0"},{"label":"Radio","value":"FM radio"}]},{"category":"Features","specs":[{"label":"Sensors","value":"Accelerometer, proximity"}]},{"category":"Battery","specs":[{"label":"Type","value":"Li-Po 2070 mAh, removable"}]},{"category":"Misc","specs":[{"label":"Colors","value":"Rosa, Azul, Yellow"},{"label":"Models","value":"Z00YD"},{"label":"Price","value":"About 160 EUR"}]}]');
INSERT OR IGNORE INTO device_pictures (device_id, url, position) VALUES (234, 'https://fdn2.gsmarena.com/vv/bigpic/asus-live-g500tg-.jpg', 0);
INSERT OR IGNORE INTO device_pictures (device_id, url, position) VALUES (234, 'https://fdn2.gsmarena.com/vv/pics/asus/asus-live-g500tg-1.jpg', 1);
INSERT OR IGNORE INTO device_pictures (device_id, url, position) VALUES (234, 'https://fdn2.gsmarena.com/vv/pics/asus/asus-live-g500tg-2.jpg', 2);
INSERT OR IGNORE INTO devices (id, brand_id, name, gsmarena_url, thumbnail_url, summary) VALUES (235, 2, 'Zenwatch 2 WI501Q', 'https://www.gsmarena.com/asus_zenwatch_2_wi501q-7689.php', 'https://fdn2.gsmarena.com/vv/bigpic/asus-zenwatch-wi501q.jpg', 'Zenwatch 2 WI501Q');
INSERT OR IGNORE INTO device_specs (device_id, announced, status, network, os, chipset, cpu, gpu, display_size, display_type, display_res, ram, storage, main_camera, selfie_camera, battery, charging, nfc, usb, bluetooth, wlan, colors, weight, dimensions, sim, sensors, popularity, fans, rating, full_specs_json) VALUES (235, '2015, September. Released 2015, September', 'Discontinued', 'No cellular connectivity', 'Android Wear OS 2.1', 'Qualcomm MSM8926 Snapdragon 400 (28 nm)', 'Quad-core 1.2 GHz Cortex-A7', 'Adreno 305', '1.63 inches', 'AMOLED', '320 x 320 pixels (~278 ppi density)', NULL, '4GB', NULL, NULL, 'Li-Ion 400 mAh, non-removable', NULL, 'No', 'No', '4.1, LE', 'Wi-Fi 802.11 b/g', 'Gunmetal, Silver, Rose gold', '-', '49.6 x 40.7 x 10.9 mm (1.95 x 1.60 x 0.43 in)', 'No', 'Accelerometer', 'About 150 EUR', NULL, NULL, '[{"category":"Network","specs":[{"label":"Technology","value":"No cellular connectivity"},{"label":"2G bands","value":"N/A"},{"label":"GPRS","value":"No"},{"label":"EDGE","value":"No"}]},{"category":"Launch","specs":[{"label":"Announced","value":"2015, September. Released 2015, September"},{"label":"Status","value":"Discontinued"}]},{"category":"Body","specs":[{"label":"Dimensions","value":"49.6 x 40.7 x 10.9 mm (1.95 x 1.60 x 0.43 in)"},{"label":"Weight","value":"-"},{"label":"Build","value":"Glass front (Gorilla Glass 3), stainless steel frame"},{"label":"SIM","value":"No"}]},{"category":"Display","specs":[{"label":"Type","value":"AMOLED"},{"label":"Size","value":"1.63 inches"},{"label":"Resolution","value":"320 x 320 pixels (~278 ppi density)"},{"label":"Protection","value":"Corning Gorilla Glass 3"}]},{"category":"Platform","specs":[{"label":"OS","value":"Android Wear OS 2.1"},{"label":"Chipset","value":"Qualcomm MSM8926 Snapdragon 400 (28 nm)"},{"label":"CPU","value":"Quad-core 1.2 GHz Cortex-A7"},{"label":"GPU","value":"Adreno 305"}]},{"category":"Memory","specs":[{"label":"Card slot","value":"No"},{"label":"Internal","value":"4GB 512MB RAM"}]},{"category":"Sound","specs":[{"label":"Loudspeaker","value":"Yes"},{"label":"3.5mm jack","value":"No"}]},{"category":"Comms","specs":[{"label":"WLAN","value":"Wi-Fi 802.11 b/g"},{"label":"Bluetooth","value":"4.1, LE"},{"label":"Positioning","value":"No"},{"label":"NFC","value":"No"},{"label":"USB","value":"No"},{"label":"Radio","value":"No"}]},{"category":"Features","specs":[{"label":"Sensors","value":"Accelerometer"}]},{"category":"Battery","specs":[{"label":"Type","value":"Li-Ion 400 mAh, non-removable"}]},{"category":"Misc","specs":[{"label":"Colors","value":"Gunmetal, Silver, Rose gold"},{"label":"Price","value":"About 150 EUR"}]}]');
INSERT OR IGNORE INTO device_pictures (device_id, url, position) VALUES (235, 'https://fdn2.gsmarena.com/vv/bigpic/asus-zenwatch-wi501q.jpg', 0);
INSERT OR IGNORE INTO device_pictures (device_id, url, position) VALUES (235, 'https://fdn2.gsmarena.com/vv/pics/asus/asus-zenwatch-wi501q-1.jpg', 1);
INSERT OR IGNORE INTO device_pictures (device_id, url, position) VALUES (235, 'https://fdn2.gsmarena.com/vv/pics/asus/asus-zenwatch-wi501q-2.jpg', 2);
INSERT OR IGNORE INTO device_pictures (device_id, url, position) VALUES (235, 'https://fdn2.gsmarena.com/vv/pics/asus/asus-zenwatch-wi501q-3.jpg', 3);
INSERT OR IGNORE INTO devices (id, brand_id, name, gsmarena_url, thumbnail_url, summary) VALUES (236, 2, 'Zenwatch 2 WI502Q', 'https://www.gsmarena.com/asus_zenwatch_2_wi502q-7690.php', 'https://fdn2.gsmarena.com/vv/bigpic/asus-zenwatch-wi502q.jpg', 'Zenwatch 2 WI502Q');
INSERT OR IGNORE INTO device_specs (device_id, announced, status, network, os, chipset, cpu, gpu, display_size, display_type, display_res, ram, storage, main_camera, selfie_camera, battery, charging, nfc, usb, bluetooth, wlan, colors, weight, dimensions, sim, sensors, popularity, fans, rating, full_specs_json) VALUES (236, '2015, September. Released 2015, September', 'Discontinued', 'No cellular connectivity', 'Android Wear OS 2.1', 'Qualcomm MSM8926 Snapdragon 400 (28 nm)', 'Quad-core 1.2 GHz Cortex-A7', 'Adreno 305', '1.45 inches', 'AMOLED', '280 x 280 pixels (~273 ppi density)', NULL, '4GB', NULL, NULL, 'Li-Ion 300 mAh, non-removable', NULL, 'No', 'No', '4.1, LE', 'Wi-Fi 802.11 b/g', 'Gunmetal, Silver, Rose gold', '-', '45.2 x 37.2 x 11.8 mm (1.78 x 1.46 x 0.46 in)', 'No', 'Accelerometer', 'About 150 EUR', NULL, NULL, '[{"category":"Network","specs":[{"label":"Technology","value":"No cellular connectivity"},{"label":"2G bands","value":"N/A"},{"label":"GPRS","value":"No"},{"label":"EDGE","value":"No"}]},{"category":"Launch","specs":[{"label":"Announced","value":"2015, September. Released 2015, September"},{"label":"Status","value":"Discontinued"}]},{"category":"Body","specs":[{"label":"Dimensions","value":"45.2 x 37.2 x 11.8 mm (1.78 x 1.46 x 0.46 in)"},{"label":"Weight","value":"-"},{"label":"Build","value":"Glass front (Gorilla Glass 3), stainless steel frame"},{"label":"SIM","value":"No"}]},{"category":"Display","specs":[{"label":"Type","value":"AMOLED"},{"label":"Size","value":"1.45 inches"},{"label":"Resolution","value":"280 x 280 pixels (~273 ppi density)"},{"label":"Protection","value":"Corning Gorilla Glass 3"}]},{"category":"Platform","specs":[{"label":"OS","value":"Android Wear OS 2.1"},{"label":"Chipset","value":"Qualcomm MSM8926 Snapdragon 400 (28 nm)"},{"label":"CPU","value":"Quad-core 1.2 GHz Cortex-A7"},{"label":"GPU","value":"Adreno 305"}]},{"category":"Memory","specs":[{"label":"Card slot","value":"No"},{"label":"Internal","value":"4GB 512MB RAM"}]},{"category":"Sound","specs":[{"label":"Loudspeaker","value":"Yes"},{"label":"3.5mm jack","value":"No"}]},{"category":"Comms","specs":[{"label":"WLAN","value":"Wi-Fi 802.11 b/g"},{"label":"Bluetooth","value":"4.1, LE"},{"label":"Positioning","value":"No"},{"label":"NFC","value":"No"},{"label":"USB","value":"No"},{"label":"Radio","value":"No"}]},{"category":"Features","specs":[{"label":"Sensors","value":"Accelerometer"}]},{"category":"Battery","specs":[{"label":"Type","value":"Li-Ion 300 mAh, non-removable"}]},{"category":"Misc","specs":[{"label":"Colors","value":"Gunmetal, Silver, Rose gold"},{"label":"Price","value":"About 150 EUR"}]}]');
INSERT OR IGNORE INTO device_pictures (device_id, url, position) VALUES (236, 'https://fdn2.gsmarena.com/vv/bigpic/asus-zenwatch-wi502q.jpg', 0);
INSERT OR IGNORE INTO device_pictures (device_id, url, position) VALUES (236, 'https://fdn2.gsmarena.com/vv/pics/asus/asus-zenwatch-wi502q-1.jpg', 1);
INSERT OR IGNORE INTO devices (id, brand_id, name, gsmarena_url, thumbnail_url, summary) VALUES (237, 2, 'Zenwatch WI500Q', 'https://www.gsmarena.com/asus_zenwatch_wi500q-7688.php', 'https://fdn2.gsmarena.com/vv/bigpic/asus-zenwatch-wi500q.jpg', 'Zenwatch WI500Q');
INSERT OR IGNORE INTO device_specs (device_id, announced, status, network, os, chipset, cpu, gpu, display_size, display_type, display_res, ram, storage, main_camera, selfie_camera, battery, charging, nfc, usb, bluetooth, wlan, colors, weight, dimensions, sim, sensors, popularity, fans, rating, full_specs_json) VALUES (237, '2014, September. Released 2014, September', 'Discontinued', 'No cellular connectivity', 'Android Wear OS', 'Qualcomm MSM8926 Snapdragon 400 (28 nm)', 'Quad-core 1.2 GHz Cortex-A7', 'Adreno 305', '1.63 inches', 'AMOLED', '320 x 320 pixels (~278 ppi density)', NULL, '4GB', NULL, NULL, 'Li-Ion 370 mAh (1.4 Wh), non-removable', NULL, 'No', 'No', '4.0, A2DP', 'No', 'Silver/Rose gold', '75 g (50 g body) (2.65 oz)', '51 x 39.9 x 9.4 mm (2.01 x 1.57 x 0.37 in)', 'No', 'Accelerometer', 'About 100 EUR', NULL, NULL, '[{"category":"Network","specs":[{"label":"Technology","value":"No cellular connectivity"},{"label":"2G bands","value":"N/A"},{"label":"GPRS","value":"No"},{"label":"EDGE","value":"No"}]},{"category":"Launch","specs":[{"label":"Announced","value":"2014, September. Released 2014, September"},{"label":"Status","value":"Discontinued"}]},{"category":"Body","specs":[{"label":"Dimensions","value":"51 x 39.9 x 9.4 mm (2.01 x 1.57 x 0.37 in)"},{"label":"Weight","value":"75 g (50 g body) (2.65 oz)"},{"label":"Build","value":"Glass front (Gorilla Glass 3), stainless steel frame"},{"label":"SIM","value":"No"}]},{"category":"Display","specs":[{"label":"Type","value":"AMOLED"},{"label":"Size","value":"1.63 inches"},{"label":"Resolution","value":"320 x 320 pixels (~278 ppi density)"},{"label":"Protection","value":"Corning Gorilla Glass 3"}]},{"category":"Platform","specs":[{"label":"OS","value":"Android Wear OS"},{"label":"Chipset","value":"Qualcomm MSM8926 Snapdragon 400 (28 nm)"},{"label":"CPU","value":"Quad-core 1.2 GHz Cortex-A7"},{"label":"GPU","value":"Adreno 305"}]},{"category":"Memory","specs":[{"label":"Card slot","value":"No"},{"label":"Internal","value":"4GB 512MB RAM"}]},{"category":"Sound","specs":[{"label":"Loudspeaker","value":"Yes"},{"label":"3.5mm jack","value":"No"}]},{"category":"Comms","specs":[{"label":"WLAN","value":"No"},{"label":"Bluetooth","value":"4.0, A2DP"},{"label":"Positioning","value":"No"},{"label":"NFC","value":"No"},{"label":"USB","value":"No"},{"label":"Radio","value":"No"}]},{"category":"Features","specs":[{"label":"Sensors","value":"Accelerometer"}]},{"category":"Battery","specs":[{"label":"Type","value":"Li-Ion 370 mAh (1.4 Wh), non-removable"}]},{"category":"Misc","specs":[{"label":"Colors","value":"Silver/Rose gold"},{"label":"Price","value":"About 100 EUR"}]}]');
INSERT OR IGNORE INTO device_pictures (device_id, url, position) VALUES (237, 'https://fdn2.gsmarena.com/vv/bigpic/asus-zenwatch-wi500q.jpg', 0);
INSERT OR IGNORE INTO device_pictures (device_id, url, position) VALUES (237, 'https://fdn2.gsmarena.com/vv/pics/asus/asus-zenwatch-wi500q.jpg', 1);
INSERT OR IGNORE INTO devices (id, brand_id, name, gsmarena_url, thumbnail_url, summary) VALUES (238, 2, 'Zenfone 2 Laser ZE551KL', 'https://www.gsmarena.com/asus_zenfone_2_laser_ze551kl-7733.php', 'https://fdn2.gsmarena.com/vv/bigpic/zenfone-2-laser-ze550kl.jpg', 'Zenfone 2 Laser ZE551KL');
INSERT OR IGNORE INTO device_specs (device_id, announced, status, network, os, chipset, cpu, gpu, display_size, display_type, display_res, ram, storage, main_camera, selfie_camera, battery, charging, nfc, usb, bluetooth, wlan, colors, weight, dimensions, sim, sensors, popularity, fans, rating, full_specs_json) VALUES (238, '2015, November. Released 2015, November', 'Discontinued', 'GSM / HSPA / LTE / 4G/LTE', 'Android 5 (Lollipop), upgradable to 6.1 (Marshmallow), ZenUI 2', 'Qualcomm MSM8939 Snapdragon 615 (28 nm)', 'Octa-core (4x1.7 GHz Cortex-A53 & 4x1.0 GHz Cortex-A53)', 'Adreno 405', '5.5 inches, 83.4 cm 2 (~70.9% screen-to-body ratio)', 'IPS LCD', '1080 x 1920 pixels, 16:9 ratio (~401 ppi density)', '3GB', '16GB', '13 MP, f/2.0, Laser AF, Dual-LED dual-tone flash, panorama, HDR', '5 MP, f/2.0', 'Li-Po 3000 mAh, removable', NULL, 'No', 'microUSB 2.0, OTG', '4.1, A2DP, aptX', 'Wi-Fi 802.11 b/g/n, Wi-Fi Direct, hotspot', 'Silver', '170.1 g (6.00 oz)', '152.4 x 77.2 x 10.9 mm (6.00 x 3.04 x 0.43 in)', 'Dual SIM (Micro-SIM, dual stand-by)', 'Accelerometer, gyro, proximity, compass', 'About 180 EUR', NULL, NULL, '[{"category":"Network","specs":[{"label":"Technology","value":"GSM / HSPA / LTE"},{"label":"2G bands","value":"GSM 850 / 900 / 1800 / 1900 - SIM 1 & SIM 2"},{"label":"3G bands","value":"HSDPA 850 / 900 / 1700(AWS) / 1900 / 2100"},{"label":"4G bands","value":"1, 2, 3, 4, 5, 7, 8, 17, 20"},{"label":"Speed","value":"HSPA 42.2/5.76 Mbps, LTE Cat4 150/50 Mbps"}]},{"category":"Launch","specs":[{"label":"Announced","value":"2015, November. Released 2015, November"},{"label":"Status","value":"Discontinued"}]},{"category":"Body","specs":[{"label":"Dimensions","value":"152.4 x 77.2 x 10.9 mm (6.00 x 3.04 x 0.43 in)"},{"label":"Weight","value":"170.1 g (6.00 oz)"},{"label":"SIM","value":"Dual SIM (Micro-SIM, dual stand-by)"}]},{"category":"Display","specs":[{"label":"Type","value":"IPS LCD"},{"label":"Size","value":"5.5 inches, 83.4 cm 2 (~70.9% screen-to-body ratio)"},{"label":"Resolution","value":"1080 x 1920 pixels, 16:9 ratio (~401 ppi density)"},{"label":"Protection","value":"Corning Gorilla Glass 4"}]},{"category":"Platform","specs":[{"label":"OS","value":"Android 5 (Lollipop), upgradable to 6.1 (Marshmallow), ZenUI 2"},{"label":"Chipset","value":"Qualcomm MSM8939 Snapdragon 615 (28 nm)"},{"label":"CPU","value":"Octa-core (4x1.7 GHz Cortex-A53 & 4x1.0 GHz Cortex-A53)"},{"label":"GPU","value":"Adreno 405"}]},{"category":"Memory","specs":[{"label":"Card slot","value":"microSDXC (dedicated slot)"},{"label":"Internal","value":"16GB 3GB RAM, 32GB 3GB RAM"}]},{"category":"Main Camera","specs":[{"label":"Single","value":"13 MP, f/2.0"},{"label":"Features","value":"Laser AF, Dual-LED dual-tone flash, panorama, HDR"},{"label":"Video","value":"1080p@30fps"}]},{"category":"Selfie camera","specs":[{"label":"Single","value":"5 MP, f/2.0"}]},{"category":"Sound","specs":[{"label":"Loudspeaker","value":"Yes"},{"label":"3.5mm jack","value":"Yes"}]},{"category":"Comms","specs":[{"label":"WLAN","value":"Wi-Fi 802.11 b/g/n, Wi-Fi Direct, hotspot"},{"label":"Bluetooth","value":"4.1, A2DP, aptX"},{"label":"Positioning","value":"GPS, GLONASS, BDS"},{"label":"NFC","value":"No"},{"label":"USB","value":"microUSB 2.0, OTG"},{"label":"Radio","value":"FM radio"}]},{"category":"Features","specs":[{"label":"Sensors","value":"Accelerometer, gyro, proximity, compass"}]},{"category":"Battery","specs":[{"label":"Type","value":"Li-Po 3000 mAh, removable"}]},{"category":"Misc","specs":[{"label":"Colors","value":"Silver"},{"label":"Models","value":"Z00TD"},{"label":"Price","value":"About 180 EUR"}]}]');
INSERT OR IGNORE INTO device_pictures (device_id, url, position) VALUES (238, 'https://fdn2.gsmarena.com/vv/bigpic/zenfone-2-laser-ze550kl.jpg', 0);
INSERT OR IGNORE INTO device_pictures (device_id, url, position) VALUES (238, 'https://fdn2.gsmarena.com/vv/pics/asus/zenfone-2-laser-ze550kl.jpg', 1);
INSERT OR IGNORE INTO devices (id, brand_id, name, gsmarena_url, thumbnail_url, summary) VALUES (239, 2, 'Zenfone Zoom ZX551ML', 'https://www.gsmarena.com/asus_zenfone_zoom_zx551ml-7577.php', 'https://fdn2.gsmarena.com/vv/bigpic/asus-zenfone-zoom-zx551ml.jpg', 'Zenfone Zoom ZX551ML');
INSERT OR IGNORE INTO device_specs (device_id, announced, status, network, os, chipset, cpu, gpu, display_size, display_type, display_res, ram, storage, main_camera, selfie_camera, battery, charging, nfc, usb, bluetooth, wlan, colors, weight, dimensions, sim, sensors, popularity, fans, rating, full_specs_json) VALUES (239, '2015, September. Released 2015, December', 'Discontinued', 'GSM / HSPA / LTE / 4G/LTE', 'Android 5.0 (Lollipop), upgradable to 6.0 (Marshmallow), ZenUI', 'Intel Atom Z3590', 'Quad-core 2.5 GHz', 'PowerVR G6430', '5.5 inches, 83.4 cm 2 (~66.6% screen-to-body ratio)', 'IPS LCD', '1080 x 1920 pixels, 16:9 ratio (~401 ppi density)', '4GB', '32GB', '13 MP, f/2.7-4.8, 28-84mm (periscope telephoto zoom), OIS, 3x optical zoom, Laser AF, Dual-LED dual-tone flash, panorama, HDR', '5 MP, f/2.0', 'Li-Po 3000 mAh, non-removable', '18W wired, 60% in 40 min', 'Yes', 'microUSB 2.0, OTG', '4.0, A2DP, EDR', 'Wi-Fi 802.11 a/b/g/n/ac, Wi-Fi Direct, hotspot', 'Pure Black, Ceramic White', '185 g (6.53 oz)', '158.9 x 78.8 x 12 mm (6.26 x 3.10 x 0.47 in)', 'Micro-SIM', 'Accelerometer, gyro, proximity, compass', 'About 250 EUR', NULL, NULL, '[{"category":"Network","specs":[{"label":"Technology","value":"GSM / HSPA / LTE"},{"label":"2G bands","value":"GSM 850 / 900 / 1800 / 1900"},{"label":"3G bands","value":"HSDPA 850 / 900 / 1900 / 2100"},{"label":"4G bands","value":"1, 2, 3, 5, 7, 8, 9, 18, 19, 28"},{"label":"Speed","value":"HSPA 42.2/5.76 Mbps, LTE Cat4+ 250/50 Mbps"}]},{"category":"Launch","specs":[{"label":"Announced","value":"2015, September. Released 2015, December"},{"label":"Status","value":"Discontinued"}]},{"category":"Body","specs":[{"label":"Dimensions","value":"158.9 x 78.8 x 12 mm (6.26 x 3.10 x 0.47 in)"},{"label":"Weight","value":"185 g (6.53 oz)"},{"label":"SIM","value":"Micro-SIM"}]},{"category":"Display","specs":[{"label":"Type","value":"IPS LCD"},{"label":"Size","value":"5.5 inches, 83.4 cm 2 (~66.6% screen-to-body ratio)"},{"label":"Resolution","value":"1080 x 1920 pixels, 16:9 ratio (~401 ppi density)"},{"label":"Protection","value":"Corning Gorilla Glass 4"}]},{"category":"Platform","specs":[{"label":"OS","value":"Android 5.0 (Lollipop), upgradable to 6.0 (Marshmallow), ZenUI"},{"label":"Chipset","value":"Intel Atom Z3590"},{"label":"CPU","value":"Quad-core 2.5 GHz"},{"label":"GPU","value":"PowerVR G6430"}]},{"category":"Memory","specs":[{"label":"Card slot","value":"microSDXC (dedicated slot)"},{"label":"Internal","value":"32GB 4GB RAM, 64GB 4GB RAM, 128GB 4GB RAM"}]},{"category":"Main Camera","specs":[{"label":"Single","value":"13 MP, f/2.7-4.8, 28-84mm (periscope telephoto zoom), OIS, 3x optical zoom"},{"label":"Features","value":"Laser AF, Dual-LED dual-tone flash, panorama, HDR"},{"label":"Video","value":"1080p@30fps"}]},{"category":"Selfie camera","specs":[{"label":"Single","value":"5 MP, f/2.0"}]},{"category":"Sound","specs":[{"label":"Loudspeaker","value":"Yes"},{"label":"3.5mm jack","value":"Yes"}]},{"category":"Comms","specs":[{"label":"WLAN","value":"Wi-Fi 802.11 a/b/g/n/ac, Wi-Fi Direct, hotspot"},{"label":"Bluetooth","value":"4.0, A2DP, EDR"},{"label":"Positioning","value":"GPS, GLONASS, BDS"},{"label":"NFC","value":"Yes"},{"label":"USB","value":"microUSB 2.0, OTG"},{"label":"Radio","value":"No"}]},{"category":"Features","specs":[{"label":"Sensors","value":"Accelerometer, gyro, proximity, compass"}]},{"category":"Battery","specs":[{"label":"Type","value":"Li-Po 3000 mAh, non-removable"},{"label":"Charging","value":"18W wired, 60% in 40 min"}]},{"category":"Misc","specs":[{"label":"Colors","value":"Pure Black, Ceramic White"},{"label":"Models","value":"Z00XS"},{"label":"Price","value":"About 250 EUR"}]}]');
INSERT OR IGNORE INTO device_pictures (device_id, url, position) VALUES (239, 'https://fdn2.gsmarena.com/vv/bigpic/asus-zenfone-zoom-zx551ml.jpg', 0);
INSERT OR IGNORE INTO device_pictures (device_id, url, position) VALUES (239, 'https://fdn2.gsmarena.com/vv/pics/asus/asus-zenfone-zoom-zx551ml-1.jpg', 1);
INSERT OR IGNORE INTO device_pictures (device_id, url, position) VALUES (239, 'https://fdn2.gsmarena.com/vv/pics/asus/asus-zenfone-zoom-zx551ml-2.jpg', 2);
INSERT OR IGNORE INTO devices (id, brand_id, name, gsmarena_url, thumbnail_url, summary) VALUES (240, 2, 'Zenpad 8.0 Z380M', 'https://www.gsmarena.com/asus_zenpad_8_0_z380m-8474.php', 'https://fdn2.gsmarena.com/vv/bigpic/asus-zenpad-80.jpg', 'Zenpad 8.0 Z380M');
INSERT OR IGNORE INTO device_specs (device_id, announced, status, network, os, chipset, cpu, gpu, display_size, display_type, display_res, ram, storage, main_camera, selfie_camera, battery, charging, nfc, usb, bluetooth, wlan, colors, weight, dimensions, sim, sensors, popularity, fans, rating, full_specs_json) VALUES (240, '2016, April. Released 2016, May', 'Discontinued', 'No cellular connectivity', 'Android 6.0 (Marshmallow), upgradable to 7.0 (Nougat)', 'Mediatek MT8163 (28 nm)', NULL, 'Mali-T720MP2', '8.0 inches, 185.6 cm 2 (~72.2% screen-to-body ratio)', 'IPS LCD', '800 x 1280 pixels, 16:10 ratio (~189 ppi density)', '1GB', '8GB', '5 MP, AF', '2 MP, f/2.2', 'Li-Po 4000 mAh, non-removable (15.2 Wh)', NULL, 'No', 'microUSB 2.0', '4.0, A2DP, LE, aptX', 'Wi-Fi 802.11 a/b/g/n', 'Dark Gray, Pearl White, Rose Gold', '350 g (12.35 oz)', '209 x 123 x 8.5 mm (8.23 x 4.84 x 0.33 in)', 'No', 'Accelerometer, compass', NULL, NULL, NULL, '[{"category":"Network","specs":[{"label":"Technology","value":"No cellular connectivity"},{"label":"2G bands","value":"N/A"},{"label":"GPRS","value":"No"},{"label":"EDGE","value":"No"}]},{"category":"Launch","specs":[{"label":"Announced","value":"2016, April. Released 2016, May"},{"label":"Status","value":"Discontinued"}]},{"category":"Body","specs":[{"label":"Dimensions","value":"209 x 123 x 8.5 mm (8.23 x 4.84 x 0.33 in)"},{"label":"Weight","value":"350 g (12.35 oz)"},{"label":"SIM","value":"No"}]},{"category":"Display","specs":[{"label":"Type","value":"IPS LCD"},{"label":"Size","value":"8.0 inches, 185.6 cm 2 (~72.2% screen-to-body ratio)"},{"label":"Resolution","value":"800 x 1280 pixels, 16:10 ratio (~189 ppi density)"},{"label":"Protection","value":"Oleophobic coating"}]},{"category":"Platform","specs":[{"label":"OS","value":"Android 6.0 (Marshmallow), upgradable to 7.0 (Nougat)"},{"label":"Chipset","value":"Mediatek MT8163 (28 nm)"},{"label":"GPU","value":"Mali-T720MP2"}]},{"category":"Memory","specs":[{"label":"Card slot","value":"microSDXC (dedicated slot)"},{"label":"Internal","value":"8GB 1GB RAM, 16GB 2GB RAM"}]},{"category":"Main Camera","specs":[{"label":"Single","value":"5 MP, AF"},{"label":"Video","value":"1080p@30fps"}]},{"category":"Selfie camera","specs":[{"label":"Single","value":"2 MP, f/2.2"}]},{"category":"Sound","specs":[{"label":"Loudspeaker","value":"Yes"},{"label":"3.5mm jack","value":"Yes"}]},{"category":"Comms","specs":[{"label":"WLAN","value":"Wi-Fi 802.11 a/b/g/n"},{"label":"Bluetooth","value":"4.0, A2DP, LE, aptX"},{"label":"Positioning","value":"GPS"},{"label":"NFC","value":"No"},{"label":"USB","value":"microUSB 2.0"},{"label":"Radio","value":"No"}]},{"category":"Features","specs":[{"label":"Sensors","value":"Accelerometer, compass"}]},{"category":"Battery","specs":[{"label":"Type","value":"Li-Po 4000 mAh, non-removable (15.2 Wh)"},{"label":"Talk time","value":"Up to 8 h (multimedia)"}]},{"category":"Misc","specs":[{"label":"Colors","value":"Dark Gray, Pearl White, Rose Gold"}]}]');
INSERT OR IGNORE INTO device_pictures (device_id, url, position) VALUES (240, 'https://fdn2.gsmarena.com/vv/bigpic/asus-zenpad-80.jpg', 0);
INSERT OR IGNORE INTO device_pictures (device_id, url, position) VALUES (240, 'https://fdn2.gsmarena.com/vv/pics/asus/asus-zenpad-80-z380m-2.jpg', 1);
INSERT OR IGNORE INTO device_pictures (device_id, url, position) VALUES (240, 'https://fdn2.gsmarena.com/vv/pics/asus/asus-zenpad-80-z380m-1.jpg', 2);
INSERT OR IGNORE INTO devices (id, brand_id, name, gsmarena_url, thumbnail_url, summary) VALUES (241, 2, 'Zenpad 10 Z300M', 'https://www.gsmarena.com/asus_zenpad_10_z300m-8465.php', 'https://fdn2.gsmarena.com/vv/bigpic/asus-zenpad-10-z300c.jpg', 'Zenpad 10 Z300M');
INSERT OR IGNORE INTO device_specs (device_id, announced, status, network, os, chipset, cpu, gpu, display_size, display_type, display_res, ram, storage, main_camera, selfie_camera, battery, charging, nfc, usb, bluetooth, wlan, colors, weight, dimensions, sim, sensors, popularity, fans, rating, full_specs_json) VALUES (241, '2016, May. Released 2016, May', 'Discontinued', 'No cellular connectivity', 'Android 6.0 (Marshmallow)', 'Mediatek MT8163 (28 nm)', 'Quad-core 1.5 GHz Cortex-A53', 'Mali-T720MP2', '10.1 inches, 295.8 cm 2 (~68.4% screen-to-body ratio)', 'IPS LCD', '800 x 1280 pixels, 16:10 ratio (~149 ppi density)', '2GB', '16GB', '5 MP, AF', '2 MP', 'Li-Po 4890 mAh, non-removable (18 Wh)', NULL, 'No', 'microUSB 2.0', '4.0, aptX', 'Wi-Fi 802.11 a/b/g/n', 'Dark Gray, Pearl White, Rose Gold', '490 g (1.08 lb)', '251.6 x 172 x 7.9 mm (9.91 x 6.77 x 0.31 in)', 'No', 'Accelerometer, compass', NULL, NULL, NULL, '[{"category":"Network","specs":[{"label":"Technology","value":"No cellular connectivity"},{"label":"2G bands","value":"N/A"},{"label":"GPRS","value":"No"},{"label":"EDGE","value":"No"}]},{"category":"Launch","specs":[{"label":"Announced","value":"2016, May. Released 2016, May"},{"label":"Status","value":"Discontinued"}]},{"category":"Body","specs":[{"label":"Dimensions","value":"251.6 x 172 x 7.9 mm (9.91 x 6.77 x 0.31 in)"},{"label":"Weight","value":"490 g (1.08 lb)"},{"label":"SIM","value":"No"}]},{"category":"Display","specs":[{"label":"Type","value":"IPS LCD"},{"label":"Size","value":"10.1 inches, 295.8 cm 2 (~68.4% screen-to-body ratio)"},{"label":"Resolution","value":"800 x 1280 pixels, 16:10 ratio (~149 ppi density)"},{"label":"Protection","value":"Oleophobic coating"}]},{"category":"Platform","specs":[{"label":"OS","value":"Android 6.0 (Marshmallow)"},{"label":"Chipset","value":"Mediatek MT8163 (28 nm)"},{"label":"CPU","value":"Quad-core 1.5 GHz Cortex-A53"},{"label":"GPU","value":"Mali-T720MP2"}]},{"category":"Memory","specs":[{"label":"Card slot","value":"microSDXC (dedicated slot)"},{"label":"Internal","value":"16GB 2GB RAM, 32GB 2GB RAM"}]},{"category":"Main Camera","specs":[{"label":"Single","value":"5 MP, AF"},{"label":"Video","value":"Yes"}]},{"category":"Selfie camera","specs":[{"label":"Single","value":"2 MP"}]},{"category":"Sound","specs":[{"label":"Loudspeaker","value":"Yes, with stereo speakers"},{"label":"3.5mm jack","value":"Yes"}]},{"category":"Comms","specs":[{"label":"WLAN","value":"Wi-Fi 802.11 a/b/g/n"},{"label":"Bluetooth","value":"4.0, aptX"},{"label":"Positioning","value":"GPS, GLONASS"},{"label":"NFC","value":"No"},{"label":"USB","value":"microUSB 2.0"},{"label":"Radio","value":"No"}]},{"category":"Features","specs":[{"label":"Sensors","value":"Accelerometer, compass"}]},{"category":"Battery","specs":[{"label":"Type","value":"Li-Po 4890 mAh, non-removable (18 Wh)"},{"label":"Talk time","value":"Up to 11 h (multimedia)"}]},{"category":"Misc","specs":[{"label":"Colors","value":"Dark Gray, Pearl White, Rose Gold"}]}]');
INSERT OR IGNORE INTO device_pictures (device_id, url, position) VALUES (241, 'https://fdn2.gsmarena.com/vv/bigpic/asus-zenpad-10-z300c.jpg', 0);
INSERT OR IGNORE INTO device_pictures (device_id, url, position) VALUES (241, 'https://fdn2.gsmarena.com/vv/pics/asus/asus-zenpad-10-z300m1.jpg', 1);
INSERT OR IGNORE INTO device_pictures (device_id, url, position) VALUES (241, 'https://fdn2.gsmarena.com/vv/pics/asus/asus-zenpad-10-z300m2.jpg', 2);
INSERT OR IGNORE INTO devices (id, brand_id, name, gsmarena_url, thumbnail_url, summary) VALUES (242, 2, 'Zenpad 10 Z300C', 'https://www.gsmarena.com/asus_zenpad_10_z300c-7532.php', 'https://fdn2.gsmarena.com/vv/bigpic/asus-zenpad-10-z300c.jpg', 'Zenpad 10 Z300C');
INSERT OR IGNORE INTO device_specs (device_id, announced, status, network, os, chipset, cpu, gpu, display_size, display_type, display_res, ram, storage, main_camera, selfie_camera, battery, charging, nfc, usb, bluetooth, wlan, colors, weight, dimensions, sim, sensors, popularity, fans, rating, full_specs_json) VALUES (242, '2015, June. Released 2015, June', 'Discontinued', 'No cellular connectivity', 'Android 5.0 (Lollipop)', 'Intel Atom x3-C3200', 'Quad-core', 'Mali-450MP4', '10.1 inches, 295.8 cm 2 (~68.4% screen-to-body ratio)', 'IPS LCD', '800 x 1280 pixels, 16:10 ratio (~149 ppi density)', '2GB', '8GB', '5 MP, AF', '2 MP VGA', 'Li-Po 4890 mAh, non-removable (18 Wh)', NULL, 'No', 'microUSB 2.0', '4.0, A2DP', 'Wi-Fi 802.11 b/g/n', 'Black, White, Aurora Metallic', '510 g (1.12 lb)', '251.6 x 172 x 7.9 mm (9.91 x 6.77 x 0.31 in)', 'No', 'Accelerometer, compass', 'About 160 EUR', NULL, NULL, '[{"category":"Network","specs":[{"label":"Technology","value":"No cellular connectivity"},{"label":"2G bands","value":"N/A"},{"label":"GPRS","value":"No"},{"label":"EDGE","value":"No"}]},{"category":"Launch","specs":[{"label":"Announced","value":"2015, June. Released 2015, June"},{"label":"Status","value":"Discontinued"}]},{"category":"Body","specs":[{"label":"Dimensions","value":"251.6 x 172 x 7.9 mm (9.91 x 6.77 x 0.31 in)"},{"label":"Weight","value":"510 g (1.12 lb)"},{"label":"SIM","value":"No"}]},{"category":"Display","specs":[{"label":"Type","value":"IPS LCD"},{"label":"Size","value":"10.1 inches, 295.8 cm 2 (~68.4% screen-to-body ratio)"},{"label":"Resolution","value":"800 x 1280 pixels, 16:10 ratio (~149 ppi density)"},{"label":"Protection","value":"Corning Gorilla Glass"}]},{"category":"Platform","specs":[{"label":"OS","value":"Android 5.0 (Lollipop)"},{"label":"Chipset","value":"Intel Atom x3-C3200"},{"label":"CPU","value":"Quad-core"},{"label":"GPU","value":"Mali-450MP4"}]},{"category":"Memory","specs":[{"label":"Card slot","value":"microSDXC (dedicated slot)"},{"label":"Internal","value":"8GB 2GB RAM, 16GB 2GB RAM, 32GB 2GB RAM"}]},{"category":"Main Camera","specs":[{"label":"Single","value":"5 MP, AF"},{"label":"Video","value":"Yes"}]},{"category":"Selfie camera","specs":[{"label":"Single","value":"2 MP VGA"}]},{"category":"Sound","specs":[{"label":"Loudspeaker","value":"Yes, with stereo speakers"},{"label":"3.5mm jack","value":"Yes"}]},{"category":"Comms","specs":[{"label":"WLAN","value":"Wi-Fi 802.11 b/g/n"},{"label":"Bluetooth","value":"4.0, A2DP"},{"label":"Positioning","value":"GPS, GLONASS"},{"label":"NFC","value":"No"},{"label":"USB","value":"microUSB 2.0"},{"label":"Radio","value":"No"}]},{"category":"Features","specs":[{"label":"Sensors","value":"Accelerometer, compass"}]},{"category":"Battery","specs":[{"label":"Type","value":"Li-Po 4890 mAh, non-removable (18 Wh)"},{"label":"Talk time","value":"Up to 8 h (multimedia)"}]},{"category":"Misc","specs":[{"label":"Colors","value":"Black, White, Aurora Metallic"},{"label":"Price","value":"About 160 EUR"}]}]');
INSERT OR IGNORE INTO device_pictures (device_id, url, position) VALUES (242, 'https://fdn2.gsmarena.com/vv/bigpic/asus-zenpad-10-z300c.jpg', 0);
INSERT OR IGNORE INTO device_pictures (device_id, url, position) VALUES (242, 'https://fdn2.gsmarena.com/vv/pics/asus/asus-zenpad-10-z300c.jpg', 1);
INSERT OR IGNORE INTO devices (id, brand_id, name, gsmarena_url, thumbnail_url, summary) VALUES (243, 2, 'Zenfone Go ZC500TG', 'https://www.gsmarena.com/asus_zenfone_go_zc500tg-7368.php', 'https://fdn2.gsmarena.com/vv/bigpic/asus-zenfone-go-zc500tg.jpg', 'Zenfone Go ZC500TG');
INSERT OR IGNORE INTO device_specs (device_id, announced, status, network, os, chipset, cpu, gpu, display_size, display_type, display_res, ram, storage, main_camera, selfie_camera, battery, charging, nfc, usb, bluetooth, wlan, colors, weight, dimensions, sim, sensors, popularity, fans, rating, full_specs_json) VALUES (243, '2015, August. Released 2015, August', 'Discontinued', 'GSM / HSPA', 'Android 5.1 (Lollipop)', 'Mediatek MT6580 (28 nm)', 'Quad-core 1.3 GHz Cortex-A7', 'Mali-400MP2', '5.0 inches, 68.9 cm 2 (~67.2% screen-to-body ratio)', 'IPS LCD', '720 x 1280 pixels, 16:9 ratio (~294 ppi density)', '2GB', '8GB', '8 MP, f/2.0, AF, LED flash', '2 MP, f/2.4', 'Li-Po 2070 mAh, removable', NULL, 'No', 'microUSB 2.0', '4.0, A2DP', 'Wi-Fi 802.11 b/g/n, hotspot', 'Black, White, Red', '135 g (4.76 oz)', '144.5 x 71 x 10 mm (5.69 x 2.80 x 0.39 in)', 'Dual SIM (Micro-SIM, dual stand-by)', 'Accelerometer, proximity, compass', 'About 130 EUR', NULL, NULL, '[{"category":"Network","specs":[{"label":"Technology","value":"GSM / HSPA"},{"label":"2G bands","value":"GSM 850 / 900 / 1800 / 1900 - SIM 1 & SIM 2"},{"label":"3G bands","value":"HSDPA 850 / 900 / 1900 / 2100"},{"label":"Speed","value":"HSPA 42.2/5.76 Mbps"}]},{"category":"Launch","specs":[{"label":"Announced","value":"2015, August. Released 2015, August"},{"label":"Status","value":"Discontinued"}]},{"category":"Body","specs":[{"label":"Dimensions","value":"144.5 x 71 x 10 mm (5.69 x 2.80 x 0.39 in)"},{"label":"Weight","value":"135 g (4.76 oz)"},{"label":"Build","value":"Glass front, plastic back, plastic frame"},{"label":"SIM","value":"Dual SIM (Micro-SIM, dual stand-by)"}]},{"category":"Display","specs":[{"label":"Type","value":"IPS LCD"},{"label":"Size","value":"5.0 inches, 68.9 cm 2 (~67.2% screen-to-body ratio)"},{"label":"Resolution","value":"720 x 1280 pixels, 16:9 ratio (~294 ppi density)"}]},{"category":"Platform","specs":[{"label":"OS","value":"Android 5.1 (Lollipop)"},{"label":"Chipset","value":"Mediatek MT6580 (28 nm)"},{"label":"CPU","value":"Quad-core 1.3 GHz Cortex-A7"},{"label":"GPU","value":"Mali-400MP2"}]},{"category":"Memory","specs":[{"label":"Card slot","value":"microSDXC (dedicated slot)"},{"label":"Internal","value":"8GB 2GB RAM, 16GB 2GB RAM"}]},{"category":"Main Camera","specs":[{"label":"Single","value":"8 MP, f/2.0, AF"},{"label":"Features","value":"LED flash"},{"label":"Video","value":"1080p@30fps"}]},{"category":"Selfie camera","specs":[{"label":"Single","value":"2 MP, f/2.4"}]},{"category":"Sound","specs":[{"label":"Loudspeaker","value":"Yes"},{"label":"3.5mm jack","value":"Yes"}]},{"category":"Comms","specs":[{"label":"WLAN","value":"Wi-Fi 802.11 b/g/n, hotspot"},{"label":"Bluetooth","value":"4.0, A2DP"},{"label":"Positioning","value":"GPS"},{"label":"NFC","value":"No"},{"label":"USB","value":"microUSB 2.0"},{"label":"Radio","value":"FM radio"}]},{"category":"Features","specs":[{"label":"Sensors","value":"Accelerometer, proximity, compass"}]},{"category":"Battery","specs":[{"label":"Type","value":"Li-Po 2070 mAh, removable"}]},{"category":"Misc","specs":[{"label":"Colors","value":"Black, White, Red"},{"label":"Models","value":"Z00VD"},{"label":"Price","value":"About 130 EUR"}]}]');
INSERT OR IGNORE INTO device_pictures (device_id, url, position) VALUES (243, 'https://fdn2.gsmarena.com/vv/bigpic/asus-zenfone-go-zc500tg.jpg', 0);
INSERT OR IGNORE INTO device_pictures (device_id, url, position) VALUES (243, 'https://fdn2.gsmarena.com/vv/pics/asus/asus-zenfone-go-zc500tg-1.jpg', 1);
INSERT OR IGNORE INTO devices (id, brand_id, name, gsmarena_url, thumbnail_url, summary) VALUES (244, 2, 'Zenfone Max ZC550KL', 'https://www.gsmarena.com/asus_zenfone_max_zc550kl-7476.php', 'https://fdn2.gsmarena.com/vv/bigpic/asus-zenfone-max-zc550kl-1.jpg', 'Zenfone Max ZC550KL');
INSERT OR IGNORE INTO device_specs (device_id, announced, status, network, os, chipset, cpu, gpu, display_size, display_type, display_res, ram, storage, main_camera, selfie_camera, battery, charging, nfc, usb, bluetooth, wlan, colors, weight, dimensions, sim, sensors, popularity, fans, rating, full_specs_json) VALUES (244, '2015, August. Released 2016, January', 'Discontinued', 'GSM / HSPA / LTE / 4G/LTE', 'Android 5.0.1 (Lollipop), upgradable to 6.0.1 (Marshmallow), ZenUI', 'Qualcomm MSM8916 Snapdragon 410 (28 nm)', 'Quad-core 1.2 GHz Cortex-A53', 'Adreno 306', '5.5 inches, 83.4 cm 2 (~69.0% screen-to-body ratio)', 'IPS LCD', '720 x 1280 pixels, 16:9 ratio (~267 ppi density)', '2GB', '8GB', '13 MP, f/2.0, Laser AF, Dual-LED dual-tone flash, panorama, HDR', '5 MP, f/2.0', 'Li-Po 5000 mAh, non-removable', 'Reverse wired', 'No', 'microUSB 2.0, OTG', '4.0, A2DP, EDR', 'Wi-Fi 802.11 b/g/n, Wi-Fi Direct, hotspot', 'Black, White', '202 g (7.13 oz)', '156 x 77.5 x 10.6 mm (6.14 x 3.05 x 0.42 in)', 'Dual SIM (Micro-SIM, dual stand-by)', 'Accelerometer, proximity, compass', 'About 170 EUR', NULL, NULL, '[{"category":"Network","specs":[{"label":"Technology","value":"GSM / HSPA / LTE"},{"label":"2G bands","value":"GSM 850 / 900 / 1800 / 1900 - SIM 1 & SIM 2"},{"label":"3G bands","value":"HSDPA 850 / 900 / 1900 / 2100"},{"label":"4G bands","value":"1, 3, 38, 39, 40, 41 - India"},{"label":"Speed","value":"HSPA 42.2/5.76 Mbps, LTE Cat4 150/50 Mbps"}]},{"category":"Launch","specs":[{"label":"Announced","value":"2015, August. Released 2016, January"},{"label":"Status","value":"Discontinued"}]},{"category":"Body","specs":[{"label":"Dimensions","value":"156 x 77.5 x 10.6 mm (6.14 x 3.05 x 0.42 in)"},{"label":"Weight","value":"202 g (7.13 oz)"},{"label":"Build","value":"Glass front (Gorilla Glass 4), plastic back, plastic frame"},{"label":"SIM","value":"Dual SIM (Micro-SIM, dual stand-by)"}]},{"category":"Display","specs":[{"label":"Type","value":"IPS LCD"},{"label":"Size","value":"5.5 inches, 83.4 cm 2 (~69.0% screen-to-body ratio)"},{"label":"Resolution","value":"720 x 1280 pixels, 16:9 ratio (~267 ppi density)"},{"label":"Protection","value":"Corning Gorilla Glass 4"}]},{"category":"Platform","specs":[{"label":"OS","value":"Android 5.0.1 (Lollipop), upgradable to 6.0.1 (Marshmallow), ZenUI"},{"label":"Chipset","value":"Qualcomm MSM8916 Snapdragon 410 (28 nm)"},{"label":"CPU","value":"Quad-core 1.2 GHz Cortex-A53"},{"label":"GPU","value":"Adreno 306"}]},{"category":"Memory","specs":[{"label":"Card slot","value":"microSDXC (dedicated slot)"},{"label":"Internal","value":"8GB 2GB RAM, 16GB 2GB RAM"}]},{"category":"Main Camera","specs":[{"label":"Single","value":"13 MP, f/2.0"},{"label":"Features","value":"Laser AF, Dual-LED dual-tone flash, panorama, HDR"},{"label":"Video","value":"1080p@30fps"}]},{"category":"Selfie camera","specs":[{"label":"Single","value":"5 MP, f/2.0"}]},{"category":"Sound","specs":[{"label":"Loudspeaker","value":"Yes"},{"label":"3.5mm jack","value":"Yes"}]},{"category":"Comms","specs":[{"label":"WLAN","value":"Wi-Fi 802.11 b/g/n, Wi-Fi Direct, hotspot"},{"label":"Bluetooth","value":"4.0, A2DP, EDR"},{"label":"Positioning","value":"GPS, GLONASS, BDS"},{"label":"NFC","value":"No"},{"label":"USB","value":"microUSB 2.0, OTG"},{"label":"Radio","value":"FM radio"}]},{"category":"Features","specs":[{"label":"Sensors","value":"Accelerometer, proximity, compass"}]},{"category":"Battery","specs":[{"label":"Type","value":"Li-Po 5000 mAh, non-removable"},{"label":"Charging","value":"Reverse wired"},{"label":"Stand-by","value":"Up to 914 h (3G)"},{"label":"Talk time","value":"Up to 38 h (3G)"}]},{"category":"Misc","specs":[{"label":"Colors","value":"Black, White"},{"label":"Models","value":"Z010D, Z010DA"},{"label":"Price","value":"About 170 EUR"}]}]');
INSERT OR IGNORE INTO device_pictures (device_id, url, position) VALUES (244, 'https://fdn2.gsmarena.com/vv/bigpic/asus-zenfone-max-zc550kl-1.jpg', 0);
INSERT OR IGNORE INTO device_pictures (device_id, url, position) VALUES (244, 'https://fdn2.gsmarena.com/vv/pics/asus/asus-zenfone-max-zc550kl-1.jpg', 1);
INSERT OR IGNORE INTO device_pictures (device_id, url, position) VALUES (244, 'https://fdn2.gsmarena.com/vv/pics/asus/asus-zenfone-max-zc550kl-2.jpg', 2);
INSERT OR IGNORE INTO device_pictures (device_id, url, position) VALUES (244, 'https://fdn.gsmarena.com/imgroot//reviews/16/asus-zenfone-max-zc550kl/gal/-1024x768w1/gsmarena_001.jpg', 3);
INSERT OR IGNORE INTO device_pictures (device_id, url, position) VALUES (244, 'https://fdn.gsmarena.com/imgroot//reviews/16/asus-zenfone-max-zc550kl/gal/-1024x768w1/gsmarena_002.jpg', 4);
INSERT OR IGNORE INTO device_pictures (device_id, url, position) VALUES (244, 'https://fdn.gsmarena.com/imgroot//reviews/16/asus-zenfone-max-zc550kl/gal/-1024x768w1/gsmarena_003.jpg', 5);
INSERT OR IGNORE INTO device_pictures (device_id, url, position) VALUES (244, 'https://fdn.gsmarena.com/imgroot//reviews/16/asus-zenfone-max-zc550kl/gal/-1024x768w1/gsmarena_004.jpg', 6);
INSERT OR IGNORE INTO device_pictures (device_id, url, position) VALUES (244, 'https://fdn.gsmarena.com/imgroot//reviews/16/asus-zenfone-max-zc550kl/gal/-1024x768w1/gsmarena_005.jpg', 7);
INSERT OR IGNORE INTO device_pictures (device_id, url, position) VALUES (244, 'https://fdn.gsmarena.com/imgroot//reviews/16/asus-zenfone-max-zc550kl/gal/-1024x768w1/gsmarena_006.jpg', 8);
INSERT OR IGNORE INTO device_pictures (device_id, url, position) VALUES (244, 'https://fdn.gsmarena.com/imgroot//reviews/16/asus-zenfone-max-zc550kl/gal/-1024x768w1/gsmarena_007.jpg', 9);
INSERT OR IGNORE INTO devices (id, brand_id, name, gsmarena_url, thumbnail_url, summary) VALUES (245, 2, 'Zenfone 2 Deluxe ZE551ML', 'https://www.gsmarena.com/asus_zenfone_2_deluxe_ze551ml-7475.php', 'https://fdn2.gsmarena.com/vv/bigpic/zenfone-2-deluxe-ze551ml.jpg', 'Zenfone 2 Deluxe ZE551ML');
INSERT OR IGNORE INTO device_specs (device_id, announced, status, network, os, chipset, cpu, gpu, display_size, display_type, display_res, ram, storage, main_camera, selfie_camera, battery, charging, nfc, usb, bluetooth, wlan, colors, weight, dimensions, sim, sensors, popularity, fans, rating, full_specs_json) VALUES (245, '2015, August. Released 2015, September', 'Discontinued', 'GSM / HSPA / LTE / 4G/LTE', 'Android 5.0 (Lollipop), upgradable to 6.0 (Marshmallow), ZenUI', 'Intel Atom Z3580 Intel Atom Z3560 Intel Atom Z3590', 'Quad-core 2.3 GHz Quad-core 1.8 GHz Quad-core 2.5 GHz', 'PowerVR G6430', '5.5 inches, 83.4 cm 2 (~70.8% screen-to-body ratio)', 'IPS LCD', '1080 x 1920 pixels, 16:9 ratio (~401 ppi density)', '4GB', '64GB', '13 MP, f/2.0, AF, Dual-LED dual-tone flash, panorama, HDR', '5 MP, f/2.0', 'Li-Po 3000 mAh, non-removable', '18W wired, 60% in 40 min', 'No', 'microUSB 2.0, OTG', '4.0, A2DP, EDR', 'Wi-Fi 802.11 a/b/g/n/ac, Wi-Fi Direct, hotspot', 'White, Pink, Purple Silver Polygon/Carbon Night (Black) - Special Edition', '170 g (6.00 oz)', '152.5 x 77.2 x 10.9 mm (6.00 x 3.04 x 0.43 in)', 'Dual SIM (Micro-SIM, dual stand-by)', 'Accelerometer, gyro, proximity, compass', 'About 350 EUR', NULL, NULL, '[{"category":"Network","specs":[{"label":"Technology","value":"GSM / HSPA / LTE"},{"label":"2G bands","value":"GSM 850 / 900 / 1800 / 1900 - SIM 1 & SIM 2"},{"label":"3G bands","value":"HSDPA 850 / 900 / 1900 / 2100"},{"label":"4G bands","value":"1, 2, 3, 4, 5, 8, 9, 18, 19, 28 - Taiwan"},{"label":"Speed","value":"HSPA 42.2/5.76 Mbps, LTE Cat4+ 250/50 Mbps, LTE (2CA) Cat6 300/50 Mbps (Special Edition)"}]},{"category":"Launch","specs":[{"label":"Announced","value":"2015, August. Released 2015, September"},{"label":"Status","value":"Discontinued"}]},{"category":"Body","specs":[{"label":"Dimensions","value":"152.5 x 77.2 x 10.9 mm (6.00 x 3.04 x 0.43 in)"},{"label":"Weight","value":"170 g (6.00 oz)"},{"label":"SIM","value":"Dual SIM (Micro-SIM, dual stand-by)"}]},{"category":"Display","specs":[{"label":"Type","value":"IPS LCD"},{"label":"Size","value":"5.5 inches, 83.4 cm 2 (~70.8% screen-to-body ratio)"},{"label":"Resolution","value":"1080 x 1920 pixels, 16:9 ratio (~401 ppi density)"},{"label":"Protection","value":"Corning Gorilla Glass 3"}]},{"category":"Platform","specs":[{"label":"OS","value":"Android 5.0 (Lollipop), upgradable to 6.0 (Marshmallow), ZenUI"},{"label":"Chipset","value":"Intel Atom Z3580 Intel Atom Z3560 Intel Atom Z3590"},{"label":"CPU","value":"Quad-core 2.3 GHz Quad-core 1.8 GHz Quad-core 2.5 GHz"},{"label":"GPU","value":"PowerVR G6430"}]},{"category":"Memory","specs":[{"label":"Card slot","value":"microSDXC (dedicated slot)"},{"label":"Internal","value":"64GB 4GB RAM, 128GB 4GB RAM, 256GB 4GB RAM"}]},{"category":"Main Camera","specs":[{"label":"Single","value":"13 MP, f/2.0, AF"},{"label":"Features","value":"Dual-LED dual-tone flash, panorama, HDR"},{"label":"Video","value":"1080p@30fps"}]},{"category":"Selfie camera","specs":[{"label":"Single","value":"5 MP, f/2.0"}]},{"category":"Sound","specs":[{"label":"Loudspeaker","value":"Yes"},{"label":"3.5mm jack","value":"Yes"}]},{"category":"Comms","specs":[{"label":"WLAN","value":"Wi-Fi 802.11 a/b/g/n/ac, Wi-Fi Direct, hotspot"},{"label":"Bluetooth","value":"4.0, A2DP, EDR"},{"label":"Positioning","value":"GPS, GLONASS, BDS"},{"label":"NFC","value":"No"},{"label":"USB","value":"microUSB 2.0, OTG"},{"label":"Radio","value":"FM radio, RDS"}]},{"category":"Features","specs":[{"label":"Sensors","value":"Accelerometer, gyro, proximity, compass"}]},{"category":"Battery","specs":[{"label":"Type","value":"Li-Po 3000 mAh, non-removable"},{"label":"Charging","value":"18W wired, 60% in 40 min"}]},{"category":"Misc","specs":[{"label":"Colors","value":"White, Pink, Purple Silver Polygon/Carbon Night (Black) - Special Edition"},{"label":"Price","value":"About 350 EUR"},{"label":"SAR EU","value":"0.35 W/kg (head)"}]}]');
INSERT OR IGNORE INTO device_pictures (device_id, url, position) VALUES (245, 'https://fdn2.gsmarena.com/vv/bigpic/zenfone-2-deluxe-ze551ml.jpg', 0);
INSERT OR IGNORE INTO device_pictures (device_id, url, position) VALUES (245, 'https://fdn2.gsmarena.com/vv/pics/asus/zenfone-2-deluxe-ze551ml-1.jpg', 1);
INSERT OR IGNORE INTO device_pictures (device_id, url, position) VALUES (245, 'https://fdn2.gsmarena.com/vv/pics/asus/zenfone-2-deluxe-ze551ml-2.jpg', 2);
INSERT OR IGNORE INTO device_pictures (device_id, url, position) VALUES (245, 'https://fdn2.gsmarena.com/vv/pics/asus/zenfone-2-se-3.jpg', 3);
INSERT OR IGNORE INTO devices (id, brand_id, name, gsmarena_url, thumbnail_url, summary) VALUES (246, 2, 'Zenfone 2 Laser ZE601KL', 'https://www.gsmarena.com/asus_zenfone_2_laser_ze601kl-7479.php', 'https://fdn2.gsmarena.com/vv/bigpic/asus-zenfone-2-laser-ze601kl.jpg', 'Zenfone 2 Laser ZE601KL');
INSERT OR IGNORE INTO device_specs (device_id, announced, status, network, os, chipset, cpu, gpu, display_size, display_type, display_res, ram, storage, main_camera, selfie_camera, battery, charging, nfc, usb, bluetooth, wlan, colors, weight, dimensions, sim, sensors, popularity, fans, rating, full_specs_json) VALUES (246, '2015, August. Released 2015, December', 'Discontinued', 'GSM / HSPA / LTE / 4G/LTE', 'Android 5.0 (Lollipop), upgradable to 6.0 (Marshmallow), ZenUI', 'Qualcomm MSM8939v2 Snapdragon 616 (28 nm)', 'Octa-core (4x1.7 GHz Cortex-A53 & 4x1.2 GHz Cortex-A53)', 'Adreno 405', '6.0 inches, 99.2 cm 2 (~71.8% screen-to-body ratio)', 'IPS LCD', '1080 x 1920 pixels, 16:9 ratio (~367 ppi density)', '2GB', '16GB', '13 MP, f/2.0, Laser AF, Dual-LED dual-tone flash, panorama, HDR', '5 MP, f/2.0', 'Li-Po 3000 mAh, removable', NULL, 'No', 'microUSB 2.0, OTG', '4.1, A2DP, EDR', 'Wi-Fi 802.11 a/b/g/n/ac, Wi-Fi Direct, hotspot', 'Glacier Gray, Sheer Gold, Glamour Red', '190 g (6.70 oz)', '164.6 x 84 x 10.6 mm (6.48 x 3.31 x 0.42 in)', 'Dual SIM (Micro-SIM, dual stand-by)', 'Accelerometer, gyro, proximity, compass', 'About 270 EUR', NULL, NULL, '[{"category":"Network","specs":[{"label":"Technology","value":"GSM / HSPA / LTE"},{"label":"2G bands","value":"GSM 850 / 900 / 1800 / 1900 - SIM 1 & SIM 2"},{"label":"3G bands","value":"HSDPA 850 / 900 / 1900 / 2100 - TW/WW version"},{"label":"4G bands","value":"1, 2, 3, 5, 6, 8, 9, 18, 19, 28 - TW version"},{"label":"Speed","value":"HSPA 42.2/5.76 Mbps, LTE Cat4 150/50 Mbps"}]},{"category":"Launch","specs":[{"label":"Announced","value":"2015, August. Released 2015, December"},{"label":"Status","value":"Discontinued"}]},{"category":"Body","specs":[{"label":"Dimensions","value":"164.6 x 84 x 10.6 mm (6.48 x 3.31 x 0.42 in)"},{"label":"Weight","value":"190 g (6.70 oz)"},{"label":"SIM","value":"Dual SIM (Micro-SIM, dual stand-by)"}]},{"category":"Display","specs":[{"label":"Type","value":"IPS LCD"},{"label":"Size","value":"6.0 inches, 99.2 cm 2 (~71.8% screen-to-body ratio)"},{"label":"Resolution","value":"1080 x 1920 pixels, 16:9 ratio (~367 ppi density)"},{"label":"Protection","value":"Corning Gorilla Glass 4"}]},{"category":"Platform","specs":[{"label":"OS","value":"Android 5.0 (Lollipop), upgradable to 6.0 (Marshmallow), ZenUI"},{"label":"Chipset","value":"Qualcomm MSM8939v2 Snapdragon 616 (28 nm)"},{"label":"CPU","value":"Octa-core (4x1.7 GHz Cortex-A53 & 4x1.2 GHz Cortex-A53)"},{"label":"GPU","value":"Adreno 405"}]},{"category":"Memory","specs":[{"label":"Card slot","value":"microSDXC (dedicated slot)"},{"label":"Internal","value":"16GB 2GB RAM, 32GB 3GB RAM"}]},{"category":"Main Camera","specs":[{"label":"Single","value":"13 MP, f/2.0"},{"label":"Features","value":"Laser AF, Dual-LED dual-tone flash, panorama, HDR"},{"label":"Video","value":"1080p@30fps, 720p@60fps"}]},{"category":"Selfie camera","specs":[{"label":"Single","value":"5 MP, f/2.0"}]},{"category":"Sound","specs":[{"label":"Loudspeaker","value":"Yes, dual speakers"},{"label":"3.5mm jack","value":"Yes"}]},{"category":"Comms","specs":[{"label":"WLAN","value":"Wi-Fi 802.11 a/b/g/n/ac, Wi-Fi Direct, hotspot"},{"label":"Bluetooth","value":"4.1, A2DP, EDR"},{"label":"Positioning","value":"GPS, GLONASS, BDS"},{"label":"NFC","value":"No"},{"label":"USB","value":"microUSB 2.0, OTG"},{"label":"Radio","value":"FM radio"}]},{"category":"Features","specs":[{"label":"Sensors","value":"Accelerometer, gyro, proximity, compass"}]},{"category":"Battery","specs":[{"label":"Type","value":"Li-Po 3000 mAh, removable"}]},{"category":"Misc","specs":[{"label":"Colors","value":"Glacier Gray, Sheer Gold, Glamour Red"},{"label":"Models","value":"Z011D, Z011DD"},{"label":"Price","value":"About 270 EUR"}]}]');
INSERT OR IGNORE INTO device_pictures (device_id, url, position) VALUES (246, 'https://fdn2.gsmarena.com/vv/bigpic/asus-zenfone-2-laser-ze601kl.jpg', 0);
INSERT OR IGNORE INTO device_pictures (device_id, url, position) VALUES (246, 'https://fdn2.gsmarena.com/vv/pics/asus/asus-zenfone-2-laser-ze601kl-1.jpg', 1);
INSERT OR IGNORE INTO device_pictures (device_id, url, position) VALUES (246, 'https://fdn2.gsmarena.com/vv/pics/asus/asus-zenfone-2-laser-ze601kl-2.jpg', 2);
INSERT OR IGNORE INTO devices (id, brand_id, name, gsmarena_url, thumbnail_url, summary) VALUES (247, 2, 'Zenfone 2 Laser ZE600KL', 'https://www.gsmarena.com/asus_zenfone_2_laser_ze600kl-7757.php', 'https://fdn2.gsmarena.com/vv/bigpic/asus-zenfone-2-laser-ze601kl.jpg', 'Zenfone 2 Laser ZE600KL');
INSERT OR IGNORE INTO device_specs (device_id, announced, status, network, os, chipset, cpu, gpu, display_size, display_type, display_res, ram, storage, main_camera, selfie_camera, battery, charging, nfc, usb, bluetooth, wlan, colors, weight, dimensions, sim, sensors, popularity, fans, rating, full_specs_json) VALUES (247, '2015, October. Released 2016, January', 'Discontinued', 'GSM / HSPA / LTE / 4G/LTE', 'Android 5.0 (Lollipop), upgradable to 6.0 (Marshmallow), ZenUI', 'Qualcomm MSM8939 Snapdragon 615 (28 nm)', 'Octa-core (4x1.7 GHz Cortex-A53 & 4x1.0 GHz Cortex-A53)', 'Adreno 405', '6.0 inches, 99.2 cm 2 (~71.8% screen-to-body ratio)', 'IPS LCD', '720 x 1280 pixels, 16:9 ratio (~245 ppi density)', '2GB', '16GB', '13 MP, f/2.0, Laser AF, Dual-LED dual-tone flash, panorama, HDR', '5 MP, f/2.0', 'Li-Po 3000 mAh, removable', NULL, 'No', 'microUSB 2.0', '4.1, A2DP, EDR', 'Wi-Fi 802.11 a/b/g/n/ac, Wi-Fi Direct, hotspot', 'Glacier Gray, Sheer Gold, Glamour Red', '190 g (6.70 oz)', '164.6 x 84 x 10.6 mm (6.48 x 3.31 x 0.42 in)', 'Dual SIM (Micro-SIM, dual stand-by)', 'Accelerometer, gyro, proximity, compass', 'About 310 EUR', NULL, NULL, '[{"category":"Network","specs":[{"label":"Technology","value":"GSM / HSPA / LTE"},{"label":"2G bands","value":"GSM 850 / 900 / 1800 / 1900 - SIM 1 & SIM 2"},{"label":"3G bands","value":"HSDPA 850 / 900 / 1900 / 2100 - TW/WW version"},{"label":"4G bands","value":"1, 2, 3, 5, 8, 9, 28 - TW version"},{"label":"Speed","value":"HSPA 42.2/5.76 Mbps, LTE Cat4 150/50 Mbps"}]},{"category":"Launch","specs":[{"label":"Announced","value":"2015, October. Released 2016, January"},{"label":"Status","value":"Discontinued"}]},{"category":"Body","specs":[{"label":"Dimensions","value":"164.6 x 84 x 10.6 mm (6.48 x 3.31 x 0.42 in)"},{"label":"Weight","value":"190 g (6.70 oz)"},{"label":"SIM","value":"Dual SIM (Micro-SIM, dual stand-by)"}]},{"category":"Display","specs":[{"label":"Type","value":"IPS LCD"},{"label":"Size","value":"6.0 inches, 99.2 cm 2 (~71.8% screen-to-body ratio)"},{"label":"Resolution","value":"720 x 1280 pixels, 16:9 ratio (~245 ppi density)"},{"label":"Protection","value":"Corning Gorilla Glass 4"}]},{"category":"Platform","specs":[{"label":"OS","value":"Android 5.0 (Lollipop), upgradable to 6.0 (Marshmallow), ZenUI"},{"label":"Chipset","value":"Qualcomm MSM8939 Snapdragon 615 (28 nm)"},{"label":"CPU","value":"Octa-core (4x1.7 GHz Cortex-A53 & 4x1.0 GHz Cortex-A53)"},{"label":"GPU","value":"Adreno 405"}]},{"category":"Memory","specs":[{"label":"Card slot","value":"microSDXC (dedicated slot)"},{"label":"Internal","value":"16GB 2GB RAM, 32GB 3GB RAM"}]},{"category":"Main Camera","specs":[{"label":"Single","value":"13 MP, f/2.0"},{"label":"Features","value":"Laser AF, Dual-LED dual-tone flash, panorama, HDR"},{"label":"Video","value":"1080p@30fps, 720p@60fps"}]},{"category":"Selfie camera","specs":[{"label":"Single","value":"5 MP, f/2.0"}]},{"category":"Sound","specs":[{"label":"Loudspeaker","value":"Yes, dual speakers"},{"label":"3.5mm jack","value":"Yes"}]},{"category":"Comms","specs":[{"label":"WLAN","value":"Wi-Fi 802.11 a/b/g/n/ac, Wi-Fi Direct, hotspot"},{"label":"Bluetooth","value":"4.1, A2DP, EDR"},{"label":"Positioning","value":"GPS, GLONASS, BDS"},{"label":"NFC","value":"No"},{"label":"USB","value":"microUSB 2.0"},{"label":"Radio","value":"No"}]},{"category":"Features","specs":[{"label":"Sensors","value":"Accelerometer, gyro, proximity, compass"}]},{"category":"Battery","specs":[{"label":"Type","value":"Li-Po 3000 mAh, removable"}]},{"category":"Misc","specs":[{"label":"Colors","value":"Glacier Gray, Sheer Gold, Glamour Red"},{"label":"Models","value":"Z00MD"},{"label":"Price","value":"About 310 EUR"}]}]');
INSERT OR IGNORE INTO device_pictures (device_id, url, position) VALUES (247, 'https://fdn2.gsmarena.com/vv/bigpic/asus-zenfone-2-laser-ze601kl.jpg', 0);
INSERT OR IGNORE INTO device_pictures (device_id, url, position) VALUES (247, 'https://fdn2.gsmarena.com/vv/pics/asus/asus-zenfone-2-laser-ze600kl.jpg', 1);
INSERT OR IGNORE INTO devices (id, brand_id, name, gsmarena_url, thumbnail_url, summary) VALUES (248, 2, 'Zenfone 2 Laser ZE550KL', 'https://www.gsmarena.com/asus_zenfone_2_laser_ze550kl-7477.php', 'https://fdn2.gsmarena.com/vv/bigpic/zenfone-2-laser-ze550kl.jpg', 'Zenfone 2 Laser ZE550KL');
INSERT OR IGNORE INTO device_specs (device_id, announced, status, network, os, chipset, cpu, gpu, display_size, display_type, display_res, ram, storage, main_camera, selfie_camera, battery, charging, nfc, usb, bluetooth, wlan, colors, weight, dimensions, sim, sensors, popularity, fans, rating, full_specs_json) VALUES (248, '2015, August. Released 2015, September', 'Discontinued', 'GSM / HSPA / LTE / 4G/LTE', 'Android 5.0 (Lollipop), upgradable to 6.0 (Marshmallow), ZenUI', 'Qualcomm MSM8916 Snapdragon 410 (28 nm) Qualcomm MSM8939 Snapdragon 615 (28 nm)', 'Quad-core 1.2 GHz Cortex-A53 Octa-core (4x1.5 GHz Cortex-A53 & 4x1.0 GHz Cortex-A53)', 'Adreno 306 Adreno 405', '5.5 inches, 83.4 cm 2 (~70.8% screen-to-body ratio)', 'IPS LCD', '720 x 1280 pixels, 16:9 ratio (~267 ppi density)', '2GB', '16GB', '13 MP, f/2.0, Laser AF, Dual-LED dual-tone flash, panorama, HDR', '5 MP, f/2.0, AF', 'Li-Po 3000 mAh, removable', NULL, 'No', 'microUSB 2.0, OTG', '4.0, A2DP, EDR', 'Wi-Fi 802.11 b/g/n, Wi-Fi Direct, hotspot', 'Black, White, Red, Silver, Gold', '170 g (6.00 oz)', '152.5 x 77.2 x 10.8 mm (6.00 x 3.04 x 0.43 in)', 'Dual SIM (Micro-SIM, dual stand-by)', 'Accelerometer, gyro, proximity, compass', 'About 220 EUR', NULL, NULL, '[{"category":"Network","specs":[{"label":"Technology","value":"GSM / HSPA / LTE"},{"label":"2G bands","value":"GSM 850 / 900 / 1800 / 1900 - SIM 1 & SIM 2"},{"label":"3G bands","value":"HSDPA 850 / 900 / 1900 / 2100 - Global"},{"label":"4G bands","value":"1, 2, 3, 5, 7, 8, 20 - Global"},{"label":"Speed","value":"HSPA 42.2/5.76 Mbps, LTE Cat4 150/50 Mbps"}]},{"category":"Launch","specs":[{"label":"Announced","value":"2015, August. Released 2015, September"},{"label":"Status","value":"Discontinued"}]},{"category":"Body","specs":[{"label":"Dimensions","value":"152.5 x 77.2 x 10.8 mm (6.00 x 3.04 x 0.43 in)"},{"label":"Weight","value":"170 g (6.00 oz)"},{"label":"SIM","value":"Dual SIM (Micro-SIM, dual stand-by)"}]},{"category":"Display","specs":[{"label":"Type","value":"IPS LCD"},{"label":"Size","value":"5.5 inches, 83.4 cm 2 (~70.8% screen-to-body ratio)"},{"label":"Resolution","value":"720 x 1280 pixels, 16:9 ratio (~267 ppi density)"},{"label":"Protection","value":"Corning Gorilla Glass 4"}]},{"category":"Platform","specs":[{"label":"OS","value":"Android 5.0 (Lollipop), upgradable to 6.0 (Marshmallow), ZenUI"},{"label":"Chipset","value":"Qualcomm MSM8916 Snapdragon 410 (28 nm) Qualcomm MSM8939 Snapdragon 615 (28 nm)"},{"label":"CPU","value":"Quad-core 1.2 GHz Cortex-A53 Octa-core (4x1.5 GHz Cortex-A53 & 4x1.0 GHz Cortex-A53)"},{"label":"GPU","value":"Adreno 306 Adreno 405"}]},{"category":"Memory","specs":[{"label":"Card slot","value":"microSDXC (dedicated slot)"},{"label":"Internal","value":"16GB 2GB RAM, 32GB 3GB RAM"}]},{"category":"Main Camera","specs":[{"label":"Single","value":"13 MP, f/2.0"},{"label":"Features","value":"Laser AF, Dual-LED dual-tone flash, panorama, HDR"},{"label":"Video","value":"1080p@30fps"}]},{"category":"Selfie camera","specs":[{"label":"Single","value":"5 MP, f/2.0, AF"}]},{"category":"Sound","specs":[{"label":"Loudspeaker","value":"Yes"},{"label":"3.5mm jack","value":"Yes"}]},{"category":"Comms","specs":[{"label":"WLAN","value":"Wi-Fi 802.11 b/g/n, Wi-Fi Direct, hotspot"},{"label":"Bluetooth","value":"4.0, A2DP, EDR"},{"label":"Positioning","value":"GPS, GLONASS"},{"label":"NFC","value":"No"},{"label":"USB","value":"microUSB 2.0, OTG"},{"label":"Radio","value":"FM radio"}]},{"category":"Features","specs":[{"label":"Sensors","value":"Accelerometer, gyro, proximity, compass"}]},{"category":"Battery","specs":[{"label":"Type","value":"Li-Po 3000 mAh, removable"}]},{"category":"Misc","specs":[{"label":"Colors","value":"Black, White, Red, Silver, Gold"},{"label":"Models","value":"Z00LD, Z00LDD"},{"label":"Price","value":"About 220 EUR"}]}]');
INSERT OR IGNORE INTO device_pictures (device_id, url, position) VALUES (248, 'https://fdn2.gsmarena.com/vv/bigpic/zenfone-2-laser-ze550kl.jpg', 0);
INSERT OR IGNORE INTO device_pictures (device_id, url, position) VALUES (248, 'https://fdn2.gsmarena.com/vv/pics/asus/zenfone-2-laser-ze550kl-1.jpg', 1);
INSERT OR IGNORE INTO device_pictures (device_id, url, position) VALUES (248, 'https://fdn2.gsmarena.com/vv/pics/asus/zenfone-2-laser-ze550kl-2.jpg', 2);
INSERT OR IGNORE INTO devices (id, brand_id, name, gsmarena_url, thumbnail_url, summary) VALUES (249, 2, 'Zenfone 2 Laser ZE500KG', 'https://www.gsmarena.com/asus_zenfone_2_laser_ze500kg-7478.php', 'https://fdn2.gsmarena.com/vv/bigpic/zenfone-2-laser-ze500.jpg', 'Zenfone 2 Laser ZE500KG');
INSERT OR IGNORE INTO device_specs (device_id, announced, status, network, os, chipset, cpu, gpu, display_size, display_type, display_res, ram, storage, main_camera, selfie_camera, battery, charging, nfc, usb, bluetooth, wlan, colors, weight, dimensions, sim, sensors, popularity, fans, rating, full_specs_json) VALUES (249, '2015, August. Released 2015, October', 'Discontinued', 'GSM / HSPA', 'Android 5.0 (Lollipop), upgradable to 6.0 (Marshmallow), ZenUI', 'Qualcomm MSM8916 Snapdragon 410 (28 nm)', 'Quad-core 1.2 GHz Cortex-A53', 'Adreno 306', '5.0 inches, 68.9 cm 2 (~67.1% screen-to-body ratio)', 'TFT', '720 x 1280 pixels, 16:9 ratio (~294 ppi density)', '2GB', '8GB', '8 MP, f/2.0, Laser AF, Dual-LED dual-tone flash, panorama, HDR', '5 MP, f/2.0, AF', 'Li-Ion 2040 mAh, removable', NULL, 'No', 'microUSB 2.0', '4.0, A2DP, EDR', 'Wi-Fi 802.11 b/g/n, Wi-Fi Direct, hotspot', 'Black, Ceramic White, Silver, Sheer Gold, Glamour Red', '140 g (4.94 oz)', '143.7 x 71.5 x 10.5 mm (5.66 x 2.81 x 0.41 in)', 'Dual SIM (Micro-SIM, dual stand-by)', 'Accelerometer, compass', 'About 200 EUR', NULL, NULL, '[{"category":"Network","specs":[{"label":"Technology","value":"GSM / HSPA"},{"label":"2G bands","value":"GSM 850 / 900 / 1800 / 1900 - SIM 1 & SIM 2"},{"label":"3G bands","value":"HSDPA 850 / 900 / 1900 / 2100"},{"label":"Speed","value":"HSPA 42.2/5.76 Mbps"}]},{"category":"Launch","specs":[{"label":"Announced","value":"2015, August. Released 2015, October"},{"label":"Status","value":"Discontinued"}]},{"category":"Body","specs":[{"label":"Dimensions","value":"143.7 x 71.5 x 10.5 mm (5.66 x 2.81 x 0.41 in)"},{"label":"Weight","value":"140 g (4.94 oz)"},{"label":"SIM","value":"Dual SIM (Micro-SIM, dual stand-by)"}]},{"category":"Display","specs":[{"label":"Type","value":"TFT"},{"label":"Size","value":"5.0 inches, 68.9 cm 2 (~67.1% screen-to-body ratio)"},{"label":"Resolution","value":"720 x 1280 pixels, 16:9 ratio (~294 ppi density)"},{"label":"Protection","value":"Corning Gorilla Glass 4"}]},{"category":"Platform","specs":[{"label":"OS","value":"Android 5.0 (Lollipop), upgradable to 6.0 (Marshmallow), ZenUI"},{"label":"Chipset","value":"Qualcomm MSM8916 Snapdragon 410 (28 nm)"},{"label":"CPU","value":"Quad-core 1.2 GHz Cortex-A53"},{"label":"GPU","value":"Adreno 306"}]},{"category":"Memory","specs":[{"label":"Card slot","value":"microSDXC (dedicated slot)"},{"label":"Internal","value":"8GB 2GB RAM, 16GB 2GB RAM"}]},{"category":"Main Camera","specs":[{"label":"Single","value":"8 MP, f/2.0"},{"label":"Features","value":"Laser AF, Dual-LED dual-tone flash, panorama, HDR"},{"label":"Video","value":"1080p@30fps"}]},{"category":"Selfie camera","specs":[{"label":"Single","value":"5 MP, f/2.0, AF"}]},{"category":"Sound","specs":[{"label":"Loudspeaker","value":"Yes"},{"label":"3.5mm jack","value":"Yes"}]},{"category":"Comms","specs":[{"label":"WLAN","value":"Wi-Fi 802.11 b/g/n, Wi-Fi Direct, hotspot"},{"label":"Bluetooth","value":"4.0, A2DP, EDR"},{"label":"Positioning","value":"GPS, GLONASS"},{"label":"NFC","value":"No"},{"label":"USB","value":"microUSB 2.0"},{"label":"Radio","value":"FM radio"}]},{"category":"Features","specs":[{"label":"Sensors","value":"Accelerometer, compass"}]},{"category":"Battery","specs":[{"label":"Type","value":"Li-Ion 2040 mAh, removable"}]},{"category":"Misc","specs":[{"label":"Colors","value":"Black, Ceramic White, Silver, Sheer Gold, Glamour Red"},{"label":"Models","value":"Z00RD, Z00WD"},{"label":"Price","value":"About 200 EUR"}]}]');
INSERT OR IGNORE INTO device_pictures (device_id, url, position) VALUES (249, 'https://fdn2.gsmarena.com/vv/bigpic/zenfone-2-laser-ze500.jpg', 0);
INSERT OR IGNORE INTO device_pictures (device_id, url, position) VALUES (249, 'https://fdn2.gsmarena.com/vv/pics/asus/zenfone-2-laser-ze500-1.jpg', 1);
INSERT OR IGNORE INTO device_pictures (device_id, url, position) VALUES (249, 'https://fdn2.gsmarena.com/vv/pics/asus/zenfone-2-laser-ze500.jpg', 2);
INSERT OR IGNORE INTO devices (id, brand_id, name, gsmarena_url, thumbnail_url, summary) VALUES (250, 2, 'Zenfone 2 Laser ZE500KL', 'https://www.gsmarena.com/asus_zenfone_2_laser_ze500kl-7474.php', 'https://fdn2.gsmarena.com/vv/bigpic/zenfone-2-laser-ze500.jpg', 'Zenfone 2 Laser ZE500KL');
INSERT OR IGNORE INTO device_specs (device_id, announced, status, network, os, chipset, cpu, gpu, display_size, display_type, display_res, ram, storage, main_camera, selfie_camera, battery, charging, nfc, usb, bluetooth, wlan, colors, weight, dimensions, sim, sensors, popularity, fans, rating, full_specs_json) VALUES (250, '2015, August. Released 2015, August', 'Discontinued', 'GSM / HSPA / LTE / 4G/LTE', 'Android 5.0 (Lollipop), upgradable to 6.0 (Marshmallow), ZenUI', 'Qualcomm MSM8916 Snapdragon 410 (28 nm)', 'Quad-core 1.2 GHz Cortex-A53', 'Adreno 306', '5.0 inches, 68.9 cm 2 (~67.1% screen-to-body ratio)', 'TFT', '720 x 1280 pixels, 16:9 ratio (~294 ppi density)', '2GB', '8GB', '13 MP, f/2.0, Laser AF, Dual-LED dual-tone flash, panorama, HDR', '5 MP, f/2.0, AF', 'Li-Po 2400 mAh, removable', NULL, 'No', 'microUSB 2.0, OTG', '4.0, A2DP, EDR', 'Wi-Fi 802.11 b/g/n, Wi-Fi Direct, hotspot', 'Black/Ceramic White/Silver/Purple/Aqua Blue/Sheer Gold/Glamour Red', '140 g (4.94 oz)', '143.7 x 71.5 x 10.5 mm (5.66 x 2.81 x 0.41 in)', 'Dual SIM (Micro-SIM, dual stand-by)', 'Accelerometer, proximity, compass', 'About 210 EUR', NULL, NULL, '[{"category":"Network","specs":[{"label":"Technology","value":"GSM / HSPA / LTE"},{"label":"2G bands","value":"GSM 850 / 900 / 1800 / 1900 - SIM 1 & SIM 2"},{"label":"3G bands","value":"HSDPA 850 / 900 / 1900 / 2100 - Global"},{"label":"4G bands","value":"1, 2, 3, 5, 7, 8, 20 - Global"},{"label":"Speed","value":"HSPA 42.2/5.76 Mbps, LTE Cat4 150/50 Mbps"}]},{"category":"Launch","specs":[{"label":"Announced","value":"2015, August. Released 2015, August"},{"label":"Status","value":"Discontinued"}]},{"category":"Body","specs":[{"label":"Dimensions","value":"143.7 x 71.5 x 10.5 mm (5.66 x 2.81 x 0.41 in)"},{"label":"Weight","value":"140 g (4.94 oz)"},{"label":"Build","value":"Glass front (Gorilla Glass 4), plastic back, plastic frame"},{"label":"SIM","value":"Dual SIM (Micro-SIM, dual stand-by)"}]},{"category":"Display","specs":[{"label":"Type","value":"TFT"},{"label":"Size","value":"5.0 inches, 68.9 cm 2 (~67.1% screen-to-body ratio)"},{"label":"Resolution","value":"720 x 1280 pixels, 16:9 ratio (~294 ppi density)"},{"label":"Protection","value":"Corning Gorilla Glass 4"}]},{"category":"Platform","specs":[{"label":"OS","value":"Android 5.0 (Lollipop), upgradable to 6.0 (Marshmallow), ZenUI"},{"label":"Chipset","value":"Qualcomm MSM8916 Snapdragon 410 (28 nm)"},{"label":"CPU","value":"Quad-core 1.2 GHz Cortex-A53"},{"label":"GPU","value":"Adreno 306"}]},{"category":"Memory","specs":[{"label":"Card slot","value":"microSDXC (dedicated slot)"},{"label":"Internal","value":"8GB 2GB RAM, 16GB 2GB RAM"}]},{"category":"Main Camera","specs":[{"label":"Single","value":"13 MP, f/2.0"},{"label":"Features","value":"Laser AF, Dual-LED dual-tone flash, panorama, HDR"},{"label":"Video","value":"1080p@30fps"}]},{"category":"Selfie camera","specs":[{"label":"Single","value":"5 MP, f/2.0, AF"}]},{"category":"Sound","specs":[{"label":"Loudspeaker","value":"Yes"},{"label":"3.5mm jack","value":"Yes"}]},{"category":"Comms","specs":[{"label":"WLAN","value":"Wi-Fi 802.11 b/g/n, Wi-Fi Direct, hotspot"},{"label":"Bluetooth","value":"4.0, A2DP, EDR"},{"label":"Positioning","value":"GPS, GLONASS"},{"label":"NFC","value":"No"},{"label":"USB","value":"microUSB 2.0, OTG"},{"label":"Radio","value":"FM radio"}]},{"category":"Features","specs":[{"label":"Sensors","value":"Accelerometer, proximity, compass"}]},{"category":"Battery","specs":[{"label":"Type","value":"Li-Po 2400 mAh, removable"}]},{"category":"Misc","specs":[{"label":"Colors","value":"Black/Ceramic White/Silver/Purple/Aqua Blue/Sheer Gold/Glamour Red"},{"label":"Models","value":"Z00ED"},{"label":"Price","value":"About 210 EUR"}]}]');
INSERT OR IGNORE INTO device_pictures (device_id, url, position) VALUES (250, 'https://fdn2.gsmarena.com/vv/bigpic/zenfone-2-laser-ze500.jpg', 0);
INSERT OR IGNORE INTO device_pictures (device_id, url, position) VALUES (250, 'https://fdn2.gsmarena.com/vv/pics/asus/zenfone-2-laser-ze500-1.jpg', 1);
INSERT OR IGNORE INTO device_pictures (device_id, url, position) VALUES (250, 'https://fdn2.gsmarena.com/vv/pics/asus/zenfone-2-laser-ze500.jpg', 2);
INSERT OR IGNORE INTO devices (id, brand_id, name, gsmarena_url, thumbnail_url, summary) VALUES (251, 2, 'Zenpad 7.0 Z370CG', 'https://www.gsmarena.com/asus_zenpad_7_0_z370cg-7473.php', 'https://fdn2.gsmarena.com/vv/bigpic/asus-zenpad-70-z370cg.jpg', 'Zenpad 7.0 Z370CG');
INSERT OR IGNORE INTO device_specs (device_id, announced, status, network, os, chipset, cpu, gpu, display_size, display_type, display_res, ram, storage, main_camera, selfie_camera, battery, charging, nfc, usb, bluetooth, wlan, colors, weight, dimensions, sim, sensors, popularity, fans, rating, full_specs_json) VALUES (251, '2015, August. Released 2015, August', 'Discontinued', 'GSM / HSPA', 'Android 5.0 (Lollipop)', 'Intel Atom x3-C3230', 'Quad-core', 'Mali-450MP4', '7.0 inches, 142.1 cm 2 (~67.8% screen-to-body ratio)', 'IPS LCD', '800 x 1280 pixels, 16:10 ratio (~216 ppi density)', '2GB', '16GB', '8 MP, f/2.0, AF, LED flash', '2 MP', 'Li-Po 3500 mAh, non-removable (13 Wh)', NULL, 'No', 'microUSB 2.0', '4.0, A2DP', 'Wi-Fi 802.11 b/g/n, hotspot', 'Black, White, Aurora Metallic', '272 g (9.59 oz)', '189 x 110.9 x 8.7 mm (7.44 x 4.37 x 0.34 in)', 'Micro-SIM', 'Accelerometer, proximity, compass', 'About 160 EUR', NULL, NULL, '[{"category":"Network","specs":[{"label":"Technology","value":"GSM / HSPA"},{"label":"2G bands","value":"GSM 850 / 900 / 1800 / 1900"},{"label":"3G bands","value":"HSDPA 850 / 900 / 1900 / 2100"},{"label":"Speed","value":"HSPA 21.1/5.76 Mbps"}]},{"category":"Launch","specs":[{"label":"Announced","value":"2015, August. Released 2015, August"},{"label":"Status","value":"Discontinued"}]},{"category":"Body","specs":[{"label":"Dimensions","value":"189 x 110.9 x 8.7 mm (7.44 x 4.37 x 0.34 in)"},{"label":"Weight","value":"272 g (9.59 oz)"},{"label":"SIM","value":"Micro-SIM"}]},{"category":"Display","specs":[{"label":"Type","value":"IPS LCD"},{"label":"Size","value":"7.0 inches, 142.1 cm 2 (~67.8% screen-to-body ratio)"},{"label":"Resolution","value":"800 x 1280 pixels, 16:10 ratio (~216 ppi density)"},{"label":"Protection","value":"Corning Gorilla Glass, oleophobic coating"}]},{"category":"Platform","specs":[{"label":"OS","value":"Android 5.0 (Lollipop)"},{"label":"Chipset","value":"Intel Atom x3-C3230"},{"label":"CPU","value":"Quad-core"},{"label":"GPU","value":"Mali-450MP4"}]},{"category":"Memory","specs":[{"label":"Card slot","value":"microSDXC (dedicated slot)"},{"label":"Internal","value":"16GB 2GB RAM"}]},{"category":"Main Camera","specs":[{"label":"Single","value":"8 MP, f/2.0, AF"},{"label":"Features","value":"LED flash"},{"label":"Video","value":"Yes"}]},{"category":"Selfie camera","specs":[{"label":"Single","value":"2 MP"}]},{"category":"Sound","specs":[{"label":"Loudspeaker","value":"Yes"},{"label":"3.5mm jack","value":"Yes"}]},{"category":"Comms","specs":[{"label":"WLAN","value":"Wi-Fi 802.11 b/g/n, hotspot"},{"label":"Bluetooth","value":"4.0, A2DP"},{"label":"Positioning","value":"GPS, GLONASS"},{"label":"NFC","value":"No"},{"label":"USB","value":"microUSB 2.0"},{"label":"Radio","value":"FM radio"}]},{"category":"Features","specs":[{"label":"Sensors","value":"Accelerometer, proximity, compass"}]},{"category":"Battery","specs":[{"label":"Type","value":"Li-Po 3500 mAh, non-removable (13 Wh)"},{"label":"Talk time","value":"Up to 8 h (multimedia)"}]},{"category":"Misc","specs":[{"label":"Colors","value":"Black, White, Aurora Metallic"},{"label":"Price","value":"About 160 EUR"}]}]');
INSERT OR IGNORE INTO device_pictures (device_id, url, position) VALUES (251, 'https://fdn2.gsmarena.com/vv/bigpic/asus-zenpad-70-z370cg.jpg', 0);
INSERT OR IGNORE INTO device_pictures (device_id, url, position) VALUES (251, 'https://fdn2.gsmarena.com/vv/pics/asus/asus-zenpad-70-z370cg.jpg', 1);
INSERT OR IGNORE INTO devices (id, brand_id, name, gsmarena_url, thumbnail_url, summary) VALUES (252, 2, 'Zenfone 2E', 'https://www.gsmarena.com/asus_zenfone_2e-7444.php', 'https://fdn2.gsmarena.com/vv/bigpic/asus-zenfone-2e.jpg', 'Zenfone 2E');
INSERT OR IGNORE INTO device_specs (device_id, announced, status, network, os, chipset, cpu, gpu, display_size, display_type, display_res, ram, storage, main_camera, selfie_camera, battery, charging, nfc, usb, bluetooth, wlan, colors, weight, dimensions, sim, sensors, popularity, fans, rating, full_specs_json) VALUES (252, '2015, July. Released 2015, July', 'Discontinued', 'GSM / HSPA / LTE / 4G/LTE', 'Android 5.0 (Lollipop), ZenUI', 'Intel Atom Z2560', 'Dual-core 1.6 GHz', 'PowerVR SGX544MP2', '5.0 inches, 68.9 cm 2 (~65.2% screen-to-body ratio)', 'IPS LCD', '720 x 1280 pixels, 16:9 ratio (~294 ppi density)', '1GB', '8GB', '8 MP, AF, LED flash, panorama, HDR', '2 MP', 'Li-Po 2500 mAh, non-removable', NULL, 'No', 'microUSB 2.0', '4.0, A2DP', 'Wi-Fi 802.11 b/g/n, Wi-Fi Direct, hotspot', 'Charcoal Black, Pearl White', '155.1 g (5.47 oz)', '148.1 x 71.4 x 10.9 mm (5.83 x 2.81 x 0.43 in)', 'Micro-SIM', 'Accelerometer, proximity, compass', 'About 110 EUR', NULL, NULL, '[{"category":"Network","specs":[{"label":"Technology","value":"GSM / HSPA / LTE"},{"label":"2G bands","value":"GSM 850 / 900 / 1800 / 1900"},{"label":"3G bands","value":"HSDPA 850 / 900 / 1900 / 2100"},{"label":"4G bands","value":"LTE"},{"label":"Speed","value":"HSPA, LTE"}]},{"category":"Launch","specs":[{"label":"Announced","value":"2015, July. Released 2015, July"},{"label":"Status","value":"Discontinued"}]},{"category":"Body","specs":[{"label":"Dimensions","value":"148.1 x 71.4 x 10.9 mm (5.83 x 2.81 x 0.43 in)"},{"label":"Weight","value":"155.1 g (5.47 oz)"},{"label":"SIM","value":"Micro-SIM"}]},{"category":"Display","specs":[{"label":"Type","value":"IPS LCD"},{"label":"Size","value":"5.0 inches, 68.9 cm 2 (~65.2% screen-to-body ratio)"},{"label":"Resolution","value":"720 x 1280 pixels, 16:9 ratio (~294 ppi density)"}]},{"category":"Platform","specs":[{"label":"OS","value":"Android 5.0 (Lollipop), ZenUI"},{"label":"Chipset","value":"Intel Atom Z2560"},{"label":"CPU","value":"Dual-core 1.6 GHz"},{"label":"GPU","value":"PowerVR SGX544MP2"}]},{"category":"Memory","specs":[{"label":"Card slot","value":"microSDXC (dedicated slot)"},{"label":"Internal","value":"8GB 1GB RAM"}]},{"category":"Main Camera","specs":[{"label":"Single","value":"8 MP, AF"},{"label":"Features","value":"LED flash, panorama, HDR"},{"label":"Video","value":"1080p@30fps"}]},{"category":"Selfie camera","specs":[{"label":"Single","value":"2 MP"}]},{"category":"Sound","specs":[{"label":"Loudspeaker","value":"Yes"},{"label":"3.5mm jack","value":"Yes"}]},{"category":"Comms","specs":[{"label":"WLAN","value":"Wi-Fi 802.11 b/g/n, Wi-Fi Direct, hotspot"},{"label":"Bluetooth","value":"4.0, A2DP"},{"label":"Positioning","value":"GPS"},{"label":"NFC","value":"No"},{"label":"USB","value":"microUSB 2.0"},{"label":"Radio","value":"No"}]},{"category":"Features","specs":[{"label":"Sensors","value":"Accelerometer, proximity, compass"}]},{"category":"Battery","specs":[{"label":"Type","value":"Li-Po 2500 mAh, non-removable"},{"label":"Talk time","value":"Up to 19 h (3G)"}]},{"category":"Misc","specs":[{"label":"Colors","value":"Charcoal Black, Pearl White"},{"label":"Price","value":"About 110 EUR"}]}]');
INSERT OR IGNORE INTO device_pictures (device_id, url, position) VALUES (252, 'https://fdn2.gsmarena.com/vv/bigpic/asus-zenfone-2e.jpg', 0);
INSERT OR IGNORE INTO device_pictures (device_id, url, position) VALUES (252, 'https://fdn2.gsmarena.com/vv/pics/asus/asus-zenfone-2e-2.jpg', 1);
INSERT OR IGNORE INTO device_pictures (device_id, url, position) VALUES (252, 'https://fdn2.gsmarena.com/vv/pics/asus/asus-zenfone-2e-1.jpg', 2);
INSERT OR IGNORE INTO devices (id, brand_id, name, gsmarena_url, thumbnail_url, summary) VALUES (253, 2, 'Pegasus 2 Plus', 'https://www.gsmarena.com/asus_pegasus_2_plus-7378.php', 'https://fdn2.gsmarena.com/vv/bigpic/asus-pegasus-2-plus-.jpg', 'Pegasus 2 Plus');
INSERT OR IGNORE INTO device_specs (device_id, announced, status, network, os, chipset, cpu, gpu, display_size, display_type, display_res, ram, storage, main_camera, selfie_camera, battery, charging, nfc, usb, bluetooth, wlan, colors, weight, dimensions, sim, sensors, popularity, fans, rating, full_specs_json) VALUES (253, '2015, July. Released 2015, December', 'Discontinued', 'GSM / HSPA / LTE / 4G/LTE', 'Android 5.1.1 (Lollipop)', 'Qualcomm MSM8939 Snapdragon 615 (28 nm)', 'Octa-core (4x1.7 GHz Cortex-A53 & 4x1.0 GHz Cortex-A53)', 'Adreno 405', '5.5 inches, 83.4 cm 2 (~72.8% screen-to-body ratio)', 'IPS LCD', '1080 x 1920 pixels, 16:9 ratio (~401 ppi density)', '3GB', '32GB', '13 MP, f/2.0, AF, Dual-LED dual-tone flash, HDR, panorama', '8 MP, f/2.0', 'Li-Po 3030 mAh, non-removable', NULL, 'Yes', 'microUSB 2.0', '4.1, A2DP', 'Wi-Fi 802.11 a/b/g/n, dual-band, hotspot', 'Rose Gold, White', '156 g (5.50 oz)', '151.8 x 75.5 x 8.1 mm (5.98 x 2.97 x 0.32 in)', 'Dual SIM (Micro-SIM, dual stand-by)', 'Accelerometer, gyro, proximity, compass', 'About 300 EUR', NULL, NULL, '[{"category":"Network","specs":[{"label":"Technology","value":"GSM / HSPA / LTE"},{"label":"2G bands","value":"GSM 900 / 1800 / 1900 - SIM 1 & SIM 2"},{"label":"3G bands","value":"HSDPA 850 / 900 / 1900 / 2100"},{"label":"4G bands","value":"1, 3, 7, 38, 39, 40, 41"},{"label":"Speed","value":"HSPA, LTE"}]},{"category":"Launch","specs":[{"label":"Announced","value":"2015, July. Released 2015, December"},{"label":"Status","value":"Discontinued"}]},{"category":"Body","specs":[{"label":"Dimensions","value":"151.8 x 75.5 x 8.1 mm (5.98 x 2.97 x 0.32 in)"},{"label":"Weight","value":"156 g (5.50 oz)"},{"label":"SIM","value":"Dual SIM (Micro-SIM, dual stand-by)"}]},{"category":"Display","specs":[{"label":"Type","value":"IPS LCD"},{"label":"Size","value":"5.5 inches, 83.4 cm 2 (~72.8% screen-to-body ratio)"},{"label":"Resolution","value":"1080 x 1920 pixels, 16:9 ratio (~401 ppi density)"}]},{"category":"Platform","specs":[{"label":"OS","value":"Android 5.1.1 (Lollipop)"},{"label":"Chipset","value":"Qualcomm MSM8939 Snapdragon 615 (28 nm)"},{"label":"CPU","value":"Octa-core (4x1.7 GHz Cortex-A53 & 4x1.0 GHz Cortex-A53)"},{"label":"GPU","value":"Adreno 405"}]},{"category":"Memory","specs":[{"label":"Card slot","value":"microSDHC (dedicated slot)"},{"label":"Internal","value":"32GB 3GB RAM"}]},{"category":"Main Camera","specs":[{"label":"Single","value":"13 MP, f/2.0, AF"},{"label":"Features","value":"Dual-LED dual-tone flash, HDR, panorama"},{"label":"Video","value":"1080p@30fps"}]},{"category":"Selfie camera","specs":[{"label":"Single","value":"8 MP, f/2.0"}]},{"category":"Sound","specs":[{"label":"Loudspeaker","value":"Yes"},{"label":"3.5mm jack","value":"Yes"}]},{"category":"Comms","specs":[{"label":"WLAN","value":"Wi-Fi 802.11 a/b/g/n, dual-band, hotspot"},{"label":"Bluetooth","value":"4.1, A2DP"},{"label":"Positioning","value":"GPS"},{"label":"NFC","value":"Yes"},{"label":"USB","value":"microUSB 2.0"},{"label":"Radio","value":"FM radio"}]},{"category":"Features","specs":[{"label":"Sensors","value":"Accelerometer, gyro, proximity, compass"}]},{"category":"Battery","specs":[{"label":"Type","value":"Li-Po 3030 mAh, non-removable"}]},{"category":"Misc","specs":[{"label":"Colors","value":"Rose Gold, White"},{"label":"Models","value":"X550"},{"label":"Price","value":"About 300 EUR"}]}]');
INSERT OR IGNORE INTO device_pictures (device_id, url, position) VALUES (253, 'https://fdn2.gsmarena.com/vv/bigpic/asus-pegasus-2-plus-.jpg', 0);
INSERT OR IGNORE INTO device_pictures (device_id, url, position) VALUES (253, 'https://fdn2.gsmarena.com/vv/pics/asus/asus-pegasus-2-plus.jpg', 1);
INSERT OR IGNORE INTO devices (id, brand_id, name, gsmarena_url, thumbnail_url, summary) VALUES (254, 2, 'Zenpad S 8.0 Z580CA', 'https://www.gsmarena.com/asus_zenpad_s_8_0_z580ca-7367.php', 'https://fdn2.gsmarena.com/vv/bigpic/asus-zenpad-s-80.jpg', 'Zenpad S 8.0 Z580CA');
INSERT OR IGNORE INTO device_specs (device_id, announced, status, network, os, chipset, cpu, gpu, display_size, display_type, display_res, ram, storage, main_camera, selfie_camera, battery, charging, nfc, usb, bluetooth, wlan, colors, weight, dimensions, sim, sensors, popularity, fans, rating, full_specs_json) VALUES (254, '2015, June. Released 2015, August', 'Discontinued', 'No cellular connectivity', 'Android 5.0 (Lollipop)', 'Intel Atom Z3560 or Z3580', 'Quad-core', 'PowerVR G6430', '8.0 inches, 198.2 cm 2 (~72.5% screen-to-body ratio)', 'IPS LCD', '1536 x 2048 pixels, 4:3 ratio (~320 ppi density)', '2GB', '16GB', '8 MP', '5 MP', 'Li-Po 3950 mAh, non-removable (15.2 Wh)', NULL, 'No', 'USB Type-C', '4.1, LE', 'Wi-Fi 802.11 a/b/g/n/ac', 'Black, White', '298 g (10.51 oz)', '203.2 x 134.5 x 6.6 mm (8.0 x 5.30 x 0.26 in)', 'No', 'Accelerometer, compass', NULL, NULL, NULL, '[{"category":"Network","specs":[{"label":"Technology","value":"No cellular connectivity"},{"label":"2G bands","value":"N/A"},{"label":"GPRS","value":"No"},{"label":"EDGE","value":"No"}]},{"category":"Launch","specs":[{"label":"Announced","value":"2015, June. Released 2015, August"},{"label":"Status","value":"Discontinued"}]},{"category":"Body","specs":[{"label":"Dimensions","value":"203.2 x 134.5 x 6.6 mm (8.0 x 5.30 x 0.26 in)"},{"label":"Weight","value":"298 g (10.51 oz)"},{"label":"SIM","value":"No"}]},{"category":"Display","specs":[{"label":"Type","value":"IPS LCD"},{"label":"Size","value":"8.0 inches, 198.2 cm 2 (~72.5% screen-to-body ratio)"},{"label":"Resolution","value":"1536 x 2048 pixels, 4:3 ratio (~320 ppi density)"},{"label":"Protection","value":"Corning Gorilla Glass 3"}]},{"category":"Platform","specs":[{"label":"OS","value":"Android 5.0 (Lollipop)"},{"label":"Chipset","value":"Intel Atom Z3560 or Z3580"},{"label":"CPU","value":"Quad-core"},{"label":"GPU","value":"PowerVR G6430"}]},{"category":"Memory","specs":[{"label":"Card slot","value":"microSDXC (dedicated slot)"},{"label":"Internal","value":"16GB 2GB RAM, 32GB 2GB RAM, 64GB 4GB RAM"}]},{"category":"Main Camera","specs":[{"label":"Single","value":"8 MP"},{"label":"Video","value":"Yes"}]},{"category":"Selfie camera","specs":[{"label":"Single","value":"5 MP"}]},{"category":"Sound","specs":[{"label":"Loudspeaker","value":"Yes, with stereo speakers"},{"label":"3.5mm jack","value":"Yes"}]},{"category":"Comms","specs":[{"label":"WLAN","value":"Wi-Fi 802.11 a/b/g/n/ac"},{"label":"Bluetooth","value":"4.1, LE"},{"label":"Positioning","value":"GPS, GLONASS"},{"label":"NFC","value":"No"},{"label":"USB","value":"USB Type-C"},{"label":"Radio","value":"No"}]},{"category":"Features","specs":[{"label":"Sensors","value":"Accelerometer, compass"}]},{"category":"Battery","specs":[{"label":"Type","value":"Li-Po 3950 mAh, non-removable (15.2 Wh)"},{"label":"Talk time","value":"Up to 8 h (multimedia)"}]},{"category":"Misc","specs":[{"label":"Colors","value":"Black, White"}]}]');
INSERT OR IGNORE INTO device_pictures (device_id, url, position) VALUES (254, 'https://fdn2.gsmarena.com/vv/bigpic/asus-zenpad-s-80.jpg', 0);
INSERT OR IGNORE INTO device_pictures (device_id, url, position) VALUES (254, 'https://fdn2.gsmarena.com/vv/pics/asus/asus-zenpad-s-80-z580c.jpg', 1);
INSERT OR IGNORE INTO devices (id, brand_id, name, gsmarena_url, thumbnail_url, summary) VALUES (255, 2, 'Zenpad S 8.0 Z580C', 'https://www.gsmarena.com/asus_zenpad_s_8_0_z580c-7366.php', 'https://fdn2.gsmarena.com/vv/bigpic/asus-zenpad-s-80.jpg', 'Zenpad S 8.0 Z580C');
INSERT OR IGNORE INTO device_specs (device_id, announced, status, network, os, chipset, cpu, gpu, display_size, display_type, display_res, ram, storage, main_camera, selfie_camera, battery, charging, nfc, usb, bluetooth, wlan, colors, weight, dimensions, sim, sensors, popularity, fans, rating, full_specs_json) VALUES (255, '2015, June. Released 2015, August', 'Discontinued', 'No cellular connectivity', 'Android 5.0 (Lollipop)', 'Intel Atom Z3530', 'Quad-core', 'PowerVR G6430', '8.0 inches, 198.2 cm 2 (~72.5% screen-to-body ratio)', 'IPS LCD', '1536 x 2048 pixels, 4:3 ratio (~320 ppi density)', '2GB', '16GB', '5 MP', '2 MP', 'Li-Po 4000 mAh, non-removable (15.2 Wh)', NULL, 'No', 'microUSB 2.0', '4.1, LE', 'Wi-Fi 802.11 a/b/g/n/ac', 'Black, White', '317 g (11.18 oz)', '203.2 x 134.5 x 6.9 mm (8.0 x 5.30 x 0.27 in)', 'No', 'Accelerometer, compass', NULL, NULL, NULL, '[{"category":"Network","specs":[{"label":"Technology","value":"No cellular connectivity"},{"label":"2G bands","value":"N/A"},{"label":"GPRS","value":"No"},{"label":"EDGE","value":"No"}]},{"category":"Launch","specs":[{"label":"Announced","value":"2015, June. Released 2015, August"},{"label":"Status","value":"Discontinued"}]},{"category":"Body","specs":[{"label":"Dimensions","value":"203.2 x 134.5 x 6.9 mm (8.0 x 5.30 x 0.27 in)"},{"label":"Weight","value":"317 g (11.18 oz)"},{"label":"SIM","value":"No"}]},{"category":"Display","specs":[{"label":"Type","value":"IPS LCD"},{"label":"Size","value":"8.0 inches, 198.2 cm 2 (~72.5% screen-to-body ratio)"},{"label":"Resolution","value":"1536 x 2048 pixels, 4:3 ratio (~320 ppi density)"},{"label":"Protection","value":"Oleophobic coating"}]},{"category":"Platform","specs":[{"label":"OS","value":"Android 5.0 (Lollipop)"},{"label":"Chipset","value":"Intel Atom Z3530"},{"label":"CPU","value":"Quad-core"},{"label":"GPU","value":"PowerVR G6430"}]},{"category":"Memory","specs":[{"label":"Card slot","value":"microSDXC (dedicated slot)"},{"label":"Internal","value":"16GB 2GB RAM, 32GB 2GB RAM"}]},{"category":"Main Camera","specs":[{"label":"Single","value":"5 MP"},{"label":"Video","value":"Yes"}]},{"category":"Selfie camera","specs":[{"label":"Single","value":"2 MP"}]},{"category":"Sound","specs":[{"label":"Loudspeaker","value":"Yes, with stereo speakers"},{"label":"3.5mm jack","value":"Yes"}]},{"category":"Comms","specs":[{"label":"WLAN","value":"Wi-Fi 802.11 a/b/g/n/ac"},{"label":"Bluetooth","value":"4.1, LE"},{"label":"Positioning","value":"GPS, GLONASS"},{"label":"NFC","value":"No"},{"label":"USB","value":"microUSB 2.0"},{"label":"Radio","value":"No"}]},{"category":"Features","specs":[{"label":"Sensors","value":"Accelerometer, compass"}]},{"category":"Battery","specs":[{"label":"Type","value":"Li-Po 4000 mAh, non-removable (15.2 Wh)"},{"label":"Talk time","value":"Up to 8 h (multimedia)"}]},{"category":"Misc","specs":[{"label":"Colors","value":"Black, White"}]}]');
INSERT OR IGNORE INTO device_pictures (device_id, url, position) VALUES (255, 'https://fdn2.gsmarena.com/vv/bigpic/asus-zenpad-s-80.jpg', 0);
INSERT OR IGNORE INTO device_pictures (device_id, url, position) VALUES (255, 'https://fdn2.gsmarena.com/vv/pics/asus/asus-zenpad-s-80-z580c.jpg', 1);
INSERT OR IGNORE INTO devices (id, brand_id, name, gsmarena_url, thumbnail_url, summary) VALUES (256, 2, 'Zenpad 8.0 Z380KL', 'https://www.gsmarena.com/asus_zenpad_8_0_z380kl-7255.php', 'https://fdn2.gsmarena.com/vv/bigpic/asus-zenpad-80.jpg', 'Zenpad 8.0 Z380KL');
INSERT OR IGNORE INTO device_specs (device_id, announced, status, network, os, chipset, cpu, gpu, display_size, display_type, display_res, ram, storage, main_camera, selfie_camera, battery, charging, nfc, usb, bluetooth, wlan, colors, weight, dimensions, sim, sensors, popularity, fans, rating, full_specs_json) VALUES (256, '2015, June. Released 2015, July', 'Discontinued', 'GSM / HSPA / LTE / 4G/LTE', 'Android 5.0 (Lollipop), upgradable to 6.0.1 (Marshmallow)', 'Qualcomm MSM8916 Snapdragon 410 (28 nm) Qualcomm MSM8929 Snapdragon 415 (28 nm)', 'Octa-core (4x Cortex-A53 & 4x Cortex-A53) Octa-core', 'Adreno 306 Adreno 405', '8.0 inches, 185.6 cm 2 (~72.2% screen-to-body ratio)', 'IPS LCD', '800 x 1280 pixels, 16:10 ratio (~189 ppi density)', '1GB', '8GB', '5 MP or 8 MP, f/2.0, AF', '2 MP, f/2.2', 'Li-Po 4000 mAh, non-removable (15.2 Wh)', NULL, 'No', 'microUSB 2.0', '4.0, A2DP, LE, aptX', 'Wi-Fi 802.11 b/g/n, hotspot', 'Black, White, Aurora Metallic', '350 g (12.35 oz)', '209 x 123 x 8.5 mm (8.23 x 4.84 x 0.33 in)', 'Micro-SIM', 'Accelerometer, proximity, compass', 'About 280 EUR', NULL, NULL, '[{"category":"Network","specs":[{"label":"Technology","value":"GSM / HSPA / LTE"},{"label":"2G bands","value":"GSM 850 / 900 / 1800 / 1900"},{"label":"3G bands","value":"HSDPA 850 / 900 / 1900 / 2100"},{"label":"4G bands","value":"1, 2, 3, 5, 7, 8, 20"},{"label":"Speed","value":"HSPA 42.2/5.76 Mbps, LTE Cat4 150/50 Mbps"}]},{"category":"Launch","specs":[{"label":"Announced","value":"2015, June. Released 2015, July"},{"label":"Status","value":"Discontinued"}]},{"category":"Body","specs":[{"label":"Dimensions","value":"209 x 123 x 8.5 mm (8.23 x 4.84 x 0.33 in)"},{"label":"Weight","value":"350 g (12.35 oz)"},{"label":"SIM","value":"Micro-SIM"}]},{"category":"Display","specs":[{"label":"Type","value":"IPS LCD"},{"label":"Size","value":"8.0 inches, 185.6 cm 2 (~72.2% screen-to-body ratio)"},{"label":"Resolution","value":"800 x 1280 pixels, 16:10 ratio (~189 ppi density)"},{"label":"Protection","value":"Corning Gorilla Glass 1"}]},{"category":"Platform","specs":[{"label":"OS","value":"Android 5.0 (Lollipop), upgradable to 6.0.1 (Marshmallow)"},{"label":"Chipset","value":"Qualcomm MSM8916 Snapdragon 410 (28 nm) Qualcomm MSM8929 Snapdragon 415 (28 nm)"},{"label":"CPU","value":"Octa-core (4x Cortex-A53 & 4x Cortex-A53) Octa-core"},{"label":"GPU","value":"Adreno 306 Adreno 405"}]},{"category":"Memory","specs":[{"label":"Card slot","value":"microSDXC (dedicated slot)"},{"label":"Internal","value":"8GB 1GB RAM, 16GB 2GB RAM"}]},{"category":"Main Camera","specs":[{"label":"Single","value":"5 MP or 8 MP, f/2.0, AF"},{"label":"Video","value":"1080p@30fps"}]},{"category":"Selfie camera","specs":[{"label":"Single","value":"2 MP, f/2.2"}]},{"category":"Sound","specs":[{"label":"Loudspeaker","value":"Yes"},{"label":"3.5mm jack","value":"Yes"}]},{"category":"Comms","specs":[{"label":"WLAN","value":"Wi-Fi 802.11 b/g/n, hotspot"},{"label":"Bluetooth","value":"4.0, A2DP, LE, aptX"},{"label":"Positioning","value":"GPS, GLONASS"},{"label":"NFC","value":"No"},{"label":"USB","value":"microUSB 2.0"},{"label":"Radio","value":"No"}]},{"category":"Features","specs":[{"label":"Sensors","value":"Accelerometer, proximity, compass"}]},{"category":"Battery","specs":[{"label":"Type","value":"Li-Po 4000 mAh, non-removable (15.2 Wh)"},{"label":"Talk time","value":"Up to 10 h (multimedia)"}]},{"category":"Misc","specs":[{"label":"Colors","value":"Black, White, Aurora Metallic"},{"label":"Models","value":"P024"},{"label":"Price","value":"About 280 EUR"}]}]');
INSERT OR IGNORE INTO device_pictures (device_id, url, position) VALUES (256, 'https://fdn2.gsmarena.com/vv/bigpic/asus-zenpad-80.jpg', 0);
INSERT OR IGNORE INTO device_pictures (device_id, url, position) VALUES (256, 'https://fdn2.gsmarena.com/vv/pics/asus/asus-zenpad-80-z380kl.jpg', 1);
INSERT OR IGNORE INTO devices (id, brand_id, name, gsmarena_url, thumbnail_url, summary) VALUES (257, 2, 'Zenpad 8.0 Z380C', 'https://www.gsmarena.com/asus_zenpad_8_0_z380c-7365.php', 'https://fdn2.gsmarena.com/vv/bigpic/asus-zenpad-80.jpg', 'Zenpad 8.0 Z380C');
INSERT OR IGNORE INTO device_specs (device_id, announced, status, network, os, chipset, cpu, gpu, display_size, display_type, display_res, ram, storage, main_camera, selfie_camera, battery, charging, nfc, usb, bluetooth, wlan, colors, weight, dimensions, sim, sensors, popularity, fans, rating, full_specs_json) VALUES (257, '2015, June. Released 2015, July', 'Discontinued', 'No cellular connectivity', 'Android 5.0 (Lollipop)', 'Intel Atom x3-C3200', 'Quad-core', 'Mali-450MP4', '8.0 inches, 185.6 cm 2 (~72.2% screen-to-body ratio)', 'IPS LCD', '800 x 1280 pixels, 16:10 ratio (~189 ppi density)', '1GB', '8GB', '5 MP, AF', '2 MP VGA', 'Li-Po 4000 mAh, non-removable (15.2 Wh)', NULL, 'No', 'microUSB 2.0', '4.0, A2DP', 'Wi-Fi 802.11 b/g/n, hotspot', 'Black, White, Aurora Metallic', '350 g (12.35 oz)', '209 x 123 x 8.5 mm (8.23 x 4.84 x 0.33 in)', 'No', 'Accelerometer, compass', NULL, NULL, NULL, '[{"category":"Network","specs":[{"label":"Technology","value":"No cellular connectivity"},{"label":"2G bands","value":"N/A"},{"label":"GPRS","value":"No"},{"label":"EDGE","value":"No"}]},{"category":"Launch","specs":[{"label":"Announced","value":"2015, June. Released 2015, July"},{"label":"Status","value":"Discontinued"}]},{"category":"Body","specs":[{"label":"Dimensions","value":"209 x 123 x 8.5 mm (8.23 x 4.84 x 0.33 in)"},{"label":"Weight","value":"350 g (12.35 oz)"},{"label":"SIM","value":"No"}]},{"category":"Display","specs":[{"label":"Type","value":"IPS LCD"},{"label":"Size","value":"8.0 inches, 185.6 cm 2 (~72.2% screen-to-body ratio)"},{"label":"Resolution","value":"800 x 1280 pixels, 16:10 ratio (~189 ppi density)"},{"label":"Protection","value":"Oleophobic coating"}]},{"category":"Platform","specs":[{"label":"OS","value":"Android 5.0 (Lollipop)"},{"label":"Chipset","value":"Intel Atom x3-C3200"},{"label":"CPU","value":"Quad-core"},{"label":"GPU","value":"Mali-450MP4"}]},{"category":"Memory","specs":[{"label":"Card slot","value":"microSDXC (dedicated slot)"},{"label":"Internal","value":"8GB 1GB RAM, 16GB 2GB RAM"}]},{"category":"Main Camera","specs":[{"label":"Single","value":"5 MP, AF"},{"label":"Video","value":"Yes"}]},{"category":"Selfie camera","specs":[{"label":"Single","value":"2 MP VGA"}]},{"category":"Sound","specs":[{"label":"Loudspeaker","value":"Yes"},{"label":"3.5mm jack","value":"Yes"}]},{"category":"Comms","specs":[{"label":"WLAN","value":"Wi-Fi 802.11 b/g/n, hotspot"},{"label":"Bluetooth","value":"4.0, A2DP"},{"label":"Positioning","value":"GPS, GLONASS"},{"label":"NFC","value":"No"},{"label":"USB","value":"microUSB 2.0"},{"label":"Radio","value":"No"}]},{"category":"Features","specs":[{"label":"Sensors","value":"Accelerometer, compass"}]},{"category":"Battery","specs":[{"label":"Type","value":"Li-Po 4000 mAh, non-removable (15.2 Wh)"},{"label":"Talk time","value":"Up to 8 h (multimedia)"}]},{"category":"Misc","specs":[{"label":"Colors","value":"Black, White, Aurora Metallic"}]}]');
INSERT OR IGNORE INTO device_pictures (device_id, url, position) VALUES (257, 'https://fdn2.gsmarena.com/vv/bigpic/asus-zenpad-80.jpg', 0);
INSERT OR IGNORE INTO device_pictures (device_id, url, position) VALUES (257, 'https://fdn2.gsmarena.com/vv/pics/asus/asus-zenpad-80-z380c.jpg', 1);
INSERT OR IGNORE INTO devices (id, brand_id, name, gsmarena_url, thumbnail_url, summary) VALUES (258, 2, 'Zenpad C 7.0 Z170MG', 'https://www.gsmarena.com/asus_zenpad_c_7_0_z170mg-7364.php', 'https://fdn2.gsmarena.com/vv/bigpic/asus-zenpad-c-70.jpg', 'Zenpad C 7.0 Z170MG');
INSERT OR IGNORE INTO device_specs (device_id, announced, status, network, os, chipset, cpu, gpu, display_size, display_type, display_res, ram, storage, main_camera, selfie_camera, battery, charging, nfc, usb, bluetooth, wlan, colors, weight, dimensions, sim, sensors, popularity, fans, rating, full_specs_json) VALUES (258, '2015, June. Released 2015, August', 'Discontinued', 'GSM / HSPA', 'Android 5.0 (Lollipop)', 'Mediatek MT8382V/W (28 nm)', 'Quad-core Cortex-A7', 'Mali-400MP2', '7.0 inches, 137.9 cm 2 (~67.6% screen-to-body ratio)', 'IPS LCD', '600 x 1024 pixels, 16:9 ratio (~170 ppi density)', '1GB', '8GB', '5 MP', 'VGA', 'Li-Po 3500 mAh, non-removable (13 Wh)', NULL, 'No', 'microUSB 2.0', '4.0, A2DP', 'Wi-Fi 802.11 b/g/n, hotspot', 'Black, White', '275 g (9.70 oz)', '189 x 108 x 9.5 mm (7.44 x 4.25 x 0.37 in)', 'Micro-SIM', 'Accelerometer', NULL, NULL, NULL, '[{"category":"Network","specs":[{"label":"Technology","value":"GSM / HSPA"},{"label":"2G bands","value":"GSM 850 / 900 / 1800 / 1900"},{"label":"3G bands","value":"HSDPA 900 / 2100"},{"label":"Speed","value":"HSPA 21.1/11.5 Mbps"}]},{"category":"Launch","specs":[{"label":"Announced","value":"2015, June. Released 2015, August"},{"label":"Status","value":"Discontinued"}]},{"category":"Body","specs":[{"label":"Dimensions","value":"189 x 108 x 9.5 mm (7.44 x 4.25 x 0.37 in)"},{"label":"Weight","value":"275 g (9.70 oz)"},{"label":"SIM","value":"Micro-SIM"}]},{"category":"Display","specs":[{"label":"Type","value":"IPS LCD"},{"label":"Size","value":"7.0 inches, 137.9 cm 2 (~67.6% screen-to-body ratio)"},{"label":"Resolution","value":"600 x 1024 pixels, 16:9 ratio (~170 ppi density)"},{"label":"Protection","value":"Oleophobic coating"}]},{"category":"Platform","specs":[{"label":"OS","value":"Android 5.0 (Lollipop)"},{"label":"Chipset","value":"Mediatek MT8382V/W (28 nm)"},{"label":"CPU","value":"Quad-core Cortex-A7"},{"label":"GPU","value":"Mali-400MP2"}]},{"category":"Memory","specs":[{"label":"Card slot","value":"microSDXC (dedicated slot)"},{"label":"Internal","value":"8GB 1GB RAM, 16GB 1GB RAM"}]},{"category":"Main Camera","specs":[{"label":"Single","value":"5 MP"},{"label":"Video","value":"Yes"}]},{"category":"Selfie camera","specs":[{"label":"Single","value":"VGA"}]},{"category":"Sound","specs":[{"label":"Loudspeaker","value":"Yes"},{"label":"3.5mm jack","value":"Yes"}]},{"category":"Comms","specs":[{"label":"WLAN","value":"Wi-Fi 802.11 b/g/n, hotspot"},{"label":"Bluetooth","value":"4.0, A2DP"},{"label":"Positioning","value":"GPS, GLONASS"},{"label":"NFC","value":"No"},{"label":"USB","value":"microUSB 2.0"},{"label":"Radio","value":"No"}]},{"category":"Features","specs":[{"label":"Sensors","value":"Accelerometer"}]},{"category":"Battery","specs":[{"label":"Type","value":"Li-Po 3500 mAh, non-removable (13 Wh)"},{"label":"Talk time","value":"Up to 8 h 30 min"}]},{"category":"Misc","specs":[{"label":"Colors","value":"Black, White"}]}]');
INSERT OR IGNORE INTO device_pictures (device_id, url, position) VALUES (258, 'https://fdn2.gsmarena.com/vv/bigpic/asus-zenpad-c-70.jpg', 0);
INSERT OR IGNORE INTO device_pictures (device_id, url, position) VALUES (258, 'https://fdn2.gsmarena.com/vv/pics/asus/asus-zenpad-c-70-z170mg.jpg', 1);
INSERT OR IGNORE INTO devices (id, brand_id, name, gsmarena_url, thumbnail_url, summary) VALUES (259, 2, 'Zenpad C 7.0', 'https://www.gsmarena.com/asus_zenpad_c_7_0-7256.php', 'https://fdn2.gsmarena.com/vv/bigpic/asus-zenpad-c-70.jpg', 'Zenpad C 7.0');
INSERT OR IGNORE INTO device_specs (device_id, announced, status, network, os, chipset, cpu, gpu, display_size, display_type, display_res, ram, storage, main_camera, selfie_camera, battery, charging, nfc, usb, bluetooth, wlan, colors, weight, dimensions, sim, sensors, popularity, fans, rating, full_specs_json) VALUES (259, '2015, June. Released 2015, July', 'Discontinued', 'GSM / HSPA', 'Android 5.0 (Lollipop)', 'Intel Atom x3-C3200', 'Quad-core', 'Mali-450MP4', '7.0 inches, 137.9 cm 2 (~67.6% screen-to-body ratio)', 'IPS LCD', '600 x 1024 pixels, 16:9 ratio (~170 ppi density)', '1GB', '8GB', '5 MP, f/2.0 or 2 MP', 'VGA', 'Li-Po 3450 mAh, non-removable (13 Wh)', NULL, 'No', 'microUSB 2.0', '4.0, A2DP', 'Wi-Fi 802.11 b/g/n, hotspot', 'Black, White, Red, Aurora Metallic', '265 g (9.35 oz)', '189 x 108 x 8.4 mm (7.44 x 4.25 x 0.33 in)', 'Micro-SIM - cellular model only', 'Accelerometer', 'About 140 EUR', NULL, NULL, '[{"category":"Network","specs":[{"label":"Technology","value":"GSM / HSPA"},{"label":"2G bands","value":"GSM 850 / 900 / 1800 / 1900"},{"label":"3G bands","value":"HSDPA 850 / 900 / 1900 / 2100 - Z170CG"},{"label":"Speed","value":"HSPA - cellular model only"}]},{"category":"Launch","specs":[{"label":"Announced","value":"2015, June. Released 2015, July"},{"label":"Status","value":"Discontinued"}]},{"category":"Body","specs":[{"label":"Dimensions","value":"189 x 108 x 8.4 mm (7.44 x 4.25 x 0.33 in)"},{"label":"Weight","value":"265 g (9.35 oz)"},{"label":"SIM","value":"Micro-SIM - cellular model only"}]},{"category":"Display","specs":[{"label":"Type","value":"IPS LCD"},{"label":"Size","value":"7.0 inches, 137.9 cm 2 (~67.6% screen-to-body ratio)"},{"label":"Resolution","value":"600 x 1024 pixels, 16:9 ratio (~170 ppi density)"},{"label":"Protection","value":"Oleophobic coating"}]},{"category":"Platform","specs":[{"label":"OS","value":"Android 5.0 (Lollipop)"},{"label":"Chipset","value":"Intel Atom x3-C3200"},{"label":"CPU","value":"Quad-core"},{"label":"GPU","value":"Mali-450MP4"}]},{"category":"Memory","specs":[{"label":"Card slot","value":"microSDXC (dedicated slot)"},{"label":"Internal","value":"8GB 1GB RAM, 16GB 1GB RAM"}]},{"category":"Main Camera","specs":[{"label":"Single","value":"5 MP, f/2.0 or 2 MP"},{"label":"Video","value":"720p@30fps"}]},{"category":"Selfie camera","specs":[{"label":"Single","value":"VGA"}]},{"category":"Sound","specs":[{"label":"Loudspeaker","value":"Yes"},{"label":"3.5mm jack","value":"Yes"}]},{"category":"Comms","specs":[{"label":"WLAN","value":"Wi-Fi 802.11 b/g/n, hotspot"},{"label":"Bluetooth","value":"4.0, A2DP"},{"label":"Positioning","value":"GPS, GLONASS - cellular model only"},{"label":"NFC","value":"No"},{"label":"USB","value":"microUSB 2.0"},{"label":"Radio","value":"No"}]},{"category":"Features","specs":[{"label":"Sensors","value":"Accelerometer"}]},{"category":"Battery","specs":[{"label":"Type","value":"Li-Po 3450 mAh, non-removable (13 Wh)"},{"label":"Talk time","value":"Up to 8 h"}]},{"category":"Misc","specs":[{"label":"Colors","value":"Black, White, Red, Aurora Metallic"},{"label":"Price","value":"About 140 EUR"}]}]');
INSERT OR IGNORE INTO device_pictures (device_id, url, position) VALUES (259, 'https://fdn2.gsmarena.com/vv/bigpic/asus-zenpad-c-70.jpg', 0);
INSERT OR IGNORE INTO device_pictures (device_id, url, position) VALUES (259, 'https://fdn2.gsmarena.com/vv/pics/asus/asus-zenpad-c-70.jpg', 1);
INSERT OR IGNORE INTO devices (id, brand_id, name, gsmarena_url, thumbnail_url, summary) VALUES (260, 2, 'Zenfone Selfie ZD551KL', 'https://www.gsmarena.com/asus_zenfone_selfie_zd551kl-7261.php', 'https://fdn2.gsmarena.com/vv/bigpic/asus-zenfone-selfie.jpg', 'Zenfone Selfie ZD551KL');
INSERT OR IGNORE INTO device_specs (device_id, announced, status, network, os, chipset, cpu, gpu, display_size, display_type, display_res, ram, storage, main_camera, selfie_camera, battery, charging, nfc, usb, bluetooth, wlan, colors, weight, dimensions, sim, sensors, popularity, fans, rating, full_specs_json) VALUES (260, '2015, June. Released 2015, August', 'Discontinued', 'GSM / HSPA / LTE / 4G/LTE', 'Android 5.0 (Lollipop), upgradable to 6.0 (Marshmallow), ZenUI', 'Qualcomm MSM8939 Snapdragon 615 (28 nm)', 'Octa-core (4x1.7 GHz Cortex-A53 & 4x1.0 GHz Cortex-A53)', 'Adreno 405', '5.5 inches, 82.6 cm 2 (~68.3% screen-to-body ratio)', 'IPS LCD', '1080 x 1920 pixels, 16:9 ratio (~403 ppi density)', '2GB', '16GB', '13 MP, f/2.0, 28mm (wide), 1/3.0", Laser AF, Dual-LED dual-tone flash, panorama, HDR', '13 MP, f/2.2, 1/3.1", 1.12µm, AF, 1080p@30fps', 'Li-Po 3000 mAh, removable', NULL, 'No', 'microUSB 2.0, OTG', '4.0, A2DP, EDR', 'Wi-Fi 802.11 a/b/g/n/ac, Wi-Fi Direct, hotspot', 'Pure White, Chic Pink, Aqua Blue', '170 g (6.00 oz)', '156.5 x 77.2 x 10.8 mm (6.16 x 3.04 x 0.43 in)', 'Dual SIM (Micro-SIM, dual stand-by)', 'Accelerometer, gyro, proximity, compass', 'About 280 EUR', NULL, NULL, '[{"category":"Network","specs":[{"label":"Technology","value":"GSM / HSPA / LTE"},{"label":"2G bands","value":"GSM 850 / 900 / 1800 / 1900 - SIM 1 & SIM 2"},{"label":"3G bands","value":"HSDPA 850 / 900 / 1900 / 2100"},{"label":"4G bands","value":"1, 2, 3, 5, 7, 8, 20 - Global"},{"label":"Speed","value":"HSPA 42.2/5.76 Mbps, LTE Cat4 150/50 Mbps"}]},{"category":"Launch","specs":[{"label":"Announced","value":"2015, June. Released 2015, August"},{"label":"Status","value":"Discontinued"}]},{"category":"Body","specs":[{"label":"Dimensions","value":"156.5 x 77.2 x 10.8 mm (6.16 x 3.04 x 0.43 in)"},{"label":"Weight","value":"170 g (6.00 oz)"},{"label":"Build","value":"Glass front (Gorilla Glass 4), plastic back, plastic frame"},{"label":"SIM","value":"Dual SIM (Micro-SIM, dual stand-by)"}]},{"category":"Display","specs":[{"label":"Type","value":"IPS LCD"},{"label":"Size","value":"5.5 inches, 82.6 cm 2 (~68.3% screen-to-body ratio)"},{"label":"Resolution","value":"1080 x 1920 pixels, 16:9 ratio (~403 ppi density)"},{"label":"Protection","value":"Corning Gorilla Glass 4, oleophobic coating"}]},{"category":"Platform","specs":[{"label":"OS","value":"Android 5.0 (Lollipop), upgradable to 6.0 (Marshmallow), ZenUI"},{"label":"Chipset","value":"Qualcomm MSM8939 Snapdragon 615 (28 nm)"},{"label":"CPU","value":"Octa-core (4x1.7 GHz Cortex-A53 & 4x1.0 GHz Cortex-A53)"},{"label":"GPU","value":"Adreno 405"}]},{"category":"Memory","specs":[{"label":"Card slot","value":"microSDXC (dedicated slot)"},{"label":"Internal","value":"16GB 2GB RAM, 32GB 3GB RAM"}]},{"category":"Main Camera","specs":[{"label":"Single","value":"13 MP, f/2.0, 28mm (wide), 1/3.0\\""},{"label":"Features","value":"Laser AF, Dual-LED dual-tone flash, panorama, HDR"},{"label":"Video","value":"1080p@30fps"}]},{"category":"Selfie camera","specs":[{"label":"Single","value":"13 MP, f/2.2, 1/3.1\\", 1.12µm, AF"},{"label":"Video","value":"1080p@30fps"},{"label":"Features","value":"Dual-LED dual-tone flash"}]},{"category":"Sound","specs":[{"label":"Loudspeaker","value":"Yes"},{"label":"3.5mm jack","value":"Yes"}]},{"category":"Comms","specs":[{"label":"WLAN","value":"Wi-Fi 802.11 a/b/g/n/ac, Wi-Fi Direct, hotspot"},{"label":"Bluetooth","value":"4.0, A2DP, EDR"},{"label":"Positioning","value":"GPS, GLONASS, BDS"},{"label":"NFC","value":"No"},{"label":"USB","value":"microUSB 2.0, OTG"},{"label":"Radio","value":"FM radio, RDS"}]},{"category":"Features","specs":[{"label":"Sensors","value":"Accelerometer, gyro, proximity, compass"}]},{"category":"Battery","specs":[{"label":"Type","value":"Li-Po 3000 mAh, removable"}]},{"category":"Misc","specs":[{"label":"Colors","value":"Pure White, Chic Pink, Aqua Blue"},{"label":"Models","value":"Z00UD, Z00UDH, Z00UDC, Z00UDB"},{"label":"Price","value":"About 280 EUR"}]}]');
INSERT OR IGNORE INTO device_pictures (device_id, url, position) VALUES (260, 'https://fdn2.gsmarena.com/vv/bigpic/asus-zenfone-selfie.jpg', 0);
INSERT OR IGNORE INTO device_pictures (device_id, url, position) VALUES (260, 'https://fdn2.gsmarena.com/vv/pics/asus/asus-zenfone-selfie-2.jpg', 1);
INSERT OR IGNORE INTO device_pictures (device_id, url, position) VALUES (260, 'https://fdn2.gsmarena.com/vv/pics/asus/asus-zenfone-selfie-3.jpg', 2);
INSERT OR IGNORE INTO device_pictures (device_id, url, position) VALUES (260, 'https://fdn2.gsmarena.com/vv/pics/asus/asus-zenfone-selfie-5.jpg', 3);
INSERT OR IGNORE INTO device_pictures (device_id, url, position) VALUES (260, 'https://fdn.gsmarena.com/imgroot//reviews/15/asus-zenfone-selfie-zd551kl/gal/-1024x768w1/gsmarena_001.jpg', 4);
INSERT OR IGNORE INTO device_pictures (device_id, url, position) VALUES (260, 'https://fdn.gsmarena.com/imgroot//reviews/15/asus-zenfone-selfie-zd551kl/gal/-1024x768w1/gsmarena_002.jpg', 5);
INSERT OR IGNORE INTO device_pictures (device_id, url, position) VALUES (260, 'https://fdn.gsmarena.com/imgroot//reviews/15/asus-zenfone-selfie-zd551kl/gal/-1024x768w1/gsmarena_003.jpg', 6);
INSERT OR IGNORE INTO device_pictures (device_id, url, position) VALUES (260, 'https://fdn.gsmarena.com/imgroot//reviews/15/asus-zenfone-selfie-zd551kl/gal/-1024x768w1/gsmarena_004.jpg', 7);
INSERT OR IGNORE INTO device_pictures (device_id, url, position) VALUES (260, 'https://fdn.gsmarena.com/imgroot//reviews/15/asus-zenfone-selfie-zd551kl/gal/-1024x768w1/gsmarena_005.jpg', 8);
INSERT OR IGNORE INTO device_pictures (device_id, url, position) VALUES (260, 'https://fdn.gsmarena.com/imgroot//reviews/15/asus-zenfone-selfie-zd551kl/gal/-1024x768w1/gsmarena_006.jpg', 9);
INSERT OR IGNORE INTO devices (id, brand_id, name, gsmarena_url, thumbnail_url, summary) VALUES (261, 2, 'Zenfone 2 ZE500CL', 'https://www.gsmarena.com/asus_zenfone_2_ze500cl-7044.php', 'https://fdn2.gsmarena.com/vv/bigpic/asus-zenfone-2-ze500cl.jpg', 'Zenfone 2 ZE500CL');
INSERT OR IGNORE INTO device_specs (device_id, announced, status, network, os, chipset, cpu, gpu, display_size, display_type, display_res, ram, storage, main_camera, selfie_camera, battery, charging, nfc, usb, bluetooth, wlan, colors, weight, dimensions, sim, sensors, popularity, fans, rating, full_specs_json) VALUES (261, '2015, March. Released 2015, March', 'Discontinued', 'GSM / HSPA / LTE / 4G/LTE', 'Android 5.0 (Lollipop), ZenUI', 'Intel Atom Z2560', 'Dual-core 1.6 GHz', 'PowerVR SGX544MP2', '5.0 inches, 68.9 cm 2 (~65.1% screen-to-body ratio)', 'IPS LCD', '720 x 1280 pixels, 16:9 ratio (~294 ppi density)', '2GB', '16GB', '8 MP, f/2.0, AF, LED flash, panorama, HDR', '2 MP, f/2.0', 'Li-Po 2500 mAh, non-removable', NULL, 'No', 'microUSB 2.0', '4.0, A2DP, EDR', 'Wi-Fi 802.11 b/g/n, Wi-Fi Direct, hotspot', 'Charcoal Black, Pearl White, Cherry Red', '155 g (5.47 oz)', '148.1 x 71.5 x 10.9 mm (5.83 x 2.81 x 0.43 in)', 'Micro-SIM', 'Accelerometer, proximity, compass', 'About 180 EUR', NULL, NULL, '[{"category":"Network","specs":[{"label":"Technology","value":"GSM / HSPA / LTE"},{"label":"2G bands","value":"GSM 850 / 900 / 1800 / 1900"},{"label":"3G bands","value":"HSDPA 850 / 900 / 1900 / 2100"},{"label":"4G bands","value":"1, 2, 3, 4, 5, 7, 8, 28 - Taiwan"},{"label":"Speed","value":"HSPA 42.2/5.76 Mbps, LTE Cat3 100/50 Mbps"}]},{"category":"Launch","specs":[{"label":"Announced","value":"2015, March. Released 2015, March"},{"label":"Status","value":"Discontinued"}]},{"category":"Body","specs":[{"label":"Dimensions","value":"148.1 x 71.5 x 10.9 mm (5.83 x 2.81 x 0.43 in)"},{"label":"Weight","value":"155 g (5.47 oz)"},{"label":"SIM","value":"Micro-SIM"}]},{"category":"Display","specs":[{"label":"Type","value":"IPS LCD"},{"label":"Size","value":"5.0 inches, 68.9 cm 2 (~65.1% screen-to-body ratio)"},{"label":"Resolution","value":"720 x 1280 pixels, 16:9 ratio (~294 ppi density)"},{"label":"Protection","value":"Corning Gorilla Glass 3"}]},{"category":"Platform","specs":[{"label":"OS","value":"Android 5.0 (Lollipop), ZenUI"},{"label":"Chipset","value":"Intel Atom Z2560"},{"label":"CPU","value":"Dual-core 1.6 GHz"},{"label":"GPU","value":"PowerVR SGX544MP2"}]},{"category":"Memory","specs":[{"label":"Card slot","value":"microSDXC (dedicated slot)"},{"label":"Internal","value":"16GB 2GB RAM"}]},{"category":"Main Camera","specs":[{"label":"Single","value":"8 MP, f/2.0, AF"},{"label":"Features","value":"LED flash, panorama, HDR"},{"label":"Video","value":"1080p@30fps"}]},{"category":"Selfie camera","specs":[{"label":"Single","value":"2 MP, f/2.0"}]},{"category":"Sound","specs":[{"label":"Loudspeaker","value":"Yes"},{"label":"3.5mm jack","value":"Yes"}]},{"category":"Comms","specs":[{"label":"WLAN","value":"Wi-Fi 802.11 b/g/n, Wi-Fi Direct, hotspot"},{"label":"Bluetooth","value":"4.0, A2DP, EDR"},{"label":"Positioning","value":"GPS, GLONASS"},{"label":"NFC","value":"No"},{"label":"USB","value":"microUSB 2.0"},{"label":"Radio","value":"FM radio"}]},{"category":"Features","specs":[{"label":"Sensors","value":"Accelerometer, proximity, compass"}]},{"category":"Battery","specs":[{"label":"Type","value":"Li-Po 2500 mAh, non-removable"},{"label":"Stand-by","value":"Up to 360 h (3G)"},{"label":"Talk time","value":"Up to 28 h (3G)"}]},{"category":"Misc","specs":[{"label":"Colors","value":"Charcoal Black, Pearl White, Cherry Red"},{"label":"Models","value":"Z00D"},{"label":"Price","value":"About 180 EUR"},{"label":"SAR EU","value":"0.43 W/kg (head)"}]}]');
INSERT OR IGNORE INTO device_pictures (device_id, url, position) VALUES (261, 'https://fdn2.gsmarena.com/vv/bigpic/asus-zenfone-2-ze500cl.jpg', 0);
INSERT OR IGNORE INTO device_pictures (device_id, url, position) VALUES (261, 'https://fdn2.gsmarena.com/vv/pics/asus/asus-zenfone-2-ze500cl.jpg', 1);
INSERT OR IGNORE INTO devices (id, brand_id, name, gsmarena_url, thumbnail_url, summary) VALUES (262, 2, 'Zenfone 2 ZE550ML', 'https://www.gsmarena.com/asus_zenfone_2_ze550ml-7120.php', 'https://fdn2.gsmarena.com/vv/bigpic/asus-zenfone-2-ze550ml.jpg', 'Zenfone 2 ZE550ML');
INSERT OR IGNORE INTO device_specs (device_id, announced, status, network, os, chipset, cpu, gpu, display_size, display_type, display_res, ram, storage, main_camera, selfie_camera, battery, charging, nfc, usb, bluetooth, wlan, colors, weight, dimensions, sim, sensors, popularity, fans, rating, full_specs_json) VALUES (262, '2015, March. Released 2015, March', 'Discontinued', 'GSM / HSPA / LTE / 4G/LTE', 'Android 5.0 (Lollipop), upgradable to 6.0 (Marshmallow), ZenUI', 'Intel Atom Z3560', 'Quad-core 1.8 GHz', 'PowerVR G6430', '5.5 inches, 83.4 cm 2 (~70.8% screen-to-body ratio)', 'IPS LCD', '720 x 1280 pixels, 16:9 ratio (~267 ppi density)', '2GB', '16GB', '13 MP, f/2.0, AF, Dual-LED dual-tone flash, panorama, HDR', '5 MP, f/2.0', 'Li-Po 3000 mAh, non-removable', NULL, 'No', 'microUSB 2.0, OTG', '4.0, A2DP, EDR', 'Wi-Fi 802.11 a/b/g/n/ac, Wi-Fi Direct, hotspot', 'Osmium Black, Glamor Red, Ceramic White', '170 g (6.00 oz)', '152.5 x 77.2 x 10.9 mm (6.00 x 3.04 x 0.43 in)', 'Dual SIM (Micro-SIM, dual stand-by)', 'Accelerometer, proximity, compass', 'About 250 EUR', NULL, NULL, '[{"category":"Network","specs":[{"label":"Technology","value":"GSM / HSPA / LTE"},{"label":"2G bands","value":"GSM 850 / 900 / 1800 / 1900 - SIM 1 & SIM 2"},{"label":"3G bands","value":"HSDPA 850 / 900 / 1900 / 2100"},{"label":"4G bands","value":"1, 2, 3, 4, 5, 8, 28 - Taiwan"},{"label":"Speed","value":"HSPA 42.2/5.76 Mbps, LTE Cat4 150/50 Mbps"}]},{"category":"Launch","specs":[{"label":"Announced","value":"2015, March. Released 2015, March"},{"label":"Status","value":"Discontinued"}]},{"category":"Body","specs":[{"label":"Dimensions","value":"152.5 x 77.2 x 10.9 mm (6.00 x 3.04 x 0.43 in)"},{"label":"Weight","value":"170 g (6.00 oz)"},{"label":"SIM","value":"Dual SIM (Micro-SIM, dual stand-by)"}]},{"category":"Display","specs":[{"label":"Type","value":"IPS LCD"},{"label":"Size","value":"5.5 inches, 83.4 cm 2 (~70.8% screen-to-body ratio)"},{"label":"Resolution","value":"720 x 1280 pixels, 16:9 ratio (~267 ppi density)"},{"label":"Protection","value":"Corning Gorilla Glass 3"}]},{"category":"Platform","specs":[{"label":"OS","value":"Android 5.0 (Lollipop), upgradable to 6.0 (Marshmallow), ZenUI"},{"label":"Chipset","value":"Intel Atom Z3560"},{"label":"CPU","value":"Quad-core 1.8 GHz"},{"label":"GPU","value":"PowerVR G6430"}]},{"category":"Memory","specs":[{"label":"Card slot","value":"microSDXC (dedicated slot)"},{"label":"Internal","value":"16GB 2GB RAM"}]},{"category":"Main Camera","specs":[{"label":"Single","value":"13 MP, f/2.0, AF"},{"label":"Features","value":"Dual-LED dual-tone flash, panorama, HDR"},{"label":"Video","value":"1080p@30fps"}]},{"category":"Selfie camera","specs":[{"label":"Single","value":"5 MP, f/2.0"}]},{"category":"Sound","specs":[{"label":"Loudspeaker","value":"Yes"},{"label":"3.5mm jack","value":"Yes"}]},{"category":"Comms","specs":[{"label":"WLAN","value":"Wi-Fi 802.11 a/b/g/n/ac, Wi-Fi Direct, hotspot"},{"label":"Bluetooth","value":"4.0, A2DP, EDR"},{"label":"Positioning","value":"GPS, GLONASS"},{"label":"NFC","value":"No"},{"label":"USB","value":"microUSB 2.0, OTG"},{"label":"Radio","value":"FM radio"}]},{"category":"Features","specs":[{"label":"Sensors","value":"Accelerometer, proximity, compass"}]},{"category":"Battery","specs":[{"label":"Type","value":"Li-Po 3000 mAh, non-removable"}]},{"category":"Misc","specs":[{"label":"Colors","value":"Osmium Black, Glamor Red, Ceramic White"},{"label":"Models","value":"Z008D, Z008"},{"label":"Price","value":"About 250 EUR"},{"label":"SAR EU","value":"0.35 W/kg (head)"}]}]');
INSERT OR IGNORE INTO device_pictures (device_id, url, position) VALUES (262, 'https://fdn2.gsmarena.com/vv/bigpic/asus-zenfone-2-ze550ml.jpg', 0);
INSERT OR IGNORE INTO device_pictures (device_id, url, position) VALUES (262, 'https://fdn2.gsmarena.com/vv/pics/asus/asus-zenfone-2-ze550ml.jpg', 1);
INSERT OR IGNORE INTO devices (id, brand_id, name, gsmarena_url, thumbnail_url, summary) VALUES (263, 2, 'Zenfone 2 ZE551ML', 'https://www.gsmarena.com/asus_zenfone_2_ze551ml-6917.php', 'https://fdn2.gsmarena.com/vv/bigpic/asus-zenfone-2-new.jpg', 'Zenfone 2 ZE551ML');
INSERT OR IGNORE INTO device_specs (device_id, announced, status, network, os, chipset, cpu, gpu, display_size, display_type, display_res, ram, storage, main_camera, selfie_camera, battery, charging, nfc, usb, bluetooth, wlan, colors, weight, dimensions, sim, sensors, popularity, fans, rating, full_specs_json) VALUES (263, '2015, January. Released 2015, March', 'Discontinued', 'GSM / HSPA / LTE / 4G/LTE', 'Android 5.0 (Lollipop), upgradable to 6.0 (Marshmallow)', 'Intel Atom Z3580 (4 GB RAM model) Intel Atom Z3560 (2 GB RAM model)', 'Quad-core 2.3 GHz (4 GB RAM model) Quad-core 1.8 GHz (2 GB RAM model)', 'PowerVR G6430', '5.5 inches, 83.4 cm 2 (~70.8% screen-to-body ratio)', 'IPS LCD', '1080 x 1920 pixels, 16:9 ratio (~401 ppi density)', '2GB', '16GB', '13 MP, f/2.0, AF, Dual-LED dual-tone flash, panorama, HDR', '5 MP, f/2.0', 'Li-Po 3000 mAh, non-removable', '18W wired, 60% in 40 min', 'Yes', 'microUSB 2.0, OTG', '4.0, A2DP, EDR', 'Wi-Fi 802.11 a/b/g/n/ac, Wi-Fi Direct, hotspot', 'Osmium Black, Sheer Gold, Glacier Gray, Glamor Red, Ceramic White', '170 g (6.00 oz)', '152.5 x 77.2 x 10.9 mm (6.00 x 3.04 x 0.43 in)', 'Dual SIM (Micro-SIM, dual stand-by)', 'Accelerometer, gyro, proximity, compass', 'About 300 EUR', NULL, NULL, '[{"category":"Network","specs":[{"label":"Technology","value":"GSM / HSPA / LTE"},{"label":"2G bands","value":"GSM 850 / 900 / 1800 / 1900 - SIM 1 & SIM 2"},{"label":"3G bands","value":"HSDPA 850 / 900 / 1900 / 2100"},{"label":"4G bands","value":"1, 2, 3, 4, 5, 8, 9, 18, 19, 28 - Taiwan"},{"label":"Speed","value":"HSPA 42.2/5.76 Mbps, LTE Cat4 150/50 Mbps"}]},{"category":"Launch","specs":[{"label":"Announced","value":"2015, January. Released 2015, March"},{"label":"Status","value":"Discontinued"}]},{"category":"Body","specs":[{"label":"Dimensions","value":"152.5 x 77.2 x 10.9 mm (6.00 x 3.04 x 0.43 in)"},{"label":"Weight","value":"170 g (6.00 oz)"},{"label":"Build","value":"Glass front (Gorilla Glass 3), plastic back, plastic frame"},{"label":"SIM","value":"Dual SIM (Micro-SIM, dual stand-by)"}]},{"category":"Display","specs":[{"label":"Type","value":"IPS LCD"},{"label":"Size","value":"5.5 inches, 83.4 cm 2 (~70.8% screen-to-body ratio)"},{"label":"Resolution","value":"1080 x 1920 pixels, 16:9 ratio (~401 ppi density)"},{"label":"Protection","value":"Corning Gorilla Glass 3"}]},{"category":"Platform","specs":[{"label":"OS","value":"Android 5.0 (Lollipop), upgradable to 6.0 (Marshmallow)"},{"label":"Chipset","value":"Intel Atom Z3580 (4 GB RAM model) Intel Atom Z3560 (2 GB RAM model)"},{"label":"CPU","value":"Quad-core 2.3 GHz (4 GB RAM model) Quad-core 1.8 GHz (2 GB RAM model)"},{"label":"GPU","value":"PowerVR G6430"}]},{"category":"Memory","specs":[{"label":"Card slot","value":"microSDXC (dedicated slot)"},{"label":"Internal","value":"16GB 2GB RAM, 32GB 2GB RAM, 32GB 4GB RAM, 64GB 4GB RAM, 128GB 4GB RAM"}]},{"category":"Main Camera","specs":[{"label":"Single","value":"13 MP, f/2.0, AF"},{"label":"Features","value":"Dual-LED dual-tone flash, panorama, HDR"},{"label":"Video","value":"1080p@30fps"}]},{"category":"Selfie camera","specs":[{"label":"Single","value":"5 MP, f/2.0"}]},{"category":"Sound","specs":[{"label":"Loudspeaker","value":"Yes"},{"label":"3.5mm jack","value":"Yes"}]},{"category":"Comms","specs":[{"label":"WLAN","value":"Wi-Fi 802.11 a/b/g/n/ac, Wi-Fi Direct, hotspot"},{"label":"Bluetooth","value":"4.0, A2DP, EDR"},{"label":"Positioning","value":"GPS, GLONASS"},{"label":"NFC","value":"Yes"},{"label":"USB","value":"microUSB 2.0, OTG"},{"label":"Radio","value":"FM radio, RDS"}]},{"category":"Features","specs":[{"label":"Sensors","value":"Accelerometer, gyro, proximity, compass"}]},{"category":"Battery","specs":[{"label":"Type","value":"Li-Po 3000 mAh, non-removable"},{"label":"Charging","value":"18W wired, 60% in 40 min"}]},{"category":"Misc","specs":[{"label":"Colors","value":"Osmium Black, Sheer Gold, Glacier Gray, Glamor Red, Ceramic White"},{"label":"Models","value":"Z00AD, Z00A"},{"label":"Price","value":"About 300 EUR"},{"label":"SAR EU","value":"0.35 W/kg (head)"}]}]');
INSERT OR IGNORE INTO device_pictures (device_id, url, position) VALUES (263, 'https://fdn2.gsmarena.com/vv/bigpic/asus-zenfone-2-new.jpg', 0);
INSERT OR IGNORE INTO device_pictures (device_id, url, position) VALUES (263, 'https://fdn2.gsmarena.com/vv/pics/asus/asus-zenfone-2-1.jpg', 1);
INSERT OR IGNORE INTO device_pictures (device_id, url, position) VALUES (263, 'https://fdn2.gsmarena.com/vv/pics/asus/asus-zenfone-2-2.jpg', 2);
INSERT OR IGNORE INTO device_pictures (device_id, url, position) VALUES (263, 'https://fdn2.gsmarena.com/vv/pics/asus/asus-zenfone-2-3.jpg', 3);
INSERT OR IGNORE INTO device_pictures (device_id, url, position) VALUES (263, 'https://fdn.gsmarena.com/vv/reviewsimg/asus-zenfone-2-ze551ml/gal/gsmarena_001.jpg', 4);
INSERT OR IGNORE INTO device_pictures (device_id, url, position) VALUES (263, 'https://fdn.gsmarena.com/vv/reviewsimg/asus-zenfone-2-ze551ml/gal/gsmarena_002.jpg', 5);
INSERT OR IGNORE INTO device_pictures (device_id, url, position) VALUES (263, 'https://fdn.gsmarena.com/vv/reviewsimg/asus-zenfone-2-ze551ml/gal/gsmarena_003.jpg', 6);
INSERT OR IGNORE INTO device_pictures (device_id, url, position) VALUES (263, 'https://fdn.gsmarena.com/vv/reviewsimg/asus-zenfone-2-ze551ml/gal/gsmarena_004.jpg', 7);
INSERT OR IGNORE INTO device_pictures (device_id, url, position) VALUES (263, 'https://fdn.gsmarena.com/vv/reviewsimg/asus-zenfone-2-ze551ml/gal/gsmarena_005.jpg', 8);
INSERT OR IGNORE INTO device_pictures (device_id, url, position) VALUES (263, 'https://fdn.gsmarena.com/vv/reviewsimg/asus-zenfone-2-ze551ml/gal/gsmarena_006.jpg', 9);
INSERT OR IGNORE INTO devices (id, brand_id, name, gsmarena_url, thumbnail_url, summary) VALUES (264, 2, 'Fonepad 7 FE375CL', 'https://www.gsmarena.com/asus_fonepad_7_fe375cl-7045.php', 'https://fdn2.gsmarena.com/vv/bigpic/asus-fonepad-7-fe375cl.jpg', 'Fonepad 7 FE375CL');
INSERT OR IGNORE INTO device_specs (device_id, announced, status, network, os, chipset, cpu, gpu, display_size, display_type, display_res, ram, storage, main_camera, selfie_camera, battery, charging, nfc, usb, bluetooth, wlan, colors, weight, dimensions, sim, sensors, popularity, fans, rating, full_specs_json) VALUES (264, '2015, February. Released 2015, March', 'Discontinued', 'GSM / HSPA / LTE / 4G/LTE', 'Android 5.0.1 (Lollipop)', 'Intel Atom Z3530', 'Quad-core 1.33 GHz', 'PowerVR G6430', '7.0 inches, 142.1 cm 2 (~67.1% screen-to-body ratio)', 'IPS LCD', '800 x 1280 pixels, 16:10 ratio (~216 ppi density)', '2GB', '8GB', '5 MP, AF', '2 MP', 'Li-Po 3950 mAh, non-removable (15 Wh)', NULL, 'No', 'microUSB 2.0, OTG', '4.0, A2DP', 'Wi-Fi 802.11 b/g/n, DLNA, hotspot', 'Black, White', '299 g (10.55 oz)', '194.3 x 108.9 x 9.8 mm (7.65 x 4.29 x 0.39 in)', 'Micro-SIM', 'Accelerometer, proximity, compass', 'About 220 EUR', NULL, NULL, '[{"category":"Network","specs":[{"label":"Technology","value":"GSM / HSPA / LTE"},{"label":"2G bands","value":"GSM 850 / 900 / 1800 / 1900"},{"label":"3G bands","value":"HSDPA 850 / 900 / 1700 / 2100"},{"label":"4G bands","value":"LTE 700 / 800 / 900 / 1700 / 1800 / 1900 / 2100"},{"label":"Speed","value":"HSPA 42.2/5.76 Mbps, LTE Cat4 150/50 Mbps"}]},{"category":"Launch","specs":[{"label":"Announced","value":"2015, February. Released 2015, March"},{"label":"Status","value":"Discontinued"}]},{"category":"Body","specs":[{"label":"Dimensions","value":"194.3 x 108.9 x 9.8 mm (7.65 x 4.29 x 0.39 in)"},{"label":"Weight","value":"299 g (10.55 oz)"},{"label":"SIM","value":"Micro-SIM"}]},{"category":"Display","specs":[{"label":"Type","value":"IPS LCD"},{"label":"Size","value":"7.0 inches, 142.1 cm 2 (~67.1% screen-to-body ratio)"},{"label":"Resolution","value":"800 x 1280 pixels, 16:10 ratio (~216 ppi density)"},{"label":"Protection","value":"Oleophobic coating"}]},{"category":"Platform","specs":[{"label":"OS","value":"Android 5.0.1 (Lollipop)"},{"label":"Chipset","value":"Intel Atom Z3530"},{"label":"CPU","value":"Quad-core 1.33 GHz"},{"label":"GPU","value":"PowerVR G6430"}]},{"category":"Memory","specs":[{"label":"Card slot","value":"microSDXC (dedicated slot)"},{"label":"Internal","value":"8GB 2GB RAM, 16GB 2GB RAM"}]},{"category":"Main Camera","specs":[{"label":"Single","value":"5 MP, AF"},{"label":"Video","value":"1080p@30fps"}]},{"category":"Selfie camera","specs":[{"label":"Single","value":"2 MP"}]},{"category":"Sound","specs":[{"label":"Loudspeaker","value":"Yes, with stereo speakers"},{"label":"3.5mm jack","value":"Yes"}]},{"category":"Comms","specs":[{"label":"WLAN","value":"Wi-Fi 802.11 b/g/n, DLNA, hotspot"},{"label":"Bluetooth","value":"4.0, A2DP"},{"label":"Positioning","value":"GPS, GLONASS"},{"label":"NFC","value":"No"},{"label":"USB","value":"microUSB 2.0, OTG"},{"label":"Radio","value":"No"}]},{"category":"Features","specs":[{"label":"Sensors","value":"Accelerometer, proximity, compass"}]},{"category":"Battery","specs":[{"label":"Type","value":"Li-Po 3950 mAh, non-removable (15 Wh)"},{"label":"Stand-by","value":"Up to 397 h (3G)"},{"label":"Talk time","value":"Up to 12 h (multimedia) (2G) / Up to 22 h 30 min (3G)"}]},{"category":"Misc","specs":[{"label":"Colors","value":"Black, White"},{"label":"Price","value":"About 220 EUR"}]}]');
INSERT OR IGNORE INTO device_pictures (device_id, url, position) VALUES (264, 'https://fdn2.gsmarena.com/vv/bigpic/asus-fonepad-7-fe375cl.jpg', 0);
INSERT OR IGNORE INTO device_pictures (device_id, url, position) VALUES (264, 'https://fdn2.gsmarena.com/vv/pics/asus/asus-fonepad-7-fe375cl.jpg', 1);
INSERT OR IGNORE INTO devices (id, brand_id, name, gsmarena_url, thumbnail_url, summary) VALUES (265, 2, 'Zenfone C ZC451CG', 'https://www.gsmarena.com/asus_zenfone_c_zc451cg-6982.php', 'https://fdn2.gsmarena.com/vv/bigpic/asus-zenfone-c.jpg', 'Zenfone C ZC451CG');
INSERT OR IGNORE INTO device_specs (device_id, announced, status, network, os, chipset, cpu, gpu, display_size, display_type, display_res, ram, storage, main_camera, selfie_camera, battery, charging, nfc, usb, bluetooth, wlan, colors, weight, dimensions, sim, sensors, popularity, fans, rating, full_specs_json) VALUES (265, '2015, January. Released 2015, February', 'Discontinued', 'GSM / HSPA', 'Android 4.4.2 (KitKat)', 'Intel Atom Z2520', 'Dual-core 1.2 GHz', 'PowerVR SGX544MP2', '4.5 inches, 55.8 cm 2 (~61.0% screen-to-body ratio)', 'IPS LCD', '480 x 854 pixels, 16:9 ratio (~218 ppi density)', '1GB', '8GB', '5 MP, f/2.0, AF, LED flash', 'VGA, f/2.8', 'Li-Ion 2100 mAh, removable', NULL, 'No', 'microUSB 2.0, OTG', '4.0, A2DP, EDR', 'Wi-Fi 802.11 b/g/n, hotspot', 'Charcoal Black, Pearl White, Cherry Red', '150 g (5.29 oz)', '136.5 x 67 x 10.9 mm (5.37 x 2.64 x 0.43 in)', 'Dual SIM (Micro-SIM, dual stand-by)', 'Accelerometer, proximity', 'About 90 EUR', NULL, NULL, '[{"category":"Network","specs":[{"label":"Technology","value":"GSM / HSPA"},{"label":"2G bands","value":"GSM 850 / 900 / 1800 / 1900 - SIM 1 & SIM 2"},{"label":"3G bands","value":"HSDPA 850 / 900 / 1900 / 2100"},{"label":"Speed","value":"HSPA 42.2/5.76 Mbps"}]},{"category":"Launch","specs":[{"label":"Announced","value":"2015, January. Released 2015, February"},{"label":"Status","value":"Discontinued"}]},{"category":"Body","specs":[{"label":"Dimensions","value":"136.5 x 67 x 10.9 mm (5.37 x 2.64 x 0.43 in)"},{"label":"Weight","value":"150 g (5.29 oz)"},{"label":"Build","value":"Glass front, plastic back, plastic frame"},{"label":"SIM","value":"Dual SIM (Micro-SIM, dual stand-by)"}]},{"category":"Display","specs":[{"label":"Type","value":"IPS LCD"},{"label":"Size","value":"4.5 inches, 55.8 cm 2 (~61.0% screen-to-body ratio)"},{"label":"Resolution","value":"480 x 854 pixels, 16:9 ratio (~218 ppi density)"},{"label":"Protection","value":"Oleophobic coating"}]},{"category":"Platform","specs":[{"label":"OS","value":"Android 4.4.2 (KitKat)"},{"label":"Chipset","value":"Intel Atom Z2520"},{"label":"CPU","value":"Dual-core 1.2 GHz"},{"label":"GPU","value":"PowerVR SGX544MP2"}]},{"category":"Memory","specs":[{"label":"Card slot","value":"microSDXC (dedicated slot)"},{"label":"Internal","value":"8GB 1GB RAM"}]},{"category":"Main Camera","specs":[{"label":"Single","value":"5 MP, f/2.0, AF"},{"label":"Features","value":"LED flash"},{"label":"Video","value":"1080p@30fps"}]},{"category":"Selfie camera","specs":[{"label":"Single","value":"VGA, f/2.8"}]},{"category":"Sound","specs":[{"label":"Loudspeaker","value":"Yes"},{"label":"3.5mm jack","value":"Yes"}]},{"category":"Comms","specs":[{"label":"WLAN","value":"Wi-Fi 802.11 b/g/n, hotspot"},{"label":"Bluetooth","value":"4.0, A2DP, EDR"},{"label":"Positioning","value":"GPS, GLONASS"},{"label":"NFC","value":"No"},{"label":"USB","value":"microUSB 2.0, OTG"},{"label":"Radio","value":"FM radio"}]},{"category":"Features","specs":[{"label":"Sensors","value":"Accelerometer, proximity"}]},{"category":"Battery","specs":[{"label":"Type","value":"Li-Ion 2100 mAh, removable"}]},{"category":"Misc","specs":[{"label":"Colors","value":"Charcoal Black, Pearl White, Cherry Red"},{"label":"Models","value":"Z007"},{"label":"Price","value":"About 90 EUR"}]}]');
INSERT OR IGNORE INTO device_pictures (device_id, url, position) VALUES (265, 'https://fdn2.gsmarena.com/vv/bigpic/asus-zenfone-c.jpg', 0);
INSERT OR IGNORE INTO device_pictures (device_id, url, position) VALUES (265, 'https://fdn2.gsmarena.com/vv/pics/asus/asus-zenfone-c.jpg', 1);
INSERT OR IGNORE INTO device_pictures (device_id, url, position) VALUES (265, 'https://fdn2.gsmarena.com/vv/pics/asus/asus-zenfone-c1.jpg', 2);
INSERT OR IGNORE INTO devices (id, brand_id, name, gsmarena_url, thumbnail_url, summary) VALUES (266, 2, 'Fonepad 7 FE171CG', 'https://www.gsmarena.com/asus_fonepad_7_fe171cg-6953.php', 'https://fdn2.gsmarena.com/vv/bigpic/asus-fonepad-7-2015.jpg', 'Fonepad 7 FE171CG');
INSERT OR IGNORE INTO device_specs (device_id, announced, status, network, os, chipset, cpu, gpu, display_size, display_type, display_res, ram, storage, main_camera, selfie_camera, battery, charging, nfc, usb, bluetooth, wlan, colors, weight, dimensions, sim, sensors, popularity, fans, rating, full_specs_json) VALUES (266, '2015, January. Released 2015, January', 'Discontinued', 'GSM / HSPA', 'Android 4.4 (KitKat)', 'Intel Atom Z2520', 'Dual-core 1.2 GHz', 'PowerVR SGX544MP2', '7.0 inches, 137.9 cm 2 (~63.6% screen-to-body ratio)', 'IPS LCD', '600 x 1024 pixels, 16:9 ratio (~170 ppi density)', '1GB', '8GB', '5 MP or 8 MP, AF, LED flash', '2 MP, 720p', 'Li-Po 3950 mAh, non-removable (15 Wh)', NULL, 'No', 'microUSB 2.0', '4.0, A2DP', 'Wi-Fi 802.11 b/g/n, DLNA, hotspot', 'Black, White, Gold, Red', '280 g (9.88 oz)', '196 x 110.6 x 7.9 mm (7.72 x 4.35 x 0.31 in)', 'Dual SIM (Micro-SIM, dual stand-by)', 'Accelerometer', 'About 160 EUR', NULL, NULL, '[{"category":"Network","specs":[{"label":"Technology","value":"GSM / HSPA"},{"label":"2G bands","value":"GSM 850 / 900 / 1800 / 1900 - SIM 1 & SIM 2"},{"label":"3G bands","value":"HSDPA 850 / 900 / 1900 / 2100"},{"label":"Speed","value":"HSPA 42.2/5.76 Mbps"}]},{"category":"Launch","specs":[{"label":"Announced","value":"2015, January. Released 2015, January"},{"label":"Status","value":"Discontinued"}]},{"category":"Body","specs":[{"label":"Dimensions","value":"196 x 110.6 x 7.9 mm (7.72 x 4.35 x 0.31 in)"},{"label":"Weight","value":"280 g (9.88 oz)"},{"label":"SIM","value":"Dual SIM (Micro-SIM, dual stand-by)"}]},{"category":"Display","specs":[{"label":"Type","value":"IPS LCD"},{"label":"Size","value":"7.0 inches, 137.9 cm 2 (~63.6% screen-to-body ratio)"},{"label":"Resolution","value":"600 x 1024 pixels, 16:9 ratio (~170 ppi density)"},{"label":"Protection","value":"Oleophobic coating"}]},{"category":"Platform","specs":[{"label":"OS","value":"Android 4.4 (KitKat)"},{"label":"Chipset","value":"Intel Atom Z2520"},{"label":"CPU","value":"Dual-core 1.2 GHz"},{"label":"GPU","value":"PowerVR SGX544MP2"}]},{"category":"Memory","specs":[{"label":"Card slot","value":"microSDXC (dedicated slot)"},{"label":"Internal","value":"8GB 1GB RAM, 16GB 2GB RAM"}]},{"category":"Main Camera","specs":[{"label":"Single","value":"5 MP or 8 MP, AF"},{"label":"Features","value":"LED flash"},{"label":"Video","value":"1080p@30fps"}]},{"category":"Selfie camera","specs":[{"label":"Single","value":"2 MP"},{"label":"Video","value":"720p"}]},{"category":"Sound","specs":[{"label":"Loudspeaker","value":"Yes"},{"label":"3.5mm jack","value":"Yes"}]},{"category":"Comms","specs":[{"label":"WLAN","value":"Wi-Fi 802.11 b/g/n, DLNA, hotspot"},{"label":"Bluetooth","value":"4.0, A2DP"},{"label":"Positioning","value":"GPS, GLONASS"},{"label":"NFC","value":"No"},{"label":"USB","value":"microUSB 2.0"},{"label":"Radio","value":"No"}]},{"category":"Features","specs":[{"label":"Sensors","value":"Accelerometer"}]},{"category":"Battery","specs":[{"label":"Type","value":"Li-Po 3950 mAh, non-removable (15 Wh)"},{"label":"Talk time","value":"Up to 11 h 30 min (multimedia) (2G) / Up to 34 h (3G)"}]},{"category":"Misc","specs":[{"label":"Colors","value":"Black, White, Gold, Red"},{"label":"Models","value":"K01N"},{"label":"Price","value":"About 160 EUR"}]}]');
INSERT OR IGNORE INTO device_pictures (device_id, url, position) VALUES (266, 'https://fdn2.gsmarena.com/vv/bigpic/asus-fonepad-7-2015.jpg', 0);
INSERT OR IGNORE INTO device_pictures (device_id, url, position) VALUES (266, 'https://fdn2.gsmarena.com/vv/pics/asus/asus-fonepad-7-2015-0.jpg', 1);
INSERT OR IGNORE INTO device_pictures (device_id, url, position) VALUES (266, 'https://fdn2.gsmarena.com/vv/pics/asus/asus-fonepad-7-2015-1.jpg', 2);
INSERT OR IGNORE INTO devices (id, brand_id, name, gsmarena_url, thumbnail_url, summary) VALUES (267, 2, 'Zenfone Zoom ZX550', 'https://www.gsmarena.com/asus_zenfone_zoom_zx550-6918.php', 'https://fdn2.gsmarena.com/vv/bigpic/asus-zenfone-zoom-zx550.jpg', 'Zenfone Zoom ZX550');
INSERT OR IGNORE INTO device_specs (device_id, announced, status, network, os, chipset, cpu, gpu, display_size, display_type, display_res, ram, storage, main_camera, selfie_camera, battery, charging, nfc, usb, bluetooth, wlan, colors, weight, dimensions, sim, sensors, popularity, fans, rating, full_specs_json) VALUES (267, '2015, January. Released 2015, December', 'Discontinued', 'GSM / HSPA / LTE / 4G/LTE', 'Android 5.0 (Lollipop), ZenUI', 'Intel Atom Z3580', 'Quad-core 2.3 GHz', 'PowerVR G6430', '5.5 inches, 82.6 cm 2 (~65.9% screen-to-body ratio)', 'IPS LCD', '1080 x 1920 pixels, 16:9 ratio (~403 ppi density)', '2GB', '16GB', '13 MP, f/2.7-4.8, 28-84mm (periscope telephoto zoom), OIS, 3x optical zoom, Laser AF, Dual-LED dual-tone flash, panorama, HDR', '5 MP, f/2.0', 'Li-Po 3000 mAh, non-removable', NULL, 'No', 'microUSB 2.0, OTG', '4.0, A2DP, EDR', 'Wi-Fi 802.11 a/b/g/n/ac, Wi-Fi Direct, hotspot', 'Meteorite black, Glacier white', '185 g (6.53 oz)', '158.9 x 78.8 x 12 mm (6.26 x 3.10 x 0.47 in)', 'Dual SIM (Micro-SIM, dual stand-by)', 'Accelerometer, gyro, proximity, compass', 'About 400 EUR', NULL, NULL, '[{"category":"Network","specs":[{"label":"Technology","value":"GSM / HSPA / LTE"},{"label":"2G bands","value":"GSM 850 / 900 / 1800 / 1900 - SIM 1 & SIM 2"},{"label":"3G bands","value":"HSDPA 850 / 900 / 1900 / 2100"},{"label":"4G bands","value":"1, 2, 3, 4, 5, 7, 8, 9, 17, 18, 19, 20, 28, 29"},{"label":"Speed","value":"HSPA 42.2/5.76 Mbps, LTE Cat4 150/50 Mbps"}]},{"category":"Launch","specs":[{"label":"Announced","value":"2015, January. Released 2015, December"},{"label":"Status","value":"Discontinued"}]},{"category":"Body","specs":[{"label":"Dimensions","value":"158.9 x 78.8 x 12 mm (6.26 x 3.10 x 0.47 in)"},{"label":"Weight","value":"185 g (6.53 oz)"},{"label":"SIM","value":"Dual SIM (Micro-SIM, dual stand-by)"}]},{"category":"Display","specs":[{"label":"Type","value":"IPS LCD"},{"label":"Size","value":"5.5 inches, 82.6 cm 2 (~65.9% screen-to-body ratio)"},{"label":"Resolution","value":"1080 x 1920 pixels, 16:9 ratio (~403 ppi density)"},{"label":"Protection","value":"Corning Gorilla Glass 3"}]},{"category":"Platform","specs":[{"label":"OS","value":"Android 5.0 (Lollipop), ZenUI"},{"label":"Chipset","value":"Intel Atom Z3580"},{"label":"CPU","value":"Quad-core 2.3 GHz"},{"label":"GPU","value":"PowerVR G6430"}]},{"category":"Memory","specs":[{"label":"Card slot","value":"microSDXC (dedicated slot)"},{"label":"Internal","value":"16GB 2GB RAM, 32GB 2GB RAM, 64GB 2GB RAM, 128GB 4GB RAM"}]},{"category":"Main Camera","specs":[{"label":"Single","value":"13 MP, f/2.7-4.8, 28-84mm (periscope telephoto zoom), OIS, 3x optical zoom"},{"label":"Features","value":"Laser AF, Dual-LED dual-tone flash, panorama, HDR"},{"label":"Video","value":"1080p@30fps"}]},{"category":"Selfie camera","specs":[{"label":"Single","value":"5 MP, f/2.0"}]},{"category":"Sound","specs":[{"label":"Loudspeaker","value":"Yes"},{"label":"3.5mm jack","value":"Yes"}]},{"category":"Comms","specs":[{"label":"WLAN","value":"Wi-Fi 802.11 a/b/g/n/ac, Wi-Fi Direct, hotspot"},{"label":"Bluetooth","value":"4.0, A2DP, EDR"},{"label":"Positioning","value":"GPS, GLONASS"},{"label":"NFC","value":"No"},{"label":"USB","value":"microUSB 2.0, OTG"},{"label":"Radio","value":"No"}]},{"category":"Features","specs":[{"label":"Sensors","value":"Accelerometer, gyro, proximity, compass"}]},{"category":"Battery","specs":[{"label":"Type","value":"Li-Po 3000 mAh, non-removable"}]},{"category":"Misc","specs":[{"label":"Colors","value":"Meteorite black, Glacier white"},{"label":"Price","value":"About 400 EUR"}]}]');
INSERT OR IGNORE INTO device_pictures (device_id, url, position) VALUES (267, 'https://fdn2.gsmarena.com/vv/bigpic/asus-zenfone-zoom-zx550.jpg', 0);
INSERT OR IGNORE INTO device_pictures (device_id, url, position) VALUES (267, 'https://fdn2.gsmarena.com/vv/pics/asus/asus-zenfone-zoom-1.jpg', 1);
INSERT OR IGNORE INTO device_pictures (device_id, url, position) VALUES (267, 'https://fdn2.gsmarena.com/vv/pics/asus/asus-zenfone-zoom-2.jpg', 2);
INSERT OR IGNORE INTO devices (id, brand_id, name, gsmarena_url, thumbnail_url, summary) VALUES (268, 2, 'Pegasus', 'https://www.gsmarena.com/asus_pegasus-6897.php', 'https://fdn2.gsmarena.com/vv/bigpic/asus-x002.jpg', 'Pegasus');
INSERT OR IGNORE INTO device_specs (device_id, announced, status, network, os, chipset, cpu, gpu, display_size, display_type, display_res, ram, storage, main_camera, selfie_camera, battery, charging, nfc, usb, bluetooth, wlan, colors, weight, dimensions, sim, sensors, popularity, fans, rating, full_specs_json) VALUES (268, '2014, December. Released 2015, May', 'Discontinued', 'GSM / LTE / 4G/LTE', 'Android 4.4 (KitKat)', 'Mediatek MT6732 (28 nm)', 'Quad-core 1.5 GHz Cortex-A53', 'Mali-T760MP2', '5.0 inches, 68.9 cm 2 (~64.7% screen-to-body ratio)', 'IPS LCD', '720 x 1280 pixels, 16:9 ratio (~294 ppi density)', '2GB', '8GB', '8 MP, f/2.0, AF, LED flash, panorama', '5 MP, f/2.2', 'Li-Po 2500 mAh, removable', NULL, 'No', 'microUSB 2.0', '4.0, A2DP', 'Wi-Fi 802.11 b/g/n, hotspot', 'Black, White, Red, Gold', '140 g (4.94 oz)', '146 x 73 x 9.9 mm (5.75 x 2.87 x 0.39 in)', 'Dual SIM (Micro-SIM, dual stand-by)', 'Accelerometer, proximity, compass', 'About 80 EUR', NULL, NULL, '[{"category":"Network","specs":[{"label":"Technology","value":"GSM / LTE"},{"label":"2G bands","value":"GSM 900 / 1800 / 1900 - SIM 1 & SIM 2"},{"label":"3G bands","value":"TD-SCDMA"},{"label":"4G bands","value":"38, 39, 40"},{"label":"Speed","value":"TD-SCDMA, TD-LTE"},{"label":"GPRS","value":"Yes"},{"label":"EDGE","value":"Yes"}]},{"category":"Launch","specs":[{"label":"Announced","value":"2014, December. Released 2015, May"},{"label":"Status","value":"Discontinued"}]},{"category":"Body","specs":[{"label":"Dimensions","value":"146 x 73 x 9.9 mm (5.75 x 2.87 x 0.39 in)"},{"label":"Weight","value":"140 g (4.94 oz)"},{"label":"SIM","value":"Dual SIM (Micro-SIM, dual stand-by)"}]},{"category":"Display","specs":[{"label":"Type","value":"IPS LCD"},{"label":"Size","value":"5.0 inches, 68.9 cm 2 (~64.7% screen-to-body ratio)"},{"label":"Resolution","value":"720 x 1280 pixels, 16:9 ratio (~294 ppi density)"}]},{"category":"Platform","specs":[{"label":"OS","value":"Android 4.4 (KitKat)"},{"label":"Chipset","value":"Mediatek MT6732 (28 nm)"},{"label":"CPU","value":"Quad-core 1.5 GHz Cortex-A53"},{"label":"GPU","value":"Mali-T760MP2"}]},{"category":"Memory","specs":[{"label":"Card slot","value":"microSDHC (dedicated slot)"},{"label":"Internal","value":"8GB 2GB RAM, 16GB 2GB RAM"}]},{"category":"Main Camera","specs":[{"label":"Single","value":"8 MP, f/2.0, AF"},{"label":"Features","value":"LED flash, panorama"},{"label":"Video","value":"Yes"}]},{"category":"Selfie camera","specs":[{"label":"Single","value":"5 MP, f/2.2"}]},{"category":"Sound","specs":[{"label":"Loudspeaker","value":"Yes"},{"label":"3.5mm jack","value":"Yes"}]},{"category":"Comms","specs":[{"label":"WLAN","value":"Wi-Fi 802.11 b/g/n, hotspot"},{"label":"Bluetooth","value":"4.0, A2DP"},{"label":"Positioning","value":"GPS"},{"label":"NFC","value":"No"},{"label":"USB","value":"microUSB 2.0"},{"label":"Radio","value":"No"}]},{"category":"Features","specs":[{"label":"Sensors","value":"Accelerometer, proximity, compass"}]},{"category":"Battery","specs":[{"label":"Type","value":"Li-Po 2500 mAh, removable"},{"label":"Stand-by","value":"Up to 174 h (3G)"},{"label":"Talk time","value":"Up to 17 h 40 min (3G)"}]},{"category":"Misc","specs":[{"label":"Colors","value":"Black, White, Red, Gold"},{"label":"Models","value":"X003"},{"label":"Price","value":"About 80 EUR"}]}]');
INSERT OR IGNORE INTO device_pictures (device_id, url, position) VALUES (268, 'https://fdn2.gsmarena.com/vv/bigpic/asus-x002.jpg', 0);
INSERT OR IGNORE INTO device_pictures (device_id, url, position) VALUES (268, 'https://fdn2.gsmarena.com/vv/pics/asus/asus-x002-2.jpg', 1);
INSERT OR IGNORE INTO device_pictures (device_id, url, position) VALUES (268, 'https://fdn2.gsmarena.com/vv/pics/asus/asus-x002-1.jpg', 2);
INSERT OR IGNORE INTO devices (id, brand_id, name, gsmarena_url, thumbnail_url, summary) VALUES (269, 2, 'Zenfone 5 Lite A502CG (2014)', 'https://www.gsmarena.com/asus_zenfone_5_lite_a502cg_(2014)-6813.php', 'https://fdn2.gsmarena.com/vv/bigpic/asus-zenphone-5-lite.jpg', 'Zenfone 5 Lite A502CG (2014)');
INSERT OR IGNORE INTO device_specs (device_id, announced, status, network, os, chipset, cpu, gpu, display_size, display_type, display_res, ram, storage, main_camera, selfie_camera, battery, charging, nfc, usb, bluetooth, wlan, colors, weight, dimensions, sim, sensors, popularity, fans, rating, full_specs_json) VALUES (269, '2014, November. Released 2014, November', 'Discontinued', 'GSM / HSPA', 'Android 4.4.2 (KitKat)', 'Intel Atom Z2520', 'Dual-core 1.2 GHz', 'PowerVR SGX544MP2', '5.0 inches, 68.9 cm 2 (~63.9% screen-to-body ratio)', 'IPS LCD', '540 x 960 pixels, 16:9 ratio (~220 ppi density)', '1GB', '1GB', '8 MP, AF, LED flash, panorama', 'VGA', 'Li-Po 2500 mAh, non-removable', NULL, 'No', 'microUSB 2.0, OTG', '4.0, A2DP, EDR', 'Wi-Fi 802.11 b/g/n, hotspot', 'Charcoal Black, Pearl White, Cherry Red', '160 g (5.64 oz)', '148.2 x 72.8 x 10.8 mm (5.83 x 2.87 x 0.43 in)', 'Dual SIM (Micro-SIM, dual stand-by)', 'Accelerometer, proximity, compass', 'About 100 EUR', NULL, NULL, '[{"category":"Network","specs":[{"label":"Technology","value":"GSM / HSPA"},{"label":"2G bands","value":"GSM 850 / 900 / 1800 / 1900 - SIM 1 & SIM 2"},{"label":"3G bands","value":"HSDPA 850 / 900 / 1900 / 2100"},{"label":"Speed","value":"HSPA 42.2/5.76 Mbps"}]},{"category":"Launch","specs":[{"label":"Announced","value":"2014, November. Released 2014, November"},{"label":"Status","value":"Discontinued"}]},{"category":"Body","specs":[{"label":"Dimensions","value":"148.2 x 72.8 x 10.8 mm (5.83 x 2.87 x 0.43 in)"},{"label":"Weight","value":"160 g (5.64 oz)"},{"label":"SIM","value":"Dual SIM (Micro-SIM, dual stand-by)"}]},{"category":"Display","specs":[{"label":"Type","value":"IPS LCD"},{"label":"Size","value":"5.0 inches, 68.9 cm 2 (~63.9% screen-to-body ratio)"},{"label":"Resolution","value":"540 x 960 pixels, 16:9 ratio (~220 ppi density)"},{"label":"Protection","value":"Oleophobic coating"}]},{"category":"Platform","specs":[{"label":"OS","value":"Android 4.4.2 (KitKat)"},{"label":"Chipset","value":"Intel Atom Z2520"},{"label":"CPU","value":"Dual-core 1.2 GHz"},{"label":"GPU","value":"PowerVR SGX544MP2"}]},{"category":"Memory","specs":[{"label":"Card slot","value":"microSDXC (dedicated slot)"},{"label":"Internal","value":"1GB RAM"}]},{"category":"Main Camera","specs":[{"label":"Single","value":"8 MP, AF"},{"label":"Features","value":"LED flash, panorama"},{"label":"Video","value":"720p@30fps"}]},{"category":"Selfie camera","specs":[{"label":"Single","value":"VGA"}]},{"category":"Sound","specs":[{"label":"Loudspeaker","value":"Yes"},{"label":"3.5mm jack","value":"Yes"}]},{"category":"Comms","specs":[{"label":"WLAN","value":"Wi-Fi 802.11 b/g/n, hotspot"},{"label":"Bluetooth","value":"4.0, A2DP, EDR"},{"label":"Positioning","value":"GPS, GLONASS"},{"label":"NFC","value":"No"},{"label":"USB","value":"microUSB 2.0, OTG"},{"label":"Radio","value":"FM radio"}]},{"category":"Features","specs":[{"label":"Sensors","value":"Accelerometer, proximity, compass"}]},{"category":"Battery","specs":[{"label":"Type","value":"Li-Po 2500 mAh, non-removable"},{"label":"Stand-by","value":"Up to 424 h (3G)"},{"label":"Talk time","value":"Up to 21 h 40 min (3G)"}]},{"category":"Misc","specs":[{"label":"Colors","value":"Charcoal Black, Pearl White, Cherry Red"},{"label":"Models","value":"T00K"},{"label":"Price","value":"About 100 EUR"}]}]');
INSERT OR IGNORE INTO device_pictures (device_id, url, position) VALUES (269, 'https://fdn2.gsmarena.com/vv/bigpic/asus-zenphone-5-lite.jpg', 0);
INSERT OR IGNORE INTO device_pictures (device_id, url, position) VALUES (269, 'https://fdn2.gsmarena.com/vv/pics/asus/asus-zenphone-5-lite.jpg', 1);
INSERT OR IGNORE INTO devices (id, brand_id, name, gsmarena_url, thumbnail_url, summary) VALUES (270, 2, 'Memo Pad 10 ME103K', 'https://www.gsmarena.com/asus_memo_pad_10_me103k-6751.php', 'https://fdn2.gsmarena.com/vv/bigpic/asus-memo-pad-10-me103k.jpg', 'Memo Pad 10 ME103K');
INSERT OR IGNORE INTO device_specs (device_id, announced, status, network, os, chipset, cpu, gpu, display_size, display_type, display_res, ram, storage, main_camera, selfie_camera, battery, charging, nfc, usb, bluetooth, wlan, colors, weight, dimensions, sim, sensors, popularity, fans, rating, full_specs_json) VALUES (270, '2014, October. Released 2014, November', 'Discontinued', 'No cellular connectivity', 'Android 4.4.2 (KitKat)', 'Qualcomm Snapdragon S4 Pro', 'Quad-core 1.4 GHz Krait', 'Adreno 320', '10.1 inches, 295.8 cm 2 (~66.4% screen-to-body ratio)', 'IPS LCD', '800 x 1280 pixels, 16:10 ratio (~149 ppi density)', '1GB', '8GB', '5 MP or 2 MP', 'VGA', 'Li-Po 5000 mAh, non-removable (19 Wh)', NULL, 'No', 'microUSB 2.0', '4.0, A2DP', 'Wi-Fi 802.11 b/g/n', 'White, Black', '525 g (1.16 lb)', '256 x 174 x 9.9 mm (10.08 x 6.85 x 0.39 in)', 'No', 'Accelerometer, compass', 'About 200 EUR', NULL, NULL, '[{"category":"Network","specs":[{"label":"Technology","value":"No cellular connectivity"},{"label":"2G bands","value":"N/A"},{"label":"GPRS","value":"No"},{"label":"EDGE","value":"No"}]},{"category":"Launch","specs":[{"label":"Announced","value":"2014, October. Released 2014, November"},{"label":"Status","value":"Discontinued"}]},{"category":"Body","specs":[{"label":"Dimensions","value":"256 x 174 x 9.9 mm (10.08 x 6.85 x 0.39 in)"},{"label":"Weight","value":"525 g (1.16 lb)"},{"label":"SIM","value":"No"}]},{"category":"Display","specs":[{"label":"Type","value":"IPS LCD"},{"label":"Size","value":"10.1 inches, 295.8 cm 2 (~66.4% screen-to-body ratio)"},{"label":"Resolution","value":"800 x 1280 pixels, 16:10 ratio (~149 ppi density)"},{"label":"Protection","value":"Oleophobic coating"}]},{"category":"Platform","specs":[{"label":"OS","value":"Android 4.4.2 (KitKat)"},{"label":"Chipset","value":"Qualcomm Snapdragon S4 Pro"},{"label":"CPU","value":"Quad-core 1.4 GHz Krait"},{"label":"GPU","value":"Adreno 320"}]},{"category":"Memory","specs":[{"label":"Card slot","value":"microSDXC (dedicated slot)"},{"label":"Internal","value":"8GB 1GB RAM, 16GB 1GB RAM, 32GB 1GB RAM"}]},{"category":"Main Camera","specs":[{"label":"Single","value":"5 MP or 2 MP"}]},{"category":"Selfie camera","specs":[{"label":"Single","value":"VGA"}]},{"category":"Sound","specs":[{"label":"Loudspeaker","value":"Yes, with stereo speakers"},{"label":"3.5mm jack","value":"Yes"}]},{"category":"Comms","specs":[{"label":"WLAN","value":"Wi-Fi 802.11 b/g/n"},{"label":"Bluetooth","value":"4.0, A2DP"},{"label":"Positioning","value":"GPS, GLONASS"},{"label":"NFC","value":"No"},{"label":"USB","value":"microUSB 2.0"},{"label":"Radio","value":"No"}]},{"category":"Features","specs":[{"label":"Sensors","value":"Accelerometer, compass"}]},{"category":"Battery","specs":[{"label":"Type","value":"Li-Po 5000 mAh, non-removable (19 Wh)"},{"label":"Talk time","value":"Up to 9 h 30 min (multimedia)"}]},{"category":"Misc","specs":[{"label":"Colors","value":"White, Black"},{"label":"Price","value":"About 200 EUR"}]}]');
INSERT OR IGNORE INTO device_pictures (device_id, url, position) VALUES (270, 'https://fdn2.gsmarena.com/vv/bigpic/asus-memo-pad-10-me103k.jpg', 0);
INSERT OR IGNORE INTO device_pictures (device_id, url, position) VALUES (270, 'https://fdn2.gsmarena.com/vv/pics/asus/asus-memo-pad-10-me103k-1.jpg', 1);
INSERT OR IGNORE INTO device_pictures (device_id, url, position) VALUES (270, 'https://fdn2.gsmarena.com/vv/pics/asus/asus-memo-pad-10-me103k-2.jpg', 2);
INSERT OR IGNORE INTO device_pictures (device_id, url, position) VALUES (270, 'https://fdn2.gsmarena.com/vv/pics/asus/asus-memo-pad-10-me103k-3.jpg', 3);
INSERT OR IGNORE INTO devices (id, brand_id, name, gsmarena_url, thumbnail_url, summary) VALUES (271, 2, 'PadFone X mini', 'https://www.gsmarena.com/asus_padfone_x_mini-6737.php', 'https://fdn2.gsmarena.com/vv/bigpic/asus-padfone-x-mini.jpg', 'PadFone X mini');
INSERT OR IGNORE INTO device_specs (device_id, announced, status, network, os, chipset, cpu, gpu, display_size, display_type, display_res, ram, storage, main_camera, selfie_camera, battery, charging, nfc, usb, bluetooth, wlan, colors, weight, dimensions, sim, sensors, popularity, fans, rating, full_specs_json) VALUES (271, '2014, October. Released 2014, October', 'Discontinued', 'GSM / HSPA / LTE / 4G/LTE', 'Android 4.4.2 (KitKat)', 'Intel Atom Z2560', 'Dual-core 1.6 GHz', 'PowerVR SGX544MP2', '4.5 inches, 55.8 cm 2 (~63.7% screen-to-body ratio)', 'IPS+ LCD', '480 x 854 pixels, 16:9 ratio (~218 ppi density)', '1GB', '8GB', '5 MP, AF, LED flash', '2 MP', 'Li-Ion 2060 mAh, removable', NULL, 'No', 'microUSB 2.0', '4.0, A2DP', 'Wi-Fi 802.11 b/g/n, hotspot', 'Black', '148.8 g (5.22 oz)', '132.1 x 66.3 x 12.7 mm (5.20 x 2.61 x 0.5 in)', 'Micro-SIM', 'Accelerometer, proximity', 'About 160 EUR', NULL, NULL, '[{"category":"Network","specs":[{"label":"Technology","value":"GSM / HSPA / LTE"},{"label":"2G bands","value":"GSM 850 / 900 / 1800 / 1900"},{"label":"3G bands","value":"HSDPA 850 / 1900 / 2100"},{"label":"4G bands","value":"2, 4, 5, 17"},{"label":"Speed","value":"HSPA 21.1/5.76 Mbps, LTE Cat3 100/50 Mbps"}]},{"category":"Launch","specs":[{"label":"Announced","value":"2014, October. Released 2014, October"},{"label":"Status","value":"Discontinued"}]},{"category":"Body","specs":[{"label":"Dimensions","value":"132.1 x 66.3 x 12.7 mm (5.20 x 2.61 x 0.5 in)"},{"label":"Weight","value":"148.8 g (5.22 oz)"},{"label":"SIM","value":"Micro-SIM"}]},{"category":"Display","specs":[{"label":"Type","value":"IPS+ LCD"},{"label":"Size","value":"4.5 inches, 55.8 cm 2 (~63.7% screen-to-body ratio)"},{"label":"Resolution","value":"480 x 854 pixels, 16:9 ratio (~218 ppi density)"}]},{"category":"Platform","specs":[{"label":"OS","value":"Android 4.4.2 (KitKat)"},{"label":"Chipset","value":"Intel Atom Z2560"},{"label":"CPU","value":"Dual-core 1.6 GHz"},{"label":"GPU","value":"PowerVR SGX544MP2"}]},{"category":"Memory","specs":[{"label":"Card slot","value":"microSDXC (dedicated slot)"},{"label":"Internal","value":"8GB 1GB RAM"}]},{"category":"Main Camera","specs":[{"label":"Single","value":"5 MP, AF"},{"label":"Features","value":"LED flash"},{"label":"Video","value":"1080p@30fps"}]},{"category":"Selfie camera","specs":[{"label":"Single","value":"2 MP"}]},{"category":"Sound","specs":[{"label":"Loudspeaker","value":"Yes"},{"label":"3.5mm jack","value":"Yes"}]},{"category":"Comms","specs":[{"label":"WLAN","value":"Wi-Fi 802.11 b/g/n, hotspot"},{"label":"Bluetooth","value":"4.0, A2DP"},{"label":"Positioning","value":"GPS"},{"label":"NFC","value":"No"},{"label":"USB","value":"microUSB 2.0"},{"label":"Radio","value":"FM radio"}]},{"category":"Features","specs":[{"label":"Sensors","value":"Accelerometer, proximity"}]},{"category":"Battery","specs":[{"label":"Type","value":"Li-Ion 2060 mAh, removable"},{"label":"Stand-by","value":"Up to 360 h (3G)"},{"label":"Talk time","value":"Up to 15 h 40 min (3G)"}]},{"category":"Misc","specs":[{"label":"Colors","value":"Black"},{"label":"Price","value":"About 160 EUR"}]}]');
INSERT OR IGNORE INTO device_pictures (device_id, url, position) VALUES (271, 'https://fdn2.gsmarena.com/vv/bigpic/asus-padfone-x-mini.jpg', 0);
INSERT OR IGNORE INTO device_pictures (device_id, url, position) VALUES (271, 'https://fdn2.gsmarena.com/vv/pics/asus/asus-padfone-x-mini-2.jpg', 1);
INSERT OR IGNORE INTO device_pictures (device_id, url, position) VALUES (271, 'https://fdn2.gsmarena.com/vv/pics/asus/asus-padfone-x-mini-1.jpg', 2);
INSERT OR IGNORE INTO devices (id, brand_id, name, gsmarena_url, thumbnail_url, summary) VALUES (272, 2, 'Memo Pad 7 ME572CL', 'https://www.gsmarena.com/asus_memo_pad_7_me572cl-6630.php', 'https://fdn2.gsmarena.com/vv/bigpic/asus-memo-pad-7.jpg', 'Memo Pad 7 ME572CL');
INSERT OR IGNORE INTO device_specs (device_id, announced, status, network, os, chipset, cpu, gpu, display_size, display_type, display_res, ram, storage, main_camera, selfie_camera, battery, charging, nfc, usb, bluetooth, wlan, colors, weight, dimensions, sim, sensors, popularity, fans, rating, full_specs_json) VALUES (272, '2014, September. Released 2014, November', 'Discontinued', 'GSM / HSPA / LTE / 4G/LTE', 'Android 4.4.2 (KitKat)', 'Intel Atom Z3560', 'Quad-core 1.83 GHz', 'PowerVR G6430', '7.0 inches, 142.1 cm 2 (~62.1% screen-to-body ratio)', 'IPS LCD', '1200 x 1920 pixels, 16:10 ratio (~323 ppi density)', '2GB', '16GB', '5 MP', '2 MP', 'Li-Po 3950 mAh, non-removable (15 Wh)', NULL, 'Yes', 'microUSB 2.0', '4.0, A2DP', 'Wi-Fi 802.11 a/b/g/n/ac, dual-band,  hotspot', 'Burgundy Red, Champagne Gold,Gentle Black', '279 g (9.84 oz)', '200 x 114.4 x 8.3 mm (7.87 x 4.50 x 0.33 in)', 'Micro-SIM', 'Accelerometer, gyro, compass', 'About 240 EUR', NULL, NULL, '[{"category":"Network","specs":[{"label":"Technology","value":"GSM / HSPA / LTE"},{"label":"2G bands","value":"GSM 850 / 900 / 1800 / 1900"},{"label":"3G bands","value":"HSDPA 800 / 850 / 1700 / 1900 / 2100"},{"label":"4G bands","value":"LTE 800 / 850 / 1700 / 1800 / 1900 / 2100 / 2600"},{"label":"Speed","value":"HSPA 42.2/5.76 Mbps, LTE Cat4 150/50 Mbps"}]},{"category":"Launch","specs":[{"label":"Announced","value":"2014, September. Released 2014, November"},{"label":"Status","value":"Discontinued"}]},{"category":"Body","specs":[{"label":"Dimensions","value":"200 x 114.4 x 8.3 mm (7.87 x 4.50 x 0.33 in)"},{"label":"Weight","value":"279 g (9.84 oz)"},{"label":"SIM","value":"Micro-SIM"}]},{"category":"Display","specs":[{"label":"Type","value":"IPS LCD"},{"label":"Size","value":"7.0 inches, 142.1 cm 2 (~62.1% screen-to-body ratio)"},{"label":"Resolution","value":"1200 x 1920 pixels, 16:10 ratio (~323 ppi density)"}]},{"category":"Platform","specs":[{"label":"OS","value":"Android 4.4.2 (KitKat)"},{"label":"Chipset","value":"Intel Atom Z3560"},{"label":"CPU","value":"Quad-core 1.83 GHz"},{"label":"GPU","value":"PowerVR G6430"}]},{"category":"Memory","specs":[{"label":"Card slot","value":"microSDXC (dedicated slot)"},{"label":"Internal","value":"16GB 2GB RAM, 32GB 2GB RAM"}]},{"category":"Main Camera","specs":[{"label":"Single","value":"5 MP"},{"label":"Video","value":"Yes"}]},{"category":"Selfie camera","specs":[{"label":"Single","value":"2 MP"}]},{"category":"Sound","specs":[{"label":"Loudspeaker","value":"Yes, with stereo speakers"},{"label":"3.5mm jack","value":"Yes"}]},{"category":"Comms","specs":[{"label":"WLAN","value":"Wi-Fi 802.11 a/b/g/n/ac, dual-band,  hotspot"},{"label":"Bluetooth","value":"4.0, A2DP"},{"label":"Positioning","value":"GPS, GLONASS"},{"label":"NFC","value":"Yes"},{"label":"USB","value":"microUSB 2.0"},{"label":"Radio","value":"No"}]},{"category":"Features","specs":[{"label":"Sensors","value":"Accelerometer, gyro, compass"}]},{"category":"Battery","specs":[{"label":"Type","value":"Li-Po 3950 mAh, non-removable (15 Wh)"}]},{"category":"Misc","specs":[{"label":"Colors","value":"Burgundy Red, Champagne Gold,Gentle Black"},{"label":"Price","value":"About 240 EUR"}]}]');
INSERT OR IGNORE INTO device_pictures (device_id, url, position) VALUES (272, 'https://fdn2.gsmarena.com/vv/bigpic/asus-memo-pad-7.jpg', 0);
INSERT OR IGNORE INTO device_pictures (device_id, url, position) VALUES (272, 'https://fdn2.gsmarena.com/vv/pics/asus/asus-memo-pad-7-01.jpg', 1);
INSERT OR IGNORE INTO device_pictures (device_id, url, position) VALUES (272, 'https://fdn2.gsmarena.com/vv/pics/asus/asus-memo-pad-7-02.jpg', 2);
INSERT OR IGNORE INTO devices (id, brand_id, name, gsmarena_url, thumbnail_url, summary) VALUES (273, 2, 'Memo Pad 7 ME572C', 'https://www.gsmarena.com/asus_memo_pad_7_me572c-6629.php', 'https://fdn2.gsmarena.com/vv/bigpic/asus-memo-pad-7.jpg', 'Memo Pad 7 ME572C');
INSERT OR IGNORE INTO device_specs (device_id, announced, status, network, os, chipset, cpu, gpu, display_size, display_type, display_res, ram, storage, main_camera, selfie_camera, battery, charging, nfc, usb, bluetooth, wlan, colors, weight, dimensions, sim, sensors, popularity, fans, rating, full_specs_json) VALUES (273, '2014, September. Released 2014, November', 'Discontinued', 'No cellular connectivity', 'Android 4.4.2 (KitKat)', 'Intel Atom Z3560', 'Quad-core 1.83 GHz', 'PowerVR G6430', '7.0 inches, 142.1 cm 2 (~62.1% screen-to-body ratio)', 'IPS LCD', '1200 x 1920 pixels, 16:10 ratio (~323 ppi density)', '2GB', '16GB', '5 MP', '2 MP', 'Li-Po 3950 mAh, non-removable (15 Wh)', NULL, 'Yes', 'microUSB 2.0, OTG', '4.0, A2DP', 'Wi-Fi 802.11 b/g/n,  hotspot', 'Burgundy Red, Champagne Gold,Gentle Black', '269 g (9.49 oz)', '200 x 114.4 x 8.3 mm (7.87 x 4.50 x 0.33 in)', 'No', 'Accelerometer, gyro, compass', 'About 240 EUR', NULL, NULL, '[{"category":"Network","specs":[{"label":"Technology","value":"No cellular connectivity"},{"label":"GPRS","value":"Yes"},{"label":"EDGE","value":"Yes"}]},{"category":"Launch","specs":[{"label":"Announced","value":"2014, September. Released 2014, November"},{"label":"Status","value":"Discontinued"}]},{"category":"Body","specs":[{"label":"Dimensions","value":"200 x 114.4 x 8.3 mm (7.87 x 4.50 x 0.33 in)"},{"label":"Weight","value":"269 g (9.49 oz)"},{"label":"SIM","value":"No"}]},{"category":"Display","specs":[{"label":"Type","value":"IPS LCD"},{"label":"Size","value":"7.0 inches, 142.1 cm 2 (~62.1% screen-to-body ratio)"},{"label":"Resolution","value":"1200 x 1920 pixels, 16:10 ratio (~323 ppi density)"}]},{"category":"Platform","specs":[{"label":"OS","value":"Android 4.4.2 (KitKat)"},{"label":"Chipset","value":"Intel Atom Z3560"},{"label":"CPU","value":"Quad-core 1.83 GHz"},{"label":"GPU","value":"PowerVR G6430"}]},{"category":"Memory","specs":[{"label":"Card slot","value":"microSDXC (dedicated slot)"},{"label":"Internal","value":"16GB 2GB RAM, 32GB 2GB RAM"}]},{"category":"Main Camera","specs":[{"label":"Single","value":"5 MP"},{"label":"Video","value":"Yes"}]},{"category":"Selfie camera","specs":[{"label":"Single","value":"2 MP"}]},{"category":"Sound","specs":[{"label":"Loudspeaker","value":"Yes, with stereo speakers"},{"label":"3.5mm jack","value":"Yes"}]},{"category":"Comms","specs":[{"label":"WLAN","value":"Wi-Fi 802.11 b/g/n,  hotspot"},{"label":"Bluetooth","value":"4.0, A2DP"},{"label":"Positioning","value":"GPS, GLONASS"},{"label":"NFC","value":"Yes"},{"label":"USB","value":"microUSB 2.0, OTG"},{"label":"Radio","value":"No"}]},{"category":"Features","specs":[{"label":"Sensors","value":"Accelerometer, gyro, compass"}]},{"category":"Battery","specs":[{"label":"Type","value":"Li-Po 3950 mAh, non-removable (15 Wh)"}]},{"category":"Misc","specs":[{"label":"Colors","value":"Burgundy Red, Champagne Gold,Gentle Black"},{"label":"Price","value":"About 240 EUR"}]}]');
INSERT OR IGNORE INTO device_pictures (device_id, url, position) VALUES (273, 'https://fdn2.gsmarena.com/vv/bigpic/asus-memo-pad-7.jpg', 0);
INSERT OR IGNORE INTO device_pictures (device_id, url, position) VALUES (273, 'https://fdn2.gsmarena.com/vv/pics/asus/asus-memo-pad-7-01.jpg', 1);
INSERT OR IGNORE INTO device_pictures (device_id, url, position) VALUES (273, 'https://fdn2.gsmarena.com/vv/pics/asus/asus-memo-pad-7-02.jpg', 2);
INSERT OR IGNORE INTO device_pictures (device_id, url, position) VALUES (273, 'https://fdn.gsmarena.com/vv/reviewsimg/asus-memo-pad-7-me572c/gal/gsmarena_001.jpg', 3);
INSERT OR IGNORE INTO device_pictures (device_id, url, position) VALUES (273, 'https://fdn.gsmarena.com/vv/reviewsimg/asus-memo-pad-7-me572c/gal/gsmarena_002.jpg', 4);
INSERT OR IGNORE INTO device_pictures (device_id, url, position) VALUES (273, 'https://fdn.gsmarena.com/vv/reviewsimg/asus-memo-pad-7-me572c/gal/gsmarena_003.jpg', 5);
INSERT OR IGNORE INTO device_pictures (device_id, url, position) VALUES (273, 'https://fdn.gsmarena.com/vv/reviewsimg/asus-memo-pad-7-me572c/gal/gsmarena_004.jpg', 6);
INSERT OR IGNORE INTO device_pictures (device_id, url, position) VALUES (273, 'https://fdn.gsmarena.com/vv/reviewsimg/asus-memo-pad-7-me572c/gal/gsmarena_005.jpg', 7);
INSERT OR IGNORE INTO device_pictures (device_id, url, position) VALUES (273, 'https://fdn.gsmarena.com/vv/reviewsimg/asus-memo-pad-7-me572c/gal/gsmarena_006.jpg', 8);
INSERT OR IGNORE INTO device_pictures (device_id, url, position) VALUES (273, 'https://fdn.gsmarena.com/vv/reviewsimg/asus-memo-pad-7-me572c/gal/gsmarena_007.jpg', 9);
INSERT OR IGNORE INTO devices (id, brand_id, name, gsmarena_url, thumbnail_url, summary) VALUES (274, 2, 'Zenfone 5 A500KL (2014)', 'https://www.gsmarena.com/asus_zenfone_5_a500kl_(2014)-6429.php', 'https://fdn2.gsmarena.com/vv/bigpic/asus-zenphone-5.jpg', 'Zenfone 5 A500KL (2014)');
INSERT OR IGNORE INTO device_specs (device_id, announced, status, network, os, chipset, cpu, gpu, display_size, display_type, display_res, ram, storage, main_camera, selfie_camera, battery, charging, nfc, usb, bluetooth, wlan, colors, weight, dimensions, sim, sensors, popularity, fans, rating, full_specs_json) VALUES (274, '2014, June. Released 2014, July', 'Discontinued', 'GSM / HSPA / LTE / 4G/LTE', 'Android 4.4.2 (KitKat), upgradable to 5.0.2 (Lollipop)', 'Qualcomm MSM8926 Snapdragon 400 (28 nm)', 'Quad-core 1.2 GHz Cortex-A7', 'Adreno 305', '5.0 inches, 68.9 cm 2 (~63.9% screen-to-body ratio)', 'IPS LCD', '720 x 1280 pixels, 16:9 ratio (~294 ppi density)', '1GB', '8GB', '8 MP, f/2.0, AF, LED flash, panorama', '2 MP, f/2.4', 'Li-Po 2110 mAh, non-removable', NULL, 'No', 'microUSB 2.0, OTG', '4.0, A2DP, EDR', 'Wi-Fi 802.11 b/g/n, Wi-Fi Direct, hotspot', 'Charcoal Black, Pearl White, Cherry Red, Champagne Gold, Twilight Purple', '145 g (5.11 oz)', '148.2 x 72.8 x 10.3 mm (5.83 x 2.87 x 0.41 in)', 'Single SIM (Micro-SIM) or Dual SIM (Micro-SIM, dual stand-by)', 'Accelerometer, proximity, compass', 'About 210 EUR', NULL, NULL, '[{"category":"Network","specs":[{"label":"Technology","value":"GSM / HSPA / LTE"},{"label":"2G bands","value":"GSM 850 / 900 / 1800 / 1900 - SIM 1 & SIM 2 (dual-SIM model only)"},{"label":"3G bands","value":"HSDPA 850 / 900 / 1900 / 2100"},{"label":"4G bands","value":"3, 7, 8, 20 - EU"},{"label":"Speed","value":"HSPA 42.2/5.76 Mbps, LTE Cat4 150/50 Mbps"}]},{"category":"Launch","specs":[{"label":"Announced","value":"2014, June. Released 2014, July"},{"label":"Status","value":"Discontinued"}]},{"category":"Body","specs":[{"label":"Dimensions","value":"148.2 x 72.8 x 10.3 mm (5.83 x 2.87 x 0.41 in)"},{"label":"Weight","value":"145 g (5.11 oz)"},{"label":"SIM","value":"Single SIM (Micro-SIM) or Dual SIM (Micro-SIM, dual stand-by)"}]},{"category":"Display","specs":[{"label":"Type","value":"IPS LCD"},{"label":"Size","value":"5.0 inches, 68.9 cm 2 (~63.9% screen-to-body ratio)"},{"label":"Resolution","value":"720 x 1280 pixels, 16:9 ratio (~294 ppi density)"},{"label":"Protection","value":"Corning Gorilla Glass 3"}]},{"category":"Platform","specs":[{"label":"OS","value":"Android 4.4.2 (KitKat), upgradable to 5.0.2 (Lollipop)"},{"label":"Chipset","value":"Qualcomm MSM8926 Snapdragon 400 (28 nm)"},{"label":"CPU","value":"Quad-core 1.2 GHz Cortex-A7"},{"label":"GPU","value":"Adreno 305"}]},{"category":"Memory","specs":[{"label":"Card slot","value":"microSDXC (dedicated slot)"},{"label":"Internal","value":"8GB 1GB RAM, 16GB 1GB RAM, 32GB 2GB RAM"}]},{"category":"Main Camera","specs":[{"label":"Single","value":"8 MP, f/2.0, AF"},{"label":"Features","value":"LED flash, panorama"},{"label":"Video","value":"1080p@30fps"}]},{"category":"Selfie camera","specs":[{"label":"Single","value":"2 MP, f/2.4"}]},{"category":"Sound","specs":[{"label":"Loudspeaker","value":"Yes"},{"label":"3.5mm jack","value":"Yes"}]},{"category":"Comms","specs":[{"label":"WLAN","value":"Wi-Fi 802.11 b/g/n, Wi-Fi Direct, hotspot"},{"label":"Bluetooth","value":"4.0, A2DP, EDR"},{"label":"Positioning","value":"GPS, GLONASS"},{"label":"NFC","value":"No"},{"label":"USB","value":"microUSB 2.0, OTG"},{"label":"Radio","value":"FM radio"}]},{"category":"Features","specs":[{"label":"Sensors","value":"Accelerometer, proximity, compass"}]},{"category":"Battery","specs":[{"label":"Type","value":"Li-Po 2110 mAh, non-removable"},{"label":"Stand-by","value":"Up to 395 h (3G)"},{"label":"Talk time","value":"Up to 20 h 40 min (3G)"}]},{"category":"Misc","specs":[{"label":"Colors","value":"Charcoal Black, Pearl White, Cherry Red, Champagne Gold, Twilight Purple"},{"label":"Models","value":"T00P"},{"label":"Price","value":"About 210 EUR"}]}]');
INSERT OR IGNORE INTO device_pictures (device_id, url, position) VALUES (274, 'https://fdn2.gsmarena.com/vv/bigpic/asus-zenphone-5.jpg', 0);
INSERT OR IGNORE INTO device_pictures (device_id, url, position) VALUES (274, 'https://fdn2.gsmarena.com/vv/pics/asus/asus-zenphone-5-1.jpg', 1);
INSERT OR IGNORE INTO device_pictures (device_id, url, position) VALUES (274, 'https://fdn2.gsmarena.com/vv/pics/asus/asus-zenphone-5.jpg', 2);
INSERT OR IGNORE INTO devices (id, brand_id, name, gsmarena_url, thumbnail_url, summary) VALUES (275, 2, 'Zenfone 4 A450CG (2014)', 'https://www.gsmarena.com/asus_zenfone_4_a450cg_(2014)-6428.php', 'https://fdn2.gsmarena.com/vv/bigpic/asus-zenfone-4-a450cg.jpg', 'Zenfone 4 A450CG (2014)');
INSERT OR IGNORE INTO device_specs (device_id, announced, status, network, os, chipset, cpu, gpu, display_size, display_type, display_res, ram, storage, main_camera, selfie_camera, battery, charging, nfc, usb, bluetooth, wlan, colors, weight, dimensions, sim, sensors, popularity, fans, rating, full_specs_json) VALUES (275, '2014, June. Released 2014, July', 'Discontinued', 'GSM / HSPA', 'Android 4.4.2 (KitKat), upgradable to 5.0.2 (Lollipop)', 'Intel Atom Z2520', 'Dual-core 1.2 GHz', 'PowerVR SGX544MP2', '4.5 inches, 55.8 cm 2 (~60.1% screen-to-body ratio)', 'IPS LCD', '480 x 854 pixels, 16:9 ratio (~218 ppi density)', '1GB', '8GB', '8 MP, f/2.0, AF, LED flash, panorama', 'VGA', 'Li-Po 1750 mAh, removable', NULL, 'No', 'microUSB 2.0, OTG', '4.0, A2DP, EDR', 'Wi-Fi 802.11 b/g/n, Wi-Fi Direct, hotspot', 'Charcoal Black, Pearl White, Cherry Red, Sky Blue, Solar Yellow', '134 g (4.73 oz)', '136.8 x 67.9 x 11.3 mm (5.39 x 2.67 x 0.44 in)', 'Single SIM (Micro-SIM) or Dual SIM (Micro-SIM, dual stand-by)', 'Accelerometer, proximity, compass', 'About 100 EUR', NULL, NULL, '[{"category":"Network","specs":[{"label":"Technology","value":"GSM / HSPA"},{"label":"2G bands","value":"GSM 850 / 900 / 1800 / 1900 - SIM 1 & SIM 2 (dual-SIM model only)"},{"label":"3G bands","value":"HSDPA 850 / 900 / 1900 / 2100"},{"label":"Speed","value":"HSPA 42.2/5.76 Mbps"}]},{"category":"Launch","specs":[{"label":"Announced","value":"2014, June. Released 2014, July"},{"label":"Status","value":"Discontinued"}]},{"category":"Body","specs":[{"label":"Dimensions","value":"136.8 x 67.9 x 11.3 mm (5.39 x 2.67 x 0.44 in)"},{"label":"Weight","value":"134 g (4.73 oz)"},{"label":"SIM","value":"Single SIM (Micro-SIM) or Dual SIM (Micro-SIM, dual stand-by)"}]},{"category":"Display","specs":[{"label":"Type","value":"IPS LCD"},{"label":"Size","value":"4.5 inches, 55.8 cm 2 (~60.1% screen-to-body ratio)"},{"label":"Resolution","value":"480 x 854 pixels, 16:9 ratio (~218 ppi density)"},{"label":"Protection","value":"Corning Gorilla Glass 3"}]},{"category":"Platform","specs":[{"label":"OS","value":"Android 4.4.2 (KitKat), upgradable to 5.0.2 (Lollipop)"},{"label":"Chipset","value":"Intel Atom Z2520"},{"label":"CPU","value":"Dual-core 1.2 GHz"},{"label":"GPU","value":"PowerVR SGX544MP2"}]},{"category":"Memory","specs":[{"label":"Card slot","value":"microSDXC (dedicated slot)"},{"label":"Internal","value":"8GB 1GB RAM"}]},{"category":"Main Camera","specs":[{"label":"Single","value":"8 MP, f/2.0, AF"},{"label":"Features","value":"LED flash, panorama"},{"label":"Video","value":"1080p@30fps"}]},{"category":"Selfie camera","specs":[{"label":"Single","value":"VGA"}]},{"category":"Sound","specs":[{"label":"Loudspeaker","value":"Yes"},{"label":"3.5mm jack","value":"Yes"}]},{"category":"Comms","specs":[{"label":"WLAN","value":"Wi-Fi 802.11 b/g/n, Wi-Fi Direct, hotspot"},{"label":"Bluetooth","value":"4.0, A2DP, EDR"},{"label":"Positioning","value":"GPS, GLONASS"},{"label":"NFC","value":"No"},{"label":"USB","value":"microUSB 2.0, OTG"},{"label":"Radio","value":"FM radio"}]},{"category":"Features","specs":[{"label":"Sensors","value":"Accelerometer, proximity, compass"}]},{"category":"Battery","specs":[{"label":"Type","value":"Li-Po 1750 mAh, removable"}]},{"category":"Misc","specs":[{"label":"Colors","value":"Charcoal Black, Pearl White, Cherry Red, Sky Blue, Solar Yellow"},{"label":"Models","value":"T00Q"},{"label":"Price","value":"About 100 EUR"}]}]');
INSERT OR IGNORE INTO device_pictures (device_id, url, position) VALUES (275, 'https://fdn2.gsmarena.com/vv/bigpic/asus-zenfone-4-a450cg.jpg', 0);
INSERT OR IGNORE INTO device_pictures (device_id, url, position) VALUES (275, 'https://fdn2.gsmarena.com/vv/pics/asus/asus-zenfone-4-a450cg-3.jpg', 1);
INSERT OR IGNORE INTO device_pictures (device_id, url, position) VALUES (275, 'https://fdn2.gsmarena.com/vv/pics/asus/asus-zenfone-4-a450cg-4.jpg', 2);
INSERT OR IGNORE INTO devices (id, brand_id, name, gsmarena_url, thumbnail_url, summary) VALUES (276, 2, 'Memo Pad 8 ME581CL', 'https://www.gsmarena.com/asus_memo_pad_8_me581cl-6414.php', 'https://fdn2.gsmarena.com/vv/bigpic/asus-memo-pad-8-me581cl.jpg', 'Memo Pad 8 ME581CL');
INSERT OR IGNORE INTO device_specs (device_id, announced, status, network, os, chipset, cpu, gpu, display_size, display_type, display_res, ram, storage, main_camera, selfie_camera, battery, charging, nfc, usb, bluetooth, wlan, colors, weight, dimensions, sim, sensors, popularity, fans, rating, full_specs_json) VALUES (276, '2014, June. Released 2014, Q3', 'Discontinued', 'GSM / HSPA / LTE / 4G/LTE', 'Android 4.4.2 (KitKat)', 'Intel Atom Z3580', 'Quad-core 2.3 GHz', 'PowerVR G6430', '8.0 inches, 185.6 cm 2 (~70.8% screen-to-body ratio)', 'IPS LCD', '1200 x 1920 pixels, 16:10 ratio (~283 ppi density)', '2GB', '16GB', '5 MP', '1.2 MP', 'Li-Po 4000 mAh, non-removable (15.2 Wh)', NULL, 'Yes', 'microUSB 2.0', '4.0, A2DP', 'Wi-Fi 802.11 a/b/g/n/ac, dual-band,  hotspot', 'White, Pink, Blue', '299 g (10.55 oz)', '213 x 123 x 7.5 mm (8.39 x 4.84 x 0.30 in)', 'Micro-SIM', 'Accelerometer, gyro, compass', 'About 240 EUR', NULL, NULL, '[{"category":"Network","specs":[{"label":"Technology","value":"GSM / HSPA / LTE"},{"label":"2G bands","value":"GSM 850 / 900 / 1800 / 1900"},{"label":"3G bands","value":"HSDPA 850 / 900 / 1900 / 2100"},{"label":"4G bands","value":"3, 7, 20"},{"label":"Speed","value":"HSPA 42.2/5.76 Mbps, LTE Cat4 150/50 Mbps"}]},{"category":"Launch","specs":[{"label":"Announced","value":"2014, June. Released 2014, Q3"},{"label":"Status","value":"Discontinued"}]},{"category":"Body","specs":[{"label":"Dimensions","value":"213 x 123 x 7.5 mm (8.39 x 4.84 x 0.30 in)"},{"label":"Weight","value":"299 g (10.55 oz)"},{"label":"SIM","value":"Micro-SIM"}]},{"category":"Display","specs":[{"label":"Type","value":"IPS LCD"},{"label":"Size","value":"8.0 inches, 185.6 cm 2 (~70.8% screen-to-body ratio)"},{"label":"Resolution","value":"1200 x 1920 pixels, 16:10 ratio (~283 ppi density)"},{"label":"Protection","value":"Corning Gorilla Glass 3"}]},{"category":"Platform","specs":[{"label":"OS","value":"Android 4.4.2 (KitKat)"},{"label":"Chipset","value":"Intel Atom Z3580"},{"label":"CPU","value":"Quad-core 2.3 GHz"},{"label":"GPU","value":"PowerVR G6430"}]},{"category":"Memory","specs":[{"label":"Card slot","value":"No"},{"label":"Internal","value":"16GB 2GB RAM, 32GB 2GB RAM"}]},{"category":"Main Camera","specs":[{"label":"Single","value":"5 MP"},{"label":"Video","value":"Yes"}]},{"category":"Selfie camera","specs":[{"label":"Single","value":"1.2 MP"}]},{"category":"Sound","specs":[{"label":"Loudspeaker","value":"Yes, with stereo speakers"},{"label":"3.5mm jack","value":"Yes"}]},{"category":"Comms","specs":[{"label":"WLAN","value":"Wi-Fi 802.11 a/b/g/n/ac, dual-band,  hotspot"},{"label":"Bluetooth","value":"4.0, A2DP"},{"label":"Positioning","value":"GPS, GLONASS"},{"label":"NFC","value":"Yes"},{"label":"USB","value":"microUSB 2.0"},{"label":"Radio","value":"No"}]},{"category":"Features","specs":[{"label":"Sensors","value":"Accelerometer, gyro, compass"}]},{"category":"Battery","specs":[{"label":"Type","value":"Li-Po 4000 mAh, non-removable (15.2 Wh)"},{"label":"Talk time","value":"Up to 9 h (multimedia)"}]},{"category":"Misc","specs":[{"label":"Colors","value":"White, Pink, Blue"},{"label":"Price","value":"About 240 EUR"}]}]');
INSERT OR IGNORE INTO device_pictures (device_id, url, position) VALUES (276, 'https://fdn2.gsmarena.com/vv/bigpic/asus-memo-pad-8-me581cl.jpg', 0);
INSERT OR IGNORE INTO device_pictures (device_id, url, position) VALUES (276, 'https://fdn2.gsmarena.com/vv/pics/asus/asus-memo-pad-8-me581cl.jpg', 1);
INSERT OR IGNORE INTO devices (id, brand_id, name, gsmarena_url, thumbnail_url, summary) VALUES (277, 2, 'Memo Pad 8 ME181C', 'https://www.gsmarena.com/asus_memo_pad_8_me181c-6413.php', 'https://fdn2.gsmarena.com/vv/bigpic/asus-memo-pad-8-me181c.jpg', 'Memo Pad 8 ME181C');
INSERT OR IGNORE INTO device_specs (device_id, announced, status, network, os, chipset, cpu, gpu, display_size, display_type, display_res, ram, storage, main_camera, selfie_camera, battery, charging, nfc, usb, bluetooth, wlan, colors, weight, dimensions, sim, sensors, popularity, fans, rating, full_specs_json) VALUES (277, '2014, June. Released 2014, August', 'Discontinued', 'No cellular connectivity', 'Android 4.4.2 (KitKat)', 'Intel Atom Z3745', 'Quad-core 1.33 GHz', 'Intel Gen 7 (Ivy Bridge)', '8.0 inches, 185.6 cm 2 (~70.2% screen-to-body ratio)', 'IPS LCD', '800 x 1280 pixels, 16:10 ratio (~189 ppi density)', '1GB', '16GB', '5 MP, AF', '2 MP', 'Li-Po 4000 mAh battery (15.2 Wh)', NULL, 'No', 'microUSB 2.0', '4.0, A2DP', 'Wi-Fi 802.11 b/g/n', 'Black, White, Purple, Gold', '320 g (11.29 oz)', '211.7 x 124.9 x 8.3 mm (8.33 x 4.92 x 0.33 in)', 'No', 'Accelerometer', 'About 150 EUR', NULL, NULL, '[{"category":"Network","specs":[{"label":"Technology","value":"No cellular connectivity"},{"label":"2G bands","value":"N/A"},{"label":"GPRS","value":"No"},{"label":"EDGE","value":"No"}]},{"category":"Launch","specs":[{"label":"Announced","value":"2014, June. Released 2014, August"},{"label":"Status","value":"Discontinued"}]},{"category":"Body","specs":[{"label":"Dimensions","value":"211.7 x 124.9 x 8.3 mm (8.33 x 4.92 x 0.33 in)"},{"label":"Weight","value":"320 g (11.29 oz)"},{"label":"SIM","value":"No"}]},{"category":"Display","specs":[{"label":"Type","value":"IPS LCD"},{"label":"Size","value":"8.0 inches, 185.6 cm 2 (~70.2% screen-to-body ratio)"},{"label":"Resolution","value":"800 x 1280 pixels, 16:10 ratio (~189 ppi density)"}]},{"category":"Platform","specs":[{"label":"OS","value":"Android 4.4.2 (KitKat)"},{"label":"Chipset","value":"Intel Atom Z3745"},{"label":"CPU","value":"Quad-core 1.33 GHz"},{"label":"GPU","value":"Intel Gen 7 (Ivy Bridge)"}]},{"category":"Memory","specs":[{"label":"Card slot","value":"microSDXC (dedicated slot)"},{"label":"Internal","value":"16GB 1GB RAM"}]},{"category":"Main Camera","specs":[{"label":"Single","value":"5 MP, AF"},{"label":"Video","value":"1080p@30fps"}]},{"category":"Selfie camera","specs":[{"label":"Single","value":"2 MP"}]},{"category":"Sound","specs":[{"label":"Loudspeaker","value":"Yes, with stereo speakers"},{"label":"3.5mm jack","value":"Yes"}]},{"category":"Comms","specs":[{"label":"WLAN","value":"Wi-Fi 802.11 b/g/n"},{"label":"Bluetooth","value":"4.0, A2DP"},{"label":"Positioning","value":"GPS, GLONASS"},{"label":"NFC","value":"No"},{"label":"USB","value":"microUSB 2.0"},{"label":"Radio","value":"No"}]},{"category":"Features","specs":[{"label":"Sensors","value":"Accelerometer"}]},{"category":"Battery","specs":[{"label":"Type","value":"Li-Po 4000 mAh battery (15.2 Wh)"},{"label":"Talk time","value":"Up to 9 h (multimedia)"}]},{"category":"Misc","specs":[{"label":"Colors","value":"Black, White, Purple, Gold"},{"label":"Price","value":"About 150 EUR"}]}]');
INSERT OR IGNORE INTO device_pictures (device_id, url, position) VALUES (277, 'https://fdn2.gsmarena.com/vv/bigpic/asus-memo-pad-8-me181c.jpg', 0);
INSERT OR IGNORE INTO device_pictures (device_id, url, position) VALUES (277, 'https://fdn2.gsmarena.com/vv/pics/asus/asus-memo-pad-8-me181c-1.jpg', 1);
INSERT OR IGNORE INTO device_pictures (device_id, url, position) VALUES (277, 'https://fdn2.gsmarena.com/vv/pics/asus/asus-memo-pad-8-me181c-2.jpg', 2);
INSERT OR IGNORE INTO devices (id, brand_id, name, gsmarena_url, thumbnail_url, summary) VALUES (278, 2, 'Memo Pad 7 ME176C', 'https://www.gsmarena.com/asus_memo_pad_7_me176c-6412.php', 'https://fdn2.gsmarena.com/vv/bigpic/asus-memo-pad-7-me176c.jpg', 'Memo Pad 7 ME176C');
INSERT OR IGNORE INTO device_specs (device_id, announced, status, network, os, chipset, cpu, gpu, display_size, display_type, display_res, ram, storage, main_camera, selfie_camera, battery, charging, nfc, usb, bluetooth, wlan, colors, weight, dimensions, sim, sensors, popularity, fans, rating, full_specs_json) VALUES (278, '2014, June. Released 2014, August', 'Discontinued', 'No cellular connectivity', 'Android 4.4.2 (KitKat)', 'Intel Atom Z3745', 'Quad-core 1.86 GHz', 'Intel Gen 7 (Ivy Bridge)', '7.0 inches, 142.1 cm 2 (~66.0% screen-to-body ratio)', 'IPS LCD', '800 x 1280 pixels, 16:10 ratio (~216 ppi density)', '1GB', '8GB', '5 MP, AF', '2 MP', 'Li-Po 3950 mAh, non-removable (15 Wh)', NULL, 'No', 'microUSB 2.0', '4.0, A2DP', 'Wi-Fi 802.11 b/g/n', 'Black, White, Red, Blue, Yellow', '295 g (10.41 oz)', '189.3 x 113.7 x 9.6 mm (7.45 x 4.48 x 0.38 in)', 'No', 'Accelerometer, compass', 'About 130 EUR', NULL, NULL, '[{"category":"Network","specs":[{"label":"Technology","value":"No cellular connectivity"},{"label":"2G bands","value":"N/A"},{"label":"GPRS","value":"No"},{"label":"EDGE","value":"No"}]},{"category":"Launch","specs":[{"label":"Announced","value":"2014, June. Released 2014, August"},{"label":"Status","value":"Discontinued"}]},{"category":"Body","specs":[{"label":"Dimensions","value":"189.3 x 113.7 x 9.6 mm (7.45 x 4.48 x 0.38 in)"},{"label":"Weight","value":"295 g (10.41 oz)"},{"label":"SIM","value":"No"}]},{"category":"Display","specs":[{"label":"Type","value":"IPS LCD"},{"label":"Size","value":"7.0 inches, 142.1 cm 2 (~66.0% screen-to-body ratio)"},{"label":"Resolution","value":"800 x 1280 pixels, 16:10 ratio (~216 ppi density)"}]},{"category":"Platform","specs":[{"label":"OS","value":"Android 4.4.2 (KitKat)"},{"label":"Chipset","value":"Intel Atom Z3745"},{"label":"CPU","value":"Quad-core 1.86 GHz"},{"label":"GPU","value":"Intel Gen 7 (Ivy Bridge)"}]},{"category":"Memory","specs":[{"label":"Card slot","value":"microSDXC (dedicated slot)"},{"label":"Internal","value":"8GB 1GB RAM, 16GB 1GB RAM"}]},{"category":"Main Camera","specs":[{"label":"Single","value":"5 MP, AF"},{"label":"Video","value":"1080p@30fps"}]},{"category":"Selfie camera","specs":[{"label":"Single","value":"2 MP"}]},{"category":"Sound","specs":[{"label":"Loudspeaker","value":"Yes, with stereo speakers"},{"label":"3.5mm jack","value":"Yes"}]},{"category":"Comms","specs":[{"label":"WLAN","value":"Wi-Fi 802.11 b/g/n"},{"label":"Bluetooth","value":"4.0, A2DP"},{"label":"Positioning","value":"GPS, GLONASS"},{"label":"NFC","value":"No"},{"label":"USB","value":"microUSB 2.0"},{"label":"Radio","value":"No"}]},{"category":"Features","specs":[{"label":"Sensors","value":"Accelerometer, compass"}]},{"category":"Battery","specs":[{"label":"Type","value":"Li-Po 3950 mAh, non-removable (15 Wh)"},{"label":"Talk time","value":"Up to 9 h (multimedia)"}]},{"category":"Misc","specs":[{"label":"Colors","value":"Black, White, Red, Blue, Yellow"},{"label":"Price","value":"About 130 EUR"}]}]');
INSERT OR IGNORE INTO device_pictures (device_id, url, position) VALUES (278, 'https://fdn2.gsmarena.com/vv/bigpic/asus-memo-pad-7-me176c.jpg', 0);
INSERT OR IGNORE INTO device_pictures (device_id, url, position) VALUES (278, 'https://fdn2.gsmarena.com/vv/pics/asus/asus-memo-pad-7-me176c-1.jpg', 1);
INSERT OR IGNORE INTO device_pictures (device_id, url, position) VALUES (278, 'https://fdn2.gsmarena.com/vv/pics/asus/asus-memo-pad-7-me176c-2.jpg', 2);
INSERT OR IGNORE INTO device_pictures (device_id, url, position) VALUES (278, 'https://fdn2.gsmarena.com/vv/pics/asus/asus-memo-pad-7-me176c-3.jpg', 3);
INSERT OR IGNORE INTO device_pictures (device_id, url, position) VALUES (278, 'https://fdn.gsmarena.com/vv/reviewsimg/asus-memo-pad-7-me176c/gal/gsmarena_001.jpg', 4);
INSERT OR IGNORE INTO device_pictures (device_id, url, position) VALUES (278, 'https://fdn.gsmarena.com/vv/reviewsimg/asus-memo-pad-7-me176c/gal/gsmarena_002.jpg', 5);
INSERT OR IGNORE INTO device_pictures (device_id, url, position) VALUES (278, 'https://fdn.gsmarena.com/vv/reviewsimg/asus-memo-pad-7-me176c/gal/gsmarena_003.jpg', 6);
INSERT OR IGNORE INTO device_pictures (device_id, url, position) VALUES (278, 'https://fdn.gsmarena.com/vv/reviewsimg/asus-memo-pad-7-me176c/gal/gsmarena_004.jpg', 7);
INSERT OR IGNORE INTO device_pictures (device_id, url, position) VALUES (278, 'https://fdn.gsmarena.com/vv/reviewsimg/asus-memo-pad-7-me176c/gal/gsmarena_005.jpg', 8);
INSERT OR IGNORE INTO device_pictures (device_id, url, position) VALUES (278, 'https://fdn.gsmarena.com/vv/reviewsimg/asus-memo-pad-7-me176c/gal/gsmarena_006.jpg', 9);
INSERT OR IGNORE INTO devices (id, brand_id, name, gsmarena_url, thumbnail_url, summary) VALUES (279, 2, 'Fonepad 8 FE380CG', 'https://www.gsmarena.com/asus_fonepad_8_fe380cg-6411.php', 'https://fdn2.gsmarena.com/vv/bigpic/asus-fonepad-8-fe380cg.jpg', 'Fonepad 8 FE380CG');
INSERT OR IGNORE INTO device_specs (device_id, announced, status, network, os, chipset, cpu, gpu, display_size, display_type, display_res, ram, storage, main_camera, selfie_camera, battery, charging, nfc, usb, bluetooth, wlan, colors, weight, dimensions, sim, sensors, popularity, fans, rating, full_specs_json) VALUES (279, '2014, June. Released 2014, Q3', 'Discontinued', 'GSM / HSPA', 'Android 4.4.2 (KitKat)', 'Intel Atom Z3530', 'Quad-core 1.33 GHz', 'PowerVR G6430', '8.0 inches, 185.6 cm 2 (~72.3% screen-to-body ratio)', 'IPS LCD', '800 x 1280 pixels, 16:10 ratio (~189 ppi density)', '1GB', '8GB', '5 MP, AF', '2 MP', 'Li-Po (15.2 Wh)', NULL, 'No', 'microUSB 2.0', '4.0, A2DP', 'Wi-Fi 802.11 b/g/n, hotspot', 'Black, White, Red, Gold', '328 g (11.57 oz)', '214 x 120 x 8.9 mm (8.43 x 4.72 x 0.35 in)', 'Dual SIM (Micro-SIM, dual stand-by)', 'Accelerometer, proximity, compass', 'About 200 EUR', NULL, NULL, '[{"category":"Network","specs":[{"label":"Technology","value":"GSM / HSPA"},{"label":"2G bands","value":"GSM 850 / 900 / 1800 / 1900 - SIM 1 & SIM 2"},{"label":"3G bands","value":"HSDPA 850 / 900 / 1900 / 2100"},{"label":"Speed","value":"HSPA 42.2/5.76 Mbps"}]},{"category":"Launch","specs":[{"label":"Announced","value":"2014, June. Released 2014, Q3"},{"label":"Status","value":"Discontinued"}]},{"category":"Body","specs":[{"label":"Dimensions","value":"214 x 120 x 8.9 mm (8.43 x 4.72 x 0.35 in)"},{"label":"Weight","value":"328 g (11.57 oz)"},{"label":"SIM","value":"Dual SIM (Micro-SIM, dual stand-by)"}]},{"category":"Display","specs":[{"label":"Type","value":"IPS LCD"},{"label":"Size","value":"8.0 inches, 185.6 cm 2 (~72.3% screen-to-body ratio)"},{"label":"Resolution","value":"800 x 1280 pixels, 16:10 ratio (~189 ppi density)"},{"label":"Protection","value":"Oleophobic coating"}]},{"category":"Platform","specs":[{"label":"OS","value":"Android 4.4.2 (KitKat)"},{"label":"Chipset","value":"Intel Atom Z3530"},{"label":"CPU","value":"Quad-core 1.33 GHz"},{"label":"GPU","value":"PowerVR G6430"}]},{"category":"Memory","specs":[{"label":"Card slot","value":"microSDXC (dedicated slot)"},{"label":"Internal","value":"8GB 1GB RAM, 16GB 2GB RAM"}]},{"category":"Main Camera","specs":[{"label":"Single","value":"5 MP, AF"},{"label":"Video","value":"720p"}]},{"category":"Selfie camera","specs":[{"label":"Single","value":"2 MP"}]},{"category":"Sound","specs":[{"label":"Loudspeaker","value":"Yes, with stereo speakers"},{"label":"3.5mm jack","value":"Yes"}]},{"category":"Comms","specs":[{"label":"WLAN","value":"Wi-Fi 802.11 b/g/n, hotspot"},{"label":"Bluetooth","value":"4.0, A2DP"},{"label":"Positioning","value":"GPS, GLONASS"},{"label":"NFC","value":"No"},{"label":"USB","value":"microUSB 2.0"},{"label":"Radio","value":"No"}]},{"category":"Features","specs":[{"label":"Sensors","value":"Accelerometer, proximity, compass"}]},{"category":"Battery","specs":[{"label":"Type","value":"Li-Po (15.2 Wh)"},{"label":"Talk time","value":"Up to 21 h (3G)"}]},{"category":"Misc","specs":[{"label":"Colors","value":"Black, White, Red, Gold"},{"label":"Models","value":"K016"},{"label":"Price","value":"About 200 EUR"}]}]');
INSERT OR IGNORE INTO device_pictures (device_id, url, position) VALUES (279, 'https://fdn2.gsmarena.com/vv/bigpic/asus-fonepad-8-fe380cg.jpg', 0);
INSERT OR IGNORE INTO device_pictures (device_id, url, position) VALUES (279, 'https://fdn2.gsmarena.com/vv/pics/asus/asus-fonepad-8-fe380cg-1.jpg', 1);
INSERT OR IGNORE INTO device_pictures (device_id, url, position) VALUES (279, 'https://fdn2.gsmarena.com/vv/pics/asus/asus-fonepad-8-fe380cg-2.jpg', 2);
INSERT OR IGNORE INTO devices (id, brand_id, name, gsmarena_url, thumbnail_url, summary) VALUES (280, 2, 'Fonepad 7 FE375CXG', 'https://www.gsmarena.com/asus_fonepad_7_fe375cxg-6747.php', 'https://fdn2.gsmarena.com/vv/bigpic/asus-fonepad-7-fe375cg.jpg', 'Fonepad 7 FE375CXG');
INSERT OR IGNORE INTO device_specs (device_id, announced, status, network, os, chipset, cpu, gpu, display_size, display_type, display_res, ram, storage, main_camera, selfie_camera, battery, charging, nfc, usb, bluetooth, wlan, colors, weight, dimensions, sim, sensors, popularity, fans, rating, full_specs_json) VALUES (280, '2014, September. Released 2014, September', 'Discontinued', 'GSM / HSPA', 'Android 4.4.2 (KitKat)', 'Intel Atom Z3530', 'Quad-core 1.33 GHz', 'PowerVR G6430', '7.0 inches, 142.1 cm 2 (~67.1% screen-to-body ratio)', 'IPS LCD', '800 x 1280 pixels, 16:10 ratio (~216 ppi density)', '1GB', '8GB', '2 MP', 'VGA', 'Li-Po (15 Wh)', NULL, 'No', 'microUSB 2.0, OTG, USB OTG', '4.0, A2DP', 'Wi-Fi 802.11 b/g/n, hotspot', 'Black, White, Red, Gold', '299 g (10.55 oz)', '194.3 x 108.9 x 9.8 mm (7.65 x 4.29 x 0.39 in)', 'Single SIM (Micro-SIM) or Dual SIM (Micro-SIM, dual stand-by)', 'Accelerometer, proximity, compass', 'About 130 EUR', NULL, NULL, '[{"category":"Network","specs":[{"label":"Technology","value":"GSM / HSPA"},{"label":"2G bands","value":"GSM 850 / 900 / 1800 / 1900 - SIM 1 & SIM 2 (dual-SIM model only)"},{"label":"3G bands","value":"HSDPA 850 / 900 / 1900 / 2100"},{"label":"Speed","value":"HSPA 42.2/5.76 Mbps"}]},{"category":"Launch","specs":[{"label":"Announced","value":"2014, September. Released 2014, September"},{"label":"Status","value":"Discontinued"}]},{"category":"Body","specs":[{"label":"Dimensions","value":"194.3 x 108.9 x 9.8 mm (7.65 x 4.29 x 0.39 in)"},{"label":"Weight","value":"299 g (10.55 oz)"},{"label":"SIM","value":"Single SIM (Micro-SIM) or Dual SIM (Micro-SIM, dual stand-by)"}]},{"category":"Display","specs":[{"label":"Type","value":"IPS LCD"},{"label":"Size","value":"7.0 inches, 142.1 cm 2 (~67.1% screen-to-body ratio)"},{"label":"Resolution","value":"800 x 1280 pixels, 16:10 ratio (~216 ppi density)"},{"label":"Protection","value":"Oleophobic coating"}]},{"category":"Platform","specs":[{"label":"OS","value":"Android 4.4.2 (KitKat)"},{"label":"Chipset","value":"Intel Atom Z3530"},{"label":"CPU","value":"Quad-core 1.33 GHz"},{"label":"GPU","value":"PowerVR G6430"}]},{"category":"Memory","specs":[{"label":"Card slot","value":"microSDXC (dedicated slot)"},{"label":"Internal","value":"8GB 1GB RAM, 16GB 1GB RAM"}]},{"category":"Main Camera","specs":[{"label":"Single","value":"2 MP"},{"label":"Video","value":"720p"}]},{"category":"Selfie camera","specs":[{"label":"Single","value":"VGA"}]},{"category":"Sound","specs":[{"label":"Loudspeaker","value":"Yes, with stereo speakers"},{"label":"3.5mm jack","value":"Yes"}]},{"category":"Comms","specs":[{"label":"WLAN","value":"Wi-Fi 802.11 b/g/n, hotspot"},{"label":"Bluetooth","value":"4.0, A2DP"},{"label":"Positioning","value":"GPS, GLONASS"},{"label":"NFC","value":"No"},{"label":"USB","value":"microUSB 2.0, OTG, USB OTG"},{"label":"Radio","value":"No"}]},{"category":"Features","specs":[{"label":"Sensors","value":"Accelerometer, proximity, compass"}]},{"category":"Battery","specs":[{"label":"Type","value":"Li-Po (15 Wh)"},{"label":"Stand-by","value":"Up to 316 h (3G)"},{"label":"Talk time","value":"Up to 11 h 30 min (multimedia) (2G) / Up to 21 h (3G)"}]},{"category":"Misc","specs":[{"label":"Colors","value":"Black, White, Red, Gold"},{"label":"Price","value":"About 130 EUR"}]}]');
INSERT OR IGNORE INTO device_pictures (device_id, url, position) VALUES (280, 'https://fdn2.gsmarena.com/vv/bigpic/asus-fonepad-7-fe375cg.jpg', 0);
INSERT OR IGNORE INTO device_pictures (device_id, url, position) VALUES (280, 'https://fdn2.gsmarena.com/vv/pics/asus/asus-fonepad-7-fe375cxg.jpg', 1);
INSERT OR IGNORE INTO device_pictures (device_id, url, position) VALUES (280, 'https://fdn.gsmarena.com/vv/reviewsimg/asus-fonepad-7-fe375cxg/gal/gsmarena_001.jpg', 2);
INSERT OR IGNORE INTO device_pictures (device_id, url, position) VALUES (280, 'https://fdn.gsmarena.com/vv/reviewsimg/asus-fonepad-7-fe375cxg/gal/gsmarena_002.jpg', 3);
INSERT OR IGNORE INTO device_pictures (device_id, url, position) VALUES (280, 'https://fdn.gsmarena.com/vv/reviewsimg/asus-fonepad-7-fe375cxg/gal/gsmarena_003.jpg', 4);
INSERT OR IGNORE INTO device_pictures (device_id, url, position) VALUES (280, 'https://fdn.gsmarena.com/vv/reviewsimg/asus-fonepad-7-fe375cxg/gal/gsmarena_004.jpg', 5);
INSERT OR IGNORE INTO device_pictures (device_id, url, position) VALUES (280, 'https://fdn.gsmarena.com/vv/reviewsimg/asus-fonepad-7-fe375cxg/gal/gsmarena_005.jpg', 6);
INSERT OR IGNORE INTO device_pictures (device_id, url, position) VALUES (280, 'https://fdn.gsmarena.com/vv/reviewsimg/asus-fonepad-7-fe375cxg/gal/gsmarena_006.jpg', 7);
INSERT OR IGNORE INTO device_pictures (device_id, url, position) VALUES (280, 'https://fdn.gsmarena.com/vv/reviewsimg/asus-fonepad-7-fe375cxg/gal/gsmarena_007.jpg', 8);
INSERT OR IGNORE INTO device_pictures (device_id, url, position) VALUES (280, 'https://fdn.gsmarena.com/vv/reviewsimg/asus-fonepad-7-fe375cxg/gal/gsmarena_008.jpg', 9);
INSERT OR IGNORE INTO devices (id, brand_id, name, gsmarena_url, thumbnail_url, summary) VALUES (281, 2, 'Fonepad 7 FE375CG', 'https://www.gsmarena.com/asus_fonepad_7_fe375cg-6410.php', 'https://fdn2.gsmarena.com/vv/bigpic/asus-fonepad-7-fe375cg.jpg', 'Fonepad 7 FE375CG');
INSERT OR IGNORE INTO device_specs (device_id, announced, status, network, os, chipset, cpu, gpu, display_size, display_type, display_res, ram, storage, main_camera, selfie_camera, battery, charging, nfc, usb, bluetooth, wlan, colors, weight, dimensions, sim, sensors, popularity, fans, rating, full_specs_json) VALUES (281, '2014, June. Released 2014, Q3', 'Discontinued', 'GSM / HSPA', 'Android 4.4.2 (KitKat)', 'Intel Atom Z3560', 'Quad-core 1.83 GHz', 'PowerVR G6430', '7.0 inches, 142.1 cm 2 (~67.1% screen-to-body ratio)', 'IPS LCD', '800 x 1280 pixels, 16:10 ratio (~216 ppi density)', '1GB', '8GB', '5 MP', '2 MP', 'Li-Po (15 Wh)', NULL, 'No', 'microUSB 2.0, OTG', '4.0, A2DP', 'Wi-Fi 802.11 b/g/n, hotspot', 'Black, White, Red, Gold', '299 g (10.55 oz)', '194.3 x 108.9 x 9.8 mm (7.65 x 4.29 x 0.39 in)', 'Dual SIM (Micro-SIM, dual stand-by)', 'Accelerometer, proximity, compass', 'About 210 EUR', NULL, NULL, '[{"category":"Network","specs":[{"label":"Technology","value":"GSM / HSPA"},{"label":"2G bands","value":"GSM 850 / 900 / 1800 / 1900 - SIM 1 & SIM 2"},{"label":"3G bands","value":"HSDPA 850 / 900 / 1900 / 2100"},{"label":"Speed","value":"HSPA 42.2/5.76 Mbps"}]},{"category":"Launch","specs":[{"label":"Announced","value":"2014, June. Released 2014, Q3"},{"label":"Status","value":"Discontinued"}]},{"category":"Body","specs":[{"label":"Dimensions","value":"194.3 x 108.9 x 9.8 mm (7.65 x 4.29 x 0.39 in)"},{"label":"Weight","value":"299 g (10.55 oz)"},{"label":"SIM","value":"Dual SIM (Micro-SIM, dual stand-by)"}]},{"category":"Display","specs":[{"label":"Type","value":"IPS LCD"},{"label":"Size","value":"7.0 inches, 142.1 cm 2 (~67.1% screen-to-body ratio)"},{"label":"Resolution","value":"800 x 1280 pixels, 16:10 ratio (~216 ppi density)"}]},{"category":"Platform","specs":[{"label":"OS","value":"Android 4.4.2 (KitKat)"},{"label":"Chipset","value":"Intel Atom Z3560"},{"label":"CPU","value":"Quad-core 1.83 GHz"},{"label":"GPU","value":"PowerVR G6430"}]},{"category":"Memory","specs":[{"label":"Card slot","value":"microSDXC (dedicated slot)"},{"label":"Internal","value":"8GB 1GB RAM, 16GB 1GB RAM"}]},{"category":"Main Camera","specs":[{"label":"Single","value":"5 MP"},{"label":"Video","value":"720p"}]},{"category":"Selfie camera","specs":[{"label":"Single","value":"2 MP"}]},{"category":"Sound","specs":[{"label":"Loudspeaker","value":"Yes, with stereo speakers"},{"label":"3.5mm jack","value":"Yes"}]},{"category":"Comms","specs":[{"label":"WLAN","value":"Wi-Fi 802.11 b/g/n, hotspot"},{"label":"Bluetooth","value":"4.0, A2DP"},{"label":"Positioning","value":"GPS, GLONASS"},{"label":"NFC","value":"No"},{"label":"USB","value":"microUSB 2.0, OTG"},{"label":"Radio","value":"No"}]},{"category":"Features","specs":[{"label":"Sensors","value":"Accelerometer, proximity, compass"}]},{"category":"Battery","specs":[{"label":"Type","value":"Li-Po (15 Wh)"},{"label":"Talk time","value":"Up to 10 h (multimedia)"}]},{"category":"Misc","specs":[{"label":"Colors","value":"Black, White, Red, Gold"},{"label":"Price","value":"About 210 EUR"}]}]');
INSERT OR IGNORE INTO device_pictures (device_id, url, position) VALUES (281, 'https://fdn2.gsmarena.com/vv/bigpic/asus-fonepad-7-fe375cg.jpg', 0);
INSERT OR IGNORE INTO device_pictures (device_id, url, position) VALUES (281, 'https://fdn2.gsmarena.com/vv/pics/asus/asus-fonepad-7-fe375cg-0.jpg', 1);
INSERT OR IGNORE INTO device_pictures (device_id, url, position) VALUES (281, 'https://fdn2.gsmarena.com/vv/pics/asus/asus-fonepad-7-fe375cg-1.jpg', 2);
INSERT OR IGNORE INTO devices (id, brand_id, name, gsmarena_url, thumbnail_url, summary) VALUES (282, 2, 'Transformer Pad TF303CL', 'https://www.gsmarena.com/asus_transformer_pad_tf303cl-6407.php', 'https://fdn2.gsmarena.com/vv/bigpic/asus-transformer-pad-tf303cl.jpg', 'Transformer Pad TF303CL');
INSERT OR IGNORE INTO device_specs (device_id, announced, status, network, os, chipset, cpu, gpu, display_size, display_type, display_res, ram, storage, main_camera, selfie_camera, battery, charging, nfc, usb, bluetooth, wlan, colors, weight, dimensions, sim, sensors, popularity, fans, rating, full_specs_json) VALUES (282, '2014, June. Released 2014, Q3', 'Discontinued', 'GSM / HSPA / LTE / 4G/LTE', 'Android 4.4.2 (KitKat)', 'Intel Atom Z3745', 'Quad-core 1.86 GHz', 'Intel Gen 7 (Ivy Bridge)', '10.1 inches, 295.8 cm 2 (~64.4% screen-to-body ratio)', 'IPS LCD', '1920 x 1200 pixels, 16:10 ratio (~224 ppi density)', '2GB', '16GB', '5 MP', '1.2 MP', 'Li-Po 6600 mAh, non-removable (25 Wh)', NULL, 'No', 'microUSB 2.0', '4.0, A2DP', 'Wi-Fi 802.11 a/b/g/n, dual-band, hotspot', 'Blue, Gold', '595 g (1.31 lb)', '257.4 x 178.4 x 9.9 mm (10.13 x 7.02 x 0.39 in)', 'Micro-SIM', 'Accelerometer, gyro, compass', 'About 400 EUR', NULL, NULL, '[{"category":"Network","specs":[{"label":"Technology","value":"GSM / HSPA / LTE"},{"label":"2G bands","value":"GSM 850 / 900 / 1800 / 1900"},{"label":"3G bands","value":"HSDPA 850 / 900 / 1900 / 2100"},{"label":"4G bands","value":"1, 3, 7, 8, 20"},{"label":"Speed","value":"HSPA 42.2/5.76 Mbps, LTE Cat4 150/50 Mbps"}]},{"category":"Launch","specs":[{"label":"Announced","value":"2014, June. Released 2014, Q3"},{"label":"Status","value":"Discontinued"}]},{"category":"Body","specs":[{"label":"Dimensions","value":"257.4 x 178.4 x 9.9 mm (10.13 x 7.02 x 0.39 in)"},{"label":"Weight","value":"595 g (1.31 lb)"},{"label":"SIM","value":"Micro-SIM"}]},{"category":"Display","specs":[{"label":"Type","value":"IPS LCD"},{"label":"Size","value":"10.1 inches, 295.8 cm 2 (~64.4% screen-to-body ratio)"},{"label":"Resolution","value":"1920 x 1200 pixels, 16:10 ratio (~224 ppi density)"}]},{"category":"Platform","specs":[{"label":"OS","value":"Android 4.4.2 (KitKat)"},{"label":"Chipset","value":"Intel Atom Z3745"},{"label":"CPU","value":"Quad-core 1.86 GHz"},{"label":"GPU","value":"Intel Gen 7 (Ivy Bridge)"}]},{"category":"Memory","specs":[{"label":"Card slot","value":"microSDXC (dedicated slot)"},{"label":"Internal","value":"16GB 2GB RAM, 32GB 2GB RAM"}]},{"category":"Main Camera","specs":[{"label":"Single","value":"5 MP"},{"label":"Video","value":"Yes"}]},{"category":"Selfie camera","specs":[{"label":"Single","value":"1.2 MP"}]},{"category":"Sound","specs":[{"label":"Loudspeaker","value":"Yes, with stereo speakers"},{"label":"3.5mm jack","value":"Yes"}]},{"category":"Comms","specs":[{"label":"WLAN","value":"Wi-Fi 802.11 a/b/g/n, dual-band, hotspot"},{"label":"Bluetooth","value":"4.0, A2DP"},{"label":"Positioning","value":"GPS, GLONASS"},{"label":"NFC","value":"No"},{"label":"USB","value":"microUSB 2.0"},{"label":"Radio","value":"No"}]},{"category":"Features","specs":[{"label":"Sensors","value":"Accelerometer, gyro, compass"}]},{"category":"Battery","specs":[{"label":"Type","value":"Li-Po 6600 mAh, non-removable (25 Wh)"},{"label":"Talk time","value":"Up to 10 h (multimedia)"}]},{"category":"Misc","specs":[{"label":"Colors","value":"Blue, Gold"},{"label":"Price","value":"About 400 EUR"}]}]');
INSERT OR IGNORE INTO device_pictures (device_id, url, position) VALUES (282, 'https://fdn2.gsmarena.com/vv/bigpic/asus-transformer-pad-tf303cl.jpg', 0);
INSERT OR IGNORE INTO devices (id, brand_id, name, gsmarena_url, thumbnail_url, summary) VALUES (283, 2, 'Transformer Pad TF103C', 'https://www.gsmarena.com/asus_transformer_pad_tf103c-6409.php', 'https://fdn2.gsmarena.com/vv/bigpic/asus-transformer-pad-tf103c-2.jpg', 'Transformer Pad TF103C');
INSERT OR IGNORE INTO device_specs (device_id, announced, status, network, os, chipset, cpu, gpu, display_size, display_type, display_res, ram, storage, main_camera, selfie_camera, battery, charging, nfc, usb, bluetooth, wlan, colors, weight, dimensions, sim, sensors, popularity, fans, rating, full_specs_json) VALUES (283, '2014, June. Released 2014, June', 'Discontinued', 'No cellular connectivity', 'Android 4.4.2 (KitKat)', 'Intel Atom Z3745', 'Quad-core 1.86 GHz', 'Intel Gen 7 (Ivy Bridge)', '10.1 inches, 295.8 cm 2 (~64.4% screen-to-body ratio)', 'IPS LCD', '800 x 1280 pixels, 16:10 ratio (~149 ppi density)', '1GB', '8GB', '2 MP', 'VGA', 'Li-Po 5000 mAh, non-removable (19 Wh)', NULL, 'No', 'microUSB 2.0, OTG', '4.0, A2DP', 'Wi-Fi 802.11 a/b/g/n, dual-band', 'Black, White', '550 g (1.21 lb)', '257.5 x 178.4 x 9.9 mm (10.14 x 7.02 x 0.39 in)', 'No', 'Accelerometer, compass', 'About 220 EUR', NULL, NULL, '[{"category":"Network","specs":[{"label":"Technology","value":"No cellular connectivity"},{"label":"2G bands","value":"N/A"},{"label":"GPRS","value":"No"},{"label":"EDGE","value":"No"}]},{"category":"Launch","specs":[{"label":"Announced","value":"2014, June. Released 2014, June"},{"label":"Status","value":"Discontinued"}]},{"category":"Body","specs":[{"label":"Dimensions","value":"257.5 x 178.4 x 9.9 mm (10.14 x 7.02 x 0.39 in)"},{"label":"Weight","value":"550 g (1.21 lb)"},{"label":"SIM","value":"No"}]},{"category":"Display","specs":[{"label":"Type","value":"IPS LCD"},{"label":"Size","value":"10.1 inches, 295.8 cm 2 (~64.4% screen-to-body ratio)"},{"label":"Resolution","value":"800 x 1280 pixels, 16:10 ratio (~149 ppi density)"}]},{"category":"Platform","specs":[{"label":"OS","value":"Android 4.4.2 (KitKat)"},{"label":"Chipset","value":"Intel Atom Z3745"},{"label":"CPU","value":"Quad-core 1.86 GHz"},{"label":"GPU","value":"Intel Gen 7 (Ivy Bridge)"}]},{"category":"Memory","specs":[{"label":"Card slot","value":"microSDXC (dedicated slot)"},{"label":"Internal","value":"8GB 1GB RAM, 16GB 1GB RAM"}]},{"category":"Main Camera","specs":[{"label":"Single","value":"2 MP"},{"label":"Video","value":"Yes"}]},{"category":"Selfie camera","specs":[{"label":"Single","value":"VGA"}]},{"category":"Sound","specs":[{"label":"Loudspeaker","value":"Yes, with stereo speakers"},{"label":"3.5mm jack","value":"Yes"}]},{"category":"Comms","specs":[{"label":"WLAN","value":"Wi-Fi 802.11 a/b/g/n, dual-band"},{"label":"Bluetooth","value":"4.0, A2DP"},{"label":"Positioning","value":"GPS, GLONASS"},{"label":"NFC","value":"No"},{"label":"USB","value":"microUSB 2.0, OTG"},{"label":"Radio","value":"No"}]},{"category":"Features","specs":[{"label":"Sensors","value":"Accelerometer, compass"}]},{"category":"Battery","specs":[{"label":"Type","value":"Li-Po 5000 mAh, non-removable (19 Wh)"},{"label":"Talk time","value":"Up to 9 h 30 min (multimedia)"}]},{"category":"Misc","specs":[{"label":"Colors","value":"Black, White"},{"label":"Price","value":"About 220 EUR"}]}]');
INSERT OR IGNORE INTO device_pictures (device_id, url, position) VALUES (283, 'https://fdn2.gsmarena.com/vv/bigpic/asus-transformer-pad-tf103c-2.jpg', 0);
INSERT OR IGNORE INTO device_pictures (device_id, url, position) VALUES (283, 'https://fdn2.gsmarena.com/vv/pics/asus/asus-transformer-pad-tf103c-3.jpg', 1);
INSERT OR IGNORE INTO device_pictures (device_id, url, position) VALUES (283, 'https://fdn2.gsmarena.com/vv/pics/asus/asus-transformer-pad-tf103c-4.jpg', 2);
INSERT OR IGNORE INTO devices (id, brand_id, name, gsmarena_url, thumbnail_url, summary) VALUES (284, 2, 'Fonepad 7 (2014)', 'https://www.gsmarena.com/asus_fonepad_7_(2014)-6394.php', 'https://fdn2.gsmarena.com/vv/bigpic/asus-fonepad-7-2014.jpg', 'Fonepad 7 (2014)');
INSERT OR IGNORE INTO device_specs (device_id, announced, status, network, os, chipset, cpu, gpu, display_size, display_type, display_res, ram, storage, main_camera, selfie_camera, battery, charging, nfc, usb, bluetooth, wlan, colors, weight, dimensions, sim, sensors, popularity, fans, rating, full_specs_json) VALUES (284, '2014, May. Released 2014, May', 'Discontinued', 'GSM / HSPA', 'Android 4.3 (Jelly Bean)', 'Intel Atom Z2520', 'Dual-core 1.2 GHz', 'PowerVR SGX544MP2', '7.0 inches, 137.9 cm 2 (~65.3% screen-to-body ratio)', 'IPS LCD', '600 x 1024 pixels, 16:9 ratio (~170 ppi density)', '1GB', '4GB', '2 MP, AF', 'VGA', 'Li-Po 3910 mAh, non-removable (15 Wh)', NULL, 'No', 'microUSB 2.0', '4.0, A2DP', 'Wi-Fi 802.11 b/g/n, hotspot', 'Black, White, Red, Blue (Dual SIM)/ White (Single SIM)', '290 g (10.23 oz)', '192 x 110 x 10.7 mm (7.56 x 4.33 x 0.42 in)', 'Single SIM (Micro-SIM) or Dual SIM (Micro-SIM, dual stand-by)', 'Accelerometer, proximity', 'About 100 EUR', NULL, NULL, '[{"category":"Network","specs":[{"label":"Technology","value":"GSM / HSPA"},{"label":"2G bands","value":"GSM 850 / 900 / 1800 / 1900 - SIM 1 & SIM 2 (dual-SIM model only)"},{"label":"3G bands","value":"HSDPA 850 / 900 / 1900 / 2100"},{"label":"Speed","value":"HSPA 42.2/5.76 Mbps"}]},{"category":"Launch","specs":[{"label":"Announced","value":"2014, May. Released 2014, May"},{"label":"Status","value":"Discontinued"}]},{"category":"Body","specs":[{"label":"Dimensions","value":"192 x 110 x 10.7 mm (7.56 x 4.33 x 0.42 in)"},{"label":"Weight","value":"290 g (10.23 oz)"},{"label":"SIM","value":"Single SIM (Micro-SIM) or Dual SIM (Micro-SIM, dual stand-by)"}]},{"category":"Display","specs":[{"label":"Type","value":"IPS LCD"},{"label":"Size","value":"7.0 inches, 137.9 cm 2 (~65.3% screen-to-body ratio)"},{"label":"Resolution","value":"600 x 1024 pixels, 16:9 ratio (~170 ppi density)"}]},{"category":"Platform","specs":[{"label":"OS","value":"Android 4.3 (Jelly Bean)"},{"label":"Chipset","value":"Intel Atom Z2520"},{"label":"CPU","value":"Dual-core 1.2 GHz"},{"label":"GPU","value":"PowerVR SGX544MP2"}]},{"category":"Memory","specs":[{"label":"Card slot","value":"microSDXC (dedicated slot)"},{"label":"Internal","value":"4GB 1GB RAM, 8GB 1GB RAM"}]},{"category":"Main Camera","specs":[{"label":"Single","value":"2 MP, AF"},{"label":"Video","value":"720p"}]},{"category":"Selfie camera","specs":[{"label":"Single","value":"VGA"}]},{"category":"Sound","specs":[{"label":"Loudspeaker","value":"Yes"},{"label":"3.5mm jack","value":"Yes"}]},{"category":"Comms","specs":[{"label":"WLAN","value":"Wi-Fi 802.11 b/g/n, hotspot"},{"label":"Bluetooth","value":"4.0, A2DP"},{"label":"Positioning","value":"GPS, GLONASS"},{"label":"NFC","value":"No"},{"label":"USB","value":"microUSB 2.0"},{"label":"Radio","value":"No"}]},{"category":"Features","specs":[{"label":"Sensors","value":"Accelerometer, proximity"}]},{"category":"Battery","specs":[{"label":"Type","value":"Li-Po 3910 mAh, non-removable (15 Wh)"},{"label":"Stand-by","value":"Up to 619 h (3G)"},{"label":"Talk time","value":"Up to 10 h (multimedia) (2G) / Up to 30 h (3G)"}]},{"category":"Misc","specs":[{"label":"Colors","value":"Black, White, Red, Blue (Dual SIM)/ White (Single SIM)"},{"label":"Price","value":"About 100 EUR"}]}]');
INSERT OR IGNORE INTO device_pictures (device_id, url, position) VALUES (284, 'https://fdn2.gsmarena.com/vv/bigpic/asus-fonepad-7-2014.jpg', 0);
INSERT OR IGNORE INTO device_pictures (device_id, url, position) VALUES (284, 'https://fdn2.gsmarena.com/vv/pics/asus/asus-fonepad-7-2014-1.jpg', 1);
INSERT OR IGNORE INTO device_pictures (device_id, url, position) VALUES (284, 'https://fdn2.gsmarena.com/vv/pics/asus/asus-fonepad-7-2014-2.jpg', 2);
INSERT OR IGNORE INTO device_pictures (device_id, url, position) VALUES (284, 'https://fdn2.gsmarena.com/vv/pics/asus/asus-fonepad-7-2014-3.jpg', 3);
INSERT OR IGNORE INTO devices (id, brand_id, name, gsmarena_url, thumbnail_url, summary) VALUES (285, 2, 'PadFone X', 'https://www.gsmarena.com/asus_padfone_x-6519.php', 'https://fdn2.gsmarena.com/vv/bigpic/Asus-PadFone-X.jpg', 'PadFone X');
INSERT OR IGNORE INTO device_specs (device_id, announced, status, network, os, chipset, cpu, gpu, display_size, display_type, display_res, ram, storage, main_camera, selfie_camera, battery, charging, nfc, usb, bluetooth, wlan, colors, weight, dimensions, sim, sensors, popularity, fans, rating, full_specs_json) VALUES (285, '2014, March. Released 2014, July', 'Discontinued', 'GSM / HSPA / LTE / 4G/LTE', 'Android 4.4.2 (KitKat)', 'Qualcomm Snapdragon 800 (28 nm)', 'Quad-core 2.3 GHz Krait 400', 'Adreno 330', '5.0 inches, 68.9 cm 2 (~66.3% screen-to-body ratio)', 'Super IPS+ LCD', '1080 x 1920 pixels, 16:9 ratio (~441 ppi density)', '2GB', '16GB', '13 MP, AF, LED flash', '2 MP, 1080p@25fps', 'Li-Po 2300 mAh, non-removable', NULL, 'Yes', 'microUSB 2.0 (SlimPort TV-out), OTG', '4.0, A2DP', 'Wi-Fi 802.11 a/b/g/n/ac, dual-band, Wi-Fi Direct, hotspot', 'Titanium Black, Platinum White', '150 g (5.29 oz)', '143.4 x 72.5 x 10 mm (5.65 x 2.85 x 0.39 in)', 'Micro-SIM', 'Accelerometer, gyro, proximity, compass', 'About 320 EUR', NULL, NULL, '[{"category":"Network","specs":[{"label":"Technology","value":"GSM / HSPA / LTE"},{"label":"2G bands","value":"GSM 850 / 900 / 1800 / 1900"},{"label":"3G bands","value":"HSDPA 850 / 900 / 1900 / 2100"},{"label":"4G bands","value":"2, 4, 5, 7, 17"},{"label":"Speed","value":"HSPA 42.2/5.76 Mbps, LTE Cat4 150/50 Mbps"}]},{"category":"Launch","specs":[{"label":"Announced","value":"2014, March. Released 2014, July"},{"label":"Status","value":"Discontinued"}]},{"category":"Body","specs":[{"label":"Dimensions","value":"143.4 x 72.5 x 10 mm (5.65 x 2.85 x 0.39 in)"},{"label":"Weight","value":"150 g (5.29 oz)"},{"label":"SIM","value":"Micro-SIM"}]},{"category":"Display","specs":[{"label":"Type","value":"Super IPS+ LCD"},{"label":"Size","value":"5.0 inches, 68.9 cm 2 (~66.3% screen-to-body ratio)"},{"label":"Resolution","value":"1080 x 1920 pixels, 16:9 ratio (~441 ppi density)"},{"label":"Protection","value":"Corning Gorilla Glass"}]},{"category":"Platform","specs":[{"label":"OS","value":"Android 4.4.2 (KitKat)"},{"label":"Chipset","value":"Qualcomm Snapdragon 800 (28 nm)"},{"label":"CPU","value":"Quad-core 2.3 GHz Krait 400"},{"label":"GPU","value":"Adreno 330"}]},{"category":"Memory","specs":[{"label":"Card slot","value":"microSDXC (dedicated slot)"},{"label":"Internal","value":"16GB 2GB RAM"}]},{"category":"Main Camera","specs":[{"label":"Single","value":"13 MP, AF"},{"label":"Features","value":"LED flash"},{"label":"Video","value":"4K@25fps, 1080p@25fps"}]},{"category":"Selfie camera","specs":[{"label":"Single","value":"2 MP"},{"label":"Video","value":"1080p@25fps"}]},{"category":"Sound","specs":[{"label":"Loudspeaker","value":"Yes"},{"label":"3.5mm jack","value":"Yes"}]},{"category":"Comms","specs":[{"label":"WLAN","value":"Wi-Fi 802.11 a/b/g/n/ac, dual-band, Wi-Fi Direct, hotspot"},{"label":"Bluetooth","value":"4.0, A2DP"},{"label":"Positioning","value":"GPS, GLONASS"},{"label":"NFC","value":"Yes"},{"label":"USB","value":"microUSB 2.0 (SlimPort TV-out), OTG"},{"label":"Radio","value":"No"}]},{"category":"Features","specs":[{"label":"Sensors","value":"Accelerometer, gyro, proximity, compass"}]},{"category":"Battery","specs":[{"label":"Type","value":"Li-Po 2300 mAh, non-removable"},{"label":"Stand-by","value":"Up to 456 h (3G)"},{"label":"Talk time","value":"Up to 20 h (3G)"}]},{"category":"Misc","specs":[{"label":"Colors","value":"Titanium Black, Platinum White"},{"label":"Price","value":"About 320 EUR"}]}]');
INSERT OR IGNORE INTO device_pictures (device_id, url, position) VALUES (285, 'https://fdn2.gsmarena.com/vv/bigpic/Asus-PadFone-X.jpg', 0);
INSERT OR IGNORE INTO device_pictures (device_id, url, position) VALUES (285, 'https://fdn2.gsmarena.com/vv/pics/asus/Asus-PadFone-X.jpg', 1);
INSERT OR IGNORE INTO device_pictures (device_id, url, position) VALUES (285, 'https://fdn2.gsmarena.com/vv/pics/asus/Asus-PadFone-X2.jpg', 2);
INSERT OR IGNORE INTO devices (id, brand_id, name, gsmarena_url, thumbnail_url, summary) VALUES (286, 2, 'PadFone S', 'https://www.gsmarena.com/asus_padfone_s-6238.php', 'https://fdn2.gsmarena.com/vv/bigpic/asus-padfone-s-new.jpg', 'PadFone S');
INSERT OR IGNORE INTO device_specs (device_id, announced, status, network, os, chipset, cpu, gpu, display_size, display_type, display_res, ram, storage, main_camera, selfie_camera, battery, charging, nfc, usb, bluetooth, wlan, colors, weight, dimensions, sim, sensors, popularity, fans, rating, full_specs_json) VALUES (286, '2014, March. Released 2014, July', 'Discontinued', 'GSM / HSPA / LTE / 4G/LTE', 'Android 4.4.2 (KitKat), upgradable to 6.0 (Marshmallow)', 'Qualcomm MSM8974AB Snapdragon 801 (28 nm)', 'Quad-core 2.3 GHz Krait 400', 'Adreno 330', '5.0 inches, 68.9 cm 2 (~66.3% screen-to-body ratio)', 'Super IPS+ LCD', '1080 x 1920 pixels, 16:9 ratio (~441 ppi density)', '2GB', '16GB', '13 MP, f/2.0, AF, LED flash', '2 MP, f/2.0, 1080p@30fps', 'Li-Po 2300 mAh, non-removable', NULL, 'Yes', 'microUSB 2.0 (SlimPort TV-out), OTG', '4.0, A2DP', 'Wi-Fi 802.11 a/b/g/n/ac, dual-band, Wi-Fi Direct, hotspot', 'Titanium Black, Platinum White, Dark Ruby', '150 g (5.29 oz)', '143.4 x 72.5 x 10 mm (5.65 x 2.85 x 0.39 in)', 'Micro-SIM', 'Accelerometer, gyro, proximity, compass', 'About 250 EUR', NULL, NULL, '[{"category":"Network","specs":[{"label":"Technology","value":"GSM / HSPA / LTE"},{"label":"2G bands","value":"GSM 850 / 900 / 1800 / 1900"},{"label":"3G bands","value":"HSDPA 900 / 1900 / 2100"},{"label":"4G bands","value":"LTE 700 / 900 / 1700/2100 / 1800 / 1900 / 2100 / 2600"},{"label":"Speed","value":"HSPA 42.2/5.76 Mbps, LTE Cat4 150/50 Mbps"}]},{"category":"Launch","specs":[{"label":"Announced","value":"2014, March. Released 2014, July"},{"label":"Status","value":"Discontinued"}]},{"category":"Body","specs":[{"label":"Dimensions","value":"143.4 x 72.5 x 10 mm (5.65 x 2.85 x 0.39 in)"},{"label":"Weight","value":"150 g (5.29 oz)"},{"label":"SIM","value":"Micro-SIM"}]},{"category":"Display","specs":[{"label":"Type","value":"Super IPS+ LCD"},{"label":"Size","value":"5.0 inches, 68.9 cm 2 (~66.3% screen-to-body ratio)"},{"label":"Resolution","value":"1080 x 1920 pixels, 16:9 ratio (~441 ppi density)"},{"label":"Protection","value":"Corning Gorilla Glass"}]},{"category":"Platform","specs":[{"label":"OS","value":"Android 4.4.2 (KitKat), upgradable to 6.0 (Marshmallow)"},{"label":"Chipset","value":"Qualcomm MSM8974AB Snapdragon 801 (28 nm)"},{"label":"CPU","value":"Quad-core 2.3 GHz Krait 400"},{"label":"GPU","value":"Adreno 330"}]},{"category":"Memory","specs":[{"label":"Card slot","value":"microSDXC (dedicated slot)"},{"label":"Internal","value":"16GB 2GB RAM"}]},{"category":"Main Camera","specs":[{"label":"Single","value":"13 MP, f/2.0, AF"},{"label":"Features","value":"LED flash"},{"label":"Video","value":"4K@12-25fps, 1080p@30fps, 720p@60fps"}]},{"category":"Selfie camera","specs":[{"label":"Single","value":"2 MP, f/2.0"},{"label":"Video","value":"1080p@30fps"}]},{"category":"Sound","specs":[{"label":"Loudspeaker","value":"Yes"},{"label":"3.5mm jack","value":"Yes"}]},{"category":"Comms","specs":[{"label":"WLAN","value":"Wi-Fi 802.11 a/b/g/n/ac, dual-band, Wi-Fi Direct, hotspot"},{"label":"Bluetooth","value":"4.0, A2DP"},{"label":"Positioning","value":"GPS"},{"label":"NFC","value":"Yes"},{"label":"USB","value":"microUSB 2.0 (SlimPort TV-out), OTG"},{"label":"Radio","value":"No"}]},{"category":"Features","specs":[{"label":"Sensors","value":"Accelerometer, gyro, proximity, compass"}]},{"category":"Battery","specs":[{"label":"Type","value":"Li-Po 2300 mAh, non-removable"},{"label":"Stand-by","value":"Up to 417 h (2G) / Up to 528 h (3G)"},{"label":"Talk time","value":"Up to 30 h (2G) / Up to 22 h (3G)"}]},{"category":"Misc","specs":[{"label":"Colors","value":"Titanium Black, Platinum White, Dark Ruby"},{"label":"Models","value":"T00N"},{"label":"Price","value":"About 250 EUR"}]}]');
INSERT OR IGNORE INTO device_pictures (device_id, url, position) VALUES (286, 'https://fdn2.gsmarena.com/vv/bigpic/asus-padfone-s-new.jpg', 0);
INSERT OR IGNORE INTO device_pictures (device_id, url, position) VALUES (286, 'https://fdn2.gsmarena.com/vv/pics/asus/asus-padfone-s-new1.jpg', 1);
INSERT OR IGNORE INTO device_pictures (device_id, url, position) VALUES (286, 'https://fdn2.gsmarena.com/vv/pics/asus/asus-padfone-s-new2.jpg', 2);
INSERT OR IGNORE INTO devices (id, brand_id, name, gsmarena_url, thumbnail_url, summary) VALUES (287, 2, 'PadFone Infinity Lite', 'https://www.gsmarena.com/asus_padfone_infinity_lite-6120.php', 'https://fdn2.gsmarena.com/vv/bigpic/asus-padfone-infinity-2-new.jpg', 'PadFone Infinity Lite');
INSERT OR IGNORE INTO device_specs (device_id, announced, status, network, os, chipset, cpu, gpu, display_size, display_type, display_res, ram, storage, main_camera, selfie_camera, battery, charging, nfc, usb, bluetooth, wlan, colors, weight, dimensions, sim, sensors, popularity, fans, rating, full_specs_json) VALUES (287, '2014, February. Released 2014, March', 'Discontinued', 'GSM / HSPA / LTE / 4G/LTE', 'Android 4.1 (Jelly Bean)', 'Qualcomm Snapdragon 600', 'Quad-core 1.7 GHz Krait', 'Adreno 320', '5.0 inches, 68.9 cm 2 (~66.0% screen-to-body ratio)', 'Super IPS+ LCD', '1080 x 1920 pixels, 16:9 ratio (~441 ppi density)', '2GB', '16GB', '13 MP, AF, LED flash', '2 MP, 1080p@30fps', 'Li-Po 2400 mAh, non-removable', NULL, 'No', 'microUSB 2.0 (SlimPort TV-out), OTG', '4.0, A2DP', 'Wi-Fi 802.11 a/b/g/n/ac, dual-band, Wi-Fi Direct, hotspot', 'Titanium Black, Platinum White', '145 g (5.11 oz)', '143.5 x 72.8 x 8.9 mm (5.65 x 2.87 x 0.35 in)', 'Micro-SIM', 'Accelerometer, gyro, proximity, compass', 'About 510 EUR', NULL, NULL, '[{"category":"Network","specs":[{"label":"Technology","value":"GSM / HSPA / LTE"},{"label":"2G bands","value":"GSM 850 / 900 / 1800 / 1900"},{"label":"3G bands","value":"HSDPA 850 / 900 / 1900 / 2100"},{"label":"4G bands","value":"3, 7, 20"},{"label":"Speed","value":"HSPA 42.2/5.76 Mbps, LTE Cat4 150/50 Mbps"}]},{"category":"Launch","specs":[{"label":"Announced","value":"2014, February. Released 2014, March"},{"label":"Status","value":"Discontinued"}]},{"category":"Body","specs":[{"label":"Dimensions","value":"143.5 x 72.8 x 8.9 mm (5.65 x 2.87 x 0.35 in)"},{"label":"Weight","value":"145 g (5.11 oz)"},{"label":"SIM","value":"Micro-SIM"}]},{"category":"Display","specs":[{"label":"Type","value":"Super IPS+ LCD"},{"label":"Size","value":"5.0 inches, 68.9 cm 2 (~66.0% screen-to-body ratio)"},{"label":"Resolution","value":"1080 x 1920 pixels, 16:9 ratio (~441 ppi density)"}]},{"category":"Platform","specs":[{"label":"OS","value":"Android 4.1 (Jelly Bean)"},{"label":"Chipset","value":"Qualcomm Snapdragon 600"},{"label":"CPU","value":"Quad-core 1.7 GHz Krait"},{"label":"GPU","value":"Adreno 320"}]},{"category":"Memory","specs":[{"label":"Card slot","value":"microSDXC (dedicated slot)"},{"label":"Internal","value":"16GB 2GB RAM, 32GB 2GB RAM"}]},{"category":"Main Camera","specs":[{"label":"Single","value":"13 MP, AF"},{"label":"Features","value":"LED flash"},{"label":"Video","value":"1080p@30fps"}]},{"category":"Selfie camera","specs":[{"label":"Single","value":"2 MP"},{"label":"Video","value":"1080p@30fps"}]},{"category":"Sound","specs":[{"label":"Loudspeaker","value":"Yes"},{"label":"3.5mm jack","value":"Yes"}]},{"category":"Comms","specs":[{"label":"WLAN","value":"Wi-Fi 802.11 a/b/g/n/ac, dual-band, Wi-Fi Direct, hotspot"},{"label":"Bluetooth","value":"4.0, A2DP"},{"label":"Positioning","value":"GPS, GLONASS"},{"label":"NFC","value":"No"},{"label":"USB","value":"microUSB 2.0 (SlimPort TV-out), OTG"},{"label":"Radio","value":"FM radio"}]},{"category":"Features","specs":[{"label":"Sensors","value":"Accelerometer, gyro, proximity, compass"}]},{"category":"Battery","specs":[{"label":"Type","value":"Li-Po 2400 mAh, non-removable"},{"label":"Stand-by","value":"Up to 410 h (3G)"},{"label":"Talk time","value":"Up to 19 h (3G)"}]},{"category":"Misc","specs":[{"label":"Colors","value":"Titanium Black, Platinum White"},{"label":"Price","value":"About 510 EUR"}]}]');
INSERT OR IGNORE INTO device_pictures (device_id, url, position) VALUES (287, 'https://fdn2.gsmarena.com/vv/bigpic/asus-padfone-infinity-2-new.jpg', 0);
INSERT OR IGNORE INTO device_pictures (device_id, url, position) VALUES (287, 'https://fdn2.gsmarena.com/vv/pics/asus/asus-padfone-infinity-lite.jpg', 1);
INSERT OR IGNORE INTO devices (id, brand_id, name, gsmarena_url, thumbnail_url, summary) VALUES (288, 2, 'PadFone E', 'https://www.gsmarena.com/asus_padfone_e-5993.php', 'https://fdn2.gsmarena.com/vv/bigpic/asus-padfone-e.jpg', 'PadFone E');
INSERT OR IGNORE INTO device_specs (device_id, announced, status, network, os, chipset, cpu, gpu, display_size, display_type, display_res, ram, storage, main_camera, selfie_camera, battery, charging, nfc, usb, bluetooth, wlan, colors, weight, dimensions, sim, sensors, popularity, fans, rating, full_specs_json) VALUES (288, '2014, January. Released 2014, March', 'Discontinued', 'GSM / HSPA', 'Android 4.3 (Jelly Bean)', 'Qualcomm Snapdragon 400 (28 nm)', 'Quad-core 1.4 GHz Cortex-A7', 'Adreno 305', '4.7 inches, 60.9 cm 2 (~62.6% screen-to-body ratio)', 'Super IPS LCD', '720 x 1280 pixels, 16:9 ratio (~312 ppi density)', '1GB', '1GB', '13 MP, AF, LED flash', '1.2 MP, 720p', 'Li-Ion 1820 mAh, non-removable', NULL, 'No', 'microUSB 2.0', '4.0, A2DP', 'Wi-Fi 802.11 b/g/n', 'Black, White', '126 g (4.44 oz)', '139.6 x 69.7 x 9.1 mm (5.50 x 2.74 x 0.36 in)', 'Dual SIM (dual stand-by)', 'Accelerometer, proximity, compass', 'About 260 EUR', NULL, NULL, '[{"category":"Network","specs":[{"label":"Technology","value":"GSM / HSPA"},{"label":"2G bands","value":"GSM 850 / 900 / 1800 / 1900"},{"label":"3G bands","value":"HSDPA 850 / 900 / 1900 / 2100"},{"label":"Speed","value":"HSPA"}]},{"category":"Launch","specs":[{"label":"Announced","value":"2014, January. Released 2014, March"},{"label":"Status","value":"Discontinued"}]},{"category":"Body","specs":[{"label":"Dimensions","value":"139.6 x 69.7 x 9.1 mm (5.50 x 2.74 x 0.36 in)"},{"label":"Weight","value":"126 g (4.44 oz)"},{"label":"SIM","value":"Dual SIM (dual stand-by)"}]},{"category":"Display","specs":[{"label":"Type","value":"Super IPS LCD"},{"label":"Size","value":"4.7 inches, 60.9 cm 2 (~62.6% screen-to-body ratio)"},{"label":"Resolution","value":"720 x 1280 pixels, 16:9 ratio (~312 ppi density)"},{"label":"Protection","value":"Corning Gorilla Glass"}]},{"category":"Platform","specs":[{"label":"OS","value":"Android 4.3 (Jelly Bean)"},{"label":"Chipset","value":"Qualcomm Snapdragon 400 (28 nm)"},{"label":"CPU","value":"Quad-core 1.4 GHz Cortex-A7"},{"label":"GPU","value":"Adreno 305"}]},{"category":"Memory","specs":[{"label":"Card slot","value":"microSDXC (dedicated slot)"},{"label":"Internal","value":"1GB RAM"}]},{"category":"Main Camera","specs":[{"label":"Single","value":"13 MP, AF"},{"label":"Features","value":"LED flash"},{"label":"Video","value":"1080p@30fps, 720p@60fps"}]},{"category":"Selfie camera","specs":[{"label":"Single","value":"1.2 MP"},{"label":"Video","value":"720p"}]},{"category":"Sound","specs":[{"label":"Loudspeaker","value":"Yes"},{"label":"3.5mm jack","value":"Yes"}]},{"category":"Comms","specs":[{"label":"WLAN","value":"Wi-Fi 802.11 b/g/n"},{"label":"Bluetooth","value":"4.0, A2DP"},{"label":"Positioning","value":"GPS, GLONASS"},{"label":"NFC","value":"No"},{"label":"USB","value":"microUSB 2.0"},{"label":"Radio","value":"No"}]},{"category":"Features","specs":[{"label":"Sensors","value":"Accelerometer, proximity, compass"}]},{"category":"Battery","specs":[{"label":"Type","value":"Li-Ion 1820 mAh, non-removable"},{"label":"Stand-by","value":"Up to 270 h (2G) / Up to 330 h (3G)"},{"label":"Talk time","value":"Up to 27 h (2G) / Up to 15 h (3G)"}]},{"category":"Misc","specs":[{"label":"Colors","value":"Black, White"},{"label":"Models","value":"PadFone T008"},{"label":"Price","value":"About 260 EUR"}]}]');
INSERT OR IGNORE INTO device_pictures (device_id, url, position) VALUES (288, 'https://fdn2.gsmarena.com/vv/bigpic/asus-padfone-e.jpg', 0);
INSERT OR IGNORE INTO device_pictures (device_id, url, position) VALUES (288, 'https://fdn2.gsmarena.com/vv/pics/asus/asus-padfone-e-2.jpg', 1);
INSERT OR IGNORE INTO device_pictures (device_id, url, position) VALUES (288, 'https://fdn2.gsmarena.com/vv/pics/asus/asus-padfone-e-1.jpg', 2);
INSERT OR IGNORE INTO devices (id, brand_id, name, gsmarena_url, thumbnail_url, summary) VALUES (289, 2, 'Zenfone 6 A601CG (2014)', 'https://www.gsmarena.com/asus_zenfone_6_a601cg_(2014)-6853.php', 'https://fdn2.gsmarena.com/vv/bigpic/asus-zenfone-6.jpg', 'Zenfone 6 A601CG (2014)');
INSERT OR IGNORE INTO device_specs (device_id, announced, status, network, os, chipset, cpu, gpu, display_size, display_type, display_res, ram, storage, main_camera, selfie_camera, battery, charging, nfc, usb, bluetooth, wlan, colors, weight, dimensions, sim, sensors, popularity, fans, rating, full_specs_json) VALUES (289, '2014, January. Released 2014, May', 'Discontinued', 'GSM / HSPA', 'Android 4.3 (Jelly Bean), upgradable to 5.0.2 (Lollipop)', 'Intel Atom Z2560', 'Dual-core 1.6 GHz', 'PowerVR SGX544MP2', '6.0 inches, 99.2 cm 2 (~70.5% screen-to-body ratio)', 'IPS LCD', '720 x 1280 pixels, 16:9 ratio (~245 ppi density)', '2GB', '16GB', '13 MP, AF, LED flash, panorama', '2 MP', 'Li-Po 3230 mAh, non-removable', NULL, 'No', 'microUSB 2.0, OTG', '4.0, A2DP, EDR', 'Wi-Fi 802.11 b/g/n, Wi-Fi Direct, hotspot', 'Charcoal Black, Pearl White, Cherry Red, Champagne Gold', '196 g (6.91 oz)', '166.9 x 84.3 x 9.9 mm (6.57 x 3.32 x 0.39 in)', 'Dual SIM (Micro-SIM, dual stand-by)', 'Accelerometer, gyro, proximity, compass', 'About 200 EUR', NULL, NULL, '[{"category":"Network","specs":[{"label":"Technology","value":"GSM / HSPA"},{"label":"2G bands","value":"GSM 850 / 900 / 1800 / 1900 - SIM 1 & SIM 2"},{"label":"3G bands","value":"HSDPA 850 / 900 / 1900 / 2100"},{"label":"Speed","value":"HSPA 42.2/5.76 Mbps"}]},{"category":"Launch","specs":[{"label":"Announced","value":"2014, January. Released 2014, May"},{"label":"Status","value":"Discontinued"}]},{"category":"Body","specs":[{"label":"Dimensions","value":"166.9 x 84.3 x 9.9 mm (6.57 x 3.32 x 0.39 in)"},{"label":"Weight","value":"196 g (6.91 oz)"},{"label":"SIM","value":"Dual SIM (Micro-SIM, dual stand-by)"}]},{"category":"Display","specs":[{"label":"Type","value":"IPS LCD"},{"label":"Size","value":"6.0 inches, 99.2 cm 2 (~70.5% screen-to-body ratio)"},{"label":"Resolution","value":"720 x 1280 pixels, 16:9 ratio (~245 ppi density)"},{"label":"Protection","value":"Corning Gorilla Glass 3"}]},{"category":"Platform","specs":[{"label":"OS","value":"Android 4.3 (Jelly Bean), upgradable to 5.0.2 (Lollipop)"},{"label":"Chipset","value":"Intel Atom Z2560"},{"label":"CPU","value":"Dual-core 1.6 GHz"},{"label":"GPU","value":"PowerVR SGX544MP2"}]},{"category":"Memory","specs":[{"label":"Card slot","value":"microSDXC (dedicated slot)"},{"label":"Internal","value":"16GB 2GB RAM, 32GB 2GB RAM"}]},{"category":"Main Camera","specs":[{"label":"Single","value":"13 MP, AF"},{"label":"Features","value":"LED flash, panorama"},{"label":"Video","value":"1080p@30fps"}]},{"category":"Selfie camera","specs":[{"label":"Single","value":"2 MP"}]},{"category":"Sound","specs":[{"label":"Loudspeaker","value":"Yes"},{"label":"3.5mm jack","value":"Yes"}]},{"category":"Comms","specs":[{"label":"WLAN","value":"Wi-Fi 802.11 b/g/n, Wi-Fi Direct, hotspot"},{"label":"Bluetooth","value":"4.0, A2DP, EDR"},{"label":"Positioning","value":"GPS"},{"label":"NFC","value":"No"},{"label":"USB","value":"microUSB 2.0, OTG"},{"label":"Radio","value":"FM radio"}]},{"category":"Features","specs":[{"label":"Sensors","value":"Accelerometer, gyro, proximity, compass"}]},{"category":"Battery","specs":[{"label":"Type","value":"Li-Po 3230 mAh, non-removable"},{"label":"Stand-by","value":"Up to 398 h (3G)"},{"label":"Talk time","value":"Up to 28 h (3G)"}]},{"category":"Misc","specs":[{"label":"Colors","value":"Charcoal Black, Pearl White, Cherry Red, Champagne Gold"},{"label":"Price","value":"About 200 EUR"}]}]');
INSERT OR IGNORE INTO device_pictures (device_id, url, position) VALUES (289, 'https://fdn2.gsmarena.com/vv/bigpic/asus-zenfone-6.jpg', 0);
INSERT OR IGNORE INTO device_pictures (device_id, url, position) VALUES (289, 'https://fdn2.gsmarena.com/vv/pics/asus/asus-zenfone-6-1.jpg', 1);
INSERT OR IGNORE INTO devices (id, brand_id, name, gsmarena_url, thumbnail_url, summary) VALUES (290, 2, 'Zenfone 6 A600CG (2014)', 'https://www.gsmarena.com/asus_zenfone_6_a600cg_(2014)-5953.php', 'https://fdn2.gsmarena.com/vv/bigpic/asus-zenfone-6.jpg', 'Zenfone 6 A600CG (2014)');
INSERT OR IGNORE INTO device_specs (device_id, announced, status, network, os, chipset, cpu, gpu, display_size, display_type, display_res, ram, storage, main_camera, selfie_camera, battery, charging, nfc, usb, bluetooth, wlan, colors, weight, dimensions, sim, sensors, popularity, fans, rating, full_specs_json) VALUES (290, '2014, January. Released 2014, May', 'Discontinued', 'GSM / HSPA', 'Android 4.3 (Jelly Bean), upgradable to 5.0.2 (Lollipop)', 'Intel Atom Z2580', 'Dual-core 2.0 GHz', 'PowerVR SGX544MP2', '6.0 inches, 99.2 cm 2 (~70.5% screen-to-body ratio)', 'IPS LCD', '720 x 1280 pixels, 16:9 ratio (~245 ppi density)', '2GB', '16GB', '13 MP, f/2.0, AF, LED flash, panorama', '2 MP', 'Li-Po 3300 mAh, non-removable (12 Wh)', NULL, 'No', 'microUSB 2.0, OTG', '4.0, A2DP, EDR', 'Wi-Fi 802.11 b/g/n, Wi-Fi Direct, hotspot', 'Charcoal Black, Pearl White, Cherry Red, Champagne Gold', '196 g (6.91 oz)', '166.9 x 84.3 x 9.9 mm (6.57 x 3.32 x 0.39 in)', 'Dual SIM (Micro-SIM, dual stand-by)', 'Accelerometer, gyro, proximity, compass', 'About 250 EUR', NULL, NULL, '[{"category":"Network","specs":[{"label":"Technology","value":"GSM / HSPA"},{"label":"2G bands","value":"GSM 850 / 900 / 1800 / 1900 - SIM 1 & SIM 2"},{"label":"3G bands","value":"HSDPA 850 / 900 / 1900 / 2100"},{"label":"Speed","value":"HSPA 42.2/5.76 Mbps"}]},{"category":"Launch","specs":[{"label":"Announced","value":"2014, January. Released 2014, May"},{"label":"Status","value":"Discontinued"}]},{"category":"Body","specs":[{"label":"Dimensions","value":"166.9 x 84.3 x 9.9 mm (6.57 x 3.32 x 0.39 in)"},{"label":"Weight","value":"196 g (6.91 oz)"},{"label":"SIM","value":"Dual SIM (Micro-SIM, dual stand-by)"}]},{"category":"Display","specs":[{"label":"Type","value":"IPS LCD"},{"label":"Size","value":"6.0 inches, 99.2 cm 2 (~70.5% screen-to-body ratio)"},{"label":"Resolution","value":"720 x 1280 pixels, 16:9 ratio (~245 ppi density)"},{"label":"Protection","value":"Corning Gorilla Glass 3"}]},{"category":"Platform","specs":[{"label":"OS","value":"Android 4.3 (Jelly Bean), upgradable to 5.0.2 (Lollipop)"},{"label":"Chipset","value":"Intel Atom Z2580"},{"label":"CPU","value":"Dual-core 2.0 GHz"},{"label":"GPU","value":"PowerVR SGX544MP2"}]},{"category":"Memory","specs":[{"label":"Card slot","value":"microSDXC (dedicated slot)"},{"label":"Internal","value":"16GB 2GB RAM, 32GB 2GB RAM"}]},{"category":"Main Camera","specs":[{"label":"Single","value":"13 MP, f/2.0, AF"},{"label":"Features","value":"LED flash, panorama"},{"label":"Video","value":"1080p@30fps"}]},{"category":"Selfie camera","specs":[{"label":"Single","value":"2 MP"}]},{"category":"Sound","specs":[{"label":"Loudspeaker","value":"Yes"},{"label":"3.5mm jack","value":"Yes"}]},{"category":"Comms","specs":[{"label":"WLAN","value":"Wi-Fi 802.11 b/g/n, Wi-Fi Direct, hotspot"},{"label":"Bluetooth","value":"4.0, A2DP, EDR"},{"label":"Positioning","value":"GPS"},{"label":"NFC","value":"No"},{"label":"USB","value":"microUSB 2.0, OTG"},{"label":"Radio","value":"No"}]},{"category":"Features","specs":[{"label":"Sensors","value":"Accelerometer, gyro, proximity, compass"}]},{"category":"Battery","specs":[{"label":"Type","value":"Li-Po 3300 mAh, non-removable (12 Wh)"},{"label":"Stand-by","value":"Up to 398 h (3G)"},{"label":"Talk time","value":"Up to 28 h (3G)"}]},{"category":"Misc","specs":[{"label":"Colors","value":"Charcoal Black, Pearl White, Cherry Red, Champagne Gold"},{"label":"Models","value":"T00G, Z002"},{"label":"SAR","value":"1.18 W/kg (head)"},{"label":"Price","value":"About 250 EUR"},{"label":"SAR EU","value":"0.53 W/kg (head)"}]}]');
INSERT OR IGNORE INTO device_pictures (device_id, url, position) VALUES (290, 'https://fdn2.gsmarena.com/vv/bigpic/asus-zenfone-6.jpg', 0);
INSERT OR IGNORE INTO device_pictures (device_id, url, position) VALUES (290, 'https://fdn2.gsmarena.com/vv/pics/asus/asus-zenfone-6-1.jpg', 1);
INSERT OR IGNORE INTO devices (id, brand_id, name, gsmarena_url, thumbnail_url, summary) VALUES (291, 2, 'Zenfone 5 A501CG (2015)', 'https://www.gsmarena.com/asus_zenfone_5_a501cg_(2015)-7160.php', 'https://fdn2.gsmarena.com/vv/bigpic/asus-zenfone-5-a501cg.jpg', 'Zenfone 5 A501CG (2015)');
INSERT OR IGNORE INTO device_specs (device_id, announced, status, network, os, chipset, cpu, gpu, display_size, display_type, display_res, ram, storage, main_camera, selfie_camera, battery, charging, nfc, usb, bluetooth, wlan, colors, weight, dimensions, sim, sensors, popularity, fans, rating, full_specs_json) VALUES (291, '2015, January. Released 2015, January', 'Discontinued', 'GSM / HSPA', 'Android 4.3 (Jelly Bean), upgradable to 5.0.2 (Lollipop)', 'Intel Atom Z2520', 'Dual-core 1.2 GHz', 'PowerVR SGX544MP2', '5.0 inches, 68.9 cm 2 (~63.9% screen-to-body ratio)', 'IPS LCD', '720 x 1280 pixels, 16:9 ratio (~294 ppi density)', '2GB', '8GB', '8 MP, f/2.0, AF, LED flash', '2 MP, f/2.4', 'Li-Po 2110 mAh, non-removable', NULL, 'No', 'microUSB 2.0, OTG', '4.0, A2DP, EDR', 'Wi-Fi 802.11 b/g/n, Wi-Fi Direct, hotspot', 'Charcoal Black, Pearl White, Cherry Red', '145 g (5.11 oz)', '148.2 x 72.8 x 10.3 mm (5.83 x 2.87 x 0.41 in)', 'Dual SIM (Micro-SIM, dual stand-by)', 'Accelerometer, proximity, compass', 'About 120 EUR', NULL, NULL, '[{"category":"Network","specs":[{"label":"Technology","value":"GSM / HSPA"},{"label":"2G bands","value":"GSM 850 / 900 / 1800 / 1900 - SIM 1 & SIM 2"},{"label":"3G bands","value":"HSDPA 850 / 900 / 1900 / 2100"},{"label":"Speed","value":"HSPA 42.2/5.76 Mbps"}]},{"category":"Launch","specs":[{"label":"Announced","value":"2015, January. Released 2015, January"},{"label":"Status","value":"Discontinued"}]},{"category":"Body","specs":[{"label":"Dimensions","value":"148.2 x 72.8 x 10.3 mm (5.83 x 2.87 x 0.41 in)"},{"label":"Weight","value":"145 g (5.11 oz)"},{"label":"SIM","value":"Dual SIM (Micro-SIM, dual stand-by)"}]},{"category":"Display","specs":[{"label":"Type","value":"IPS LCD"},{"label":"Size","value":"5.0 inches, 68.9 cm 2 (~63.9% screen-to-body ratio)"},{"label":"Resolution","value":"720 x 1280 pixels, 16:9 ratio (~294 ppi density)"},{"label":"Protection","value":"Corning Gorilla Glass 3"}]},{"category":"Platform","specs":[{"label":"OS","value":"Android 4.3 (Jelly Bean), upgradable to 5.0.2 (Lollipop)"},{"label":"Chipset","value":"Intel Atom Z2520"},{"label":"CPU","value":"Dual-core 1.2 GHz"},{"label":"GPU","value":"PowerVR SGX544MP2"}]},{"category":"Memory","specs":[{"label":"Card slot","value":"microSDXC (dedicated slot)"},{"label":"Internal","value":"8GB 2GB RAM"}]},{"category":"Main Camera","specs":[{"label":"Single","value":"8 MP, f/2.0, AF"},{"label":"Features","value":"LED flash"},{"label":"Video","value":"1080p@30fps, 720p@60fps"}]},{"category":"Selfie camera","specs":[{"label":"Single","value":"2 MP, f/2.4"}]},{"category":"Sound","specs":[{"label":"Loudspeaker","value":"Yes"},{"label":"3.5mm jack","value":"Yes"}]},{"category":"Comms","specs":[{"label":"WLAN","value":"Wi-Fi 802.11 b/g/n, Wi-Fi Direct, hotspot"},{"label":"Bluetooth","value":"4.0, A2DP, EDR"},{"label":"Positioning","value":"GPS, GLONASS"},{"label":"NFC","value":"No"},{"label":"USB","value":"microUSB 2.0, OTG"},{"label":"Radio","value":"FM radio"}]},{"category":"Features","specs":[{"label":"Sensors","value":"Accelerometer, proximity, compass"}]},{"category":"Battery","specs":[{"label":"Type","value":"Li-Po 2110 mAh, non-removable"},{"label":"Stand-by","value":"Up to 353 h (3G)"},{"label":"Talk time","value":"Up to 18 h 30 min (3G)"}]},{"category":"Misc","specs":[{"label":"Colors","value":"Charcoal Black, Pearl White, Cherry Red"},{"label":"Models","value":"T00F"},{"label":"Price","value":"About 120 EUR"}]}]');
INSERT OR IGNORE INTO device_pictures (device_id, url, position) VALUES (291, 'https://fdn2.gsmarena.com/vv/bigpic/asus-zenfone-5-a501cg.jpg', 0);
INSERT OR IGNORE INTO device_pictures (device_id, url, position) VALUES (291, 'https://fdn2.gsmarena.com/vv/pics/asus/asus-zenfone-5-a501cg.jpg', 1);
INSERT OR IGNORE INTO devices (id, brand_id, name, gsmarena_url, thumbnail_url, summary) VALUES (292, 2, 'Zenfone 5 A500CG (2014)', 'https://www.gsmarena.com/asus_zenfone_5_a500cg_(2014)-5952.php', 'https://fdn2.gsmarena.com/vv/bigpic/asus-zenfone-51.jpg', 'Zenfone 5 A500CG (2014)');
INSERT OR IGNORE INTO device_specs (device_id, announced, status, network, os, chipset, cpu, gpu, display_size, display_type, display_res, ram, storage, main_camera, selfie_camera, battery, charging, nfc, usb, bluetooth, wlan, colors, weight, dimensions, sim, sensors, popularity, fans, rating, full_specs_json) VALUES (292, '2014, January. Released 2014, April', 'Discontinued', 'GSM / HSPA', 'Android 4.3 (Jelly Bean), upgradable to 5.0.2 (Lollipop)', 'Intel Atom Z2580', 'Dual-core 2.0 GHz', 'PowerVR SGX544MP2', '5.0 inches, 68.9 cm 2 (~63.9% screen-to-body ratio)', 'IPS LCD', '720 x 1280 pixels, 16:9 ratio (~294 ppi density)', '2GB', '8GB', '8 MP, f/2.0, AF, LED flash', '2 MP, f/2.4', 'Li-Po 2110 mAh, non-removable', NULL, 'No', 'microUSB 2.0, OTG', '4.0, A2DP, EDR', 'Wi-Fi 802.11 b/g/n, Wi-Fi Direct, hotspot', 'Charcoal Black, Pearl White, Cherry Red, Champagne Gold, Twilight Purple', '145 g (5.11 oz)', '148.2 x 72.8 x 10.3 mm (5.83 x 2.87 x 0.41 in)', 'Dual SIM (Micro-SIM, dual stand-by)', 'Accelerometer, proximity, compass', 'About 130 EUR', NULL, NULL, '[{"category":"Network","specs":[{"label":"Technology","value":"GSM / HSPA"},{"label":"2G bands","value":"GSM 850 / 900 / 1800 / 1900"},{"label":"3G bands","value":"HSDPA 850 / 900 / 1900 / 2100"},{"label":"Speed","value":"HSPA 42.2/5.76 Mbps"}]},{"category":"Launch","specs":[{"label":"Announced","value":"2014, January. Released 2014, April"},{"label":"Status","value":"Discontinued"}]},{"category":"Body","specs":[{"label":"Dimensions","value":"148.2 x 72.8 x 10.3 mm (5.83 x 2.87 x 0.41 in)"},{"label":"Weight","value":"145 g (5.11 oz)"},{"label":"Build","value":"Glass front (Gorilla Glass 3), plastic back, plastic frame"},{"label":"SIM","value":"Dual SIM (Micro-SIM, dual stand-by)"}]},{"category":"Display","specs":[{"label":"Type","value":"IPS LCD"},{"label":"Size","value":"5.0 inches, 68.9 cm 2 (~63.9% screen-to-body ratio)"},{"label":"Resolution","value":"720 x 1280 pixels, 16:9 ratio (~294 ppi density)"},{"label":"Protection","value":"Corning Gorilla Glass 3"}]},{"category":"Platform","specs":[{"label":"OS","value":"Android 4.3 (Jelly Bean), upgradable to 5.0.2 (Lollipop)"},{"label":"Chipset","value":"Intel Atom Z2580"},{"label":"CPU","value":"Dual-core 2.0 GHz"},{"label":"GPU","value":"PowerVR SGX544MP2"}]},{"category":"Memory","specs":[{"label":"Card slot","value":"microSDXC (dedicated slot)"},{"label":"Internal","value":"8GB 2GB RAM, 16GB 2GB RAM, 32GB 2GB RAM"}]},{"category":"Main Camera","specs":[{"label":"Single","value":"8 MP, f/2.0, AF"},{"label":"Features","value":"LED flash"},{"label":"Video","value":"1080p@30fps"}]},{"category":"Selfie camera","specs":[{"label":"Single","value":"2 MP, f/2.4"}]},{"category":"Sound","specs":[{"label":"Loudspeaker","value":"Yes"},{"label":"3.5mm jack","value":"Yes"}]},{"category":"Comms","specs":[{"label":"WLAN","value":"Wi-Fi 802.11 b/g/n, Wi-Fi Direct, hotspot"},{"label":"Bluetooth","value":"4.0, A2DP, EDR"},{"label":"Positioning","value":"GPS, GLONASS"},{"label":"NFC","value":"No"},{"label":"USB","value":"microUSB 2.0, OTG"},{"label":"Radio","value":"FM radio"}]},{"category":"Features","specs":[{"label":"Sensors","value":"Accelerometer, proximity, compass"}]},{"category":"Battery","specs":[{"label":"Type","value":"Li-Po 2110 mAh, non-removable"},{"label":"Stand-by","value":"Up to 353 h (3G)"},{"label":"Talk time","value":"Up to 18 h 30 min (3G)"}]},{"category":"Misc","specs":[{"label":"Colors","value":"Charcoal Black, Pearl White, Cherry Red, Champagne Gold, Twilight Purple"},{"label":"Models","value":"T00J, T00J-D"},{"label":"SAR","value":"1.18 W/kg (head)"},{"label":"Price","value":"About 130 EUR"},{"label":"SAR EU","value":"0.53 W/kg (head)"}]}]');
INSERT OR IGNORE INTO device_pictures (device_id, url, position) VALUES (292, 'https://fdn2.gsmarena.com/vv/bigpic/asus-zenfone-51.jpg', 0);
INSERT OR IGNORE INTO device_pictures (device_id, url, position) VALUES (292, 'https://fdn2.gsmarena.com/vv/pics/asus/asus-zenfone-5-1.jpg', 1);
INSERT OR IGNORE INTO devices (id, brand_id, name, gsmarena_url, thumbnail_url, summary) VALUES (293, 2, 'Zenfone 4 (2014)', 'https://www.gsmarena.com/asus_zenfone_4_(2014)-5951.php', 'https://fdn2.gsmarena.com/vv/bigpic/asus-zenfone-4.jpg', 'Zenfone 4 (2014)');
INSERT OR IGNORE INTO device_specs (device_id, announced, status, network, os, chipset, cpu, gpu, display_size, display_type, display_res, ram, storage, main_camera, selfie_camera, battery, charging, nfc, usb, bluetooth, wlan, colors, weight, dimensions, sim, sensors, popularity, fans, rating, full_specs_json) VALUES (293, '2014, January. Released 2014, May', 'Discontinued', 'GSM / HSPA', 'Android 4.3 (Jelly Bean), upgradable to 4.4.2 (KitKat)', 'Intel Atom Z2520', 'Dual-core 1.2 GHz', 'PowerVR SGX544MP2', '4.0 inches, 45.5 cm 2 (~59.6% screen-to-body ratio)', 'TFT', '480 x 800 pixels, 5:3 ratio (~233 ppi density)', '1GB', '4GB', '5 MP, AF', 'Yes', 'Li-Po 1600/1200 mAh, removable', NULL, 'No', 'microUSB 2.0, OTG', '4.0, A2DP, EDR', 'Wi-Fi 802.11 b/g/n, Wi-Fi Direct, hotspot', 'Charcoal Black, Pearl White, Cherry Red, Sky Blue, Solar Yellow', '115 g (4.06 oz)', '124.4 x 61.4 x 6.3 - 11.2 mm', 'Dual SIM (Micro-SIM, dual stand-by)', 'Accelerometer, proximity', 'About 130 EUR', NULL, NULL, '[{"category":"Network","specs":[{"label":"Technology","value":"GSM / HSPA"},{"label":"2G bands","value":"GSM 850 / 900 / 1800 / 1900"},{"label":"3G bands","value":"HSDPA 850 / 900 / 1900 / 2100"},{"label":"Speed","value":"HSPA 42.2/5.76 Mbps"}]},{"category":"Launch","specs":[{"label":"Announced","value":"2014, January. Released 2014, May"},{"label":"Status","value":"Discontinued"}]},{"category":"Body","specs":[{"label":"Dimensions","value":"124.4 x 61.4 x 6.3 - 11.2 mm"},{"label":"Weight","value":"115 g (4.06 oz)"},{"label":"SIM","value":"Dual SIM (Micro-SIM, dual stand-by)"}]},{"category":"Display","specs":[{"label":"Type","value":"TFT"},{"label":"Size","value":"4.0 inches, 45.5 cm 2 (~59.6% screen-to-body ratio)"},{"label":"Resolution","value":"480 x 800 pixels, 5:3 ratio (~233 ppi density)"},{"label":"Protection","value":"Corning Gorilla Glass 3"}]},{"category":"Platform","specs":[{"label":"OS","value":"Android 4.3 (Jelly Bean), upgradable to 4.4.2 (KitKat)"},{"label":"Chipset","value":"Intel Atom Z2520"},{"label":"CPU","value":"Dual-core 1.2 GHz"},{"label":"GPU","value":"PowerVR SGX544MP2"}]},{"category":"Memory","specs":[{"label":"Card slot","value":"microSDXC (dedicated slot)"},{"label":"Internal","value":"4GB 1GB RAM, 8GB 1GB RAM"}]},{"category":"Main Camera","specs":[{"label":"Single","value":"5 MP, AF"},{"label":"Video","value":"1080p@30fps"}]},{"category":"Selfie camera","specs":[{"label":"Single","value":"Yes"}]},{"category":"Sound","specs":[{"label":"Loudspeaker","value":"Yes"},{"label":"3.5mm jack","value":"Yes"}]},{"category":"Comms","specs":[{"label":"WLAN","value":"Wi-Fi 802.11 b/g/n, Wi-Fi Direct, hotspot"},{"label":"Bluetooth","value":"4.0, A2DP, EDR"},{"label":"Positioning","value":"GPS, GLONASS"},{"label":"NFC","value":"No"},{"label":"USB","value":"microUSB 2.0, OTG"},{"label":"Radio","value":"No"}]},{"category":"Features","specs":[{"label":"Sensors","value":"Accelerometer, proximity"}]},{"category":"Battery","specs":[{"label":"Type","value":"Li-Po 1600/1200 mAh, removable"},{"label":"Stand-by","value":"Up to 192 h"},{"label":"Talk time","value":"Up to 10 h"}]},{"category":"Misc","specs":[{"label":"Colors","value":"Charcoal Black, Pearl White, Cherry Red, Sky Blue, Solar Yellow"},{"label":"Models","value":"T00I, A400CG, A400CXG"},{"label":"SAR","value":"1.18 W/kg (head)"},{"label":"Price","value":"About 130 EUR"},{"label":"SAR EU","value":"0.53 W/kg (head)"}]}]');
INSERT OR IGNORE INTO device_pictures (device_id, url, position) VALUES (293, 'https://fdn2.gsmarena.com/vv/bigpic/asus-zenfone-4.jpg', 0);
INSERT OR IGNORE INTO device_pictures (device_id, url, position) VALUES (293, 'https://fdn2.gsmarena.com/vv/pics/asus/asus-zenfone-4-2.jpg', 1);
INSERT OR IGNORE INTO devices (id, brand_id, name, gsmarena_url, thumbnail_url, summary) VALUES (294, 2, 'PadFone mini 4G (Intel)', 'https://www.gsmarena.com/asus_padfone_mini_4g_(intel)-7158.php', 'https://fdn2.gsmarena.com/vv/bigpic/asus-pf451cl.jpg', 'PadFone mini 4G (Intel)');
INSERT OR IGNORE INTO device_specs (device_id, announced, status, network, os, chipset, cpu, gpu, display_size, display_type, display_res, ram, storage, main_camera, selfie_camera, battery, charging, nfc, usb, bluetooth, wlan, colors, weight, dimensions, sim, sensors, popularity, fans, rating, full_specs_json) VALUES (294, '2014, September. Released 2014, September', 'Discontinued', 'GSM / HSPA / LTE / 4G/LTE', 'Android 4.4.2 (KitKat)', 'Intel Atom Z2560', 'Dual-core 1.6 GHz', 'PowerVR SGX544MP2', '4.5 inches, 55.8 cm 2 (~63.4% screen-to-body ratio)', 'IPS LCD', '480 x 854 pixels, 16:9 ratio (~218 ppi density)', '1GB', '8GB', '5 MP, AF, LED flash', '2 MP', 'Li-Ion 2060 mAh, removable', NULL, 'No', 'microUSB 2.0', '4.0, A2DP, EDR', 'Wi-Fi 802.11 b/g/n, hotspot', 'Charcoal Black, Pearl White, Cherry Red', '150 g (5.29 oz)', '132 x 66.7 x 6.3 - 12.5 mm', 'Mini-SIM', 'Accelerometer, proximity, compass', 'About 300 EUR', NULL, NULL, '[{"category":"Network","specs":[{"label":"Technology","value":"GSM / HSPA / LTE"},{"label":"2G bands","value":"GSM 850 / 900 / 1800 / 1900"},{"label":"3G bands","value":"HSDPA 850 / 900 / 1900 / 2100"},{"label":"4G bands","value":"1, 3, 7, 8, 28 - Taiwan"},{"label":"Speed","value":"HSPA 42.2/5.76 Mbps, LTE Cat3 100/50 Mbps"}]},{"category":"Launch","specs":[{"label":"Announced","value":"2014, September. Released 2014, September"},{"label":"Status","value":"Discontinued"}]},{"category":"Body","specs":[{"label":"Dimensions","value":"132 x 66.7 x 6.3 - 12.5 mm"},{"label":"Weight","value":"150 g (5.29 oz)"},{"label":"SIM","value":"Mini-SIM"}]},{"category":"Display","specs":[{"label":"Type","value":"IPS LCD"},{"label":"Size","value":"4.5 inches, 55.8 cm 2 (~63.4% screen-to-body ratio)"},{"label":"Resolution","value":"480 x 854 pixels, 16:9 ratio (~218 ppi density)"},{"label":"Protection","value":"Corning Gorilla Glass 3"}]},{"category":"Platform","specs":[{"label":"OS","value":"Android 4.4.2 (KitKat)"},{"label":"Chipset","value":"Intel Atom Z2560"},{"label":"CPU","value":"Dual-core 1.6 GHz"},{"label":"GPU","value":"PowerVR SGX544MP2"}]},{"category":"Memory","specs":[{"label":"Card slot","value":"microSDXC (dedicated slot)"},{"label":"Internal","value":"8GB 1GB RAM"}]},{"category":"Main Camera","specs":[{"label":"Single","value":"5 MP, AF"},{"label":"Features","value":"LED flash"},{"label":"Video","value":"Yes"}]},{"category":"Selfie camera","specs":[{"label":"Single","value":"2 MP"}]},{"category":"Sound","specs":[{"label":"Loudspeaker","value":"Yes"},{"label":"3.5mm jack","value":"Yes"}]},{"category":"Comms","specs":[{"label":"WLAN","value":"Wi-Fi 802.11 b/g/n, hotspot"},{"label":"Bluetooth","value":"4.0, A2DP, EDR"},{"label":"Positioning","value":"GPS, GLONASS"},{"label":"NFC","value":"No"},{"label":"USB","value":"microUSB 2.0"},{"label":"Radio","value":"No"}]},{"category":"Features","specs":[{"label":"Sensors","value":"Accelerometer, proximity, compass"}]},{"category":"Battery","specs":[{"label":"Type","value":"Li-Ion 2060 mAh, removable"},{"label":"Stand-by","value":"Up to 388 h (2G) / Up to 374 h (3G)"},{"label":"Talk time","value":"Up to 29 h (2G) / Up to 17 h (3G)"}]},{"category":"Misc","specs":[{"label":"Colors","value":"Charcoal Black, Pearl White, Cherry Red"},{"label":"Price","value":"About 300 EUR"}]}]');
INSERT OR IGNORE INTO device_pictures (device_id, url, position) VALUES (294, 'https://fdn2.gsmarena.com/vv/bigpic/asus-pf451cl.jpg', 0);
INSERT OR IGNORE INTO device_pictures (device_id, url, position) VALUES (294, 'https://fdn2.gsmarena.com/vv/pics/asus/asus-pf451cl.jpg', 1);
INSERT OR IGNORE INTO devices (id, brand_id, name, gsmarena_url, thumbnail_url, summary) VALUES (295, 2, 'PadFone mini (Intel)', 'https://www.gsmarena.com/asus_padfone_mini_(intel)-5982.php', 'https://fdn2.gsmarena.com/vv/bigpic/asus-padfone-mini-intel.jpg', 'PadFone mini (Intel)');
INSERT OR IGNORE INTO device_specs (device_id, announced, status, network, os, chipset, cpu, gpu, display_size, display_type, display_res, ram, storage, main_camera, selfie_camera, battery, charging, nfc, usb, bluetooth, wlan, colors, weight, dimensions, sim, sensors, popularity, fans, rating, full_specs_json) VALUES (295, '2014, January. Released 2014, June', 'Discontinued', 'GSM / HSPA', 'Android 4.3 (Jelly Bean), upgradable to 4.4.2 (KitKat)', 'Intel Atom Z2560', 'Dual-core 1.6 GHz', 'PowerVR SGX544MP2', '4.0 inches, 45.5 cm 2 (~59.6% screen-to-body ratio)', 'IPS+ LCD', '480 x 800 pixels, 5:3 ratio (~233 ppi density)', '1GB', '8GB', '8 MP, AF, LED flash', '2 MP', 'Li-Po 1170 mAh, non-removable', NULL, 'No', 'microUSB 2.0', '4.0, A2DP, EDR', 'Wi-Fi 802.11 b/g/n, Wi-Fi Direct, hotspot', 'Black, White, Red, Blue, Yellow', '116 g (4.09 oz)', '124.4 x 61.4 x 6.3 - 11.2 mm', 'Dual SIM (Micro-SIM, dual stand-by)', 'Accelerometer, proximity', 'About 210 EUR', NULL, NULL, '[{"category":"Network","specs":[{"label":"Technology","value":"GSM / HSPA"},{"label":"2G bands","value":"GSM 850 / 900 / 1800 / 1900"},{"label":"3G bands","value":"HSDPA 850 / 900 / 1900 / 2100"},{"label":"Speed","value":"HSPA 42.2/5.76 Mbps"}]},{"category":"Launch","specs":[{"label":"Announced","value":"2014, January. Released 2014, June"},{"label":"Status","value":"Discontinued"}]},{"category":"Body","specs":[{"label":"Dimensions","value":"124.4 x 61.4 x 6.3 - 11.2 mm"},{"label":"Weight","value":"116 g (4.09 oz)"},{"label":"SIM","value":"Dual SIM (Micro-SIM, dual stand-by)"}]},{"category":"Display","specs":[{"label":"Type","value":"IPS+ LCD"},{"label":"Size","value":"4.0 inches, 45.5 cm 2 (~59.6% screen-to-body ratio)"},{"label":"Resolution","value":"480 x 800 pixels, 5:3 ratio (~233 ppi density)"}]},{"category":"Platform","specs":[{"label":"OS","value":"Android 4.3 (Jelly Bean), upgradable to 4.4.2 (KitKat)"},{"label":"Chipset","value":"Intel Atom Z2560"},{"label":"CPU","value":"Dual-core 1.6 GHz"},{"label":"GPU","value":"PowerVR SGX544MP2"}]},{"category":"Memory","specs":[{"label":"Card slot","value":"microSDXC (dedicated slot)"},{"label":"Internal","value":"8GB 1GB RAM"}]},{"category":"Main Camera","specs":[{"label":"Single","value":"8 MP, AF"},{"label":"Features","value":"LED flash"},{"label":"Video","value":"Yes"}]},{"category":"Selfie camera","specs":[{"label":"Single","value":"2 MP"}]},{"category":"Sound","specs":[{"label":"Loudspeaker","value":"Yes"},{"label":"3.5mm jack","value":"Yes"}]},{"category":"Comms","specs":[{"label":"WLAN","value":"Wi-Fi 802.11 b/g/n, Wi-Fi Direct, hotspot"},{"label":"Bluetooth","value":"4.0, A2DP, EDR"},{"label":"Positioning","value":"GPS, GLONASS"},{"label":"NFC","value":"No"},{"label":"USB","value":"microUSB 2.0"},{"label":"Radio","value":"No"}]},{"category":"Features","specs":[{"label":"Sensors","value":"Accelerometer, proximity"}]},{"category":"Battery","specs":[{"label":"Type","value":"Li-Po 1170 mAh, non-removable"}]},{"category":"Misc","specs":[{"label":"Colors","value":"Black, White, Red, Blue, Yellow"},{"label":"Price","value":"About 210 EUR"}]}]');
INSERT OR IGNORE INTO device_pictures (device_id, url, position) VALUES (295, 'https://fdn2.gsmarena.com/vv/bigpic/asus-padfone-mini-intel.jpg', 0);
INSERT OR IGNORE INTO device_pictures (device_id, url, position) VALUES (295, 'https://fdn2.gsmarena.com/vv/pics/asus/asus-padfone-mini-intel.jpg', 1);
INSERT OR IGNORE INTO devices (id, brand_id, name, gsmarena_url, thumbnail_url, summary) VALUES (296, 2, 'PadFone mini', 'https://www.gsmarena.com/asus_padfone_mini-5891.php', 'https://fdn2.gsmarena.com/vv/bigpic/asus-padfone-mini-ofic.jpg', 'PadFone mini');
INSERT OR IGNORE INTO device_specs (device_id, announced, status, network, os, chipset, cpu, gpu, display_size, display_type, display_res, ram, storage, main_camera, selfie_camera, battery, charging, nfc, usb, bluetooth, wlan, colors, weight, dimensions, sim, sensors, popularity, fans, rating, full_specs_json) VALUES (296, '2013, December. Released 2014, December', 'Discontinued', 'GSM / HSPA', 'Android 4.3 (Jelly Bean)', 'Qualcomm MSM8226 Snapdragon 400 (28 nm)', 'Quad-core 1.4 GHz Cortex-A7', 'Adreno 305', '4.3 inches, 51.0 cm 2 (~60.1% screen-to-body ratio)', 'Super IPS LCD', '540 x 960 pixels, 16:9 ratio (~256 ppi density)', '1GB', '16GB', '8 MP, AF, LED flash', '2 MP', 'Li-Po 1500 mAh, removable', NULL, 'No', 'microUSB 2.0', '4.0, A2DP', 'Wi-Fi 802.11 b/g/n, Wi-Fi Direct, hotspot', 'Titanium Black, Platinum White, Soft Pink', '105 g (3.70 oz)', '129.3 x 65.6 x 8.7 mm (5.09 x 2.58 x 0.34 in)', 'Dual SIM (Micro-SIM, dual stand-by)', 'Accelerometer, proximity, compass', 'About 290 EUR', NULL, NULL, '[{"category":"Network","specs":[{"label":"Technology","value":"GSM / HSPA"},{"label":"2G bands","value":"GSM 850 / 900 / 1800 / 1900"},{"label":"3G bands","value":"HSDPA 850 / 900 / 1900 / 2100"},{"label":"Speed","value":"HSPA"}]},{"category":"Launch","specs":[{"label":"Announced","value":"2013, December. Released 2014, December"},{"label":"Status","value":"Discontinued"}]},{"category":"Body","specs":[{"label":"Dimensions","value":"129.3 x 65.6 x 8.7 mm (5.09 x 2.58 x 0.34 in)"},{"label":"Weight","value":"105 g (3.70 oz)"},{"label":"SIM","value":"Dual SIM (Micro-SIM, dual stand-by)"}]},{"category":"Display","specs":[{"label":"Type","value":"Super IPS LCD"},{"label":"Size","value":"4.3 inches, 51.0 cm 2 (~60.1% screen-to-body ratio)"},{"label":"Resolution","value":"540 x 960 pixels, 16:9 ratio (~256 ppi density)"}]},{"category":"Platform","specs":[{"label":"OS","value":"Android 4.3 (Jelly Bean)"},{"label":"Chipset","value":"Qualcomm MSM8226 Snapdragon 400 (28 nm)"},{"label":"CPU","value":"Quad-core 1.4 GHz Cortex-A7"},{"label":"GPU","value":"Adreno 305"}]},{"category":"Memory","specs":[{"label":"Card slot","value":"microSDXC (dedicated slot)"},{"label":"Internal","value":"16GB 1GB RAM"}]},{"category":"Main Camera","specs":[{"label":"Single","value":"8 MP, AF"},{"label":"Features","value":"LED flash"},{"label":"Video","value":"Yes"}]},{"category":"Selfie camera","specs":[{"label":"Single","value":"2 MP"}]},{"category":"Sound","specs":[{"label":"Loudspeaker","value":"Yes"},{"label":"3.5mm jack","value":"Yes"}]},{"category":"Comms","specs":[{"label":"WLAN","value":"Wi-Fi 802.11 b/g/n, Wi-Fi Direct, hotspot"},{"label":"Bluetooth","value":"4.0, A2DP"},{"label":"Positioning","value":"GPS, GLONASS"},{"label":"NFC","value":"No"},{"label":"USB","value":"microUSB 2.0"},{"label":"Radio","value":"No"}]},{"category":"Features","specs":[{"label":"Sensors","value":"Accelerometer, proximity, compass"}]},{"category":"Battery","specs":[{"label":"Type","value":"Li-Po 1500 mAh, removable"},{"label":"Stand-by","value":"Up to 114 h (2G) / Up to 114 h (3G)"},{"label":"Talk time","value":"Up to 22 h (3G)"}]},{"category":"Misc","specs":[{"label":"Colors","value":"Titanium Black, Platinum White, Soft Pink"},{"label":"Price","value":"About 290 EUR"},{"label":"SAR EU","value":"0.47 W/kg (head)     0.40 W/kg (body)"}]}]');
INSERT OR IGNORE INTO device_pictures (device_id, url, position) VALUES (296, 'https://fdn2.gsmarena.com/vv/bigpic/asus-padfone-mini-ofic.jpg', 0);
INSERT OR IGNORE INTO device_pictures (device_id, url, position) VALUES (296, 'https://fdn2.gsmarena.com/vv/pics/asus/asus-padfone-mini-ofic-1.jpg', 1);
INSERT OR IGNORE INTO device_pictures (device_id, url, position) VALUES (296, 'https://fdn2.gsmarena.com/vv/pics/asus/asus-padfone-mini-ofic-2.jpg', 2);
INSERT OR IGNORE INTO device_pictures (device_id, url, position) VALUES (296, 'https://fdn2.gsmarena.com/vv/pics/asus/asus-padfone-mini-ofic-3.jpg', 3);
INSERT OR IGNORE INTO device_pictures (device_id, url, position) VALUES (296, 'https://fdn2.gsmarena.com/vv/pics/asus/asus-padfone-mini-ofic-4.jpg', 4);
INSERT OR IGNORE INTO devices (id, brand_id, name, gsmarena_url, thumbnail_url, summary) VALUES (297, 2, 'Transformer Book Trio', 'https://www.gsmarena.com/asus_transformer_book_trio-5863.php', 'https://fdn2.gsmarena.com/vv/bigpic/asus-transformer-book-trio-tx201la.jpg', 'Transformer Book Trio');
INSERT OR IGNORE INTO device_specs (device_id, announced, status, network, os, chipset, cpu, gpu, display_size, display_type, display_res, ram, storage, main_camera, selfie_camera, battery, charging, nfc, usb, bluetooth, wlan, colors, weight, dimensions, sim, sensors, popularity, fans, rating, full_specs_json) VALUES (297, '2013, September. Released 2013, September', 'Discontinued', 'No cellular connectivity', 'Android 4.2 (Jelly Bean)', 'Intel Atom', NULL, NULL, '11.6 inches, 371.0 cm 2 (~63.1% screen-to-body ratio)', 'IPS LCD', '1080 x 1920 pixels, 16:9 ratio (~190 ppi density)', '2GB', '16GB', '5 MP, AF', '1.2 MP, 720p', 'Li-Po (19 Wh)', NULL, 'No', 'microUSB 2.0', '3.0', 'Wi-Fi 802.11 b/g/n, hotspot', 'Black', '-', '304.8 x 193 x 9.7 mm (12.00 x 7.60 x 0.38 in)', 'No', 'Accelerometer, gyro, compass', NULL, NULL, NULL, '[{"category":"Network","specs":[{"label":"Technology","value":"No cellular connectivity"},{"label":"2G bands","value":"N/A"},{"label":"GPRS","value":"No"},{"label":"EDGE","value":"No"}]},{"category":"Launch","specs":[{"label":"Announced","value":"2013, September. Released 2013, September"},{"label":"Status","value":"Discontinued"}]},{"category":"Body","specs":[{"label":"Dimensions","value":"304.8 x 193 x 9.7 mm (12.00 x 7.60 x 0.38 in)"},{"label":"Weight","value":"-"},{"label":"SIM","value":"No"}]},{"category":"Display","specs":[{"label":"Type","value":"IPS LCD"},{"label":"Size","value":"11.6 inches, 371.0 cm 2 (~63.1% screen-to-body ratio)"},{"label":"Resolution","value":"1080 x 1920 pixels, 16:9 ratio (~190 ppi density)"}]},{"category":"Platform","specs":[{"label":"OS","value":"Android 4.2 (Jelly Bean)"},{"label":"Chipset","value":"Intel Atom"}]},{"category":"Memory","specs":[{"label":"Card slot","value":"microSDXC (dedicated slot)"},{"label":"Internal","value":"16GB 2GB RAM, 32GB 2GB RAM, 64GB 2GB RAM"}]},{"category":"Main Camera","specs":[{"label":"Single","value":"5 MP, AF"},{"label":"Video","value":"1080p@30fps"}]},{"category":"Selfie camera","specs":[{"label":"Single","value":"1.2 MP"},{"label":"Video","value":"720p"}]},{"category":"Sound","specs":[{"label":"Loudspeaker","value":"Yes"},{"label":"3.5mm jack","value":"Yes"}]},{"category":"Comms","specs":[{"label":"WLAN","value":"Wi-Fi 802.11 b/g/n, hotspot"},{"label":"Bluetooth","value":"3.0"},{"label":"Positioning","value":"No"},{"label":"NFC","value":"No"},{"label":"USB","value":"microUSB 2.0"},{"label":"Radio","value":"No"}]},{"category":"Features","specs":[{"label":"Sensors","value":"Accelerometer, gyro, compass"}]},{"category":"Battery","specs":[{"label":"Type","value":"Li-Po (19 Wh)"}]},{"category":"Misc","specs":[{"label":"Colors","value":"Black"}]}]');
INSERT OR IGNORE INTO device_pictures (device_id, url, position) VALUES (297, 'https://fdn2.gsmarena.com/vv/bigpic/asus-transformer-book-trio-tx201la.jpg', 0);
INSERT OR IGNORE INTO device_pictures (device_id, url, position) VALUES (297, 'https://fdn2.gsmarena.com/vv/pics/asus/asus-transformer-book-trio-tx201la.jpg', 1);
INSERT OR IGNORE INTO device_pictures (device_id, url, position) VALUES (297, 'https://fdn2.gsmarena.com/vv/pics/asus/asus-transformer-book-trio-tx201la-1.jpg', 2);
INSERT OR IGNORE INTO devices (id, brand_id, name, gsmarena_url, thumbnail_url, summary) VALUES (298, 2, 'PadFone Infinity 2', 'https://www.gsmarena.com/asus_padfone_infinity_2-5706.php', 'https://fdn2.gsmarena.com/vv/bigpic/asus-padfone-infinity-2-new.jpg', 'PadFone Infinity 2');
INSERT OR IGNORE INTO device_specs (device_id, announced, status, network, os, chipset, cpu, gpu, display_size, display_type, display_res, ram, storage, main_camera, selfie_camera, battery, charging, nfc, usb, bluetooth, wlan, colors, weight, dimensions, sim, sensors, popularity, fans, rating, full_specs_json) VALUES (298, '2013, September. Released 2013, October', 'Discontinued', 'GSM / HSPA / LTE / 4G/LTE', 'Android 4.2.2 (Jelly Bean), upgradable to 5.0 (Lollipop)', 'Qualcomm Snapdragon 800 (28 nm)', 'Quad-core 2.2 GHz Krait 400', 'Adreno 330', '5.0 inches, 68.9 cm 2 (~66.0% screen-to-body ratio)', 'Super IPS+ LCD', '1080 x 1920 pixels, 16:9 ratio (~441 ppi density)', '2GB', '16GB', '13 MP, AF, LED flash', '2 MP, 1080p@30fps', 'Li-Po 2400 mAh, non-removable', NULL, 'Yes', 'microUSB 2.0 (SlimPort TV-out), OTG', '4.0, A2DP', 'Wi-Fi 802.11 a/b/g/n/ac, dual-band, Wi-Fi Direct, hotspot', 'Titanium Black, Platinum White', '145 g (5.11 oz)', '143.5 x 72.8 x 8.9 mm (5.65 x 2.87 x 0.35 in)', 'Nano-SIM', 'Accelerometer, gyro, proximity, compass', 'About 730 EUR', NULL, NULL, '[{"category":"Network","specs":[{"label":"Technology","value":"GSM / HSPA / LTE"},{"label":"2G bands","value":"GSM 850 / 900 / 1800 / 1900"},{"label":"3G bands","value":"HSDPA 850 / 900 / 1900 / 2100"},{"label":"4G bands","value":"3, 7, 20"},{"label":"Speed","value":"HSPA 42.2/5.76 Mbps, LTE Cat4 150/50 Mbps"}]},{"category":"Launch","specs":[{"label":"Announced","value":"2013, September. Released 2013, October"},{"label":"Status","value":"Discontinued"}]},{"category":"Body","specs":[{"label":"Dimensions","value":"143.5 x 72.8 x 8.9 mm (5.65 x 2.87 x 0.35 in)"},{"label":"Weight","value":"145 g (5.11 oz)"},{"label":"SIM","value":"Nano-SIM"}]},{"category":"Display","specs":[{"label":"Type","value":"Super IPS+ LCD"},{"label":"Size","value":"5.0 inches, 68.9 cm 2 (~66.0% screen-to-body ratio)"},{"label":"Resolution","value":"1080 x 1920 pixels, 16:9 ratio (~441 ppi density)"},{"label":"Protection","value":"Corning Gorilla Glass"}]},{"category":"Platform","specs":[{"label":"OS","value":"Android 4.2.2 (Jelly Bean), upgradable to 5.0 (Lollipop)"},{"label":"Chipset","value":"Qualcomm Snapdragon 800 (28 nm)"},{"label":"CPU","value":"Quad-core 2.2 GHz Krait 400"},{"label":"GPU","value":"Adreno 330"}]},{"category":"Memory","specs":[{"label":"Card slot","value":"microSDXC (dedicated slot)"},{"label":"Internal","value":"16GB 2GB RAM, 32GB 2GB RAM"}]},{"category":"Main Camera","specs":[{"label":"Single","value":"13 MP, AF"},{"label":"Features","value":"LED flash"},{"label":"Video","value":"1080p@30fps"}]},{"category":"Selfie camera","specs":[{"label":"Single","value":"2 MP"},{"label":"Video","value":"1080p@30fps"}]},{"category":"Sound","specs":[{"label":"Loudspeaker","value":"Yes"},{"label":"3.5mm jack","value":"Yes"}]},{"category":"Comms","specs":[{"label":"WLAN","value":"Wi-Fi 802.11 a/b/g/n/ac, dual-band, Wi-Fi Direct, hotspot"},{"label":"Bluetooth","value":"4.0, A2DP"},{"label":"Positioning","value":"GPS, GLONASS"},{"label":"NFC","value":"Yes"},{"label":"USB","value":"microUSB 2.0 (SlimPort TV-out), OTG"},{"label":"Radio","value":"FM radio"}]},{"category":"Features","specs":[{"label":"Sensors","value":"Accelerometer, gyro, proximity, compass"}]},{"category":"Battery","specs":[{"label":"Type","value":"Li-Po 2400 mAh, non-removable"},{"label":"Stand-by","value":"Up to 410 h (3G)"},{"label":"Talk time","value":"Up to 19 h (3G)"}]},{"category":"Misc","specs":[{"label":"Colors","value":"Titanium Black, Platinum White"},{"label":"Price","value":"About 730 EUR"}]}]');
INSERT OR IGNORE INTO device_pictures (device_id, url, position) VALUES (298, 'https://fdn2.gsmarena.com/vv/bigpic/asus-padfone-infinity-2-new.jpg', 0);
INSERT OR IGNORE INTO device_pictures (device_id, url, position) VALUES (298, 'https://fdn2.gsmarena.com/vv/pics/asus/asus-padfone-infinity-2-new-all.jpg', 1);
INSERT OR IGNORE INTO device_pictures (device_id, url, position) VALUES (298, 'https://fdn2.gsmarena.com/vv/pics/asus/asus-padfone-infinity-2-new.jpg', 2);
INSERT OR IGNORE INTO devices (id, brand_id, name, gsmarena_url, thumbnail_url, summary) VALUES (299, 2, 'Memo Pad 10', 'https://www.gsmarena.com/asus_memo_pad_10-5676.php', 'https://fdn2.gsmarena.com/vv/bigpic/asus-memo-pad-10.jpg', 'Memo Pad 10');
INSERT OR IGNORE INTO device_specs (device_id, announced, status, network, os, chipset, cpu, gpu, display_size, display_type, display_res, ram, storage, main_camera, selfie_camera, battery, charging, nfc, usb, bluetooth, wlan, colors, weight, dimensions, sim, sensors, popularity, fans, rating, full_specs_json) VALUES (299, '2013, September. Released 2013, November', 'Discontinued', 'No cellular connectivity', 'Android 4.2 (Jelly Bean)', 'Rockchip RK101', 'Quad-core 1.6 GHz', NULL, '10.1 inches, 295.8 cm 2 (~66.2% screen-to-body ratio)', 'IPS LCD', '800 x 1280 pixels, 16:10 ratio (~149 ppi density)', '1GB', '8GB', '2 MP', '1.2 MP', 'Li-Po 5070 mAh, non-removable', NULL, 'No', 'microUSB 2.0', '3.0', 'Wi-Fi 802.11 b/g/n', 'Gray, White, Pink', '522 g (1.15 lb)', '256 x 174.6 x 10.5 mm (10.08 x 6.87 x 0.41 in)', 'No', 'Accelerometer, compass', 'About 250 EUR', NULL, NULL, '[{"category":"Network","specs":[{"label":"Technology","value":"No cellular connectivity"},{"label":"2G bands","value":"N/A"},{"label":"GPRS","value":"No"},{"label":"EDGE","value":"No"}]},{"category":"Launch","specs":[{"label":"Announced","value":"2013, September. Released 2013, November"},{"label":"Status","value":"Discontinued"}]},{"category":"Body","specs":[{"label":"Dimensions","value":"256 x 174.6 x 10.5 mm (10.08 x 6.87 x 0.41 in)"},{"label":"Weight","value":"522 g (1.15 lb)"},{"label":"SIM","value":"No"}]},{"category":"Display","specs":[{"label":"Type","value":"IPS LCD"},{"label":"Size","value":"10.1 inches, 295.8 cm 2 (~66.2% screen-to-body ratio)"},{"label":"Resolution","value":"800 x 1280 pixels, 16:10 ratio (~149 ppi density)"}]},{"category":"Platform","specs":[{"label":"OS","value":"Android 4.2 (Jelly Bean)"},{"label":"Chipset","value":"Rockchip RK101"},{"label":"CPU","value":"Quad-core 1.6 GHz"}]},{"category":"Memory","specs":[{"label":"Card slot","value":"microSDXC (dedicated slot)"},{"label":"Internal","value":"8GB 1GB RAM, 16GB 1GB RAM"}]},{"category":"Main Camera","specs":[{"label":"Single","value":"2 MP"},{"label":"Video","value":"720p"}]},{"category":"Selfie camera","specs":[{"label":"Single","value":"1.2 MP"}]},{"category":"Sound","specs":[{"label":"Loudspeaker","value":"Yes, with stereo speakers"},{"label":"3.5mm jack","value":"Yes"}]},{"category":"Comms","specs":[{"label":"WLAN","value":"Wi-Fi 802.11 b/g/n"},{"label":"Bluetooth","value":"3.0"},{"label":"Positioning","value":"GPS, GLONASS"},{"label":"NFC","value":"No"},{"label":"USB","value":"microUSB 2.0"},{"label":"Radio","value":"No"}]},{"category":"Features","specs":[{"label":"Sensors","value":"Accelerometer, compass"}]},{"category":"Battery","specs":[{"label":"Type","value":"Li-Po 5070 mAh, non-removable"},{"label":"Talk time","value":"Up to 9 h 30 min (multimedia)"}]},{"category":"Misc","specs":[{"label":"Colors","value":"Gray, White, Pink"},{"label":"Price","value":"About 250 EUR"}]}]');
INSERT OR IGNORE INTO device_pictures (device_id, url, position) VALUES (299, 'https://fdn2.gsmarena.com/vv/bigpic/asus-memo-pad-10.jpg', 0);
INSERT OR IGNORE INTO device_pictures (device_id, url, position) VALUES (299, 'https://fdn2.gsmarena.com/vv/pics/asus/asus-memo-pad-10.jpg', 1);
INSERT OR IGNORE INTO device_pictures (device_id, url, position) VALUES (299, 'https://fdn2.gsmarena.com/vv/pics/asus/asus-memo-pad-10-1.jpg', 2);
INSERT OR IGNORE INTO device_pictures (device_id, url, position) VALUES (299, 'https://fdn2.gsmarena.com/vv/pics/asus/asus-memo-pad-10-2.jpg', 3);
INSERT OR IGNORE INTO devices (id, brand_id, name, gsmarena_url, thumbnail_url, summary) VALUES (300, 2, 'Memo Pad 8 ME180A', 'https://www.gsmarena.com/asus_memo_pad_8_me180a-5675.php', 'https://fdn2.gsmarena.com/vv/bigpic/asus-memo-pad-8.jpg', 'Memo Pad 8 ME180A');
INSERT OR IGNORE INTO device_specs (device_id, announced, status, network, os, chipset, cpu, gpu, display_size, display_type, display_res, ram, storage, main_camera, selfie_camera, battery, charging, nfc, usb, bluetooth, wlan, colors, weight, dimensions, sim, sensors, popularity, fans, rating, full_specs_json) VALUES (300, '2013, September. Released 2013, November', 'Discontinued', 'No cellular connectivity', 'Android 4.2.2 (Jelly Bean)', NULL, 'Quad-core 1.6 GHz Cortex-A9', NULL, '8.0 inches, 185.6 cm 2 (~68.6% screen-to-body ratio)', 'IPS LCD', '800 x 1280 pixels, 16:10 ratio (~189 ppi density)', '1GB', '16GB', '5 MP', '1.2 MP', 'Li-Po 3950 mAh, non-removable', NULL, 'No', 'microUSB 2.0', '3.0, EDR', 'Wi-Fi 802.11 b/g/n', 'Gray, White, Pink', '350 g (12.35 oz)', '212.4 x 127.4 x 10 mm (8.36 x 5.02 x 0.39 in)', 'No', 'Accelerometer, proximity, compass', 'About 150 EUR', NULL, NULL, '[{"category":"Network","specs":[{"label":"Technology","value":"No cellular connectivity"},{"label":"2G bands","value":"N/A"},{"label":"GPRS","value":"No"},{"label":"EDGE","value":"No"}]},{"category":"Launch","specs":[{"label":"Announced","value":"2013, September. Released 2013, November"},{"label":"Status","value":"Discontinued"}]},{"category":"Body","specs":[{"label":"Dimensions","value":"212.4 x 127.4 x 10 mm (8.36 x 5.02 x 0.39 in)"},{"label":"Weight","value":"350 g (12.35 oz)"},{"label":"SIM","value":"No"}]},{"category":"Display","specs":[{"label":"Type","value":"IPS LCD"},{"label":"Size","value":"8.0 inches, 185.6 cm 2 (~68.6% screen-to-body ratio)"},{"label":"Resolution","value":"800 x 1280 pixels, 16:10 ratio (~189 ppi density)"}]},{"category":"Platform","specs":[{"label":"OS","value":"Android 4.2.2 (Jelly Bean)"},{"label":"CPU","value":"Quad-core 1.6 GHz Cortex-A9"}]},{"category":"Memory","specs":[{"label":"Card slot","value":"microSDXC (dedicated slot)"},{"label":"Internal","value":"16GB 1GB RAM"}]},{"category":"Main Camera","specs":[{"label":"Single","value":"5 MP"},{"label":"Video","value":"720p"}]},{"category":"Selfie camera","specs":[{"label":"Single","value":"1.2 MP"}]},{"category":"Sound","specs":[{"label":"Loudspeaker","value":"Yes, with stereo speakers"},{"label":"3.5mm jack","value":"Yes"}]},{"category":"Comms","specs":[{"label":"WLAN","value":"Wi-Fi 802.11 b/g/n"},{"label":"Bluetooth","value":"3.0, EDR"},{"label":"Positioning","value":"No"},{"label":"NFC","value":"No"},{"label":"USB","value":"microUSB 2.0"},{"label":"Radio","value":"No"}]},{"category":"Features","specs":[{"label":"Sensors","value":"Accelerometer, proximity, compass"}]},{"category":"Battery","specs":[{"label":"Type","value":"Li-Po 3950 mAh, non-removable"},{"label":"Talk time","value":"Up to 9 h (multimedia)"}]},{"category":"Misc","specs":[{"label":"Colors","value":"Gray, White, Pink"},{"label":"Price","value":"About 150 EUR"}]}]');
INSERT OR IGNORE INTO device_pictures (device_id, url, position) VALUES (300, 'https://fdn2.gsmarena.com/vv/bigpic/asus-memo-pad-8.jpg', 0);
INSERT OR IGNORE INTO device_pictures (device_id, url, position) VALUES (300, 'https://fdn2.gsmarena.com/vv/pics/asus/asus-memo-pad-8.jpg', 1);
INSERT OR IGNORE INTO device_pictures (device_id, url, position) VALUES (300, 'https://fdn2.gsmarena.com/vv/pics/asus/asus-memo-pad-8-1.jpg', 2);
INSERT OR IGNORE INTO devices (id, brand_id, name, gsmarena_url, thumbnail_url, summary) VALUES (301, 2, 'Fonepad 7', 'https://www.gsmarena.com/asus_fonepad_7-5674.php', 'https://fdn2.gsmarena.com/vv/bigpic/asus-fonepad-7.jpg', 'Fonepad 7');
INSERT OR IGNORE INTO device_specs (device_id, announced, status, network, os, chipset, cpu, gpu, display_size, display_type, display_res, ram, storage, main_camera, selfie_camera, battery, charging, nfc, usb, bluetooth, wlan, colors, weight, dimensions, sim, sensors, popularity, fans, rating, full_specs_json) VALUES (301, '2013, September. Released 2013, October', 'Discontinued', 'GSM / HSPA / LTE / 4G/LTE', 'Android 4.2 (Jelly Bean), upgradable to 4.4.2 (KitKat)', 'Intel Atom Z2560', 'Dual-core 1.6 GHz', 'PowerVR SGX544MP2', '7.0 inches, 142.1 cm 2 (~60.2% screen-to-body ratio)', 'IPS LCD', '800 x 1280 pixels, 16:10 ratio (~216 ppi density)', '1GB', '8GB', '5 MP, AF', '1.2 MP, 720p', 'Li-Po 3950 mAh, non-removable (15 Wh)', NULL, 'No', 'microUSB 2.0, OTG', '3.0', 'Wi-Fi 802.11 a/b/g/n, dual band', 'Sapphire black, Diamond white', '328 g (11.57 oz)', '196.8 x 120 x 10.5 mm (7.75 x 4.72 x 0.41 in)', 'Micro-SIM', 'Accelerometer, proximity, compass', 'About 220 EUR', NULL, NULL, '[{"category":"Network","specs":[{"label":"Technology","value":"GSM / HSPA / LTE"},{"label":"2G bands","value":"GSM 850 / 900 / 1800 / 1900"},{"label":"3G bands","value":"HSDPA 850 / 900 / 1700 / 1900 / 2100"},{"label":"4G bands","value":"3, 7, 8, 20 - ME372CL"},{"label":"Speed","value":"HSPA 42.2/5.76 Mbps/ LTE (ME372CL)"}]},{"category":"Launch","specs":[{"label":"Announced","value":"2013, September. Released 2013, October"},{"label":"Status","value":"Discontinued"}]},{"category":"Body","specs":[{"label":"Dimensions","value":"196.8 x 120 x 10.5 mm (7.75 x 4.72 x 0.41 in)"},{"label":"Weight","value":"328 g (11.57 oz)"},{"label":"SIM","value":"Micro-SIM"}]},{"category":"Display","specs":[{"label":"Type","value":"IPS LCD"},{"label":"Size","value":"7.0 inches, 142.1 cm 2 (~60.2% screen-to-body ratio)"},{"label":"Resolution","value":"800 x 1280 pixels, 16:10 ratio (~216 ppi density)"}]},{"category":"Platform","specs":[{"label":"OS","value":"Android 4.2 (Jelly Bean), upgradable to 4.4.2 (KitKat)"},{"label":"Chipset","value":"Intel Atom Z2560"},{"label":"CPU","value":"Dual-core 1.6 GHz"},{"label":"GPU","value":"PowerVR SGX544MP2"}]},{"category":"Memory","specs":[{"label":"Card slot","value":"microSDHC (dedicated slot)"},{"label":"Internal","value":"8GB 1GB RAM, 16GB 1GB RAM, 32GB 1GB RAM"}]},{"category":"Main Camera","specs":[{"label":"Single","value":"5 MP, AF"},{"label":"Video","value":"1080p@30fps"}]},{"category":"Selfie camera","specs":[{"label":"Single","value":"1.2 MP"},{"label":"Video","value":"720p"}]},{"category":"Sound","specs":[{"label":"Loudspeaker","value":"Yes"},{"label":"3.5mm jack","value":"Yes"}]},{"category":"Comms","specs":[{"label":"WLAN","value":"Wi-Fi 802.11 a/b/g/n, dual band"},{"label":"Bluetooth","value":"3.0"},{"label":"Positioning","value":"GPS, GLONASS"},{"label":"NFC","value":"No"},{"label":"USB","value":"microUSB 2.0, OTG"},{"label":"Radio","value":"No"}]},{"category":"Features","specs":[{"label":"Sensors","value":"Accelerometer, proximity, compass"}]},{"category":"Battery","specs":[{"label":"Type","value":"Li-Po 3950 mAh, non-removable (15 Wh)"},{"label":"Stand-by","value":"Up to 840 h (3G)"},{"label":"Talk time","value":"Up to 10 h (multimedia) (2G) / Up to 28 h (3G)"}]},{"category":"Misc","specs":[{"label":"Colors","value":"Sapphire black, Diamond white"},{"label":"Price","value":"About 220 EUR"}]}]');
INSERT OR IGNORE INTO device_pictures (device_id, url, position) VALUES (301, 'https://fdn2.gsmarena.com/vv/bigpic/asus-fonepad-7.jpg', 0);
INSERT OR IGNORE INTO device_pictures (device_id, url, position) VALUES (301, 'https://fdn2.gsmarena.com/vv/pics/asus/asus-fonepad-7.jpg', 1);
INSERT OR IGNORE INTO devices (id, brand_id, name, gsmarena_url, thumbnail_url, summary) VALUES (302, 2, 'Google Nexus 7 (2013)', 'https://www.gsmarena.com/asus_google_nexus_7_(2013)-5600.php', 'https://fdn2.gsmarena.com/vv/bigpic/asus-google-nexus-7-2-ofic.jpg', 'Google Nexus 7 (2013)');
INSERT OR IGNORE INTO device_specs (device_id, announced, status, network, os, chipset, cpu, gpu, display_size, display_type, display_res, ram, storage, main_camera, selfie_camera, battery, charging, nfc, usb, bluetooth, wlan, colors, weight, dimensions, sim, sensors, popularity, fans, rating, full_specs_json) VALUES (302, '2013, July. Released 2013, July', 'Discontinued', 'GSM / HSPA / LTE / 4G/LTE', 'Android 4.3 (Jelly Bean), upgradable to 6.0 (Marshmallow)', 'Qualcomm Snapdragon S4 Pro', 'Quad-core 1.5 GHz Krait', 'Adreno 320', '7.0 inches, 142.1 cm 2 (~62.3% screen-to-body ratio)', 'LED-backlit IPS LCD', '1200 x 1920 pixels, 16:10 ratio (~323 ppi density)', '2GB', '16GB', '5 MP, f/2.4, AF', '1.2 MP', 'Li-Ion 3950 mAh, non-removable', 'Wireless (Qi)', 'Yes', 'microUSB 2.0 (SlimPort)', '4.0, A2DP, LE', 'Wi-Fi 802.11 a/b/g/n, dual-band', 'Black', '290 g (Wi-Fi), 299 g (LTE) (10.55 oz)', '200 x 114 x 8.7 mm (7.87 x 4.49 x 0.34 in)', 'Micro-SIM', 'Accelerometer, gyro, proximity, compass', 'About 230 EUR', NULL, NULL, '[{"category":"Network","specs":[{"label":"Technology","value":"GSM / HSPA / LTE"},{"label":"2G bands","value":"GSM 850 / 900 / 1800 / 1900 - all versions"},{"label":"3G bands","value":"HSDPA 850 / 900 / 1700 / 1900 / 2100"},{"label":"4G bands","value":"1, 2, 3, 4, 5, 7, 20 - EU"},{"label":"Speed","value":"HSPA, LTE"}]},{"category":"Launch","specs":[{"label":"Announced","value":"2013, July. Released 2013, July"},{"label":"Status","value":"Discontinued"}]},{"category":"Body","specs":[{"label":"Dimensions","value":"200 x 114 x 8.7 mm (7.87 x 4.49 x 0.34 in)"},{"label":"Weight","value":"290 g (Wi-Fi), 299 g (LTE) (10.55 oz)"},{"label":"SIM","value":"Micro-SIM"}]},{"category":"Display","specs":[{"label":"Type","value":"LED-backlit IPS LCD"},{"label":"Size","value":"7.0 inches, 142.1 cm 2 (~62.3% screen-to-body ratio)"},{"label":"Resolution","value":"1200 x 1920 pixels, 16:10 ratio (~323 ppi density)"},{"label":"Protection","value":"Corning Gorilla Glass"}]},{"category":"Platform","specs":[{"label":"OS","value":"Android 4.3 (Jelly Bean), upgradable to 6.0 (Marshmallow)"},{"label":"Chipset","value":"Qualcomm Snapdragon S4 Pro"},{"label":"CPU","value":"Quad-core 1.5 GHz Krait"},{"label":"GPU","value":"Adreno 320"}]},{"category":"Memory","specs":[{"label":"Card slot","value":"No"},{"label":"Internal","value":"16GB 2GB RAM, 32GB 2GB RAM"}]},{"category":"Main Camera","specs":[{"label":"Single","value":"5 MP, f/2.4, AF"},{"label":"Video","value":"1080p@30fps"}]},{"category":"Selfie camera","specs":[{"label":"Single","value":"1.2 MP"}]},{"category":"Sound","specs":[{"label":"Loudspeaker","value":"Yes, with stereo speakers"},{"label":"3.5mm jack","value":"Yes"}]},{"category":"Comms","specs":[{"label":"WLAN","value":"Wi-Fi 802.11 a/b/g/n, dual-band"},{"label":"Bluetooth","value":"4.0, A2DP, LE"},{"label":"Positioning","value":"GPS"},{"label":"NFC","value":"Yes"},{"label":"USB","value":"microUSB 2.0 (SlimPort)"},{"label":"Radio","value":"No"}]},{"category":"Features","specs":[{"label":"Sensors","value":"Accelerometer, gyro, proximity, compass"}]},{"category":"Battery","specs":[{"label":"Type","value":"Li-Ion 3950 mAh, non-removable"},{"label":"Charging","value":"Wireless (Qi)"},{"label":"Talk time","value":"Up to 9 h (multimedia)"}]},{"category":"Misc","specs":[{"label":"Colors","value":"Black"},{"label":"Price","value":"About 230 EUR"}]}]');
INSERT OR IGNORE INTO device_pictures (device_id, url, position) VALUES (302, 'https://fdn2.gsmarena.com/vv/bigpic/asus-google-nexus-7-2-ofic.jpg', 0);
INSERT OR IGNORE INTO device_pictures (device_id, url, position) VALUES (302, 'https://fdn2.gsmarena.com/vv/pics/asus/asus-google-nexus-7-2-ofic.jpg', 1);
INSERT OR IGNORE INTO device_pictures (device_id, url, position) VALUES (302, 'https://fdn2.gsmarena.com/vv/pics/asus/asus-google-nexus-7-2-ofic1.jpg', 2);
INSERT OR IGNORE INTO device_pictures (device_id, url, position) VALUES (302, 'https://fdn2.gsmarena.com/vv/pics/asus/asus-google-nexus-7-2-ofic2.jpg', 3);
INSERT OR IGNORE INTO devices (id, brand_id, name, gsmarena_url, thumbnail_url, summary) VALUES (303, 2, 'Fonepad Note FHD6', 'https://www.gsmarena.com/asus_fonepad_note_fhd6-5494.php', 'https://fdn2.gsmarena.com/vv/bigpic/asus-fonepad-note-6.jpg', 'Fonepad Note FHD6');
INSERT OR IGNORE INTO device_specs (device_id, announced, status, network, os, chipset, cpu, gpu, display_size, display_type, display_res, ram, storage, main_camera, selfie_camera, battery, charging, nfc, usb, bluetooth, wlan, colors, weight, dimensions, sim, sensors, popularity, fans, rating, full_specs_json) VALUES (303, '2013, June. Released 2013, November', 'Discontinued', 'GSM / HSPA', 'Android 4.2 (Jelly Bean), upgradable to 4.4.2 (KitKat)', 'Intel Atom Z2580', 'Dual-core 2.0 GHz', 'PowerVR SGX544MP2', '6.0 inches, 99.2 cm 2 (~67.8% screen-to-body ratio)', 'Super IPS+ LCD', '1080 x 1920 pixels, 16:9 ratio (~367 ppi density)', '2GB', '16GB', '8 MP, AF', '1.2 MP, 720p', 'Li-Po 3200 mAh, non-removable (15 Wh)', NULL, 'Yes', 'microUSB 2.0, OTG', '3.0, A2DP, EDR', 'Wi-Fi 802.11 a/b/g/n, dual-band, Wi-Fi Direct, hotspot', 'White, Black', '210 g (7.41 oz)', '164.8 x 88.8 x 10.3 mm (6.49 x 3.50 x 0.41 in)', 'Micro-SIM', 'Accelerometer, proximity, compass', 'About 350 EUR', NULL, NULL, '[{"category":"Network","specs":[{"label":"Technology","value":"GSM / HSPA"},{"label":"2G bands","value":"GSM 850 / 900 / 1800 / 1900"},{"label":"3G bands","value":"HSDPA 850 / 900 / 1900 / 2100 / 700"},{"label":"Speed","value":"HSPA 42.2/5.76 Mbps"}]},{"category":"Launch","specs":[{"label":"Announced","value":"2013, June. Released 2013, November"},{"label":"Status","value":"Discontinued"}]},{"category":"Body","specs":[{"label":"Dimensions","value":"164.8 x 88.8 x 10.3 mm (6.49 x 3.50 x 0.41 in)"},{"label":"Weight","value":"210 g (7.41 oz)"},{"label":"SIM","value":"Micro-SIM"}]},{"category":"Display","specs":[{"label":"Type","value":"Super IPS+ LCD"},{"label":"Size","value":"6.0 inches, 99.2 cm 2 (~67.8% screen-to-body ratio)"},{"label":"Resolution","value":"1080 x 1920 pixels, 16:9 ratio (~367 ppi density)"}]},{"category":"Platform","specs":[{"label":"OS","value":"Android 4.2 (Jelly Bean), upgradable to 4.4.2 (KitKat)"},{"label":"Chipset","value":"Intel Atom Z2580"},{"label":"CPU","value":"Dual-core 2.0 GHz"},{"label":"GPU","value":"PowerVR SGX544MP2"}]},{"category":"Memory","specs":[{"label":"Card slot","value":"microSDXC (dedicated slot)"},{"label":"Internal","value":"16GB 2GB RAM, 32GB 2GB RAM"}]},{"category":"Main Camera","specs":[{"label":"Single","value":"8 MP, AF"},{"label":"Video","value":"1080p@30fps"}]},{"category":"Selfie camera","specs":[{"label":"Single","value":"1.2 MP"},{"label":"Video","value":"720p"}]},{"category":"Sound","specs":[{"label":"Loudspeaker","value":"Yes, with stereo speakers"},{"label":"3.5mm jack","value":"Yes"}]},{"category":"Comms","specs":[{"label":"WLAN","value":"Wi-Fi 802.11 a/b/g/n, dual-band, Wi-Fi Direct, hotspot"},{"label":"Bluetooth","value":"3.0, A2DP, EDR"},{"label":"Positioning","value":"GPS, GLONASS"},{"label":"NFC","value":"Yes"},{"label":"USB","value":"microUSB 2.0, OTG"},{"label":"Radio","value":"No"}]},{"category":"Features","specs":[{"label":"Sensors","value":"Accelerometer, proximity, compass"}]},{"category":"Battery","specs":[{"label":"Type","value":"Li-Po 3200 mAh, non-removable (15 Wh)"},{"label":"Stand-by","value":"Up to 490 h (2G) / Up to 334 h (3G)"},{"label":"Talk time","value":"Up to 23 h"}]},{"category":"Misc","specs":[{"label":"Colors","value":"White, Black"},{"label":"Price","value":"About 350 EUR"}]}]');
INSERT OR IGNORE INTO device_pictures (device_id, url, position) VALUES (303, 'https://fdn2.gsmarena.com/vv/bigpic/asus-fonepad-note-6.jpg', 0);
INSERT OR IGNORE INTO device_pictures (device_id, url, position) VALUES (303, 'https://fdn2.gsmarena.com/vv/pics/asus/asus-fonepad-note-6.jpg', 1);
INSERT OR IGNORE INTO devices (id, brand_id, name, gsmarena_url, thumbnail_url, summary) VALUES (304, 2, 'Transformer Pad TF701T', 'https://www.gsmarena.com/asus_transformer_pad_tf701t-5493.php', 'https://fdn2.gsmarena.com/vv/bigpic/asus-transformer-pad-tf701t.jpg', 'Transformer Pad TF701T');
INSERT OR IGNORE INTO device_specs (device_id, announced, status, network, os, chipset, cpu, gpu, display_size, display_type, display_res, ram, storage, main_camera, selfie_camera, battery, charging, nfc, usb, bluetooth, wlan, colors, weight, dimensions, sim, sensors, popularity, fans, rating, full_specs_json) VALUES (304, '2013, June. Released 2013, November', 'Discontinued', 'No cellular connectivity', 'Android 4.2 (Jelly Bean)', 'Nvidia Tegra 4 T40X', 'Quad-core 1.9 GHz Cortex-A15', 'ULP GeForce', '10.1 inches, 295.8 cm 2 (~62.2% screen-to-body ratio)', 'Super IPS+ LCD,', '2560 x 1600 pixels, 16:10 ratio (~299 ppi density)', '2GB', '32GB', '5 MP, AF, HDR', '1.2 MP, 720p', 'Li-Po (31 Wh)', NULL, 'No', 'microUSB 2.0', '3.0, A2DP, EDR', 'Wi-Fi 802.11 a/b/g/n, dual-band, Wi-Fi Direct', 'Silver', '585 g (1.29 lb)', '263 x 180.8 x 8.9 mm (10.35 x 7.12 x 0.35 in)', 'No', 'Accelerometer, gyro, compass', 'About 400 EUR', NULL, NULL, '[{"category":"Network","specs":[{"label":"Technology","value":"No cellular connectivity"},{"label":"2G bands","value":"N/A"},{"label":"GPRS","value":"No"},{"label":"EDGE","value":"No"}]},{"category":"Launch","specs":[{"label":"Announced","value":"2013, June. Released 2013, November"},{"label":"Status","value":"Discontinued"}]},{"category":"Body","specs":[{"label":"Dimensions","value":"263 x 180.8 x 8.9 mm (10.35 x 7.12 x 0.35 in)"},{"label":"Weight","value":"585 g (1.29 lb)"},{"label":"SIM","value":"No"}]},{"category":"Display","specs":[{"label":"Type","value":"Super IPS+ LCD,"},{"label":"Size","value":"10.1 inches, 295.8 cm 2 (~62.2% screen-to-body ratio)"},{"label":"Resolution","value":"2560 x 1600 pixels, 16:10 ratio (~299 ppi density)"},{"label":"Protection","value":"Corning Gorilla Glass 2"}]},{"category":"Platform","specs":[{"label":"OS","value":"Android 4.2 (Jelly Bean)"},{"label":"Chipset","value":"Nvidia Tegra 4 T40X"},{"label":"CPU","value":"Quad-core 1.9 GHz Cortex-A15"},{"label":"GPU","value":"ULP GeForce"}]},{"category":"Memory","specs":[{"label":"Card slot","value":"microSDXC (dedicated slot)"},{"label":"Internal","value":"32GB 2GB RAM, 64GB 2GB RAM"}]},{"category":"Main Camera","specs":[{"label":"Single","value":"5 MP, AF"},{"label":"Features","value":"HDR"},{"label":"Video","value":"1080p@30fps"}]},{"category":"Selfie camera","specs":[{"label":"Single","value":"1.2 MP"},{"label":"Video","value":"720p"}]},{"category":"Sound","specs":[{"label":"Loudspeaker","value":"Yes"},{"label":"3.5mm jack","value":"Yes"}]},{"category":"Comms","specs":[{"label":"WLAN","value":"Wi-Fi 802.11 a/b/g/n, dual-band, Wi-Fi Direct"},{"label":"Bluetooth","value":"3.0, A2DP, EDR"},{"label":"Positioning","value":"GPS"},{"label":"NFC","value":"No"},{"label":"USB","value":"microUSB 2.0"},{"label":"Radio","value":"No"}]},{"category":"Features","specs":[{"label":"Sensors","value":"Accelerometer, gyro, compass"}]},{"category":"Battery","specs":[{"label":"Type","value":"Li-Po (31 Wh)"},{"label":"Talk time","value":"Up to 13 h (multimedia)"}]},{"category":"Misc","specs":[{"label":"Colors","value":"Silver"},{"label":"Price","value":"About 400 EUR"}]}]');
INSERT OR IGNORE INTO device_pictures (device_id, url, position) VALUES (304, 'https://fdn2.gsmarena.com/vv/bigpic/asus-transformer-pad-tf701t.jpg', 0);
INSERT OR IGNORE INTO device_pictures (device_id, url, position) VALUES (304, 'https://fdn2.gsmarena.com/vv/pics/asus/asus-transformer-pad-tf701t.jpg', 1);
INSERT OR IGNORE INTO device_pictures (device_id, url, position) VALUES (304, 'https://fdn2.gsmarena.com/vv/pics/asus/asus-transformer-pad-tf701t-1.jpg', 2);
INSERT OR IGNORE INTO device_pictures (device_id, url, position) VALUES (304, 'https://fdn2.gsmarena.com/vv/pics/asus/asus-transformer-pad-tf701t-2.jpg', 3);
INSERT OR IGNORE INTO device_pictures (device_id, url, position) VALUES (304, 'https://fdn2.gsmarena.com/vv/pics/asus/asus-transformer-pad-tf701t-3.jpg', 4);
INSERT OR IGNORE INTO device_pictures (device_id, url, position) VALUES (304, 'https://fdn.gsmarena.com/vv/reviewsimg/asus-transformer-pad/gal/gsmarena_001.jpg', 5);
INSERT OR IGNORE INTO device_pictures (device_id, url, position) VALUES (304, 'https://fdn.gsmarena.com/vv/reviewsimg/asus-transformer-pad/gal/gsmarena_002.jpg', 6);
INSERT OR IGNORE INTO device_pictures (device_id, url, position) VALUES (304, 'https://fdn.gsmarena.com/vv/reviewsimg/asus-transformer-pad/gal/gsmarena_003.jpg', 7);
INSERT OR IGNORE INTO device_pictures (device_id, url, position) VALUES (304, 'https://fdn.gsmarena.com/vv/reviewsimg/asus-transformer-pad/gal/gsmarena_004.jpg', 8);
INSERT OR IGNORE INTO device_pictures (device_id, url, position) VALUES (304, 'https://fdn.gsmarena.com/vv/reviewsimg/asus-transformer-pad/gal/gsmarena_005.jpg', 9);
INSERT OR IGNORE INTO devices (id, brand_id, name, gsmarena_url, thumbnail_url, summary) VALUES (305, 2, 'Memo Pad FHD10', 'https://www.gsmarena.com/asus_memo_pad_fhd10-5495.php', 'https://fdn2.gsmarena.com/vv/bigpic/asus-memo-pad-fhd10.jpg', 'Memo Pad FHD10');
INSERT OR IGNORE INTO device_specs (device_id, announced, status, network, os, chipset, cpu, gpu, display_size, display_type, display_res, ram, storage, main_camera, selfie_camera, battery, charging, nfc, usb, bluetooth, wlan, colors, weight, dimensions, sim, sensors, popularity, fans, rating, full_specs_json) VALUES (305, '2013, June. Released 2013, August', 'Discontinued', 'No cellular connectivity', 'Android 4.2 (Jelly Bean), upgradable to 4.3 (Jelly Bean), Waveshare UI', 'Intel Atom Z2560', 'Dual-core 1.6 GHz', 'PowerVR SGX544MP2', '10.0 inches, 290.0 cm 2 (~60.1% screen-to-body ratio)', 'IPS LCD,', '1920 x 1200 pixels, 16:10 ratio (~226 ppi density)', '2GB', '16GB', '5 MP, AF', '1.2 MP', 'Li-Ion 6760 mAh, non-removable (25 Wh)', NULL, 'No', '2.0', '3.0', 'Wi-Fi 802.11 a/b/g/n, dual-band', 'Royal Blue, Silk White, Vivid Pink', '580 g (1.28 lb)', '264.6 x 182.4 x 9.5 mm (10.42 x 7.18 x 0.37 in)', 'No', 'Accelerometer, gyro, compass', NULL, NULL, NULL, '[{"category":"Network","specs":[{"label":"Technology","value":"No cellular connectivity"},{"label":"2G bands","value":"N/A"},{"label":"GPRS","value":"No"},{"label":"EDGE","value":"No"}]},{"category":"Launch","specs":[{"label":"Announced","value":"2013, June. Released 2013, August"},{"label":"Status","value":"Discontinued"}]},{"category":"Body","specs":[{"label":"Dimensions","value":"264.6 x 182.4 x 9.5 mm (10.42 x 7.18 x 0.37 in)"},{"label":"Weight","value":"580 g (1.28 lb)"},{"label":"SIM","value":"No"}]},{"category":"Display","specs":[{"label":"Type","value":"IPS LCD,"},{"label":"Size","value":"10.0 inches, 290.0 cm 2 (~60.1% screen-to-body ratio)"},{"label":"Resolution","value":"1920 x 1200 pixels, 16:10 ratio (~226 ppi density)"}]},{"category":"Platform","specs":[{"label":"OS","value":"Android 4.2 (Jelly Bean), upgradable to 4.3 (Jelly Bean), Waveshare UI"},{"label":"Chipset","value":"Intel Atom Z2560"},{"label":"CPU","value":"Dual-core 1.6 GHz"},{"label":"GPU","value":"PowerVR SGX544MP2"}]},{"category":"Memory","specs":[{"label":"Card slot","value":"microSDXC (dedicated slot)"},{"label":"Internal","value":"16GB 2GB RAM, 32GB 2GB RAM"}]},{"category":"Main Camera","specs":[{"label":"Single","value":"5 MP, AF"},{"label":"Video","value":"1080p@30fps"}]},{"category":"Selfie camera","specs":[{"label":"Single","value":"1.2 MP"}]},{"category":"Sound","specs":[{"label":"Loudspeaker","value":"Yes, with stereo speakers"},{"label":"3.5mm jack","value":"Yes"}]},{"category":"Comms","specs":[{"label":"WLAN","value":"Wi-Fi 802.11 a/b/g/n, dual-band"},{"label":"Bluetooth","value":"3.0"},{"label":"Positioning","value":"GPS"},{"label":"NFC","value":"No"},{"label":"USB","value":"2.0"},{"label":"Radio","value":"No"}]},{"category":"Features","specs":[{"label":"Sensors","value":"Accelerometer, gyro, compass"}]},{"category":"Battery","specs":[{"label":"Type","value":"Li-Ion 6760 mAh, non-removable (25 Wh)"},{"label":"Talk time","value":"Up to 10 h (multimedia)"}]},{"category":"Misc","specs":[{"label":"Colors","value":"Royal Blue, Silk White, Vivid Pink"}]}]');
INSERT OR IGNORE INTO device_pictures (device_id, url, position) VALUES (305, 'https://fdn2.gsmarena.com/vv/bigpic/asus-memo-pad-fhd10.jpg', 0);
INSERT OR IGNORE INTO device_pictures (device_id, url, position) VALUES (305, 'https://fdn2.gsmarena.com/vv/pics/asus/asus-memo-pad-fhd10-1.jpg', 1);
INSERT OR IGNORE INTO device_pictures (device_id, url, position) VALUES (305, 'https://fdn2.gsmarena.com/vv/pics/asus/asus-memo-pad-fhd10-2.jpg', 2);
INSERT OR IGNORE INTO devices (id, brand_id, name, gsmarena_url, thumbnail_url, summary) VALUES (306, 2, 'Memo Pad HD7 8 GB', 'https://www.gsmarena.com/asus_memo_pad_hd7_8_gb-5879.php', 'https://fdn2.gsmarena.com/vv/bigpic/asus-memo-pad-hd7.jpg', 'Memo Pad HD7 8 GB');
INSERT OR IGNORE INTO device_specs (device_id, announced, status, network, os, chipset, cpu, gpu, display_size, display_type, display_res, ram, storage, main_camera, selfie_camera, battery, charging, nfc, usb, bluetooth, wlan, colors, weight, dimensions, sim, sensors, popularity, fans, rating, full_specs_json) VALUES (306, '2013, June. Released 2013, July', 'Discontinued', 'No cellular connectivity', 'Android 4.2 (Jelly Bean), upgradable to 4.2.2 (Jelly Bean), Waveshare UI', 'Mediatek MT8125 (28 nm)', 'Quad-core 1.2 GHz Cortex-A7', 'PowerVR SGX544', '7.0 inches, 142.1 cm 2 (~59.9% screen-to-body ratio)', 'IPS LCD', '800 x 1280 pixels, 16:10 ratio (~216 ppi density)', '1GB', '8GB', '2 MP', 'VGA', 'Li-Po (15 Wh)', NULL, 'No', 'microUSB 2.0', '4.0, A2DP', 'Wi-Fi 802.11 b/g/n, Wi-Fi Direct', 'Black, Gray, White, Pink, Green', '302 g (10.65 oz)', '196.8 x 120.6 x 10.8 mm (7.75 x 4.75 x 0.43 in)', 'No', 'Accelerometer, compass', 'About 100 EUR', NULL, NULL, '[{"category":"Network","specs":[{"label":"Technology","value":"No cellular connectivity"},{"label":"2G bands","value":"N/A"},{"label":"GPRS","value":"No"},{"label":"EDGE","value":"No"}]},{"category":"Launch","specs":[{"label":"Announced","value":"2013, June. Released 2013, July"},{"label":"Status","value":"Discontinued"}]},{"category":"Body","specs":[{"label":"Dimensions","value":"196.8 x 120.6 x 10.8 mm (7.75 x 4.75 x 0.43 in)"},{"label":"Weight","value":"302 g (10.65 oz)"},{"label":"SIM","value":"No"}]},{"category":"Display","specs":[{"label":"Type","value":"IPS LCD"},{"label":"Size","value":"7.0 inches, 142.1 cm 2 (~59.9% screen-to-body ratio)"},{"label":"Resolution","value":"800 x 1280 pixels, 16:10 ratio (~216 ppi density)"}]},{"category":"Platform","specs":[{"label":"OS","value":"Android 4.2 (Jelly Bean), upgradable to 4.2.2 (Jelly Bean), Waveshare UI"},{"label":"Chipset","value":"Mediatek MT8125 (28 nm)"},{"label":"CPU","value":"Quad-core 1.2 GHz Cortex-A7"},{"label":"GPU","value":"PowerVR SGX544"}]},{"category":"Memory","specs":[{"label":"Card slot","value":"microSDHC (dedicated slot)"},{"label":"Internal","value":"8GB 1GB RAM"}]},{"category":"Main Camera","specs":[{"label":"Single","value":"2 MP"},{"label":"Video","value":"720p@30fps"}]},{"category":"Selfie camera","specs":[{"label":"Single","value":"VGA"}]},{"category":"Sound","specs":[{"label":"Loudspeaker","value":"Yes"},{"label":"3.5mm jack","value":"Yes"}]},{"category":"Comms","specs":[{"label":"WLAN","value":"Wi-Fi 802.11 b/g/n, Wi-Fi Direct"},{"label":"Bluetooth","value":"4.0, A2DP"},{"label":"Positioning","value":"GPS"},{"label":"NFC","value":"No"},{"label":"USB","value":"microUSB 2.0"},{"label":"Radio","value":"No"}]},{"category":"Features","specs":[{"label":"Sensors","value":"Accelerometer, compass"}]},{"category":"Battery","specs":[{"label":"Type","value":"Li-Po (15 Wh)"},{"label":"Talk time","value":"Up to 10 h (multimedia)"}]},{"category":"Misc","specs":[{"label":"Colors","value":"Black, Gray, White, Pink, Green"},{"label":"Price","value":"About 100 EUR"}]}]');
INSERT OR IGNORE INTO device_pictures (device_id, url, position) VALUES (306, 'https://fdn2.gsmarena.com/vv/bigpic/asus-memo-pad-hd7.jpg', 0);
INSERT OR IGNORE INTO device_pictures (device_id, url, position) VALUES (306, 'https://fdn2.gsmarena.com/vv/pics/asus/asus-memo-pad-hd7-1.jpg', 1);
INSERT OR IGNORE INTO device_pictures (device_id, url, position) VALUES (306, 'https://fdn2.gsmarena.com/vv/pics/asus/asus-memo-pad-hd7-2.jpg', 2);
INSERT OR IGNORE INTO devices (id, brand_id, name, gsmarena_url, thumbnail_url, summary) VALUES (307, 2, 'Memo Pad HD7 16 GB', 'https://www.gsmarena.com/asus_memo_pad_hd7_16_gb-5492.php', 'https://fdn2.gsmarena.com/vv/bigpic/asus-memo-pad-hd7.jpg', 'Memo Pad HD7 16 GB');
INSERT OR IGNORE INTO device_specs (device_id, announced, status, network, os, chipset, cpu, gpu, display_size, display_type, display_res, ram, storage, main_camera, selfie_camera, battery, charging, nfc, usb, bluetooth, wlan, colors, weight, dimensions, sim, sensors, popularity, fans, rating, full_specs_json) VALUES (307, '2013, June. Released 2013, July', 'Discontinued', 'No cellular connectivity', 'Android 4.2 (Jelly Bean), upgradable to 4.2.2 (Jelly Bean), Waveshare UI', 'Mediatek MT8125 (28 nm)', 'Quad-core 1.2 GHz Cortex-A7', 'PowerVR SGX544', '7.0 inches, 142.1 cm 2 (~59.9% screen-to-body ratio)', 'IPS LCD', '800 x 1280 pixels, 16:10 ratio (~216 ppi density)', '1GB', '16GB', '5 MP, AF', '1.2 MP, 720p', 'Li-Po (15 Wh)', NULL, 'No', 'microUSB 2.0', '4.0, A2DP', 'Wi-Fi 802.11 b/g/n, Wi-Fi Direct', 'Black, Gray, White, Pink, Green', '302 g (10.65 oz)', '196.8 x 120.6 x 10.8 mm (7.75 x 4.75 x 0.43 in)', 'No', 'Accelerometer, compass', 'About 130 EUR', NULL, NULL, '[{"category":"Network","specs":[{"label":"Technology","value":"No cellular connectivity"},{"label":"2G bands","value":"N/A"},{"label":"GPRS","value":"No"},{"label":"EDGE","value":"No"}]},{"category":"Launch","specs":[{"label":"Announced","value":"2013, June. Released 2013, July"},{"label":"Status","value":"Discontinued"}]},{"category":"Body","specs":[{"label":"Dimensions","value":"196.8 x 120.6 x 10.8 mm (7.75 x 4.75 x 0.43 in)"},{"label":"Weight","value":"302 g (10.65 oz)"},{"label":"SIM","value":"No"}]},{"category":"Display","specs":[{"label":"Type","value":"IPS LCD"},{"label":"Size","value":"7.0 inches, 142.1 cm 2 (~59.9% screen-to-body ratio)"},{"label":"Resolution","value":"800 x 1280 pixels, 16:10 ratio (~216 ppi density)"}]},{"category":"Platform","specs":[{"label":"OS","value":"Android 4.2 (Jelly Bean), upgradable to 4.2.2 (Jelly Bean), Waveshare UI"},{"label":"Chipset","value":"Mediatek MT8125 (28 nm)"},{"label":"CPU","value":"Quad-core 1.2 GHz Cortex-A7"},{"label":"GPU","value":"PowerVR SGX544"}]},{"category":"Memory","specs":[{"label":"Card slot","value":"microSDHC (dedicated slot)"},{"label":"Internal","value":"16GB 1GB RAM"}]},{"category":"Main Camera","specs":[{"label":"Single","value":"5 MP, AF"},{"label":"Video","value":"1080p@30fps"}]},{"category":"Selfie camera","specs":[{"label":"Single","value":"1.2 MP"},{"label":"Video","value":"720p"}]},{"category":"Sound","specs":[{"label":"Loudspeaker","value":"Yes, with stereo speakers"},{"label":"3.5mm jack","value":"Yes"}]},{"category":"Comms","specs":[{"label":"WLAN","value":"Wi-Fi 802.11 b/g/n, Wi-Fi Direct"},{"label":"Bluetooth","value":"4.0, A2DP"},{"label":"Positioning","value":"GPS"},{"label":"NFC","value":"No"},{"label":"USB","value":"microUSB 2.0"},{"label":"Radio","value":"No"}]},{"category":"Features","specs":[{"label":"Sensors","value":"Accelerometer, compass"}]},{"category":"Battery","specs":[{"label":"Type","value":"Li-Po (15 Wh)"},{"label":"Talk time","value":"Up to 10 h (multimedia)"}]},{"category":"Misc","specs":[{"label":"Colors","value":"Black, Gray, White, Pink, Green"},{"label":"Models","value":"ME173X"},{"label":"Price","value":"About 130 EUR"}]}]');
INSERT OR IGNORE INTO device_pictures (device_id, url, position) VALUES (307, 'https://fdn2.gsmarena.com/vv/bigpic/asus-memo-pad-hd7.jpg', 0);
INSERT OR IGNORE INTO device_pictures (device_id, url, position) VALUES (307, 'https://fdn2.gsmarena.com/vv/pics/asus/asus-memo-pad-hd7-1.jpg', 1);
INSERT OR IGNORE INTO device_pictures (device_id, url, position) VALUES (307, 'https://fdn2.gsmarena.com/vv/pics/asus/asus-memo-pad-hd7-2.jpg', 2);
INSERT OR IGNORE INTO devices (id, brand_id, name, gsmarena_url, thumbnail_url, summary) VALUES (308, 2, 'Fonepad', 'https://www.gsmarena.com/asus_fonepad-5329.php', 'https://fdn2.gsmarena.com/vv/bigpic/asus-fonepad-new.jpg', 'Fonepad');
INSERT OR IGNORE INTO device_specs (device_id, announced, status, network, os, chipset, cpu, gpu, display_size, display_type, display_res, ram, storage, main_camera, selfie_camera, battery, charging, nfc, usb, bluetooth, wlan, colors, weight, dimensions, sim, sensors, popularity, fans, rating, full_specs_json) VALUES (308, '2013, February. Released 2013, April', 'Discontinued', 'GSM / HSPA', 'Android 4.1 (Jelly Bean)', 'Intel Atom Z2420 / Intel Atom Z2460', '1.2 GHz / 1.6 GHz', 'PowerVR SGX540', '7.0 inches, 142.1 cm 2 (~60.2% screen-to-body ratio)', 'IPS LCD', '800 x 1280 pixels, 16:10 ratio (~216 ppi density)', '1GB', '8GB', '3.15 MP, AF (selected markets only)', '1.2 MP', 'Li-Ion 4270 mAh, non-removable (16 Wh)', NULL, 'No', 'microUSB 2.0', '3.0, A2DP', 'Wi-Fi 802.11 b/g/n, hotspot', 'Titanium Gray, Champagne Gold', '340 g (11.99 oz)', '196.4 x 120.1 x 10.4 mm (7.73 x 4.73 x 0.41 in)', 'Micro-SIM', 'Accelerometer, proximity, compass', 'About 260 EUR', NULL, NULL, '[{"category":"Network","specs":[{"label":"Technology","value":"GSM / HSPA"},{"label":"2G bands","value":"GSM 850 / 900 / 1800 / 1900"},{"label":"3G bands","value":"HSDPA 850 / 900 / 1900 / 2100"},{"label":"Speed","value":"HSPA 21.1/5.76 Mbps"}]},{"category":"Launch","specs":[{"label":"Announced","value":"2013, February. Released 2013, April"},{"label":"Status","value":"Discontinued"}]},{"category":"Body","specs":[{"label":"Dimensions","value":"196.4 x 120.1 x 10.4 mm (7.73 x 4.73 x 0.41 in)"},{"label":"Weight","value":"340 g (11.99 oz)"},{"label":"SIM","value":"Micro-SIM"}]},{"category":"Display","specs":[{"label":"Type","value":"IPS LCD"},{"label":"Size","value":"7.0 inches, 142.1 cm 2 (~60.2% screen-to-body ratio)"},{"label":"Resolution","value":"800 x 1280 pixels, 16:10 ratio (~216 ppi density)"}]},{"category":"Platform","specs":[{"label":"OS","value":"Android 4.1 (Jelly Bean)"},{"label":"Chipset","value":"Intel Atom Z2420 / Intel Atom Z2460"},{"label":"CPU","value":"1.2 GHz / 1.6 GHz"},{"label":"GPU","value":"PowerVR SGX540"}]},{"category":"Memory","specs":[{"label":"Card slot","value":"microSDHC (dedicated slot)"},{"label":"Internal","value":"8GB 1GB RAM, 16GB 1GB RAM"}]},{"category":"Main Camera","specs":[{"label":"Single","value":"3.15 MP, AF (selected markets only)"},{"label":"Video","value":"720p"}]},{"category":"Selfie camera","specs":[{"label":"Single","value":"1.2 MP"}]},{"category":"Sound","specs":[{"label":"Loudspeaker","value":"Yes"},{"label":"3.5mm jack","value":"Yes"}]},{"category":"Comms","specs":[{"label":"WLAN","value":"Wi-Fi 802.11 b/g/n, hotspot"},{"label":"Bluetooth","value":"3.0, A2DP"},{"label":"Positioning","value":"GPS, GLONASS"},{"label":"NFC","value":"No"},{"label":"USB","value":"microUSB 2.0"},{"label":"Radio","value":"No"}]},{"category":"Features","specs":[{"label":"Sensors","value":"Accelerometer, proximity, compass"}]},{"category":"Battery","specs":[{"label":"Type","value":"Li-Ion 4270 mAh, non-removable (16 Wh)"},{"label":"Talk time","value":"Up to 9 h (multimedia)"}]},{"category":"Misc","specs":[{"label":"Colors","value":"Titanium Gray, Champagne Gold"},{"label":"Price","value":"About 260 EUR"}]}]');
INSERT OR IGNORE INTO device_pictures (device_id, url, position) VALUES (308, 'https://fdn2.gsmarena.com/vv/bigpic/asus-fonepad-new.jpg', 0);
INSERT OR IGNORE INTO device_pictures (device_id, url, position) VALUES (308, 'https://fdn2.gsmarena.com/vv/pics/asus/asus-fonepad.jpg', 1);
INSERT OR IGNORE INTO device_pictures (device_id, url, position) VALUES (308, 'https://fdn2.gsmarena.com/vv/pics/asus/asus-fonepad1.jpg', 2);
INSERT OR IGNORE INTO devices (id, brand_id, name, gsmarena_url, thumbnail_url, summary) VALUES (309, 2, 'PadFone Infinity', 'https://www.gsmarena.com/asus_padfone_infinity-5328.php', 'https://fdn2.gsmarena.com/vv/bigpic/asus-padfone-infinity.jpg', 'PadFone Infinity');
INSERT OR IGNORE INTO device_specs (device_id, announced, status, network, os, chipset, cpu, gpu, display_size, display_type, display_res, ram, storage, main_camera, selfie_camera, battery, charging, nfc, usb, bluetooth, wlan, colors, weight, dimensions, sim, sensors, popularity, fans, rating, full_specs_json) VALUES (309, '2013, February. Released 2013, April', 'Discontinued', 'GSM / HSPA / LTE / 4G/LTE', 'Android 4.1.2 (Jelly Bean), upgradable to 4.4.2 (KitKat)', 'Qualcomm APQ8064T Snapdragon 600', 'Quad-core 1.7 GHz Krait', 'Adreno 320', '5.0 inches, 68.9 cm 2 (~66.0% screen-to-body ratio)', 'Super IPS+ LCD', '1080 x 1920 pixels, 16:9 ratio (~441 ppi density)', '2GB', '32GB', '13 MP, AF, LED flash', '2 MP, 1080p@30fps', 'Li-Po 2400 mAh, non-removable', NULL, 'Yes', 'microUSB 2.0 (SlimPort TV-out), OTG', '4.0, A2DP', 'Wi-Fi 802.11 a/b/g/n/ac, dual-band, Wi-Fi Direct, hotspot', 'Titanium Gray, Champagne Gold, Hot Pink', '141 g (4.97 oz)', '143.5 x 72.8 x 8.9 mm (5.65 x 2.87 x 0.35 in)', 'Nano-SIM', 'Accelerometer, gyro, proximity, compass', 'About 1000 EUR', NULL, NULL, '[{"category":"Network","specs":[{"label":"Technology","value":"GSM / HSPA / LTE"},{"label":"2G bands","value":"GSM 850 / 900 / 1800 / 1900"},{"label":"3G bands","value":"HSDPA 900 / 2100"},{"label":"4G bands","value":"1, 3, 7, 20"},{"label":"Speed","value":"HSPA 42.2/5.76 Mbps, LTE Cat3 100/50 Mbps"}]},{"category":"Launch","specs":[{"label":"Announced","value":"2013, February. Released 2013, April"},{"label":"Status","value":"Discontinued"}]},{"category":"Body","specs":[{"label":"Dimensions","value":"143.5 x 72.8 x 8.9 mm (5.65 x 2.87 x 0.35 in)"},{"label":"Weight","value":"141 g (4.97 oz)"},{"label":"SIM","value":"Nano-SIM"}]},{"category":"Display","specs":[{"label":"Type","value":"Super IPS+ LCD"},{"label":"Size","value":"5.0 inches, 68.9 cm 2 (~66.0% screen-to-body ratio)"},{"label":"Resolution","value":"1080 x 1920 pixels, 16:9 ratio (~441 ppi density)"},{"label":"Protection","value":"Corning Gorilla Glass"}]},{"category":"Platform","specs":[{"label":"OS","value":"Android 4.1.2 (Jelly Bean), upgradable to 4.4.2 (KitKat)"},{"label":"Chipset","value":"Qualcomm APQ8064T Snapdragon 600"},{"label":"CPU","value":"Quad-core 1.7 GHz Krait"},{"label":"GPU","value":"Adreno 320"}]},{"category":"Memory","specs":[{"label":"Card slot","value":"No"},{"label":"Internal","value":"32GB 2GB RAM, 64GB 2GB RAM"}]},{"category":"Main Camera","specs":[{"label":"Single","value":"13 MP, AF"},{"label":"Features","value":"LED flash"},{"label":"Video","value":"1080p@30fps"}]},{"category":"Selfie camera","specs":[{"label":"Single","value":"2 MP"},{"label":"Video","value":"1080p@30fps"}]},{"category":"Sound","specs":[{"label":"Loudspeaker","value":"Yes"},{"label":"3.5mm jack","value":"Yes"}]},{"category":"Comms","specs":[{"label":"WLAN","value":"Wi-Fi 802.11 a/b/g/n/ac, dual-band, Wi-Fi Direct, hotspot"},{"label":"Bluetooth","value":"4.0, A2DP"},{"label":"Positioning","value":"GPS, GLONASS"},{"label":"NFC","value":"Yes"},{"label":"USB","value":"microUSB 2.0 (SlimPort TV-out), OTG"},{"label":"Radio","value":"FM radio"}]},{"category":"Features","specs":[{"label":"Sensors","value":"Accelerometer, gyro, proximity, compass"}]},{"category":"Battery","specs":[{"label":"Type","value":"Li-Po 2400 mAh, non-removable"},{"label":"Stand-by","value":"Up to 410 h"},{"label":"Talk time","value":"Up to 19 h"}]},{"category":"Misc","specs":[{"label":"Colors","value":"Titanium Gray, Champagne Gold, Hot Pink"},{"label":"Price","value":"About 1000 EUR"}]}]');
INSERT OR IGNORE INTO device_pictures (device_id, url, position) VALUES (309, 'https://fdn2.gsmarena.com/vv/bigpic/asus-padfone-infinity.jpg', 0);
INSERT OR IGNORE INTO device_pictures (device_id, url, position) VALUES (309, 'https://fdn2.gsmarena.com/vv/pics/asus/asus-padfone-infinity.jpg', 1);
INSERT OR IGNORE INTO device_pictures (device_id, url, position) VALUES (309, 'https://fdn2.gsmarena.com/vv/pics/asus/asus-padfone-infinity1.jpg', 2);
INSERT OR IGNORE INTO device_pictures (device_id, url, position) VALUES (309, 'https://fdn2.gsmarena.com/vv/pics/asus/asus-padfone-infinity2.jpg', 3);
INSERT OR IGNORE INTO devices (id, brand_id, name, gsmarena_url, thumbnail_url, summary) VALUES (310, 2, 'Memo Pad Smart 10', 'https://www.gsmarena.com/asus_memo_pad_smart_10-5331.php', 'https://fdn2.gsmarena.com/vv/bigpic/asus-memo-pad-smart-10.jpg', 'Memo Pad Smart 10');
INSERT OR IGNORE INTO device_specs (device_id, announced, status, network, os, chipset, cpu, gpu, display_size, display_type, display_res, ram, storage, main_camera, selfie_camera, battery, charging, nfc, usb, bluetooth, wlan, colors, weight, dimensions, sim, sensors, popularity, fans, rating, full_specs_json) VALUES (310, '2013, February. Released 2013, May', 'Discontinued', 'No cellular connectivity', 'Android 4.1 (Jelly Bean)', 'Nvidia Tegra 3 T33', 'Quad-core 1.2 GHz', 'ULP GeForce', '10.1 inches, 295.8 cm 2 (~62.2% screen-to-body ratio)', 'LED-backlit IPS LCD', '1280 x 800 pixels, 16:10 ratio (~149 ppi density)', '1GB', '16GB', '5 MP, AF', '1.2 MP', 'Li-Po (19 Wh)', NULL, 'No', 'microUSB 2.0', '3.0, A2DP, EDR', 'Wi-Fi 802.11 a/b/g/n, dual band', 'Crystal White, Midnight Blue, Fuchsia Pink', '580 g (1.28 lb)', '263 x 180.8 x 9.9 mm (10.35 x 7.12 x 0.39 in)', 'No', 'Accelerometer, gyro, compass', 'About 230 EUR', NULL, NULL, '[{"category":"Network","specs":[{"label":"Technology","value":"No cellular connectivity"},{"label":"2G bands","value":"N/A"},{"label":"GPRS","value":"No"},{"label":"EDGE","value":"No"}]},{"category":"Launch","specs":[{"label":"Announced","value":"2013, February. Released 2013, May"},{"label":"Status","value":"Discontinued"}]},{"category":"Body","specs":[{"label":"Dimensions","value":"263 x 180.8 x 9.9 mm (10.35 x 7.12 x 0.39 in)"},{"label":"Weight","value":"580 g (1.28 lb)"},{"label":"SIM","value":"No"}]},{"category":"Display","specs":[{"label":"Type","value":"LED-backlit IPS LCD"},{"label":"Size","value":"10.1 inches, 295.8 cm 2 (~62.2% screen-to-body ratio)"},{"label":"Resolution","value":"1280 x 800 pixels, 16:10 ratio (~149 ppi density)"}]},{"category":"Platform","specs":[{"label":"OS","value":"Android 4.1 (Jelly Bean)"},{"label":"Chipset","value":"Nvidia Tegra 3 T33"},{"label":"CPU","value":"Quad-core 1.2 GHz"},{"label":"GPU","value":"ULP GeForce"}]},{"category":"Memory","specs":[{"label":"Card slot","value":"microSDHC (dedicated slot)"},{"label":"Internal","value":"16GB 1GB RAM"}]},{"category":"Main Camera","specs":[{"label":"Single","value":"5 MP, AF"},{"label":"Video","value":"Yes"}]},{"category":"Selfie camera","specs":[{"label":"Single","value":"1.2 MP"}]},{"category":"Sound","specs":[{"label":"Loudspeaker","value":"Yes, with stereo speakers"},{"label":"3.5mm jack","value":"Yes"}]},{"category":"Comms","specs":[{"label":"WLAN","value":"Wi-Fi 802.11 a/b/g/n, dual band"},{"label":"Bluetooth","value":"3.0, A2DP, EDR"},{"label":"Positioning","value":"GPS"},{"label":"NFC","value":"No"},{"label":"USB","value":"microUSB 2.0"},{"label":"Radio","value":"No"}]},{"category":"Features","specs":[{"label":"Sensors","value":"Accelerometer, gyro, compass"}]},{"category":"Battery","specs":[{"label":"Type","value":"Li-Po (19 Wh)"},{"label":"Talk time","value":"Up to 8 h 30 min (multimedia)"}]},{"category":"Misc","specs":[{"label":"Colors","value":"Crystal White, Midnight Blue, Fuchsia Pink"},{"label":"Price","value":"About 230 EUR"}]}]');
INSERT OR IGNORE INTO device_pictures (device_id, url, position) VALUES (310, 'https://fdn2.gsmarena.com/vv/bigpic/asus-memo-pad-smart-10.jpg', 0);
INSERT OR IGNORE INTO device_pictures (device_id, url, position) VALUES (310, 'https://fdn2.gsmarena.com/vv/pics/asus/asus-memo-pad-smart-10.jpg', 1);
INSERT OR IGNORE INTO devices (id, brand_id, name, gsmarena_url, thumbnail_url, summary) VALUES (311, 2, 'Memo Pad ME172V', 'https://www.gsmarena.com/asus_memo_pad_me172v-5249.php', 'https://fdn2.gsmarena.com/vv/bigpic/asus-memo-pad-me172v.jpg', 'Memo Pad ME172V');
INSERT OR IGNORE INTO device_specs (device_id, announced, status, network, os, chipset, cpu, gpu, display_size, display_type, display_res, ram, storage, main_camera, selfie_camera, battery, charging, nfc, usb, bluetooth, wlan, colors, weight, dimensions, sim, sensors, popularity, fans, rating, full_specs_json) VALUES (311, '2013, January. Released 2013, January', 'Discontinued', 'No cellular connectivity', 'Android 4.1 (Jelly Bean)', 'VIA WM8950', '1.0 GHz', 'Mali-400', '7.0 inches, 137.9 cm 2 (~59.0% screen-to-body ratio)', 'LED-backlit LCD,', '600 x 1024 pixels, 16:9 ratio (~170 ppi density)', '1GB', '8GB', '1 MP', NULL, 'Li-Po 4270 mAh, non-removable (16 Wh)', NULL, 'No', 'microUSB 2.0', 'No', 'Wi-Fi 802.11 b/g/n', 'Sugar White, Titanium Gray, Cherry Pink', '370 g (13.05 oz)', '196.2 x 119.2 x 11.2 mm (7.72 x 4.69 x 0.44 in)', 'No', 'Accelerometer', 'About 110 EUR', NULL, NULL, '[{"category":"Network","specs":[{"label":"Technology","value":"No cellular connectivity"},{"label":"2G bands","value":"N/A"},{"label":"GPRS","value":"No"},{"label":"EDGE","value":"No"}]},{"category":"Launch","specs":[{"label":"Announced","value":"2013, January. Released 2013, January"},{"label":"Status","value":"Discontinued"}]},{"category":"Body","specs":[{"label":"Dimensions","value":"196.2 x 119.2 x 11.2 mm (7.72 x 4.69 x 0.44 in)"},{"label":"Weight","value":"370 g (13.05 oz)"},{"label":"SIM","value":"No"}]},{"category":"Display","specs":[{"label":"Type","value":"LED-backlit LCD,"},{"label":"Size","value":"7.0 inches, 137.9 cm 2 (~59.0% screen-to-body ratio)"},{"label":"Resolution","value":"600 x 1024 pixels, 16:9 ratio (~170 ppi density)"}]},{"category":"Platform","specs":[{"label":"OS","value":"Android 4.1 (Jelly Bean)"},{"label":"Chipset","value":"VIA WM8950"},{"label":"CPU","value":"1.0 GHz"},{"label":"GPU","value":"Mali-400"}]},{"category":"Memory","specs":[{"label":"Card slot","value":"microSDHC (dedicated slot)"},{"label":"Internal","value":"8GB 1GB RAM, 16GB 1GB RAM"}]},{"category":"Main Camera","specs":[{"label":"Single","value":"1 MP"},{"label":"Video","value":"720p"}]},{"category":"Sound","specs":[{"label":"Loudspeaker","value":"Yes"},{"label":"3.5mm jack","value":"Yes"}]},{"category":"Comms","specs":[{"label":"WLAN","value":"Wi-Fi 802.11 b/g/n"},{"label":"Bluetooth","value":"No"},{"label":"Positioning","value":"No"},{"label":"NFC","value":"No"},{"label":"USB","value":"microUSB 2.0"},{"label":"Radio","value":"No"}]},{"category":"Features","specs":[{"label":"Sensors","value":"Accelerometer"}]},{"category":"Battery","specs":[{"label":"Type","value":"Li-Po 4270 mAh, non-removable (16 Wh)"},{"label":"Talk time","value":"Up to 7 h (multimedia)"}]},{"category":"Misc","specs":[{"label":"Colors","value":"Sugar White, Titanium Gray, Cherry Pink"},{"label":"Price","value":"About 110 EUR"}]}]');
INSERT OR IGNORE INTO device_pictures (device_id, url, position) VALUES (311, 'https://fdn2.gsmarena.com/vv/bigpic/asus-memo-pad-me172v.jpg', 0);
INSERT OR IGNORE INTO device_pictures (device_id, url, position) VALUES (311, 'https://fdn2.gsmarena.com/vv/pics/asus/asus-memo-pad-me172v.jpg', 1);
INSERT OR IGNORE INTO devices (id, brand_id, name, gsmarena_url, thumbnail_url, summary) VALUES (312, 2, 'Google Nexus 7 Cellular', 'https://www.gsmarena.com/asus_google_nexus_7_cellular-5091.php', 'https://fdn2.gsmarena.com/vv/bigpic/asus-google-nexus-7-new.jpg', 'Google Nexus 7 Cellular');
INSERT OR IGNORE INTO device_specs (device_id, announced, status, network, os, chipset, cpu, gpu, display_size, display_type, display_res, ram, storage, main_camera, selfie_camera, battery, charging, nfc, usb, bluetooth, wlan, colors, weight, dimensions, sim, sensors, popularity, fans, rating, full_specs_json) VALUES (312, '2012, October. Released 2012, November', 'Discontinued', 'GSM / HSPA', 'Android 4.1 (Jelly Bean), upgradable to 5.1.1 (Lollipop)', 'Nvidia Tegra 3', 'Quad-core 1.2 GHz Cortex-A9', 'ULP GeForce', '7.0 inches, 142.1 cm 2 (~59.6% screen-to-body ratio)', 'LED-backlit IPS LCD', '800 x 1280 pixels, 16:10 ratio (~216 ppi density)', '1GB', '16GB', '1.2 MP', NULL, 'Li-Ion 4325 mAh, non-removable (16 Wh)', NULL, 'Yes', 'microUSB 2.0', '3.0', 'Wi-Fi 802.11 b/g/n, hotspot', 'Black', '347 g (12.24 oz)', '198.5 x 120 x 10.5 mm (7.81 x 4.72 x 0.41 in)', 'Micro-SIM', 'Accelerometer, gyro, proximity, compass', 'About 230 EUR', NULL, NULL, '[{"category":"Network","specs":[{"label":"Technology","value":"GSM / HSPA"},{"label":"2G bands","value":"GSM 850 / 900 / 1800 / 1900"},{"label":"3G bands","value":"HSDPA 850 / 900 / 1700 / 1900 / 2100"},{"label":"Speed","value":"HSPA 21.1/5.76 Mbps"}]},{"category":"Launch","specs":[{"label":"Announced","value":"2012, October. Released 2012, November"},{"label":"Status","value":"Discontinued"}]},{"category":"Body","specs":[{"label":"Dimensions","value":"198.5 x 120 x 10.5 mm (7.81 x 4.72 x 0.41 in)"},{"label":"Weight","value":"347 g (12.24 oz)"},{"label":"SIM","value":"Micro-SIM"}]},{"category":"Display","specs":[{"label":"Type","value":"LED-backlit IPS LCD"},{"label":"Size","value":"7.0 inches, 142.1 cm 2 (~59.6% screen-to-body ratio)"},{"label":"Resolution","value":"800 x 1280 pixels, 16:10 ratio (~216 ppi density)"},{"label":"Protection","value":"Corning Gorilla Glass"}]},{"category":"Platform","specs":[{"label":"OS","value":"Android 4.1 (Jelly Bean), upgradable to 5.1.1 (Lollipop)"},{"label":"Chipset","value":"Nvidia Tegra 3"},{"label":"CPU","value":"Quad-core 1.2 GHz Cortex-A9"},{"label":"GPU","value":"ULP GeForce"}]},{"category":"Memory","specs":[{"label":"Card slot","value":"No"},{"label":"Internal","value":"16GB 1GB RAM, 32GB 1GB RAM"}]},{"category":"Main Camera","specs":[{"label":"Single","value":"1.2 MP"},{"label":"Video","value":"720p"}]},{"category":"Sound","specs":[{"label":"Loudspeaker","value":"Yes, with stereo speakers"},{"label":"3.5mm jack","value":"Yes"}]},{"category":"Comms","specs":[{"label":"WLAN","value":"Wi-Fi 802.11 b/g/n, hotspot"},{"label":"Bluetooth","value":"3.0"},{"label":"Positioning","value":"GPS"},{"label":"NFC","value":"Yes"},{"label":"USB","value":"microUSB 2.0"},{"label":"Radio","value":"No"}]},{"category":"Features","specs":[{"label":"Sensors","value":"Accelerometer, gyro, proximity, compass"}]},{"category":"Battery","specs":[{"label":"Type","value":"Li-Ion 4325 mAh, non-removable (16 Wh)"},{"label":"Stand-by","value":"Up to 300 h"},{"label":"Talk time","value":"Up to 9 h (multimedia)"}]},{"category":"Misc","specs":[{"label":"Colors","value":"Black"},{"label":"Price","value":"About 230 EUR"}]}]');
INSERT OR IGNORE INTO device_pictures (device_id, url, position) VALUES (312, 'https://fdn2.gsmarena.com/vv/bigpic/asus-google-nexus-7-new.jpg', 0);
INSERT OR IGNORE INTO device_pictures (device_id, url, position) VALUES (312, 'https://fdn2.gsmarena.com/vv/pics/asus/asus-google-nexus-7-new.jpg', 1);
INSERT OR IGNORE INTO device_pictures (device_id, url, position) VALUES (312, 'https://fdn2.gsmarena.com/vv/pics/asus/asus-google-nexus-7-new1.jpg', 2);
INSERT OR IGNORE INTO device_pictures (device_id, url, position) VALUES (312, 'https://fdn.gsmarena.com/vv/reviewsimg/asus-google-nexus-7/phone/gsmarena_001.jpg', 3);
INSERT OR IGNORE INTO device_pictures (device_id, url, position) VALUES (312, 'https://fdn.gsmarena.com/vv/reviewsimg/asus-google-nexus-7/phone/gsmarena_002.jpg', 4);
INSERT OR IGNORE INTO device_pictures (device_id, url, position) VALUES (312, 'https://fdn.gsmarena.com/vv/reviewsimg/asus-google-nexus-7/phone/gsmarena_003.jpg', 5);
INSERT OR IGNORE INTO device_pictures (device_id, url, position) VALUES (312, 'https://fdn.gsmarena.com/vv/reviewsimg/asus-google-nexus-7/phone/gsmarena_004.jpg', 6);
INSERT OR IGNORE INTO device_pictures (device_id, url, position) VALUES (312, 'https://fdn.gsmarena.com/vv/reviewsimg/asus-google-nexus-7/phone/gsmarena_005.jpg', 7);
INSERT OR IGNORE INTO device_pictures (device_id, url, position) VALUES (312, 'https://fdn.gsmarena.com/vv/reviewsimg/asus-google-nexus-7/phone/gsmarena_006.jpg', 8);
INSERT OR IGNORE INTO device_pictures (device_id, url, position) VALUES (312, 'https://fdn.gsmarena.com/vv/reviewsimg/asus-google-nexus-7/phone/gsmarena_007.jpg', 9);
INSERT OR IGNORE INTO devices (id, brand_id, name, gsmarena_url, thumbnail_url, summary) VALUES (313, 2, 'VivoTab RT TF600T', 'https://www.gsmarena.com/asus_vivotab_rt_tf600t-5083.php', 'https://fdn2.gsmarena.com/vv/bigpic/asus-vivotab-rt.jpg', 'VivoTab RT TF600T');
INSERT OR IGNORE INTO device_specs (device_id, announced, status, network, os, chipset, cpu, gpu, display_size, display_type, display_res, ram, storage, main_camera, selfie_camera, battery, charging, nfc, usb, bluetooth, wlan, colors, weight, dimensions, sim, sensors, popularity, fans, rating, full_specs_json) VALUES (313, '2012, October. Released 2012, November', 'Discontinued', 'No cellular connectivity', 'Microsoft Windows RT', 'Nvidia Tegra 3 T30', 'Quad-core 1.3 GHz Cortex-A9', 'ULP GeForce', '10.1 inches, 281.1 cm 2 (~62.7% screen-to-body ratio)', 'Super IPS+ LCD', '1366 x 768 pixels, 16:9 ratio (~155 ppi density)', '2GB', '32GB', '8 MP, AF, LED flash', '2 MP', 'Li-Po (25 Wh)', NULL, 'Yes', '2.0, OTG', '4.0, A2DP', 'Wi-Fi 802.11 b/g/n', 'Gray', '525 g (1.16 lb)', '262.5 x 170.9 x 8.3 mm (10.33 x 6.73 x 0.33 in)', 'No', 'Accelerometer, gyro, compass', 'About 420 EUR', NULL, NULL, '[{"category":"Network","specs":[{"label":"Technology","value":"No cellular connectivity"},{"label":"2G bands","value":"N/A"},{"label":"GPRS","value":"No"},{"label":"EDGE","value":"No"}]},{"category":"Launch","specs":[{"label":"Announced","value":"2012, October. Released 2012, November"},{"label":"Status","value":"Discontinued"}]},{"category":"Body","specs":[{"label":"Dimensions","value":"262.5 x 170.9 x 8.3 mm (10.33 x 6.73 x 0.33 in)"},{"label":"Weight","value":"525 g (1.16 lb)"},{"label":"SIM","value":"No"}]},{"category":"Display","specs":[{"label":"Type","value":"Super IPS+ LCD"},{"label":"Size","value":"10.1 inches, 281.1 cm 2 (~62.7% screen-to-body ratio)"},{"label":"Resolution","value":"1366 x 768 pixels, 16:9 ratio (~155 ppi density)"},{"label":"Protection","value":"Corning Gorilla Glass"}]},{"category":"Platform","specs":[{"label":"OS","value":"Microsoft Windows RT"},{"label":"Chipset","value":"Nvidia Tegra 3 T30"},{"label":"CPU","value":"Quad-core 1.3 GHz Cortex-A9"},{"label":"GPU","value":"ULP GeForce"}]},{"category":"Memory","specs":[{"label":"Card slot","value":"microSDXC (dedicated slot)"},{"label":"Internal","value":"32GB 2GB RAM, 64GB 2GB RAM"}]},{"category":"Main Camera","specs":[{"label":"Single","value":"8 MP, AF"},{"label":"Features","value":"LED flash"},{"label":"Video","value":"1080p@30fps"}]},{"category":"Selfie camera","specs":[{"label":"Single","value":"2 MP"}]},{"category":"Sound","specs":[{"label":"Loudspeaker","value":"Yes, with quad speakers"},{"label":"3.5mm jack","value":"Yes"}]},{"category":"Comms","specs":[{"label":"WLAN","value":"Wi-Fi 802.11 b/g/n"},{"label":"Bluetooth","value":"4.0, A2DP"},{"label":"Positioning","value":"No"},{"label":"NFC","value":"Yes"},{"label":"USB","value":"2.0, OTG"},{"label":"Radio","value":"No"}]},{"category":"Features","specs":[{"label":"Sensors","value":"Accelerometer, gyro, compass"}]},{"category":"Battery","specs":[{"label":"Type","value":"Li-Po (25 Wh)"},{"label":"Talk time","value":"Up to 9 h"}]},{"category":"Misc","specs":[{"label":"Colors","value":"Gray"},{"label":"Price","value":"About 420 EUR"}]}]');
INSERT OR IGNORE INTO device_pictures (device_id, url, position) VALUES (313, 'https://fdn2.gsmarena.com/vv/bigpic/asus-vivotab-rt.jpg', 0);
INSERT OR IGNORE INTO device_pictures (device_id, url, position) VALUES (313, 'https://fdn2.gsmarena.com/vv/pics/asus/asus-vivotab-rt.jpg', 1);
INSERT OR IGNORE INTO devices (id, brand_id, name, gsmarena_url, thumbnail_url, summary) VALUES (314, 2, 'PadFone 2', 'https://www.gsmarena.com/asus_padfone_2-5017.php', 'https://fdn2.gsmarena.com/vv/bigpic/asus-padfone-2-a68-new.jpg', 'PadFone 2');
INSERT OR IGNORE INTO device_specs (device_id, announced, status, network, os, chipset, cpu, gpu, display_size, display_type, display_res, ram, storage, main_camera, selfie_camera, battery, charging, nfc, usb, bluetooth, wlan, colors, weight, dimensions, sim, sensors, popularity, fans, rating, full_specs_json) VALUES (314, '2012, October. Released 2012, December', 'Discontinued', 'GSM / HSPA / LTE / 4G/LTE', 'Android 4.0 (Ice Cream Sandwich), upgradable to 4.4.2 (KitKat)', 'Qualcomm APQ8064 Snapdragon S4 Pro', 'Quad-core 1.5 GHz Krait', 'Adreno 320', '4.7 inches, 60.9 cm 2 (~64.1% screen-to-body ratio)', 'Super IPS+ LCD', '720 x 1280 pixels, 16:9 ratio (~312 ppi density)', '2GB', '16GB', '13 MP, AF, LED flash', '1.2 MP, 720p', 'Li-Ion 2140 mAh, non-removable', NULL, 'Yes', 'microUSB 2.0 (MHL TV-out), OTG', '4.0, A2DP', 'Wi-Fi 802.11 a/b/g/n, dual-band, Wi-Fi Direct, hotspot', 'Black, White', '135 g (4.76 oz)', '137.9 x 68.9 x 9 mm (5.43 x 2.71 x 0.35 in)', 'Micro-SIM', 'Accelerometer, gyro, proximity, compass', 'About 450 EUR', NULL, NULL, '[{"category":"Network","specs":[{"label":"Technology","value":"GSM / HSPA / LTE"},{"label":"2G bands","value":"GSM 850 / 900 / 1800 / 1900"},{"label":"3G bands","value":"HSDPA 850 / 900 / 1700 / 1900 / 2100"},{"label":"4G bands","value":"3, 7, 20"},{"label":"Speed","value":"HSPA 42.2/5.76 Mbps, LTE Cat3 100/50 Mbps"}]},{"category":"Launch","specs":[{"label":"Announced","value":"2012, October. Released 2012, December"},{"label":"Status","value":"Discontinued"}]},{"category":"Body","specs":[{"label":"Dimensions","value":"137.9 x 68.9 x 9 mm (5.43 x 2.71 x 0.35 in)"},{"label":"Weight","value":"135 g (4.76 oz)"},{"label":"SIM","value":"Micro-SIM"}]},{"category":"Display","specs":[{"label":"Type","value":"Super IPS+ LCD"},{"label":"Size","value":"4.7 inches, 60.9 cm 2 (~64.1% screen-to-body ratio)"},{"label":"Resolution","value":"720 x 1280 pixels, 16:9 ratio (~312 ppi density)"},{"label":"Protection","value":"Corning Gorilla Glass"}]},{"category":"Platform","specs":[{"label":"OS","value":"Android 4.0 (Ice Cream Sandwich), upgradable to 4.4.2 (KitKat)"},{"label":"Chipset","value":"Qualcomm APQ8064 Snapdragon S4 Pro"},{"label":"CPU","value":"Quad-core 1.5 GHz Krait"},{"label":"GPU","value":"Adreno 320"}]},{"category":"Memory","specs":[{"label":"Card slot","value":"No"},{"label":"Internal","value":"16GB 2GB RAM, 32GB 2GB RAM, 64GB 2GB RAM"}]},{"category":"Main Camera","specs":[{"label":"Single","value":"13 MP, AF"},{"label":"Features","value":"LED flash"},{"label":"Video","value":"1080p@30fps, 720p@60fps"}]},{"category":"Selfie camera","specs":[{"label":"Single","value":"1.2 MP"},{"label":"Video","value":"720p"}]},{"category":"Sound","specs":[{"label":"Loudspeaker","value":"Yes"},{"label":"3.5mm jack","value":"Yes"}]},{"category":"Comms","specs":[{"label":"WLAN","value":"Wi-Fi 802.11 a/b/g/n, dual-band, Wi-Fi Direct, hotspot"},{"label":"Bluetooth","value":"4.0, A2DP"},{"label":"Positioning","value":"GPS"},{"label":"NFC","value":"Yes"},{"label":"USB","value":"microUSB 2.0 (MHL TV-out), OTG"},{"label":"Radio","value":"FM radio"}]},{"category":"Features","specs":[{"label":"Sensors","value":"Accelerometer, gyro, proximity, compass"}]},{"category":"Battery","specs":[{"label":"Type","value":"Li-Ion 2140 mAh, non-removable"},{"label":"Stand-by","value":"Up to 352 h"},{"label":"Talk time","value":"Up to 16 h"}]},{"category":"Misc","specs":[{"label":"Colors","value":"Black, White"},{"label":"Price","value":"About 450 EUR"}]}]');
INSERT OR IGNORE INTO device_pictures (device_id, url, position) VALUES (314, 'https://fdn2.gsmarena.com/vv/bigpic/asus-padfone-2-a68-new.jpg', 0);
INSERT OR IGNORE INTO device_pictures (device_id, url, position) VALUES (314, 'https://fdn2.gsmarena.com/vv/pics/asus/asus-padfone-2-a68.jpg', 1);
INSERT OR IGNORE INTO device_pictures (device_id, url, position) VALUES (314, 'https://fdn2.gsmarena.com/vv/pics/asus/asus-padfone-2-a68-2.jpg', 2);
INSERT OR IGNORE INTO device_pictures (device_id, url, position) VALUES (314, 'https://fdn2.gsmarena.com/vv/pics/asus/asus-padfone-2-a68-3.jpg', 3);
INSERT OR IGNORE INTO device_pictures (device_id, url, position) VALUES (314, 'https://fdn.gsmarena.com/vv/reviewsimg/asus-padfone-2/gal/gsmarena_001.jpg', 4);
INSERT OR IGNORE INTO device_pictures (device_id, url, position) VALUES (314, 'https://fdn.gsmarena.com/vv/reviewsimg/asus-padfone-2/gal/gsmarena_002.jpg', 5);
INSERT OR IGNORE INTO device_pictures (device_id, url, position) VALUES (314, 'https://fdn.gsmarena.com/vv/reviewsimg/asus-padfone-2/gal/gsmarena_003.jpg', 6);
INSERT OR IGNORE INTO device_pictures (device_id, url, position) VALUES (314, 'https://fdn.gsmarena.com/vv/reviewsimg/asus-padfone-2/gal/gsmarena_004.jpg', 7);
INSERT OR IGNORE INTO device_pictures (device_id, url, position) VALUES (314, 'https://fdn.gsmarena.com/vv/reviewsimg/asus-padfone-2/gal/gsmarena_005.jpg', 8);
INSERT OR IGNORE INTO device_pictures (device_id, url, position) VALUES (314, 'https://fdn.gsmarena.com/vv/reviewsimg/asus-padfone-2/gal/gsmarena_006.jpg', 9);
INSERT OR IGNORE INTO devices (id, brand_id, name, gsmarena_url, thumbnail_url, summary) VALUES (315, 2, 'Google Nexus 7', 'https://www.gsmarena.com/asus_google_nexus_7-4850.php', 'https://fdn2.gsmarena.com/vv/bigpic/asus-google-nexus-7-new.jpg', 'Google Nexus 7');
INSERT OR IGNORE INTO device_specs (device_id, announced, status, network, os, chipset, cpu, gpu, display_size, display_type, display_res, ram, storage, main_camera, selfie_camera, battery, charging, nfc, usb, bluetooth, wlan, colors, weight, dimensions, sim, sensors, popularity, fans, rating, full_specs_json) VALUES (315, '2012, June. Released 2012, July', 'Discontinued', 'No cellular connectivity', 'Android 4.1.2 (Jelly Bean), upgradable to 5.1.1 (Lollipop)', 'Nvidia Tegra 3', 'Quad-core 1.2 GHz Cortex-A9', 'ULP GeForce', '7.0 inches, 142.1 cm 2 (~59.6% screen-to-body ratio)', 'LED-backlit IPS LCD', '800 x 1280 pixels, 16:10 ratio (~216 ppi density)', '1GB', '8GB', '1.2 MP', NULL, 'Non-removable Li-Ion 4325 mAh battery (16 Wh)', NULL, 'Yes', 'microUSB 2.0', '3.0', 'Wi-Fi 802.11 b/g/n', 'Black', '340 g (11.99 oz)', '198.5 x 120 x 10.5 mm (7.81 x 4.72 x 0.41 in)', 'No', 'Accelerometer, gyro, proximity, compass', 'About 150 EUR', NULL, NULL, '[{"category":"Network","specs":[{"label":"Technology","value":"No cellular connectivity"},{"label":"2G bands","value":"N/A"},{"label":"GPRS","value":"No"},{"label":"EDGE","value":"No"}]},{"category":"Launch","specs":[{"label":"Announced","value":"2012, June. Released 2012, July"},{"label":"Status","value":"Discontinued"}]},{"category":"Body","specs":[{"label":"Dimensions","value":"198.5 x 120 x 10.5 mm (7.81 x 4.72 x 0.41 in)"},{"label":"Weight","value":"340 g (11.99 oz)"},{"label":"SIM","value":"No"}]},{"category":"Display","specs":[{"label":"Type","value":"LED-backlit IPS LCD"},{"label":"Size","value":"7.0 inches, 142.1 cm 2 (~59.6% screen-to-body ratio)"},{"label":"Resolution","value":"800 x 1280 pixels, 16:10 ratio (~216 ppi density)"},{"label":"Protection","value":"Corning Gorilla Glass"}]},{"category":"Platform","specs":[{"label":"OS","value":"Android 4.1.2 (Jelly Bean), upgradable to 5.1.1 (Lollipop)"},{"label":"Chipset","value":"Nvidia Tegra 3"},{"label":"CPU","value":"Quad-core 1.2 GHz Cortex-A9"},{"label":"GPU","value":"ULP GeForce"}]},{"category":"Memory","specs":[{"label":"Card slot","value":"No"},{"label":"Internal","value":"8GB 1GB RAM, 16GB 1GB RAM, 32GB 1GB RAM"}]},{"category":"Main Camera","specs":[{"label":"Single","value":"1.2 MP"},{"label":"Video","value":"720p"}]},{"category":"Sound","specs":[{"label":"Loudspeaker","value":"Yes, with stereo speakers"},{"label":"3.5mm jack","value":"Yes"}]},{"category":"Comms","specs":[{"label":"WLAN","value":"Wi-Fi 802.11 b/g/n"},{"label":"Bluetooth","value":"3.0"},{"label":"Positioning","value":"GPS"},{"label":"NFC","value":"Yes"},{"label":"USB","value":"microUSB 2.0"},{"label":"Radio","value":"No"}]},{"category":"Features","specs":[{"label":"Sensors","value":"Accelerometer, gyro, proximity, compass"}]},{"category":"Battery","specs":[{"label":"Type","value":"Non-removable Li-Ion 4325 mAh battery (16 Wh)"},{"label":"Talk time","value":"Up to 10 h (multimedia)"}]},{"category":"Misc","specs":[{"label":"Colors","value":"Black"},{"label":"Price","value":"About 150 EUR"},{"label":"SAR EU","value":"1.39 W/kg (body)"}]}]');
INSERT OR IGNORE INTO device_pictures (device_id, url, position) VALUES (315, 'https://fdn2.gsmarena.com/vv/bigpic/asus-google-nexus-7-new.jpg', 0);
INSERT OR IGNORE INTO device_pictures (device_id, url, position) VALUES (315, 'https://fdn2.gsmarena.com/vv/pics/asus/asus-google-nexus-7-new.jpg', 1);
INSERT OR IGNORE INTO device_pictures (device_id, url, position) VALUES (315, 'https://fdn2.gsmarena.com/vv/pics/asus/asus-google-nexus-7-new1.jpg', 2);
INSERT OR IGNORE INTO device_pictures (device_id, url, position) VALUES (315, 'https://fdn.gsmarena.com/vv/reviewsimg/asus-google-nexus-7/phone/gsmarena_001.jpg', 3);
INSERT OR IGNORE INTO device_pictures (device_id, url, position) VALUES (315, 'https://fdn.gsmarena.com/vv/reviewsimg/asus-google-nexus-7/phone/gsmarena_002.jpg', 4);
INSERT OR IGNORE INTO device_pictures (device_id, url, position) VALUES (315, 'https://fdn.gsmarena.com/vv/reviewsimg/asus-google-nexus-7/phone/gsmarena_003.jpg', 5);
INSERT OR IGNORE INTO device_pictures (device_id, url, position) VALUES (315, 'https://fdn.gsmarena.com/vv/reviewsimg/asus-google-nexus-7/phone/gsmarena_004.jpg', 6);
INSERT OR IGNORE INTO device_pictures (device_id, url, position) VALUES (315, 'https://fdn.gsmarena.com/vv/reviewsimg/asus-google-nexus-7/phone/gsmarena_005.jpg', 7);
INSERT OR IGNORE INTO device_pictures (device_id, url, position) VALUES (315, 'https://fdn.gsmarena.com/vv/reviewsimg/asus-google-nexus-7/phone/gsmarena_006.jpg', 8);
INSERT OR IGNORE INTO device_pictures (device_id, url, position) VALUES (315, 'https://fdn.gsmarena.com/vv/reviewsimg/asus-google-nexus-7/phone/gsmarena_007.jpg', 9);
INSERT OR IGNORE INTO devices (id, brand_id, name, gsmarena_url, thumbnail_url, summary) VALUES (316, 2, 'Transformer Pad Infinity 700 LTE', 'https://www.gsmarena.com/asus_transformer_pad_infinity_700_lte-4605.php', 'https://fdn2.gsmarena.com/vv/bigpic/asus-transformer-infinity.jpg', 'Transformer Pad Infinity 700 LTE');
INSERT OR IGNORE INTO device_specs (device_id, announced, status, network, os, chipset, cpu, gpu, display_size, display_type, display_res, ram, storage, main_camera, selfie_camera, battery, charging, nfc, usb, bluetooth, wlan, colors, weight, dimensions, sim, sensors, popularity, fans, rating, full_specs_json) VALUES (316, '2012, February. Released 2012, Q4', 'Discontinued', 'GSM / HSPA / LTE / 4G/LTE', 'Android 4.0 (Ice Cream Sandwich), upgradable to 4.2.1 (Jelly Bean)', 'Qualcomm MSM8960 Snapdragon S4 Plus', 'Dual-core 1.5 GHz Krait', 'Adreno 225', '10.1 inches, 295.8 cm 2 (~62.2% screen-to-body ratio)', 'Super IPS+ LCD,', '1920 x 1200 pixels, 16:10 ratio (~224 ppi density)', '1GB', '32GB', '8 MP, AF, LED flash', '2 MP', 'Non-removable Li-Po battery (25 Wh)', NULL, NULL, '2.0', '3.0, A2DP, EDR', 'Wi-Fi 802.11 b/g/n, Wi-Fi Direct, hotspot', 'Amethyst Gray, Champagne Gold', '625 g (1.38 lb)', '262.9 x 180.8 x 8.4 mm (10.35 x 7.12 x 0.33 in)', 'Mini-SIM', 'Accelerometer, gyro, compass', 'About 430 EUR', NULL, NULL, '[{"category":"Network","specs":[{"label":"Technology","value":"GSM / HSPA / LTE"},{"label":"2G bands","value":"GSM 850 / 900 / 1800 / 1900"},{"label":"3G bands","value":"HSDPA 900 / 2100"},{"label":"4G bands","value":"LTE"},{"label":"Speed","value":"HSPA 21.1/5.76 Mbps, LTE Cat3 100/50 Mbps"}]},{"category":"Launch","specs":[{"label":"Announced","value":"2012, February. Released 2012, Q4"},{"label":"Status","value":"Discontinued"}]},{"category":"Body","specs":[{"label":"Dimensions","value":"262.9 x 180.8 x 8.4 mm (10.35 x 7.12 x 0.33 in)"},{"label":"Weight","value":"625 g (1.38 lb)"},{"label":"SIM","value":"Mini-SIM"}]},{"category":"Display","specs":[{"label":"Type","value":"Super IPS+ LCD,"},{"label":"Size","value":"10.1 inches, 295.8 cm 2 (~62.2% screen-to-body ratio)"},{"label":"Resolution","value":"1920 x 1200 pixels, 16:10 ratio (~224 ppi density)"},{"label":"Protection","value":"Corning Gorilla Glass 2"}]},{"category":"Platform","specs":[{"label":"OS","value":"Android 4.0 (Ice Cream Sandwich), upgradable to 4.2.1 (Jelly Bean)"},{"label":"Chipset","value":"Qualcomm MSM8960 Snapdragon S4 Plus"},{"label":"CPU","value":"Dual-core 1.5 GHz Krait"},{"label":"GPU","value":"Adreno 225"}]},{"category":"Memory","specs":[{"label":"Card slot","value":"microSDHC (dedicated slot)"},{"label":"Internal","value":"32GB 1GB RAM, 64GB 1GB RAM"}]},{"category":"Main Camera","specs":[{"label":"Single","value":"8 MP, AF"},{"label":"Features","value":"LED flash"},{"label":"Video","value":"1080p@30fps"}]},{"category":"Selfie camera","specs":[{"label":"Single","value":"2 MP"}]},{"category":"Sound","specs":[{"label":"Loudspeaker","value":"Yes, with stereo speakers"},{"label":"3.5mm jack","value":"Yes"}]},{"category":"Comms","specs":[{"label":"WLAN","value":"Wi-Fi 802.11 b/g/n, Wi-Fi Direct, hotspot"},{"label":"Bluetooth","value":"3.0, A2DP, EDR"},{"label":"Positioning","value":"GPS, A-GPS"},{"label":"USB","value":"2.0"},{"label":"Radio","value":"No"}]},{"category":"Features","specs":[{"label":"Sensors","value":"Accelerometer, gyro, compass"}]},{"category":"Battery","specs":[{"label":"Type","value":"Non-removable Li-Po battery (25 Wh)"},{"label":"Talk time","value":"Up to 10 h (multimedia)"}]},{"category":"Misc","specs":[{"label":"Colors","value":"Amethyst Gray, Champagne Gold"},{"label":"Price","value":"About 430 EUR"}]}]');
INSERT OR IGNORE INTO device_pictures (device_id, url, position) VALUES (316, 'https://fdn2.gsmarena.com/vv/bigpic/asus-transformer-infinity.jpg', 0);
INSERT OR IGNORE INTO device_pictures (device_id, url, position) VALUES (316, 'https://fdn2.gsmarena.com/vv/pics/asus/asus-transformer-pad-infinity-tf700t.jpg', 1);
INSERT OR IGNORE INTO devices (id, brand_id, name, gsmarena_url, thumbnail_url, summary) VALUES (317, 2, 'Transformer Pad Infinity 700 3G', 'https://www.gsmarena.com/asus_transformer_pad_infinity_700_3g-4604.php', 'https://fdn2.gsmarena.com/vv/bigpic/asus-transformer-infinity.jpg', 'Transformer Pad Infinity 700 3G');
INSERT OR IGNORE INTO device_specs (device_id, announced, status, network, os, chipset, cpu, gpu, display_size, display_type, display_res, ram, storage, main_camera, selfie_camera, battery, charging, nfc, usb, bluetooth, wlan, colors, weight, dimensions, sim, sensors, popularity, fans, rating, full_specs_json) VALUES (317, '2012, February. Released 2012, Q3', 'Discontinued', 'GSM / HSPA', 'Android 4.0 (Ice Cream Sandwich)', 'Qualcomm MSM8260A Snapdragon S4 Plus', 'Dual-core 1.5 GHz Krait', 'Adreno 225', '10.1 inches, 295.8 cm 2 (~62.2% screen-to-body ratio)', 'Super IPS+ LCD,', '1920 x 1200 pixels, 16:10 ratio (~224 ppi density)', '1GB', '32GB', '8 MP, AF, LED flash', '2 MP', 'Non-removable Li-Po battery (25 Wh)', NULL, NULL, '2.0', '3.0, A2DP', 'Wi-Fi 802.11 b/g/n, Wi-Fi Direct, hotspot', 'Amethyst Gray, Champagne Gold', '598 g (1.32 lb)', '263 x 180.8 x 8.5 mm (10.35 x 7.12 x 0.33 in)', 'Mini-SIM', 'Accelerometer, gyro, compass', 'About 430 EUR', NULL, NULL, '[{"category":"Network","specs":[{"label":"Technology","value":"GSM / HSPA"},{"label":"2G bands","value":"GSM 850 / 900 / 1800 / 1900"},{"label":"3G bands","value":"HSDPA"},{"label":"Speed","value":"HSPA 21.1/5.76 Mbps"},{"label":"GPRS","value":"Yes"},{"label":"EDGE","value":"Yes"}]},{"category":"Launch","specs":[{"label":"Announced","value":"2012, February. Released 2012, Q3"},{"label":"Status","value":"Discontinued"}]},{"category":"Body","specs":[{"label":"Dimensions","value":"263 x 180.8 x 8.5 mm (10.35 x 7.12 x 0.33 in)"},{"label":"Weight","value":"598 g (1.32 lb)"},{"label":"SIM","value":"Mini-SIM"}]},{"category":"Display","specs":[{"label":"Type","value":"Super IPS+ LCD,"},{"label":"Size","value":"10.1 inches, 295.8 cm 2 (~62.2% screen-to-body ratio)"},{"label":"Resolution","value":"1920 x 1200 pixels, 16:10 ratio (~224 ppi density)"},{"label":"Protection","value":"Corning Gorilla Glass 2"}]},{"category":"Platform","specs":[{"label":"OS","value":"Android 4.0 (Ice Cream Sandwich)"},{"label":"Chipset","value":"Qualcomm MSM8260A Snapdragon S4 Plus"},{"label":"CPU","value":"Dual-core 1.5 GHz Krait"},{"label":"GPU","value":"Adreno 225"}]},{"category":"Memory","specs":[{"label":"Card slot","value":"microSDHC (dedicated slot)"},{"label":"Internal","value":"32GB 1GB RAM, 64GB 1GB RAM"}]},{"category":"Main Camera","specs":[{"label":"Single","value":"8 MP, AF"},{"label":"Features","value":"LED flash"},{"label":"Video","value":"1080p@30fps"}]},{"category":"Selfie camera","specs":[{"label":"Single","value":"2 MP"}]},{"category":"Sound","specs":[{"label":"Loudspeaker","value":"Yes"},{"label":"3.5mm jack","value":"Yes"}]},{"category":"Comms","specs":[{"label":"WLAN","value":"Wi-Fi 802.11 b/g/n, Wi-Fi Direct, hotspot"},{"label":"Bluetooth","value":"3.0, A2DP"},{"label":"Positioning","value":"GPS, A-GPS"},{"label":"USB","value":"2.0"},{"label":"Radio","value":"No"}]},{"category":"Features","specs":[{"label":"Sensors","value":"Accelerometer, gyro, compass"}]},{"category":"Battery","specs":[{"label":"Type","value":"Non-removable Li-Po battery (25 Wh)"},{"label":"Talk time","value":"Up to 10 h (multimedia)"}]},{"category":"Misc","specs":[{"label":"Colors","value":"Amethyst Gray, Champagne Gold"},{"label":"Price","value":"About 430 EUR"}]}]');
INSERT OR IGNORE INTO device_pictures (device_id, url, position) VALUES (317, 'https://fdn2.gsmarena.com/vv/bigpic/asus-transformer-infinity.jpg', 0);
INSERT OR IGNORE INTO device_pictures (device_id, url, position) VALUES (317, 'https://fdn2.gsmarena.com/vv/pics/asus/asus-transformer-pad-infinity-tf700t.jpg', 1);
INSERT OR IGNORE INTO devices (id, brand_id, name, gsmarena_url, thumbnail_url, summary) VALUES (318, 2, 'Transformer Pad TF300TG', 'https://www.gsmarena.com/asus_transformer_pad_tf300tg-5337.php', 'https://fdn2.gsmarena.com/vv/bigpic/asus-transformer-pad-300.jpg', 'Transformer Pad TF300TG');
INSERT OR IGNORE INTO device_specs (device_id, announced, status, network, os, chipset, cpu, gpu, display_size, display_type, display_res, ram, storage, main_camera, selfie_camera, battery, charging, nfc, usb, bluetooth, wlan, colors, weight, dimensions, sim, sensors, popularity, fans, rating, full_specs_json) VALUES (318, '2012. Released 2012', 'Discontinued', 'GSM / HSPA', 'Android 4.0 (Ice Cream Sandwich), Waveshare UI', 'Nvidia Tegra 3 T30L', 'Quad-core 1.2 GHz Cortex-A9', 'ULP GeForce', '10.1 inches, 295.8 cm 2 (~62.2% screen-to-body ratio)', 'LED-backlit IPS LCD', '1280 x 800 pixels, 16:10 ratio (~149 ppi density)', '1GB', '16GB', '8 MP, AF', '1.2 MP', 'Li-Po (22 Wh)', NULL, 'No', '2.0', '3.0, EDR', 'Wi-Fi 802.11 b/g/n', 'Royal Blue, Iceberg White, Torch Red', '635 g (1.40 lb)', '263 x 180.8 x 9.9 mm (10.35 x 7.12 x 0.39 in)', 'Yes', 'Accelerometer, gyro, compass', NULL, NULL, NULL, '[{"category":"Network","specs":[{"label":"Technology","value":"GSM / HSPA"},{"label":"2G bands","value":"GSM 850 / 900 / 1800 / 1900"},{"label":"3G bands","value":"HSDPA 850 / 900 / 2100"},{"label":"Speed","value":"HSPA 21.1/5.76 Mbps"}]},{"category":"Launch","specs":[{"label":"Announced","value":"2012. Released 2012"},{"label":"Status","value":"Discontinued"}]},{"category":"Body","specs":[{"label":"Dimensions","value":"263 x 180.8 x 9.9 mm (10.35 x 7.12 x 0.39 in)"},{"label":"Weight","value":"635 g (1.40 lb)"},{"label":"SIM","value":"Yes"}]},{"category":"Display","specs":[{"label":"Type","value":"LED-backlit IPS LCD"},{"label":"Size","value":"10.1 inches, 295.8 cm 2 (~62.2% screen-to-body ratio)"},{"label":"Resolution","value":"1280 x 800 pixels, 16:10 ratio (~149 ppi density)"}]},{"category":"Platform","specs":[{"label":"OS","value":"Android 4.0 (Ice Cream Sandwich), Waveshare UI"},{"label":"Chipset","value":"Nvidia Tegra 3 T30L"},{"label":"CPU","value":"Quad-core 1.2 GHz Cortex-A9"},{"label":"GPU","value":"ULP GeForce"}]},{"category":"Memory","specs":[{"label":"Card slot","value":"microSDHC (dedicated slot)"},{"label":"Internal","value":"16GB 1GB RAM, 32GB 1GB RAM"}]},{"category":"Main Camera","specs":[{"label":"Single","value":"8 MP, AF"},{"label":"Video","value":"1080p@30fps"}]},{"category":"Selfie camera","specs":[{"label":"Single","value":"1.2 MP"}]},{"category":"Sound","specs":[{"label":"Loudspeaker","value":"Yes, with stereo speakers"},{"label":"3.5mm jack","value":"Yes"}]},{"category":"Comms","specs":[{"label":"WLAN","value":"Wi-Fi 802.11 b/g/n"},{"label":"Bluetooth","value":"3.0, EDR"},{"label":"Positioning","value":"GPS"},{"label":"NFC","value":"No"},{"label":"USB","value":"2.0"},{"label":"Radio","value":"No"}]},{"category":"Features","specs":[{"label":"Sensors","value":"Accelerometer, gyro, compass"}]},{"category":"Battery","specs":[{"label":"Type","value":"Li-Po (22 Wh)"},{"label":"Talk time","value":"Up to 9 h 30 min (multimedia)"}]},{"category":"Misc","specs":[{"label":"Colors","value":"Royal Blue, Iceberg White, Torch Red"}]}]');
INSERT OR IGNORE INTO device_pictures (device_id, url, position) VALUES (318, 'https://fdn2.gsmarena.com/vv/bigpic/asus-transformer-pad-300.jpg', 0);
INSERT OR IGNORE INTO device_pictures (device_id, url, position) VALUES (318, 'https://fdn2.gsmarena.com/vv//pics/asus/transformer-pad-300-1.jpg', 1);
INSERT OR IGNORE INTO devices (id, brand_id, name, gsmarena_url, thumbnail_url, summary) VALUES (319, 2, 'Transformer Pad TF300T', 'https://www.gsmarena.com/asus_transformer_pad_tf300t-4596.php', 'https://fdn2.gsmarena.com/vv/bigpic/asus-transformer-pad-300.jpg', 'Transformer Pad TF300T');
INSERT OR IGNORE INTO device_specs (device_id, announced, status, network, os, chipset, cpu, gpu, display_size, display_type, display_res, ram, storage, main_camera, selfie_camera, battery, charging, nfc, usb, bluetooth, wlan, colors, weight, dimensions, sim, sensors, popularity, fans, rating, full_specs_json) VALUES (319, '2012, February. Released 2012, April', 'Discontinued', 'No cellular connectivity', 'Android 4.0 (Ice Cream Sandwich), upgradable to 4.2 (Jelly Bean)', 'Nvidia Tegra 3 T30L', 'Quad-core 1.2 GHz Cortex-A9', 'ULP GeForce', '10.1 inches, 295.8 cm 2 (~62.2% screen-to-body ratio)', 'IPS LCD,', '1280 x 800 pixels, 16:10 ratio (~149 ppi density)', '1GB', '16GB', '8 MP, AF', '1.2 MP', 'Non-removable Li-Po battery (22 Wh)', NULL, NULL, '2.0', '3.0, EDR', 'Wi-Fi 802.11 b/g/n', 'Royal Blue, Iceberg White, Torch Red', '635 g (1.40 lb)', '263 x 180.8 x 9.9 mm (10.35 x 7.12 x 0.39 in)', 'No', 'Accelerometer, gyro, compass', 'About 290 EUR', NULL, NULL, '[{"category":"Network","specs":[{"label":"Technology","value":"No cellular connectivity"},{"label":"2G bands","value":"N/A"},{"label":"GPRS","value":"No"},{"label":"EDGE","value":"No"}]},{"category":"Launch","specs":[{"label":"Announced","value":"2012, February. Released 2012, April"},{"label":"Status","value":"Discontinued"}]},{"category":"Body","specs":[{"label":"Dimensions","value":"263 x 180.8 x 9.9 mm (10.35 x 7.12 x 0.39 in)"},{"label":"Weight","value":"635 g (1.40 lb)"},{"label":"SIM","value":"No"}]},{"category":"Display","specs":[{"label":"Type","value":"IPS LCD,"},{"label":"Size","value":"10.1 inches, 295.8 cm 2 (~62.2% screen-to-body ratio)"},{"label":"Resolution","value":"1280 x 800 pixels, 16:10 ratio (~149 ppi density)"}]},{"category":"Platform","specs":[{"label":"OS","value":"Android 4.0 (Ice Cream Sandwich), upgradable to 4.2 (Jelly Bean)"},{"label":"Chipset","value":"Nvidia Tegra 3 T30L"},{"label":"CPU","value":"Quad-core 1.2 GHz Cortex-A9"},{"label":"GPU","value":"ULP GeForce"}]},{"category":"Memory","specs":[{"label":"Card slot","value":"microSDHC (dedicated slot)"},{"label":"Internal","value":"16GB 1GB RAM, 32GB 1GB RAM"}]},{"category":"Main Camera","specs":[{"label":"Single","value":"8 MP, AF"},{"label":"Video","value":"1080p@30fps"}]},{"category":"Selfie camera","specs":[{"label":"Single","value":"1.2 MP"}]},{"category":"Sound","specs":[{"label":"Loudspeaker","value":"Yes, with stereo speakers"},{"label":"3.5mm jack","value":"Yes"}]},{"category":"Comms","specs":[{"label":"WLAN","value":"Wi-Fi 802.11 b/g/n"},{"label":"Bluetooth","value":"3.0, EDR"},{"label":"Positioning","value":"GPS"},{"label":"USB","value":"2.0"},{"label":"Radio","value":"No"}]},{"category":"Features","specs":[{"label":"Sensors","value":"Accelerometer, gyro, compass"}]},{"category":"Battery","specs":[{"label":"Type","value":"Non-removable Li-Po battery (22 Wh)"},{"label":"Talk time","value":"Up to 10 h (multimedia)"}]},{"category":"Misc","specs":[{"label":"Colors","value":"Royal Blue, Iceberg White, Torch Red"},{"label":"Price","value":"About 290 EUR"}]}]');
INSERT OR IGNORE INTO device_pictures (device_id, url, position) VALUES (319, 'https://fdn2.gsmarena.com/vv/bigpic/asus-transformer-pad-300.jpg', 0);
INSERT OR IGNORE INTO device_pictures (device_id, url, position) VALUES (319, 'https://fdn2.gsmarena.com/vv/pics/asus/transformer-pad-300-1.jpg', 1);
INSERT OR IGNORE INTO devices (id, brand_id, name, gsmarena_url, thumbnail_url, summary) VALUES (320, 2, 'Transformer Pad Infinity 700', 'https://www.gsmarena.com/asus_transformer_pad_infinity_700-4606.php', 'https://fdn2.gsmarena.com/vv/bigpic/asus-transformer-infinity.jpg', 'Transformer Pad Infinity 700');
INSERT OR IGNORE INTO device_specs (device_id, announced, status, network, os, chipset, cpu, gpu, display_size, display_type, display_res, ram, storage, main_camera, selfie_camera, battery, charging, nfc, usb, bluetooth, wlan, colors, weight, dimensions, sim, sensors, popularity, fans, rating, full_specs_json) VALUES (320, '2012, February. Released 2012, July', 'Discontinued', 'No cellular connectivity', 'Android 4.0 (Ice Cream Sandwich), upgradable to 4.2.1 (Jelly Bean)', 'Nvidia Tegra 3 T33', 'Quad-core 1.6 GHz Cortex-A9', 'ULP GeForce', '10.1 inches, 295.8 cm 2 (~62.2% screen-to-body ratio)', 'Super IPS+ LCD,', '1920 x 1200 pixels, 16:10 ratio (~224 ppi density)', '1GB', '32GB', '8 MP, AF, LED flash', '2 MP', 'Non-removable Li-Po battery (25 Wh)', NULL, NULL, '2.0', '3.0, A2DP, EDR', 'Wi-Fi 802.11 b/g/n, Wi-Fi Direct, hotspot', 'Amethyst Gray, Champagne Gold', '598 g (1.32 lb)', '263 x 180.8 x 8.5 mm (10.35 x 7.12 x 0.33 in)', 'No', 'Accelerometer, gyro, compass', 'About 340 EUR', NULL, NULL, '[{"category":"Network","specs":[{"label":"Technology","value":"No cellular connectivity"},{"label":"2G bands","value":"N/A"},{"label":"GPRS","value":"No"},{"label":"EDGE","value":"No"}]},{"category":"Launch","specs":[{"label":"Announced","value":"2012, February. Released 2012, July"},{"label":"Status","value":"Discontinued"}]},{"category":"Body","specs":[{"label":"Dimensions","value":"263 x 180.8 x 8.5 mm (10.35 x 7.12 x 0.33 in)"},{"label":"Weight","value":"598 g (1.32 lb)"},{"label":"SIM","value":"No"}]},{"category":"Display","specs":[{"label":"Type","value":"Super IPS+ LCD,"},{"label":"Size","value":"10.1 inches, 295.8 cm 2 (~62.2% screen-to-body ratio)"},{"label":"Resolution","value":"1920 x 1200 pixels, 16:10 ratio (~224 ppi density)"},{"label":"Protection","value":"Corning Gorilla Glass 2"}]},{"category":"Platform","specs":[{"label":"OS","value":"Android 4.0 (Ice Cream Sandwich), upgradable to 4.2.1 (Jelly Bean)"},{"label":"Chipset","value":"Nvidia Tegra 3 T33"},{"label":"CPU","value":"Quad-core 1.6 GHz Cortex-A9"},{"label":"GPU","value":"ULP GeForce"}]},{"category":"Memory","specs":[{"label":"Card slot","value":"microSDHC (dedicated slot)"},{"label":"Internal","value":"32GB 1GB RAM, 64GB 1GB RAM"}]},{"category":"Main Camera","specs":[{"label":"Single","value":"8 MP, AF"},{"label":"Features","value":"LED flash"},{"label":"Video","value":"1080p@30fps"}]},{"category":"Selfie camera","specs":[{"label":"Single","value":"2 MP"}]},{"category":"Sound","specs":[{"label":"Loudspeaker","value":"Yes"},{"label":"3.5mm jack","value":"Yes"}]},{"category":"Comms","specs":[{"label":"WLAN","value":"Wi-Fi 802.11 b/g/n, Wi-Fi Direct, hotspot"},{"label":"Bluetooth","value":"3.0, A2DP, EDR"},{"label":"Positioning","value":"GPS"},{"label":"USB","value":"2.0"},{"label":"Radio","value":"No"}]},{"category":"Features","specs":[{"label":"Sensors","value":"Accelerometer, gyro, compass"}]},{"category":"Battery","specs":[{"label":"Type","value":"Non-removable Li-Po battery (25 Wh)"},{"label":"Talk time","value":"Up to 9 h 30 min (multimedia)"}]},{"category":"Misc","specs":[{"label":"Colors","value":"Amethyst Gray, Champagne Gold"},{"label":"Price","value":"About 340 EUR"}]}]');
INSERT OR IGNORE INTO device_pictures (device_id, url, position) VALUES (320, 'https://fdn2.gsmarena.com/vv/bigpic/asus-transformer-infinity.jpg', 0);
INSERT OR IGNORE INTO device_pictures (device_id, url, position) VALUES (320, 'https://fdn2.gsmarena.com/vv/pics/asus/asus-transformer-pad-infinity-tf700t.jpg', 1);
INSERT OR IGNORE INTO devices (id, brand_id, name, gsmarena_url, thumbnail_url, summary) VALUES (321, 2, 'Memo', 'https://www.gsmarena.com/asus_memo-4422.php', 'https://fdn2.gsmarena.com/vv/bigpic/asus-eee-pad-memo.jpg', 'Memo');
INSERT OR IGNORE INTO device_specs (device_id, announced, status, network, os, chipset, cpu, gpu, display_size, display_type, display_res, ram, storage, main_camera, selfie_camera, battery, charging, nfc, usb, bluetooth, wlan, colors, weight, dimensions, sim, sensors, popularity, fans, rating, full_specs_json) VALUES (321, '2012, January. Released 2012, September', 'Discontinued', 'No cellular connectivity', 'Android 4.0.1 (Ice Cream Sandwich)', 'Qualcomm MSM8260 Snapdragon S3', 'Dual-core 1.2 GHz Scorpion', 'Adreno 220', '7.0 inches, 142.1 cm 2 (~61.0% screen-to-body ratio)', 'IPS LCD,', '800 x 1280 pixels, 16:10 ratio (~216 ppi density)', '1GB', '16GB', '5 MP, AF', '1.2 MP', 'Removable Li-Po 4400 mAh battery', NULL, NULL, '2.0', '2.1, A2DP, EDR', 'Wi-Fi 802.11 b/g/n, hotspot', 'Black', '389 g (13.72 oz)', '199 x 117 x 12 mm (7.83 x 4.61 x 0.47 in)', 'No', 'Accelerometer, gyro, proximity, compass', 'About 170 EUR', NULL, NULL, '[{"category":"Network","specs":[{"label":"Technology","value":"No cellular connectivity"},{"label":"2G bands","value":"N/A"},{"label":"GPRS","value":"No"},{"label":"EDGE","value":"No"}]},{"category":"Launch","specs":[{"label":"Announced","value":"2012, January. Released 2012, September"},{"label":"Status","value":"Discontinued"}]},{"category":"Body","specs":[{"label":"Dimensions","value":"199 x 117 x 12 mm (7.83 x 4.61 x 0.47 in)"},{"label":"Weight","value":"389 g (13.72 oz)"},{"label":"SIM","value":"No"}]},{"category":"Display","specs":[{"label":"Type","value":"IPS LCD,"},{"label":"Size","value":"7.0 inches, 142.1 cm 2 (~61.0% screen-to-body ratio)"},{"label":"Resolution","value":"800 x 1280 pixels, 16:10 ratio (~216 ppi density)"}]},{"category":"Platform","specs":[{"label":"OS","value":"Android 4.0.1 (Ice Cream Sandwich)"},{"label":"Chipset","value":"Qualcomm MSM8260 Snapdragon S3"},{"label":"CPU","value":"Dual-core 1.2 GHz Scorpion"},{"label":"GPU","value":"Adreno 220"}]},{"category":"Memory","specs":[{"label":"Card slot","value":"No"},{"label":"Internal","value":"16GB 1GB RAM, 32GB 1GB RAM"}]},{"category":"Main Camera","specs":[{"label":"Single","value":"5 MP, AF"},{"label":"Video","value":"1080p@30fps"}]},{"category":"Selfie camera","specs":[{"label":"Single","value":"1.2 MP"}]},{"category":"Sound","specs":[{"label":"Loudspeaker","value":"Yes"},{"label":"3.5mm jack","value":"Yes"}]},{"category":"Comms","specs":[{"label":"WLAN","value":"Wi-Fi 802.11 b/g/n, hotspot"},{"label":"Bluetooth","value":"2.1, A2DP, EDR"},{"label":"Positioning","value":"GPS, A-GPS"},{"label":"USB","value":"2.0"},{"label":"Radio","value":"No"}]},{"category":"Features","specs":[{"label":"Sensors","value":"Accelerometer, gyro, proximity, compass"}]},{"category":"Battery","specs":[{"label":"Type","value":"Removable Li-Po 4400 mAh battery"},{"label":"Stand-by","value":"Up to 300 h"},{"label":"Talk time","value":"Up to 9 h"}]},{"category":"Misc","specs":[{"label":"Colors","value":"Black"},{"label":"Price","value":"About 170 EUR"}]}]');
