INSERT OR IGNORE INTO device_pictures (device_id, url, position) VALUES (1420, 'https://fdn2.gsmarena.com/vv/pics/allview/allview-vivac703-2.jpg', 2);
INSERT OR IGNORE INTO devices (id, brand_id, name, gsmarena_url, thumbnail_url, summary) VALUES (1421, 8, 'Viva Home', 'https://www.gsmarena.com/allview_viva_home-9911.php', 'https://fdn2.gsmarena.com/vv/bigpic/allview-vivahome.jpg', 'Viva Home');
INSERT OR IGNORE INTO device_specs (device_id, announced, status, network, os, chipset, cpu, gpu, display_size, display_type, display_res, ram, storage, main_camera, selfie_camera, battery, charging, nfc, usb, bluetooth, wlan, colors, weight, dimensions, sim, sensors, popularity, fans, rating, full_specs_json) VALUES (1421, '2019, July. Released 2019, July', 'Discontinued', 'No cellular connectivity / 4G/LTE', 'Android 9.0 (Pie)', 'Mediatek MT8163', 'Quad-core 1.5 GHz Cortex-A53', NULL, '17.3 inches, 825.1 cm 2 (~74.0% screen-to-body ratio)', 'IPS LCD', '1080 x 1920 pixels, 16:9 ratio (~127 ppi density)', '2GB', '32GB', NULL, '2 MP, 1080p', 'Li-Po 5000 mAh, non-removable', NULL, 'No', 'microUSB 2.0, USB', '4.0, A2DP', 'Wi-Fi 802.11 a/b/g/n', 'Black', '2018.3 g (4.45 lb)', '418.5 x 266.3 x 19.5 mm (16.48 x 10.48 x 0.77 in)', 'No', 'Accelerometer', 'About 250 EUR', NULL, NULL, '[{"category":"Network","specs":[{"label":"Technology","value":"No cellular connectivity"},{"label":"2G bands","value":"N/A"},{"label":"3G bands","value":"N/A"},{"label":"4G bands","value":"N/A"},{"label":"GPRS","value":"No"},{"label":"EDGE","value":"No"}]},{"category":"Launch","specs":[{"label":"Announced","value":"2019, July. Released 2019, July"},{"label":"Status","value":"Discontinued"}]},{"category":"Body","specs":[{"label":"Dimensions","value":"418.5 x 266.3 x 19.5 mm (16.48 x 10.48 x 0.77 in)"},{"label":"Weight","value":"2018.3 g (4.45 lb)"},{"label":"SIM","value":"No"}]},{"category":"Display","specs":[{"label":"Type","value":"IPS LCD"},{"label":"Size","value":"17.3 inches, 825.1 cm 2 (~74.0% screen-to-body ratio)"},{"label":"Resolution","value":"1080 x 1920 pixels, 16:9 ratio (~127 ppi density)"}]},{"category":"Platform","specs":[{"label":"OS","value":"Android 9.0 (Pie)"},{"label":"Chipset","value":"Mediatek MT8163"},{"label":"CPU","value":"Quad-core 1.5 GHz Cortex-A53"}]},{"category":"Memory","specs":[{"label":"Card slot","value":"microSDXC (dedicated slot)"},{"label":"Internal","value":"32GB 2GB RAM"}]},{"category":"Selfie camera","specs":[{"label":"Single","value":"2 MP"},{"label":"Video","value":"1080p"}]},{"category":"Sound","specs":[{"label":"Loudspeaker","value":"Yes"},{"label":"3.5mm jack","value":"Yes"}]},{"category":"Comms","specs":[{"label":"WLAN","value":"Wi-Fi 802.11 a/b/g/n"},{"label":"Bluetooth","value":"4.0, A2DP"},{"label":"Positioning","value":"GPS"},{"label":"NFC","value":"No"},{"label":"USB","value":"microUSB 2.0, USB"},{"label":"Radio","value":"FM radio"}]},{"category":"Features","specs":[{"label":"Sensors","value":"Accelerometer"}]},{"category":"Battery","specs":[{"label":"Type","value":"Li-Po 5000 mAh, non-removable"}]},{"category":"Misc","specs":[{"label":"Colors","value":"Black"},{"label":"Price","value":"About 250 EUR"}]}]');
INSERT OR IGNORE INTO device_pictures (device_id, url, position) VALUES (1421, 'https://fdn2.gsmarena.com/vv/bigpic/allview-vivahome.jpg', 0);
INSERT OR IGNORE INTO device_pictures (device_id, url, position) VALUES (1421, 'https://fdn2.gsmarena.com/vv/pics/allview/allview-vivahome-1.jpg', 1);
INSERT OR IGNORE INTO device_pictures (device_id, url, position) VALUES (1421, 'https://fdn2.gsmarena.com/vv/pics/allview/allview-vivahome-2.jpg', 2);
INSERT OR IGNORE INTO devices (id, brand_id, name, gsmarena_url, thumbnail_url, summary) VALUES (1422, 8, 'Viva 1003G', 'https://www.gsmarena.com/allview_viva_1003g-9910.php', 'https://fdn2.gsmarena.com/vv/bigpic/allview-viva1003g.jpg', 'Viva 1003G');
INSERT OR IGNORE INTO device_specs (device_id, announced, status, network, os, chipset, cpu, gpu, display_size, display_type, display_res, ram, storage, main_camera, selfie_camera, battery, charging, nfc, usb, bluetooth, wlan, colors, weight, dimensions, sim, sensors, popularity, fans, rating, full_specs_json) VALUES (1422, '2019, August. Released 2019, August', 'Discontinued', 'GSM / HSPA', 'Android 9.0 (Pie)', 'Mediatek MT8321A (28 nm)', 'Quad-core 1.3 GHz Cortex-A7', 'Mali-400', '10.1 inches, 295.8 cm 2 (~70.0% screen-to-body ratio)', 'IPS LCD', '800 x 1280 pixels, 16:10 ratio (~149 ppi density)', '2GB', '16GB', '2 MP, LED flash', '2 MP', 'Li-Po 4000 mAh, non-removable', '10W wired', 'No', 'microUSB 2.0', '4.0, A2DP', 'Wi-Fi 802.11 b/g/n', 'Black', '479.4 g (1.06 lb)', '246.2 x 171.7 x 10.7 mm (9.69 x 6.76 x 0.42 in)', 'Mini-SIM', 'Accelerometer', NULL, NULL, NULL, '[{"category":"Network","specs":[{"label":"Technology","value":"GSM / HSPA"},{"label":"2G bands","value":"GSM 900 / 1800 / 1900"},{"label":"3G bands","value":"HSDPA 900 / 2100"},{"label":"Speed","value":"HSPA 21.1/5.76 Mbps"}]},{"category":"Launch","specs":[{"label":"Announced","value":"2019, August. Released 2019, August"},{"label":"Status","value":"Discontinued"}]},{"category":"Body","specs":[{"label":"Dimensions","value":"246.2 x 171.7 x 10.7 mm (9.69 x 6.76 x 0.42 in)"},{"label":"Weight","value":"479.4 g (1.06 lb)"},{"label":"SIM","value":"Mini-SIM"}]},{"category":"Display","specs":[{"label":"Type","value":"IPS LCD"},{"label":"Size","value":"10.1 inches, 295.8 cm 2 (~70.0% screen-to-body ratio)"},{"label":"Resolution","value":"800 x 1280 pixels, 16:10 ratio (~149 ppi density)"}]},{"category":"Platform","specs":[{"label":"OS","value":"Android 9.0 (Pie)"},{"label":"Chipset","value":"Mediatek MT8321A (28 nm)"},{"label":"CPU","value":"Quad-core 1.3 GHz Cortex-A7"},{"label":"GPU","value":"Mali-400"}]},{"category":"Memory","specs":[{"label":"Card slot","value":"microSDXC (dedicated slot)"},{"label":"Internal","value":"16GB 2GB RAM"}]},{"category":"Main Camera","specs":[{"label":"Single","value":"2 MP"},{"label":"Features","value":"LED flash"},{"label":"Video","value":"720p@30fps"}]},{"category":"Selfie camera","specs":[{"label":"Single","value":"2 MP"}]},{"category":"Sound","specs":[{"label":"Loudspeaker","value":"Yes"},{"label":"3.5mm jack","value":"Yes"}]},{"category":"Comms","specs":[{"label":"WLAN","value":"Wi-Fi 802.11 b/g/n"},{"label":"Bluetooth","value":"4.0, A2DP"},{"label":"Positioning","value":"GPS"},{"label":"NFC","value":"No"},{"label":"USB","value":"microUSB 2.0"},{"label":"Radio","value":"FM radio"}]},{"category":"Features","specs":[{"label":"Sensors","value":"Accelerometer"}]},{"category":"Battery","specs":[{"label":"Type","value":"Li-Po 4000 mAh, non-removable"},{"label":"Charging","value":"10W wired"},{"label":"Stand-by","value":"Up to 400 h"},{"label":"Talk time","value":"Up to 11 h"}]},{"category":"Misc","specs":[{"label":"Colors","value":"Black"},{"label":"SAR EU","value":"1.05 W/kg (body)"}]}]');
INSERT OR IGNORE INTO device_pictures (device_id, url, position) VALUES (1422, 'https://fdn2.gsmarena.com/vv/bigpic/allview-viva1003g.jpg', 0);
INSERT OR IGNORE INTO device_pictures (device_id, url, position) VALUES (1422, 'https://fdn2.gsmarena.com/vv/pics/allview/allview-viva1003g-1.jpg', 1);
INSERT OR IGNORE INTO device_pictures (device_id, url, position) VALUES (1422, 'https://fdn2.gsmarena.com/vv/pics/allview/allview-viva1003g-2.jpg', 2);
INSERT OR IGNORE INTO devices (id, brand_id, name, gsmarena_url, thumbnail_url, summary) VALUES (1423, 8, 'Viva 1003G Lite', 'https://www.gsmarena.com/allview_viva_1003g_lite-9909.php', 'https://fdn2.gsmarena.com/vv/bigpic/allview-viva1003g-lite.jpg', 'Viva 1003G Lite');
INSERT OR IGNORE INTO device_specs (device_id, announced, status, network, os, chipset, cpu, gpu, display_size, display_type, display_res, ram, storage, main_camera, selfie_camera, battery, charging, nfc, usb, bluetooth, wlan, colors, weight, dimensions, sim, sensors, popularity, fans, rating, full_specs_json) VALUES (1423, '2019, September. Released 2019, September', 'Discontinued', 'GSM / HSPA', 'Android 8.1 Oreo (Go edition)', 'Mediatek MT8321A (28 nm)', 'Quad-core 1.3 GHz Cortex-A7', 'Mali-400', '10.1 inches, 295.8 cm 2 (~70.0% screen-to-body ratio)', 'IPS LCD', '800 x 1280 pixels, 16:10 ratio (~149 ppi density)', '1GB', '16GB', '0.3 MP, LED flash', '2 MP', 'Li-Po 4000 mAh, non-removable', '10W wired', 'No', 'microUSB 2.0', '4.0, A2DP', 'Wi-Fi 802.11 b/g/n', 'Black', '505.2 g (1.11 lb)', '246.2 x 171.7 x 10.7 mm (9.69 x 6.76 x 0.42 in)', 'Mini-SIM', 'Accelerometer', 'About 100 EUR', NULL, NULL, '[{"category":"Network","specs":[{"label":"Technology","value":"GSM / HSPA"},{"label":"2G bands","value":"GSM 900 / 1800 / 1900"},{"label":"3G bands","value":"HSDPA 900 / 2100"},{"label":"Speed","value":"HSPA 21.1/5.76 Mbps"}]},{"category":"Launch","specs":[{"label":"Announced","value":"2019, September. Released 2019, September"},{"label":"Status","value":"Discontinued"}]},{"category":"Body","specs":[{"label":"Dimensions","value":"246.2 x 171.7 x 10.7 mm (9.69 x 6.76 x 0.42 in)"},{"label":"Weight","value":"505.2 g (1.11 lb)"},{"label":"SIM","value":"Mini-SIM"}]},{"category":"Display","specs":[{"label":"Type","value":"IPS LCD"},{"label":"Size","value":"10.1 inches, 295.8 cm 2 (~70.0% screen-to-body ratio)"},{"label":"Resolution","value":"800 x 1280 pixels, 16:10 ratio (~149 ppi density)"}]},{"category":"Platform","specs":[{"label":"OS","value":"Android 8.1 Oreo (Go edition)"},{"label":"Chipset","value":"Mediatek MT8321A (28 nm)"},{"label":"CPU","value":"Quad-core 1.3 GHz Cortex-A7"},{"label":"GPU","value":"Mali-400"}]},{"category":"Memory","specs":[{"label":"Card slot","value":"microSDXC (dedicated slot)"},{"label":"Internal","value":"16GB 1GB RAM"}]},{"category":"Main Camera","specs":[{"label":"Single","value":"0.3 MP"},{"label":"Features","value":"LED flash"},{"label":"Video","value":"720p@30fps"}]},{"category":"Selfie camera","specs":[{"label":"Single","value":"2 MP"}]},{"category":"Sound","specs":[{"label":"Loudspeaker","value":"Yes"},{"label":"3.5mm jack","value":"Yes"}]},{"category":"Comms","specs":[{"label":"WLAN","value":"Wi-Fi 802.11 b/g/n"},{"label":"Bluetooth","value":"4.0, A2DP"},{"label":"Positioning","value":"GPS"},{"label":"NFC","value":"No"},{"label":"USB","value":"microUSB 2.0"},{"label":"Radio","value":"FM radio"}]},{"category":"Features","specs":[{"label":"Sensors","value":"Accelerometer"}]},{"category":"Battery","specs":[{"label":"Type","value":"Li-Po 4000 mAh, non-removable"},{"label":"Charging","value":"10W wired"},{"label":"Stand-by","value":"Up to 400 h"},{"label":"Talk time","value":"Up to 8 h 20 min"}]},{"category":"Misc","specs":[{"label":"Colors","value":"Black"},{"label":"Price","value":"About 100 EUR"},{"label":"SAR EU","value":"1.05 W/kg (body)"}]}]');
INSERT OR IGNORE INTO device_pictures (device_id, url, position) VALUES (1423, 'https://fdn2.gsmarena.com/vv/bigpic/allview-viva1003g-lite.jpg', 0);
INSERT OR IGNORE INTO device_pictures (device_id, url, position) VALUES (1423, 'https://fdn2.gsmarena.com/vv/pics/allview/allview-viva1003g-lite-1.jpg', 1);
INSERT OR IGNORE INTO device_pictures (device_id, url, position) VALUES (1423, 'https://fdn2.gsmarena.com/vv/pics/allview/allview-viva1003g-lite-2.jpg', 2);
INSERT OR IGNORE INTO devices (id, brand_id, name, gsmarena_url, thumbnail_url, summary) VALUES (1424, 8, 'V4 Viper', 'https://www.gsmarena.com/allview_v4_viper-9908.php', 'https://fdn2.gsmarena.com/vv/bigpic/allview-v4-viper.jpg', 'V4 Viper');
INSERT OR IGNORE INTO device_specs (device_id, announced, status, network, os, chipset, cpu, gpu, display_size, display_type, display_res, ram, storage, main_camera, selfie_camera, battery, charging, nfc, usb, bluetooth, wlan, colors, weight, dimensions, sim, sensors, popularity, fans, rating, full_specs_json) VALUES (1424, '2019, September. Released 2019, September', 'Discontinued', 'GSM / HSPA / LTE / 4G/LTE', 'Android 9.0 (Pie)', 'Mediatek MT6761 Helio A22 (12 nm)', 'Quad-core 2.0 GHz Cortex-A53', 'PowerVR GE8320', '5.7 inches, 81.1 cm 2 (~78.4% screen-to-body ratio)', 'IPS LCD', '720 x 1520 pixels, 19:9 ratio (~295 ppi density)', '2GB', '16GB', '8 MP, AF Auxiliary lens, LED flash', '5 MP', 'Li-Po 2700 mAh, non-removable', NULL, 'No', 'microUSB 2.0', '4.1, A2DP, LE', 'Wi-Fi 802.11 b/g/n', 'Blue, Red', '138 g (4.87 oz)', '145.8 x 70.9 x 8.5 mm (5.74 x 2.79 x 0.33 in)', 'Nano-SIM + Nano-SIM', 'Fingerprint (rear-mounted), accelerometer, proximity', 'About 100 EUR', NULL, NULL, '[{"category":"Network","specs":[{"label":"Technology","value":"GSM / HSPA / LTE"},{"label":"2G bands","value":"GSM 850 / 900 / 1800 / 1900"},{"label":"3G bands","value":"HSDPA 900 / 2100"},{"label":"4G bands","value":"1, 3, 7, 8, 20, 38"},{"label":"Speed","value":"HSPA 42.2/11.5 Mbps, LTE Cat4 150/50 Mbps"}]},{"category":"Launch","specs":[{"label":"Announced","value":"2019, September. Released 2019, September"},{"label":"Status","value":"Discontinued"}]},{"category":"Body","specs":[{"label":"Dimensions","value":"145.8 x 70.9 x 8.5 mm (5.74 x 2.79 x 0.33 in)"},{"label":"Weight","value":"138 g (4.87 oz)"},{"label":"SIM","value":"Nano-SIM + Nano-SIM"}]},{"category":"Display","specs":[{"label":"Type","value":"IPS LCD"},{"label":"Size","value":"5.7 inches, 81.1 cm 2 (~78.4% screen-to-body ratio)"},{"label":"Resolution","value":"720 x 1520 pixels, 19:9 ratio (~295 ppi density)"}]},{"category":"Platform","specs":[{"label":"OS","value":"Android 9.0 (Pie)"},{"label":"Chipset","value":"Mediatek MT6761 Helio A22 (12 nm)"},{"label":"CPU","value":"Quad-core 2.0 GHz Cortex-A53"},{"label":"GPU","value":"PowerVR GE8320"}]},{"category":"Memory","specs":[{"label":"Card slot","value":"microSDXC (uses shared SIM slot)"},{"label":"Internal","value":"16GB 2GB RAM"}]},{"category":"Main Camera","specs":[{"label":"Dual","value":"8 MP, AF Auxiliary lens"},{"label":"Features","value":"LED flash"},{"label":"Video","value":"1080p@30fps"}]},{"category":"Selfie camera","specs":[{"label":"Single","value":"5 MP"}]},{"category":"Sound","specs":[{"label":"Loudspeaker","value":"Yes"},{"label":"3.5mm jack","value":"Yes"}]},{"category":"Comms","specs":[{"label":"WLAN","value":"Wi-Fi 802.11 b/g/n"},{"label":"Bluetooth","value":"4.1, A2DP, LE"},{"label":"Positioning","value":"GPS, GLONASS"},{"label":"NFC","value":"No"},{"label":"USB","value":"microUSB 2.0"},{"label":"Radio","value":"FM radio"}]},{"category":"Features","specs":[{"label":"Sensors","value":"Fingerprint (rear-mounted), accelerometer, proximity"}]},{"category":"Battery","specs":[{"label":"Type","value":"Li-Po 2700 mAh, non-removable"}]},{"category":"Misc","specs":[{"label":"Colors","value":"Blue, Red"},{"label":"Price","value":"About 100 EUR"},{"label":"SAR EU","value":"1.13 W/kg (head)"}]}]');
INSERT OR IGNORE INTO device_pictures (device_id, url, position) VALUES (1424, 'https://fdn2.gsmarena.com/vv/bigpic/allview-v4-viper.jpg', 0);
INSERT OR IGNORE INTO device_pictures (device_id, url, position) VALUES (1424, 'https://fdn2.gsmarena.com/vv/pics/allview/allview-v4-viper-1.jpg', 1);
INSERT OR IGNORE INTO device_pictures (device_id, url, position) VALUES (1424, 'https://fdn2.gsmarena.com/vv/pics/allview/allview-v4-viper-2.jpg', 2);
INSERT OR IGNORE INTO devices (id, brand_id, name, gsmarena_url, thumbnail_url, summary) VALUES (1425, 8, 'Soul X6 Mini', 'https://www.gsmarena.com/allview_soul_x6_mini-9709.php', 'https://fdn2.gsmarena.com/vv/bigpic/allview-soul-x6-mini.jpg', 'Soul X6 Mini');
INSERT OR IGNORE INTO device_specs (device_id, announced, status, network, os, chipset, cpu, gpu, display_size, display_type, display_res, ram, storage, main_camera, selfie_camera, battery, charging, nfc, usb, bluetooth, wlan, colors, weight, dimensions, sim, sensors, popularity, fans, rating, full_specs_json) VALUES (1425, '2019, May. Released 2019, May', 'Discontinued', 'GSM / HSPA / LTE / 4G/LTE', 'Android 9.0 (Pie)', 'Mediatek MT6762 Helio P22 (12 nm)', 'Octa-core 2.0 GHz Cortex-A53', 'PowerVR GE8320', '6.2 inches, 95.9 cm 2 (~79.3% screen-to-body ratio)', 'IPS LCD', '720 x 1520 pixels, 19:9 ratio (~271 ppi density)', '2GB', '16GB', '13 MP, AF Auxiliary lens, Dual-LED dual-tone flash, panorama, HDR', '13 MP', 'Li-Po 4000 mAh, non-removable', '10W wired', 'No', 'microUSB 2.0', '4.1, A2DP, LE', 'Wi-Fi 802.11 b/g/n', 'Indigo Blue', '175.7 g (6.21 oz)', '158.3 x 76.4 x 8.3 mm (6.23 x 3.01 x 0.33 in)', 'Nano-SIM + Nano-SIM', 'Fingerprint (rear-mounted), accelerometer, proximity', NULL, NULL, NULL, '[{"category":"Network","specs":[{"label":"Technology","value":"GSM / HSPA / LTE"},{"label":"2G bands","value":"GSM 850 / 900 / 1800 / 1900"},{"label":"3G bands","value":"HSDPA 900 / 2100"},{"label":"4G bands","value":"1, 3, 7, 8, 20, 38"},{"label":"Speed","value":"HSPA 42.2/11.5 Mbps, LTE Cat4 150/50 Mbps"}]},{"category":"Launch","specs":[{"label":"Announced","value":"2019, May. Released 2019, May"},{"label":"Status","value":"Discontinued"}]},{"category":"Body","specs":[{"label":"Dimensions","value":"158.3 x 76.4 x 8.3 mm (6.23 x 3.01 x 0.33 in)"},{"label":"Weight","value":"175.7 g (6.21 oz)"},{"label":"SIM","value":"Nano-SIM + Nano-SIM"}]},{"category":"Display","specs":[{"label":"Type","value":"IPS LCD"},{"label":"Size","value":"6.2 inches, 95.9 cm 2 (~79.3% screen-to-body ratio)"},{"label":"Resolution","value":"720 x 1520 pixels, 19:9 ratio (~271 ppi density)"}]},{"category":"Platform","specs":[{"label":"OS","value":"Android 9.0 (Pie)"},{"label":"Chipset","value":"Mediatek MT6762 Helio P22 (12 nm)"},{"label":"CPU","value":"Octa-core 2.0 GHz Cortex-A53"},{"label":"GPU","value":"PowerVR GE8320"}]},{"category":"Memory","specs":[{"label":"Card slot","value":"microSDXC (dedicated slot)"},{"label":"Internal","value":"16GB 2GB RAM"}]},{"category":"Main Camera","specs":[{"label":"Dual","value":"13 MP, AF Auxiliary lens"},{"label":"Features","value":"Dual-LED dual-tone flash, panorama, HDR"},{"label":"Video","value":"1080p@30fps"}]},{"category":"Selfie camera","specs":[{"label":"Single","value":"13 MP"}]},{"category":"Sound","specs":[{"label":"Loudspeaker","value":"Yes"},{"label":"3.5mm jack","value":"Yes"}]},{"category":"Comms","specs":[{"label":"WLAN","value":"Wi-Fi 802.11 b/g/n"},{"label":"Bluetooth","value":"4.1, A2DP, LE"},{"label":"Positioning","value":"GPS, GLONASS"},{"label":"NFC","value":"No"},{"label":"USB","value":"microUSB 2.0"},{"label":"Radio","value":"FM radio"}]},{"category":"Features","specs":[{"label":"Sensors","value":"Fingerprint (rear-mounted), accelerometer, proximity"}]},{"category":"Battery","specs":[{"label":"Type","value":"Li-Po 4000 mAh, non-removable"},{"label":"Charging","value":"10W wired"}]},{"category":"Misc","specs":[{"label":"Colors","value":"Indigo Blue"},{"label":"SAR EU","value":"0.98 W/kg (head)"}]}]');
INSERT OR IGNORE INTO device_pictures (device_id, url, position) VALUES (1425, 'https://fdn2.gsmarena.com/vv/bigpic/allview-soul-x6-mini.jpg', 0);
INSERT OR IGNORE INTO device_pictures (device_id, url, position) VALUES (1425, 'https://fdn2.gsmarena.com/vv/pics/allview/allview-soul-x6-mini1.jpg', 1);
INSERT OR IGNORE INTO devices (id, brand_id, name, gsmarena_url, thumbnail_url, summary) VALUES (1426, 8, 'Soul X6 Xtreme', 'https://www.gsmarena.com/allview_soul_x6_xtreme-9685.php', 'https://fdn2.gsmarena.com/vv/bigpic/allview-x6-xtr.jpg', 'Soul X6 Xtreme');
INSERT OR IGNORE INTO device_specs (device_id, announced, status, network, os, chipset, cpu, gpu, display_size, display_type, display_res, ram, storage, main_camera, selfie_camera, battery, charging, nfc, usb, bluetooth, wlan, colors, weight, dimensions, sim, sensors, popularity, fans, rating, full_specs_json) VALUES (1426, '2019, April. Released 2019, April', 'Discontinued', 'GSM / HSPA / LTE / 4G/LTE', 'Android 9.0 (Pie)', 'Mediatek MT6771 Helio P70 (12 nm)', 'Octa-core (4x2.1 GHz Cortex-A73 & 4x1.9 GHz Cortex-A53)', 'Mali-G72 MP3', '6.39 inches, 100.2 cm 2 (~85.9% screen-to-body ratio)', 'AMOLED', '1080 x 2340 pixels, 19.5:9 ratio (~403 ppi density)', '4GB', '64GB', '16 MP, f/1.8, PDAF Auxiliary lens, LED flash, HDR, panorama', 'Motorized pop-up 8 MP', 'Li-Po 3450 mAh, non-removable', '18W wired, 20% in 15 min Wireless', 'No', 'USB Type-C 2.0', '4.2, A2DP, LE', 'Wi-Fi 802.11 b/g/n/ac, Wi-Fi Direct', 'Urban Violet', '176.6 g (6.24 oz)', '157 x 74.3 x 8.9 mm (6.18 x 2.93 x 0.35 in)', 'Nano-SIM + Nano-SIM', 'Fingerprint (under display, optical), accelerometer, gyro, proximity, compass', 'About 360 EUR', NULL, NULL, '[{"category":"Network","specs":[{"label":"Technology","value":"GSM / HSPA / LTE"},{"label":"2G bands","value":"GSM 850 / 900 / 1800 / 1900"},{"label":"3G bands","value":"HSDPA 900 / 2100"},{"label":"4G bands","value":"1, 3, 5, 7, 8, 20, 38"},{"label":"Speed","value":"HSPA 21.1/5.76 Mbps, LTE (2CA) Cat7 300/150 Mbps"}]},{"category":"Launch","specs":[{"label":"Announced","value":"2019, April. Released 2019, April"},{"label":"Status","value":"Discontinued"}]},{"category":"Body","specs":[{"label":"Dimensions","value":"157 x 74.3 x 8.9 mm (6.18 x 2.93 x 0.35 in)"},{"label":"Weight","value":"176.6 g (6.24 oz)"},{"label":"SIM","value":"Nano-SIM + Nano-SIM"}]},{"category":"Display","specs":[{"label":"Type","value":"AMOLED"},{"label":"Size","value":"6.39 inches, 100.2 cm 2 (~85.9% screen-to-body ratio)"},{"label":"Resolution","value":"1080 x 2340 pixels, 19.5:9 ratio (~403 ppi density)"},{"label":"Protection","value":"Corning Gorilla Glass 5"}]},{"category":"Platform","specs":[{"label":"OS","value":"Android 9.0 (Pie)"},{"label":"Chipset","value":"Mediatek MT6771 Helio P70 (12 nm)"},{"label":"CPU","value":"Octa-core (4x2.1 GHz Cortex-A73 & 4x1.9 GHz Cortex-A53)"},{"label":"GPU","value":"Mali-G72 MP3"}]},{"category":"Memory","specs":[{"label":"Card slot","value":"microSDXC (uses shared SIM slot)"},{"label":"Internal","value":"64GB 4GB RAM"}]},{"category":"Main Camera","specs":[{"label":"Dual","value":"16 MP, f/1.8, PDAF Auxiliary lens"},{"label":"Features","value":"LED flash, HDR, panorama"},{"label":"Video","value":"1080p@30fps"}]},{"category":"Selfie camera","specs":[{"label":"Single","value":"Motorized pop-up 8 MP"}]},{"category":"Sound","specs":[{"label":"Loudspeaker","value":"Yes"},{"label":"3.5mm jack","value":"Yes"}]},{"category":"Comms","specs":[{"label":"WLAN","value":"Wi-Fi 802.11 b/g/n/ac, Wi-Fi Direct"},{"label":"Bluetooth","value":"4.2, A2DP, LE"},{"label":"Positioning","value":"GPS, GLONASS"},{"label":"NFC","value":"No"},{"label":"USB","value":"USB Type-C 2.0"},{"label":"Radio","value":"FM radio"}]},{"category":"Features","specs":[{"label":"Sensors","value":"Fingerprint (under display, optical), accelerometer, gyro, proximity, compass"}]},{"category":"Battery","specs":[{"label":"Type","value":"Li-Po 3450 mAh, non-removable"},{"label":"Charging","value":"18W wired, 20% in 15 min Wireless"}]},{"category":"Misc","specs":[{"label":"Colors","value":"Urban Violet"},{"label":"Price","value":"About 360 EUR"},{"label":"SAR EU","value":"0.97 W/kg (head)"}]}]');
INSERT OR IGNORE INTO device_pictures (device_id, url, position) VALUES (1426, 'https://fdn2.gsmarena.com/vv/bigpic/allview-x6-xtr.jpg', 0);
INSERT OR IGNORE INTO device_pictures (device_id, url, position) VALUES (1426, 'https://fdn2.gsmarena.com/vv/pics/allview/allview-x6-xtr1.jpg', 1);
INSERT OR IGNORE INTO device_pictures (device_id, url, position) VALUES (1426, 'https://fdn2.gsmarena.com/vv/pics/allview/allview-x6-xtr2.jpg', 2);
INSERT OR IGNORE INTO devices (id, brand_id, name, gsmarena_url, thumbnail_url, summary) VALUES (1427, 8, 'P10 Pro', 'https://www.gsmarena.com/allview_p10_pro-9686.php', 'https://fdn2.gsmarena.com/vv/bigpic/allview-p10-pro.jpg', 'P10 Pro');
INSERT OR IGNORE INTO device_specs (device_id, announced, status, network, os, chipset, cpu, gpu, display_size, display_type, display_res, ram, storage, main_camera, selfie_camera, battery, charging, nfc, usb, bluetooth, wlan, colors, weight, dimensions, sim, sensors, popularity, fans, rating, full_specs_json) VALUES (1427, '2019, April. Released 2019, April', 'Discontinued', 'GSM / HSPA / LTE / 4G/LTE', 'Android 8.1 (Oreo)', 'Mediatek MT6739 (28 nm)', 'Quad-core 1.3 GHz Cortex-A53', NULL, '5.99 inches, 92.6 cm 2 (~74.9% screen-to-body ratio)', 'IPS LCD', '720 x 1440 pixels, 18:9 ratio (~269 ppi density)', '3GB', '32GB', '13 MP, AF Auxiliary lens, LED flash, HDR', '8 MP', 'Li-Po 3000 mAh battery', NULL, 'No', 'microUSB 2.0', '4.2, A2DP, LE', 'Wi-Fi 802.11 b/g/n', 'Dark Green', '182 g (6.42 oz)', '161.5 x 76.5 x 8.8 mm (6.36 x 3.01 x 0.35 in)', 'Nano-SIM + Nano-SIM', 'Fingerprint (rear-mounted), accelerometer, proximity', NULL, NULL, NULL, '[{"category":"Network","specs":[{"label":"Technology","value":"GSM / HSPA / LTE"},{"label":"2G bands","value":"GSM 850 / 900 / 1800 / 1900"},{"label":"3G bands","value":"HSDPA 900 / 2100"},{"label":"4G bands","value":"1, 3, 7, 20, 38"},{"label":"Speed","value":"HSPA 21.1/5.76 Mbps, LTE Cat4 150/50 Mbps"}]},{"category":"Launch","specs":[{"label":"Announced","value":"2019, April. Released 2019, April"},{"label":"Status","value":"Discontinued"}]},{"category":"Body","specs":[{"label":"Dimensions","value":"161.5 x 76.5 x 8.8 mm (6.36 x 3.01 x 0.35 in)"},{"label":"Weight","value":"182 g (6.42 oz)"},{"label":"SIM","value":"Nano-SIM + Nano-SIM"}]},{"category":"Display","specs":[{"label":"Type","value":"IPS LCD"},{"label":"Size","value":"5.99 inches, 92.6 cm 2 (~74.9% screen-to-body ratio)"},{"label":"Resolution","value":"720 x 1440 pixels, 18:9 ratio (~269 ppi density)"}]},{"category":"Platform","specs":[{"label":"OS","value":"Android 8.1 (Oreo)"},{"label":"Chipset","value":"Mediatek MT6739 (28 nm)"},{"label":"CPU","value":"Quad-core 1.3 GHz Cortex-A53"}]},{"category":"Memory","specs":[{"label":"Card slot","value":"microSDXC"},{"label":"Internal","value":"32GB 3GB RAM"}]},{"category":"Main Camera","specs":[{"label":"Dual","value":"13 MP, AF Auxiliary lens"},{"label":"Features","value":"LED flash, HDR"},{"label":"Video","value":"1080p@30fps"}]},{"category":"Selfie camera","specs":[{"label":"Single","value":"8 MP"},{"label":"Features","value":"LED flash"}]},{"category":"Sound","specs":[{"label":"Loudspeaker","value":"Yes"},{"label":"3.5mm jack","value":"Yes"}]},{"category":"Comms","specs":[{"label":"WLAN","value":"Wi-Fi 802.11 b/g/n"},{"label":"Bluetooth","value":"4.2, A2DP, LE"},{"label":"Positioning","value":"GPS"},{"label":"NFC","value":"No"},{"label":"USB","value":"microUSB 2.0"},{"label":"Radio","value":"FM radio"}]},{"category":"Features","specs":[{"label":"Sensors","value":"Fingerprint (rear-mounted), accelerometer, proximity"}]},{"category":"Battery","specs":[{"label":"Type","value":"Li-Po 3000 mAh battery"}]},{"category":"Misc","specs":[{"label":"Colors","value":"Dark Green"},{"label":"SAR EU","value":"1.38 W/kg (head)"}]}]');
INSERT OR IGNORE INTO device_pictures (device_id, url, position) VALUES (1427, 'https://fdn2.gsmarena.com/vv/bigpic/allview-p10-pro.jpg', 0);
INSERT OR IGNORE INTO device_pictures (device_id, url, position) VALUES (1427, 'https://fdn2.gsmarena.com/vv/pics/allview/allview-p10-pro.jpg', 1);
INSERT OR IGNORE INTO devices (id, brand_id, name, gsmarena_url, thumbnail_url, summary) VALUES (1428, 8, 'P10 Max', 'https://www.gsmarena.com/allview_p10_max-9687.php', 'https://fdn2.gsmarena.com/vv/bigpic/allview-p10-max.jpg', 'P10 Max');
INSERT OR IGNORE INTO device_specs (device_id, announced, status, network, os, chipset, cpu, gpu, display_size, display_type, display_res, ram, storage, main_camera, selfie_camera, battery, charging, nfc, usb, bluetooth, wlan, colors, weight, dimensions, sim, sensors, popularity, fans, rating, full_specs_json) VALUES (1428, '2019, April. Released 2019, April', 'Discontinued', 'GSM / HSPA / LTE / 4G/LTE', 'Android 8.1 Oreo (Go edition)', 'Mediatek MT6739 (28 nm)', 'Quad-core 1.3 GHz Cortex-A53', NULL, '5.99 inches, 92.6 cm 2 (~74.2% screen-to-body ratio)', 'IPS LCD', '480 x 960 pixels, 18:9 ratio (~179 ppi density)', '1GB', '8GB', '13 MP, AF, LED flash, HDR', '13 MP', 'Li-Po 3200 mAh battery', NULL, 'No', 'microUSB 2.0', '4.0, A2DP, LE', 'Wi-Fi 802.11 b/g/n', 'Blue Purple', '172 g (6.07 oz)', '160.7 x 77.7 x 8.3 mm (6.33 x 3.06 x 0.33 in)', 'Nano-SIM + Nano-SIM', 'Fingerprint (rear-mounted), accelerometer, proximity', NULL, NULL, NULL, '[{"category":"Network","specs":[{"label":"Technology","value":"GSM / HSPA / LTE"},{"label":"2G bands","value":"GSM 850 / 900 / 1800 / 1900"},{"label":"3G bands","value":"HSDPA 900 / 2100"},{"label":"4G bands","value":"1, 3, 7, 20, 38"},{"label":"Speed","value":"HSPA 21.1/5.76 Mbps, LTE Cat4 150/50 Mbps"}]},{"category":"Launch","specs":[{"label":"Announced","value":"2019, April. Released 2019, April"},{"label":"Status","value":"Discontinued"}]},{"category":"Body","specs":[{"label":"Dimensions","value":"160.7 x 77.7 x 8.3 mm (6.33 x 3.06 x 0.33 in)"},{"label":"Weight","value":"172 g (6.07 oz)"},{"label":"SIM","value":"Nano-SIM + Nano-SIM"}]},{"category":"Display","specs":[{"label":"Type","value":"IPS LCD"},{"label":"Size","value":"5.99 inches, 92.6 cm 2 (~74.2% screen-to-body ratio)"},{"label":"Resolution","value":"480 x 960 pixels, 18:9 ratio (~179 ppi density)"}]},{"category":"Platform","specs":[{"label":"OS","value":"Android 8.1 Oreo (Go edition)"},{"label":"Chipset","value":"Mediatek MT6739 (28 nm)"},{"label":"CPU","value":"Quad-core 1.3 GHz Cortex-A53"}]},{"category":"Memory","specs":[{"label":"Card slot","value":"microSDXC"},{"label":"Internal","value":"8GB 1GB RAM"}]},{"category":"Main Camera","specs":[{"label":"Single","value":"13 MP, AF"},{"label":"Features","value":"LED flash, HDR"},{"label":"Video","value":"1080p@30fps"}]},{"category":"Selfie camera","specs":[{"label":"Single","value":"13 MP"}]},{"category":"Sound","specs":[{"label":"Loudspeaker","value":"Yes"},{"label":"3.5mm jack","value":"Yes"}]},{"category":"Comms","specs":[{"label":"WLAN","value":"Wi-Fi 802.11 b/g/n"},{"label":"Bluetooth","value":"4.0, A2DP, LE"},{"label":"Positioning","value":"GPS"},{"label":"NFC","value":"No"},{"label":"USB","value":"microUSB 2.0"},{"label":"Radio","value":"FM radio"}]},{"category":"Features","specs":[{"label":"Sensors","value":"Fingerprint (rear-mounted), accelerometer, proximity"}]},{"category":"Battery","specs":[{"label":"Type","value":"Li-Po 3200 mAh battery"}]},{"category":"Misc","specs":[{"label":"Colors","value":"Blue Purple"},{"label":"SAR EU","value":"0.85 W/kg (head)"}]}]');
INSERT OR IGNORE INTO device_pictures (device_id, url, position) VALUES (1428, 'https://fdn2.gsmarena.com/vv/bigpic/allview-p10-max.jpg', 0);
INSERT OR IGNORE INTO device_pictures (device_id, url, position) VALUES (1428, 'https://fdn2.gsmarena.com/vv/pics/allview/allview-p10-max.jpg', 1);
INSERT OR IGNORE INTO devices (id, brand_id, name, gsmarena_url, thumbnail_url, summary) VALUES (1429, 8, 'P10 Mini', 'https://www.gsmarena.com/allview_p10_mini-9688.php', 'https://fdn2.gsmarena.com/vv/bigpic/allview-p10-mini.jpg', 'P10 Mini');
INSERT OR IGNORE INTO device_specs (device_id, announced, status, network, os, chipset, cpu, gpu, display_size, display_type, display_res, ram, storage, main_camera, selfie_camera, battery, charging, nfc, usb, bluetooth, wlan, colors, weight, dimensions, sim, sensors, popularity, fans, rating, full_specs_json) VALUES (1429, '2019, April. Released 2019, April', 'Discontinued', 'GSM / HSPA / LTE / 4G/LTE', 'Android 8.1 Oreo (Go edition)', NULL, 'Quad-core 1.3 GHz Cortex-A53', NULL, '5.0 inches, 68.9 cm 2 (~66.4% screen-to-body ratio)', 'IPS LCD', '720 x 1280 pixels, 16:9 ratio (~294 ppi density)', '1GB', '8GB', '8 MP, AF, LED flash, HDR', '2 MP', 'Li-Po 2400 mAh battery', NULL, 'No', 'microUSB 2.0', '4.2, A2DP, LE', 'Wi-Fi 802.11 b/g/n', 'Black', '152.6 g (5.40 oz)', '144.2 x 72 x 9.9 mm (5.68 x 2.83 x 0.39 in)', 'Dual SIM (Micro-SIM, dual stand-by)', 'Accelerometer', NULL, NULL, NULL, '[{"category":"Network","specs":[{"label":"Technology","value":"GSM / HSPA / LTE"},{"label":"2G bands","value":"GSM 850 / 900 / 1800 / 1900"},{"label":"3G bands","value":"HSDPA 900 / 2100"},{"label":"4G bands","value":"1, 3, 7, 20, 38"},{"label":"Speed","value":"HSPA 21.1/5.76 Mbps, LTE Cat4 150/50 Mbps"}]},{"category":"Launch","specs":[{"label":"Announced","value":"2019, April. Released 2019, April"},{"label":"Status","value":"Discontinued"}]},{"category":"Body","specs":[{"label":"Dimensions","value":"144.2 x 72 x 9.9 mm (5.68 x 2.83 x 0.39 in)"},{"label":"Weight","value":"152.6 g (5.40 oz)"},{"label":"SIM","value":"Dual SIM (Micro-SIM, dual stand-by)"}]},{"category":"Display","specs":[{"label":"Type","value":"IPS LCD"},{"label":"Size","value":"5.0 inches, 68.9 cm 2 (~66.4% screen-to-body ratio)"},{"label":"Resolution","value":"720 x 1280 pixels, 16:9 ratio (~294 ppi density)"}]},{"category":"Platform","specs":[{"label":"OS","value":"Android 8.1 Oreo (Go edition)"},{"label":"CPU","value":"Quad-core 1.3 GHz Cortex-A53"}]},{"category":"Memory","specs":[{"label":"Card slot","value":"microSDXC"},{"label":"Internal","value":"8GB 1GB RAM"}]},{"category":"Main Camera","specs":[{"label":"Single","value":"8 MP, AF"},{"label":"Features","value":"LED flash, HDR"},{"label":"Video","value":"1080p@30fps"}]},{"category":"Selfie camera","specs":[{"label":"Single","value":"2 MP"}]},{"category":"Sound","specs":[{"label":"Loudspeaker","value":"Yes"},{"label":"3.5mm jack","value":"Yes"}]},{"category":"Comms","specs":[{"label":"WLAN","value":"Wi-Fi 802.11 b/g/n"},{"label":"Bluetooth","value":"4.2, A2DP, LE"},{"label":"Positioning","value":"GPS"},{"label":"NFC","value":"No"},{"label":"USB","value":"microUSB 2.0"},{"label":"Radio","value":"FM radio"}]},{"category":"Features","specs":[{"label":"Sensors","value":"Accelerometer"}]},{"category":"Battery","specs":[{"label":"Type","value":"Li-Po 2400 mAh battery"}]},{"category":"Misc","specs":[{"label":"Colors","value":"Black"},{"label":"SAR EU","value":"0.72 W/kg (head)"}]}]');
INSERT OR IGNORE INTO device_pictures (device_id, url, position) VALUES (1429, 'https://fdn2.gsmarena.com/vv/bigpic/allview-p10-mini.jpg', 0);
INSERT OR IGNORE INTO device_pictures (device_id, url, position) VALUES (1429, 'https://fdn2.gsmarena.com/vv/pics/allview/allview-p10-mini.jpg', 1);
INSERT OR IGNORE INTO devices (id, brand_id, name, gsmarena_url, thumbnail_url, summary) VALUES (1430, 8, 'P10 Life', 'https://www.gsmarena.com/allview_p10_life-9621.php', 'https://fdn2.gsmarena.com/vv/bigpic/allview-p10-life.jpg', 'P10 Life');
INSERT OR IGNORE INTO device_specs (device_id, announced, status, network, os, chipset, cpu, gpu, display_size, display_type, display_res, ram, storage, main_camera, selfie_camera, battery, charging, nfc, usb, bluetooth, wlan, colors, weight, dimensions, sim, sensors, popularity, fans, rating, full_specs_json) VALUES (1430, '2019, January. Released 2019, January', 'Discontinued', 'GSM / HSPA / LTE / 4G/LTE', 'Android 8.1 (Oreo)', 'Mediatek MT6739 (28 nm)', 'Quad-core 1.3 GHz Cortex-A53', NULL, '5.34 inches, 73.6 cm 2 (~68.5% screen-to-body ratio)', 'IPS LCD', '480 x 960 pixels, 18:9 ratio (~201 ppi density)', '2GB', '16GB', '8 MP, AF, LED flash, HDR', '5 MP', 'Li-Po 2500 mAh battery', NULL, 'No', 'microUSB 2.0', '4.2, A2DP, LE', 'Wi-Fi 802.11 b/g/n', 'Blue', '177.6 g (6.28 oz)', '149.4 x 71.9 x 9.4 mm (5.88 x 2.83 x 0.37 in)', 'Dual SIM (Micro-SIM, dual stand-by)', 'Accelerometer, proximity', NULL, NULL, NULL, '[{"category":"Network","specs":[{"label":"Technology","value":"GSM / HSPA / LTE"},{"label":"2G bands","value":"GSM 850 / 900 / 1800 / 1900"},{"label":"3G bands","value":"HSDPA 900 / 2100"},{"label":"4G bands","value":"1, 3, 7, 20, 38"},{"label":"Speed","value":"HSPA 21.1/5.76 Mbps, LTE Cat4 150/50 Mbps"}]},{"category":"Launch","specs":[{"label":"Announced","value":"2019, January. Released 2019, January"},{"label":"Status","value":"Discontinued"}]},{"category":"Body","specs":[{"label":"Dimensions","value":"149.4 x 71.9 x 9.4 mm (5.88 x 2.83 x 0.37 in)"},{"label":"Weight","value":"177.6 g (6.28 oz)"},{"label":"SIM","value":"Dual SIM (Micro-SIM, dual stand-by)"}]},{"category":"Display","specs":[{"label":"Type","value":"IPS LCD"},{"label":"Size","value":"5.34 inches, 73.6 cm 2 (~68.5% screen-to-body ratio)"},{"label":"Resolution","value":"480 x 960 pixels, 18:9 ratio (~201 ppi density)"}]},{"category":"Platform","specs":[{"label":"OS","value":"Android 8.1 (Oreo)"},{"label":"Chipset","value":"Mediatek MT6739 (28 nm)"},{"label":"CPU","value":"Quad-core 1.3 GHz Cortex-A53"}]},{"category":"Memory","specs":[{"label":"Card slot","value":"microSDXC"},{"label":"Internal","value":"16GB 2GB RAM"}]},{"category":"Main Camera","specs":[{"label":"Single","value":"8 MP, AF"},{"label":"Features","value":"LED flash, HDR"},{"label":"Video","value":"1080p@30fps"}]},{"category":"Selfie camera","specs":[{"label":"Single","value":"5 MP"}]},{"category":"Sound","specs":[{"label":"Loudspeaker","value":"Yes"},{"label":"3.5mm jack","value":"Yes"}]},{"category":"Comms","specs":[{"label":"WLAN","value":"Wi-Fi 802.11 b/g/n"},{"label":"Bluetooth","value":"4.2, A2DP, LE"},{"label":"Positioning","value":"GPS"},{"label":"NFC","value":"No"},{"label":"USB","value":"microUSB 2.0"},{"label":"Radio","value":"FM radio"}]},{"category":"Features","specs":[{"label":"Sensors","value":"Accelerometer, proximity"}]},{"category":"Battery","specs":[{"label":"Type","value":"Li-Po 2500 mAh battery"}]},{"category":"Misc","specs":[{"label":"Colors","value":"Blue"},{"label":"SAR EU","value":"0.80 W/kg (head)"}]}]');
INSERT OR IGNORE INTO device_pictures (device_id, url, position) VALUES (1430, 'https://fdn2.gsmarena.com/vv/bigpic/allview-p10-life.jpg', 0);
INSERT OR IGNORE INTO device_pictures (device_id, url, position) VALUES (1430, 'https://fdn2.gsmarena.com/vv/pics/allview/allview-p10-life.jpg', 1);
INSERT OR IGNORE INTO devices (id, brand_id, name, gsmarena_url, thumbnail_url, summary) VALUES (1431, 8, 'A10 Lite 2019', 'https://www.gsmarena.com/allview_a10_lite_2019-9504.php', 'https://fdn2.gsmarena.com/vv/bigpic/allview-10-lite-2019.jpg', 'A10 Lite 2019');
INSERT OR IGNORE INTO device_specs (device_id, announced, status, network, os, chipset, cpu, gpu, display_size, display_type, display_res, ram, storage, main_camera, selfie_camera, battery, charging, nfc, usb, bluetooth, wlan, colors, weight, dimensions, sim, sensors, popularity, fans, rating, full_specs_json) VALUES (1431, '2018, October. Released 2018, October', 'Discontinued', 'GSM / HSPA', 'Android 8.1 Oreo (Go edition)', 'Mediatek MT6580M (28 nm)', 'Quad-core 1.3 GHz Cortex-A7', 'Mali-400MP2', '5.34 inches, 73.6 cm 2 (~70.4% screen-to-body ratio)', 'IPS LCD', '480 x 960 pixels, 18:9 ratio (~201 ppi density)', '1GB', '8GB', '8 MP, AF, LED flash, HDR', '2 MP', 'Li-Ion 2150 mAh battery', NULL, 'No', 'microUSB 2.0', '4.0, A2DP, LE', 'Wi-Fi 802.11 b/g/n', 'Black, Gold', '152 g (5.36 oz)', '145.5 x 71.8 x 9.9 mm (5.73 x 2.83 x 0.39 in)', 'Dual SIM (Micro-SIM, dual stand-by)', 'Accelerometer, proximity', NULL, NULL, NULL, '[{"category":"Network","specs":[{"label":"Technology","value":"GSM / HSPA"},{"label":"2G bands","value":"GSM 850 / 900 / 1800 / 1900"},{"label":"3G bands","value":"HSDPA 900 / 2100"},{"label":"Speed","value":"HSPA 21.1/5.76 Mbps"}]},{"category":"Launch","specs":[{"label":"Announced","value":"2018, October. Released 2018, October"},{"label":"Status","value":"Discontinued"}]},{"category":"Body","specs":[{"label":"Dimensions","value":"145.5 x 71.8 x 9.9 mm (5.73 x 2.83 x 0.39 in)"},{"label":"Weight","value":"152 g (5.36 oz)"},{"label":"SIM","value":"Dual SIM (Micro-SIM, dual stand-by)"}]},{"category":"Display","specs":[{"label":"Type","value":"IPS LCD"},{"label":"Size","value":"5.34 inches, 73.6 cm 2 (~70.4% screen-to-body ratio)"},{"label":"Resolution","value":"480 x 960 pixels, 18:9 ratio (~201 ppi density)"}]},{"category":"Platform","specs":[{"label":"OS","value":"Android 8.1 Oreo (Go edition)"},{"label":"Chipset","value":"Mediatek MT6580M (28 nm)"},{"label":"CPU","value":"Quad-core 1.3 GHz Cortex-A7"},{"label":"GPU","value":"Mali-400MP2"}]},{"category":"Memory","specs":[{"label":"Card slot","value":"microSDXC"},{"label":"Internal","value":"8GB 1GB RAM"}]},{"category":"Main Camera","specs":[{"label":"Single","value":"8 MP, AF"},{"label":"Features","value":"LED flash, HDR"},{"label":"Video","value":"720p"}]},{"category":"Selfie camera","specs":[{"label":"Single","value":"2 MP"},{"label":"Features","value":"LED flash"}]},{"category":"Sound","specs":[{"label":"Loudspeaker","value":"Yes"},{"label":"3.5mm jack","value":"Yes"}]},{"category":"Comms","specs":[{"label":"WLAN","value":"Wi-Fi 802.11 b/g/n"},{"label":"Bluetooth","value":"4.0, A2DP, LE"},{"label":"Positioning","value":"GPS"},{"label":"NFC","value":"No"},{"label":"USB","value":"microUSB 2.0"},{"label":"Radio","value":"FM radio"}]},{"category":"Features","specs":[{"label":"Sensors","value":"Accelerometer, proximity"}]},{"category":"Battery","specs":[{"label":"Type","value":"Li-Ion 2150 mAh battery"}]},{"category":"Misc","specs":[{"label":"Colors","value":"Black, Gold"},{"label":"SAR EU","value":"0.97 W/kg (head)"}]}]');
INSERT OR IGNORE INTO device_pictures (device_id, url, position) VALUES (1431, 'https://fdn2.gsmarena.com/vv/bigpic/allview-10-lite-2019.jpg', 0);
INSERT OR IGNORE INTO device_pictures (device_id, url, position) VALUES (1431, 'https://fdn2.gsmarena.com/vv/pics/allview/allview-10-lite-2019-1.jpg', 1);
INSERT OR IGNORE INTO device_pictures (device_id, url, position) VALUES (1431, 'https://fdn2.gsmarena.com/vv/pics/allview/allview-10-lite-2019-2.jpg', 2);
INSERT OR IGNORE INTO devices (id, brand_id, name, gsmarena_url, thumbnail_url, summary) VALUES (1432, 8, 'Allwatch Hybrid T', 'https://www.gsmarena.com/allview_allwatch_hybrid_t-9492.php', 'https://fdn2.gsmarena.com/vv/bigpic/allview-hybrid-t.jpg', 'Allwatch Hybrid T');
INSERT OR IGNORE INTO device_specs (device_id, announced, status, network, os, chipset, cpu, gpu, display_size, display_type, display_res, ram, storage, main_camera, selfie_camera, battery, charging, nfc, usb, bluetooth, wlan, colors, weight, dimensions, sim, sensors, popularity, fans, rating, full_specs_json) VALUES (1432, '2018, December. Released 2018, December', 'Discontinued', 'No cellular connectivity', 'Proprietary OS', NULL, NULL, NULL, '1.22 inches', 'LCD', '240 x 240 pixels (~278 ppi density)', NULL, NULL, NULL, NULL, 'Li-Po 200 mAh, non-removable', NULL, 'No', 'No', '4.2, A2DP, LE', 'No', 'Black', '88 g (3.10 oz)', '50.6 x 44 x 14.6 mm (1.99 x 1.73 x 0.57 in)', 'No', 'Accelerometer, heart rate', NULL, NULL, NULL, '[{"category":"Network","specs":[{"label":"Technology","value":"No cellular connectivity"},{"label":"2G bands","value":"N/A"},{"label":"GPRS","value":"No"},{"label":"EDGE","value":"No"}]},{"category":"Launch","specs":[{"label":"Announced","value":"2018, December. Released 2018, December"},{"label":"Status","value":"Discontinued"}]},{"category":"Body","specs":[{"label":"Dimensions","value":"50.6 x 44 x 14.6 mm (1.99 x 1.73 x 0.57 in)"},{"label":"Weight","value":"88 g (3.10 oz)"},{"label":"SIM","value":"No"}]},{"category":"Display","specs":[{"label":"Type","value":"LCD"},{"label":"Size","value":"1.22 inches"},{"label":"Resolution","value":"240 x 240 pixels (~278 ppi density)"}]},{"category":"Platform","specs":[{"label":"OS","value":"Proprietary OS"}]},{"category":"Memory","specs":[{"label":"Card slot","value":"No"}]},{"category":"Sound","specs":[{"label":"Loudspeaker","value":"No"},{"label":"3.5mm jack","value":"No"}]},{"category":"Comms","specs":[{"label":"WLAN","value":"No"},{"label":"Bluetooth","value":"4.2, A2DP, LE"},{"label":"Positioning","value":"No"},{"label":"NFC","value":"No"},{"label":"USB","value":"No"},{"label":"Radio","value":"No"}]},{"category":"Features","specs":[{"label":"Sensors","value":"Accelerometer, heart rate"}]},{"category":"Battery","specs":[{"label":"Type","value":"Li-Po 200 mAh, non-removable"}]},{"category":"Misc","specs":[{"label":"Colors","value":"Black"}]}]');
INSERT OR IGNORE INTO device_pictures (device_id, url, position) VALUES (1432, 'https://fdn2.gsmarena.com/vv/bigpic/allview-hybrid-t.jpg', 0);
INSERT OR IGNORE INTO device_pictures (device_id, url, position) VALUES (1432, 'https://fdn2.gsmarena.com/vv/pics/allview/allview-hybrid-t.jpg', 1);
INSERT OR IGNORE INTO devices (id, brand_id, name, gsmarena_url, thumbnail_url, summary) VALUES (1433, 8, 'Allwatch Hybrid S', 'https://www.gsmarena.com/allview_allwatch_hybrid_s-9491.php', 'https://fdn2.gsmarena.com/vv/bigpic/allview-hybrid-s.jpg', 'Allwatch Hybrid S');
INSERT OR IGNORE INTO device_specs (device_id, announced, status, network, os, chipset, cpu, gpu, display_size, display_type, display_res, ram, storage, main_camera, selfie_camera, battery, charging, nfc, usb, bluetooth, wlan, colors, weight, dimensions, sim, sensors, popularity, fans, rating, full_specs_json) VALUES (1433, '2018, December. Released 2018, December', 'Discontinued', 'No cellular connectivity', 'Proprietary OS', NULL, NULL, NULL, '1.22 inches', 'LCD', '240 x 240 pixels (~278 ppi density)', NULL, NULL, NULL, NULL, 'Li-Po 200 mAh, non-removable', NULL, 'No', 'No', '4.2, A2DP, LE', 'No', 'Dark Gray', '88 g (3.10 oz)', '50.6 x 44 x 14.6 mm (1.99 x 1.73 x 0.57 in)', 'No', 'Accelerometer, heart rate', NULL, NULL, NULL, '[{"category":"Network","specs":[{"label":"Technology","value":"No cellular connectivity"},{"label":"2G bands","value":"N/A"},{"label":"GPRS","value":"No"},{"label":"EDGE","value":"No"}]},{"category":"Launch","specs":[{"label":"Announced","value":"2018, December. Released 2018, December"},{"label":"Status","value":"Discontinued"}]},{"category":"Body","specs":[{"label":"Dimensions","value":"50.6 x 44 x 14.6 mm (1.99 x 1.73 x 0.57 in)"},{"label":"Weight","value":"88 g (3.10 oz)"},{"label":"SIM","value":"No"}]},{"category":"Display","specs":[{"label":"Type","value":"LCD"},{"label":"Size","value":"1.22 inches"},{"label":"Resolution","value":"240 x 240 pixels (~278 ppi density)"}]},{"category":"Platform","specs":[{"label":"OS","value":"Proprietary OS"}]},{"category":"Memory","specs":[{"label":"Card slot","value":"No"}]},{"category":"Sound","specs":[{"label":"Loudspeaker","value":"No"},{"label":"3.5mm jack","value":"No"}]},{"category":"Comms","specs":[{"label":"WLAN","value":"No"},{"label":"Bluetooth","value":"4.2, A2DP, LE"},{"label":"Positioning","value":"No"},{"label":"NFC","value":"No"},{"label":"USB","value":"No"},{"label":"Radio","value":"No"}]},{"category":"Features","specs":[{"label":"Sensors","value":"Accelerometer, heart rate"}]},{"category":"Battery","specs":[{"label":"Type","value":"Li-Po 200 mAh, non-removable"}]},{"category":"Misc","specs":[{"label":"Colors","value":"Dark Gray"}]}]');
INSERT OR IGNORE INTO device_pictures (device_id, url, position) VALUES (1433, 'https://fdn2.gsmarena.com/vv/bigpic/allview-hybrid-s.jpg', 0);
INSERT OR IGNORE INTO device_pictures (device_id, url, position) VALUES (1433, 'https://fdn2.gsmarena.com/vv/pics/allview/allview-hybrid-s.jpg', 1);
INSERT OR IGNORE INTO devices (id, brand_id, name, gsmarena_url, thumbnail_url, summary) VALUES (1434, 8, 'A10 Plus', 'https://www.gsmarena.com/allview_a10_plus-9471.php', 'https://fdn2.gsmarena.com/vv/bigpic/allview-a10-plus.jpg', 'A10 Plus');
INSERT OR IGNORE INTO device_specs (device_id, announced, status, network, os, chipset, cpu, gpu, display_size, display_type, display_res, ram, storage, main_camera, selfie_camera, battery, charging, nfc, usb, bluetooth, wlan, colors, weight, dimensions, sim, sensors, popularity, fans, rating, full_specs_json) VALUES (1434, '2018, November. Released 2018, November', 'Discontinued', 'GSM / HSPA', 'Android 8.1 Oreo (Go edition)', 'Mediatek MT6580 (28 nm)', 'Quad-core 1.3 GHz Cortex-A7', 'Mali-400MP2', '5.34 inches, 73.6 cm 2 (~67.9% screen-to-body ratio)', 'IPS LCD', '480 x 960 pixels, 18:9 ratio (~201 ppi density)', '1GB', '8GB', '8 MP, AF, LED flash, HDR', '5 MP', 'Li-Ion 2200 mAh battery', NULL, 'No', 'microUSB 2.0', '4.0, A2DP, LE', 'Wi-Fi 802.11 b/g/n', 'Gray', '150 g (5.29 oz)', '151 x 71.8 x 9.6 mm (5.94 x 2.83 x 0.38 in)', 'Nano-SIM + Nano-SIM', 'Accelerometer', NULL, NULL, NULL, '[{"category":"Network","specs":[{"label":"Technology","value":"GSM / HSPA"},{"label":"2G bands","value":"GSM 850 / 900 / 1800 / 1900"},{"label":"3G bands","value":"HSDPA 900 / 2100"},{"label":"Speed","value":"HSPA 21.1/5.76 Mbps"}]},{"category":"Launch","specs":[{"label":"Announced","value":"2018, November. Released 2018, November"},{"label":"Status","value":"Discontinued"}]},{"category":"Body","specs":[{"label":"Dimensions","value":"151 x 71.8 x 9.6 mm (5.94 x 2.83 x 0.38 in)"},{"label":"Weight","value":"150 g (5.29 oz)"},{"label":"SIM","value":"Nano-SIM + Nano-SIM"}]},{"category":"Display","specs":[{"label":"Type","value":"IPS LCD"},{"label":"Size","value":"5.34 inches, 73.6 cm 2 (~67.9% screen-to-body ratio)"},{"label":"Resolution","value":"480 x 960 pixels, 18:9 ratio (~201 ppi density)"}]},{"category":"Platform","specs":[{"label":"OS","value":"Android 8.1 Oreo (Go edition)"},{"label":"Chipset","value":"Mediatek MT6580 (28 nm)"},{"label":"CPU","value":"Quad-core 1.3 GHz Cortex-A7"},{"label":"GPU","value":"Mali-400MP2"}]},{"category":"Memory","specs":[{"label":"Card slot","value":"microSDXC"},{"label":"Internal","value":"8GB 1GB RAM"}]},{"category":"Main Camera","specs":[{"label":"Single","value":"8 MP, AF"},{"label":"Features","value":"LED flash, HDR"},{"label":"Video","value":"720p"}]},{"category":"Selfie camera","specs":[{"label":"Single","value":"5 MP"},{"label":"Features","value":"LED flash"}]},{"category":"Sound","specs":[{"label":"Loudspeaker","value":"Yes"},{"label":"3.5mm jack","value":"Yes"}]},{"category":"Comms","specs":[{"label":"WLAN","value":"Wi-Fi 802.11 b/g/n"},{"label":"Bluetooth","value":"4.0, A2DP, LE"},{"label":"Positioning","value":"GPS"},{"label":"NFC","value":"No"},{"label":"USB","value":"microUSB 2.0"},{"label":"Radio","value":"FM radio"}]},{"category":"Features","specs":[{"label":"Sensors","value":"Accelerometer"}]},{"category":"Battery","specs":[{"label":"Type","value":"Li-Ion 2200 mAh battery"}]},{"category":"Misc","specs":[{"label":"Colors","value":"Gray"},{"label":"SAR EU","value":"0.99 W/kg (head)"}]}]');
INSERT OR IGNORE INTO device_pictures (device_id, url, position) VALUES (1434, 'https://fdn2.gsmarena.com/vv/bigpic/allview-a10-plus.jpg', 0);
INSERT OR IGNORE INTO device_pictures (device_id, url, position) VALUES (1434, 'https://fdn2.gsmarena.com/vv/pics/allview/allview-a10-plus.jpg', 1);
INSERT OR IGNORE INTO devices (id, brand_id, name, gsmarena_url, thumbnail_url, summary) VALUES (1435, 8, 'Soul X5 Style', 'https://www.gsmarena.com/allview_soul_x5_style-9400.php', 'https://fdn2.gsmarena.com/vv/bigpic/allview-soul-x5-style.jpg', 'Soul X5 Style');
INSERT OR IGNORE INTO device_specs (device_id, announced, status, network, os, chipset, cpu, gpu, display_size, display_type, display_res, ram, storage, main_camera, selfie_camera, battery, charging, nfc, usb, bluetooth, wlan, colors, weight, dimensions, sim, sensors, popularity, fans, rating, full_specs_json) VALUES (1435, '2018, November. Released 2018, November', 'Discontinued', 'GSM / HSPA / LTE / 4G/LTE', 'Android 8.1 (Oreo)', 'Mediatek MT6762 Helio P22 (12 nm)', 'Octa-core 2.0 GHz Cortex-A53', 'PowerVR GE8320', '6.2 inches, 96.7 cm 2 (~80.7% screen-to-body ratio)', 'IPS LCD', '720 x 1500 pixels (~268 ppi density)', '3GB', '32GB', '13 MP, AF Auxiliary lens, LED flash, HDR', '8 MP, f/2.2', 'Li-Po 4000 mAh, non-removable', NULL, 'No', 'microUSB 2.0', '5.0, A2DP, LE', 'Wi-Fi 802.11 a/b/g/n, Wi-Fi Direct', 'Blue, Gold', '168 g (5.93 oz)', '157.2 x 76.3 x 8.1 mm (6.19 x 3.00 x 0.32 in)', 'Nano-SIM + Micro-SIM', 'Fingerprint (rear-mounted), accelerometer, proximity, compass', 'About 220 EUR', NULL, NULL, '[{"category":"Network","specs":[{"label":"Technology","value":"GSM / HSPA / LTE"},{"label":"2G bands","value":"GSM 850 / 900 / 1800 / 1900"},{"label":"3G bands","value":"HSDPA 850 / 900 / 1900 / 2100"},{"label":"4G bands","value":"1, 2, 3, 5, 7, 8, 20, 38, 39, 40, 41"},{"label":"Speed","value":"HSPA 21.1/5.76 Mbps, LTE (2CA) Cat7 300/150 Mbps"}]},{"category":"Launch","specs":[{"label":"Announced","value":"2018, November. Released 2018, November"},{"label":"Status","value":"Discontinued"}]},{"category":"Body","specs":[{"label":"Dimensions","value":"157.2 x 76.3 x 8.1 mm (6.19 x 3.00 x 0.32 in)"},{"label":"Weight","value":"168 g (5.93 oz)"},{"label":"SIM","value":"Nano-SIM + Micro-SIM"}]},{"category":"Display","specs":[{"label":"Type","value":"IPS LCD"},{"label":"Size","value":"6.2 inches, 96.7 cm 2 (~80.7% screen-to-body ratio)"},{"label":"Resolution","value":"720 x 1500 pixels (~268 ppi density)"},{"label":"Protection","value":"Corning Gorilla Glass 3"}]},{"category":"Platform","specs":[{"label":"OS","value":"Android 8.1 (Oreo)"},{"label":"Chipset","value":"Mediatek MT6762 Helio P22 (12 nm)"},{"label":"CPU","value":"Octa-core 2.0 GHz Cortex-A53"},{"label":"GPU","value":"PowerVR GE8320"}]},{"category":"Memory","specs":[{"label":"Card slot","value":"microSDXC (uses shared SIM slot)"},{"label":"Internal","value":"32GB 3GB RAM"}]},{"category":"Main Camera","specs":[{"label":"Dual","value":"13 MP, AF Auxiliary lens"},{"label":"Features","value":"LED flash, HDR"},{"label":"Video","value":"1080p@30fps"}]},{"category":"Selfie camera","specs":[{"label":"Single","value":"8 MP, f/2.2"},{"label":"Features","value":"LED flash"}]},{"category":"Sound","specs":[{"label":"Loudspeaker","value":"Yes"},{"label":"3.5mm jack","value":"Yes"}]},{"category":"Comms","specs":[{"label":"WLAN","value":"Wi-Fi 802.11 a/b/g/n, Wi-Fi Direct"},{"label":"Bluetooth","value":"5.0, A2DP, LE"},{"label":"Positioning","value":"GPS"},{"label":"NFC","value":"No"},{"label":"USB","value":"microUSB 2.0"},{"label":"Radio","value":"FM radio"}]},{"category":"Features","specs":[{"label":"Sensors","value":"Fingerprint (rear-mounted), accelerometer, proximity, compass"}]},{"category":"Battery","specs":[{"label":"Type","value":"Li-Po 4000 mAh, non-removable"}]},{"category":"Misc","specs":[{"label":"Colors","value":"Blue, Gold"},{"label":"Price","value":"About 220 EUR"},{"label":"SAR EU","value":"1.21 W/kg (head)"}]}]');
INSERT OR IGNORE INTO device_pictures (device_id, url, position) VALUES (1435, 'https://fdn2.gsmarena.com/vv/bigpic/allview-soul-x5-style.jpg', 0);
INSERT OR IGNORE INTO device_pictures (device_id, url, position) VALUES (1435, 'https://fdn2.gsmarena.com/vv/pics/allview/allview-soul-x5-style0.jpg', 1);
INSERT OR IGNORE INTO device_pictures (device_id, url, position) VALUES (1435, 'https://fdn2.gsmarena.com/vv/pics/allview/allview-soul-x5-style1.jpg', 2);
INSERT OR IGNORE INTO device_pictures (device_id, url, position) VALUES (1435, 'https://fdn2.gsmarena.com/vv/pics/allview/allview-soul-x5-style2.jpg', 3);
INSERT OR IGNORE INTO devices (id, brand_id, name, gsmarena_url, thumbnail_url, summary) VALUES (1436, 8, 'Allwatch V', 'https://www.gsmarena.com/allview_allwatch_v-9392.php', 'https://fdn2.gsmarena.com/vv/bigpic/allview-allwatch-v.jpg', 'Allwatch V');
INSERT OR IGNORE INTO device_specs (device_id, announced, status, network, os, chipset, cpu, gpu, display_size, display_type, display_res, ram, storage, main_camera, selfie_camera, battery, charging, nfc, usb, bluetooth, wlan, colors, weight, dimensions, sim, sensors, popularity, fans, rating, full_specs_json) VALUES (1436, '2018, June. Released 2018, June', 'Discontinued', 'No cellular connectivity', 'Proprietary OS', NULL, NULL, NULL, '1.3 inches', 'LCD', '240 x 240 pixels (~261 ppi density)', NULL, NULL, NULL, NULL, 'Li-Po 130 mAh, non-removable', NULL, 'No', 'No', '4.0, A2DP, LE', 'No', 'Black', '39 g (1.38 oz)', '42 x 40 x 9.4 mm (1.65 x 1.57 x 0.37 in)', 'No', 'Accelerometer, heart rate', NULL, NULL, NULL, '[{"category":"Network","specs":[{"label":"Technology","value":"No cellular connectivity"},{"label":"2G bands","value":"N/A"},{"label":"GPRS","value":"No"},{"label":"EDGE","value":"No"}]},{"category":"Launch","specs":[{"label":"Announced","value":"2018, June. Released 2018, June"},{"label":"Status","value":"Discontinued"}]},{"category":"Body","specs":[{"label":"Dimensions","value":"42 x 40 x 9.4 mm (1.65 x 1.57 x 0.37 in)"},{"label":"Weight","value":"39 g (1.38 oz)"},{"label":"SIM","value":"No"}]},{"category":"Display","specs":[{"label":"Type","value":"LCD"},{"label":"Size","value":"1.3 inches"},{"label":"Resolution","value":"240 x 240 pixels (~261 ppi density)"}]},{"category":"Platform","specs":[{"label":"OS","value":"Proprietary OS"}]},{"category":"Memory","specs":[{"label":"Card slot","value":"No"}]},{"category":"Sound","specs":[{"label":"Loudspeaker","value":"No"},{"label":"3.5mm jack","value":"No"}]},{"category":"Comms","specs":[{"label":"WLAN","value":"No"},{"label":"Bluetooth","value":"4.0, A2DP, LE"},{"label":"Positioning","value":"No"},{"label":"NFC","value":"No"},{"label":"USB","value":"No"},{"label":"Radio","value":"No"}]},{"category":"Features","specs":[{"label":"Sensors","value":"Accelerometer, heart rate"}]},{"category":"Battery","specs":[{"label":"Type","value":"Li-Po 130 mAh, non-removable"}]},{"category":"Misc","specs":[{"label":"Colors","value":"Black"}]}]');
INSERT OR IGNORE INTO device_pictures (device_id, url, position) VALUES (1436, 'https://fdn2.gsmarena.com/vv/bigpic/allview-allwatch-v.jpg', 0);
INSERT OR IGNORE INTO device_pictures (device_id, url, position) VALUES (1436, 'https://fdn2.gsmarena.com/vv/pics/allview/allview-allwatch-v.jpg', 1);
INSERT OR IGNORE INTO devices (id, brand_id, name, gsmarena_url, thumbnail_url, summary) VALUES (1437, 8, 'Soul X5 Mini', 'https://www.gsmarena.com/allview_soul_x5_mini-9391.php', 'https://fdn2.gsmarena.com/vv/bigpic/allview-soul-x5-mini.jpg', 'Soul X5 Mini');
INSERT OR IGNORE INTO device_specs (device_id, announced, status, network, os, chipset, cpu, gpu, display_size, display_type, display_res, ram, storage, main_camera, selfie_camera, battery, charging, nfc, usb, bluetooth, wlan, colors, weight, dimensions, sim, sensors, popularity, fans, rating, full_specs_json) VALUES (1437, '2018, August. Released 2018, August', 'Discontinued', 'GSM / HSPA / LTE / 4G/LTE', 'Android 8.1 (Oreo)', 'Mediatek MT6739 (28 nm)', 'Quad-core 1.3 GHz Cortex-A53', 'PowerVR GE8100', '5.67 inches, 81.0 cm 2 (~77.2% screen-to-body ratio)', 'IPS LCD', '720 x 1498 pixels (~293 ppi density)', '2GB', '16GB', '13 MP, AF Auxiliary lens, LED flash, HDR', '5 MP', 'Li-Po 3050 mAh, non-removable', NULL, 'No', 'microUSB 2.0', '4.2, A2DP, LE', 'Wi-Fi 802.11 b/g/n', 'Black, Gold', '156 g (5.50 oz)', '149.4 x 70.2 x 8.8 mm (5.88 x 2.76 x 0.35 in)', 'Nano-SIM + Micro-SIM', 'Fingerprint (rear-mounted), accelerometer, proximity', NULL, NULL, NULL, '[{"category":"Network","specs":[{"label":"Technology","value":"GSM / HSPA / LTE"},{"label":"2G bands","value":"GSM 850 / 900 / 1800 / 1900"},{"label":"3G bands","value":"HSDPA 900 / 2100"},{"label":"4G bands","value":"1, 3, 7, 20, 38"},{"label":"Speed","value":"HSPA 21.1/5.76 Mbps, LTE"}]},{"category":"Launch","specs":[{"label":"Announced","value":"2018, August. Released 2018, August"},{"label":"Status","value":"Discontinued"}]},{"category":"Body","specs":[{"label":"Dimensions","value":"149.4 x 70.2 x 8.8 mm (5.88 x 2.76 x 0.35 in)"},{"label":"Weight","value":"156 g (5.50 oz)"},{"label":"SIM","value":"Nano-SIM + Micro-SIM"}]},{"category":"Display","specs":[{"label":"Type","value":"IPS LCD"},{"label":"Size","value":"5.67 inches, 81.0 cm 2 (~77.2% screen-to-body ratio)"},{"label":"Resolution","value":"720 x 1498 pixels (~293 ppi density)"},{"label":"Protection","value":"Asahi Glass"}]},{"category":"Platform","specs":[{"label":"OS","value":"Android 8.1 (Oreo)"},{"label":"Chipset","value":"Mediatek MT6739 (28 nm)"},{"label":"CPU","value":"Quad-core 1.3 GHz Cortex-A53"},{"label":"GPU","value":"PowerVR GE8100"}]},{"category":"Memory","specs":[{"label":"Card slot","value":"microSDXC (uses shared SIM slot)"},{"label":"Internal","value":"16GB 2GB RAM"}]},{"category":"Main Camera","specs":[{"label":"Dual","value":"13 MP, AF Auxiliary lens"},{"label":"Features","value":"LED flash, HDR"},{"label":"Video","value":"1080p@30fps"}]},{"category":"Selfie camera","specs":[{"label":"Single","value":"5 MP"}]},{"category":"Sound","specs":[{"label":"Loudspeaker","value":"Yes"},{"label":"3.5mm jack","value":"Yes"}]},{"category":"Comms","specs":[{"label":"WLAN","value":"Wi-Fi 802.11 b/g/n"},{"label":"Bluetooth","value":"4.2, A2DP, LE"},{"label":"Positioning","value":"GPS"},{"label":"NFC","value":"No"},{"label":"USB","value":"microUSB 2.0"},{"label":"Radio","value":"FM radio"}]},{"category":"Features","specs":[{"label":"Sensors","value":"Fingerprint (rear-mounted), accelerometer, proximity"}]},{"category":"Battery","specs":[{"label":"Type","value":"Li-Po 3050 mAh, non-removable"}]},{"category":"Misc","specs":[{"label":"Colors","value":"Black, Gold"},{"label":"SAR EU","value":"0.66 W/kg (head)"}]}]');
INSERT OR IGNORE INTO device_pictures (device_id, url, position) VALUES (1437, 'https://fdn2.gsmarena.com/vv/bigpic/allview-soul-x5-mini.jpg', 0);
INSERT OR IGNORE INTO device_pictures (device_id, url, position) VALUES (1437, 'https://fdn2.gsmarena.com/vv/pics/allview/allview-soul-x5-mini-1.jpg', 1);
INSERT OR IGNORE INTO devices (id, brand_id, name, gsmarena_url, thumbnail_url, summary) VALUES (1438, 8, 'P10 Style', 'https://www.gsmarena.com/allview_p10_style-9379.php', 'https://fdn2.gsmarena.com/vv/bigpic/allview-p10-style.jpg', 'P10 Style');
INSERT OR IGNORE INTO device_specs (device_id, announced, status, network, os, chipset, cpu, gpu, display_size, display_type, display_res, ram, storage, main_camera, selfie_camera, battery, charging, nfc, usb, bluetooth, wlan, colors, weight, dimensions, sim, sensors, popularity, fans, rating, full_specs_json) VALUES (1438, '2018, October. Released 2018, October', 'Discontinued', 'GSM / HSPA / LTE / 4G/LTE', 'Android 8.1 Oreo (Go edition)', 'Mediatek MT6739M (28 nm)', 'Quad-core 1.5 GHz Cortex-A53', 'PowerVR GE8100', '5.34 inches, 73.6 cm 2 (~72.1% screen-to-body ratio)', 'IPS LCD', '480 x 960 pixels, 18:9 ratio (~201 ppi density)', '1GB', '8GB', '8 MP, AF, LED flash', '8 MP', 'Li-Po 2300 mAh, non-removable', NULL, 'No', 'microUSB 2.0', '4.2, A2DP, LE', 'Wi-Fi 802.11 a/b/g/n', 'Black, Gold', '140 g (4.94 oz)', '145.8 x 70 x 8.8 mm (5.74 x 2.76 x 0.35 in)', 'Nano-SIM + Micro-SIM', 'Fingerprint (rear-mounted), accelerometer, proximity', NULL, NULL, NULL, '[{"category":"Network","specs":[{"label":"Technology","value":"GSM / HSPA / LTE"},{"label":"2G bands","value":"GSM 850 / 900 / 1800 / 1900"},{"label":"3G bands","value":"HSDPA 850 / 900 / 1900 / 2100"},{"label":"4G bands","value":"1, 2, 3, 5, 7, 8, 20, 38, 39, 40, 41"},{"label":"Speed","value":"HSPA 21.1/5.76 Mbps, LTE Cat4 150/50 Mbps"}]},{"category":"Launch","specs":[{"label":"Announced","value":"2018, October. Released 2018, October"},{"label":"Status","value":"Discontinued"}]},{"category":"Body","specs":[{"label":"Dimensions","value":"145.8 x 70 x 8.8 mm (5.74 x 2.76 x 0.35 in)"},{"label":"Weight","value":"140 g (4.94 oz)"},{"label":"SIM","value":"Nano-SIM + Micro-SIM"}]},{"category":"Display","specs":[{"label":"Type","value":"IPS LCD"},{"label":"Size","value":"5.34 inches, 73.6 cm 2 (~72.1% screen-to-body ratio)"},{"label":"Resolution","value":"480 x 960 pixels, 18:9 ratio (~201 ppi density)"}]},{"category":"Platform","specs":[{"label":"OS","value":"Android 8.1 Oreo (Go edition)"},{"label":"Chipset","value":"Mediatek MT6739M (28 nm)"},{"label":"CPU","value":"Quad-core 1.5 GHz Cortex-A53"},{"label":"GPU","value":"PowerVR GE8100"}]},{"category":"Memory","specs":[{"label":"Card slot","value":"microSDXC (uses shared SIM slot)"},{"label":"Internal","value":"8GB 1GB RAM"}]},{"category":"Main Camera","specs":[{"label":"Single","value":"8 MP, AF"},{"label":"Features","value":"LED flash"},{"label":"Video","value":"1080p@30fps"}]},{"category":"Selfie camera","specs":[{"label":"Single","value":"8 MP"}]},{"category":"Sound","specs":[{"label":"Loudspeaker","value":"Yes"},{"label":"3.5mm jack","value":"Yes"}]},{"category":"Comms","specs":[{"label":"WLAN","value":"Wi-Fi 802.11 a/b/g/n"},{"label":"Bluetooth","value":"4.2, A2DP, LE"},{"label":"Positioning","value":"GPS"},{"label":"NFC","value":"No"},{"label":"USB","value":"microUSB 2.0"},{"label":"Radio","value":"FM radio"}]},{"category":"Features","specs":[{"label":"Sensors","value":"Fingerprint (rear-mounted), accelerometer, proximity"}]},{"category":"Battery","specs":[{"label":"Type","value":"Li-Po 2300 mAh, non-removable"}]},{"category":"Misc","specs":[{"label":"Colors","value":"Black, Gold"},{"label":"SAR EU","value":"1.26 W/kg (head)"}]}]');
INSERT OR IGNORE INTO device_pictures (device_id, url, position) VALUES (1438, 'https://fdn2.gsmarena.com/vv/bigpic/allview-p10-style.jpg', 0);
INSERT OR IGNORE INTO device_pictures (device_id, url, position) VALUES (1438, 'https://fdn2.gsmarena.com/vv/pics/allview/allview-p10-style1.jpg', 1);
INSERT OR IGNORE INTO device_pictures (device_id, url, position) VALUES (1438, 'https://fdn2.gsmarena.com/vv/pics/allview/allview-p10-style2.jpg', 2);
INSERT OR IGNORE INTO devices (id, brand_id, name, gsmarena_url, thumbnail_url, summary) VALUES (1439, 8, 'X5 Soul', 'https://www.gsmarena.com/allview_x5_soul-9326.php', 'https://fdn2.gsmarena.com/vv/bigpic/allview-soul-x5.jpg', 'X5 Soul');
INSERT OR IGNORE INTO device_specs (device_id, announced, status, network, os, chipset, cpu, gpu, display_size, display_type, display_res, ram, storage, main_camera, selfie_camera, battery, charging, nfc, usb, bluetooth, wlan, colors, weight, dimensions, sim, sensors, popularity, fans, rating, full_specs_json) VALUES (1439, '2018, August. Released 2018, August', 'Discontinued', 'GSM / HSPA / LTE / 4G/LTE', 'Android 8.1 (Oreo)', 'Mediatek MT6762 Helio P22 (12 nm)', 'Octa-core 2.0 GHz Cortex-A53', 'PowerVR GE8320', '5.86 inches, 85.7 cm 2 (~79.9% screen-to-body ratio)', 'IPS LCD', '720 x 1520 pixels, 19:9 ratio (~287 ppi density)', '4GB', '32GB', '16 MP, f/2.0, PDAF Auxiliary lens, LED flash, HDR, panorama', '16 MP, f/2.0, 26mm (wide), 1/3.06", 1.0µm', 'Li-Po 3000 mAh, non-removable', NULL, 'No', 'USB Type-C 2.0', '4.2, A2DP, LE', 'Wi-Fi 802.11 a/b/g/n/ac, Wi-Fi Direct', 'Black', '185 g (6.53 oz)', '149 x 72 x 7.9 mm (5.87 x 2.83 x 0.31 in)', 'Nano-SIM + Micro-SIM', 'Fingerprint (rear-mounted), accelerometer, gyro, proximity, compass', NULL, NULL, NULL, '[{"category":"Network","specs":[{"label":"Technology","value":"GSM / HSPA / LTE"},{"label":"2G bands","value":"GSM 850 / 900 / 1800 / 1900"},{"label":"3G bands","value":"HSDPA 850 / 900 / 1900 / 2100"},{"label":"4G bands","value":"1, 3, 5, 7, 8, 20, 38, 39, 40, 41"},{"label":"Speed","value":"HSPA 21.1/5.76 Mbps, LTE (2CA) Cat7 300/150 Mbps"}]},{"category":"Launch","specs":[{"label":"Announced","value":"2018, August. Released 2018, August"},{"label":"Status","value":"Discontinued"}]},{"category":"Body","specs":[{"label":"Dimensions","value":"149 x 72 x 7.9 mm (5.87 x 2.83 x 0.31 in)"},{"label":"Weight","value":"185 g (6.53 oz)"},{"label":"SIM","value":"Nano-SIM + Micro-SIM"}]},{"category":"Display","specs":[{"label":"Type","value":"IPS LCD"},{"label":"Size","value":"5.86 inches, 85.7 cm 2 (~79.9% screen-to-body ratio)"},{"label":"Resolution","value":"720 x 1520 pixels, 19:9 ratio (~287 ppi density)"}]},{"category":"Platform","specs":[{"label":"OS","value":"Android 8.1 (Oreo)"},{"label":"Chipset","value":"Mediatek MT6762 Helio P22 (12 nm)"},{"label":"CPU","value":"Octa-core 2.0 GHz Cortex-A53"},{"label":"GPU","value":"PowerVR GE8320"}]},{"category":"Memory","specs":[{"label":"Card slot","value":"microSDXC (uses shared SIM slot)"},{"label":"Internal","value":"32GB 4GB RAM"}]},{"category":"Main Camera","specs":[{"label":"Dual","value":"16 MP, f/2.0, PDAF Auxiliary lens"},{"label":"Features","value":"LED flash, HDR, panorama"},{"label":"Video","value":"1080p@30fps"}]},{"category":"Selfie camera","specs":[{"label":"Single","value":"16 MP, f/2.0, 26mm (wide), 1/3.06\\", 1.0µm"}]},{"category":"Sound","specs":[{"label":"Loudspeaker","value":"Yes"},{"label":"3.5mm jack","value":"Yes"}]},{"category":"Comms","specs":[{"label":"WLAN","value":"Wi-Fi 802.11 a/b/g/n/ac, Wi-Fi Direct"},{"label":"Bluetooth","value":"4.2, A2DP, LE"},{"label":"Positioning","value":"GPS, GLONASS"},{"label":"NFC","value":"No"},{"label":"USB","value":"USB Type-C 2.0"},{"label":"Radio","value":"FM radio"}]},{"category":"Features","specs":[{"label":"Sensors","value":"Fingerprint (rear-mounted), accelerometer, gyro, proximity, compass"}]},{"category":"Battery","specs":[{"label":"Type","value":"Li-Po 3000 mAh, non-removable"}]},{"category":"Misc","specs":[{"label":"Colors","value":"Black"},{"label":"Models","value":"X5_Soul"},{"label":"SAR EU","value":"0.89 W/kg (head)"}]}]');
INSERT OR IGNORE INTO device_pictures (device_id, url, position) VALUES (1439, 'https://fdn2.gsmarena.com/vv/bigpic/allview-soul-x5.jpg', 0);
INSERT OR IGNORE INTO device_pictures (device_id, url, position) VALUES (1439, 'https://fdn2.gsmarena.com/vv/pics/allview/allview-soul-x5.jpg', 1);
INSERT OR IGNORE INTO devices (id, brand_id, name, gsmarena_url, thumbnail_url, summary) VALUES (1440, 8, 'Soul X5 Pro', 'https://www.gsmarena.com/allview_soul_x5_pro-9252.php', 'https://fdn2.gsmarena.com/vv/bigpic/allview-x5-soul-pro.jpg', 'Soul X5 Pro');
INSERT OR IGNORE INTO device_specs (device_id, announced, status, network, os, chipset, cpu, gpu, display_size, display_type, display_res, ram, storage, main_camera, selfie_camera, battery, charging, nfc, usb, bluetooth, wlan, colors, weight, dimensions, sim, sensors, popularity, fans, rating, full_specs_json) VALUES (1440, '2018, June. Released 2018, June', 'Discontinued', 'GSM / HSPA / LTE / 4G/LTE', 'Android 8.1 (Oreo)', 'Mediatek MT6771 Helio P60 (12 nm)', 'Octa-core (4x2.0 GHz Cortex-A73 & 4x2.0 GHz Cortex-A53)', 'Mali-G72 MP3', '6.2 inches, 96.9 cm 2 (~82.8% screen-to-body ratio)', 'IPS LCD', '1080 x 2246 pixels, 18.7:9 ratio (~402 ppi density)', '4GB', '32GB', '16 MP, f/2.0, PDAF Auxiliary lens, LED flash, HDR, panorama', '16 MP, f/2.0, 26mm (wide), 1/3.06", 1.0µm', 'Li-Po 3000 mAh, non-removable', '10W wired Wireless', 'No', 'USB Type-C 2.0', '4.2, A2DP, LE', 'Wi-Fi 802.11 a/b/g/n/ac, Wi-Fi Direct', 'Gold', '210 g (7.41 oz)', '155 x 75.5 x 7.9 mm (6.10 x 2.97 x 0.31 in)', 'Nano-SIM + Micro-SIM', 'Infrared Face ID, fingerprint (rear-mounted), accelerometer, gyro, proximity, compass', 'About 330 EUR', NULL, NULL, '[{"category":"Network","specs":[{"label":"Technology","value":"GSM / HSPA / LTE"},{"label":"2G bands","value":"GSM 850 / 900 / 1800 / 1900"},{"label":"3G bands","value":"HSDPA 850 / 900 / 1900 / 2100"},{"label":"4G bands","value":"1, 3, 5, 7, 8, 20, 38, 39, 40"},{"label":"Speed","value":"HSPA 21.1/5.76 Mbps, LTE (2CA) Cat7 300/150 Mbps"}]},{"category":"Launch","specs":[{"label":"Announced","value":"2018, June. Released 2018, June"},{"label":"Status","value":"Discontinued"}]},{"category":"Body","specs":[{"label":"Dimensions","value":"155 x 75.5 x 7.9 mm (6.10 x 2.97 x 0.31 in)"},{"label":"Weight","value":"210 g (7.41 oz)"},{"label":"SIM","value":"Nano-SIM + Micro-SIM"}]},{"category":"Display","specs":[{"label":"Type","value":"IPS LCD"},{"label":"Size","value":"6.2 inches, 96.9 cm 2 (~82.8% screen-to-body ratio)"},{"label":"Resolution","value":"1080 x 2246 pixels, 18.7:9 ratio (~402 ppi density)"},{"label":"Protection","value":"Corning Gorilla Glass 3"}]},{"category":"Platform","specs":[{"label":"OS","value":"Android 8.1 (Oreo)"},{"label":"Chipset","value":"Mediatek MT6771 Helio P60 (12 nm)"},{"label":"CPU","value":"Octa-core (4x2.0 GHz Cortex-A73 & 4x2.0 GHz Cortex-A53)"},{"label":"GPU","value":"Mali-G72 MP3"}]},{"category":"Memory","specs":[{"label":"Card slot","value":"microSDXC (uses shared SIM slot)"},{"label":"Internal","value":"32GB 4GB RAM"}]},{"category":"Main Camera","specs":[{"label":"Dual","value":"16 MP, f/2.0, PDAF Auxiliary lens"},{"label":"Features","value":"LED flash, HDR, panorama"},{"label":"Video","value":"1080p@30fps"}]},{"category":"Selfie camera","specs":[{"label":"Single","value":"16 MP, f/2.0, 26mm (wide), 1/3.06\\", 1.0µm"}]},{"category":"Sound","specs":[{"label":"Loudspeaker","value":"Yes"},{"label":"3.5mm jack","value":"Yes"}]},{"category":"Comms","specs":[{"label":"WLAN","value":"Wi-Fi 802.11 a/b/g/n/ac, Wi-Fi Direct"},{"label":"Bluetooth","value":"4.2, A2DP, LE"},{"label":"Positioning","value":"GPS, GLONASS, GALILEO"},{"label":"NFC","value":"No"},{"label":"USB","value":"USB Type-C 2.0"},{"label":"Radio","value":"FM radio"}]},{"category":"Features","specs":[{"label":"Sensors","value":"Infrared Face ID, fingerprint (rear-mounted), accelerometer, gyro, proximity, compass"}]},{"category":"Battery","specs":[{"label":"Type","value":"Li-Po 3000 mAh, non-removable"},{"label":"Charging","value":"10W wired Wireless"}]},{"category":"Misc","specs":[{"label":"Colors","value":"Gold"},{"label":"Models","value":"X5_Soul_Pro"},{"label":"Price","value":"About 330 EUR"},{"label":"SAR EU","value":"1.02 W/kg (head)"}]}]');
INSERT OR IGNORE INTO device_pictures (device_id, url, position) VALUES (1440, 'https://fdn2.gsmarena.com/vv/bigpic/allview-x5-soul-pro.jpg', 0);
INSERT OR IGNORE INTO device_pictures (device_id, url, position) VALUES (1440, 'https://fdn2.gsmarena.com/vv/pics/allview/allview-x5-soul-pro-1.jpg', 1);
INSERT OR IGNORE INTO devices (id, brand_id, name, gsmarena_url, thumbnail_url, summary) VALUES (1441, 8, 'P8 Pro', 'https://www.gsmarena.com/allview_p8_pro-9070.php', 'https://fdn2.gsmarena.com/vv/bigpic/allview-p8-pro.jpg', 'P8 Pro');
INSERT OR IGNORE INTO device_specs (device_id, announced, status, network, os, chipset, cpu, gpu, display_size, display_type, display_res, ram, storage, main_camera, selfie_camera, battery, charging, nfc, usb, bluetooth, wlan, colors, weight, dimensions, sim, sensors, popularity, fans, rating, full_specs_json) VALUES (1441, '2018, January. Released 2018, January', 'Discontinued', 'GSM / HSPA / LTE / 4G/LTE', 'Android 7.0 (Nougat)', 'Mediatek MT6737 (28 nm)', 'Quad-core 1.45 GHz Cortex-A53', 'Mali-T720MP2', '5.5 inches, 83.4 cm 2 (~72.5% screen-to-body ratio)', 'IPS LCD', '1080 x 1920 pixels, 16:9 ratio (~401 ppi density)', '2GB', '16GB', '13 MP, AF, LED flash, HDR, panorama', '8 MP', 'Li-Po 3000 mAh, non-removable', NULL, 'No', 'microUSB 2.0', '4.2, A2DP, LE', 'Wi-Fi 802.11 b/g/n', 'Gold', '186.5 g (6.60 oz)', '153 x 75.2 x 8 mm (6.02 x 2.96 x 0.31 in)', 'Nano-SIM + Nano-SIM', 'Fingerprint (rear-mounted), accelerometer, proximity', NULL, NULL, NULL, '[{"category":"Network","specs":[{"label":"Technology","value":"GSM / HSPA / LTE"},{"label":"2G bands","value":"GSM 850 / 900 / 1800 / 1900"},{"label":"3G bands","value":"HSDPA 900 / 2100"},{"label":"4G bands","value":"1, 3, 7, 20, 38"},{"label":"Speed","value":"HSPA 21.1/5.76 Mbps, LTE Cat4 150/50 Mbps"}]},{"category":"Launch","specs":[{"label":"Announced","value":"2018, January. Released 2018, January"},{"label":"Status","value":"Discontinued"}]},{"category":"Body","specs":[{"label":"Dimensions","value":"153 x 75.2 x 8 mm (6.02 x 2.96 x 0.31 in)"},{"label":"Weight","value":"186.5 g (6.60 oz)"},{"label":"SIM","value":"Nano-SIM + Nano-SIM"}]},{"category":"Display","specs":[{"label":"Type","value":"IPS LCD"},{"label":"Size","value":"5.5 inches, 83.4 cm 2 (~72.5% screen-to-body ratio)"},{"label":"Resolution","value":"1080 x 1920 pixels, 16:9 ratio (~401 ppi density)"}]},{"category":"Platform","specs":[{"label":"OS","value":"Android 7.0 (Nougat)"},{"label":"Chipset","value":"Mediatek MT6737 (28 nm)"},{"label":"CPU","value":"Quad-core 1.45 GHz Cortex-A53"},{"label":"GPU","value":"Mali-T720MP2"}]},{"category":"Memory","specs":[{"label":"Card slot","value":"microSDXC (uses shared SIM slot)"},{"label":"Internal","value":"16GB 2GB RAM"}]},{"category":"Main Camera","specs":[{"label":"Single","value":"13 MP, AF"},{"label":"Features","value":"LED flash, HDR, panorama"},{"label":"Video","value":"1080p@30fps"}]},{"category":"Selfie camera","specs":[{"label":"Single","value":"8 MP"}]},{"category":"Sound","specs":[{"label":"Loudspeaker","value":"Yes"},{"label":"3.5mm jack","value":"Yes"}]},{"category":"Comms","specs":[{"label":"WLAN","value":"Wi-Fi 802.11 b/g/n"},{"label":"Bluetooth","value":"4.2, A2DP, LE"},{"label":"Positioning","value":"GPS"},{"label":"NFC","value":"No"},{"label":"USB","value":"microUSB 2.0"},{"label":"Radio","value":"FM radio"}]},{"category":"Features","specs":[{"label":"Sensors","value":"Fingerprint (rear-mounted), accelerometer, proximity"}]},{"category":"Battery","specs":[{"label":"Type","value":"Li-Po 3000 mAh, non-removable"}]},{"category":"Misc","specs":[{"label":"Colors","value":"Gold"},{"label":"Models","value":"P8 PRO"},{"label":"SAR EU","value":"1.39 W/kg (head)"}]}]');
INSERT OR IGNORE INTO device_pictures (device_id, url, position) VALUES (1441, 'https://fdn2.gsmarena.com/vv/bigpic/allview-p8-pro.jpg', 0);
INSERT OR IGNORE INTO device_pictures (device_id, url, position) VALUES (1441, 'https://fdn2.gsmarena.com/vv/pics/allview/allview-p8-pro1.jpg', 1);
INSERT OR IGNORE INTO device_pictures (device_id, url, position) VALUES (1441, 'https://fdn2.gsmarena.com/vv/pics/allview/allview-p8-pro2.jpg', 2);
INSERT OR IGNORE INTO devices (id, brand_id, name, gsmarena_url, thumbnail_url, summary) VALUES (1442, 8, 'X4 Soul Infinity Plus', 'https://www.gsmarena.com/allview_x4_soul_infinity_plus-9011.php', 'https://fdn2.gsmarena.com/vv/bigpic/allview-x4sip.jpg', 'X4 Soul Infinity Plus');
INSERT OR IGNORE INTO device_specs (device_id, announced, status, network, os, chipset, cpu, gpu, display_size, display_type, display_res, ram, storage, main_camera, selfie_camera, battery, charging, nfc, usb, bluetooth, wlan, colors, weight, dimensions, sim, sensors, popularity, fans, rating, full_specs_json) VALUES (1442, '2017, September. Released 2017, September', 'Discontinued', 'GSM / HSPA / LTE / 4G/LTE', 'Android 7.1 (Nougat)', 'Mediatek MT6757 Helio P25 (16 nm)', 'Octa-core (4x2.4 GHz Cortex-A53 & 4x1.4 GHz Cortex-A53)', 'Mali-T880MP2', '6.0 inches, 92.9 cm 2 (~77.8% screen-to-body ratio)', 'IPS LCD', '1080 x 2160 pixels, 18:9 ratio (~402 ppi density)', '6GB', '64GB', '13 MP, 1/3.1", 1.12µm, PDAF Auxiliary lens, Dual-LED flash, panorama, HDR', '13 MP, 1080p@30fps', 'Li-Po 3050 mAh, non-removable', NULL, 'No', 'USB Type-C 2.0', '4.0, A2DP, EDR, LE', 'Wi-Fi 802.11 a/b/g/n', 'Black', '156 g (5.50 oz)', '158.7 x 75.2 x 8 mm (6.25 x 2.96 x 0.31 in)', 'Nano-SIM + Nano-SIM', 'Fingerprint (rear-mounted), accelerometer, gyro, proximity, compass', 'About 450 EUR', NULL, NULL, '[{"category":"Network","specs":[{"label":"Technology","value":"GSM / HSPA / LTE"},{"label":"2G bands","value":"GSM 850 / 900 / 1800 / 1900"},{"label":"3G bands","value":"HSDPA 900 / 2100"},{"label":"4G bands","value":"1, 3, 7, 8, 20, 38"},{"label":"Speed","value":"HSPA 21.1/5.76 Mbps, LTE (2CA) Cat6 300/50 Mbps"}]},{"category":"Launch","specs":[{"label":"Announced","value":"2017, September. Released 2017, September"},{"label":"Status","value":"Discontinued"}]},{"category":"Body","specs":[{"label":"Dimensions","value":"158.7 x 75.2 x 8 mm (6.25 x 2.96 x 0.31 in)"},{"label":"Weight","value":"156 g (5.50 oz)"},{"label":"SIM","value":"Nano-SIM + Nano-SIM"}]},{"category":"Display","specs":[{"label":"Type","value":"IPS LCD"},{"label":"Size","value":"6.0 inches, 92.9 cm 2 (~77.8% screen-to-body ratio)"},{"label":"Resolution","value":"1080 x 2160 pixels, 18:9 ratio (~402 ppi density)"},{"label":"Protection","value":"Corning Gorilla Glass (unspecified version)"}]},{"category":"Platform","specs":[{"label":"OS","value":"Android 7.1 (Nougat)"},{"label":"Chipset","value":"Mediatek MT6757 Helio P25 (16 nm)"},{"label":"CPU","value":"Octa-core (4x2.4 GHz Cortex-A53 & 4x1.4 GHz Cortex-A53)"},{"label":"GPU","value":"Mali-T880MP2"}]},{"category":"Memory","specs":[{"label":"Card slot","value":"microSDXC (uses shared SIM slot)"},{"label":"Internal","value":"64GB 6GB RAM"}]},{"category":"Main Camera","specs":[{"label":"Dual","value":"13 MP, 1/3.1\\", 1.12µm, PDAF Auxiliary lens"},{"label":"Features","value":"Dual-LED flash, panorama, HDR"},{"label":"Video","value":"4K@30fps, 1080p@30fps"}]},{"category":"Selfie camera","specs":[{"label":"Single","value":"13 MP"},{"label":"Video","value":"1080p@30fps"},{"label":"Features","value":"LED flash"}]},{"category":"Sound","specs":[{"label":"Loudspeaker","value":"Yes"},{"label":"3.5mm jack","value":"Yes"}]},{"category":"Comms","specs":[{"label":"WLAN","value":"Wi-Fi 802.11 a/b/g/n"},{"label":"Bluetooth","value":"4.0, A2DP, EDR, LE"},{"label":"Positioning","value":"GPS"},{"label":"NFC","value":"No"},{"label":"USB","value":"USB Type-C 2.0"},{"label":"Radio","value":"FM radio"}]},{"category":"Features","specs":[{"label":"Sensors","value":"Fingerprint (rear-mounted), accelerometer, gyro, proximity, compass"}]},{"category":"Battery","specs":[{"label":"Type","value":"Li-Po 3050 mAh, non-removable"}]},{"category":"Misc","specs":[{"label":"Colors","value":"Black"},{"label":"Price","value":"About 450 EUR"},{"label":"SAR EU","value":"1.65 W/kg (head)"}]}]');
INSERT OR IGNORE INTO device_pictures (device_id, url, position) VALUES (1442, 'https://fdn2.gsmarena.com/vv/bigpic/allview-x4sip.jpg', 0);
INSERT OR IGNORE INTO device_pictures (device_id, url, position) VALUES (1442, 'https://fdn2.gsmarena.com/vv/pics/allview/allview-x4sip.jpg', 1);
INSERT OR IGNORE INTO devices (id, brand_id, name, gsmarena_url, thumbnail_url, summary) VALUES (1443, 8, 'X4 Soul Infinity L', 'https://www.gsmarena.com/allview_x4_soul_infinity_l-9013.php', 'https://fdn2.gsmarena.com/vv/bigpic/allview-x4sil.jpg', 'X4 Soul Infinity L');
INSERT OR IGNORE INTO device_specs (device_id, announced, status, network, os, chipset, cpu, gpu, display_size, display_type, display_res, ram, storage, main_camera, selfie_camera, battery, charging, nfc, usb, bluetooth, wlan, colors, weight, dimensions, sim, sensors, popularity, fans, rating, full_specs_json) VALUES (1443, '2017, September. Released 2017, September', 'Discontinued', 'GSM / HSPA / LTE / 4G/LTE', 'Android 7.0 (Nougat)', 'Mediatek MT6737 (28 nm)', 'Quad-core 1.45 GHz Cortex-A53', 'Mali-T720MP2', '5.7 inches, 83.8 cm 2 (~76.0% screen-to-body ratio)', 'IPS LCD', '720 x 1440 pixels, 18:9 ratio (~282 ppi density)', '2GB', '16GB', '13 MP, AF, LED flash, panorama, HDR', '5 MP', 'Li-Po 3000 mAh, non-removable', NULL, 'No', 'USB Type-C 2.0', '4.0, A2DP, EDR', 'Wi-Fi 802.11 b/g/n', 'Night Sky, Mocha Gold', '155 g (5.47 oz)', '152 x 72.6 x 8.5 mm (5.98 x 2.86 x 0.33 in)', 'Nano-SIM + Micro-SIM', 'Fingerprint (rear-mounted), accelerometer, proximity', NULL, NULL, NULL, '[{"category":"Network","specs":[{"label":"Technology","value":"GSM / HSPA / LTE"},{"label":"2G bands","value":"GSM 900 / 1800"},{"label":"3G bands","value":"HSDPA 900 / 2100"},{"label":"4G bands","value":"1, 3, 7, 20, 38"},{"label":"Speed","value":"HSPA 21.1/5.76 Mbps, LTE Cat4 150/50 Mbps"}]},{"category":"Launch","specs":[{"label":"Announced","value":"2017, September. Released 2017, September"},{"label":"Status","value":"Discontinued"}]},{"category":"Body","specs":[{"label":"Dimensions","value":"152 x 72.6 x 8.5 mm (5.98 x 2.86 x 0.33 in)"},{"label":"Weight","value":"155 g (5.47 oz)"},{"label":"SIM","value":"Nano-SIM + Micro-SIM"}]},{"category":"Display","specs":[{"label":"Type","value":"IPS LCD"},{"label":"Size","value":"5.7 inches, 83.8 cm 2 (~76.0% screen-to-body ratio)"},{"label":"Resolution","value":"720 x 1440 pixels, 18:9 ratio (~282 ppi density)"},{"label":"Protection","value":"Asahi Dragontrail Glass"}]},{"category":"Platform","specs":[{"label":"OS","value":"Android 7.0 (Nougat)"},{"label":"Chipset","value":"Mediatek MT6737 (28 nm)"},{"label":"CPU","value":"Quad-core 1.45 GHz Cortex-A53"},{"label":"GPU","value":"Mali-T720MP2"}]},{"category":"Memory","specs":[{"label":"Card slot","value":"microSDXC (uses shared SIM slot)"},{"label":"Internal","value":"16GB 2GB RAM"}]},{"category":"Main Camera","specs":[{"label":"Single","value":"13 MP, AF"},{"label":"Features","value":"LED flash, panorama, HDR"},{"label":"Video","value":"1080p@30fps"}]},{"category":"Selfie camera","specs":[{"label":"Single","value":"5 MP"}]},{"category":"Sound","specs":[{"label":"Loudspeaker","value":"Yes"},{"label":"3.5mm jack","value":"Yes"}]},{"category":"Comms","specs":[{"label":"WLAN","value":"Wi-Fi 802.11 b/g/n"},{"label":"Bluetooth","value":"4.0, A2DP, EDR"},{"label":"Positioning","value":"GPS"},{"label":"NFC","value":"No"},{"label":"USB","value":"USB Type-C 2.0"},{"label":"Radio","value":"FM radio"}]},{"category":"Features","specs":[{"label":"Sensors","value":"Fingerprint (rear-mounted), accelerometer, proximity"}]},{"category":"Battery","specs":[{"label":"Type","value":"Li-Po 3000 mAh, non-removable"}]},{"category":"Misc","specs":[{"label":"Colors","value":"Night Sky, Mocha Gold"},{"label":"SAR EU","value":"1.89 W/kg (head)"}]}]');
INSERT OR IGNORE INTO device_pictures (device_id, url, position) VALUES (1443, 'https://fdn2.gsmarena.com/vv/bigpic/allview-x4sil.jpg', 0);
INSERT OR IGNORE INTO device_pictures (device_id, url, position) VALUES (1443, 'https://fdn2.gsmarena.com/vv/pics/allview/allview-x4sil.jpg', 1);
INSERT OR IGNORE INTO devices (id, brand_id, name, gsmarena_url, thumbnail_url, summary) VALUES (1444, 8, 'X4 Soul Infinity N', 'https://www.gsmarena.com/allview_x4_soul_infinity_n-9014.php', 'https://fdn2.gsmarena.com/vv/bigpic/allview-x4sin.jpg', 'X4 Soul Infinity N');
INSERT OR IGNORE INTO device_specs (device_id, announced, status, network, os, chipset, cpu, gpu, display_size, display_type, display_res, ram, storage, main_camera, selfie_camera, battery, charging, nfc, usb, bluetooth, wlan, colors, weight, dimensions, sim, sensors, popularity, fans, rating, full_specs_json) VALUES (1444, '2017, September. Released 2017, September', 'Discontinued', 'GSM / HSPA / LTE / 4G/LTE', 'Android 7.0 (Nougat)', 'Mediatek MT6750T (28 nm)', 'Octa-core (4x1.5 GHz Cortex-A53 & 4x1.0 GHz Cortex-A53)', 'Mali-T860MP2', '5.7 inches, 83.8 cm 2 (~76.0% screen-to-body ratio)', 'IPS LCD', '720 x 1440 pixels, 18:9 ratio (~282 ppi density)', '4GB', '32GB', '16 MP, PDAF, LED flash, panorama, HDR', '8 MP', 'Li-Po 3000 mAh, non-removable', NULL, 'No', 'USB Type-C 2.0', '4.0, A2DP, EDR', 'Wi-Fi 802.11 b/g/n', 'Night Sky, Mocha Gold, Steel Gray', '155 g (5.47 oz)', '152 x 72.6 x 8.5 mm (5.98 x 2.86 x 0.33 in)', 'Nano-SIM + Micro-SIM', 'Fingerprint (rear-mounted), accelerometer, gyro, proximity', NULL, NULL, NULL, '[{"category":"Network","specs":[{"label":"Technology","value":"GSM / HSPA / LTE"},{"label":"2G bands","value":"GSM 850 / 900 / 1800 / 1900"},{"label":"3G bands","value":"HSDPA 900 / 2100"},{"label":"4G bands","value":"1, 3, 7, 20, 38"},{"label":"Speed","value":"HSPA21.1/5.76 Mbps, LTE (2CA) Cat6 300/50 Mbps"}]},{"category":"Launch","specs":[{"label":"Announced","value":"2017, September. Released 2017, September"},{"label":"Status","value":"Discontinued"}]},{"category":"Body","specs":[{"label":"Dimensions","value":"152 x 72.6 x 8.5 mm (5.98 x 2.86 x 0.33 in)"},{"label":"Weight","value":"155 g (5.47 oz)"},{"label":"SIM","value":"Nano-SIM + Micro-SIM"}]},{"category":"Display","specs":[{"label":"Type","value":"IPS LCD"},{"label":"Size","value":"5.7 inches, 83.8 cm 2 (~76.0% screen-to-body ratio)"},{"label":"Resolution","value":"720 x 1440 pixels, 18:9 ratio (~282 ppi density)"},{"label":"Protection","value":"Asahi Dragontrail Glass"}]},{"category":"Platform","specs":[{"label":"OS","value":"Android 7.0 (Nougat)"},{"label":"Chipset","value":"Mediatek MT6750T (28 nm)"},{"label":"CPU","value":"Octa-core (4x1.5 GHz Cortex-A53 & 4x1.0 GHz Cortex-A53)"},{"label":"GPU","value":"Mali-T860MP2"}]},{"category":"Memory","specs":[{"label":"Card slot","value":"microSDXC (uses shared SIM slot)"},{"label":"Internal","value":"32GB 4GB RAM"}]},{"category":"Main Camera","specs":[{"label":"Single","value":"16 MP, PDAF"},{"label":"Features","value":"LED flash, panorama, HDR"},{"label":"Video","value":"1080p@30fps"}]},{"category":"Selfie camera","specs":[{"label":"Single","value":"8 MP"}]},{"category":"Sound","specs":[{"label":"Loudspeaker","value":"Yes"},{"label":"3.5mm jack","value":"Yes"}]},{"category":"Comms","specs":[{"label":"WLAN","value":"Wi-Fi 802.11 b/g/n"},{"label":"Bluetooth","value":"4.0, A2DP, EDR"},{"label":"Positioning","value":"GPS"},{"label":"NFC","value":"No"},{"label":"USB","value":"USB Type-C 2.0"},{"label":"Radio","value":"FM radio"}]},{"category":"Features","specs":[{"label":"Sensors","value":"Fingerprint (rear-mounted), accelerometer, gyro, proximity"}]},{"category":"Battery","specs":[{"label":"Type","value":"Li-Po 3000 mAh, non-removable"}]},{"category":"Misc","specs":[{"label":"Colors","value":"Night Sky, Mocha Gold, Steel Gray"},{"label":"SAR EU","value":"1.28 W/kg (head)"}]}]');
INSERT OR IGNORE INTO device_pictures (device_id, url, position) VALUES (1444, 'https://fdn2.gsmarena.com/vv/bigpic/allview-x4sin.jpg', 0);
INSERT OR IGNORE INTO device_pictures (device_id, url, position) VALUES (1444, 'https://fdn2.gsmarena.com/vv/pics/allview/allview-x4sin.jpg', 1);
INSERT OR IGNORE INTO devices (id, brand_id, name, gsmarena_url, thumbnail_url, summary) VALUES (1445, 8, 'X4 Soul Infinity S', 'https://www.gsmarena.com/allview_x4_soul_infinity_s-9015.php', 'https://fdn2.gsmarena.com/vv/bigpic/allview-x4sis.jpg', 'X4 Soul Infinity S');
INSERT OR IGNORE INTO device_specs (device_id, announced, status, network, os, chipset, cpu, gpu, display_size, display_type, display_res, ram, storage, main_camera, selfie_camera, battery, charging, nfc, usb, bluetooth, wlan, colors, weight, dimensions, sim, sensors, popularity, fans, rating, full_specs_json) VALUES (1445, '2017, September. Released 2017, September', 'Discontinued', 'GSM / HSPA / LTE / 4G/LTE', 'Android 7.0 (Nougat)', 'Mediatek MT6750T (28 nm)', 'Octa-core (4x1.5 GHz Cortex-A53 & 4x1.0 GHz Cortex-A53)', 'Mali-T860MP2', '5.7 inches, 83.8 cm 2 (~76.0% screen-to-body ratio)', 'IPS LCD', '720 x 1440 pixels, 18:9 ratio (~282 ppi density)', '3GB', '16GB', '13 MP, PDAF, LED flash, panorama, HDR', '8 MP', 'Li-Po 3000 mAh, non-removable', NULL, 'No', 'USB Type-C 2.0', '4.0, A2DP, EDR', 'Wi-Fi 802.11 b/g/n', 'Night Sky, Mocha Gold, Steel Gray', '155 g (5.47 oz)', '152 x 72.6 x 8.5 mm (5.98 x 2.86 x 0.33 in)', 'Nano-SIM + Micro-SIM', 'Fingerprint (rear-mounted), accelerometer, proximity', NULL, NULL, NULL, '[{"category":"Network","specs":[{"label":"Technology","value":"GSM / HSPA / LTE"},{"label":"2G bands","value":"GSM 900 / 1800"},{"label":"3G bands","value":"HSDPA 900 / 2100"},{"label":"4G bands","value":"1, 3, 7, 20, 38"},{"label":"Speed","value":"HSPA21.1/5.76 Mbps, LTE (2CA) Cat6 300/50 Mbps"}]},{"category":"Launch","specs":[{"label":"Announced","value":"2017, September. Released 2017, September"},{"label":"Status","value":"Discontinued"}]},{"category":"Body","specs":[{"label":"Dimensions","value":"152 x 72.6 x 8.5 mm (5.98 x 2.86 x 0.33 in)"},{"label":"Weight","value":"155 g (5.47 oz)"},{"label":"SIM","value":"Nano-SIM + Micro-SIM"}]},{"category":"Display","specs":[{"label":"Type","value":"IPS LCD"},{"label":"Size","value":"5.7 inches, 83.8 cm 2 (~76.0% screen-to-body ratio)"},{"label":"Resolution","value":"720 x 1440 pixels, 18:9 ratio (~282 ppi density)"},{"label":"Protection","value":"Asahi Dragontrail Glass"}]},{"category":"Platform","specs":[{"label":"OS","value":"Android 7.0 (Nougat)"},{"label":"Chipset","value":"Mediatek MT6750T (28 nm)"},{"label":"CPU","value":"Octa-core (4x1.5 GHz Cortex-A53 & 4x1.0 GHz Cortex-A53)"},{"label":"GPU","value":"Mali-T860MP2"}]},{"category":"Memory","specs":[{"label":"Card slot","value":"microSDXC (uses shared SIM slot)"},{"label":"Internal","value":"16GB 3GB RAM"}]},{"category":"Main Camera","specs":[{"label":"Single","value":"13 MP, PDAF"},{"label":"Features","value":"LED flash, panorama, HDR"},{"label":"Video","value":"1080p@30fps"}]},{"category":"Selfie camera","specs":[{"label":"Single","value":"8 MP"}]},{"category":"Sound","specs":[{"label":"Loudspeaker","value":"Yes"},{"label":"3.5mm jack","value":"Yes"}]},{"category":"Comms","specs":[{"label":"WLAN","value":"Wi-Fi 802.11 b/g/n"},{"label":"Bluetooth","value":"4.0, A2DP, EDR"},{"label":"Positioning","value":"GPS"},{"label":"NFC","value":"No"},{"label":"USB","value":"USB Type-C 2.0"},{"label":"Radio","value":"FM radio"}]},{"category":"Features","specs":[{"label":"Sensors","value":"Fingerprint (rear-mounted), accelerometer, proximity"}]},{"category":"Battery","specs":[{"label":"Type","value":"Li-Po 3000 mAh, non-removable"}]},{"category":"Misc","specs":[{"label":"Colors","value":"Night Sky, Mocha Gold, Steel Gray"},{"label":"SAR EU","value":"1.28 W/kg (head)"}]}]');
INSERT OR IGNORE INTO device_pictures (device_id, url, position) VALUES (1445, 'https://fdn2.gsmarena.com/vv/bigpic/allview-x4sis.jpg', 0);
INSERT OR IGNORE INTO device_pictures (device_id, url, position) VALUES (1445, 'https://fdn2.gsmarena.com/vv/pics/allview/allview-x4sis.jpg', 1);
INSERT OR IGNORE INTO devices (id, brand_id, name, gsmarena_url, thumbnail_url, summary) VALUES (1446, 8, 'X4 Soul Infinity Z', 'https://www.gsmarena.com/allview_x4_soul_infinity_z-9016.php', 'https://fdn2.gsmarena.com/vv/bigpic/allview-x4siz.jpg', 'X4 Soul Infinity Z');
INSERT OR IGNORE INTO device_specs (device_id, announced, status, network, os, chipset, cpu, gpu, display_size, display_type, display_res, ram, storage, main_camera, selfie_camera, battery, charging, nfc, usb, bluetooth, wlan, colors, weight, dimensions, sim, sensors, popularity, fans, rating, full_specs_json) VALUES (1446, '2017, September. Released 2017, September', 'Discontinued', 'GSM / HSPA / LTE / 4G/LTE', 'Android 7.0 (Nougat)', 'Mediatek MT6750T (28 nm)', 'Octa-core (4x1.5 GHz Cortex-A53 & 4x1.0 GHz Cortex-A53)', 'Mali-T860MP2', '5.7 inches, 83.8 cm 2 (~76.0% screen-to-body ratio)', 'IPS LCD', '720 x 1440 pixels, 18:9 ratio (~282 ppi density)', '4GB', '32GB', '13 MP, PDAF Auxiliary lens, LED flash, panorama, HDR', '8 MP', 'Li-Po 3000 mAh, non-removable', NULL, 'No', 'USB Type-C 2.0', '4.0, A2DP, EDR', 'Wi-Fi 802.11 b/g/n', 'Night Sky, Mocha Gold, Steel Gray', '155 g (5.47 oz)', '152 x 72.6 x 8.5 mm (5.98 x 2.86 x 0.33 in)', 'Nano-SIM + Micro-SIM', 'Fingerprint (rear-mounted), accelerometer, gyro, proximity, compass', NULL, NULL, NULL, '[{"category":"Network","specs":[{"label":"Technology","value":"GSM / HSPA / LTE"},{"label":"2G bands","value":"GSM 900 / 1800"},{"label":"3G bands","value":"HSDPA 900 / 2100"},{"label":"4G bands","value":"1, 8, 38"},{"label":"Speed","value":"HSPA 21.1/5.76 Mbps, LTE (2CA) Cat6 300/50 Mbps"}]},{"category":"Launch","specs":[{"label":"Announced","value":"2017, September. Released 2017, September"},{"label":"Status","value":"Discontinued"}]},{"category":"Body","specs":[{"label":"Dimensions","value":"152 x 72.6 x 8.5 mm (5.98 x 2.86 x 0.33 in)"},{"label":"Weight","value":"155 g (5.47 oz)"},{"label":"SIM","value":"Nano-SIM + Micro-SIM"}]},{"category":"Display","specs":[{"label":"Type","value":"IPS LCD"},{"label":"Size","value":"5.7 inches, 83.8 cm 2 (~76.0% screen-to-body ratio)"},{"label":"Resolution","value":"720 x 1440 pixels, 18:9 ratio (~282 ppi density)"}]},{"category":"Platform","specs":[{"label":"OS","value":"Android 7.0 (Nougat)"},{"label":"Chipset","value":"Mediatek MT6750T (28 nm)"},{"label":"CPU","value":"Octa-core (4x1.5 GHz Cortex-A53 & 4x1.0 GHz Cortex-A53)"},{"label":"GPU","value":"Mali-T860MP2"}]},{"category":"Memory","specs":[{"label":"Card slot","value":"microSDXC (uses shared SIM slot)"},{"label":"Internal","value":"32GB 4GB RAM"}]},{"category":"Main Camera","specs":[{"label":"Dual","value":"13 MP, PDAF Auxiliary lens"},{"label":"Features","value":"LED flash, panorama, HDR"},{"label":"Video","value":"1080p@30fps"}]},{"category":"Selfie camera","specs":[{"label":"Single","value":"8 MP"}]},{"category":"Sound","specs":[{"label":"Loudspeaker","value":"Yes"},{"label":"3.5mm jack","value":"Yes"}]},{"category":"Comms","specs":[{"label":"WLAN","value":"Wi-Fi 802.11 b/g/n"},{"label":"Bluetooth","value":"4.0, A2DP, EDR"},{"label":"Positioning","value":"GPS"},{"label":"NFC","value":"No"},{"label":"USB","value":"USB Type-C 2.0"},{"label":"Radio","value":"FM radio"}]},{"category":"Features","specs":[{"label":"Sensors","value":"Fingerprint (rear-mounted), accelerometer, gyro, proximity, compass"}]},{"category":"Battery","specs":[{"label":"Type","value":"Li-Po 3000 mAh, non-removable"}]},{"category":"Misc","specs":[{"label":"Colors","value":"Night Sky, Mocha Gold, Steel Gray"},{"label":"SAR EU","value":"1.28 W/kg (head)"}]}]');
INSERT OR IGNORE INTO device_pictures (device_id, url, position) VALUES (1446, 'https://fdn2.gsmarena.com/vv/bigpic/allview-x4siz.jpg', 0);
INSERT OR IGNORE INTO device_pictures (device_id, url, position) VALUES (1446, 'https://fdn2.gsmarena.com/vv/pics/allview/allview-x4siz.jpg', 1);
INSERT OR IGNORE INTO devices (id, brand_id, name, gsmarena_url, thumbnail_url, summary) VALUES (1447, 8, 'X4 Soul Vision', 'https://www.gsmarena.com/allview_x4_soul_vision-9010.php', 'https://fdn2.gsmarena.com/vv/bigpic/allview-x4sv.jpg', 'X4 Soul Vision');
INSERT OR IGNORE INTO device_specs (device_id, announced, status, network, os, chipset, cpu, gpu, display_size, display_type, display_res, ram, storage, main_camera, selfie_camera, battery, charging, nfc, usb, bluetooth, wlan, colors, weight, dimensions, sim, sensors, popularity, fans, rating, full_specs_json) VALUES (1447, '2017, September. Released 2017, September', 'Discontinued', 'GSM / HSPA / LTE / 4G/LTE', 'Android 7.0 (Nougat)', 'Mediatek MT6750 (28 nm)', 'Octa-core (4x1.5 GHz Cortex-A53 & 4x1.0 GHz Cortex-A53)', 'Mali-T860MP2', '5.5 inches, 83.4 cm 2 (~72.0% screen-to-body ratio)', 'IPS LCD', '1080 x 1920 pixels, 16:9 ratio (~401 ppi density)', '3GB', '32GB', '13 MP, 1/3.1", 1.12µm, PDAF, LED flash, HDR', '8 MP', 'Li-Po 4000 mAh, non-removable', NULL, 'No', 'microUSB 2.0', '4.0, A2DP, EDR, LE', 'Wi-Fi 802.11 a/b/g/n', 'Dark Blue', '202 g (7.13 oz)', '153.1 x 75.6 x 10.3 mm (6.03 x 2.98 x 0.41 in)', 'Nano-SIM + Micro-SIM', 'Fingerprint (rear-mounted), accelerometer, gyro, proximity, compass', NULL, NULL, NULL, '[{"category":"Network","specs":[{"label":"Technology","value":"GSM / HSPA / LTE"},{"label":"2G bands","value":"GSM 850 / 900 / 1800 / 1900"},{"label":"3G bands","value":"HSDPA 900 / 2100"},{"label":"4G bands","value":"1, 3, 7, 20, 38"},{"label":"Speed","value":"HSPA 21.1/5.76 Mbps, LTE (2CA) Cat6 300/50 Mbps"}]},{"category":"Launch","specs":[{"label":"Announced","value":"2017, September. Released 2017, September"},{"label":"Status","value":"Discontinued"}]},{"category":"Body","specs":[{"label":"Dimensions","value":"153.1 x 75.6 x 10.3 mm (6.03 x 2.98 x 0.41 in)"},{"label":"Weight","value":"202 g (7.13 oz)"},{"label":"SIM","value":"Nano-SIM + Micro-SIM"}]},{"category":"Display","specs":[{"label":"Type","value":"IPS LCD"},{"label":"Size","value":"5.5 inches, 83.4 cm 2 (~72.0% screen-to-body ratio)"},{"label":"Resolution","value":"1080 x 1920 pixels, 16:9 ratio (~401 ppi density)"}]},{"category":"Platform","specs":[{"label":"OS","value":"Android 7.0 (Nougat)"},{"label":"Chipset","value":"Mediatek MT6750 (28 nm)"},{"label":"CPU","value":"Octa-core (4x1.5 GHz Cortex-A53 & 4x1.0 GHz Cortex-A53)"},{"label":"GPU","value":"Mali-T860MP2"}]},{"category":"Memory","specs":[{"label":"Card slot","value":"microSDXC (uses shared SIM slot)"},{"label":"Internal","value":"32GB 3GB RAM"}]},{"category":"Main Camera","specs":[{"label":"Single","value":"13 MP, 1/3.1\\", 1.12µm, PDAF"},{"label":"Features","value":"LED flash, HDR"},{"label":"Video","value":"1080p@30fps"}]},{"category":"Selfie camera","specs":[{"label":"Single","value":"8 MP"}]},{"category":"Sound","specs":[{"label":"Loudspeaker","value":"Yes"},{"label":"3.5mm jack","value":"Yes"}]},{"category":"Comms","specs":[{"label":"WLAN","value":"Wi-Fi 802.11 a/b/g/n"},{"label":"Bluetooth","value":"4.0, A2DP, EDR, LE"},{"label":"Positioning","value":"GPS"},{"label":"NFC","value":"No"},{"label":"USB","value":"microUSB 2.0"},{"label":"Radio","value":"FM radio"}]},{"category":"Features","specs":[{"label":"Sensors","value":"Fingerprint (rear-mounted), accelerometer, gyro, proximity, compass"}]},{"category":"Battery","specs":[{"label":"Type","value":"Li-Po 4000 mAh, non-removable"}]},{"category":"Misc","specs":[{"label":"Colors","value":"Dark Blue"},{"label":"SAR EU","value":"0.76 W/kg (head)"}]}]');
INSERT OR IGNORE INTO device_pictures (device_id, url, position) VALUES (1447, 'https://fdn2.gsmarena.com/vv/bigpic/allview-x4sv.jpg', 0);
INSERT OR IGNORE INTO device_pictures (device_id, url, position) VALUES (1447, 'https://fdn2.gsmarena.com/vv/pics/allview/allview-x4sv-1.jpg', 1);
INSERT OR IGNORE INTO device_pictures (device_id, url, position) VALUES (1447, 'https://fdn2.gsmarena.com/vv/pics/allview/allview-x4sv-2.jpg', 2);
INSERT OR IGNORE INTO devices (id, brand_id, name, gsmarena_url, thumbnail_url, summary) VALUES (1448, 8, 'V3 Viper', 'https://www.gsmarena.com/allview_v3_viper-9009.php', 'https://fdn2.gsmarena.com/vv/bigpic/allview-v3v.jpg', 'V3 Viper');
INSERT OR IGNORE INTO device_specs (device_id, announced, status, network, os, chipset, cpu, gpu, display_size, display_type, display_res, ram, storage, main_camera, selfie_camera, battery, charging, nfc, usb, bluetooth, wlan, colors, weight, dimensions, sim, sensors, popularity, fans, rating, full_specs_json) VALUES (1448, '2018, January. Released 2018, February', 'Discontinued', 'GSM / HSPA / LTE / 4G/LTE', 'Android 8.0 (Oreo)', 'Mediatek MT6737 (28 nm)', 'Quad-core 1.3 GHz Cortex-A53', 'Mali-T720MP2', '5.5 inches, 78.1 cm 2 (~73.3% screen-to-body ratio)', 'IPS LCD', '720 x 1440 pixels, 18:9 ratio (~293 ppi density)', '3GB', '32GB', '13 MP, AF, LED flash, HDR', '13 MP', 'Li-Po 3000 mAh, non-removable', NULL, 'No', 'microUSB 2.0', '4.2, A2DP, LE', 'Wi-Fi 802.11 b/g/n, Wi-Fi Direct', 'Black, Silver, Gold', '143.6 g (5.08 oz)', '148.3 x 71.8 x 8.1 mm (5.84 x 2.83 x 0.32 in)', 'Nano-SIM + Micro-SIM', 'Fingerprint (rear-mounted), accelerometer, proximity, compass', 'About 220 EUR', NULL, NULL, '[{"category":"Network","specs":[{"label":"Technology","value":"GSM / HSPA / LTE"},{"label":"2G bands","value":"GSM 850 / 900 / 1800 / 1900"},{"label":"3G bands","value":"HSDPA 850 / 900 / 1900 / 2100"},{"label":"4G bands","value":"1, 3, 5, 8, 20, 38, 39, 40"},{"label":"Speed","value":"HSPA 21.1/5.76 Mbps, LTE Cat4 150/50 Mbps"}]},{"category":"Launch","specs":[{"label":"Announced","value":"2018, January. Released 2018, February"},{"label":"Status","value":"Discontinued"}]},{"category":"Body","specs":[{"label":"Dimensions","value":"148.3 x 71.8 x 8.1 mm (5.84 x 2.83 x 0.32 in)"},{"label":"Weight","value":"143.6 g (5.08 oz)"},{"label":"SIM","value":"Nano-SIM + Micro-SIM"}]},{"category":"Display","specs":[{"label":"Type","value":"IPS LCD"},{"label":"Size","value":"5.5 inches, 78.1 cm 2 (~73.3% screen-to-body ratio)"},{"label":"Resolution","value":"720 x 1440 pixels, 18:9 ratio (~293 ppi density)"},{"label":"Protection","value":"Corning Gorilla Glass 3"}]},{"category":"Platform","specs":[{"label":"OS","value":"Android 8.0 (Oreo)"},{"label":"Chipset","value":"Mediatek MT6737 (28 nm)"},{"label":"CPU","value":"Quad-core 1.3 GHz Cortex-A53"},{"label":"GPU","value":"Mali-T720MP2"}]},{"category":"Memory","specs":[{"label":"Card slot","value":"microSDXC (uses shared SIM slot)"},{"label":"Internal","value":"32GB 3GB RAM"}]},{"category":"Main Camera","specs":[{"label":"Single","value":"13 MP, AF"},{"label":"Features","value":"LED flash, HDR"},{"label":"Video","value":"1080p@30fps"}]},{"category":"Selfie camera","specs":[{"label":"Single","value":"13 MP"},{"label":"Features","value":"LED flash"}]},{"category":"Sound","specs":[{"label":"Loudspeaker","value":"Yes"},{"label":"3.5mm jack","value":"Yes"}]},{"category":"Comms","specs":[{"label":"WLAN","value":"Wi-Fi 802.11 b/g/n, Wi-Fi Direct"},{"label":"Bluetooth","value":"4.2, A2DP, LE"},{"label":"Positioning","value":"GPS"},{"label":"NFC","value":"No"},{"label":"USB","value":"microUSB 2.0"},{"label":"Radio","value":"FM radio"},{"label":"Infrared port","value":"Yes"}]},{"category":"Features","specs":[{"label":"Sensors","value":"Fingerprint (rear-mounted), accelerometer, proximity, compass"}]},{"category":"Battery","specs":[{"label":"Type","value":"Li-Po 3000 mAh, non-removable"}]},{"category":"Misc","specs":[{"label":"Colors","value":"Black, Silver, Gold"},{"label":"Price","value":"About 220 EUR"},{"label":"SAR EU","value":"1.26 W/kg (head)"}]}]');
INSERT OR IGNORE INTO device_pictures (device_id, url, position) VALUES (1448, 'https://fdn2.gsmarena.com/vv/bigpic/allview-v3v.jpg', 0);
INSERT OR IGNORE INTO device_pictures (device_id, url, position) VALUES (1448, 'https://fdn2.gsmarena.com/vv/pics/allview/allview-v3v.jpg', 1);
INSERT OR IGNORE INTO devices (id, brand_id, name, gsmarena_url, thumbnail_url, summary) VALUES (1449, 8, 'X4 Soul Mini S', 'https://www.gsmarena.com/allview_x4_soul_mini_s-8855.php', 'https://fdn2.gsmarena.com/vv/bigpic/allview-x4-soul-mini-s.jpg', 'X4 Soul Mini S');
INSERT OR IGNORE INTO device_specs (device_id, announced, status, network, os, chipset, cpu, gpu, display_size, display_type, display_res, ram, storage, main_camera, selfie_camera, battery, charging, nfc, usb, bluetooth, wlan, colors, weight, dimensions, sim, sensors, popularity, fans, rating, full_specs_json) VALUES (1449, '2017, June. Released 2017, June', 'Discontinued', 'GSM / HSPA / LTE / 4G/LTE', 'Android 7.0 (Nougat)', 'Mediatek MT6737 (28 nm)', 'Quad-core 1.25 GHz Cortex-A53', 'Mali-T720MP2', '5.0 inches, 68.9 cm 2 (~67.4% screen-to-body ratio)', 'IPS LCD', '720 x 1280 pixels, 16:9 ratio (~294 ppi density)', '1GB', '16GB', '8 MP, AF, LED flash, HDR', '8 MP', 'Li-Po 2500 mAh, non-removable', NULL, 'No', 'microUSB 2.0', '4.0, A2DP, EDR', 'Wi-Fi 802.11 b/g/n', 'Black, Gold, Blue', '145 g (5.11 oz)', '142 x 72 x 8.4 mm (5.59 x 2.83 x 0.33 in)', 'Nano-SIM + Nano-SIM', 'Fingerprint (rear-mounted), accelerometer, proximity', 'About 150 EUR', NULL, NULL, '[{"category":"Network","specs":[{"label":"Technology","value":"GSM / HSPA / LTE"},{"label":"2G bands","value":"GSM 850 / 900 / 1800 / 1900 - SIM 1 & SIM 2"},{"label":"3G bands","value":"HSDPA 900 / 2100"},{"label":"4G bands","value":"1, 3, 7, 20, 38"},{"label":"Speed","value":"HSPA 21.1/5.76 Mbps, LTE Cat4 150/50 Mbps"}]},{"category":"Launch","specs":[{"label":"Announced","value":"2017, June. Released 2017, June"},{"label":"Status","value":"Discontinued"}]},{"category":"Body","specs":[{"label":"Dimensions","value":"142 x 72 x 8.4 mm (5.59 x 2.83 x 0.33 in)"},{"label":"Weight","value":"145 g (5.11 oz)"},{"label":"SIM","value":"Nano-SIM + Nano-SIM"}]},{"category":"Display","specs":[{"label":"Type","value":"IPS LCD"},{"label":"Size","value":"5.0 inches, 68.9 cm 2 (~67.4% screen-to-body ratio)"},{"label":"Resolution","value":"720 x 1280 pixels, 16:9 ratio (~294 ppi density)"},{"label":"Protection","value":"Scratch-resistant glass"}]},{"category":"Platform","specs":[{"label":"OS","value":"Android 7.0 (Nougat)"},{"label":"Chipset","value":"Mediatek MT6737 (28 nm)"},{"label":"CPU","value":"Quad-core 1.25 GHz Cortex-A53"},{"label":"GPU","value":"Mali-T720MP2"}]},{"category":"Memory","specs":[{"label":"Card slot","value":"microSDXC (uses shared SIM slot)"},{"label":"Internal","value":"16GB 1GB RAM"}]},{"category":"Main Camera","specs":[{"label":"Single","value":"8 MP, AF"},{"label":"Features","value":"LED flash, HDR"},{"label":"Video","value":"720p@30fps"}]},{"category":"Selfie camera","specs":[{"label":"Single","value":"8 MP"}]},{"category":"Sound","specs":[{"label":"Loudspeaker","value":"Yes"},{"label":"3.5mm jack","value":"Yes"}]},{"category":"Comms","specs":[{"label":"WLAN","value":"Wi-Fi 802.11 b/g/n"},{"label":"Bluetooth","value":"4.0, A2DP, EDR"},{"label":"Positioning","value":"GPS"},{"label":"NFC","value":"No"},{"label":"USB","value":"microUSB 2.0"},{"label":"Radio","value":"FM radio"}]},{"category":"Features","specs":[{"label":"Sensors","value":"Fingerprint (rear-mounted), accelerometer, proximity"}]},{"category":"Battery","specs":[{"label":"Type","value":"Li-Po 2500 mAh, non-removable"},{"label":"Stand-by","value":"Up to 312 h (3G)"},{"label":"Talk time","value":"Up to 15 h (3G)"}]},{"category":"Misc","specs":[{"label":"Colors","value":"Black, Gold, Blue"},{"label":"Models","value":"X4_Soul_Mini_S_TM"},{"label":"Price","value":"About 150 EUR"},{"label":"SAR EU","value":"1.48 W/kg (head)"}]}]');
INSERT OR IGNORE INTO device_pictures (device_id, url, position) VALUES (1449, 'https://fdn2.gsmarena.com/vv/bigpic/allview-x4-soul-mini-s.jpg', 0);
INSERT OR IGNORE INTO device_pictures (device_id, url, position) VALUES (1449, 'https://fdn2.gsmarena.com/vv/pics/allview/allview-x4-soul-mini-s-0.jpg', 1);
INSERT OR IGNORE INTO device_pictures (device_id, url, position) VALUES (1449, 'https://fdn2.gsmarena.com/vv/pics/allview/allview-x4-soul-mini-s-1.jpg', 2);
INSERT OR IGNORE INTO device_pictures (device_id, url, position) VALUES (1449, 'https://fdn2.gsmarena.com/vv/pics/allview/allview-x4-soul-mini-s-2.jpg', 3);
INSERT OR IGNORE INTO devices (id, brand_id, name, gsmarena_url, thumbnail_url, summary) VALUES (1450, 8, 'X4 Xtreme', 'https://www.gsmarena.com/allview_x4_xtreme-8743.php', 'https://fdn2.gsmarena.com/vv/bigpic/allview-x4-xtreme.jpg', 'X4 Xtreme');
INSERT OR IGNORE INTO device_specs (device_id, announced, status, network, os, chipset, cpu, gpu, display_size, display_type, display_res, ram, storage, main_camera, selfie_camera, battery, charging, nfc, usb, bluetooth, wlan, colors, weight, dimensions, sim, sensors, popularity, fans, rating, full_specs_json) VALUES (1450, '2017, June. Released 2017, June', 'Discontinued', 'GSM / HSPA / LTE / 4G/LTE', 'Android 7.0 (Nougat)', 'Mediatek MT6757T Helio P25 (16 nm)', 'Octa-core (4x2.5 GHz Cortex-A53 & 4x1.4 GHz Cortex-A53)', 'Mali-T880MP2', '6.0 inches, 99.2 cm 2 (~71.6% screen-to-body ratio)', 'IPS LCD', '1080 x 1920 pixels, 16:9 ratio (~367 ppi density)', '4GB', '64GB', '13 MP, PDAF Auxiliary lens, LED flash, HDR, panorama', '20 MP, f/2.0, (wide)', 'Li-Po 4550 mAh, non-removable', NULL, 'No', 'microUSB 2.0', '4.0, A2DP, EDR', 'Wi-Fi 802.11 a/b/g/n', 'Mocha Gold', '226.9 g (8.01 oz)', '166.4 x 83.3 x 9.1 mm (6.55 x 3.28 x 0.36 in)', 'Nano-SIM + Micro-SIM', 'Fingerprint (front-mounted), accelerometer, gyro, proximity, compass', NULL, NULL, NULL, '[{"category":"Network","specs":[{"label":"Technology","value":"GSM / HSPA / LTE"},{"label":"2G bands","value":"GSM 850 / 900 / 1800 / 1900 - SIM 1 & SIM 2"},{"label":"3G bands","value":"HSDPA 850 / 900 / 1900 / 2100"},{"label":"4G bands","value":"LTE"},{"label":"Speed","value":"HSPA 21.1/5.76 Mbps, LTE (2CA) Cat6 300/50 Mbps"}]},{"category":"Launch","specs":[{"label":"Announced","value":"2017, June. Released 2017, June"},{"label":"Status","value":"Discontinued"}]},{"category":"Body","specs":[{"label":"Dimensions","value":"166.4 x 83.3 x 9.1 mm (6.55 x 3.28 x 0.36 in)"},{"label":"Weight","value":"226.9 g (8.01 oz)"},{"label":"SIM","value":"Nano-SIM + Micro-SIM"}]},{"category":"Display","specs":[{"label":"Type","value":"IPS LCD"},{"label":"Size","value":"6.0 inches, 99.2 cm 2 (~71.6% screen-to-body ratio)"},{"label":"Resolution","value":"1080 x 1920 pixels, 16:9 ratio (~367 ppi density)"},{"label":"Protection","value":"Corning Gorilla Glass 3"}]},{"category":"Platform","specs":[{"label":"OS","value":"Android 7.0 (Nougat)"},{"label":"Chipset","value":"Mediatek MT6757T Helio P25 (16 nm)"},{"label":"CPU","value":"Octa-core (4x2.5 GHz Cortex-A53 & 4x1.4 GHz Cortex-A53)"},{"label":"GPU","value":"Mali-T880MP2"}]},{"category":"Memory","specs":[{"label":"Card slot","value":"microSDXC (uses shared SIM slot)"},{"label":"Internal","value":"64GB 4GB RAM"}]},{"category":"Main Camera","specs":[{"label":"Dual","value":"13 MP, PDAF Auxiliary lens"},{"label":"Features","value":"LED flash, HDR, panorama"},{"label":"Video","value":"1080p@30fps"}]},{"category":"Selfie camera","specs":[{"label":"Single","value":"20 MP, f/2.0, (wide)"}]},{"category":"Sound","specs":[{"label":"Loudspeaker","value":"Yes"},{"label":"3.5mm jack","value":"Yes"}]},{"category":"Comms","specs":[{"label":"WLAN","value":"Wi-Fi 802.11 a/b/g/n"},{"label":"Bluetooth","value":"4.0, A2DP, EDR"},{"label":"Positioning","value":"GPS"},{"label":"NFC","value":"No"},{"label":"USB","value":"microUSB 2.0"},{"label":"Radio","value":"FM radio"}]},{"category":"Features","specs":[{"label":"Sensors","value":"Fingerprint (front-mounted), accelerometer, gyro, proximity, compass"}]},{"category":"Battery","specs":[{"label":"Type","value":"Li-Po 4550 mAh, non-removable"},{"label":"Stand-by","value":"Up to 379 h"},{"label":"Talk time","value":"Up to 25 h"}]},{"category":"Misc","specs":[{"label":"Colors","value":"Mocha Gold"},{"label":"SAR EU","value":"1.01 W/kg (head)"}]}]');
INSERT OR IGNORE INTO device_pictures (device_id, url, position) VALUES (1450, 'https://fdn2.gsmarena.com/vv/bigpic/allview-x4-xtreme.jpg', 0);
INSERT OR IGNORE INTO device_pictures (device_id, url, position) VALUES (1450, 'https://fdn2.gsmarena.com/vv/pics/allview/allview-x4-xtreme1.jpg', 1);
INSERT OR IGNORE INTO device_pictures (device_id, url, position) VALUES (1450, 'https://fdn2.gsmarena.com/vv/pics/allview/allview-x4-xtreme2.jpg', 2);
INSERT OR IGNORE INTO devices (id, brand_id, name, gsmarena_url, thumbnail_url, summary) VALUES (1451, 8, 'P9 Energy Lite (2017)', 'https://www.gsmarena.com/allview_p9_energy_lite_(2017)-8742.php', 'https://fdn2.gsmarena.com/vv/bigpic/allview-p9-energy-lite-2017.jpg', 'P9 Energy Lite (2017)');
INSERT OR IGNORE INTO device_specs (device_id, announced, status, network, os, chipset, cpu, gpu, display_size, display_type, display_res, ram, storage, main_camera, selfie_camera, battery, charging, nfc, usb, bluetooth, wlan, colors, weight, dimensions, sim, sensors, popularity, fans, rating, full_specs_json) VALUES (1451, '2017, June. Released 2017, June', 'Discontinued', 'GSM / HSPA / LTE / 4G/LTE', 'Android 7.0 (Nougat)', 'Mediatek MT6753 (28 nm)', 'Octa-core 1.3 GHz Cortex-A53', 'Mali-T720', '5.2 inches, 74.5 cm 2 (~69.2% screen-to-body ratio)', 'IPS LCD', '720 x 1280 pixels, 16:9 ratio (~282 ppi density)', '3GB', '32GB', '13 MP, AF, LED flash, HDR, panorama', '8 MP', 'Li-Po 4000 mAh, non-removable', NULL, 'No', 'microUSB 2.0', '4.0, A2DP, EDR', 'Wi-Fi 802.11 b/g/n', 'Black, Gold', '161 g (5.68 oz)', '148.7 x 72.4 x 9.1 mm (5.85 x 2.85 x 0.36 in)', 'Nano-SIM + Micro-SIM', 'Fingerprint (front-mounted), accelerometer, proximity', NULL, NULL, NULL, '[{"category":"Network","specs":[{"label":"Technology","value":"GSM / HSPA / LTE"},{"label":"2G bands","value":"GSM 850 / 900 / 1800 / 1900 - SIM 1 & SIM 2"},{"label":"3G bands","value":"HSDPA 900 / 2100"},{"label":"4G bands","value":"1, 3, 7, 20, 38"},{"label":"Speed","value":"HSPA 21.1/5.76 Mbps, LTE Cat4 150/50 Mbps"}]},{"category":"Launch","specs":[{"label":"Announced","value":"2017, June. Released 2017, June"},{"label":"Status","value":"Discontinued"}]},{"category":"Body","specs":[{"label":"Dimensions","value":"148.7 x 72.4 x 9.1 mm (5.85 x 2.85 x 0.36 in)"},{"label":"Weight","value":"161 g (5.68 oz)"},{"label":"SIM","value":"Nano-SIM + Micro-SIM"}]},{"category":"Display","specs":[{"label":"Type","value":"IPS LCD"},{"label":"Size","value":"5.2 inches, 74.5 cm 2 (~69.2% screen-to-body ratio)"},{"label":"Resolution","value":"720 x 1280 pixels, 16:9 ratio (~282 ppi density)"}]},{"category":"Platform","specs":[{"label":"OS","value":"Android 7.0 (Nougat)"},{"label":"Chipset","value":"Mediatek MT6753 (28 nm)"},{"label":"CPU","value":"Octa-core 1.3 GHz Cortex-A53"},{"label":"GPU","value":"Mali-T720"}]},{"category":"Memory","specs":[{"label":"Card slot","value":"microSDXC (uses shared SIM slot)"},{"label":"Internal","value":"32GB 3GB RAM"}]},{"category":"Main Camera","specs":[{"label":"Single","value":"13 MP, AF"},{"label":"Features","value":"LED flash, HDR, panorama"},{"label":"Video","value":"1080p@30fps"}]},{"category":"Selfie camera","specs":[{"label":"Single","value":"8 MP"}]},{"category":"Sound","specs":[{"label":"Loudspeaker","value":"Yes"},{"label":"3.5mm jack","value":"Yes"}]},{"category":"Comms","specs":[{"label":"WLAN","value":"Wi-Fi 802.11 b/g/n"},{"label":"Bluetooth","value":"4.0, A2DP, EDR"},{"label":"Positioning","value":"GPS"},{"label":"NFC","value":"No"},{"label":"USB","value":"microUSB 2.0"},{"label":"Radio","value":"FM radio"}]},{"category":"Features","specs":[{"label":"Sensors","value":"Fingerprint (front-mounted), accelerometer, proximity"}]},{"category":"Battery","specs":[{"label":"Type","value":"Li-Po 4000 mAh, non-removable"},{"label":"Stand-by","value":"Up to 286 h"},{"label":"Talk time","value":"Up to 16 h"}]},{"category":"Misc","specs":[{"label":"Colors","value":"Black, Gold"},{"label":"SAR EU","value":"0.72 W/kg (head)"}]}]');
INSERT OR IGNORE INTO device_pictures (device_id, url, position) VALUES (1451, 'https://fdn2.gsmarena.com/vv/bigpic/allview-p9-energy-lite-2017.jpg', 0);
INSERT OR IGNORE INTO device_pictures (device_id, url, position) VALUES (1451, 'https://fdn2.gsmarena.com/vv/pics/allview/allview-p9-energy-lite-2017-1.jpg', 1);
INSERT OR IGNORE INTO device_pictures (device_id, url, position) VALUES (1451, 'https://fdn2.gsmarena.com/vv/pics/allview/allview-p9-energy-lite-2017-2.jpg', 2);
INSERT OR IGNORE INTO devices (id, brand_id, name, gsmarena_url, thumbnail_url, summary) VALUES (1452, 8, 'X4 Soul Lite', 'https://www.gsmarena.com/allview_x4_soul_lite-8741.php', 'https://fdn2.gsmarena.com/vv/bigpic/allview-x4-soul-lite.jpg', 'X4 Soul Lite');
INSERT OR IGNORE INTO device_specs (device_id, announced, status, network, os, chipset, cpu, gpu, display_size, display_type, display_res, ram, storage, main_camera, selfie_camera, battery, charging, nfc, usb, bluetooth, wlan, colors, weight, dimensions, sim, sensors, popularity, fans, rating, full_specs_json) VALUES (1452, '2017, June. Released 2017, June', 'Discontinued', 'GSM / HSPA / LTE / 4G/LTE', 'Android 7.0 (Nougat)', 'Mediatek MT6750 (28 nm)', 'Octa-core (4x1.5 GHz Cortex-A53 & 4x1.0 GHz Cortex-A53)', 'Mali-T860MP2', '5.5 inches, 83.4 cm 2 (~70.7% screen-to-body ratio)', 'IPS LCD', '1080 x 1920 pixels, 16:9 ratio (~401 ppi density)', '3GB', '16GB', '13 MP, 1/3.1", 1.12µm, PDAF Auxiliary lens, LED flash, panorama, HDR', '8 MP', 'Li-Po 3000 mAh, non-removable', NULL, 'No', 'microUSB 2.0', '4.0, A2DP, EDR, LE', 'Wi-Fi 802.11 a/b/g/n', 'Black, Gold', '150.4 g (5.29 oz)', '155.4 x 75.9 x 7.8 mm (6.12 x 2.99 x 0.31 in)', 'Nano-SIM + Micro-SIM', 'Fingerprint (front-mounted), accelerometer, proximity, compass', NULL, NULL, NULL, '[{"category":"Network","specs":[{"label":"Technology","value":"GSM / HSPA / LTE"},{"label":"2G bands","value":"GSM 850 / 900 / 1800 / 1900 - SIM 1 & SIM 2"},{"label":"3G bands","value":"HSDPA 900 / 2100"},{"label":"4G bands","value":"1, 3, 7, 8, 20, 38"},{"label":"Speed","value":"HSPA 21.1/5.76 Mbps, LTE (2CA) Cat6 300/50 Mbps"}]},{"category":"Launch","specs":[{"label":"Announced","value":"2017, June. Released 2017, June"},{"label":"Status","value":"Discontinued"}]},{"category":"Body","specs":[{"label":"Dimensions","value":"155.4 x 75.9 x 7.8 mm (6.12 x 2.99 x 0.31 in)"},{"label":"Weight","value":"150.4 g (5.29 oz)"},{"label":"SIM","value":"Nano-SIM + Micro-SIM"}]},{"category":"Display","specs":[{"label":"Type","value":"IPS LCD"},{"label":"Size","value":"5.5 inches, 83.4 cm 2 (~70.7% screen-to-body ratio)"},{"label":"Resolution","value":"1080 x 1920 pixels, 16:9 ratio (~401 ppi density)"}]},{"category":"Platform","specs":[{"label":"OS","value":"Android 7.0 (Nougat)"},{"label":"Chipset","value":"Mediatek MT6750 (28 nm)"},{"label":"CPU","value":"Octa-core (4x1.5 GHz Cortex-A53 & 4x1.0 GHz Cortex-A53)"},{"label":"GPU","value":"Mali-T860MP2"}]},{"category":"Memory","specs":[{"label":"Card slot","value":"microSDXC (uses shared SIM slot)"},{"label":"Internal","value":"16GB 3GB RAM, 32GB 4GB RAM"}]},{"category":"Main Camera","specs":[{"label":"Dual","value":"13 MP, 1/3.1\\", 1.12µm, PDAF Auxiliary lens"},{"label":"Features","value":"LED flash, panorama, HDR"},{"label":"Video","value":"1080p@30fps"}]},{"category":"Selfie camera","specs":[{"label":"Single","value":"8 MP"}]},{"category":"Sound","specs":[{"label":"Loudspeaker","value":"Yes"},{"label":"3.5mm jack","value":"Yes"}]},{"category":"Comms","specs":[{"label":"WLAN","value":"Wi-Fi 802.11 a/b/g/n"},{"label":"Bluetooth","value":"4.0, A2DP, EDR, LE"},{"label":"Positioning","value":"GPS"},{"label":"NFC","value":"No"},{"label":"USB","value":"microUSB 2.0"},{"label":"Radio","value":"FM radio"}]},{"category":"Features","specs":[{"label":"Sensors","value":"Fingerprint (front-mounted), accelerometer, proximity, compass"}]},{"category":"Battery","specs":[{"label":"Type","value":"Li-Po 3000 mAh, non-removable"},{"label":"Stand-by","value":"Up to 500 h (3G)"},{"label":"Talk time","value":"Up to 23 h (3G)"}]},{"category":"Misc","specs":[{"label":"Colors","value":"Black, Gold"}]}]');
INSERT OR IGNORE INTO device_pictures (device_id, url, position) VALUES (1452, 'https://fdn2.gsmarena.com/vv/bigpic/allview-x4-soul-lite.jpg', 0);
INSERT OR IGNORE INTO device_pictures (device_id, url, position) VALUES (1452, 'https://fdn2.gsmarena.com/vv/pics/allview/allview-x4-soul-lite-1.jpg', 1);
INSERT OR IGNORE INTO device_pictures (device_id, url, position) VALUES (1452, 'https://fdn2.gsmarena.com/vv/pics/allview/allview-x4-soul-lite-2.jpg', 2);
INSERT OR IGNORE INTO devices (id, brand_id, name, gsmarena_url, thumbnail_url, summary) VALUES (1453, 8, 'X4 Soul Mini', 'https://www.gsmarena.com/allview_x4_soul_mini-8706.php', 'https://fdn2.gsmarena.com/vv/bigpic/allview-x4-soul-mini.jpg', 'X4 Soul Mini');
INSERT OR IGNORE INTO device_specs (device_id, announced, status, network, os, chipset, cpu, gpu, display_size, display_type, display_res, ram, storage, main_camera, selfie_camera, battery, charging, nfc, usb, bluetooth, wlan, colors, weight, dimensions, sim, sensors, popularity, fans, rating, full_specs_json) VALUES (1453, '2017, April. Released 2017, March', 'Discontinued', 'GSM / HSPA / LTE / 4G/LTE', 'Android 7.0 (Nougat)', 'Mediatek MT6737 (28 nm)', 'Quad-core 1.25 GHz Cortex-A53', 'Mali-T720MP2', '5.0 inches, 68.9 cm 2 (~65.0% screen-to-body ratio)', 'IPS LCD', '720 x 1280 pixels, 16:9 ratio (~294 ppi density)', '2GB', '16GB', '13 MP, 1/3.1", 1.12µm, PDAF, LED flash, panorama, HDR', '8 MP', 'Li-Po 2500 mAh, non-removable', NULL, 'No', 'microUSB 2.0', '4.0, A2DP, EDR', 'Wi-Fi 802.11 b/g/n', 'Black, Gold', '144 g (5.08 oz)', '143.5 x 73.9 x 7.7 mm (5.65 x 2.91 x 0.30 in)', 'Nano-SIM + Micro-SIM', 'Fingerprint (rear-mounted), accelerometer, proximity', NULL, NULL, NULL, '[{"category":"Network","specs":[{"label":"Technology","value":"GSM / HSPA / LTE"},{"label":"2G bands","value":"GSM 850 / 900 / 1800 / 1900 - SIM 1 & SIM 2"},{"label":"3G bands","value":"HSDPA 900 / 2100"},{"label":"4G bands","value":"1, 3, 7, 20, 38"},{"label":"Speed","value":"HSPA 21.1/5.76 Mbps, LTE Cat4 150/50 Mbps"}]},{"category":"Launch","specs":[{"label":"Announced","value":"2017, April. Released 2017, March"},{"label":"Status","value":"Discontinued"}]},{"category":"Body","specs":[{"label":"Dimensions","value":"143.5 x 73.9 x 7.7 mm (5.65 x 2.91 x 0.30 in)"},{"label":"Weight","value":"144 g (5.08 oz)"},{"label":"SIM","value":"Nano-SIM + Micro-SIM"}]},{"category":"Display","specs":[{"label":"Type","value":"IPS LCD"},{"label":"Size","value":"5.0 inches, 68.9 cm 2 (~65.0% screen-to-body ratio)"},{"label":"Resolution","value":"720 x 1280 pixels, 16:9 ratio (~294 ppi density)"},{"label":"Protection","value":"Asahi Dragontrail Glass"}]},{"category":"Platform","specs":[{"label":"OS","value":"Android 7.0 (Nougat)"},{"label":"Chipset","value":"Mediatek MT6737 (28 nm)"},{"label":"CPU","value":"Quad-core 1.25 GHz Cortex-A53"},{"label":"GPU","value":"Mali-T720MP2"}]},{"category":"Memory","specs":[{"label":"Card slot","value":"microSDXC (uses shared SIM slot)"},{"label":"Internal","value":"16GB 2GB RAM, 16GB 3GB RAM"}]},{"category":"Main Camera","specs":[{"label":"Single","value":"13 MP, 1/3.1\\", 1.12µm, PDAF"},{"label":"Features","value":"LED flash, panorama, HDR"},{"label":"Video","value":"1080p@30fps"}]},{"category":"Selfie camera","specs":[{"label":"Single","value":"8 MP"}]},{"category":"Sound","specs":[{"label":"Loudspeaker","value":"Yes"},{"label":"3.5mm jack","value":"Yes"}]},{"category":"Comms","specs":[{"label":"WLAN","value":"Wi-Fi 802.11 b/g/n"},{"label":"Bluetooth","value":"4.0, A2DP, EDR"},{"label":"Positioning","value":"GPS"},{"label":"NFC","value":"No"},{"label":"USB","value":"microUSB 2.0"},{"label":"Radio","value":"FM radio"}]},{"category":"Features","specs":[{"label":"Sensors","value":"Fingerprint (rear-mounted), accelerometer, proximity"}]},{"category":"Battery","specs":[{"label":"Type","value":"Li-Po 2500 mAh, non-removable"}]},{"category":"Misc","specs":[{"label":"Colors","value":"Black, Gold"},{"label":"SAR EU","value":"0.61 W/kg (head)"}]}]');
INSERT OR IGNORE INTO device_pictures (device_id, url, position) VALUES (1453, 'https://fdn2.gsmarena.com/vv/bigpic/allview-x4-soul-mini.jpg', 0);
INSERT OR IGNORE INTO device_pictures (device_id, url, position) VALUES (1453, 'https://fdn2.gsmarena.com/vv/pics/allview/allview-x4-soul-mini.jpg', 1);
INSERT OR IGNORE INTO devices (id, brand_id, name, gsmarena_url, thumbnail_url, summary) VALUES (1454, 8, 'X4 Soul Style', 'https://www.gsmarena.com/allview_x4_soul_style-8623.php', 'https://fdn2.gsmarena.com/vv/bigpic/allview-x4-soul-style.jpg', 'X4 Soul Style');
INSERT OR IGNORE INTO device_specs (device_id, announced, status, network, os, chipset, cpu, gpu, display_size, display_type, display_res, ram, storage, main_camera, selfie_camera, battery, charging, nfc, usb, bluetooth, wlan, colors, weight, dimensions, sim, sensors, popularity, fans, rating, full_specs_json) VALUES (1454, '2017, March. Released 2017, March', 'Discontinued', 'GSM / HSPA / LTE / 4G/LTE', 'Android 7.0 (Nougat)', 'Mediatek MT6755 Helio P10 (28 nm)', 'Octa-core (4x2.0 GHz Cortex-A53 & 4x1.0 GHz Cortex-A53)', 'Mali-T860MP2', '5.5 inches, 83.4 cm 2 (~71.5% screen-to-body ratio)', 'IPS LCD', '1080 x 1920 pixels, 16:9 ratio (~401 ppi density)', '4GB', '64GB', '13 MP, 1/3.1", 1.12µm, PDAF, LED flash, panorama, HDR', '16 MP, f/2.0, 26mm (wide), 1/3.06", 1.0µm, 1080p@30fps', 'Li-Po 4010 mAh, non-removable', NULL, 'No', 'microUSB 2.0', '4.0, A2DP, EDR, LE', 'Wi-Fi 802.11 a/b/g/n', 'Black, Gold', '181 g (6.38 oz)', '156.5 x 74.5 x 8.3 mm (6.16 x 2.93 x 0.33 in)', 'Nano-SIM + Micro-SIM', 'Fingerprint (front-mounted), accelerometer, gyro, proximity, compass', NULL, NULL, NULL, '[{"category":"Network","specs":[{"label":"Technology","value":"GSM / HSPA / LTE"},{"label":"2G bands","value":"GSM 850 / 900 / 1800 / 1900 - SIM 1 & SIM 2"},{"label":"3G bands","value":"HSDPA 850 / 900 / 1900 / 2100"},{"label":"4G bands","value":"1, 3, 7, 8, 20, 38, 39, 40, 41"},{"label":"Speed","value":"HSPA 21.1/5.76 Mbps, LTE (2CA) Cat6 300/50 Mbps"}]},{"category":"Launch","specs":[{"label":"Announced","value":"2017, March. Released 2017, March"},{"label":"Status","value":"Discontinued"}]},{"category":"Body","specs":[{"label":"Dimensions","value":"156.5 x 74.5 x 8.3 mm (6.16 x 2.93 x 0.33 in)"},{"label":"Weight","value":"181 g (6.38 oz)"},{"label":"SIM","value":"Nano-SIM + Micro-SIM"}]},{"category":"Display","specs":[{"label":"Type","value":"IPS LCD"},{"label":"Size","value":"5.5 inches, 83.4 cm 2 (~71.5% screen-to-body ratio)"},{"label":"Resolution","value":"1080 x 1920 pixels, 16:9 ratio (~401 ppi density)"},{"label":"Protection","value":"Corning Gorilla Glass (unspecified version)"}]},{"category":"Platform","specs":[{"label":"OS","value":"Android 7.0 (Nougat)"},{"label":"Chipset","value":"Mediatek MT6755 Helio P10 (28 nm)"},{"label":"CPU","value":"Octa-core (4x2.0 GHz Cortex-A53 & 4x1.0 GHz Cortex-A53)"},{"label":"GPU","value":"Mali-T860MP2"}]},{"category":"Memory","specs":[{"label":"Card slot","value":"microSDXC (uses shared SIM slot)"},{"label":"Internal","value":"64GB 4GB RAM"}]},{"category":"Main Camera","specs":[{"label":"Single","value":"13 MP, 1/3.1\\", 1.12µm, PDAF"},{"label":"Features","value":"LED flash, panorama, HDR"},{"label":"Video","value":"1080p@30fps"}]},{"category":"Selfie camera","specs":[{"label":"Single","value":"16 MP, f/2.0, 26mm (wide), 1/3.06\\", 1.0µm"},{"label":"Video","value":"1080p@30fps"}]},{"category":"Sound","specs":[{"label":"Loudspeaker","value":"Yes"},{"label":"3.5mm jack","value":"Yes"}]},{"category":"Comms","specs":[{"label":"WLAN","value":"Wi-Fi 802.11 a/b/g/n"},{"label":"Bluetooth","value":"4.0, A2DP, EDR, LE"},{"label":"Positioning","value":"GPS"},{"label":"NFC","value":"No"},{"label":"USB","value":"microUSB 2.0"},{"label":"Radio","value":"FM radio"}]},{"category":"Features","specs":[{"label":"Sensors","value":"Fingerprint (front-mounted), accelerometer, gyro, proximity, compass"}]},{"category":"Battery","specs":[{"label":"Type","value":"Li-Po 4010 mAh, non-removable"}]},{"category":"Misc","specs":[{"label":"Colors","value":"Black, Gold"},{"label":"SAR EU","value":"1.65 W/kg (head)"}]}]');
INSERT OR IGNORE INTO device_pictures (device_id, url, position) VALUES (1454, 'https://fdn2.gsmarena.com/vv/bigpic/allview-x4-soul-style.jpg', 0);
INSERT OR IGNORE INTO device_pictures (device_id, url, position) VALUES (1454, 'https://fdn2.gsmarena.com/vv/pics/allview/allview-x4-soul-style-1.jpg', 1);
INSERT OR IGNORE INTO device_pictures (device_id, url, position) VALUES (1454, 'https://fdn2.gsmarena.com/vv/pics/allview/allview-x4-soul-style-2.jpg', 2);
INSERT OR IGNORE INTO devices (id, brand_id, name, gsmarena_url, thumbnail_url, summary) VALUES (1455, 8, 'P6 Energy Mini', 'https://www.gsmarena.com/allview_p6_energy_mini-8622.php', 'https://fdn2.gsmarena.com/vv/bigpic/allview-p6-energy-mini.jpg', 'P6 Energy Mini');
INSERT OR IGNORE INTO device_specs (device_id, announced, status, network, os, chipset, cpu, gpu, display_size, display_type, display_res, ram, storage, main_camera, selfie_camera, battery, charging, nfc, usb, bluetooth, wlan, colors, weight, dimensions, sim, sensors, popularity, fans, rating, full_specs_json) VALUES (1455, '2017, March. Released 2017, March', 'Discontinued', 'GSM / HSPA / LTE / 4G/LTE', 'Android 6.0 (Marshmallow)', 'Mediatek MT6737 (28 nm)', 'Quad-core 1.1 GHz Cortex-A53', 'Mali-T720', '5.0 inches, 68.9 cm 2 (~66.5% screen-to-body ratio)', 'IPS LCD', '480 x 854 pixels, 16:9 ratio (~196 ppi density)', '1GB', '8GB', '5 MP, LED flash, HDR', '2 MP', 'Li-Ion 2950 mAh battery', NULL, 'No', 'microUSB 2.0', '4.0, A2DP, EDR', 'Wi-Fi 802.11 b/g/n', 'Gray, Gold', '175 g (6.17 oz)', '143 x 72.4 x 10.3 mm (5.63 x 2.85 x 0.41 in)', 'Dual SIM (Micro-SIM, dual stand-by)', 'Accelerometer, proximity', NULL, NULL, NULL, '[{"category":"Network","specs":[{"label":"Technology","value":"GSM / HSPA / LTE"},{"label":"2G bands","value":"GSM 850 / 900 / 1800 / 1900 - SIM 1 & SIM 2"},{"label":"3G bands","value":"HSDPA 900 / 2100"},{"label":"4G bands","value":"1, 3, 7, 20, 38"},{"label":"Speed","value":"HSPA 21.1/5.76 Mbps, LTE Cat4 150/50 Mbps"}]},{"category":"Launch","specs":[{"label":"Announced","value":"2017, March. Released 2017, March"},{"label":"Status","value":"Discontinued"}]},{"category":"Body","specs":[{"label":"Dimensions","value":"143 x 72.4 x 10.3 mm (5.63 x 2.85 x 0.41 in)"},{"label":"Weight","value":"175 g (6.17 oz)"},{"label":"SIM","value":"Dual SIM (Micro-SIM, dual stand-by)"}]},{"category":"Display","specs":[{"label":"Type","value":"IPS LCD"},{"label":"Size","value":"5.0 inches, 68.9 cm 2 (~66.5% screen-to-body ratio)"},{"label":"Resolution","value":"480 x 854 pixels, 16:9 ratio (~196 ppi density)"}]},{"category":"Platform","specs":[{"label":"OS","value":"Android 6.0 (Marshmallow)"},{"label":"Chipset","value":"Mediatek MT6737 (28 nm)"},{"label":"CPU","value":"Quad-core 1.1 GHz Cortex-A53"},{"label":"GPU","value":"Mali-T720"}]},{"category":"Memory","specs":[{"label":"Card slot","value":"microSDXC"},{"label":"Internal","value":"8GB 1GB RAM"}]},{"category":"Main Camera","specs":[{"label":"Single","value":"5 MP"},{"label":"Features","value":"LED flash, HDR"},{"label":"Video","value":"720p@30fps"}]},{"category":"Selfie camera","specs":[{"label":"Single","value":"2 MP"}]},{"category":"Sound","specs":[{"label":"Loudspeaker","value":"Yes"},{"label":"3.5mm jack","value":"Yes"}]},{"category":"Comms","specs":[{"label":"WLAN","value":"Wi-Fi 802.11 b/g/n"},{"label":"Bluetooth","value":"4.0, A2DP, EDR"},{"label":"Positioning","value":"GPS"},{"label":"NFC","value":"No"},{"label":"USB","value":"microUSB 2.0"},{"label":"Radio","value":"FM radio"}]},{"category":"Features","specs":[{"label":"Sensors","value":"Accelerometer, proximity"}]},{"category":"Battery","specs":[{"label":"Type","value":"Li-Ion 2950 mAh battery"}]},{"category":"Misc","specs":[{"label":"Colors","value":"Gray, Gold"},{"label":"SAR EU","value":"1.18 W/kg (head)"}]}]');
INSERT OR IGNORE INTO device_pictures (device_id, url, position) VALUES (1455, 'https://fdn2.gsmarena.com/vv/bigpic/allview-p6-energy-mini.jpg', 0);
INSERT OR IGNORE INTO device_pictures (device_id, url, position) VALUES (1455, 'https://fdn2.gsmarena.com/vv/pics/allview/allview-p6-energy-mini-1.jpg', 1);
INSERT OR IGNORE INTO device_pictures (device_id, url, position) VALUES (1455, 'https://fdn2.gsmarena.com/vv/pics/allview/allview-p6-energy-mini-2.jpg', 2);
INSERT OR IGNORE INTO devices (id, brand_id, name, gsmarena_url, thumbnail_url, summary) VALUES (1456, 8, 'X4 Soul', 'https://www.gsmarena.com/allview_x4_soul-8570.php', 'https://fdn2.gsmarena.com/vv/bigpic/allview-x4s.jpg', 'X4 Soul');
INSERT OR IGNORE INTO device_specs (device_id, announced, status, network, os, chipset, cpu, gpu, display_size, display_type, display_res, ram, storage, main_camera, selfie_camera, battery, charging, nfc, usb, bluetooth, wlan, colors, weight, dimensions, sim, sensors, popularity, fans, rating, full_specs_json) VALUES (1456, '2017, February. Released 2017, February', 'Discontinued', 'GSM / HSPA / LTE / 4G/LTE', 'Android 6.0 (Marshmallow)', 'Mediatek MT6755 Helio P10 (28 nm)', 'Octa-core (4x2.0 GHz Cortex-A53 & 4x1.0 GHz Cortex-A53)', 'Mali-T860MP2', '5.5 inches, 83.4 cm 2 (~70.8% screen-to-body ratio)', 'IPS LCD', '1080 x 1920 pixels, 16:9 ratio (~401 ppi density)', '4GB', '64GB', '13 MP, 1/3.1", 1.12µm, PDAF Auxiliary lens, LED flash, panorama, HDR', '13 MP, 1080p@30fps', 'Li-Po 3000 mAh, non-removable', NULL, 'No', 'microUSB 2.0', '4.0, A2DP, EDR, LE', 'Wi-Fi 802.11 a/b/g/n', 'Black', '167.5 g (5.93 oz)', '154.2 x 76.4 x 7.4 mm (6.07 x 3.01 x 0.29 in)', 'Nano-SIM + Nano-SIM', 'Fingerprint (front-mounted), accelerometer, gyro, proximity, compass', 'About 420 EUR', NULL, NULL, '[{"category":"Network","specs":[{"label":"Technology","value":"GSM / HSPA / LTE"},{"label":"2G bands","value":"GSM 850 / 900 / 1800 / 1900 - SIM 1 & SIM 2"},{"label":"3G bands","value":"HSDPA 850 / 900 / 1900 / 2100"},{"label":"4G bands","value":"1, 3, 7, 8, 20, 38, 39, 40, 41"},{"label":"Speed","value":"HSPA 21.1/5.76 Mbps, LTE (2CA) Cat6 300/50 Mbps"}]},{"category":"Launch","specs":[{"label":"Announced","value":"2017, February. Released 2017, February"},{"label":"Status","value":"Discontinued"}]},{"category":"Body","specs":[{"label":"Dimensions","value":"154.2 x 76.4 x 7.4 mm (6.07 x 3.01 x 0.29 in)"},{"label":"Weight","value":"167.5 g (5.93 oz)"},{"label":"SIM","value":"Nano-SIM + Nano-SIM"}]},{"category":"Display","specs":[{"label":"Type","value":"IPS LCD"},{"label":"Size","value":"5.5 inches, 83.4 cm 2 (~70.8% screen-to-body ratio)"},{"label":"Resolution","value":"1080 x 1920 pixels, 16:9 ratio (~401 ppi density)"},{"label":"Protection","value":"Corning Gorilla Glass (unspecified version)"}]},{"category":"Platform","specs":[{"label":"OS","value":"Android 6.0 (Marshmallow)"},{"label":"Chipset","value":"Mediatek MT6755 Helio P10 (28 nm)"},{"label":"CPU","value":"Octa-core (4x2.0 GHz Cortex-A53 & 4x1.0 GHz Cortex-A53)"},{"label":"GPU","value":"Mali-T860MP2"}]},{"category":"Memory","specs":[{"label":"Card slot","value":"microSDXC (uses shared SIM slot)"},{"label":"Internal","value":"64GB 4GB RAM"}]},{"category":"Main Camera","specs":[{"label":"Dual","value":"13 MP, 1/3.1\\", 1.12µm, PDAF Auxiliary lens"},{"label":"Features","value":"LED flash, panorama, HDR"},{"label":"Video","value":"1080p@30fps"}]},{"category":"Selfie camera","specs":[{"label":"Single","value":"13 MP"},{"label":"Video","value":"1080p@30fps"}]},{"category":"Sound","specs":[{"label":"Loudspeaker","value":"Yes"},{"label":"3.5mm jack","value":"Yes"}]},{"category":"Comms","specs":[{"label":"WLAN","value":"Wi-Fi 802.11 a/b/g/n"},{"label":"Bluetooth","value":"4.0, A2DP, EDR, LE"},{"label":"Positioning","value":"GPS"},{"label":"NFC","value":"No"},{"label":"USB","value":"microUSB 2.0"},{"label":"Radio","value":"FM radio"}]},{"category":"Features","specs":[{"label":"Sensors","value":"Fingerprint (front-mounted), accelerometer, gyro, proximity, compass"}]},{"category":"Battery","specs":[{"label":"Type","value":"Li-Po 3000 mAh, non-removable"},{"label":"Stand-by","value":"Up to 428 h (3G)"},{"label":"Talk time","value":"Up to 14 h 30 min (3G)"}]},{"category":"Misc","specs":[{"label":"Colors","value":"Black"},{"label":"Price","value":"About 420 EUR"},{"label":"SAR EU","value":"1.65 W/kg (head)"}]}]');
INSERT OR IGNORE INTO device_pictures (device_id, url, position) VALUES (1456, 'https://fdn2.gsmarena.com/vv/bigpic/allview-x4s.jpg', 0);
INSERT OR IGNORE INTO device_pictures (device_id, url, position) VALUES (1456, 'https://fdn2.gsmarena.com/vv/pics/allview/allview-x4s1.jpg', 1);
INSERT OR IGNORE INTO device_pictures (device_id, url, position) VALUES (1456, 'https://fdn2.gsmarena.com/vv/pics/allview/allview-x4s2.jpg', 2);
INSERT OR IGNORE INTO devices (id, brand_id, name, gsmarena_url, thumbnail_url, summary) VALUES (1457, 8, 'Allwatch', 'https://www.gsmarena.com/allview_allwatch-8542.php', 'https://fdn2.gsmarena.com/vv/bigpic/allview-allwatch.jpg', 'Allwatch');
INSERT OR IGNORE INTO device_specs (device_id, announced, status, network, os, chipset, cpu, gpu, display_size, display_type, display_res, ram, storage, main_camera, selfie_camera, battery, charging, nfc, usb, bluetooth, wlan, colors, weight, dimensions, sim, sensors, popularity, fans, rating, full_specs_json) VALUES (1457, '2016, November. Released 2016, November', 'Discontinued', 'No cellular connectivity', 'Proprietary OS', NULL, NULL, NULL, '1.28 inches', 'Monochrome', '128 x 128 pixels (~141 ppi density)', NULL, NULL, NULL, NULL, 'Li-Po 100 mAh, non-removable', NULL, 'No', 'No', '4.0, A2DP', 'No', 'Black', '40 g (1.41 oz)', '39 x 31 x 8.4 mm (1.54 x 1.22 x 0.33 in)', 'No', 'Accelerometer, heart rate', NULL, NULL, NULL, '[{"category":"Network","specs":[{"label":"Technology","value":"No cellular connectivity"},{"label":"2G bands","value":"N/A"},{"label":"GPRS","value":"No"},{"label":"EDGE","value":"No"}]},{"category":"Launch","specs":[{"label":"Announced","value":"2016, November. Released 2016, November"},{"label":"Status","value":"Discontinued"}]},{"category":"Body","specs":[{"label":"Dimensions","value":"39 x 31 x 8.4 mm (1.54 x 1.22 x 0.33 in)"},{"label":"Weight","value":"40 g (1.41 oz)"},{"label":"SIM","value":"No"}]},{"category":"Display","specs":[{"label":"Type","value":"Monochrome"},{"label":"Size","value":"1.28 inches"},{"label":"Resolution","value":"128 x 128 pixels (~141 ppi density)"}]},{"category":"Platform","specs":[{"label":"OS","value":"Proprietary OS"}]},{"category":"Memory","specs":[{"label":"Card slot","value":"No"}]},{"category":"Sound","specs":[{"label":"Loudspeaker","value":"No"},{"label":"3.5mm jack","value":"No"}]},{"category":"Comms","specs":[{"label":"WLAN","value":"No"},{"label":"Bluetooth","value":"4.0, A2DP"},{"label":"Positioning","value":"No"},{"label":"NFC","value":"No"},{"label":"USB","value":"No"},{"label":"Radio","value":"No"}]},{"category":"Features","specs":[{"label":"Sensors","value":"Accelerometer, heart rate"}]},{"category":"Battery","specs":[{"label":"Type","value":"Li-Po 100 mAh, non-removable"}]},{"category":"Misc","specs":[{"label":"Colors","value":"Black"}]}]');
INSERT OR IGNORE INTO device_pictures (device_id, url, position) VALUES (1457, 'https://fdn2.gsmarena.com/vv/bigpic/allview-allwatch.jpg', 0);
INSERT OR IGNORE INTO device_pictures (device_id, url, position) VALUES (1457, 'https://fdn2.gsmarena.com/vv/pics/allview/allview-allwatch1.jpg', 1);
INSERT OR IGNORE INTO device_pictures (device_id, url, position) VALUES (1457, 'https://fdn2.gsmarena.com/vv/pics/allview/allview-allwatch2.jpg', 2);
INSERT OR IGNORE INTO device_pictures (device_id, url, position) VALUES (1457, 'https://fdn2.gsmarena.com/vv/pics/allview/allview-allwatch3.jpg', 3);
INSERT OR IGNORE INTO devices (id, brand_id, name, gsmarena_url, thumbnail_url, summary) VALUES (1458, 8, 'V2 Viper Xe', 'https://www.gsmarena.com/allview_v2_viper_xe-8414.php', 'https://fdn2.gsmarena.com/vv/bigpic/allview-v2-viper-xe.jpg', 'V2 Viper Xe');
INSERT OR IGNORE INTO device_specs (device_id, announced, status, network, os, chipset, cpu, gpu, display_size, display_type, display_res, ram, storage, main_camera, selfie_camera, battery, charging, nfc, usb, bluetooth, wlan, colors, weight, dimensions, sim, sensors, popularity, fans, rating, full_specs_json) VALUES (1458, '2016, October. Released 2016, October', 'Discontinued', 'GSM / HSPA / LTE / 4G/LTE', 'Android 6.0 (Marshmallow)', 'Mediatek MT6737 (28 nm)', 'Quad-core 1.45 GHz Cortex-A53', 'Mali-T720MP2', '5.5 inches, 83.4 cm 2 (~70.5% screen-to-body ratio)', 'IPS LCD', '720 x 1280 pixels, 16:9 ratio (~267 ppi density)', '3GB', '16GB', '13 MP, PDAF, LED flash, HDR', '8 MP', 'Li-Po 3150 mAh, non-removable', NULL, 'No', 'microUSB 2.0', '4.0, A2DP, EDR', 'Wi-Fi 802.11 b/g/n', 'Gold, Blue', '178 g (6.28 oz)', '154.4 x 76.6 x 9.2 mm (6.08 x 3.02 x 0.36 in)', 'Nano-SIM + Micro-SIM', 'Accelerometer, proximity, compass', NULL, NULL, NULL, '[{"category":"Network","specs":[{"label":"Technology","value":"GSM / HSPA / LTE"},{"label":"2G bands","value":"GSM 850 / 900 / 1800 / 1900 - SIM 1 & SIM 2"},{"label":"3G bands","value":"HSDPA 900 / 1900 / 2100"},{"label":"4G bands","value":"1, 3, 7, 8, 20, 38, 39, 40, 41"},{"label":"Speed","value":"HSPA 21.1/5.76 Mbps, LTE Cat4 150/50 Mbps"}]},{"category":"Launch","specs":[{"label":"Announced","value":"2016, October. Released 2016, October"},{"label":"Status","value":"Discontinued"}]},{"category":"Body","specs":[{"label":"Dimensions","value":"154.4 x 76.6 x 9.2 mm (6.08 x 3.02 x 0.36 in)"},{"label":"Weight","value":"178 g (6.28 oz)"},{"label":"SIM","value":"Nano-SIM + Micro-SIM"}]},{"category":"Display","specs":[{"label":"Type","value":"IPS LCD"},{"label":"Size","value":"5.5 inches, 83.4 cm 2 (~70.5% screen-to-body ratio)"},{"label":"Resolution","value":"720 x 1280 pixels, 16:9 ratio (~267 ppi density)"},{"label":"Protection","value":"Corning Gorilla Glass 3"}]},{"category":"Platform","specs":[{"label":"OS","value":"Android 6.0 (Marshmallow)"},{"label":"Chipset","value":"Mediatek MT6737 (28 nm)"},{"label":"CPU","value":"Quad-core 1.45 GHz Cortex-A53"},{"label":"GPU","value":"Mali-T720MP2"}]},{"category":"Memory","specs":[{"label":"Card slot","value":"microSDXC"},{"label":"Internal","value":"16GB 3GB RAM"}]},{"category":"Main Camera","specs":[{"label":"Single","value":"13 MP, PDAF"},{"label":"Features","value":"LED flash, HDR"},{"label":"Video","value":"1080p@30fps"}]},{"category":"Selfie camera","specs":[{"label":"Single","value":"8 MP"}]},{"category":"Sound","specs":[{"label":"Loudspeaker","value":"Yes"},{"label":"3.5mm jack","value":"Yes"}]},{"category":"Comms","specs":[{"label":"WLAN","value":"Wi-Fi 802.11 b/g/n"},{"label":"Bluetooth","value":"4.0, A2DP, EDR"},{"label":"Positioning","value":"GPS"},{"label":"NFC","value":"No"},{"label":"USB","value":"microUSB 2.0"},{"label":"Radio","value":"FM radio"},{"label":"Infrared port","value":"Yes"}]},{"category":"Features","specs":[{"label":"Sensors","value":"Accelerometer, proximity, compass"}]},{"category":"Battery","specs":[{"label":"Type","value":"Li-Po 3150 mAh, non-removable"},{"label":"Stand-by","value":"Up to 310 h (3G)"},{"label":"Talk time","value":"Up to 15 h (3G)"}]},{"category":"Misc","specs":[{"label":"Colors","value":"Gold, Blue"}]}]');
INSERT OR IGNORE INTO device_pictures (device_id, url, position) VALUES (1458, 'https://fdn2.gsmarena.com/vv/bigpic/allview-v2-viper-xe.jpg', 0);
INSERT OR IGNORE INTO device_pictures (device_id, url, position) VALUES (1458, 'https://fdn2.gsmarena.com/vv/pics/allview/allview-v2-viper-xe1.jpg', 1);
INSERT OR IGNORE INTO device_pictures (device_id, url, position) VALUES (1458, 'https://fdn2.gsmarena.com/vv/pics/allview/allview-v2-viper-xe2.jpg', 2);
INSERT OR IGNORE INTO devices (id, brand_id, name, gsmarena_url, thumbnail_url, summary) VALUES (1459, 8, 'V2 Viper S', 'https://www.gsmarena.com/allview_v2_viper_s-8413.php', 'https://fdn2.gsmarena.com/vv/bigpic/allview-v2-viper-s.jpg', 'V2 Viper S');
INSERT OR IGNORE INTO device_specs (device_id, announced, status, network, os, chipset, cpu, gpu, display_size, display_type, display_res, ram, storage, main_camera, selfie_camera, battery, charging, nfc, usb, bluetooth, wlan, colors, weight, dimensions, sim, sensors, popularity, fans, rating, full_specs_json) VALUES (1459, '2016, October. Released 2016, October', 'Discontinued', 'GSM / HSPA / LTE / 4G/LTE', 'Android 6.0 (Marshmallow)', 'Mediatek MT6753 (28 nm)', 'Octa-core 1.3 GHz Cortex-A53', 'Mali-T720', '5.5 inches, 83.4 cm 2 (~76.7% screen-to-body ratio)', 'IPS LCD', '1080 x 1920 pixels, 16:9 ratio (~401 ppi density)', '3GB', '32GB', '16 MP, f/2.0, PDAF, LED flash, HDR', '5 MP', 'Li-Po 3000 mAh, removable', NULL, 'No', 'microUSB 2.0', '4.0, A2DP, EDR', 'Wi-Fi 802.11 b/g/n', 'Gray, Gold', '141.6 g (5.01 oz)', '146 x 74.5 x 8.2 mm (5.75 x 2.93 x 0.32 in)', 'Dual SIM (Micro-SIM, dual stand-by)', 'Accelerometer, proximity, compass', NULL, NULL, NULL, '[{"category":"Network","specs":[{"label":"Technology","value":"GSM / HSPA / LTE"},{"label":"2G bands","value":"GSM 850 / 900 / 1800 / 1900 - SIM 1 & SIM 2"},{"label":"3G bands","value":"HSDPA 900 / 2100"},{"label":"4G bands","value":"1, 3, 7, 20, 38"},{"label":"Speed","value":"HSPA 21.1/5.76 Mbps, LTE Cat4 150/50 Mbps"}]},{"category":"Launch","specs":[{"label":"Announced","value":"2016, October. Released 2016, October"},{"label":"Status","value":"Discontinued"}]},{"category":"Body","specs":[{"label":"Dimensions","value":"146 x 74.5 x 8.2 mm (5.75 x 2.93 x 0.32 in)"},{"label":"Weight","value":"141.6 g (5.01 oz)"},{"label":"SIM","value":"Dual SIM (Micro-SIM, dual stand-by)"}]},{"category":"Display","specs":[{"label":"Type","value":"IPS LCD"},{"label":"Size","value":"5.5 inches, 83.4 cm 2 (~76.7% screen-to-body ratio)"},{"label":"Resolution","value":"1080 x 1920 pixels, 16:9 ratio (~401 ppi density)"},{"label":"Protection","value":"Scratch-resistant glass"}]},{"category":"Platform","specs":[{"label":"OS","value":"Android 6.0 (Marshmallow)"},{"label":"Chipset","value":"Mediatek MT6753 (28 nm)"},{"label":"CPU","value":"Octa-core 1.3 GHz Cortex-A53"},{"label":"GPU","value":"Mali-T720"}]},{"category":"Memory","specs":[{"label":"Card slot","value":"microSDXC"},{"label":"Internal","value":"32GB 3GB RAM"}]},{"category":"Main Camera","specs":[{"label":"Single","value":"16 MP, f/2.0, PDAF"},{"label":"Features","value":"LED flash, HDR"},{"label":"Video","value":"1080p@30fps"}]},{"category":"Selfie camera","specs":[{"label":"Single","value":"5 MP"}]},{"category":"Sound","specs":[{"label":"Loudspeaker","value":"Yes"},{"label":"3.5mm jack","value":"Yes"}]},{"category":"Comms","specs":[{"label":"WLAN","value":"Wi-Fi 802.11 b/g/n"},{"label":"Bluetooth","value":"4.0, A2DP, EDR"},{"label":"Positioning","value":"GPS"},{"label":"NFC","value":"No"},{"label":"USB","value":"microUSB 2.0"},{"label":"Radio","value":"FM radio"},{"label":"Infrared port","value":"Yes"}]},{"category":"Features","specs":[{"label":"Sensors","value":"Accelerometer, proximity, compass"}]},{"category":"Battery","specs":[{"label":"Type","value":"Li-Po 3000 mAh, removable"},{"label":"Stand-by","value":"Up to 210 h (3G)"},{"label":"Talk time","value":"Up to 14 h (3G)"}]},{"category":"Misc","specs":[{"label":"Colors","value":"Gray, Gold"},{"label":"Models","value":"V2_Viper_S"}]}]');
INSERT OR IGNORE INTO device_pictures (device_id, url, position) VALUES (1459, 'https://fdn2.gsmarena.com/vv/bigpic/allview-v2-viper-s.jpg', 0);
INSERT OR IGNORE INTO device_pictures (device_id, url, position) VALUES (1459, 'https://fdn2.gsmarena.com/vv/pics/allview/allview-v2-viper-s1.jpg', 1);
INSERT OR IGNORE INTO device_pictures (device_id, url, position) VALUES (1459, 'https://fdn2.gsmarena.com/vv/pics/allview/allview-v2-viper-s2.jpg', 2);
INSERT OR IGNORE INTO devices (id, brand_id, name, gsmarena_url, thumbnail_url, summary) VALUES (1460, 8, 'P9 Energy mini', 'https://www.gsmarena.com/allview_p9_energy_mini-8374.php', 'https://fdn2.gsmarena.com/vv/bigpic/allview-p9-energy-mini.jpg', 'P9 Energy mini');
INSERT OR IGNORE INTO device_specs (device_id, announced, status, network, os, chipset, cpu, gpu, display_size, display_type, display_res, ram, storage, main_camera, selfie_camera, battery, charging, nfc, usb, bluetooth, wlan, colors, weight, dimensions, sim, sensors, popularity, fans, rating, full_specs_json) VALUES (1460, '2016, September. Released 2016, September', 'Discontinued', 'GSM / HSPA / LTE / 4G/LTE', 'Android 6.0 (Marshmallow)', 'Mediatek MT6737 (28 nm)', 'Quad-core 1.3 GHz Cortex-A53', 'Mali-T720MP2', '5.0 inches, 68.9 cm 2 (~67.4% screen-to-body ratio)', 'IPS LCD', '720 x 1280 pixels, 16:9 ratio (~294 ppi density)', '3GB', '16GB', '13 MP, PDAF, LED flash, HDR, panorama', '5 MP', 'Li-Ion 4000 mAh, removable', NULL, 'No', 'microUSB 2.0', '4.0, A2DP, EDR', 'Wi-Fi 802.11 b/g/n', 'Blue, Gold, Mocha Gold', '181 g (6.38 oz)', '144 x 71 x 9.9 mm (5.67 x 2.80 x 0.39 in)', 'Dual SIM (Micro-SIM, dual stand-by)', 'Accelerometer, proximity, compass', NULL, NULL, NULL, '[{"category":"Network","specs":[{"label":"Technology","value":"GSM / HSPA / LTE"},{"label":"2G bands","value":"GSM 850 / 900 / 1800 / 1900 - SIM 1 & SIM 2"},{"label":"3G bands","value":"HSDPA 900 / 1900 / 2100"},{"label":"4G bands","value":"1, 3, 7, 20, 38, 39, 40, 41"},{"label":"Speed","value":"HSPA 21.1/5.76 Mbps, LTE Cat4 150/50 Mbps"}]},{"category":"Launch","specs":[{"label":"Announced","value":"2016, September. Released 2016, September"},{"label":"Status","value":"Discontinued"}]},{"category":"Body","specs":[{"label":"Dimensions","value":"144 x 71 x 9.9 mm (5.67 x 2.80 x 0.39 in)"},{"label":"Weight","value":"181 g (6.38 oz)"},{"label":"SIM","value":"Dual SIM (Micro-SIM, dual stand-by)"}]},{"category":"Display","specs":[{"label":"Type","value":"IPS LCD"},{"label":"Size","value":"5.0 inches, 68.9 cm 2 (~67.4% screen-to-body ratio)"},{"label":"Resolution","value":"720 x 1280 pixels, 16:9 ratio (~294 ppi density)"},{"label":"Protection","value":"Asahi Dragontrail Glass"}]},{"category":"Platform","specs":[{"label":"OS","value":"Android 6.0 (Marshmallow)"},{"label":"Chipset","value":"Mediatek MT6737 (28 nm)"},{"label":"CPU","value":"Quad-core 1.3 GHz Cortex-A53"},{"label":"GPU","value":"Mali-T720MP2"}]},{"category":"Memory","specs":[{"label":"Card slot","value":"microSDXC"},{"label":"Internal","value":"16GB 3GB RAM"}]},{"category":"Main Camera","specs":[{"label":"Single","value":"13 MP, PDAF"},{"label":"Features","value":"LED flash, HDR, panorama"},{"label":"Video","value":"1080p@30fps"}]},{"category":"Selfie camera","specs":[{"label":"Single","value":"5 MP"}]},{"category":"Sound","specs":[{"label":"Loudspeaker","value":"Yes"},{"label":"3.5mm jack","value":"Yes"}]},{"category":"Comms","specs":[{"label":"WLAN","value":"Wi-Fi 802.11 b/g/n"},{"label":"Bluetooth","value":"4.0, A2DP, EDR"},{"label":"Positioning","value":"GPS"},{"label":"NFC","value":"No"},{"label":"USB","value":"microUSB 2.0"},{"label":"Radio","value":"FM radio"},{"label":"Infrared port","value":"Yes"}]},{"category":"Features","specs":[{"label":"Sensors","value":"Accelerometer, proximity, compass"}]},{"category":"Battery","specs":[{"label":"Type","value":"Li-Ion 4000 mAh, removable"},{"label":"Stand-by","value":"Up to 360 h"},{"label":"Talk time","value":"Up to 20 h"}]},{"category":"Misc","specs":[{"label":"Colors","value":"Blue, Gold, Mocha Gold"},{"label":"SAR EU","value":"1.25 W/kg (head)"}]}]');
INSERT OR IGNORE INTO device_pictures (device_id, url, position) VALUES (1460, 'https://fdn2.gsmarena.com/vv/bigpic/allview-p9-energy-mini.jpg', 0);
INSERT OR IGNORE INTO device_pictures (device_id, url, position) VALUES (1460, 'https://fdn2.gsmarena.com/vv/pics/allview/allview-p9-energy-mini1.jpg', 1);
INSERT OR IGNORE INTO device_pictures (device_id, url, position) VALUES (1460, 'https://fdn2.gsmarena.com/vv/pics/allview/allview-p9-energy-mini2.jpg', 2);
INSERT OR IGNORE INTO devices (id, brand_id, name, gsmarena_url, thumbnail_url, summary) VALUES (1461, 8, 'P9 Energy Lite', 'https://www.gsmarena.com/allview_p9_energy_lite-8373.php', 'https://fdn2.gsmarena.com/vv/bigpic/allview-p9-energy-lite.jpg', 'P9 Energy Lite');
INSERT OR IGNORE INTO device_specs (device_id, announced, status, network, os, chipset, cpu, gpu, display_size, display_type, display_res, ram, storage, main_camera, selfie_camera, battery, charging, nfc, usb, bluetooth, wlan, colors, weight, dimensions, sim, sensors, popularity, fans, rating, full_specs_json) VALUES (1461, '2016, September. Released 2016, September', 'Discontinued', 'GSM / HSPA / LTE / 4G/LTE', 'Android 6.0 (Marshmallow)', 'Mediatek MT6750 (28 nm)', 'Octa-core (4x1.5 GHz Cortex-A53 & 4x1.0 GHz Cortex-A53)', 'Mali-T860MP2', '5.3 inches, 77.4 cm 2 (~71.0% screen-to-body ratio)', 'IPS LCD', '720 x 1280 pixels, 16:9 ratio (~277 ppi density)', '3GB', '32GB', '13 MP, PDAF, LED flash, HDR, panorama', '5 MP', 'Li-Po 4000 mAh, non-removable', NULL, 'No', 'microUSB 2.0', '4.0, A2DP, EDR', 'Wi-Fi 802.11 b/g/n', 'Gold, Mocha Gold', '174 g (6.14 oz)', '149 x 73.2 x 8.2 mm (5.87 x 2.88 x 0.32 in)', 'Dual SIM (Micro-SIM, dual stand-by)', 'Accelerometer, proximity, compass', NULL, NULL, NULL, '[{"category":"Network","specs":[{"label":"Technology","value":"GSM / HSPA / LTE"},{"label":"2G bands","value":"GSM 850 / 900 / 1800 / 1900 - SIM 1 & SIM 2"},{"label":"3G bands","value":"HSDPA 850 / 900 / 1900 / 2100"},{"label":"4G bands","value":"1, 3, 7, 20, 38, 39, 40, 41"},{"label":"Speed","value":"HSPA 21.1/5.76 Mbps, LTE (2CA) Cat6 300/50 Mbps"}]},{"category":"Launch","specs":[{"label":"Announced","value":"2016, September. Released 2016, September"},{"label":"Status","value":"Discontinued"}]},{"category":"Body","specs":[{"label":"Dimensions","value":"149 x 73.2 x 8.2 mm (5.87 x 2.88 x 0.32 in)"},{"label":"Weight","value":"174 g (6.14 oz)"},{"label":"SIM","value":"Dual SIM (Micro-SIM, dual stand-by)"}]},{"category":"Display","specs":[{"label":"Type","value":"IPS LCD"},{"label":"Size","value":"5.3 inches, 77.4 cm 2 (~71.0% screen-to-body ratio)"},{"label":"Resolution","value":"720 x 1280 pixels, 16:9 ratio (~277 ppi density)"},{"label":"Protection","value":"Scratch-resistant glass"}]},{"category":"Platform","specs":[{"label":"OS","value":"Android 6.0 (Marshmallow)"},{"label":"Chipset","value":"Mediatek MT6750 (28 nm)"},{"label":"CPU","value":"Octa-core (4x1.5 GHz Cortex-A53 & 4x1.0 GHz Cortex-A53)"},{"label":"GPU","value":"Mali-T860MP2"}]},{"category":"Memory","specs":[{"label":"Card slot","value":"microSDXC"},{"label":"Internal","value":"32GB 3GB RAM"}]},{"category":"Main Camera","specs":[{"label":"Single","value":"13 MP, PDAF"},{"label":"Features","value":"LED flash, HDR, panorama"},{"label":"Video","value":"1080p@30fps"}]},{"category":"Selfie camera","specs":[{"label":"Single","value":"5 MP"}]},{"category":"Sound","specs":[{"label":"Loudspeaker","value":"Yes"},{"label":"3.5mm jack","value":"Yes"}]},{"category":"Comms","specs":[{"label":"WLAN","value":"Wi-Fi 802.11 b/g/n"},{"label":"Bluetooth","value":"4.0, A2DP, EDR"},{"label":"Positioning","value":"GPS"},{"label":"NFC","value":"No"},{"label":"USB","value":"microUSB 2.0"},{"label":"Radio","value":"FM radio"},{"label":"Infrared port","value":"Yes"}]},{"category":"Features","specs":[{"label":"Sensors","value":"Accelerometer, proximity, compass"}]},{"category":"Battery","specs":[{"label":"Type","value":"Li-Po 4000 mAh, non-removable"},{"label":"Stand-by","value":"Up to 450 h"},{"label":"Talk time","value":"Up to 20 h"}]},{"category":"Misc","specs":[{"label":"Colors","value":"Gold, Mocha Gold"},{"label":"SAR EU","value":"0.72 W/kg (head)"}]}]');
INSERT OR IGNORE INTO device_pictures (device_id, url, position) VALUES (1461, 'https://fdn2.gsmarena.com/vv/bigpic/allview-p9-energy-lite.jpg', 0);
INSERT OR IGNORE INTO device_pictures (device_id, url, position) VALUES (1461, 'https://fdn2.gsmarena.com/vv/pics/allview/allview-p9-energy-lite1.jpg', 1);
INSERT OR IGNORE INTO device_pictures (device_id, url, position) VALUES (1461, 'https://fdn2.gsmarena.com/vv/pics/allview/allview-p9-energy-lite2.jpg', 2);
INSERT OR IGNORE INTO devices (id, brand_id, name, gsmarena_url, thumbnail_url, summary) VALUES (1462, 8, 'P9 Energy', 'https://www.gsmarena.com/allview_p9_energy-8372.php', 'https://fdn2.gsmarena.com/vv/bigpic/allview-p9-energy.jpg', 'P9 Energy');
INSERT OR IGNORE INTO device_specs (device_id, announced, status, network, os, chipset, cpu, gpu, display_size, display_type, display_res, ram, storage, main_camera, selfie_camera, battery, charging, nfc, usb, bluetooth, wlan, colors, weight, dimensions, sim, sensors, popularity, fans, rating, full_specs_json) VALUES (1462, '2016, September. Released 2016, September', 'Discontinued', 'GSM / HSPA / LTE / 4G/LTE', 'Android 6.0 (Marshmallow)', 'Mediatek MT6755 Helio P10 (28 nm)', 'Octa-core (4x2.0 GHz Cortex-A53 & 4x1.0 GHz Cortex-A53)', 'Mali-T860MP2', '5.5 inches, 83.4 cm 2 (~72.7% screen-to-body ratio)', 'AMOLED', '1080 x 1920 pixels, 16:9 ratio (~401 ppi density)', '4GB', '64GB', '13 MP, PDAF, LED flash, HDR, panorama', '8 MP', 'Li-Po 5000 mAh, non-removable', '10W wired Reverse wired', 'No', 'microUSB 2.0', '4.0, A2DP, EDR', 'Wi-Fi 802.11 b/g/n', 'Gold, Mocha Gold', '183 g (6.46 oz)', '152.3 x 75.3 x 8.2 mm (6.00 x 2.96 x 0.32 in)', 'Dual SIM (Micro-SIM, dual stand-by)', 'Fingerprint (front-mounted), accelerometer, gyro, proximity, compass', NULL, NULL, NULL, '[{"category":"Network","specs":[{"label":"Technology","value":"GSM / HSPA / LTE"},{"label":"2G bands","value":"GSM 850 / 900 / 1800 / 1900 - SIM 1 & SIM 2"},{"label":"3G bands","value":"HSDPA 850 / 900 / 1900 / 2100"},{"label":"4G bands","value":"1, 3, 7, 20, 38, 39, 40, 41"},{"label":"Speed","value":"HSPA 21.1/5.76 Mbps, LTE (2CA) Cat6 300/50 Mbps"}]},{"category":"Launch","specs":[{"label":"Announced","value":"2016, September. Released 2016, September"},{"label":"Status","value":"Discontinued"}]},{"category":"Body","specs":[{"label":"Dimensions","value":"152.3 x 75.3 x 8.2 mm (6.00 x 2.96 x 0.32 in)"},{"label":"Weight","value":"183 g (6.46 oz)"},{"label":"SIM","value":"Dual SIM (Micro-SIM, dual stand-by)"}]},{"category":"Display","specs":[{"label":"Type","value":"AMOLED"},{"label":"Size","value":"5.5 inches, 83.4 cm 2 (~72.7% screen-to-body ratio)"},{"label":"Resolution","value":"1080 x 1920 pixels, 16:9 ratio (~401 ppi density)"},{"label":"Protection","value":"Scratch-resistant glass"}]},{"category":"Platform","specs":[{"label":"OS","value":"Android 6.0 (Marshmallow)"},{"label":"Chipset","value":"Mediatek MT6755 Helio P10 (28 nm)"},{"label":"CPU","value":"Octa-core (4x2.0 GHz Cortex-A53 & 4x1.0 GHz Cortex-A53)"},{"label":"GPU","value":"Mali-T860MP2"}]},{"category":"Memory","specs":[{"label":"Card slot","value":"microSDXC"},{"label":"Internal","value":"64GB 4GB RAM"}]},{"category":"Main Camera","specs":[{"label":"Single","value":"13 MP, PDAF"},{"label":"Features","value":"LED flash, HDR, panorama"},{"label":"Video","value":"1080p@30fps"}]},{"category":"Selfie camera","specs":[{"label":"Single","value":"8 MP"}]},{"category":"Sound","specs":[{"label":"Loudspeaker","value":"Yes"},{"label":"3.5mm jack","value":"Yes"}]},{"category":"Comms","specs":[{"label":"WLAN","value":"Wi-Fi 802.11 b/g/n"},{"label":"Bluetooth","value":"4.0, A2DP, EDR"},{"label":"Positioning","value":"GPS"},{"label":"NFC","value":"No"},{"label":"USB","value":"microUSB 2.0"},{"label":"Radio","value":"FM radio"},{"label":"Infrared port","value":"Yes"}]},{"category":"Features","specs":[{"label":"Sensors","value":"Fingerprint (front-mounted), accelerometer, gyro, proximity, compass"}]},{"category":"Battery","specs":[{"label":"Type","value":"Li-Po 5000 mAh, non-removable"},{"label":"Charging","value":"10W wired Reverse wired"},{"label":"Stand-by","value":"Up to 555 h"},{"label":"Talk time","value":"Up to 27 h"}]},{"category":"Misc","specs":[{"label":"Colors","value":"Gold, Mocha Gold"},{"label":"SAR EU","value":"1.40 W/kg (head)"}]}]');
INSERT OR IGNORE INTO device_pictures (device_id, url, position) VALUES (1462, 'https://fdn2.gsmarena.com/vv/bigpic/allview-p9-energy.jpg', 0);
INSERT OR IGNORE INTO device_pictures (device_id, url, position) VALUES (1462, 'https://fdn2.gsmarena.com/vv/pics/allview/allview-p9-energy1.jpg', 1);
INSERT OR IGNORE INTO device_pictures (device_id, url, position) VALUES (1462, 'https://fdn2.gsmarena.com/vv/pics/allview/allview-p9-energy2.jpg', 2);
INSERT OR IGNORE INTO devices (id, brand_id, name, gsmarena_url, thumbnail_url, summary) VALUES (1463, 8, 'P7 Pro', 'https://www.gsmarena.com/allview_p7_pro-8371.php', 'https://fdn2.gsmarena.com/vv/bigpic/allview-p7-pro.jpg', 'P7 Pro');
INSERT OR IGNORE INTO device_specs (device_id, announced, status, network, os, chipset, cpu, gpu, display_size, display_type, display_res, ram, storage, main_camera, selfie_camera, battery, charging, nfc, usb, bluetooth, wlan, colors, weight, dimensions, sim, sensors, popularity, fans, rating, full_specs_json) VALUES (1463, '2016, September. Released 2016, September', 'Discontinued', 'GSM / HSPA / LTE / 4G/LTE', 'Android 6.0 (Marshmallow)', 'Mediatek MT6737 (28 nm)', 'Quad-core 1.3 GHz Cortex-A53', 'Mali-T720MP2', '5.0 inches, 68.9 cm 2 (~66.5% screen-to-body ratio)', 'IPS LCD', '720 x 1280 pixels, 16:9 ratio (~294 ppi density)', '2GB', '16GB', '8 MP, PDAF, LED flash, panorama, HDR', '5 MP', 'Li-Ion 2300 mAh, removable', NULL, 'No', 'microUSB 2.0', '4.0, A2DP, EDR', 'Wi-Fi 802.11 b/g/n, Wi-Fi Direct', 'Dark Blue, Gold', '165 g (5.82 oz)', '144 x 72 x 9 mm (5.67 x 2.83 x 0.35 in)', 'Dual SIM (Micro-SIM, dual stand-by)', 'Accelerometer, proximity, compass', NULL, NULL, NULL, '[{"category":"Network","specs":[{"label":"Technology","value":"GSM / HSPA / LTE"},{"label":"2G bands","value":"GSM 900 / 1800 / 1900 - SIM 1 & SIM 2"},{"label":"3G bands","value":"HSDPA 850 / 900 / 1900 / 2100"},{"label":"4G bands","value":"1, 3, 7, 20, 38, 39, 40, 41"},{"label":"Speed","value":"HSPA 21.1/5.76 Mbps, LTE Cat4 150/50 Mbps"}]},{"category":"Launch","specs":[{"label":"Announced","value":"2016, September. Released 2016, September"},{"label":"Status","value":"Discontinued"}]},{"category":"Body","specs":[{"label":"Dimensions","value":"144 x 72 x 9 mm (5.67 x 2.83 x 0.35 in)"},{"label":"Weight","value":"165 g (5.82 oz)"},{"label":"SIM","value":"Dual SIM (Micro-SIM, dual stand-by)"}]},{"category":"Display","specs":[{"label":"Type","value":"IPS LCD"},{"label":"Size","value":"5.0 inches, 68.9 cm 2 (~66.5% screen-to-body ratio)"},{"label":"Resolution","value":"720 x 1280 pixels, 16:9 ratio (~294 ppi density)"},{"label":"Protection","value":"Asahi Dragontrail Glass"}]},{"category":"Platform","specs":[{"label":"OS","value":"Android 6.0 (Marshmallow)"},{"label":"Chipset","value":"Mediatek MT6737 (28 nm)"},{"label":"CPU","value":"Quad-core 1.3 GHz Cortex-A53"},{"label":"GPU","value":"Mali-T720MP2"}]},{"category":"Memory","specs":[{"label":"Card slot","value":"microSDHC"},{"label":"Internal","value":"16GB 2GB RAM"}]},{"category":"Main Camera","specs":[{"label":"Single","value":"8 MP, PDAF"},{"label":"Features","value":"LED flash, panorama, HDR"},{"label":"Video","value":"1080p@30fps"}]},{"category":"Selfie camera","specs":[{"label":"Single","value":"5 MP"}]},{"category":"Sound","specs":[{"label":"Loudspeaker","value":"Yes"},{"label":"3.5mm jack","value":"Yes"}]},{"category":"Comms","specs":[{"label":"WLAN","value":"Wi-Fi 802.11 b/g/n, Wi-Fi Direct"},{"label":"Bluetooth","value":"4.0, A2DP, EDR"},{"label":"Positioning","value":"GPS"},{"label":"NFC","value":"No"},{"label":"USB","value":"microUSB 2.0"},{"label":"Radio","value":"FM radio"}]},{"category":"Features","specs":[{"label":"Sensors","value":"Accelerometer, proximity, compass"}]},{"category":"Battery","specs":[{"label":"Type","value":"Li-Ion 2300 mAh, removable"},{"label":"Stand-by","value":"Up to 208 h (3G)"},{"label":"Talk time","value":"Up to 11 h 20 min (3G)"}]},{"category":"Misc","specs":[{"label":"Colors","value":"Dark Blue, Gold"},{"label":"Models","value":"P7_PRO"},{"label":"SAR EU","value":"1.82 W/kg (head)"}]}]');
INSERT OR IGNORE INTO device_pictures (device_id, url, position) VALUES (1463, 'https://fdn2.gsmarena.com/vv/bigpic/allview-p7-pro.jpg', 0);
INSERT OR IGNORE INTO device_pictures (device_id, url, position) VALUES (1463, 'https://fdn2.gsmarena.com/vv/pics/allview/allview-p7-pro1.jpg', 1);
INSERT OR IGNORE INTO device_pictures (device_id, url, position) VALUES (1463, 'https://fdn2.gsmarena.com/vv/pics/allview/allview-p7-pro2.jpg', 2);
INSERT OR IGNORE INTO devices (id, brand_id, name, gsmarena_url, thumbnail_url, summary) VALUES (1464, 8, 'X3 Soul Style', 'https://www.gsmarena.com/allview_x3_soul_style-8249.php', 'https://fdn2.gsmarena.com/vv/bigpic/allview-x3ss.jpg', 'X3 Soul Style');
INSERT OR IGNORE INTO device_specs (device_id, announced, status, network, os, chipset, cpu, gpu, display_size, display_type, display_res, ram, storage, main_camera, selfie_camera, battery, charging, nfc, usb, bluetooth, wlan, colors, weight, dimensions, sim, sensors, popularity, fans, rating, full_specs_json) VALUES (1464, '2016, June. Released 2016, June', 'Discontinued', 'GSM / HSPA / LTE / 4G/LTE', 'Android 6.0 (Marshmallow)', 'Mediatek MT6753 (28 nm)', 'Octa-core 1.3 GHz Cortex-A53', 'Mali-T720', '5.5 inches, 83.4 cm 2 (~71.4% screen-to-body ratio)', 'IPS LCD', '1080 x 1920 pixels, 16:9 ratio (~401 ppi density)', '3GB', '32GB', '13 MP, PDAF, LED flash, HDR', '8 MP', 'Li-Po 3150 mAh, non-removable', NULL, 'No', 'microUSB 2.0', '4.0, A2DP, EDR', 'Wi-Fi 802.11 b/g/n', 'Mocha Gold', '162.2 g (5.71 oz)', '154.5 x 75.6 x 8.2 mm (6.08 x 2.98 x 0.32 in)', 'Nano-SIM + Micro-SIM', 'Accelerometer, proximity', NULL, NULL, NULL, '[{"category":"Network","specs":[{"label":"Technology","value":"GSM / HSPA / LTE"},{"label":"2G bands","value":"GSM 850 / 900 / 1800 / 1900 - SIM 1 & SIM 2"},{"label":"3G bands","value":"HSDPA 900 / 1900 / 2100"},{"label":"4G bands","value":"1, 3, 7, 20, 38, 39, 40, 41"},{"label":"Speed","value":"HSPA 21.1/5.76 Mbps, LTE Cat4 150/50 Mbps"}]},{"category":"Launch","specs":[{"label":"Announced","value":"2016, June. Released 2016, June"},{"label":"Status","value":"Discontinued"}]},{"category":"Body","specs":[{"label":"Dimensions","value":"154.5 x 75.6 x 8.2 mm (6.08 x 2.98 x 0.32 in)"},{"label":"Weight","value":"162.2 g (5.71 oz)"},{"label":"SIM","value":"Nano-SIM + Micro-SIM"}]},{"category":"Display","specs":[{"label":"Type","value":"IPS LCD"},{"label":"Size","value":"5.5 inches, 83.4 cm 2 (~71.4% screen-to-body ratio)"},{"label":"Resolution","value":"1080 x 1920 pixels, 16:9 ratio (~401 ppi density)"},{"label":"Protection","value":"Corning Gorilla Glass 3"}]},{"category":"Platform","specs":[{"label":"OS","value":"Android 6.0 (Marshmallow)"},{"label":"Chipset","value":"Mediatek MT6753 (28 nm)"},{"label":"CPU","value":"Octa-core 1.3 GHz Cortex-A53"},{"label":"GPU","value":"Mali-T720"}]},{"category":"Memory","specs":[{"label":"Card slot","value":"microSDXC (uses shared SIM slot)"},{"label":"Internal","value":"32GB 3GB RAM"}]},{"category":"Main Camera","specs":[{"label":"Single","value":"13 MP, PDAF"},{"label":"Features","value":"LED flash, HDR"},{"label":"Video","value":"1080p@30fps"}]},{"category":"Selfie camera","specs":[{"label":"Single","value":"8 MP"}]},{"category":"Sound","specs":[{"label":"Loudspeaker","value":"Yes"},{"label":"3.5mm jack","value":"Yes"}]},{"category":"Comms","specs":[{"label":"WLAN","value":"Wi-Fi 802.11 b/g/n"},{"label":"Bluetooth","value":"4.0, A2DP, EDR"},{"label":"Positioning","value":"GPS"},{"label":"NFC","value":"No"},{"label":"USB","value":"microUSB 2.0"},{"label":"Radio","value":"FM radio"}]},{"category":"Features","specs":[{"label":"Sensors","value":"Accelerometer, proximity"}]},{"category":"Battery","specs":[{"label":"Type","value":"Li-Po 3150 mAh, non-removable"},{"label":"Stand-by","value":"Up to 225 h (3G)"},{"label":"Talk time","value":"Up to 15 h (3G)"}]},{"category":"Misc","specs":[{"label":"Colors","value":"Mocha Gold"},{"label":"Models","value":"X3_Soul_Style"},{"label":"SAR EU","value":"0.96 W/kg (head)"}]}]');
INSERT OR IGNORE INTO device_pictures (device_id, url, position) VALUES (1464, 'https://fdn2.gsmarena.com/vv/bigpic/allview-x3ss.jpg', 0);
INSERT OR IGNORE INTO device_pictures (device_id, url, position) VALUES (1464, 'https://fdn2.gsmarena.com/vv/pics/allview/allview-x3ss-1.jpg', 1);
INSERT OR IGNORE INTO device_pictures (device_id, url, position) VALUES (1464, 'https://fdn2.gsmarena.com/vv/pics/allview/allview-x3ss-2.jpg', 2);
INSERT OR IGNORE INTO devices (id, brand_id, name, gsmarena_url, thumbnail_url, summary) VALUES (1465, 8, 'X3 Soul Plus', 'https://www.gsmarena.com/allview_x3_soul_plus-8248.php', 'https://fdn2.gsmarena.com/vv/bigpic/allview-x3sp.jpg', 'X3 Soul Plus');
INSERT OR IGNORE INTO device_specs (device_id, announced, status, network, os, chipset, cpu, gpu, display_size, display_type, display_res, ram, storage, main_camera, selfie_camera, battery, charging, nfc, usb, bluetooth, wlan, colors, weight, dimensions, sim, sensors, popularity, fans, rating, full_specs_json) VALUES (1465, '2016, July. Released 2016, July', 'Discontinued', 'GSM / HSPA / LTE / 4G/LTE', 'Android 6.0 (Marshmallow)', 'Mediatek MT6755 Helio P10 (28 nm)', 'Octa-core (4x1.8 GHz Cortex-A53 & 4x1.0 GHz Cortex-A53)', 'Mali-T860MP2', '5.5 inches, 83.4 cm 2 (~72.4% screen-to-body ratio)', 'IPS LCD', '1080 x 1920 pixels, 16:9 ratio (~401 ppi density)', '4GB', '32GB', '13 MP, f/2.0, PDAF, Laser AF, LED flash, HDR', '8 MP', 'Li-Po 3130 mAh, non-removable', NULL, 'No', 'USB Type-C 2.0', '4.0, A2DP, EDR', 'Wi-Fi 802.11 b/g/n', 'Gold', '175 g (6.17 oz)', '153 x 75.3 x 7.6 mm (6.02 x 2.96 x 0.30 in)', 'Nano-SIM + Micro-SIM', 'Fingerprint (front-mounted), accelerometer, gyro, proximity, compass', NULL, NULL, NULL, '[{"category":"Network","specs":[{"label":"Technology","value":"GSM / HSPA / LTE"},{"label":"2G bands","value":"GSM 850 / 900 / 1800 / 1900 - SIM 1 & SIM 2"},{"label":"3G bands","value":"HSDPA 900 / 1900 / 2100"},{"label":"4G bands","value":"1, 3, 7, 20, 38, 39, 40, 41"},{"label":"Speed","value":"HSPA 21.1/5.76 Mbps, LTE (2CA) Cat6 300/50 Mbps"}]},{"category":"Launch","specs":[{"label":"Announced","value":"2016, July. Released 2016, July"},{"label":"Status","value":"Discontinued"}]},{"category":"Body","specs":[{"label":"Dimensions","value":"153 x 75.3 x 7.6 mm (6.02 x 2.96 x 0.30 in)"},{"label":"Weight","value":"175 g (6.17 oz)"},{"label":"SIM","value":"Nano-SIM + Micro-SIM"}]},{"category":"Display","specs":[{"label":"Type","value":"IPS LCD"},{"label":"Size","value":"5.5 inches, 83.4 cm 2 (~72.4% screen-to-body ratio)"},{"label":"Resolution","value":"1080 x 1920 pixels, 16:9 ratio (~401 ppi density)"},{"label":"Protection","value":"Corning Gorilla Glass 3"}]},{"category":"Platform","specs":[{"label":"OS","value":"Android 6.0 (Marshmallow)"},{"label":"Chipset","value":"Mediatek MT6755 Helio P10 (28 nm)"},{"label":"CPU","value":"Octa-core (4x1.8 GHz Cortex-A53 & 4x1.0 GHz Cortex-A53)"},{"label":"GPU","value":"Mali-T860MP2"}]},{"category":"Memory","specs":[{"label":"Card slot","value":"microSDXC (uses shared SIM slot)"},{"label":"Internal","value":"32GB 4GB RAM"}]},{"category":"Main Camera","specs":[{"label":"Single","value":"13 MP, f/2.0, PDAF"},{"label":"Features","value":"Laser AF, LED flash, HDR"},{"label":"Video","value":"1080p@30fps"}]},{"category":"Selfie camera","specs":[{"label":"Single","value":"8 MP"}]},{"category":"Sound","specs":[{"label":"Loudspeaker","value":"Yes"},{"label":"3.5mm jack","value":"Yes"}]},{"category":"Comms","specs":[{"label":"WLAN","value":"Wi-Fi 802.11 b/g/n"},{"label":"Bluetooth","value":"4.0, A2DP, EDR"},{"label":"Positioning","value":"GPS"},{"label":"NFC","value":"No"},{"label":"USB","value":"USB Type-C 2.0"},{"label":"Radio","value":"FM radio"}]},{"category":"Features","specs":[{"label":"Sensors","value":"Fingerprint (front-mounted), accelerometer, gyro, proximity, compass"}]},{"category":"Battery","specs":[{"label":"Type","value":"Li-Po 3130 mAh, non-removable"},{"label":"Stand-by","value":"Up to 225 h (3G)"},{"label":"Talk time","value":"Up to 15 h (3G)"}]},{"category":"Misc","specs":[{"label":"Colors","value":"Gold"},{"label":"SAR EU","value":"0.95 W/kg (head)"}]}]');
INSERT OR IGNORE INTO device_pictures (device_id, url, position) VALUES (1465, 'https://fdn2.gsmarena.com/vv/bigpic/allview-x3sp.jpg', 0);
INSERT OR IGNORE INTO device_pictures (device_id, url, position) VALUES (1465, 'https://fdn2.gsmarena.com/vv/pics/allview/allview-x3sp.jpg', 1);
INSERT OR IGNORE INTO devices (id, brand_id, name, gsmarena_url, thumbnail_url, summary) VALUES (1466, 8, 'X3 Soul Lite', 'https://www.gsmarena.com/allview_x3_soul_lite-8247.php', 'https://fdn2.gsmarena.com/vv/bigpic/allview-x3sl.jpg', 'X3 Soul Lite');
INSERT OR IGNORE INTO device_specs (device_id, announced, status, network, os, chipset, cpu, gpu, display_size, display_type, display_res, ram, storage, main_camera, selfie_camera, battery, charging, nfc, usb, bluetooth, wlan, colors, weight, dimensions, sim, sensors, popularity, fans, rating, full_specs_json) VALUES (1466, '2016, June. Released 2016, June', 'Discontinued', 'GSM / HSPA / LTE / 4G/LTE', 'Android 6.0 (Marshmallow)', 'Mediatek MT6735 (28 nm)', 'Quad-core 1.3 GHz Cortex-A53', 'Mali-T720', '5.0 inches, 68.9 cm 2 (~67.2% screen-to-body ratio)', 'IPS LCD', '720 x 1280 pixels, 16:9 ratio (~294 ppi density)', '3GB', '16GB', '13 MP, PDAF, LED flash, HDR', '5 MP', 'Li-Po 2400 mAh, removable', NULL, 'No', 'microUSB 2.0', '4.0, A2DP, EDR', 'Wi-Fi 802.11 b/g/n', 'Gold, Gray', '142.7 g (5.04 oz)', '145.3 x 70.6 x 8.5 mm (5.72 x 2.78 x 0.33 in)', 'Hybrid Dual SIM (Micro-SIM, dual stand-by)', 'Accelerometer, proximity', NULL, NULL, NULL, '[{"category":"Network","specs":[{"label":"Technology","value":"GSM / HSPA / LTE"},{"label":"2G bands","value":"GSM 850 / 900 / 1800 / 1900 - SIM 1 & SIM 2"},{"label":"3G bands","value":"HSDPA 900 / 1900 / 2100"},{"label":"4G bands","value":"1, 3, 7, 20, 38, 39, 40, 41"},{"label":"Speed","value":"HSPA 21.1/5.76 Mbps, LTE Cat4 150/50 Mbps"}]},{"category":"Launch","specs":[{"label":"Announced","value":"2016, June. Released 2016, June"},{"label":"Status","value":"Discontinued"}]},{"category":"Body","specs":[{"label":"Dimensions","value":"145.3 x 70.6 x 8.5 mm (5.72 x 2.78 x 0.33 in)"},{"label":"Weight","value":"142.7 g (5.04 oz)"},{"label":"SIM","value":"Hybrid Dual SIM (Micro-SIM, dual stand-by)"}]},{"category":"Display","specs":[{"label":"Type","value":"IPS LCD"},{"label":"Size","value":"5.0 inches, 68.9 cm 2 (~67.2% screen-to-body ratio)"},{"label":"Resolution","value":"720 x 1280 pixels, 16:9 ratio (~294 ppi density)"},{"label":"Protection","value":"Asahi Dragontrail Glass"}]},{"category":"Platform","specs":[{"label":"OS","value":"Android 6.0 (Marshmallow)"},{"label":"Chipset","value":"Mediatek MT6735 (28 nm)"},{"label":"CPU","value":"Quad-core 1.3 GHz Cortex-A53"},{"label":"GPU","value":"Mali-T720"}]},{"category":"Memory","specs":[{"label":"Card slot","value":"microSDXC (uses shared SIM slot)"},{"label":"Internal","value":"16GB 3GB RAM"}]},{"category":"Main Camera","specs":[{"label":"Single","value":"13 MP, PDAF"},{"label":"Features","value":"LED flash, HDR"},{"label":"Video","value":"1080p@30fps"}]},{"category":"Selfie camera","specs":[{"label":"Single","value":"5 MP"}]},{"category":"Sound","specs":[{"label":"Loudspeaker","value":"Yes"},{"label":"3.5mm jack","value":"Yes"}]},{"category":"Comms","specs":[{"label":"WLAN","value":"Wi-Fi 802.11 b/g/n"},{"label":"Bluetooth","value":"4.0, A2DP, EDR"},{"label":"Positioning","value":"GPS"},{"label":"NFC","value":"No"},{"label":"USB","value":"microUSB 2.0"},{"label":"Radio","value":"FM radio"}]},{"category":"Features","specs":[{"label":"Sensors","value":"Accelerometer, proximity"}]},{"category":"Battery","specs":[{"label":"Type","value":"Li-Po 2400 mAh, removable"},{"label":"Stand-by","value":"Up to 220 h"},{"label":"Talk time","value":"Up to 12 h"}]},{"category":"Misc","specs":[{"label":"Colors","value":"Gold, Gray"},{"label":"Models","value":"X3_Soul_Lite"},{"label":"SAR EU","value":"1.22 W/kg (head)"}]}]');
INSERT OR IGNORE INTO device_pictures (device_id, url, position) VALUES (1466, 'https://fdn2.gsmarena.com/vv/bigpic/allview-x3sl.jpg', 0);
INSERT OR IGNORE INTO device_pictures (device_id, url, position) VALUES (1466, 'https://fdn2.gsmarena.com/vv/pics/allview/allview-x3sl.jpg', 1);
INSERT OR IGNORE INTO devices (id, brand_id, name, gsmarena_url, thumbnail_url, summary) VALUES (1467, 8, 'P6 Energy Lite', 'https://www.gsmarena.com/allview_p6_energy_lite-8246.php', 'https://fdn2.gsmarena.com/vv/bigpic/allview-p6el.jpg', 'P6 Energy Lite');
INSERT OR IGNORE INTO device_specs (device_id, announced, status, network, os, chipset, cpu, gpu, display_size, display_type, display_res, ram, storage, main_camera, selfie_camera, battery, charging, nfc, usb, bluetooth, wlan, colors, weight, dimensions, sim, sensors, popularity, fans, rating, full_specs_json) VALUES (1467, '2016, June. Released 2016, June', 'Discontinued', 'GSM / HSPA / LTE / 4G/LTE', 'Android 6.0 (Marshmallow)', 'Mediatek MT6580 (28 nm)', 'Quad-core 1.3 GHz Cortex-A7', 'Mali-400MP2', '5.0 inches, 68.9 cm 2 (~68.0% screen-to-body ratio)', 'IPS LCD', '480 x 854 pixels, 16:9 ratio (~196 ppi density)', '1GB', '8GB', '8 MP, AF, LED flash, HDR', '2 MP', 'Li-Po 4000 mAh, non-removable', NULL, 'No', 'microUSB 2.0', '4.0, A2DP, EDR', 'Wi-Fi 802.11 b/g/n', 'Black', '175 g (6.17 oz)', '140.8 x 72 x 9.6 mm (5.54 x 2.83 x 0.38 in)', 'Dual SIM (Micro-SIM, dual stand-by)', 'Accelerometer, proximity', NULL, NULL, NULL, '[{"category":"Network","specs":[{"label":"Technology","value":"GSM / HSPA / LTE"},{"label":"2G bands","value":"GSM 850 / 900 / 1800 / 1900 - SIM 1 & SIM 2"},{"label":"3G bands","value":"HSDPA 900 / 2100"},{"label":"4G bands","value":"1, 3, 7, 20, 38"},{"label":"Speed","value":"HSPA 21.1/5.76 Mbps, LTE Cat4 150/50 Mbps"}]},{"category":"Launch","specs":[{"label":"Announced","value":"2016, June. Released 2016, June"},{"label":"Status","value":"Discontinued"}]},{"category":"Body","specs":[{"label":"Dimensions","value":"140.8 x 72 x 9.6 mm (5.54 x 2.83 x 0.38 in)"},{"label":"Weight","value":"175 g (6.17 oz)"},{"label":"SIM","value":"Dual SIM (Micro-SIM, dual stand-by)"}]},{"category":"Display","specs":[{"label":"Type","value":"IPS LCD"},{"label":"Size","value":"5.0 inches, 68.9 cm 2 (~68.0% screen-to-body ratio)"},{"label":"Resolution","value":"480 x 854 pixels, 16:9 ratio (~196 ppi density)"},{"label":"Protection","value":"Asahi Dragontrail Glass"}]},{"category":"Platform","specs":[{"label":"OS","value":"Android 6.0 (Marshmallow)"},{"label":"Chipset","value":"Mediatek MT6580 (28 nm)"},{"label":"CPU","value":"Quad-core 1.3 GHz Cortex-A7"},{"label":"GPU","value":"Mali-400MP2"}]},{"category":"Memory","specs":[{"label":"Card slot","value":"microSDXC"},{"label":"Internal","value":"8GB 1GB RAM"}]},{"category":"Main Camera","specs":[{"label":"Single","value":"8 MP, AF"},{"label":"Features","value":"LED flash, HDR"},{"label":"Video","value":"720p@30fps"}]},{"category":"Selfie camera","specs":[{"label":"Single","value":"2 MP"}]},{"category":"Sound","specs":[{"label":"Loudspeaker","value":"Yes"},{"label":"3.5mm jack","value":"Yes"}]},{"category":"Comms","specs":[{"label":"WLAN","value":"Wi-Fi 802.11 b/g/n"},{"label":"Bluetooth","value":"4.0, A2DP, EDR"},{"label":"Positioning","value":"GPS"},{"label":"NFC","value":"No"},{"label":"USB","value":"microUSB 2.0"},{"label":"Radio","value":"FM radio"}]},{"category":"Features","specs":[{"label":"Sensors","value":"Accelerometer, proximity"}]},{"category":"Battery","specs":[{"label":"Type","value":"Li-Po 4000 mAh, non-removable"},{"label":"Stand-by","value":"Up to 266 h"},{"label":"Talk time","value":"Up to 19 h 30 min"}]},{"category":"Misc","specs":[{"label":"Colors","value":"Black"},{"label":"SAR EU","value":"1.18 W/kg (head)"}]}]');
INSERT OR IGNORE INTO device_pictures (device_id, url, position) VALUES (1467, 'https://fdn2.gsmarena.com/vv/bigpic/allview-p6el.jpg', 0);
INSERT OR IGNORE INTO device_pictures (device_id, url, position) VALUES (1467, 'https://fdn2.gsmarena.com/vv/pics/allview/allview-p6el.jpg', 1);
INSERT OR IGNORE INTO devices (id, brand_id, name, gsmarena_url, thumbnail_url, summary) VALUES (1468, 8, 'AX501Q', 'https://www.gsmarena.com/allview_ax501q-8245.php', 'https://fdn2.gsmarena.com/vv/bigpic/allview-ax501q.jpg', 'AX501Q');
INSERT OR IGNORE INTO device_specs (device_id, announced, status, network, os, chipset, cpu, gpu, display_size, display_type, display_res, ram, storage, main_camera, selfie_camera, battery, charging, nfc, usb, bluetooth, wlan, colors, weight, dimensions, sim, sensors, popularity, fans, rating, full_specs_json) VALUES (1468, '2016, June. Released 2016, June', 'Discontinued', 'GSM / HSPA', 'Android 5.1 (Lollipop)', 'Mediatek MT8321 (28 nm)', 'Quad-core 1.3 GHz Cortex-A7', 'Mali-400', '7.0 inches, 137.9 cm 2 (~66.2% screen-to-body ratio)', 'TN', '600 x 1024 pixels, 16:9 ratio (~170 ppi density)', '1GB', '8GB', '2 MP, LED flash', '2 MP', 'Li-Po 2500 mAh, non-removable', NULL, 'No', 'microUSB 2.0', '4.0, A2DP', 'Wi-Fi 802.11 b/g/n', 'Black', '253.6 g (8.96 oz)', '192 x 108.5 x 9.9 mm (7.56 x 4.27 x 0.39 in)', 'Micro-SIM', 'Accelerometer', NULL, NULL, NULL, '[{"category":"Network","specs":[{"label":"Technology","value":"GSM / HSPA"},{"label":"2G bands","value":"GSM 900 / 1800 / 1900"},{"label":"3G bands","value":"HSDPA 900 / 2100"},{"label":"Speed","value":"HSPA 21.1/5.76 Mbps"}]},{"category":"Launch","specs":[{"label":"Announced","value":"2016, June. Released 2016, June"},{"label":"Status","value":"Discontinued"}]},{"category":"Body","specs":[{"label":"Dimensions","value":"192 x 108.5 x 9.9 mm (7.56 x 4.27 x 0.39 in)"},{"label":"Weight","value":"253.6 g (8.96 oz)"},{"label":"SIM","value":"Micro-SIM"}]},{"category":"Display","specs":[{"label":"Type","value":"TN"},{"label":"Size","value":"7.0 inches, 137.9 cm 2 (~66.2% screen-to-body ratio)"},{"label":"Resolution","value":"600 x 1024 pixels, 16:9 ratio (~170 ppi density)"}]},{"category":"Platform","specs":[{"label":"OS","value":"Android 5.1 (Lollipop)"},{"label":"Chipset","value":"Mediatek MT8321 (28 nm)"},{"label":"CPU","value":"Quad-core 1.3 GHz Cortex-A7"},{"label":"GPU","value":"Mali-400"}]},{"category":"Memory","specs":[{"label":"Card slot","value":"microSDXC (dedicated slot)"},{"label":"Internal","value":"8GB 1GB RAM"}]},{"category":"Main Camera","specs":[{"label":"Single","value":"2 MP"},{"label":"Features","value":"LED flash"},{"label":"Video","value":"Yes"}]},{"category":"Selfie camera","specs":[{"label":"Single","value":"2 MP"},{"label":"Features","value":"LED flash"}]},{"category":"Sound","specs":[{"label":"Loudspeaker","value":"Yes"},{"label":"3.5mm jack","value":"Yes"}]},{"category":"Comms","specs":[{"label":"WLAN","value":"Wi-Fi 802.11 b/g/n"},{"label":"Bluetooth","value":"4.0, A2DP"},{"label":"Positioning","value":"GPS"},{"label":"NFC","value":"No"},{"label":"USB","value":"microUSB 2.0"},{"label":"Radio","value":"FM radio"}]},{"category":"Features","specs":[{"label":"Sensors","value":"Accelerometer"}]},{"category":"Battery","specs":[{"label":"Type","value":"Li-Po 2500 mAh, non-removable"},{"label":"Stand-by","value":"Up to 225 h"},{"label":"Talk time","value":"Up to 4 h"}]},{"category":"Misc","specs":[{"label":"Colors","value":"Black"},{"label":"SAR EU","value":"1.74 W/kg (body)"}]}]');
INSERT OR IGNORE INTO device_pictures (device_id, url, position) VALUES (1468, 'https://fdn2.gsmarena.com/vv/bigpic/allview-ax501q.jpg', 0);
INSERT OR IGNORE INTO device_pictures (device_id, url, position) VALUES (1468, 'https://fdn2.gsmarena.com/vv/pics/allview/allview-ax501q.jpg', 1);
INSERT OR IGNORE INTO devices (id, brand_id, name, gsmarena_url, thumbnail_url, summary) VALUES (1469, 8, 'Viva H1001 LTE', 'https://www.gsmarena.com/allview_viva_h1001_lte-8137.php', 'https://fdn2.gsmarena.com/vv/bigpic/allview-viva-h1001.jpg', 'Viva H1001 LTE');
INSERT OR IGNORE INTO device_specs (device_id, announced, status, network, os, chipset, cpu, gpu, display_size, display_type, display_res, ram, storage, main_camera, selfie_camera, battery, charging, nfc, usb, bluetooth, wlan, colors, weight, dimensions, sim, sensors, popularity, fans, rating, full_specs_json) VALUES (1469, '2016, March. Released 2016, March', 'Discontinued', 'GSM / HSPA / LTE / 4G/LTE', 'Android 5.1 (Lollipop)', 'Mediatek MT8735', 'Quad-core 1.0 GHz Cortex-A53', 'Mali-T720MP2', '10.1 inches, 295.8 cm 2 (~74.1% screen-to-body ratio)', 'IPS LCD', '800 x 1280 pixels, 16:10 ratio (~149 ppi density)', '1GB', '8GB', '5 MP, LED flash', '2 MP', 'Li-Po 6000 mAh, non-removable', NULL, 'No', 'microUSB 2.0', '4.0, A2DP', 'Wi-Fi 802.11 b/g/n', 'Black', '510 g (1.12 lb)', '257.5 x 155 x 10 mm (10.14 x 6.10 x 0.39 in)', 'Micro-SIM', 'Accelerometer', NULL, NULL, NULL, '[{"category":"Network","specs":[{"label":"Technology","value":"GSM / HSPA / LTE"},{"label":"2G bands","value":"GSM 900 / 1800 / 1900"},{"label":"3G bands","value":"HSDPA 900 / 2100"},{"label":"4G bands","value":"3, 7, 20, 38"},{"label":"Speed","value":"HSPA 21.1/5.76 Mbps, LTE Cat4 150/50 Mbps"}]},{"category":"Launch","specs":[{"label":"Announced","value":"2016, March. Released 2016, March"},{"label":"Status","value":"Discontinued"}]},{"category":"Body","specs":[{"label":"Dimensions","value":"257.5 x 155 x 10 mm (10.14 x 6.10 x 0.39 in)"},{"label":"Weight","value":"510 g (1.12 lb)"},{"label":"SIM","value":"Micro-SIM"}]},{"category":"Display","specs":[{"label":"Type","value":"IPS LCD"},{"label":"Size","value":"10.1 inches, 295.8 cm 2 (~74.1% screen-to-body ratio)"},{"label":"Resolution","value":"800 x 1280 pixels, 16:10 ratio (~149 ppi density)"}]},{"category":"Platform","specs":[{"label":"OS","value":"Android 5.1 (Lollipop)"},{"label":"Chipset","value":"Mediatek MT8735"},{"label":"CPU","value":"Quad-core 1.0 GHz Cortex-A53"},{"label":"GPU","value":"Mali-T720MP2"}]},{"category":"Memory","specs":[{"label":"Card slot","value":"microSDXC (dedicated slot)"},{"label":"Internal","value":"8GB 1GB RAM"}]},{"category":"Main Camera","specs":[{"label":"Single","value":"5 MP"},{"label":"Features","value":"LED flash"},{"label":"Video","value":"720p@30fps"}]},{"category":"Selfie camera","specs":[{"label":"Single","value":"2 MP"}]},{"category":"Sound","specs":[{"label":"Loudspeaker","value":"Yes, with stereo speakers"},{"label":"3.5mm jack","value":"Yes"}]},{"category":"Comms","specs":[{"label":"WLAN","value":"Wi-Fi 802.11 b/g/n"},{"label":"Bluetooth","value":"4.0, A2DP"},{"label":"Positioning","value":"GPS"},{"label":"NFC","value":"No"},{"label":"USB","value":"microUSB 2.0"},{"label":"Radio","value":"FM radio"}]},{"category":"Features","specs":[{"label":"Sensors","value":"Accelerometer"}]},{"category":"Battery","specs":[{"label":"Type","value":"Li-Po 6000 mAh, non-removable"},{"label":"Stand-by","value":"Up to 346 h"},{"label":"Talk time","value":"Up to 8 h"}]},{"category":"Misc","specs":[{"label":"Colors","value":"Black"},{"label":"SAR EU","value":"1.49 W/kg (body)"}]}]');
INSERT OR IGNORE INTO device_pictures (device_id, url, position) VALUES (1469, 'https://fdn2.gsmarena.com/vv/bigpic/allview-viva-h1001.jpg', 0);
INSERT OR IGNORE INTO device_pictures (device_id, url, position) VALUES (1469, 'https://fdn2.gsmarena.com/vv/pics/allview/allview-viva-h1001.jpg', 1);
INSERT OR IGNORE INTO devices (id, brand_id, name, gsmarena_url, thumbnail_url, summary) VALUES (1470, 8, 'V2 Viper i4G', 'https://www.gsmarena.com/allview_v2_viper_i4g-8136.php', 'https://fdn2.gsmarena.com/vv/bigpic/allview-v2-viper-i4g.jpg', 'V2 Viper i4G');
INSERT OR IGNORE INTO device_specs (device_id, announced, status, network, os, chipset, cpu, gpu, display_size, display_type, display_res, ram, storage, main_camera, selfie_camera, battery, charging, nfc, usb, bluetooth, wlan, colors, weight, dimensions, sim, sensors, popularity, fans, rating, full_specs_json) VALUES (1470, '2016, April. Released 2016, April', 'Discontinued', 'GSM / HSPA / LTE / 4G/LTE', 'Android 5.1 (Lollipop)', 'Mediatek MT6735 (28 nm)', 'Quad-core 1.3 GHz Cortex-A53', 'Mali-T720', '5.0 inches, 68.9 cm 2 (~66.7% screen-to-body ratio)', 'IPS LCD', '720 x 1280 pixels, 16:9 ratio (~294 ppi density)', '2GB', '16GB', '8 MP, AF, LED flash, HDR, panorama', '5 MP', 'Li-Ion 2300 mAh, removable', NULL, 'No', 'microUSB 2.0', '4.0, A2DP, EDR', 'Wi-Fi 802.11 b/g/n', 'Black, White', '144.5 g (5.11 oz)', '143.5 x 72 x 8.3 mm (5.65 x 2.83 x 0.33 in)', 'Dual SIM (Micro-SIM, dual stand-by)', 'Accelerometer, proximity, compass', NULL, NULL, NULL, '[{"category":"Network","specs":[{"label":"Technology","value":"GSM / HSPA / LTE"},{"label":"2G bands","value":"GSM 850 / 900 / 1800 / 1900 - SIM 1 & SIM 2"},{"label":"3G bands","value":"HSDPA 900 / 1900 / 2100"},{"label":"4G bands","value":"1, 3, 7, 20, 38, 39, 40, 41"},{"label":"Speed","value":"HSPA 21.1/5.76 Mbps, LTE Cat4 150/50 Mbps"}]},{"category":"Launch","specs":[{"label":"Announced","value":"2016, April. Released 2016, April"},{"label":"Status","value":"Discontinued"}]},{"category":"Body","specs":[{"label":"Dimensions","value":"143.5 x 72 x 8.3 mm (5.65 x 2.83 x 0.33 in)"},{"label":"Weight","value":"144.5 g (5.11 oz)"},{"label":"SIM","value":"Dual SIM (Micro-SIM, dual stand-by)"}]},{"category":"Display","specs":[{"label":"Type","value":"IPS LCD"},{"label":"Size","value":"5.0 inches, 68.9 cm 2 (~66.7% screen-to-body ratio)"},{"label":"Resolution","value":"720 x 1280 pixels, 16:9 ratio (~294 ppi density)"},{"label":"Protection","value":"Scratch-resistant glass"}]},{"category":"Platform","specs":[{"label":"OS","value":"Android 5.1 (Lollipop)"},{"label":"Chipset","value":"Mediatek MT6735 (28 nm)"},{"label":"CPU","value":"Quad-core 1.3 GHz Cortex-A53"},{"label":"GPU","value":"Mali-T720"}]},{"category":"Memory","specs":[{"label":"Card slot","value":"microSDXC"},{"label":"Internal","value":"16GB 2GB RAM"}]},{"category":"Main Camera","specs":[{"label":"Single","value":"8 MP, AF"},{"label":"Features","value":"LED flash, HDR, panorama"},{"label":"Video","value":"1080p@30fps"}]},{"category":"Selfie camera","specs":[{"label":"Single","value":"5 MP"}]},{"category":"Sound","specs":[{"label":"Loudspeaker","value":"Yes"},{"label":"3.5mm jack","value":"Yes"}]},{"category":"Comms","specs":[{"label":"WLAN","value":"Wi-Fi 802.11 b/g/n"},{"label":"Bluetooth","value":"4.0, A2DP, EDR"},{"label":"Positioning","value":"GPS"},{"label":"NFC","value":"No"},{"label":"USB","value":"microUSB 2.0"},{"label":"Radio","value":"FM radio"}]},{"category":"Features","specs":[{"label":"Sensors","value":"Accelerometer, proximity, compass"}]},{"category":"Battery","specs":[{"label":"Type","value":"Li-Ion 2300 mAh, removable"},{"label":"Stand-by","value":"Up to 210 h"},{"label":"Talk time","value":"Up to 10 h"}]},{"category":"Misc","specs":[{"label":"Colors","value":"Black, White"},{"label":"SAR EU","value":"0.57 W/kg (head)"}]}]');
INSERT OR IGNORE INTO device_pictures (device_id, url, position) VALUES (1470, 'https://fdn2.gsmarena.com/vv/bigpic/allview-v2-viper-i4g.jpg', 0);
INSERT OR IGNORE INTO device_pictures (device_id, url, position) VALUES (1470, 'https://fdn2.gsmarena.com/vv/pics/allview/allview-v2-viper-i4g.jpg', 1);
INSERT OR IGNORE INTO devices (id, brand_id, name, gsmarena_url, thumbnail_url, summary) VALUES (1471, 8, 'V2 Viper e', 'https://www.gsmarena.com/allview_v2_viper_e-8135.php', 'https://fdn2.gsmarena.com/vv/bigpic/allview-v2-viper-e.jpg', 'V2 Viper e');
INSERT OR IGNORE INTO device_specs (device_id, announced, status, network, os, chipset, cpu, gpu, display_size, display_type, display_res, ram, storage, main_camera, selfie_camera, battery, charging, nfc, usb, bluetooth, wlan, colors, weight, dimensions, sim, sensors, popularity, fans, rating, full_specs_json) VALUES (1471, '2016, April. Released 2016, April', 'Discontinued', 'GSM / HSPA', 'Android 5.1 (Lollipop)', 'Mediatek MT6580 (28 nm)', 'Quad-core 1.3 GHz Cortex-A7', 'Mali-400MP2', '4.5 inches, 55.8 cm 2 (~64.1% screen-to-body ratio)', 'IPS LCD', '480 x 854 pixels, 16:9 ratio (~218 ppi density)', '1GB', '8GB', '5 MP, AF, LED flash, HDR, panorama', '2 MP', 'Li-Ion 1850 mAh, removable', NULL, 'No', 'microUSB 2.0', '4.0, A2DP, EDR', 'Wi-Fi 802.11 b/g/n', 'Black, White', '133.2 g (4.69 oz)', '132 x 66 x 9.1 mm (5.20 x 2.60 x 0.36 in)', 'Dual SIM (Micro-SIM, dual stand-by)', 'Accelerometer, proximity, compass', NULL, NULL, NULL, '[{"category":"Network","specs":[{"label":"Technology","value":"GSM / HSPA"},{"label":"2G bands","value":"GSM 900 / 1800 / 1900 - SIM 1 & SIM 2"},{"label":"3G bands","value":"HSDPA 900 / 1900 / 2100"},{"label":"Speed","value":"HSPA 21.1/5.76 Mbps"}]},{"category":"Launch","specs":[{"label":"Announced","value":"2016, April. Released 2016, April"},{"label":"Status","value":"Discontinued"}]},{"category":"Body","specs":[{"label":"Dimensions","value":"132 x 66 x 9.1 mm (5.20 x 2.60 x 0.36 in)"},{"label":"Weight","value":"133.2 g (4.69 oz)"},{"label":"SIM","value":"Dual SIM (Micro-SIM, dual stand-by)"}]},{"category":"Display","specs":[{"label":"Type","value":"IPS LCD"},{"label":"Size","value":"4.5 inches, 55.8 cm 2 (~64.1% screen-to-body ratio)"},{"label":"Resolution","value":"480 x 854 pixels, 16:9 ratio (~218 ppi density)"}]},{"category":"Platform","specs":[{"label":"OS","value":"Android 5.1 (Lollipop)"},{"label":"Chipset","value":"Mediatek MT6580 (28 nm)"},{"label":"CPU","value":"Quad-core 1.3 GHz Cortex-A7"},{"label":"GPU","value":"Mali-400MP2"}]},{"category":"Memory","specs":[{"label":"Card slot","value":"microSDXC"},{"label":"Internal","value":"8GB 1GB RAM"}]},{"category":"Main Camera","specs":[{"label":"Single","value":"5 MP, AF"},{"label":"Features","value":"LED flash, HDR, panorama"},{"label":"Video","value":"720p@30fps"}]},{"category":"Selfie camera","specs":[{"label":"Single","value":"2 MP"}]},{"category":"Sound","specs":[{"label":"Loudspeaker","value":"Yes"},{"label":"3.5mm jack","value":"Yes"}]},{"category":"Comms","specs":[{"label":"WLAN","value":"Wi-Fi 802.11 b/g/n"},{"label":"Bluetooth","value":"4.0, A2DP, EDR"},{"label":"Positioning","value":"GPS"},{"label":"NFC","value":"No"},{"label":"USB","value":"microUSB 2.0"},{"label":"Radio","value":"FM radio"}]},{"category":"Features","specs":[{"label":"Sensors","value":"Accelerometer, proximity, compass"}]},{"category":"Battery","specs":[{"label":"Type","value":"Li-Ion 1850 mAh, removable"},{"label":"Stand-by","value":"Up to 185 h"},{"label":"Talk time","value":"Up to 10 h"}]},{"category":"Misc","specs":[{"label":"Colors","value":"Black, White"},{"label":"SAR EU","value":"0.46 W/kg (head)"}]}]');
INSERT OR IGNORE INTO device_pictures (device_id, url, position) VALUES (1471, 'https://fdn2.gsmarena.com/vv/bigpic/allview-v2-viper-e.jpg', 0);
INSERT OR IGNORE INTO device_pictures (device_id, url, position) VALUES (1471, 'https://fdn2.gsmarena.com/vv/pics/allview/allview-v2-viper-e.jpg', 1);
INSERT OR IGNORE INTO devices (id, brand_id, name, gsmarena_url, thumbnail_url, summary) VALUES (1472, 8, 'P6 Lite', 'https://www.gsmarena.com/allview_p6_lite-8134.php', 'https://fdn2.gsmarena.com/vv/bigpic/allview-p6-lite.jpg', 'P6 Lite');
INSERT OR IGNORE INTO device_specs (device_id, announced, status, network, os, chipset, cpu, gpu, display_size, display_type, display_res, ram, storage, main_camera, selfie_camera, battery, charging, nfc, usb, bluetooth, wlan, colors, weight, dimensions, sim, sensors, popularity, fans, rating, full_specs_json) VALUES (1472, '2016, March. Released 2016, March', 'Discontinued', 'GSM / HSPA', 'Android 5.1 (Lollipop)', 'Mediatek MT8321 (28 nm)', 'Quad-core 1.3 GHz Cortex-A7', 'Mali-400', '5.0 inches, 68.9 cm 2 (~66.0% screen-to-body ratio)', 'IPS LCD', '480 x 854 pixels, 16:9 ratio (~196 ppi density)', '1GB', '8GB', '8 MP, AF, LED flash, panorama', '2 MP', 'Li-Po 2300 mAh, removable', NULL, 'No', 'microUSB 2.0', '4.0, A2DP, EDR', 'Wi-Fi 802.11 b/g/n', 'Black, Black/Brown', '138 g (4.87 oz)', '145 x 72 x 9.7 mm (5.71 x 2.83 x 0.38 in)', 'Dual SIM (Micro-SIM, dual stand-by)', 'Accelerometer, proximity, compass', NULL, NULL, NULL, '[{"category":"Network","specs":[{"label":"Technology","value":"GSM / HSPA"},{"label":"2G bands","value":"GSM 900 / 1800 / 1900 - SIM 1 & SIM 2"},{"label":"3G bands","value":"HSDPA 900 / 2100"},{"label":"Speed","value":"HSPA 21.1/5.76 Mbps"}]},{"category":"Launch","specs":[{"label":"Announced","value":"2016, March. Released 2016, March"},{"label":"Status","value":"Discontinued"}]},{"category":"Body","specs":[{"label":"Dimensions","value":"145 x 72 x 9.7 mm (5.71 x 2.83 x 0.38 in)"},{"label":"Weight","value":"138 g (4.87 oz)"},{"label":"SIM","value":"Dual SIM (Micro-SIM, dual stand-by)"}]},{"category":"Display","specs":[{"label":"Type","value":"IPS LCD"},{"label":"Size","value":"5.0 inches, 68.9 cm 2 (~66.0% screen-to-body ratio)"},{"label":"Resolution","value":"480 x 854 pixels, 16:9 ratio (~196 ppi density)"}]},{"category":"Platform","specs":[{"label":"OS","value":"Android 5.1 (Lollipop)"},{"label":"Chipset","value":"Mediatek MT8321 (28 nm)"},{"label":"CPU","value":"Quad-core 1.3 GHz Cortex-A7"},{"label":"GPU","value":"Mali-400"}]},{"category":"Memory","specs":[{"label":"Card slot","value":"microSDXC"},{"label":"Internal","value":"8GB 1GB RAM"}]},{"category":"Main Camera","specs":[{"label":"Single","value":"8 MP, AF"},{"label":"Features","value":"LED flash, panorama"},{"label":"Video","value":"720p@30fps"}]},{"category":"Selfie camera","specs":[{"label":"Single","value":"2 MP"}]},{"category":"Sound","specs":[{"label":"Loudspeaker","value":"Yes"},{"label":"3.5mm jack","value":"Yes"}]},{"category":"Comms","specs":[{"label":"WLAN","value":"Wi-Fi 802.11 b/g/n"},{"label":"Bluetooth","value":"4.0, A2DP, EDR"},{"label":"Positioning","value":"GPS"},{"label":"NFC","value":"No"},{"label":"USB","value":"microUSB 2.0"},{"label":"Radio","value":"FM radio"}]},{"category":"Features","specs":[{"label":"Sensors","value":"Accelerometer, proximity, compass"}]},{"category":"Battery","specs":[{"label":"Type","value":"Li-Po 2300 mAh, removable"},{"label":"Stand-by","value":"Up to 153 h"},{"label":"Talk time","value":"Up to 11 h 30 min"}]},{"category":"Misc","specs":[{"label":"Colors","value":"Black, Black/Brown"},{"label":"SAR EU","value":"0.44 W/kg (head)"}]}]');
INSERT OR IGNORE INTO device_pictures (device_id, url, position) VALUES (1472, 'https://fdn2.gsmarena.com/vv/bigpic/allview-p6-lite.jpg', 0);
INSERT OR IGNORE INTO device_pictures (device_id, url, position) VALUES (1472, 'https://fdn2.gsmarena.com/vv/pics/allview/allview-p6-lite.jpg', 1);
INSERT OR IGNORE INTO devices (id, brand_id, name, gsmarena_url, thumbnail_url, summary) VALUES (1473, 8, 'X3 Soul Pro', 'https://www.gsmarena.com/allview_x3_soul_pro-8001.php', 'https://fdn2.gsmarena.com/vv/bigpic/allview-x3-soul-pro.jpg', 'X3 Soul Pro');
INSERT OR IGNORE INTO device_specs (device_id, announced, status, network, os, chipset, cpu, gpu, display_size, display_type, display_res, ram, storage, main_camera, selfie_camera, battery, charging, nfc, usb, bluetooth, wlan, colors, weight, dimensions, sim, sensors, popularity, fans, rating, full_specs_json) VALUES (1473, '2016, February. Released 2016, February', 'Discontinued', 'GSM / HSPA / LTE / 4G/LTE', 'Android 6.0 (Marshmallow)', 'Mediatek MT6755 Helio P10 (28 nm)', 'Octa-core (4x2.0 GHz Cortex-A53 & 4x1.0 GHz Cortex-A53)', 'Mali-T860MP2', '5.5 inches, 83.4 cm 2 (~72.2% screen-to-body ratio)', 'AMOLED', '1080 x 1920 pixels, 16:9 ratio (~401 ppi density)', '4GB', '64GB', '16 MP, f/1.8, AF, LED flash, panorama, HDR', '8 MP', 'Li-Po 3000 mAh, non-removable', NULL, 'No', 'USB Type-C 2.0', '4.0, A2DP, EDR', 'Wi-Fi 802.11 b/g/n', 'Gold, Silver', '144 g (5.08 oz)', '154.3 x 74.9 x 7 mm (6.07 x 2.95 x 0.28 in)', 'Nano-SIM + Micro-SIM', 'Fingerprint (front-mounted), accelerometer, proximity, compass', 'About 450 EUR', NULL, NULL, '[{"category":"Network","specs":[{"label":"Technology","value":"GSM / HSPA / LTE"},{"label":"2G bands","value":"GSM 850 / 900 / 1800 / 1900 - SIM 1 & SIM 2"},{"label":"3G bands","value":"HSDPA 900 / 1900 / 2100"},{"label":"4G bands","value":"1, 3, 7, 20, 38, 39, 40, 41"},{"label":"Speed","value":"HSPA 21.1/5.76 Mbps, LTE (2CA) Cat6 300/50 Mbps"}]},{"category":"Launch","specs":[{"label":"Announced","value":"2016, February. Released 2016, February"},{"label":"Status","value":"Discontinued"}]},{"category":"Body","specs":[{"label":"Dimensions","value":"154.3 x 74.9 x 7 mm (6.07 x 2.95 x 0.28 in)"},{"label":"Weight","value":"144 g (5.08 oz)"},{"label":"SIM","value":"Nano-SIM + Micro-SIM"}]},{"category":"Display","specs":[{"label":"Type","value":"AMOLED"},{"label":"Size","value":"5.5 inches, 83.4 cm 2 (~72.2% screen-to-body ratio)"},{"label":"Resolution","value":"1080 x 1920 pixels, 16:9 ratio (~401 ppi density)"},{"label":"Protection","value":"Corning Gorilla Glass 3"}]},{"category":"Platform","specs":[{"label":"OS","value":"Android 6.0 (Marshmallow)"},{"label":"Chipset","value":"Mediatek MT6755 Helio P10 (28 nm)"},{"label":"CPU","value":"Octa-core (4x2.0 GHz Cortex-A53 & 4x1.0 GHz Cortex-A53)"},{"label":"GPU","value":"Mali-T860MP2"}]},{"category":"Memory","specs":[{"label":"Card slot","value":"microSDXC (uses shared SIM slot)"},{"label":"Internal","value":"64GB 4GB RAM"}]},{"category":"Main Camera","specs":[{"label":"Single","value":"16 MP, f/1.8, AF"},{"label":"Features","value":"LED flash, panorama, HDR"},{"label":"Video","value":"1080p@30fps"}]},{"category":"Selfie camera","specs":[{"label":"Single","value":"8 MP"}]},{"category":"Sound","specs":[{"label":"Loudspeaker","value":"Yes"},{"label":"3.5mm jack","value":"Yes"}]},{"category":"Comms","specs":[{"label":"WLAN","value":"Wi-Fi 802.11 b/g/n"},{"label":"Bluetooth","value":"4.0, A2DP, EDR"},{"label":"Positioning","value":"GPS"},{"label":"NFC","value":"No"},{"label":"USB","value":"USB Type-C 2.0"},{"label":"Radio","value":"FM radio"}]},{"category":"Features","specs":[{"label":"Sensors","value":"Fingerprint (front-mounted), accelerometer, proximity, compass"}]},{"category":"Battery","specs":[{"label":"Type","value":"Li-Po 3000 mAh, non-removable"},{"label":"Stand-by","value":"Up to 300 h (3G)"},{"label":"Talk time","value":"Up to 15 h 20 min (3G)"}]},{"category":"Misc","specs":[{"label":"Colors","value":"Gold, Silver"},{"label":"Price","value":"About 450 EUR"},{"label":"SAR EU","value":"0.86 W/kg (head)"}]}]');
INSERT OR IGNORE INTO device_pictures (device_id, url, position) VALUES (1473, 'https://fdn2.gsmarena.com/vv/bigpic/allview-x3-soul-pro.jpg', 0);
INSERT OR IGNORE INTO device_pictures (device_id, url, position) VALUES (1473, 'https://fdn2.gsmarena.com/vv/pics/allview/allview-x3-soul-pro.jpg', 1);
INSERT OR IGNORE INTO devices (id, brand_id, name, gsmarena_url, thumbnail_url, summary) VALUES (1474, 8, 'X3 Soul mini', 'https://www.gsmarena.com/allview_x3_soul_mini-8000.php', 'https://fdn2.gsmarena.com/vv/bigpic/allview-x3-soul-mini.jpg', 'X3 Soul mini');
INSERT OR IGNORE INTO device_specs (device_id, announced, status, network, os, chipset, cpu, gpu, display_size, display_type, display_res, ram, storage, main_camera, selfie_camera, battery, charging, nfc, usb, bluetooth, wlan, colors, weight, dimensions, sim, sensors, popularity, fans, rating, full_specs_json) VALUES (1474, '2016, February. Released 2016, February', 'Discontinued', 'GSM / HSPA / LTE / 4G/LTE', 'Android 5.1 (Lollipop)', 'Mediatek MT6735 (28 nm)', 'Quad-core 1.3 GHz Cortex-A53', 'Mali-T720', '5.0 inches, 68.9 cm 2 (~69.5% screen-to-body ratio)', 'LCD', '720 x 1280 pixels, 16:9 ratio (~294 ppi density)', '1GB', '16GB', '13 MP, f/2.2, AF, LED flash, panorama, HDR', '5 MP', 'Li-Po 2350 mAh, non-removable', NULL, 'No', 'microUSB 2.0', '4.0, A2DP, EDR', 'Wi-Fi 802.11 b/g/n, hotspot', 'Gray, Gold, Silver', '129 g (4.55 oz)', '142.6 x 69.5 x 7.2 mm (5.61 x 2.74 x 0.28 in)', 'Nano-SIM + Micro-SIM', 'Accelerometer, proximity, compass', NULL, NULL, NULL, '[{"category":"Network","specs":[{"label":"Technology","value":"GSM / HSPA / LTE"},{"label":"2G bands","value":"GSM 850 / 900 / 1800 / 1900 - SIM 1 & SIM 2"},{"label":"3G bands","value":"HSDPA 900 / 2100"},{"label":"4G bands","value":"3, 7, 20, 38"},{"label":"Speed","value":"HSPA 21.1/5.76 Mbps, LTE Cat4 150/50 Mbps"}]},{"category":"Launch","specs":[{"label":"Announced","value":"2016, February. Released 2016, February"},{"label":"Status","value":"Discontinued"}]},{"category":"Body","specs":[{"label":"Dimensions","value":"142.6 x 69.5 x 7.2 mm (5.61 x 2.74 x 0.28 in)"},{"label":"Weight","value":"129 g (4.55 oz)"},{"label":"SIM","value":"Nano-SIM + Micro-SIM"}]},{"category":"Display","specs":[{"label":"Type","value":"LCD"},{"label":"Size","value":"5.0 inches, 68.9 cm 2 (~69.5% screen-to-body ratio)"},{"label":"Resolution","value":"720 x 1280 pixels, 16:9 ratio (~294 ppi density)"}]},{"category":"Platform","specs":[{"label":"OS","value":"Android 5.1 (Lollipop)"},{"label":"Chipset","value":"Mediatek MT6735 (28 nm)"},{"label":"CPU","value":"Quad-core 1.3 GHz Cortex-A53"},{"label":"GPU","value":"Mali-T720"}]},{"category":"Memory","specs":[{"label":"Card slot","value":"microSDXC (uses shared SIM slot)"},{"label":"Internal","value":"16GB 1GB RAM"}]},{"category":"Main Camera","specs":[{"label":"Single","value":"13 MP, f/2.2, AF"},{"label":"Features","value":"LED flash, panorama, HDR"},{"label":"Video","value":"1080p@30fps"}]},{"category":"Selfie camera","specs":[{"label":"Single","value":"5 MP"}]},{"category":"Sound","specs":[{"label":"Loudspeaker","value":"Yes"},{"label":"3.5mm jack","value":"Yes"}]},{"category":"Comms","specs":[{"label":"WLAN","value":"Wi-Fi 802.11 b/g/n, hotspot"},{"label":"Bluetooth","value":"4.0, A2DP, EDR"},{"label":"Positioning","value":"GPS"},{"label":"NFC","value":"No"},{"label":"USB","value":"microUSB 2.0"},{"label":"Radio","value":"FM radio"}]},{"category":"Features","specs":[{"label":"Sensors","value":"Accelerometer, proximity, compass"}]},{"category":"Battery","specs":[{"label":"Type","value":"Li-Po 2350 mAh, non-removable"},{"label":"Stand-by","value":"Up to 235 h (3G)"},{"label":"Talk time","value":"Up to 12 h (3G)"}]},{"category":"Misc","specs":[{"label":"Colors","value":"Gray, Gold, Silver"}]}]');
INSERT OR IGNORE INTO device_pictures (device_id, url, position) VALUES (1474, 'https://fdn2.gsmarena.com/vv/bigpic/allview-x3-soul-mini.jpg', 0);
INSERT OR IGNORE INTO device_pictures (device_id, url, position) VALUES (1474, 'https://fdn2.gsmarena.com/vv/pics/allview/allview-x3-soul-mini.jpg', 1);
INSERT OR IGNORE INTO devices (id, brand_id, name, gsmarena_url, thumbnail_url, summary) VALUES (1475, 8, 'P8 Energy Pro', 'https://www.gsmarena.com/allview_p8_energy_pro-7999.php', 'https://fdn2.gsmarena.com/vv/bigpic/allview-p8-energy-pro.jpg', 'P8 Energy Pro');
INSERT OR IGNORE INTO device_specs (device_id, announced, status, network, os, chipset, cpu, gpu, display_size, display_type, display_res, ram, storage, main_camera, selfie_camera, battery, charging, nfc, usb, bluetooth, wlan, colors, weight, dimensions, sim, sensors, popularity, fans, rating, full_specs_json) VALUES (1475, '2016, February. Released 2016, February', 'Discontinued', 'GSM / HSPA / LTE / 4G/LTE', 'Android 5.1 (Lollipop)', 'Mediatek MT6753 (28 nm)', 'Octa-core 1.3 GHz Cortex-A53', 'Mali-T720MP2', '6.0 inches, 99.2 cm 2 (~76.0% screen-to-body ratio)', 'AMOLED', '1080 x 1920 pixels, 16:9 ratio (~367 ppi density)', '3GB', '64GB', '13 MP, f/2.0, AF, LED flash, HDR, panorama', '5 MP', 'Li-Po 5020 mAh, non-removable', NULL, 'No', 'USB Type-C 3.0', '4.0, A2DP, EDR', 'Wi-Fi 802.11 b/g/n', 'Gold/Silver', '209.8 g (7.37 oz)', '160.9 x 81.2 x 8.4 mm (6.33 x 3.20 x 0.33 in)', 'Dual SIM (Micro-SIM, dual stand-by)', 'Fingerprint (front-mounted), accelerometer, proximity, compass', 'About 420 EUR', NULL, NULL, '[{"category":"Network","specs":[{"label":"Technology","value":"GSM / HSPA / LTE"},{"label":"2G bands","value":"GSM 850 / 900 / 1800 / 1900 - SIM 1 & SIM 2"},{"label":"3G bands","value":"HSDPA 900 / 1900 / 2100"},{"label":"4G bands","value":"1, 3, 7, 38, 39, 40"},{"label":"Speed","value":"HSPA 21.1/5.76 Mbps, LTE Cat4 150/50 Mbps"}]},{"category":"Launch","specs":[{"label":"Announced","value":"2016, February. Released 2016, February"},{"label":"Status","value":"Discontinued"}]},{"category":"Body","specs":[{"label":"Dimensions","value":"160.9 x 81.2 x 8.4 mm (6.33 x 3.20 x 0.33 in)"},{"label":"Weight","value":"209.8 g (7.37 oz)"},{"label":"SIM","value":"Dual SIM (Micro-SIM, dual stand-by)"}]},{"category":"Display","specs":[{"label":"Type","value":"AMOLED"},{"label":"Size","value":"6.0 inches, 99.2 cm 2 (~76.0% screen-to-body ratio)"},{"label":"Resolution","value":"1080 x 1920 pixels, 16:9 ratio (~367 ppi density)"},{"label":"Protection","value":"Corning Gorilla Glass 3"}]},{"category":"Platform","specs":[{"label":"OS","value":"Android 5.1 (Lollipop)"},{"label":"Chipset","value":"Mediatek MT6753 (28 nm)"},{"label":"CPU","value":"Octa-core 1.3 GHz Cortex-A53"},{"label":"GPU","value":"Mali-T720MP2"}]},{"category":"Memory","specs":[{"label":"Card slot","value":"microSDXC"},{"label":"Internal","value":"64GB 3GB RAM"}]},{"category":"Main Camera","specs":[{"label":"Single","value":"13 MP, f/2.0, AF"},{"label":"Features","value":"LED flash, HDR, panorama"},{"label":"Video","value":"1080p@30fps"}]},{"category":"Selfie camera","specs":[{"label":"Single","value":"5 MP"}]},{"category":"Sound","specs":[{"label":"Loudspeaker","value":"Yes"},{"label":"3.5mm jack","value":"Yes"}]},{"category":"Comms","specs":[{"label":"WLAN","value":"Wi-Fi 802.11 b/g/n"},{"label":"Bluetooth","value":"4.0, A2DP, EDR"},{"label":"Positioning","value":"GPS"},{"label":"NFC","value":"No"},{"label":"USB","value":"USB Type-C 3.0"},{"label":"Radio","value":"FM radio"}]},{"category":"Features","specs":[{"label":"Sensors","value":"Fingerprint (front-mounted), accelerometer, proximity, compass"}]},{"category":"Battery","specs":[{"label":"Type","value":"Li-Po 5020 mAh, non-removable"},{"label":"Stand-by","value":"Up to 450 h"},{"label":"Talk time","value":"Up to 22 h 30 min"}]},{"category":"Misc","specs":[{"label":"Colors","value":"Gold/Silver"},{"label":"Price","value":"About 420 EUR"},{"label":"SAR EU","value":"0.40 W/kg (head)"}]}]');
INSERT OR IGNORE INTO device_pictures (device_id, url, position) VALUES (1475, 'https://fdn2.gsmarena.com/vv/bigpic/allview-p8-energy-pro.jpg', 0);
INSERT OR IGNORE INTO device_pictures (device_id, url, position) VALUES (1475, 'https://fdn2.gsmarena.com/vv/pics/allview/allview-p8-energy-pro1.jpg', 1);
INSERT OR IGNORE INTO device_pictures (device_id, url, position) VALUES (1475, 'https://fdn2.gsmarena.com/vv/pics/allview/allview-p8-energy-pro2.jpg', 2);
INSERT OR IGNORE INTO devices (id, brand_id, name, gsmarena_url, thumbnail_url, summary) VALUES (1476, 8, 'P6 eMagic', 'https://www.gsmarena.com/allview_p6_emagic-7998.php', 'https://fdn2.gsmarena.com/vv/bigpic/allview-p6-emagic.jpg', 'P6 eMagic');
INSERT OR IGNORE INTO device_specs (device_id, announced, status, network, os, chipset, cpu, gpu, display_size, display_type, display_res, ram, storage, main_camera, selfie_camera, battery, charging, nfc, usb, bluetooth, wlan, colors, weight, dimensions, sim, sensors, popularity, fans, rating, full_specs_json) VALUES (1476, '2016, March. Released 2016, March', 'Discontinued', 'GSM / HSPA', 'Android 5.1 (Lollipop)', 'Mediatek MT8321 (28 nm)', 'Quad-core 1.3 GHz Cortex-A7', 'Mali-400', '5.0 inches, 68.9 cm 2 (~66.0% screen-to-body ratio)', 'TFT', '480 x 854 pixels, 16:9 ratio (~196 ppi density)', '1GB', '16GB', '8 MP, AF, LED flash, HDR, panorama', '2 MP', 'Li-Po 2300 mAh, removable', NULL, 'No', 'microUSB 2.0', '4.0, A2DP, EDR', 'Wi-Fi 802.11 b/g/n', 'Gold, Brown', '138 g (4.87 oz)', '145 x 72 x 9.7 mm (5.71 x 2.83 x 0.38 in)', 'Dual SIM (Micro-SIM, dual stand-by)', 'Accelerometer, proximity, compass', NULL, NULL, NULL, '[{"category":"Network","specs":[{"label":"Technology","value":"GSM / HSPA"},{"label":"2G bands","value":"GSM 900 / 1800 - SIM 1 & SIM 2"},{"label":"3G bands","value":"HSDPA 900 / 2100"},{"label":"Speed","value":"HSPA 21.1/5.76 Mbps"}]},{"category":"Launch","specs":[{"label":"Announced","value":"2016, March. Released 2016, March"},{"label":"Status","value":"Discontinued"}]},{"category":"Body","specs":[{"label":"Dimensions","value":"145 x 72 x 9.7 mm (5.71 x 2.83 x 0.38 in)"},{"label":"Weight","value":"138 g (4.87 oz)"},{"label":"SIM","value":"Dual SIM (Micro-SIM, dual stand-by)"}]},{"category":"Display","specs":[{"label":"Type","value":"TFT"},{"label":"Size","value":"5.0 inches, 68.9 cm 2 (~66.0% screen-to-body ratio)"},{"label":"Resolution","value":"480 x 854 pixels, 16:9 ratio (~196 ppi density)"}]},{"category":"Platform","specs":[{"label":"OS","value":"Android 5.1 (Lollipop)"},{"label":"Chipset","value":"Mediatek MT8321 (28 nm)"},{"label":"CPU","value":"Quad-core 1.3 GHz Cortex-A7"},{"label":"GPU","value":"Mali-400"}]},{"category":"Memory","specs":[{"label":"Card slot","value":"microSDXC (dedicated slot)"},{"label":"Internal","value":"16GB 1GB RAM"}]},{"category":"Main Camera","specs":[{"label":"Single","value":"8 MP, AF"},{"label":"Features","value":"LED flash, HDR, panorama"},{"label":"Video","value":"720p@30fps"}]},{"category":"Selfie camera","specs":[{"label":"Single","value":"2 MP"}]},{"category":"Sound","specs":[{"label":"Loudspeaker","value":"Yes"},{"label":"3.5mm jack","value":"Yes"}]},{"category":"Comms","specs":[{"label":"WLAN","value":"Wi-Fi 802.11 b/g/n"},{"label":"Bluetooth","value":"4.0, A2DP, EDR"},{"label":"Positioning","value":"GPS"},{"label":"NFC","value":"No"},{"label":"USB","value":"microUSB 2.0"},{"label":"Radio","value":"FM radio"}]},{"category":"Features","specs":[{"label":"Sensors","value":"Accelerometer, proximity, compass"}]},{"category":"Battery","specs":[{"label":"Type","value":"Li-Po 2300 mAh, removable"},{"label":"Stand-by","value":"Up to 153 h"},{"label":"Talk time","value":"Up to 11 h 30 min"}]},{"category":"Misc","specs":[{"label":"Colors","value":"Gold, Brown"},{"label":"SAR EU","value":"0.44 W/kg (head)"}]}]');
INSERT OR IGNORE INTO device_pictures (device_id, url, position) VALUES (1476, 'https://fdn2.gsmarena.com/vv/bigpic/allview-p6-emagic.jpg', 0);
INSERT OR IGNORE INTO device_pictures (device_id, url, position) VALUES (1476, 'https://fdn2.gsmarena.com/vv/pics/allview/allview-p6-emagic.jpg', 1);
INSERT OR IGNORE INTO devices (id, brand_id, name, gsmarena_url, thumbnail_url, summary) VALUES (1477, 8, 'P5 eMagic', 'https://www.gsmarena.com/allview_p5_emagic-7997.php', 'https://fdn2.gsmarena.com/vv/bigpic/allview-p5-emagic.jpg', 'P5 eMagic');
INSERT OR IGNORE INTO device_specs (device_id, announced, status, network, os, chipset, cpu, gpu, display_size, display_type, display_res, ram, storage, main_camera, selfie_camera, battery, charging, nfc, usb, bluetooth, wlan, colors, weight, dimensions, sim, sensors, popularity, fans, rating, full_specs_json) VALUES (1477, '2016, March. Released 2016, March', 'Discontinued', 'GSM / HSPA', 'Android 5.1 (Lollipop)', 'Mediatek MT6580 (28 nm)', 'Quad-core 1.3 GHz Cortex-A7', 'Mali-400MP2', '4.5 inches, 57.6 cm 2 (~65.1% screen-to-body ratio)', 'TFT', '480 x 800 pixels, 5:3 ratio (~207 ppi density)', '1GB', '8GB', '5 MP, AF, LED flash, HDR', '2 MP', 'Li-Po 1600 mAh, removable', NULL, 'No', 'microUSB 2.0', '4.0, A2DP, EDR', 'Wi-Fi 802.11 b/g/n', 'Dark blue, Gold', '105 g (3.70 oz)', '133.1 x 66.5 x 9 mm (5.24 x 2.62 x 0.35 in)', 'Dual SIM (Micro-SIM, dual stand-by)', 'Accelerometer, proximity', NULL, NULL, NULL, '[{"category":"Network","specs":[{"label":"Technology","value":"GSM / HSPA"},{"label":"2G bands","value":"GSM 900 / 1800 - SIM 1 & SIM 2"},{"label":"3G bands","value":"HSDPA 900 / 2100"},{"label":"Speed","value":"HSPA 21.1/5.76 Mbps"}]},{"category":"Launch","specs":[{"label":"Announced","value":"2016, March. Released 2016, March"},{"label":"Status","value":"Discontinued"}]},{"category":"Body","specs":[{"label":"Dimensions","value":"133.1 x 66.5 x 9 mm (5.24 x 2.62 x 0.35 in)"},{"label":"Weight","value":"105 g (3.70 oz)"},{"label":"SIM","value":"Dual SIM (Micro-SIM, dual stand-by)"}]},{"category":"Display","specs":[{"label":"Type","value":"TFT"},{"label":"Size","value":"4.5 inches, 57.6 cm 2 (~65.1% screen-to-body ratio)"},{"label":"Resolution","value":"480 x 800 pixels, 5:3 ratio (~207 ppi density)"}]},{"category":"Platform","specs":[{"label":"OS","value":"Android 5.1 (Lollipop)"},{"label":"Chipset","value":"Mediatek MT6580 (28 nm)"},{"label":"CPU","value":"Quad-core 1.3 GHz Cortex-A7"},{"label":"GPU","value":"Mali-400MP2"}]},{"category":"Memory","specs":[{"label":"Card slot","value":"microSDXC (dedicated slot)"},{"label":"Internal","value":"8GB 1GB RAM"}]},{"category":"Main Camera","specs":[{"label":"Single","value":"5 MP, AF"},{"label":"Features","value":"LED flash, HDR"},{"label":"Video","value":"1080p@30fps"}]},{"category":"Selfie camera","specs":[{"label":"Single","value":"2 MP"}]},{"category":"Sound","specs":[{"label":"Loudspeaker","value":"Yes"},{"label":"3.5mm jack","value":"Yes"}]},{"category":"Comms","specs":[{"label":"WLAN","value":"Wi-Fi 802.11 b/g/n"},{"label":"Bluetooth","value":"4.0, A2DP, EDR"},{"label":"Positioning","value":"GPS"},{"label":"NFC","value":"No"},{"label":"USB","value":"microUSB 2.0"},{"label":"Radio","value":"FM radio"}]},{"category":"Features","specs":[{"label":"Sensors","value":"Accelerometer, proximity"}]},{"category":"Battery","specs":[{"label":"Type","value":"Li-Po 1600 mAh, removable"},{"label":"Stand-by","value":"Up to 160 h"},{"label":"Talk time","value":"Up to 7 h 40 min"}]},{"category":"Misc","specs":[{"label":"Colors","value":"Dark blue, Gold"},{"label":"SAR EU","value":"1.03 W/kg (head)"}]}]');
INSERT OR IGNORE INTO device_pictures (device_id, url, position) VALUES (1477, 'https://fdn2.gsmarena.com/vv/bigpic/allview-p5-emagic.jpg', 0);
INSERT OR IGNORE INTO device_pictures (device_id, url, position) VALUES (1477, 'https://fdn2.gsmarena.com/vv/pics/allview/allview-p5-emagic.jpg', 1);
INSERT OR IGNORE INTO devices (id, brand_id, name, gsmarena_url, thumbnail_url, summary) VALUES (1478, 8, 'P4 eMagic', 'https://www.gsmarena.com/allview_p4_emagic-7996.php', 'https://fdn2.gsmarena.com/vv/bigpic/allview-p4-emagic.jpg', 'P4 eMagic');
INSERT OR IGNORE INTO device_specs (device_id, announced, status, network, os, chipset, cpu, gpu, display_size, display_type, display_res, ram, storage, main_camera, selfie_camera, battery, charging, nfc, usb, bluetooth, wlan, colors, weight, dimensions, sim, sensors, popularity, fans, rating, full_specs_json) VALUES (1478, '2016, March. Released 2016, March', 'Discontinued', 'GSM / HSPA', 'Android 5.1 (Lollipop)', 'Mediatek MT6580 (28 nm)', 'Quad-core 1.3 GHz Cortex-A7', 'Mali-400MP2', '4.0 inches, 45.5 cm 2 (~56.3% screen-to-body ratio)', 'TFT', '480 x 800 pixels, 5:3 ratio (~233 ppi density)', '1GB', '8GB', '5 MP, LED flash, HDR', '2 MP', 'Li-Ion 1400 mAh, removable', NULL, 'No', 'microUSB 2.0', '4.0, A2DP, EDR', 'Wi-Fi 802.11 b/g/n', 'Black', '105 g (3.70 oz)', '125.6 x 64.4 x 10 mm (4.94 x 2.54 x 0.39 in)', 'Dual SIM (Mini-SIM/ Micro-SIM, dual stand-by)', 'Accelerometer', NULL, NULL, NULL, '[{"category":"Network","specs":[{"label":"Technology","value":"GSM / HSPA"},{"label":"2G bands","value":"GSM 850 / 900 / 1800 / 1900 - SIM 1 & SIM 2"},{"label":"3G bands","value":"HSDPA 900 / 2100"},{"label":"Speed","value":"HSPA 21.1/5.76 Mbps"}]},{"category":"Launch","specs":[{"label":"Announced","value":"2016, March. Released 2016, March"},{"label":"Status","value":"Discontinued"}]},{"category":"Body","specs":[{"label":"Dimensions","value":"125.6 x 64.4 x 10 mm (4.94 x 2.54 x 0.39 in)"},{"label":"Weight","value":"105 g (3.70 oz)"},{"label":"SIM","value":"Dual SIM (Mini-SIM/ Micro-SIM, dual stand-by)"}]},{"category":"Display","specs":[{"label":"Type","value":"TFT"},{"label":"Size","value":"4.0 inches, 45.5 cm 2 (~56.3% screen-to-body ratio)"},{"label":"Resolution","value":"480 x 800 pixels, 5:3 ratio (~233 ppi density)"}]},{"category":"Platform","specs":[{"label":"OS","value":"Android 5.1 (Lollipop)"},{"label":"Chipset","value":"Mediatek MT6580 (28 nm)"},{"label":"CPU","value":"Quad-core 1.3 GHz Cortex-A7"},{"label":"GPU","value":"Mali-400MP2"}]},{"category":"Memory","specs":[{"label":"Card slot","value":"microSDXC (dedicated slot)"},{"label":"Internal","value":"8GB 1GB RAM"}]},{"category":"Main Camera","specs":[{"label":"Single","value":"5 MP"},{"label":"Features","value":"LED flash, HDR"},{"label":"Video","value":"1080p@30fps"}]},{"category":"Selfie camera","specs":[{"label":"Single","value":"2 MP"}]},{"category":"Sound","specs":[{"label":"Loudspeaker","value":"Yes"},{"label":"3.5mm jack","value":"Yes"}]},{"category":"Comms","specs":[{"label":"WLAN","value":"Wi-Fi 802.11 b/g/n"},{"label":"Bluetooth","value":"4.0, A2DP, EDR"},{"label":"Positioning","value":"GPS"},{"label":"NFC","value":"No"},{"label":"USB","value":"microUSB 2.0"},{"label":"Radio","value":"FM radio"}]},{"category":"Features","specs":[{"label":"Sensors","value":"Accelerometer"}]},{"category":"Battery","specs":[{"label":"Type","value":"Li-Ion 1400 mAh, removable"},{"label":"Stand-by","value":"Up to 200 h"},{"label":"Talk time","value":"Up to 7 h"}]},{"category":"Misc","specs":[{"label":"Colors","value":"Black"},{"label":"SAR EU","value":"0.67 W/kg (head)"}]}]');
INSERT OR IGNORE INTO device_pictures (device_id, url, position) VALUES (1478, 'https://fdn2.gsmarena.com/vv/bigpic/allview-p4-emagic.jpg', 0);
INSERT OR IGNORE INTO device_pictures (device_id, url, position) VALUES (1478, 'https://fdn2.gsmarena.com/vv/pics/allview/allview-p4-emagic.jpg', 1);
INSERT OR IGNORE INTO devices (id, brand_id, name, gsmarena_url, thumbnail_url, summary) VALUES (1479, 8, 'X3 Soul', 'https://www.gsmarena.com/allview_x3_soul-7913.php', 'https://fdn2.gsmarena.com/vv/bigpic/allview-x3-soul.jpg', 'X3 Soul');
INSERT OR IGNORE INTO device_specs (device_id, announced, status, network, os, chipset, cpu, gpu, display_size, display_type, display_res, ram, storage, main_camera, selfie_camera, battery, charging, nfc, usb, bluetooth, wlan, colors, weight, dimensions, sim, sensors, popularity, fans, rating, full_specs_json) VALUES (1479, '2016, January. Released 2016, January', 'Discontinued', 'GSM / HSPA / LTE / 4G/LTE', 'Android 5.1 (Lollipop)', 'Mediatek MT6753 (28 nm)', 'Octa-core 1.3 GHz Cortex-A53', 'Mali-T720', '5.5 inches, 83.4 cm 2 (~73.6% screen-to-body ratio)', 'AMOLED', '720 x 1280 pixels, 16:9 ratio (~267 ppi density)', '3GB', '32GB', '13 MP, f/2.0, AF, LED flash, HDR', '5 MP', 'Li-Po 3150 mAh, non-removable', NULL, 'No', 'USB Type-C', '4.0, A2DP, EDR', 'Wi-Fi 802.11 b/g/n, hotspot', 'Black, Gold', '147.6 g (5.22 oz)', '151.9 x 74.6 x 6.9 mm (5.98 x 2.94 x 0.27 in)', 'Nano-SIM + Micro-SIM', 'Accelerometer, proximity, compass', 'About 300 EUR', NULL, NULL, '[{"category":"Network","specs":[{"label":"Technology","value":"GSM / HSPA / LTE"},{"label":"2G bands","value":"GSM 850 / 900 / 1800 / 1900 - SIM 1 & SIM 2"},{"label":"3G bands","value":"HSDPA 900 / 1900 / 2100"},{"label":"4G bands","value":"1, 3, 7, 20, 38, 39, 40"},{"label":"Speed","value":"HSPA 21.1/5.76 Mbps, LTE Cat4 150/50 Mbps"}]},{"category":"Launch","specs":[{"label":"Announced","value":"2016, January. Released 2016, January"},{"label":"Status","value":"Discontinued"}]},{"category":"Body","specs":[{"label":"Dimensions","value":"151.9 x 74.6 x 6.9 mm (5.98 x 2.94 x 0.27 in)"},{"label":"Weight","value":"147.6 g (5.22 oz)"},{"label":"SIM","value":"Nano-SIM + Micro-SIM"}]},{"category":"Display","specs":[{"label":"Type","value":"AMOLED"},{"label":"Size","value":"5.5 inches, 83.4 cm 2 (~73.6% screen-to-body ratio)"},{"label":"Resolution","value":"720 x 1280 pixels, 16:9 ratio (~267 ppi density)"},{"label":"Protection","value":"Corning Gorilla Glass 3"}]},{"category":"Platform","specs":[{"label":"OS","value":"Android 5.1 (Lollipop)"},{"label":"Chipset","value":"Mediatek MT6753 (28 nm)"},{"label":"CPU","value":"Octa-core 1.3 GHz Cortex-A53"},{"label":"GPU","value":"Mali-T720"}]},{"category":"Memory","specs":[{"label":"Card slot","value":"microSDXC (uses shared SIM slot)"},{"label":"Internal","value":"32GB 3GB RAM"}]},{"category":"Main Camera","specs":[{"label":"Single","value":"13 MP, f/2.0, AF"},{"label":"Features","value":"LED flash, HDR"},{"label":"Video","value":"1080p@30fps"}]},{"category":"Selfie camera","specs":[{"label":"Single","value":"5 MP"}]},{"category":"Sound","specs":[{"label":"Loudspeaker","value":"Yes"},{"label":"3.5mm jack","value":"Yes"}]},{"category":"Comms","specs":[{"label":"WLAN","value":"Wi-Fi 802.11 b/g/n, hotspot"},{"label":"Bluetooth","value":"4.0, A2DP, EDR"},{"label":"Positioning","value":"GPS"},{"label":"NFC","value":"No"},{"label":"USB","value":"USB Type-C"},{"label":"Radio","value":"FM radio"}]},{"category":"Features","specs":[{"label":"Sensors","value":"Accelerometer, proximity, compass"}]},{"category":"Battery","specs":[{"label":"Type","value":"Li-Po 3150 mAh, non-removable"},{"label":"Stand-by","value":"Up to 210 h (3G)"},{"label":"Talk time","value":"Up to 15 h (3G)"}]},{"category":"Misc","specs":[{"label":"Colors","value":"Black, Gold"},{"label":"Models","value":"X3_Soul"},{"label":"Price","value":"About 300 EUR"},{"label":"SAR EU","value":"0.55 W/kg (head)"}]}]');
INSERT OR IGNORE INTO device_pictures (device_id, url, position) VALUES (1479, 'https://fdn2.gsmarena.com/vv/bigpic/allview-x3-soul.jpg', 0);
INSERT OR IGNORE INTO device_pictures (device_id, url, position) VALUES (1479, 'https://fdn2.gsmarena.com/vv/pics/allview/allview-x3-soul.jpg', 1);
INSERT OR IGNORE INTO devices (id, brand_id, name, gsmarena_url, thumbnail_url, summary) VALUES (1480, 8, 'X2 Soul Style + Platinum', 'https://www.gsmarena.com/allview_x2_soul_style_+_platinum-7912.php', 'https://fdn2.gsmarena.com/vv/bigpic/allview-x2-soul-style-plus.jpg', 'X2 Soul Style + Platinum');
INSERT OR IGNORE INTO device_specs (device_id, announced, status, network, os, chipset, cpu, gpu, display_size, display_type, display_res, ram, storage, main_camera, selfie_camera, battery, charging, nfc, usb, bluetooth, wlan, colors, weight, dimensions, sim, sensors, popularity, fans, rating, full_specs_json) VALUES (1480, '2015, November. Released 2015, November', 'Discontinued', 'GSM / HSPA / LTE / 4G/LTE', 'Android 5.1 (Lollipop)', 'Mediatek MT6735 (28 nm)', 'Quad-core 1.3 GHz Cortex-A53', 'Mali-T720', '5.0 inches, 68.9 cm 2 (~68.0% screen-to-body ratio)', 'IPS LCD', '720 x 1280 pixels, 16:9 ratio (~294 ppi density)', '3GB', '16GB', '13 MP, f/2.2, AF, LED flash, HDR', '5 MP', 'Li-Po 2350 mAh, non-removable', NULL, 'No', 'microUSB 2.0', '4.0, A2DP, EDR', 'Wi-Fi 802.11 b/g/n, hotspot', 'Silver', '128 g (4.52 oz)', '142.4 x 71.2 x 7 mm (5.61 x 2.80 x 0.28 in)', 'Nano-SIM + Micro-SIM', 'Accelerometer, proximity', 'About 200 EUR', NULL, NULL, '[{"category":"Network","specs":[{"label":"Technology","value":"GSM / HSPA / LTE"},{"label":"2G bands","value":"GSM 850 / 900 / 1800 / 1900 - SIM 1 & SIM 2"},{"label":"3G bands","value":"HSDPA 900 / 2100"},{"label":"4G bands","value":"3, 7, 20, 38"},{"label":"Speed","value":"HSPA 21.1/5.76 Mbps, LTE Cat4 150/50 Mbps"}]},{"category":"Launch","specs":[{"label":"Announced","value":"2015, November. Released 2015, November"},{"label":"Status","value":"Discontinued"}]},{"category":"Body","specs":[{"label":"Dimensions","value":"142.4 x 71.2 x 7 mm (5.61 x 2.80 x 0.28 in)"},{"label":"Weight","value":"128 g (4.52 oz)"},{"label":"SIM","value":"Nano-SIM + Micro-SIM"}]},{"category":"Display","specs":[{"label":"Type","value":"IPS LCD"},{"label":"Size","value":"5.0 inches, 68.9 cm 2 (~68.0% screen-to-body ratio)"},{"label":"Resolution","value":"720 x 1280 pixels, 16:9 ratio (~294 ppi density)"},{"label":"Protection","value":"Asahi Dragontrail Glass"}]},{"category":"Platform","specs":[{"label":"OS","value":"Android 5.1 (Lollipop)"},{"label":"Chipset","value":"Mediatek MT6735 (28 nm)"},{"label":"CPU","value":"Quad-core 1.3 GHz Cortex-A53"},{"label":"GPU","value":"Mali-T720"}]},{"category":"Memory","specs":[{"label":"Card slot","value":"microSDXC (uses shared SIM slot)"},{"label":"Internal","value":"16GB 3GB RAM"}]},{"category":"Main Camera","specs":[{"label":"Single","value":"13 MP, f/2.2, AF"},{"label":"Features","value":"LED flash, HDR"},{"label":"Video","value":"1080p@30fps"}]},{"category":"Selfie camera","specs":[{"label":"Single","value":"5 MP"}]},{"category":"Sound","specs":[{"label":"Loudspeaker","value":"Yes"},{"label":"3.5mm jack","value":"Yes"}]},{"category":"Comms","specs":[{"label":"WLAN","value":"Wi-Fi 802.11 b/g/n, hotspot"},{"label":"Bluetooth","value":"4.0, A2DP, EDR"},{"label":"Positioning","value":"GPS"},{"label":"NFC","value":"No"},{"label":"USB","value":"microUSB 2.0"},{"label":"Radio","value":"FM radio"}]},{"category":"Features","specs":[{"label":"Sensors","value":"Accelerometer, proximity"}]},{"category":"Battery","specs":[{"label":"Type","value":"Li-Po 2350 mAh, non-removable"},{"label":"Stand-by","value":"Up to 235 h (3G)"},{"label":"Talk time","value":"Up to 7 h 20 min (3G)"}]},{"category":"Misc","specs":[{"label":"Colors","value":"Silver"},{"label":"Price","value":"About 200 EUR"},{"label":"SAR EU","value":"0.72 W/kg (head)"}]}]');
INSERT OR IGNORE INTO device_pictures (device_id, url, position) VALUES (1480, 'https://fdn2.gsmarena.com/vv/bigpic/allview-x2-soul-style-plus.jpg', 0);
INSERT OR IGNORE INTO device_pictures (device_id, url, position) VALUES (1480, 'https://fdn2.gsmarena.com/vv/pics/allview/allview-x2-soul-style-plus.jpg', 1);
INSERT OR IGNORE INTO devices (id, brand_id, name, gsmarena_url, thumbnail_url, summary) VALUES (1481, 8, 'X2 Soul Style', 'https://www.gsmarena.com/allview_x2_soul_style-7911.php', 'https://fdn2.gsmarena.com/vv/bigpic/allview-x2-soul-style.jpg', 'X2 Soul Style');
INSERT OR IGNORE INTO device_specs (device_id, announced, status, network, os, chipset, cpu, gpu, display_size, display_type, display_res, ram, storage, main_camera, selfie_camera, battery, charging, nfc, usb, bluetooth, wlan, colors, weight, dimensions, sim, sensors, popularity, fans, rating, full_specs_json) VALUES (1481, '2015, November. Released 2015, November', 'Discontinued', 'GSM / HSPA / LTE / 4G/LTE', 'Android 5.1 (Lollipop)', 'Mediatek MT6735 (28 nm)', 'Quad-core 1.3 GHz Cortex-A53', 'Mali-T720', '5.0 inches, 68.9 cm 2 (~68.0% screen-to-body ratio)', 'IPS LCD', '720 x 1280 pixels, 16:9 ratio (~294 ppi density)', '2GB', '16GB', '13 MP, f/2.2, AF, LED flash, HDR', '5 MP', 'Li-Po 2350 mAh, non-removable', NULL, 'No', 'microUSB 2.0', '4.0, A2DP, EDR', 'Wi-Fi 802.11 b/g/n, hotspot', 'Silver', '128 g (4.52 oz)', '142.4 x 71.2 x 7 mm (5.61 x 2.80 x 0.28 in)', 'Nano-SIM + Micro-SIM', 'Accelerometer, proximity', 'About 180 EUR', NULL, NULL, '[{"category":"Network","specs":[{"label":"Technology","value":"GSM / HSPA / LTE"},{"label":"2G bands","value":"GSM 850 / 900 / 1800 / 1900 - SIM 1 & SIM 2"},{"label":"3G bands","value":"HSDPA 900 / 2100"},{"label":"4G bands","value":"3, 7, 20, 38"},{"label":"Speed","value":"HSPA 21.1/5.76 Mbps, LTE Cat4 150/50 Mbps"}]},{"category":"Launch","specs":[{"label":"Announced","value":"2015, November. Released 2015, November"},{"label":"Status","value":"Discontinued"}]},{"category":"Body","specs":[{"label":"Dimensions","value":"142.4 x 71.2 x 7 mm (5.61 x 2.80 x 0.28 in)"},{"label":"Weight","value":"128 g (4.52 oz)"},{"label":"SIM","value":"Nano-SIM + Micro-SIM"}]},{"category":"Display","specs":[{"label":"Type","value":"IPS LCD"},{"label":"Size","value":"5.0 inches, 68.9 cm 2 (~68.0% screen-to-body ratio)"},{"label":"Resolution","value":"720 x 1280 pixels, 16:9 ratio (~294 ppi density)"},{"label":"Protection","value":"Asahi Dragontrail Glass"}]},{"category":"Platform","specs":[{"label":"OS","value":"Android 5.1 (Lollipop)"},{"label":"Chipset","value":"Mediatek MT6735 (28 nm)"},{"label":"CPU","value":"Quad-core 1.3 GHz Cortex-A53"},{"label":"GPU","value":"Mali-T720"}]},{"category":"Memory","specs":[{"label":"Card slot","value":"microSDXC (uses shared SIM slot)"},{"label":"Internal","value":"16GB 2GB RAM"}]},{"category":"Main Camera","specs":[{"label":"Single","value":"13 MP, f/2.2, AF"},{"label":"Features","value":"LED flash, HDR"},{"label":"Video","value":"1080p@30fps"}]},{"category":"Selfie camera","specs":[{"label":"Single","value":"5 MP"}]},{"category":"Sound","specs":[{"label":"Loudspeaker","value":"Yes"},{"label":"3.5mm jack","value":"Yes"}]},{"category":"Comms","specs":[{"label":"WLAN","value":"Wi-Fi 802.11 b/g/n, hotspot"},{"label":"Bluetooth","value":"4.0, A2DP, EDR"},{"label":"Positioning","value":"GPS"},{"label":"NFC","value":"No"},{"label":"USB","value":"microUSB 2.0"},{"label":"Radio","value":"FM radio"}]},{"category":"Features","specs":[{"label":"Sensors","value":"Accelerometer, proximity"}]},{"category":"Battery","specs":[{"label":"Type","value":"Li-Po 2350 mAh, non-removable"},{"label":"Stand-by","value":"Up to 235 h (3G)"},{"label":"Talk time","value":"Up to 7 h 20 min (3G)"}]},{"category":"Misc","specs":[{"label":"Colors","value":"Silver"},{"label":"Price","value":"About 180 EUR"},{"label":"SAR EU","value":"0.72 W/kg (head)"}]}]');
INSERT OR IGNORE INTO device_pictures (device_id, url, position) VALUES (1481, 'https://fdn2.gsmarena.com/vv/bigpic/allview-x2-soul-style.jpg', 0);
INSERT OR IGNORE INTO device_pictures (device_id, url, position) VALUES (1481, 'https://fdn2.gsmarena.com/vv/pics/allview/allview-x2-soul-style.jpg', 1);
INSERT OR IGNORE INTO devices (id, brand_id, name, gsmarena_url, thumbnail_url, summary) VALUES (1482, 8, 'X2 Soul Lite', 'https://www.gsmarena.com/allview_x2_soul_lite-7910.php', 'https://fdn2.gsmarena.com/vv/bigpic/allview-x2-soul-lite.jpg', 'X2 Soul Lite');
INSERT OR IGNORE INTO device_specs (device_id, announced, status, network, os, chipset, cpu, gpu, display_size, display_type, display_res, ram, storage, main_camera, selfie_camera, battery, charging, nfc, usb, bluetooth, wlan, colors, weight, dimensions, sim, sensors, popularity, fans, rating, full_specs_json) VALUES (1482, '2015, September. Released 2015, September', 'Discontinued', 'GSM / HSPA / LTE / 4G/LTE', 'Android 5.0 (Lollipop)', 'Mediatek MT6735 (28 nm)', 'Quad-core 1.3 GHz Cortex-A53', 'Mali-T720', '5.0 inches, 68.9 cm 2 (~68.6% screen-to-body ratio)', 'IPS LCD', '720 x 1280 pixels, 16:9 ratio (~294 ppi density)', '1GB', '16GB', '8 MP, AF, LED flash, HDR', '5 MP', 'Li-Po 2400 mAh, removable', NULL, 'No', 'microUSB 2.0', '4.0, A2DP, EDR', 'Wi-Fi 802.11 b/g/n, hotspot', 'Black, white', '137 g (4.83 oz)', '143 x 70.3 x 8 mm (5.63 x 2.77 x 0.31 in)', 'Hybrid Dual SIM (Micro-SIM, dual stand-by)', 'Accelerometer, proximity, compass', 'About 160 EUR', NULL, NULL, '[{"category":"Network","specs":[{"label":"Technology","value":"GSM / HSPA / LTE"},{"label":"2G bands","value":"GSM 850 / 900 / 1800 / 1900 - SIM 1 & SIM 2"},{"label":"3G bands","value":"HSDPA 900 / 1900 / 2100"},{"label":"4G bands","value":"1, 3, 7, 20"},{"label":"Speed","value":"HSPA 21.1/5.76 Mbps, LTE Cat4 150/50 Mbps"}]},{"category":"Launch","specs":[{"label":"Announced","value":"2015, September. Released 2015, September"},{"label":"Status","value":"Discontinued"}]},{"category":"Body","specs":[{"label":"Dimensions","value":"143 x 70.3 x 8 mm (5.63 x 2.77 x 0.31 in)"},{"label":"Weight","value":"137 g (4.83 oz)"},{"label":"SIM","value":"Hybrid Dual SIM (Micro-SIM, dual stand-by)"}]},{"category":"Display","specs":[{"label":"Type","value":"IPS LCD"},{"label":"Size","value":"5.0 inches, 68.9 cm 2 (~68.6% screen-to-body ratio)"},{"label":"Resolution","value":"720 x 1280 pixels, 16:9 ratio (~294 ppi density)"},{"label":"Protection","value":"Asahi Dragontrail Glass"}]},{"category":"Platform","specs":[{"label":"OS","value":"Android 5.0 (Lollipop)"},{"label":"Chipset","value":"Mediatek MT6735 (28 nm)"},{"label":"CPU","value":"Quad-core 1.3 GHz Cortex-A53"},{"label":"GPU","value":"Mali-T720"}]},{"category":"Memory","specs":[{"label":"Card slot","value":"microSDXC (uses shared SIM slot)"},{"label":"Internal","value":"16GB 1GB RAM"}]},{"category":"Main Camera","specs":[{"label":"Single","value":"8 MP, AF"},{"label":"Features","value":"LED flash, HDR"},{"label":"Video","value":"1080p@30fps"}]},{"category":"Selfie camera","specs":[{"label":"Single","value":"5 MP"}]},{"category":"Sound","specs":[{"label":"Loudspeaker","value":"Yes"},{"label":"3.5mm jack","value":"Yes"}]},{"category":"Comms","specs":[{"label":"WLAN","value":"Wi-Fi 802.11 b/g/n, hotspot"},{"label":"Bluetooth","value":"4.0, A2DP, EDR"},{"label":"Positioning","value":"GPS"},{"label":"NFC","value":"No"},{"label":"USB","value":"microUSB 2.0"},{"label":"Radio","value":"FM radio"}]},{"category":"Features","specs":[{"label":"Sensors","value":"Accelerometer, proximity, compass"}]},{"category":"Battery","specs":[{"label":"Type","value":"Li-Po 2400 mAh, removable"},{"label":"Stand-by","value":"Up to 240 h (3G)"},{"label":"Talk time","value":"Up to 10 h 25 min (3G)"}]},{"category":"Misc","specs":[{"label":"Colors","value":"Black, white"},{"label":"Price","value":"About 160 EUR"},{"label":"SAR EU","value":"0.63 W/kg (head)"}]}]');
INSERT OR IGNORE INTO device_pictures (device_id, url, position) VALUES (1482, 'https://fdn2.gsmarena.com/vv/bigpic/allview-x2-soul-lite.jpg', 0);
INSERT OR IGNORE INTO device_pictures (device_id, url, position) VALUES (1482, 'https://fdn2.gsmarena.com/vv/pics/allview/allview-x2-soul-lite.jpg', 1);
INSERT OR IGNORE INTO devices (id, brand_id, name, gsmarena_url, thumbnail_url, summary) VALUES (1483, 8, 'V2 Viper X+', 'https://www.gsmarena.com/allview_v2_viper_x+-7909.php', 'https://fdn2.gsmarena.com/vv/bigpic/allview-v2-viper-x-plus.jpg', 'V2 Viper X+');
INSERT OR IGNORE INTO device_specs (device_id, announced, status, network, os, chipset, cpu, gpu, display_size, display_type, display_res, ram, storage, main_camera, selfie_camera, battery, charging, nfc, usb, bluetooth, wlan, colors, weight, dimensions, sim, sensors, popularity, fans, rating, full_specs_json) VALUES (1483, '2015, October. Released 2015, October', 'Discontinued', 'GSM / HSPA / LTE / 4G/LTE', 'Android 5.1 (Lollipop)', 'Mediatek MT6753 (28 nm)', 'Octa-core 1.3 GHz Cortex-A53', 'Mali-T720', '5.5 inches, 83.4 cm 2 (~70.3% screen-to-body ratio)', 'AMOLED', '720 x 1280 pixels, 16:9 ratio (~267 ppi density)', '3GB', '16GB', '13 MP, f/2.0, AF, LED flash, HDR', '5 MP', 'Li-Po 3150 mAh, removable', NULL, 'No', 'USB Type-C', '4.0, A2DP, EDR', 'Wi-Fi 802.11 b/g/n, hotspot, Wi-Fi Direct', 'Dark blue, Golden pearl', '155.3 g (5.47 oz)', '154 x 77 x 7.2 mm (6.06 x 3.03 x 0.28 in)', 'Dual SIM (Micro-SIM, dual stand-by)', 'Accelerometer, proximity, compass', 'About 300 EUR', NULL, NULL, '[{"category":"Network","specs":[{"label":"Technology","value":"GSM / HSPA / LTE"},{"label":"2G bands","value":"GSM 850 / 900 / 1800 / 1900 - SIM 1 & SIM 2"},{"label":"3G bands","value":"HSDPA 900 / 1900 / 2100"},{"label":"4G bands","value":"1, 3, 7, 20, 39, 40, 41"},{"label":"Speed","value":"HSPA 21.1/5.76 Mbps, LTE Cat4 150/50 Mbps"}]},{"category":"Launch","specs":[{"label":"Announced","value":"2015, October. Released 2015, October"},{"label":"Status","value":"Discontinued"}]},{"category":"Body","specs":[{"label":"Dimensions","value":"154 x 77 x 7.2 mm (6.06 x 3.03 x 0.28 in)"},{"label":"Weight","value":"155.3 g (5.47 oz)"},{"label":"SIM","value":"Dual SIM (Micro-SIM, dual stand-by)"}]},{"category":"Display","specs":[{"label":"Type","value":"AMOLED"},{"label":"Size","value":"5.5 inches, 83.4 cm 2 (~70.3% screen-to-body ratio)"},{"label":"Resolution","value":"720 x 1280 pixels, 16:9 ratio (~267 ppi density)"},{"label":"Protection","value":"Corning Gorilla Glass 3"}]},{"category":"Platform","specs":[{"label":"OS","value":"Android 5.1 (Lollipop)"},{"label":"Chipset","value":"Mediatek MT6753 (28 nm)"},{"label":"CPU","value":"Octa-core 1.3 GHz Cortex-A53"},{"label":"GPU","value":"Mali-T720"}]},{"category":"Memory","specs":[{"label":"Card slot","value":"microSDXC"},{"label":"Internal","value":"16GB 3GB RAM"}]},{"category":"Main Camera","specs":[{"label":"Single","value":"13 MP, f/2.0, AF"},{"label":"Features","value":"LED flash, HDR"},{"label":"Video","value":"1080p@30fps"}]},{"category":"Selfie camera","specs":[{"label":"Single","value":"5 MP"}]},{"category":"Sound","specs":[{"label":"Loudspeaker","value":"Yes"},{"label":"3.5mm jack","value":"Yes"}]},{"category":"Comms","specs":[{"label":"WLAN","value":"Wi-Fi 802.11 b/g/n, hotspot, Wi-Fi Direct"},{"label":"Bluetooth","value":"4.0, A2DP, EDR"},{"label":"Positioning","value":"GPS"},{"label":"NFC","value":"No"},{"label":"USB","value":"USB Type-C"},{"label":"Radio","value":"FM radio"}]},{"category":"Features","specs":[{"label":"Sensors","value":"Accelerometer, proximity, compass"}]},{"category":"Battery","specs":[{"label":"Type","value":"Li-Po 3150 mAh, removable"},{"label":"Stand-by","value":"Up to 393 h (3G)"},{"label":"Talk time","value":"Up to 13 h 40 min (3G)"}]},{"category":"Misc","specs":[{"label":"Colors","value":"Dark blue, Golden pearl"},{"label":"Price","value":"About 300 EUR"},{"label":"SAR EU","value":"0.69 W/kg (head)"}]}]');
INSERT OR IGNORE INTO device_pictures (device_id, url, position) VALUES (1483, 'https://fdn2.gsmarena.com/vv/bigpic/allview-v2-viper-x-plus.jpg', 0);
INSERT OR IGNORE INTO device_pictures (device_id, url, position) VALUES (1483, 'https://fdn2.gsmarena.com/vv/pics/allview/allview-v2-viper-x-plus.jpg', 1);
INSERT OR IGNORE INTO devices (id, brand_id, name, gsmarena_url, thumbnail_url, summary) VALUES (1484, 8, 'V2 Viper X', 'https://www.gsmarena.com/allview_v2_viper_x-7908.php', 'https://fdn2.gsmarena.com/vv/bigpic/allview-v2-viper-x.jpg', 'V2 Viper X');
INSERT OR IGNORE INTO device_specs (device_id, announced, status, network, os, chipset, cpu, gpu, display_size, display_type, display_res, ram, storage, main_camera, selfie_camera, battery, charging, nfc, usb, bluetooth, wlan, colors, weight, dimensions, sim, sensors, popularity, fans, rating, full_specs_json) VALUES (1484, '2015, October. Released 2015, October', 'Discontinued', 'GSM / HSPA / LTE / 4G/LTE', 'Android 5.1 (Lollipop)', 'Mediatek MT6753 (28 nm)', 'Octa-core 1.3 GHz Cortex-A53', 'Mali-T720', '5.5 inches, 83.4 cm 2 (~70.3% screen-to-body ratio)', 'AMOLED', '720 x 1280 pixels, 16:9 ratio (~267 ppi density)', '1GB', '16GB', '13 MP, f/2.0, AF, LED flash, HDR', '5 MP', 'Li-Po 3150 mAh, removable', NULL, 'No', 'USB Type-C', '4.0, A2DP, EDR', 'Wi-Fi 802.11 b/g/n, hotspot, Wi-Fi Direct', 'Dark blue, Golden pearl', '155.3 g (5.47 oz)', '154 x 77 x 7.2 mm (6.06 x 3.03 x 0.28 in)', 'Dual SIM (Micro-SIM, dual stand-by)', 'Accelerometer, proximity, compass', 'About 250 EUR', NULL, NULL, '[{"category":"Network","specs":[{"label":"Technology","value":"GSM / HSPA / LTE"},{"label":"2G bands","value":"GSM 850 / 900 / 1800 / 1900 - SIM 1 & SIM 2"},{"label":"3G bands","value":"HSDPA 900 / 1900 / 2100"},{"label":"4G bands","value":"1, 3, 7, 20, 39, 40, 41"},{"label":"Speed","value":"HSPA 21.1/5.76 Mbps, LTE Cat4 150/50 Mbps"}]},{"category":"Launch","specs":[{"label":"Announced","value":"2015, October. Released 2015, October"},{"label":"Status","value":"Discontinued"}]},{"category":"Body","specs":[{"label":"Dimensions","value":"154 x 77 x 7.2 mm (6.06 x 3.03 x 0.28 in)"},{"label":"Weight","value":"155.3 g (5.47 oz)"},{"label":"SIM","value":"Dual SIM (Micro-SIM, dual stand-by)"}]},{"category":"Display","specs":[{"label":"Type","value":"AMOLED"},{"label":"Size","value":"5.5 inches, 83.4 cm 2 (~70.3% screen-to-body ratio)"},{"label":"Resolution","value":"720 x 1280 pixels, 16:9 ratio (~267 ppi density)"},{"label":"Protection","value":"Corning Gorilla Glass 3"}]},{"category":"Platform","specs":[{"label":"OS","value":"Android 5.1 (Lollipop)"},{"label":"Chipset","value":"Mediatek MT6753 (28 nm)"},{"label":"CPU","value":"Octa-core 1.3 GHz Cortex-A53"},{"label":"GPU","value":"Mali-T720"}]},{"category":"Memory","specs":[{"label":"Card slot","value":"microSDXC"},{"label":"Internal","value":"16GB 1GB RAM"}]},{"category":"Main Camera","specs":[{"label":"Single","value":"13 MP, f/2.0, AF"},{"label":"Features","value":"LED flash, HDR"},{"label":"Video","value":"1080p@30fps"}]},{"category":"Selfie camera","specs":[{"label":"Single","value":"5 MP"}]},{"category":"Sound","specs":[{"label":"Loudspeaker","value":"Yes"},{"label":"3.5mm jack","value":"Yes"}]},{"category":"Comms","specs":[{"label":"WLAN","value":"Wi-Fi 802.11 b/g/n, hotspot, Wi-Fi Direct"},{"label":"Bluetooth","value":"4.0, A2DP, EDR"},{"label":"Positioning","value":"GPS"},{"label":"NFC","value":"No"},{"label":"USB","value":"USB Type-C"},{"label":"Radio","value":"FM radio"}]},{"category":"Features","specs":[{"label":"Sensors","value":"Accelerometer, proximity, compass"}]},{"category":"Battery","specs":[{"label":"Type","value":"Li-Po 3150 mAh, removable"},{"label":"Stand-by","value":"Up to 393 h (3G)"},{"label":"Talk time","value":"Up to 13 h 40 min (3G)"}]},{"category":"Misc","specs":[{"label":"Colors","value":"Dark blue, Golden pearl"},{"label":"Price","value":"About 250 EUR"},{"label":"SAR EU","value":"0.69 W/kg (head)"}]}]');
INSERT OR IGNORE INTO device_pictures (device_id, url, position) VALUES (1484, 'https://fdn2.gsmarena.com/vv/bigpic/allview-v2-viper-x.jpg', 0);
INSERT OR IGNORE INTO device_pictures (device_id, url, position) VALUES (1484, 'https://fdn2.gsmarena.com/vv/pics/allview/allview-v2-viper-x.jpg', 1);
INSERT OR IGNORE INTO devices (id, brand_id, name, gsmarena_url, thumbnail_url, summary) VALUES (1485, 8, 'V2 Viper', 'https://www.gsmarena.com/allview_v2_viper-7907.php', 'https://fdn2.gsmarena.com/vv/bigpic/allview-v2-viper.jpg', 'V2 Viper');
INSERT OR IGNORE INTO device_specs (device_id, announced, status, network, os, chipset, cpu, gpu, display_size, display_type, display_res, ram, storage, main_camera, selfie_camera, battery, charging, nfc, usb, bluetooth, wlan, colors, weight, dimensions, sim, sensors, popularity, fans, rating, full_specs_json) VALUES (1485, '2015, October. Released 2015, October', 'Discontinued', 'GSM / HSPA / LTE / 4G/LTE', 'Android 5.0 (Lollipop)', 'Mediatek MT6735 (28 nm)', 'Quad-core 1.3 GHz Cortex-A53', 'Mali-T720', '4.7 inches, 60.9 cm 2 (~66.2% screen-to-body ratio)', 'AMOLED', '720 x 1280 pixels, 16:9 ratio (~312 ppi density)', '1GB', '16GB', '8 MP, AF, LED flash, HDR', '5 MP', 'Li-Ion 2000 mAh, removable', NULL, 'No', 'microUSB 2.0', '4.0, A2DP, EDR', 'Wi-Fi 802.11 b/g/n, hotspot, Wi-Fi Direct', 'Blue, white', '143 g (5.04 oz)', '137.2 x 67 x 7.9 mm (5.40 x 2.64 x 0.31 in)', 'Dual SIM (Micro-SIM, dual stand-by)', 'Accelerometer, proximity, compass', 'About 200 EUR', NULL, NULL, '[{"category":"Network","specs":[{"label":"Technology","value":"GSM / HSPA / LTE"},{"label":"2G bands","value":"GSM 850 / 900 / 1800 / 1900 - SIM 1 & SIM 2"},{"label":"3G bands","value":"HSDPA 900 / 1900 / 2100"},{"label":"4G bands","value":"1, 3, 7, 20"},{"label":"Speed","value":"HSPA 21.1/5.76 Mbps, LTE Cat4 150/50 Mbps"}]},{"category":"Launch","specs":[{"label":"Announced","value":"2015, October. Released 2015, October"},{"label":"Status","value":"Discontinued"}]},{"category":"Body","specs":[{"label":"Dimensions","value":"137.2 x 67 x 7.9 mm (5.40 x 2.64 x 0.31 in)"},{"label":"Weight","value":"143 g (5.04 oz)"},{"label":"SIM","value":"Dual SIM (Micro-SIM, dual stand-by)"}]},{"category":"Display","specs":[{"label":"Type","value":"AMOLED"},{"label":"Size","value":"4.7 inches, 60.9 cm 2 (~66.2% screen-to-body ratio)"},{"label":"Resolution","value":"720 x 1280 pixels, 16:9 ratio (~312 ppi density)"},{"label":"Protection","value":"Scratch-resistant glass"}]},{"category":"Platform","specs":[{"label":"OS","value":"Android 5.0 (Lollipop)"},{"label":"Chipset","value":"Mediatek MT6735 (28 nm)"},{"label":"CPU","value":"Quad-core 1.3 GHz Cortex-A53"},{"label":"GPU","value":"Mali-T720"}]},{"category":"Memory","specs":[{"label":"Card slot","value":"microSDXC"},{"label":"Internal","value":"16GB 1GB RAM"}]},{"category":"Main Camera","specs":[{"label":"Single","value":"8 MP, AF"},{"label":"Features","value":"LED flash, HDR"},{"label":"Video","value":"1080p@30fps"}]},{"category":"Selfie camera","specs":[{"label":"Single","value":"5 MP"}]},{"category":"Sound","specs":[{"label":"Loudspeaker","value":"Yes"},{"label":"3.5mm jack","value":"Yes"}]},{"category":"Comms","specs":[{"label":"WLAN","value":"Wi-Fi 802.11 b/g/n, hotspot, Wi-Fi Direct"},{"label":"Bluetooth","value":"4.0, A2DP, EDR"},{"label":"Positioning","value":"GPS"},{"label":"NFC","value":"No"},{"label":"USB","value":"microUSB 2.0"},{"label":"Radio","value":"FM radio"},{"label":"Infrared port","value":"Yes"}]},{"category":"Features","specs":[{"label":"Sensors","value":"Accelerometer, proximity, compass"}]},{"category":"Battery","specs":[{"label":"Type","value":"Li-Ion 2000 mAh, removable"},{"label":"Stand-by","value":"Up to 200 h (3G)"},{"label":"Talk time","value":"Up to 9 h (3G)"}]},{"category":"Misc","specs":[{"label":"Colors","value":"Blue, white"},{"label":"Price","value":"About 200 EUR"},{"label":"SAR EU","value":"0.83 W/kg (head)"}]}]');
INSERT OR IGNORE INTO device_pictures (device_id, url, position) VALUES (1485, 'https://fdn2.gsmarena.com/vv/bigpic/allview-v2-viper.jpg', 0);
INSERT OR IGNORE INTO device_pictures (device_id, url, position) VALUES (1485, 'https://fdn2.gsmarena.com/vv/pics/allview/allview-v2-viper.jpg', 1);
INSERT OR IGNORE INTO devices (id, brand_id, name, gsmarena_url, thumbnail_url, summary) VALUES (1486, 8, 'V2 Viper i', 'https://www.gsmarena.com/allview_v2_viper_i-7906.php', 'https://fdn2.gsmarena.com/vv/bigpic/allview-v2-viper-i.jpg', 'V2 Viper i');
INSERT OR IGNORE INTO device_specs (device_id, announced, status, network, os, chipset, cpu, gpu, display_size, display_type, display_res, ram, storage, main_camera, selfie_camera, battery, charging, nfc, usb, bluetooth, wlan, colors, weight, dimensions, sim, sensors, popularity, fans, rating, full_specs_json) VALUES (1486, '2015, December. Released 2015, December', 'Discontinued', 'GSM / HSPA', 'Android 5.1 (Lollipop)', 'Mediatek MT6580 (28 nm)', 'Quad-core 1.3 GHz Cortex-A7', 'Mali-400MP2', '5.0 inches, 68.9 cm 2 (~66.8% screen-to-body ratio)', 'IPS LCD', '720 x 1280 pixels, 16:9 ratio (~294 ppi density)', '1GB', '16GB', '5 MP, AF, LED flash, HDR', '2 MP', 'Li-Ion 2000 mAh, removable', NULL, 'No', 'microUSB 2.0', '4.0, A2DP, EDR', 'Wi-Fi 802.11 b/g/n, hotspot, Wi-Fi Direct', 'Black, white', '153 g (5.40 oz)', '143.3 x 72 x 8.9 mm (5.64 x 2.83 x 0.35 in)', 'Dual SIM (Micro-SIM, dual stand-by)', 'Accelerometer, proximity, compass', 'About 120 EUR', NULL, NULL, '[{"category":"Network","specs":[{"label":"Technology","value":"GSM / HSPA"},{"label":"2G bands","value":"GSM 850 / 900 / 1800 / 1900 - SIM 1 & SIM 2"},{"label":"3G bands","value":"HSDPA 900 / 1900 / 2100"},{"label":"Speed","value":"HSPA 21.1/5.76 Mbps"}]},{"category":"Launch","specs":[{"label":"Announced","value":"2015, December. Released 2015, December"},{"label":"Status","value":"Discontinued"}]},{"category":"Body","specs":[{"label":"Dimensions","value":"143.3 x 72 x 8.9 mm (5.64 x 2.83 x 0.35 in)"},{"label":"Weight","value":"153 g (5.40 oz)"},{"label":"SIM","value":"Dual SIM (Micro-SIM, dual stand-by)"}]},{"category":"Display","specs":[{"label":"Type","value":"IPS LCD"},{"label":"Size","value":"5.0 inches, 68.9 cm 2 (~66.8% screen-to-body ratio)"},{"label":"Resolution","value":"720 x 1280 pixels, 16:9 ratio (~294 ppi density)"},{"label":"Protection","value":"Asahi Dragontrail Glass"}]},{"category":"Platform","specs":[{"label":"OS","value":"Android 5.1 (Lollipop)"},{"label":"Chipset","value":"Mediatek MT6580 (28 nm)"},{"label":"CPU","value":"Quad-core 1.3 GHz Cortex-A7"},{"label":"GPU","value":"Mali-400MP2"}]},{"category":"Memory","specs":[{"label":"Card slot","value":"microSDXC"},{"label":"Internal","value":"16GB 1GB RAM"}]},{"category":"Main Camera","specs":[{"label":"Single","value":"5 MP, AF"},{"label":"Features","value":"LED flash, HDR"},{"label":"Video","value":"720p"}]},{"category":"Selfie camera","specs":[{"label":"Single","value":"2 MP"}]},{"category":"Sound","specs":[{"label":"Loudspeaker","value":"Yes"},{"label":"3.5mm jack","value":"Yes"}]},{"category":"Comms","specs":[{"label":"WLAN","value":"Wi-Fi 802.11 b/g/n, hotspot, Wi-Fi Direct"},{"label":"Bluetooth","value":"4.0, A2DP, EDR"},{"label":"Positioning","value":"GPS"},{"label":"NFC","value":"No"},{"label":"USB","value":"microUSB 2.0"},{"label":"Radio","value":"FM radio"}]},{"category":"Features","specs":[{"label":"Sensors","value":"Accelerometer, proximity, compass"}]},{"category":"Battery","specs":[{"label":"Type","value":"Li-Ion 2000 mAh, removable"},{"label":"Stand-by","value":"Up to 200 h (3G)"},{"label":"Talk time","value":"Up to 8 h 20 min (3G)"}]},{"category":"Misc","specs":[{"label":"Colors","value":"Black, white"},{"label":"Price","value":"About 120 EUR"},{"label":"SAR EU","value":"0.79 W/kg (head)"}]}]');
INSERT OR IGNORE INTO device_pictures (device_id, url, position) VALUES (1486, 'https://fdn2.gsmarena.com/vv/bigpic/allview-v2-viper-i.jpg', 0);
INSERT OR IGNORE INTO device_pictures (device_id, url, position) VALUES (1486, 'https://fdn2.gsmarena.com/vv/pics/allview/allview-v2-viper-i.jpg', 1);
INSERT OR IGNORE INTO devices (id, brand_id, name, gsmarena_url, thumbnail_url, summary) VALUES (1487, 8, 'P8 Energy mini', 'https://www.gsmarena.com/allview_p8_energy_mini-7905.php', 'https://fdn2.gsmarena.com/vv/bigpic/allview-p8-en-mini.jpg', 'P8 Energy mini');
INSERT OR IGNORE INTO device_specs (device_id, announced, status, network, os, chipset, cpu, gpu, display_size, display_type, display_res, ram, storage, main_camera, selfie_camera, battery, charging, nfc, usb, bluetooth, wlan, colors, weight, dimensions, sim, sensors, popularity, fans, rating, full_specs_json) VALUES (1487, '2016, January. Released 2016, January', 'Discontinued', 'GSM / HSPA', 'Android 5.1 (Lollipop)', 'Mediatek MT6580 (28 nm)', 'Quad-core 1.3 GHz Cortex-A7', 'Mali-400MP2', '5.0 inches, 68.9 cm 2 (~66.8% screen-to-body ratio)', 'IPS LCD', '720 x 1280 pixels, 16:9 ratio (~294 ppi density)', '2GB', '16GB', '8 MP, AF, LED flash, HDR', '5 MP', 'Li-Ion 4000 mAh, removable', NULL, 'No', 'microUSB 2.0', '4.0, A2DP, EDR', 'Wi-Fi 802.11 b/g/n', 'White, Gray, Gold', '200 g (7.05 oz)', '143.3 x 72 x 8.9 mm (5.64 x 2.83 x 0.35 in)', 'Dual SIM (Micro-SIM, dual stand-by)', 'Accelerometer, proximity, compass', 'About 170 EUR', NULL, NULL, '[{"category":"Network","specs":[{"label":"Technology","value":"GSM / HSPA"},{"label":"2G bands","value":"GSM 850 / 900 / 1800 / 1900 - SIM 1 & SIM 2"},{"label":"3G bands","value":"HSDPA 900 / 1900 / 2100"},{"label":"Speed","value":"HSPA 21.1/5.76 Mbps"}]},{"category":"Launch","specs":[{"label":"Announced","value":"2016, January. Released 2016, January"},{"label":"Status","value":"Discontinued"}]},{"category":"Body","specs":[{"label":"Dimensions","value":"143.3 x 72 x 8.9 mm (5.64 x 2.83 x 0.35 in)"},{"label":"Weight","value":"200 g (7.05 oz)"},{"label":"SIM","value":"Dual SIM (Micro-SIM, dual stand-by)"}]},{"category":"Display","specs":[{"label":"Type","value":"IPS LCD"},{"label":"Size","value":"5.0 inches, 68.9 cm 2 (~66.8% screen-to-body ratio)"},{"label":"Resolution","value":"720 x 1280 pixels, 16:9 ratio (~294 ppi density)"},{"label":"Protection","value":"Asahi Dragontrail Glass"}]},{"category":"Platform","specs":[{"label":"OS","value":"Android 5.1 (Lollipop)"},{"label":"Chipset","value":"Mediatek MT6580 (28 nm)"},{"label":"CPU","value":"Quad-core 1.3 GHz Cortex-A7"},{"label":"GPU","value":"Mali-400MP2"}]},{"category":"Memory","specs":[{"label":"Card slot","value":"microSDXC"},{"label":"Internal","value":"16GB 2GB RAM"}]},{"category":"Main Camera","specs":[{"label":"Single","value":"8 MP, AF"},{"label":"Features","value":"LED flash, HDR"},{"label":"Video","value":"1080p@30fps"}]},{"category":"Selfie camera","specs":[{"label":"Single","value":"5 MP"}]},{"category":"Sound","specs":[{"label":"Loudspeaker","value":"Yes"},{"label":"3.5mm jack","value":"Yes"}]},{"category":"Comms","specs":[{"label":"WLAN","value":"Wi-Fi 802.11 b/g/n"},{"label":"Bluetooth","value":"4.0, A2DP, EDR"},{"label":"Positioning","value":"GPS"},{"label":"NFC","value":"No"},{"label":"USB","value":"microUSB 2.0"},{"label":"Radio","value":"FM radio"}]},{"category":"Features","specs":[{"label":"Sensors","value":"Accelerometer, proximity, compass"}]},{"category":"Battery","specs":[{"label":"Type","value":"Li-Ion 4000 mAh, removable"},{"label":"Stand-by","value":"Up to 400 h (3G)"},{"label":"Talk time","value":"Up to 25 h (3G)"}]},{"category":"Misc","specs":[{"label":"Colors","value":"White, Gray, Gold"},{"label":"Price","value":"About 170 EUR"},{"label":"SAR EU","value":"0.74 W/kg (head)"}]}]');
INSERT OR IGNORE INTO device_pictures (device_id, url, position) VALUES (1487, 'https://fdn2.gsmarena.com/vv/bigpic/allview-p8-en-mini.jpg', 0);
INSERT OR IGNORE INTO device_pictures (device_id, url, position) VALUES (1487, 'https://fdn2.gsmarena.com/vv/pics/allview/allview-p8-en-mini.jpg', 1);
INSERT OR IGNORE INTO devices (id, brand_id, name, gsmarena_url, thumbnail_url, summary) VALUES (1488, 8, 'P5 Pro', 'https://www.gsmarena.com/allview_p5_pro-7904.php', 'https://fdn2.gsmarena.com/vv/bigpic/allview-p5-pro.jpg', 'P5 Pro');
INSERT OR IGNORE INTO device_specs (device_id, announced, status, network, os, chipset, cpu, gpu, display_size, display_type, display_res, ram, storage, main_camera, selfie_camera, battery, charging, nfc, usb, bluetooth, wlan, colors, weight, dimensions, sim, sensors, popularity, fans, rating, full_specs_json) VALUES (1488, '2016, January. Released 2016, January', 'Discontinued', 'GSM / HSPA / LTE / 4G/LTE', 'Android 5.1 (Lollipop)', 'Mediatek MT6735M (28 nm)', 'Quad-core 1.0 GHz Cortex-A53', 'Mali-T720', '4.5 inches, 55.8 cm 2 (~60.7% screen-to-body ratio)', 'IPS LCD', '480 x 854 pixels, 16:9 ratio (~218 ppi density)', '1GB', '8GB', '5 MP, AF, LED flash, HDR, panorama', 'VGA', 'Li-Ion 1700 mAh, removable', NULL, 'No', 'microUSB 2.0', '4.0, A2DP, EDR', 'Wi-Fi 802.11 b/g/n, Wi-Fi Direct, hotspot', 'Black', '118.5 g (4.20 oz)', '136 x 67.6 x 9.3 mm (5.35 x 2.66 x 0.37 in)', 'Dual SIM (Micro-SIM, dual stand-by)', 'Accelerometer, proximity', 'About 130 EUR', NULL, NULL, '[{"category":"Network","specs":[{"label":"Technology","value":"GSM / HSPA / LTE"},{"label":"2G bands","value":"GSM 900 / 1800 / 1900 - SIM 1 & SIM 2"},{"label":"3G bands","value":"HSDPA 900 / 2100"},{"label":"4G bands","value":"3, 7, 20, 38"},{"label":"Speed","value":"HSPA 21.1/5.76 Mbps, LTE Cat4 150/50 Mbps"}]},{"category":"Launch","specs":[{"label":"Announced","value":"2016, January. Released 2016, January"},{"label":"Status","value":"Discontinued"}]},{"category":"Body","specs":[{"label":"Dimensions","value":"136 x 67.6 x 9.3 mm (5.35 x 2.66 x 0.37 in)"},{"label":"Weight","value":"118.5 g (4.20 oz)"},{"label":"SIM","value":"Dual SIM (Micro-SIM, dual stand-by)"}]},{"category":"Display","specs":[{"label":"Type","value":"IPS LCD"},{"label":"Size","value":"4.5 inches, 55.8 cm 2 (~60.7% screen-to-body ratio)"},{"label":"Resolution","value":"480 x 854 pixels, 16:9 ratio (~218 ppi density)"}]},{"category":"Platform","specs":[{"label":"OS","value":"Android 5.1 (Lollipop)"},{"label":"Chipset","value":"Mediatek MT6735M (28 nm)"},{"label":"CPU","value":"Quad-core 1.0 GHz Cortex-A53"},{"label":"GPU","value":"Mali-T720"}]},{"category":"Memory","specs":[{"label":"Card slot","value":"microSDXC"},{"label":"Internal","value":"8GB 1GB RAM"}]},{"category":"Main Camera","specs":[{"label":"Single","value":"5 MP, AF"},{"label":"Features","value":"LED flash, HDR, panorama"},{"label":"Video","value":"720p"}]},{"category":"Selfie camera","specs":[{"label":"Single","value":"VGA"}]},{"category":"Sound","specs":[{"label":"Loudspeaker","value":"Yes"},{"label":"3.5mm jack","value":"Yes"}]},{"category":"Comms","specs":[{"label":"WLAN","value":"Wi-Fi 802.11 b/g/n, Wi-Fi Direct, hotspot"},{"label":"Bluetooth","value":"4.0, A2DP, EDR"},{"label":"Positioning","value":"GPS"},{"label":"NFC","value":"No"},{"label":"USB","value":"microUSB 2.0"},{"label":"Radio","value":"FM radio"}]},{"category":"Features","specs":[{"label":"Sensors","value":"Accelerometer, proximity"}]},{"category":"Battery","specs":[{"label":"Type","value":"Li-Ion 1700 mAh, removable"},{"label":"Stand-by","value":"Up to 141 h (3G)"},{"label":"Talk time","value":"Up to 8 h (3G)"}]},{"category":"Misc","specs":[{"label":"Colors","value":"Black"},{"label":"Price","value":"About 130 EUR"},{"label":"SAR EU","value":"0.73 W/kg (head)"}]}]');
INSERT OR IGNORE INTO device_pictures (device_id, url, position) VALUES (1488, 'https://fdn2.gsmarena.com/vv/bigpic/allview-p5-pro.jpg', 0);
INSERT OR IGNORE INTO device_pictures (device_id, url, position) VALUES (1488, 'https://fdn2.gsmarena.com/vv/pics/allview/allview-p5-pro.jpg', 1);
INSERT OR IGNORE INTO devices (id, brand_id, name, gsmarena_url, thumbnail_url, summary) VALUES (1489, 8, 'AX4 Nano Plus', 'https://www.gsmarena.com/allview_ax4_nano_plus-7633.php', 'https://fdn2.gsmarena.com/vv/bigpic/allview-ax4-nano-plus.jpg', 'AX4 Nano Plus');
INSERT OR IGNORE INTO device_specs (device_id, announced, status, network, os, chipset, cpu, gpu, display_size, display_type, display_res, ram, storage, main_camera, selfie_camera, battery, charging, nfc, usb, bluetooth, wlan, colors, weight, dimensions, sim, sensors, popularity, fans, rating, full_specs_json) VALUES (1489, '2015, June. Released 2015, June', 'Discontinued', 'GSM / HSPA', 'Android 4.4.2 (KitKat)', 'Mediatek MT8312 (28 nm)', 'Dual-core 1.3 GHz Cortex-A7', 'Mali-400', '7.0 inches, 137.9 cm 2 (~67.6% screen-to-body ratio)', 'TFT', '600 x 1024 pixels, 16:9 ratio (~170 ppi density)', NULL, '8GB', 'VGA', NULL, 'Li-Po 2700 mAh, non-removable', NULL, 'No', 'microUSB 2.0', '4.0, A2DP, EDR', 'Wi-Fi 802.11 b/g/n', 'Black, White', '300 g (10.58 oz)', '189 x 108 x 10 mm (7.44 x 4.25 x 0.39 in)', 'Micro-SIM', 'Accelerometer, proximity', NULL, NULL, NULL, '[{"category":"Network","specs":[{"label":"Technology","value":"GSM / HSPA"},{"label":"2G bands","value":"GSM 850 / 900 / 1800 / 1900"},{"label":"3G bands","value":"HSDPA 900 / 2100"},{"label":"Speed","value":"HSPA"}]},{"category":"Launch","specs":[{"label":"Announced","value":"2015, June. Released 2015, June"},{"label":"Status","value":"Discontinued"}]},{"category":"Body","specs":[{"label":"Dimensions","value":"189 x 108 x 10 mm (7.44 x 4.25 x 0.39 in)"},{"label":"Weight","value":"300 g (10.58 oz)"},{"label":"SIM","value":"Micro-SIM"}]},{"category":"Display","specs":[{"label":"Type","value":"TFT"},{"label":"Size","value":"7.0 inches, 137.9 cm 2 (~67.6% screen-to-body ratio)"},{"label":"Resolution","value":"600 x 1024 pixels, 16:9 ratio (~170 ppi density)"}]},{"category":"Platform","specs":[{"label":"OS","value":"Android 4.4.2 (KitKat)"},{"label":"Chipset","value":"Mediatek MT8312 (28 nm)"},{"label":"CPU","value":"Dual-core 1.3 GHz Cortex-A7"},{"label":"GPU","value":"Mali-400"}]},{"category":"Memory","specs":[{"label":"Card slot","value":"microSDHC (dedicated slot)"},{"label":"Internal","value":"8GB 512MB RAM"}]},{"category":"Main Camera","specs":[{"label":"Single","value":"VGA"},{"label":"Video","value":"Yes"}]},{"category":"Sound","specs":[{"label":"Loudspeaker","value":"Yes"},{"label":"3.5mm jack","value":"Yes"}]},{"category":"Comms","specs":[{"label":"WLAN","value":"Wi-Fi 802.11 b/g/n"},{"label":"Bluetooth","value":"4.0, A2DP, EDR"},{"label":"Positioning","value":"GPS"},{"label":"NFC","value":"No"},{"label":"USB","value":"microUSB 2.0"},{"label":"Radio","value":"FM Radio"}]},{"category":"Features","specs":[{"label":"Sensors","value":"Accelerometer, proximity"}]},{"category":"Battery","specs":[{"label":"Type","value":"Li-Po 2700 mAh, non-removable"},{"label":"Stand-by","value":"Up to 270 h"},{"label":"Talk time","value":"Up to 4 h 30 min"}]},{"category":"Misc","specs":[{"label":"Colors","value":"Black, White"},{"label":"SAR EU","value":"1.30 W/kg (body)"}]}]');
INSERT OR IGNORE INTO device_pictures (device_id, url, position) VALUES (1489, 'https://fdn2.gsmarena.com/vv/bigpic/allview-ax4-nano-plus.jpg', 0);
INSERT OR IGNORE INTO devices (id, brand_id, name, gsmarena_url, thumbnail_url, summary) VALUES (1490, 8, 'Viva C701', 'https://www.gsmarena.com/allview_viva_c701-7584.php', 'https://fdn2.gsmarena.com/vv/bigpic/allview-c701.jpg', 'Viva C701');
INSERT OR IGNORE INTO device_specs (device_id, announced, status, network, os, chipset, cpu, gpu, display_size, display_type, display_res, ram, storage, main_camera, selfie_camera, battery, charging, nfc, usb, bluetooth, wlan, colors, weight, dimensions, sim, sensors, popularity, fans, rating, full_specs_json) VALUES (1490, '2015, September. Released 2015, September', 'Discontinued', 'No cellular connectivity', 'Android 5.1 (Lollipop)', NULL, 'Quad-core 1.2 GHz Cortex-A7', 'Mali-400MP2', '7.0 inches, 137.9 cm 2 (~67.6% screen-to-body ratio)', 'TFT, 256K colors', '600 x 1024 pixels, 16:9 ratio (~170 ppi density)', '1GB', '8GB', 'VGA', NULL, 'Li-Po 2700 mAh, non-removable', NULL, 'No', 'microUSB 2.0', 'No', 'Wi-Fi 802.11 b/g/n', 'White, Black', '296 g (10.44 oz)', '189 x 108 x 10.7 mm (7.44 x 4.25 x 0.42 in)', 'No', 'Accelerometer', NULL, NULL, NULL, '[{"category":"Network","specs":[{"label":"Technology","value":"No cellular connectivity"},{"label":"2G bands","value":"N/A"},{"label":"GPRS","value":"No"},{"label":"EDGE","value":"No"}]},{"category":"Launch","specs":[{"label":"Announced","value":"2015, September. Released 2015, September"},{"label":"Status","value":"Discontinued"}]},{"category":"Body","specs":[{"label":"Dimensions","value":"189 x 108 x 10.7 mm (7.44 x 4.25 x 0.42 in)"},{"label":"Weight","value":"296 g (10.44 oz)"},{"label":"SIM","value":"No"}]},{"category":"Display","specs":[{"label":"Type","value":"TFT, 256K colors"},{"label":"Size","value":"7.0 inches, 137.9 cm 2 (~67.6% screen-to-body ratio)"},{"label":"Resolution","value":"600 x 1024 pixels, 16:9 ratio (~170 ppi density)"}]},{"category":"Platform","specs":[{"label":"OS","value":"Android 5.1 (Lollipop)"},{"label":"CPU","value":"Quad-core 1.2 GHz Cortex-A7"},{"label":"GPU","value":"Mali-400MP2"}]},{"category":"Memory","specs":[{"label":"Card slot","value":"microSDHC (dedicated slot)"},{"label":"Internal","value":"8GB 1GB RAM"}]},{"category":"Main Camera","specs":[{"label":"Single","value":"VGA"},{"label":"Video","value":"Yes"}]},{"category":"Sound","specs":[{"label":"Loudspeaker","value":"Yes"},{"label":"3.5mm jack","value":"Yes"}]},{"category":"Comms","specs":[{"label":"WLAN","value":"Wi-Fi 802.11 b/g/n"},{"label":"Bluetooth","value":"No"},{"label":"NFC","value":"No"},{"label":"USB","value":"microUSB 2.0"},{"label":"Radio","value":"No"}]},{"category":"Features","specs":[{"label":"Sensors","value":"Accelerometer"}]},{"category":"Battery","specs":[{"label":"Type","value":"Li-Po 2700 mAh, non-removable"},{"label":"Stand-by","value":"Up to 270 h"},{"label":"Talk time","value":"Up to 4 h"}]},{"category":"Misc","specs":[{"label":"Colors","value":"White, Black"}]}]');
INSERT OR IGNORE INTO device_pictures (device_id, url, position) VALUES (1490, 'https://fdn2.gsmarena.com/vv/bigpic/allview-c701.jpg', 0);
INSERT OR IGNORE INTO device_pictures (device_id, url, position) VALUES (1490, 'https://fdn2.gsmarena.com/vv/pics/allview/allview-c701.jpg', 1);
INSERT OR IGNORE INTO devices (id, brand_id, name, gsmarena_url, thumbnail_url, summary) VALUES (1491, 8, 'P6 Pro', 'https://www.gsmarena.com/allview_p6_pro-7777.php', 'https://fdn2.gsmarena.com/vv/bigpic/allview-p6-pro.jpg', 'P6 Pro');
INSERT OR IGNORE INTO device_specs (device_id, announced, status, network, os, chipset, cpu, gpu, display_size, display_type, display_res, ram, storage, main_camera, selfie_camera, battery, charging, nfc, usb, bluetooth, wlan, colors, weight, dimensions, sim, sensors, popularity, fans, rating, full_specs_json) VALUES (1491, '2015, November. Released 2015, November', 'Discontinued', 'GSM / HSPA / LTE / 4G/LTE', 'Android 5.1 (Lollipop)', NULL, 'Quad-core 1.0 GHz Cortex-A53', 'Mali-T720', '5.0 inches, 68.9 cm 2 (~65.6% screen-to-body ratio)', 'IPS LCD', '720 x 1280 pixels, 16:9 ratio (~294 ppi density)', '1GB', '8GB', '8 MP, AF, LED flash, HDR', '5 MP', 'Li-Ion 3140 mAh, non-removable', NULL, 'No', 'microUSB 2.0', '4.0, A2DP, EDR', 'Wi-Fi 802.11 b/g/n, Wi-Fi Direct, hotspot', 'Black', '154 g (5.43 oz)', '144 x 73 x 8.1 mm (5.67 x 2.87 x 0.32 in)', 'Dual SIM (Micro-SIM, dual stand-by)', 'Accelerometer, proximity', 'About 100 EUR', NULL, NULL, '[{"category":"Network","specs":[{"label":"Technology","value":"GSM / HSPA / LTE"},{"label":"2G bands","value":"GSM 900 / 1800 / 1900"},{"label":"3G bands","value":"HSDPA 900 / 2100"},{"label":"4G bands","value":"LTE 900 / 1800 / 2100 / 2600 TD-LTE 2600"},{"label":"Speed","value":"HSPA 21.1/5.76 Mbps, LTE Cat4 150/50 Mbps"}]},{"category":"Launch","specs":[{"label":"Announced","value":"2015, November. Released 2015, November"},{"label":"Status","value":"Discontinued"}]},{"category":"Body","specs":[{"label":"Dimensions","value":"144 x 73 x 8.1 mm (5.67 x 2.87 x 0.32 in)"},{"label":"Weight","value":"154 g (5.43 oz)"},{"label":"SIM","value":"Dual SIM (Micro-SIM, dual stand-by)"}]},{"category":"Display","specs":[{"label":"Type","value":"IPS LCD"},{"label":"Size","value":"5.0 inches, 68.9 cm 2 (~65.6% screen-to-body ratio)"},{"label":"Resolution","value":"720 x 1280 pixels, 16:9 ratio (~294 ppi density)"}]},{"category":"Platform","specs":[{"label":"OS","value":"Android 5.1 (Lollipop)"},{"label":"CPU","value":"Quad-core 1.0 GHz Cortex-A53"},{"label":"GPU","value":"Mali-T720"}]},{"category":"Memory","specs":[{"label":"Card slot","value":"microSDXC"},{"label":"Internal","value":"8GB 1GB RAM"}]},{"category":"Main Camera","specs":[{"label":"Single","value":"8 MP, AF"},{"label":"Features","value":"LED flash, HDR"},{"label":"Video","value":"720p@30fps"}]},{"category":"Selfie camera","specs":[{"label":"Single","value":"5 MP"}]},{"category":"Sound","specs":[{"label":"Loudspeaker","value":"Yes"},{"label":"3.5mm jack","value":"Yes"}]},{"category":"Comms","specs":[{"label":"WLAN","value":"Wi-Fi 802.11 b/g/n, Wi-Fi Direct, hotspot"},{"label":"Bluetooth","value":"4.0, A2DP, EDR"},{"label":"Positioning","value":"GPS"},{"label":"NFC","value":"No"},{"label":"USB","value":"microUSB 2.0"},{"label":"Radio","value":"FM radio"}]},{"category":"Features","specs":[{"label":"Sensors","value":"Accelerometer, proximity"}]},{"category":"Battery","specs":[{"label":"Type","value":"Li-Ion 3140 mAh, non-removable"},{"label":"Stand-by","value":"Up to 392 h (3G)"},{"label":"Talk time","value":"Up to 13 h 40 min (3G)"}]},{"category":"Misc","specs":[{"label":"Colors","value":"Black"},{"label":"Models","value":"P6 PRO"},{"label":"Price","value":"About 100 EUR"}]}]');
INSERT OR IGNORE INTO device_pictures (device_id, url, position) VALUES (1491, 'https://fdn2.gsmarena.com/vv/bigpic/allview-p6-pro.jpg', 0);
INSERT OR IGNORE INTO device_pictures (device_id, url, position) VALUES (1491, 'https://fdn2.gsmarena.com/vv/pics/allview/allview-p6-pro.jpg', 1);
INSERT OR IGNORE INTO devices (id, brand_id, name, gsmarena_url, thumbnail_url, summary) VALUES (1492, 8, 'P8 Energy', 'https://www.gsmarena.com/allview_p8_energy-7583.php', 'https://fdn2.gsmarena.com/vv/bigpic/allview-p8-energy1.jpg', 'P8 Energy');
INSERT OR IGNORE INTO device_specs (device_id, announced, status, network, os, chipset, cpu, gpu, display_size, display_type, display_res, ram, storage, main_camera, selfie_camera, battery, charging, nfc, usb, bluetooth, wlan, colors, weight, dimensions, sim, sensors, popularity, fans, rating, full_specs_json) VALUES (1492, '2015, September. Released 2015, September', 'Discontinued', 'GSM / HSPA / LTE / 4G/LTE', 'Android 5.1 (Lollipop)', 'Mediatek MT6735 (28 nm)', 'Quad-core 1.3 GHz Cortex-A53', 'Mali-T720MP2', '5.5 inches, 83.4 cm 2 (~72.2% screen-to-body ratio)', 'AMOLED', '720 x 1280 pixels, 16:9 ratio (~267 ppi density)', '2GB', '16GB', '13 MP, AF, LED flash, HDR', '5 MP', 'Li-Po 6000 mAh, non-removable', '10W wired Reverse wired', 'No', 'microUSB 2.0', '4.0, A2DP, EDR', 'Wi-Fi 802.11 b/g/n', 'Black, White, Brown', '212 g (7.48 oz)', '152 x 76 x 8.5 mm (5.98 x 2.99 x 0.33 in)', 'Dual SIM (Micro-SIM, dual stand-by)', 'Accelerometer, proximity, compass', 'About 300 EUR', NULL, NULL, '[{"category":"Network","specs":[{"label":"Technology","value":"GSM / HSPA / LTE"},{"label":"2G bands","value":"GSM 850 / 900 / 1800 / 1900 - SIM 1 & SIM 2"},{"label":"3G bands","value":"HSDPA 900 / 1900 / 2100"},{"label":"4G bands","value":"1, 3, 7, 38, 39, 40"},{"label":"Speed","value":"HSPA 21.1/5.76 Mbps, LTE Cat4 150/50 Mbps"}]},{"category":"Launch","specs":[{"label":"Announced","value":"2015, September. Released 2015, September"},{"label":"Status","value":"Discontinued"}]},{"category":"Body","specs":[{"label":"Dimensions","value":"152 x 76 x 8.5 mm (5.98 x 2.99 x 0.33 in)"},{"label":"Weight","value":"212 g (7.48 oz)"},{"label":"SIM","value":"Dual SIM (Micro-SIM, dual stand-by)"}]},{"category":"Display","specs":[{"label":"Type","value":"AMOLED"},{"label":"Size","value":"5.5 inches, 83.4 cm 2 (~72.2% screen-to-body ratio)"},{"label":"Resolution","value":"720 x 1280 pixels, 16:9 ratio (~267 ppi density)"},{"label":"Protection","value":"Corning Gorilla Glass 3"}]},{"category":"Platform","specs":[{"label":"OS","value":"Android 5.1 (Lollipop)"},{"label":"Chipset","value":"Mediatek MT6735 (28 nm)"},{"label":"CPU","value":"Quad-core 1.3 GHz Cortex-A53"},{"label":"GPU","value":"Mali-T720MP2"}]},{"category":"Memory","specs":[{"label":"Card slot","value":"microSDXC"},{"label":"Internal","value":"16GB 2GB RAM"}]},{"category":"Main Camera","specs":[{"label":"Single","value":"13 MP, AF"},{"label":"Features","value":"LED flash, HDR"},{"label":"Video","value":"1080p@30fps"}]},{"category":"Selfie camera","specs":[{"label":"Single","value":"5 MP"}]},{"category":"Sound","specs":[{"label":"Loudspeaker","value":"Yes"},{"label":"3.5mm jack","value":"Yes"}]},{"category":"Comms","specs":[{"label":"WLAN","value":"Wi-Fi 802.11 b/g/n"},{"label":"Bluetooth","value":"4.0, A2DP, EDR"},{"label":"Positioning","value":"GPS"},{"label":"NFC","value":"No"},{"label":"USB","value":"microUSB 2.0"},{"label":"Radio","value":"FM radio"}]},{"category":"Features","specs":[{"label":"Sensors","value":"Accelerometer, proximity, compass"}]},{"category":"Battery","specs":[{"label":"Type","value":"Li-Po 6000 mAh, non-removable"},{"label":"Charging","value":"10W wired Reverse wired"},{"label":"Stand-by","value":"Up to 750 h"},{"label":"Talk time","value":"Up to 25 h"}]},{"category":"Misc","specs":[{"label":"Colors","value":"Black, White, Brown"},{"label":"Price","value":"About 300 EUR"},{"label":"SAR EU","value":"0.35 W/kg (head)"}]}]');
INSERT OR IGNORE INTO device_pictures (device_id, url, position) VALUES (1492, 'https://fdn2.gsmarena.com/vv/bigpic/allview-p8-energy1.jpg', 0);
INSERT OR IGNORE INTO device_pictures (device_id, url, position) VALUES (1492, 'https://fdn2.gsmarena.com/vv/pics/allview/allview-p8-energy0.jpg', 1);
INSERT OR IGNORE INTO device_pictures (device_id, url, position) VALUES (1492, 'https://fdn2.gsmarena.com/vv/pics/allview/allview-p8-energy1.jpg', 2);
INSERT OR IGNORE INTO devices (id, brand_id, name, gsmarena_url, thumbnail_url, summary) VALUES (1493, 8, 'P5 Energy', 'https://www.gsmarena.com/allview_p5_energy-7582.php', 'https://fdn2.gsmarena.com/vv/bigpic/allview-p5-energy.jpg', 'P5 Energy');
INSERT OR IGNORE INTO device_specs (device_id, announced, status, network, os, chipset, cpu, gpu, display_size, display_type, display_res, ram, storage, main_camera, selfie_camera, battery, charging, nfc, usb, bluetooth, wlan, colors, weight, dimensions, sim, sensors, popularity, fans, rating, full_specs_json) VALUES (1493, '2015, September. Released 2015, September', 'Discontinued', 'GSM / HSPA / LTE / 4G/LTE', 'Android 5.1 (Lollipop)', 'Mediatek MT6735M (28 nm)', 'Quad-core 1.0 GHz Cortex-A53', 'Mali-T720MP2', '4.5 inches, 55.8 cm 2 (~62.8% screen-to-body ratio)', 'IPS LCD', '480 x 854 pixels, 16:9 ratio (~218 ppi density)', '1GB', '16GB', '5 MP, AF, LED flash, HDR', '2 MP', 'Li-Po 4000 mAh, removable', NULL, 'No', 'microUSB 2.0', '4.0, A2DP, EDR', 'Wi-Fi 802.11 b/g/n', 'Black, White', '156.5 g (5.54 oz)', '134.2 x 66.2 x 11.2 mm (5.28 x 2.61 x 0.44 in)', 'Dual SIM (Micro-SIM, dual stand-by)', 'Accelerometer, proximity, compass', 'About 140 EUR', NULL, NULL, '[{"category":"Network","specs":[{"label":"Technology","value":"GSM / HSPA / LTE"},{"label":"2G bands","value":"GSM 850 / 900 / 1800 / 1900 - SIM 1 & SIM 2"},{"label":"3G bands","value":"HSDPA 900 / 1900 / 2100"},{"label":"4G bands","value":"3, 7, 20, 38, 40"},{"label":"Speed","value":"HSPA 21.1/5.76 Mbps, LTE Cat4 150/50 Mbps"}]},{"category":"Launch","specs":[{"label":"Announced","value":"2015, September. Released 2015, September"},{"label":"Status","value":"Discontinued"}]},{"category":"Body","specs":[{"label":"Dimensions","value":"134.2 x 66.2 x 11.2 mm (5.28 x 2.61 x 0.44 in)"},{"label":"Weight","value":"156.5 g (5.54 oz)"},{"label":"SIM","value":"Dual SIM (Micro-SIM, dual stand-by)"}]},{"category":"Display","specs":[{"label":"Type","value":"IPS LCD"},{"label":"Size","value":"4.5 inches, 55.8 cm 2 (~62.8% screen-to-body ratio)"},{"label":"Resolution","value":"480 x 854 pixels, 16:9 ratio (~218 ppi density)"}]},{"category":"Platform","specs":[{"label":"OS","value":"Android 5.1 (Lollipop)"},{"label":"Chipset","value":"Mediatek MT6735M (28 nm)"},{"label":"CPU","value":"Quad-core 1.0 GHz Cortex-A53"},{"label":"GPU","value":"Mali-T720MP2"}]},{"category":"Memory","specs":[{"label":"Card slot","value":"microSDHC"},{"label":"Internal","value":"16GB 1GB RAM"}]},{"category":"Main Camera","specs":[{"label":"Single","value":"5 MP, AF"},{"label":"Features","value":"LED flash, HDR"},{"label":"Video","value":"720p"}]},{"category":"Selfie camera","specs":[{"label":"Single","value":"2 MP"}]},{"category":"Sound","specs":[{"label":"Loudspeaker","value":"Yes"},{"label":"3.5mm jack","value":"Yes"}]},{"category":"Comms","specs":[{"label":"WLAN","value":"Wi-Fi 802.11 b/g/n"},{"label":"Bluetooth","value":"4.0, A2DP, EDR"},{"label":"Positioning","value":"GPS"},{"label":"NFC","value":"No"},{"label":"USB","value":"microUSB 2.0"},{"label":"Radio","value":"FM radio"}]},{"category":"Features","specs":[{"label":"Sensors","value":"Accelerometer, proximity, compass"}]},{"category":"Battery","specs":[{"label":"Type","value":"Li-Po 4000 mAh, removable"},{"label":"Stand-by","value":"Up to 500 h"},{"label":"Talk time","value":"Up to 19 h"}]},{"category":"Misc","specs":[{"label":"Colors","value":"Black, White"},{"label":"Price","value":"About 140 EUR"},{"label":"SAR EU","value":"0.69 W/kg (head)"}]}]');
INSERT OR IGNORE INTO device_pictures (device_id, url, position) VALUES (1493, 'https://fdn2.gsmarena.com/vv/bigpic/allview-p5-energy.jpg', 0);
INSERT OR IGNORE INTO device_pictures (device_id, url, position) VALUES (1493, 'https://fdn2.gsmarena.com/vv/pics/allview/allview-p5-energy-1.jpg', 1);
INSERT OR IGNORE INTO device_pictures (device_id, url, position) VALUES (1493, 'https://fdn2.gsmarena.com/vv/pics/allview/allview-p5-energy-2.jpg', 2);
INSERT OR IGNORE INTO devices (id, brand_id, name, gsmarena_url, thumbnail_url, summary) VALUES (1494, 8, 'E4', 'https://www.gsmarena.com/allview_e4-7580.php', 'https://fdn2.gsmarena.com/vv/bigpic/allview-e4.jpg', 'E4');
INSERT OR IGNORE INTO device_specs (device_id, announced, status, network, os, chipset, cpu, gpu, display_size, display_type, display_res, ram, storage, main_camera, selfie_camera, battery, charging, nfc, usb, bluetooth, wlan, colors, weight, dimensions, sim, sensors, popularity, fans, rating, full_specs_json) VALUES (1494, '2015, September. Released 2015, September', 'Discontinued', 'GSM / HSPA / LTE / 4G/LTE', 'Android 5.1 (Lollipop)', 'Mediatek MT6753 (28 nm)', 'Octa-core 1.3 GHz Cortex-A53', 'Mali-T720MP3', '5.0 inches, 68.9 cm 2 (~69.8% screen-to-body ratio)', 'IPS LCD', '720 x 1280 pixels, 16:9 ratio (~294 ppi density)', '2GB', '16GB', '13 MP, AF, LED flash, HDR, panorama', '5 MP', 'Li-Po 2100 mAh, removable', NULL, 'No', 'microUSB 2.0', '4.0, A2DP, EDR', 'Wi-Fi 802.11 b/g/n', 'Black, White', '130 g (4.59 oz)', '140.7 x 70.2 x 8.6 mm (5.54 x 2.76 x 0.34 in)', 'Dual SIM (Micro-SIM, dual stand-by)', 'Accelerometer, proximity, compass', 'About 240 EUR', NULL, NULL, '[{"category":"Network","specs":[{"label":"Technology","value":"GSM / HSPA / LTE"},{"label":"2G bands","value":"GSM 850 / 900 / 1800 / 1900 - SIM 1 & SIM 2"},{"label":"3G bands","value":"HSDPA 900 / 2100"},{"label":"4G bands","value":"2, 3, 20, 38"},{"label":"Speed","value":"HSPA 21.1/5.76 Mbps, LTE Cat4 150/50 Mbps"}]},{"category":"Launch","specs":[{"label":"Announced","value":"2015, September. Released 2015, September"},{"label":"Status","value":"Discontinued"}]},{"category":"Body","specs":[{"label":"Dimensions","value":"140.7 x 70.2 x 8.6 mm (5.54 x 2.76 x 0.34 in)"},{"label":"Weight","value":"130 g (4.59 oz)"},{"label":"SIM","value":"Dual SIM (Micro-SIM, dual stand-by)"}]},{"category":"Display","specs":[{"label":"Type","value":"IPS LCD"},{"label":"Size","value":"5.0 inches, 68.9 cm 2 (~69.8% screen-to-body ratio)"},{"label":"Resolution","value":"720 x 1280 pixels, 16:9 ratio (~294 ppi density)"}]},{"category":"Platform","specs":[{"label":"OS","value":"Android 5.1 (Lollipop)"},{"label":"Chipset","value":"Mediatek MT6753 (28 nm)"},{"label":"CPU","value":"Octa-core 1.3 GHz Cortex-A53"},{"label":"GPU","value":"Mali-T720MP3"}]},{"category":"Memory","specs":[{"label":"Card slot","value":"microSDHC"},{"label":"Internal","value":"16GB 2GB RAM"}]},{"category":"Main Camera","specs":[{"label":"Single","value":"13 MP, AF"},{"label":"Features","value":"LED flash, HDR, panorama"},{"label":"Video","value":"1080p@30fps"}]},{"category":"Selfie camera","specs":[{"label":"Single","value":"5 MP"},{"label":"Features","value":"LED flash"}]},{"category":"Sound","specs":[{"label":"Loudspeaker","value":"Yes"},{"label":"3.5mm jack","value":"Yes"}]},{"category":"Comms","specs":[{"label":"WLAN","value":"Wi-Fi 802.11 b/g/n"},{"label":"Bluetooth","value":"4.0, A2DP, EDR"},{"label":"Positioning","value":"GPS"},{"label":"NFC","value":"No"},{"label":"USB","value":"microUSB 2.0"},{"label":"Radio","value":"FM radio"}]},{"category":"Features","specs":[{"label":"Sensors","value":"Accelerometer, proximity, compass"}]},{"category":"Battery","specs":[{"label":"Type","value":"Li-Po 2100 mAh, removable"},{"label":"Stand-by","value":"Up to 210 h"},{"label":"Talk time","value":"Up to 9 h 30 min"}]},{"category":"Misc","specs":[{"label":"Colors","value":"Black, White"},{"label":"Price","value":"About 240 EUR"},{"label":"SAR EU","value":"1.23 W/kg (head)"}]}]');
INSERT OR IGNORE INTO device_pictures (device_id, url, position) VALUES (1494, 'https://fdn2.gsmarena.com/vv/bigpic/allview-e4.jpg', 0);
INSERT OR IGNORE INTO devices (id, brand_id, name, gsmarena_url, thumbnail_url, summary) VALUES (1495, 8, 'E4 Lite', 'https://www.gsmarena.com/allview_e4_lite-7581.php', 'https://fdn2.gsmarena.com/vv/bigpic/allview-e4-lite.jpg', 'E4 Lite');
INSERT OR IGNORE INTO device_specs (device_id, announced, status, network, os, chipset, cpu, gpu, display_size, display_type, display_res, ram, storage, main_camera, selfie_camera, battery, charging, nfc, usb, bluetooth, wlan, colors, weight, dimensions, sim, sensors, popularity, fans, rating, full_specs_json) VALUES (1495, '2015, September. Released 2015, September', 'Discontinued', 'GSM / HSPA / LTE / 4G/LTE', 'Android 5.1 (Lollipop)', 'Mediatek MT6735 (28 nm)', 'Quad-core 1.3 GHz Cortex-A53', 'Mali-T720MP2', '5.0 inches, 68.9 cm 2 (~69.8% screen-to-body ratio)', 'IPS LCD', '720 x 1280 pixels, 16:9 ratio (~294 ppi density)', '1GB', '8GB', '13 MP, AF, LED flash, HDR, panorama', '5 MP', 'Li-Po 2100 mAh, removable', NULL, 'No', 'microUSB 2.0', '4.0, A2DP, EDR', 'Wi-Fi 802.11 b/g/n', 'Black, White', '128 g (4.52 oz)', '140.7 x 70.2 x 8.6 mm (5.54 x 2.76 x 0.34 in)', 'Dual SIM (Micro-SIM, dual stand-by)', 'Accelerometer, proximity, compass', NULL, NULL, NULL, '[{"category":"Network","specs":[{"label":"Technology","value":"GSM / HSPA / LTE"},{"label":"2G bands","value":"GSM 850 / 900 / 1800 / 1900 - SIM 1 & SIM 2"},{"label":"3G bands","value":"HSDPA 900 / 2100"},{"label":"4G bands","value":"2, 3, 20, 38"},{"label":"Speed","value":"HSPA 21.1/5.76 Mbps, LTE Cat4 150/50 Mbps"}]},{"category":"Launch","specs":[{"label":"Announced","value":"2015, September. Released 2015, September"},{"label":"Status","value":"Discontinued"}]},{"category":"Body","specs":[{"label":"Dimensions","value":"140.7 x 70.2 x 8.6 mm (5.54 x 2.76 x 0.34 in)"},{"label":"Weight","value":"128 g (4.52 oz)"},{"label":"SIM","value":"Dual SIM (Micro-SIM, dual stand-by)"}]},{"category":"Display","specs":[{"label":"Type","value":"IPS LCD"},{"label":"Size","value":"5.0 inches, 68.9 cm 2 (~69.8% screen-to-body ratio)"},{"label":"Resolution","value":"720 x 1280 pixels, 16:9 ratio (~294 ppi density)"}]},{"category":"Platform","specs":[{"label":"OS","value":"Android 5.1 (Lollipop)"},{"label":"Chipset","value":"Mediatek MT6735 (28 nm)"},{"label":"CPU","value":"Quad-core 1.3 GHz Cortex-A53"},{"label":"GPU","value":"Mali-T720MP2"}]},{"category":"Memory","specs":[{"label":"Card slot","value":"microSDHC"},{"label":"Internal","value":"8GB 1GB RAM"}]},{"category":"Main Camera","specs":[{"label":"Single","value":"13 MP, AF"},{"label":"Features","value":"LED flash, HDR, panorama"},{"label":"Video","value":"1080p@30fps"}]},{"category":"Selfie camera","specs":[{"label":"Single","value":"5 MP"},{"label":"Features","value":"LED flash"}]},{"category":"Sound","specs":[{"label":"Loudspeaker","value":"Yes"},{"label":"3.5mm jack","value":"Yes"}]},{"category":"Comms","specs":[{"label":"WLAN","value":"Wi-Fi 802.11 b/g/n"},{"label":"Bluetooth","value":"4.0, A2DP, EDR"},{"label":"Positioning","value":"GPS"},{"label":"NFC","value":"No"},{"label":"USB","value":"microUSB 2.0"},{"label":"Radio","value":"FM radio"}]},{"category":"Features","specs":[{"label":"Sensors","value":"Accelerometer, proximity, compass"}]},{"category":"Battery","specs":[{"label":"Type","value":"Li-Po 2100 mAh, removable"},{"label":"Stand-by","value":"Up to 210 h"},{"label":"Talk time","value":"Up to 10 h"}]},{"category":"Misc","specs":[{"label":"Colors","value":"Black, White"},{"label":"SAR EU","value":"1.27 W/kg (head)"}]}]');
INSERT OR IGNORE INTO device_pictures (device_id, url, position) VALUES (1495, 'https://fdn2.gsmarena.com/vv/bigpic/allview-e4-lite.jpg', 0);
INSERT OR IGNORE INTO device_pictures (device_id, url, position) VALUES (1495, 'https://fdn2.gsmarena.com/vv/pics/allview/allview-e4-lite.jpg', 1);
INSERT OR IGNORE INTO devices (id, brand_id, name, gsmarena_url, thumbnail_url, summary) VALUES (1496, 8, 'E3 Living', 'https://www.gsmarena.com/allview_e3_living-7579.php', 'https://fdn2.gsmarena.com/vv/bigpic/allview-e3-living.jpg', 'E3 Living');
INSERT OR IGNORE INTO device_specs (device_id, announced, status, network, os, chipset, cpu, gpu, display_size, display_type, display_res, ram, storage, main_camera, selfie_camera, battery, charging, nfc, usb, bluetooth, wlan, colors, weight, dimensions, sim, sensors, popularity, fans, rating, full_specs_json) VALUES (1496, '2015, August. Released 2015, August', 'Discontinued', 'GSM / HSPA / LTE / 4G/LTE', 'Android 5.1 (Lollipop)', 'Mediatek MT6735 (28 nm)', 'Quad-core 1.0 GHz Cortex-A53', 'Mali-T720MP2', '4.5 inches, 55.8 cm 2 (~63.6% screen-to-body ratio)', 'IPS LCD', '480 x 854 pixels, 16:9 ratio (~218 ppi density)', '1GB', '8GB', '8 MP, AF, LED flash, HDR, panorama', '2 MP', 'Li-Ion 1850 mAh, removable', NULL, 'No', 'microUSB 2.0', '4.0, A2DP, EDR', 'Wi-Fi 802.11 b/g/n', 'Black, White', '135.5 g (4.80 oz)', '133.3 x 65.8 x 9.8 mm (5.25 x 2.59 x 0.39 in)', 'Dual SIM (Micro-SIM, dual stand-by)', 'Accelerometer, proximity, compass', 'About 140 EUR', NULL, NULL, '[{"category":"Network","specs":[{"label":"Technology","value":"GSM / HSPA / LTE"},{"label":"2G bands","value":"GSM 850 / 900 / 1800 / 1900 - SIM 1 & SIM 2"},{"label":"3G bands","value":"HSDPA 900 / 2100"},{"label":"4G bands","value":"3, 7, 20, 38"},{"label":"Speed","value":"HSPA 42.2/11.5 Mbps, LTE Cat4 150/50 Mbps"}]},{"category":"Launch","specs":[{"label":"Announced","value":"2015, August. Released 2015, August"},{"label":"Status","value":"Discontinued"}]},{"category":"Body","specs":[{"label":"Dimensions","value":"133.3 x 65.8 x 9.8 mm (5.25 x 2.59 x 0.39 in)"},{"label":"Weight","value":"135.5 g (4.80 oz)"},{"label":"SIM","value":"Dual SIM (Micro-SIM, dual stand-by)"}]},{"category":"Display","specs":[{"label":"Type","value":"IPS LCD"},{"label":"Size","value":"4.5 inches, 55.8 cm 2 (~63.6% screen-to-body ratio)"},{"label":"Resolution","value":"480 x 854 pixels, 16:9 ratio (~218 ppi density)"}]},{"category":"Platform","specs":[{"label":"OS","value":"Android 5.1 (Lollipop)"},{"label":"Chipset","value":"Mediatek MT6735 (28 nm)"},{"label":"CPU","value":"Quad-core 1.0 GHz Cortex-A53"},{"label":"GPU","value":"Mali-T720MP2"}]},{"category":"Memory","specs":[{"label":"Card slot","value":"microSDHC"},{"label":"Internal","value":"8GB 1GB RAM"}]},{"category":"Main Camera","specs":[{"label":"Single","value":"8 MP, AF"},{"label":"Features","value":"LED flash, HDR, panorama"},{"label":"Video","value":"1080p@30fps"}]},{"category":"Selfie camera","specs":[{"label":"Single","value":"2 MP"},{"label":"Features","value":"LED flash"}]},{"category":"Sound","specs":[{"label":"Loudspeaker","value":"Yes"},{"label":"3.5mm jack","value":"Yes"}]},{"category":"Comms","specs":[{"label":"WLAN","value":"Wi-Fi 802.11 b/g/n"},{"label":"Bluetooth","value":"4.0, A2DP, EDR"},{"label":"Positioning","value":"GPS"},{"label":"NFC","value":"No"},{"label":"USB","value":"microUSB 2.0"},{"label":"Radio","value":"FM radio"}]},{"category":"Features","specs":[{"label":"Sensors","value":"Accelerometer, proximity, compass"}]},{"category":"Battery","specs":[{"label":"Type","value":"Li-Ion 1850 mAh, removable"},{"label":"Stand-by","value":"Up to 230 h"},{"label":"Talk time","value":"Up to 8 h 40 min"}]},{"category":"Misc","specs":[{"label":"Colors","value":"Black, White"},{"label":"Price","value":"About 140 EUR"},{"label":"SAR EU","value":"1.12 W/kg (head)"}]}]');
INSERT OR IGNORE INTO device_pictures (device_id, url, position) VALUES (1496, 'https://fdn2.gsmarena.com/vv/bigpic/allview-e3-living.jpg', 0);
INSERT OR IGNORE INTO device_pictures (device_id, url, position) VALUES (1496, 'https://fdn2.gsmarena.com/vv/pics/allview/allview-e3-living.jpg', 1);
INSERT OR IGNORE INTO devices (id, brand_id, name, gsmarena_url, thumbnail_url, summary) VALUES (1497, 8, 'A5 Easy', 'https://www.gsmarena.com/allview_a5_easy-7578.php', 'https://fdn2.gsmarena.com/vv/bigpic/allview-a5-easy.jpg', 'A5 Easy');
INSERT OR IGNORE INTO device_specs (device_id, announced, status, network, os, chipset, cpu, gpu, display_size, display_type, display_res, ram, storage, main_camera, selfie_camera, battery, charging, nfc, usb, bluetooth, wlan, colors, weight, dimensions, sim, sensors, popularity, fans, rating, full_specs_json) VALUES (1497, '2015, August. Released 2015, August', 'Discontinued', 'GSM / HSPA', 'Android 5.1 (Lollipop)', 'Mediatek MT6572 (28 nm)', 'Dual-core 1.0 GHz Cortex-A7', 'Mali-400', '4.0 inches, 45.5 cm 2 (~58.3% screen-to-body ratio)', 'TFT, 256K colors', '480 x 800 pixels, 5:3 ratio (~233 ppi density)', '1GB', '8GB', '5 MP, LED flash, HDR', 'VGA', 'Li-Ion 1400 mAh, removable', NULL, 'No', 'microUSB 2.0', '4.0, A2DP, EDR', 'Wi-Fi 802.11 b/g/n', 'Black, White', '121 g (4.27 oz)', '125 x 62.5 x 9.9 mm (4.92 x 2.46 x 0.39 in)', 'Dual SIM (Micro-SIM, dual stand-by)', 'Accelerometer, proximity', NULL, NULL, NULL, '[{"category":"Network","specs":[{"label":"Technology","value":"GSM / HSPA"},{"label":"2G bands","value":"GSM 900 / 1800 / 1900 - SIM 1 & SIM 2"},{"label":"3G bands","value":"HSDPA 900 / 2100"},{"label":"Speed","value":"HSPA 21.1/5.76 Mbps"}]},{"category":"Launch","specs":[{"label":"Announced","value":"2015, August. Released 2015, August"},{"label":"Status","value":"Discontinued"}]},{"category":"Body","specs":[{"label":"Dimensions","value":"125 x 62.5 x 9.9 mm (4.92 x 2.46 x 0.39 in)"},{"label":"Weight","value":"121 g (4.27 oz)"},{"label":"SIM","value":"Dual SIM (Micro-SIM, dual stand-by)"}]},{"category":"Display","specs":[{"label":"Type","value":"TFT, 256K colors"},{"label":"Size","value":"4.0 inches, 45.5 cm 2 (~58.3% screen-to-body ratio)"},{"label":"Resolution","value":"480 x 800 pixels, 5:3 ratio (~233 ppi density)"}]},{"category":"Platform","specs":[{"label":"OS","value":"Android 5.1 (Lollipop)"},{"label":"Chipset","value":"Mediatek MT6572 (28 nm)"},{"label":"CPU","value":"Dual-core 1.0 GHz Cortex-A7"},{"label":"GPU","value":"Mali-400"}]},{"category":"Memory","specs":[{"label":"Card slot","value":"microSDHC"},{"label":"Internal","value":"8GB 1GB RAM"}]},{"category":"Main Camera","specs":[{"label":"Single","value":"5 MP"},{"label":"Features","value":"LED flash, HDR"},{"label":"Video","value":"Yes"}]},{"category":"Selfie camera","specs":[{"label":"Single","value":"VGA"}]},{"category":"Sound","specs":[{"label":"Loudspeaker","value":"Yes"},{"label":"3.5mm jack","value":"Yes"}]},{"category":"Comms","specs":[{"label":"WLAN","value":"Wi-Fi 802.11 b/g/n"},{"label":"Bluetooth","value":"4.0, A2DP, EDR"},{"label":"Positioning","value":"GPS"},{"label":"NFC","value":"No"},{"label":"USB","value":"microUSB 2.0"},{"label":"Radio","value":"FM radio"}]},{"category":"Features","specs":[{"label":"Sensors","value":"Accelerometer, proximity"}]},{"category":"Battery","specs":[{"label":"Type","value":"Li-Ion 1400 mAh, removable"},{"label":"Stand-by","value":"Up to 200 h"},{"label":"Talk time","value":"Up to 7 h 40 min"}]},{"category":"Misc","specs":[{"label":"Colors","value":"Black, White"},{"label":"SAR EU","value":"1.32 W/kg (head)"}]}]');
INSERT OR IGNORE INTO device_pictures (device_id, url, position) VALUES (1497, 'https://fdn2.gsmarena.com/vv/bigpic/allview-a5-easy.jpg', 0);
INSERT OR IGNORE INTO device_pictures (device_id, url, position) VALUES (1497, 'https://fdn2.gsmarena.com/vv/pics/allview/allview-a5-easy.jpg', 1);
INSERT OR IGNORE INTO devices (id, brand_id, name, gsmarena_url, thumbnail_url, summary) VALUES (1498, 8, 'E2 Jump', 'https://www.gsmarena.com/allview_e2_jump-7593.php', 'https://fdn2.gsmarena.com/vv/bigpic/allview-e2-jump.jpg', 'E2 Jump');
INSERT OR IGNORE INTO device_specs (device_id, announced, status, network, os, chipset, cpu, gpu, display_size, display_type, display_res, ram, storage, main_camera, selfie_camera, battery, charging, nfc, usb, bluetooth, wlan, colors, weight, dimensions, sim, sensors, popularity, fans, rating, full_specs_json) VALUES (1498, '2015, February. Released 2015, February', 'Discontinued', 'GSM / HSPA', 'Android 4.4.2 (KitKat)', 'Mediatek MT6582 (28 nm)', 'Quad-core 1.3 GHz Cortex-A7', 'Mali-400MP2', '4.5 inches, 55.8 cm 2 (~62.1% screen-to-body ratio)', 'IPS LCD', '480 x 854 pixels, 16:9 ratio (~218 ppi density)', '1GB', '8GB', '5 MP, AF, LED flash, HDR', 'VGA', 'Li-Ion 2000 mAh, removable', NULL, 'No', 'microUSB 2.0', '4.0, A2DP, EDR', 'Wi-Fi 802.11 b/g/n', 'Black/Green', '152 g (5.36 oz)', '134.6 x 66.8 x 11 mm (5.30 x 2.63 x 0.43 in)', 'Dual SIM (Micro-SIM, dual stand-by)', 'Accelerometer, proximity', NULL, NULL, NULL, '[{"category":"Network","specs":[{"label":"Technology","value":"GSM / HSPA"},{"label":"2G bands","value":"GSM 850 / 900 / 1800 / 1900 - SIM 1 & SIM 2"},{"label":"3G bands","value":"HSDPA 900 / 2100"},{"label":"Speed","value":"HSPA 21.1/5.76 Mbps"}]},{"category":"Launch","specs":[{"label":"Announced","value":"2015, February. Released 2015, February"},{"label":"Status","value":"Discontinued"}]},{"category":"Body","specs":[{"label":"Dimensions","value":"134.6 x 66.8 x 11 mm (5.30 x 2.63 x 0.43 in)"},{"label":"Weight","value":"152 g (5.36 oz)"},{"label":"SIM","value":"Dual SIM (Micro-SIM, dual stand-by)"}]},{"category":"Display","specs":[{"label":"Type","value":"IPS LCD"},{"label":"Size","value":"4.5 inches, 55.8 cm 2 (~62.1% screen-to-body ratio)"},{"label":"Resolution","value":"480 x 854 pixels, 16:9 ratio (~218 ppi density)"}]},{"category":"Platform","specs":[{"label":"OS","value":"Android 4.4.2 (KitKat)"},{"label":"Chipset","value":"Mediatek MT6582 (28 nm)"},{"label":"CPU","value":"Quad-core 1.3 GHz Cortex-A7"},{"label":"GPU","value":"Mali-400MP2"}]},{"category":"Memory","specs":[{"label":"Card slot","value":"microSDHC"},{"label":"Internal","value":"8GB 1GB RAM"}]},{"category":"Main Camera","specs":[{"label":"Single","value":"5 MP, AF"},{"label":"Features","value":"LED flash, HDR"},{"label":"Video","value":"1080p@30fps"}]},{"category":"Selfie camera","specs":[{"label":"Single","value":"VGA"}]},{"category":"Sound","specs":[{"label":"Loudspeaker","value":"Yes"},{"label":"3.5mm jack","value":"Yes"}]},{"category":"Comms","specs":[{"label":"WLAN","value":"Wi-Fi 802.11 b/g/n"},{"label":"Bluetooth","value":"4.0, A2DP, EDR"},{"label":"Positioning","value":"GPS"},{"label":"NFC","value":"No"},{"label":"USB","value":"microUSB 2.0"},{"label":"Radio","value":"FM radio"}]},{"category":"Features","specs":[{"label":"Sensors","value":"Accelerometer, proximity"}]},{"category":"Battery","specs":[{"label":"Type","value":"Li-Ion 2000 mAh, removable"},{"label":"Stand-by","value":"Up to 200 h"},{"label":"Talk time","value":"Up to 8 h 20 min"}]},{"category":"Misc","specs":[{"label":"Colors","value":"Black/Green"},{"label":"SAR EU","value":"1.01 W/kg (head)"}]}]');
INSERT OR IGNORE INTO device_pictures (device_id, url, position) VALUES (1498, 'https://fdn2.gsmarena.com/vv/bigpic/allview-e2-jump.jpg', 0);
INSERT OR IGNORE INTO device_pictures (device_id, url, position) VALUES (1498, 'https://fdn2.gsmarena.com/vv/pics/allview/allview-e2-jump.jpg', 1);
INSERT OR IGNORE INTO devices (id, brand_id, name, gsmarena_url, thumbnail_url, summary) VALUES (1499, 8, 'E3 Sign', 'https://www.gsmarena.com/allview_e3_sign-7594.php', 'https://fdn2.gsmarena.com/vv/bigpic/allview-e3-sign.jpg', 'E3 Sign');
INSERT OR IGNORE INTO device_specs (device_id, announced, status, network, os, chipset, cpu, gpu, display_size, display_type, display_res, ram, storage, main_camera, selfie_camera, battery, charging, nfc, usb, bluetooth, wlan, colors, weight, dimensions, sim, sensors, popularity, fans, rating, full_specs_json) VALUES (1499, '2015, March. Released 2015, March', 'Discontinued', 'GSM / HSPA', 'Android 4.4.2 (KitKat)', 'Mediatek MT6582 (28 nm)', 'Quad-core 1.3 GHz Cortex-A7', 'Mali-400MP2', '5.5 inches, 83.4 cm 2 (~72.0% screen-to-body ratio)', 'IPS LCD', '720 x 1280 pixels, 16:9 ratio (~267 ppi density)', '2GB', '16GB', '8 MP, AF, Dual-LED flash, HDR', '2 MP', 'Li-Po 2800 mAh, removable', NULL, 'No', 'microUSB 2.0', '4.0, A2DP, EDR', 'Wi-Fi 802.11 b/g/n', 'Black', '161.9 g (6.74 oz)', '152.5 x 75.9 x 9.3 mm (6.00 x 2.99 x 0.37 in)', 'Dual SIM (Micro-SIM, dual stand-by)', 'Fingerprint (rear-mounted), accelerometer, proximity', NULL, NULL, NULL, '[{"category":"Network","specs":[{"label":"Technology","value":"GSM / HSPA"},{"label":"2G bands","value":"GSM 850 / 900 / 1800 / 1900 - SIM 1 & SIM 2"},{"label":"3G bands","value":"HSDPA 900 / 2100"},{"label":"Speed","value":"HSPA 21.1/11.5 Mbps"}]},{"category":"Launch","specs":[{"label":"Announced","value":"2015, March. Released 2015, March"},{"label":"Status","value":"Discontinued"}]},{"category":"Body","specs":[{"label":"Dimensions","value":"152.5 x 75.9 x 9.3 mm (6.00 x 2.99 x 0.37 in)"},{"label":"Weight","value":"161.9 g (6.74 oz)"},{"label":"SIM","value":"Dual SIM (Micro-SIM, dual stand-by)"}]},{"category":"Display","specs":[{"label":"Type","value":"IPS LCD"},{"label":"Size","value":"5.5 inches, 83.4 cm 2 (~72.0% screen-to-body ratio)"},{"label":"Resolution","value":"720 x 1280 pixels, 16:9 ratio (~267 ppi density)"},{"label":"Protection","value":"Scratch-resistant glass"}]},{"category":"Platform","specs":[{"label":"OS","value":"Android 4.4.2 (KitKat)"},{"label":"Chipset","value":"Mediatek MT6582 (28 nm)"},{"label":"CPU","value":"Quad-core 1.3 GHz Cortex-A7"},{"label":"GPU","value":"Mali-400MP2"}]},{"category":"Memory","specs":[{"label":"Card slot","value":"microSDHC"},{"label":"Internal","value":"16GB 2GB RAM"}]},{"category":"Main Camera","specs":[{"label":"Single","value":"8 MP, AF"},{"label":"Features","value":"Dual-LED flash, HDR"},{"label":"Video","value":"1080p@30fps"}]},{"category":"Selfie camera","specs":[{"label":"Single","value":"2 MP"}]},{"category":"Sound","specs":[{"label":"Loudspeaker","value":"Yes"},{"label":"3.5mm jack","value":"Yes"}]},{"category":"Comms","specs":[{"label":"WLAN","value":"Wi-Fi 802.11 b/g/n"},{"label":"Bluetooth","value":"4.0, A2DP, EDR"},{"label":"Positioning","value":"GPS"},{"label":"NFC","value":"No"},{"label":"USB","value":"microUSB 2.0"},{"label":"Radio","value":"FM radio"},{"label":"Infrared port","value":"Yes"}]},{"category":"Features","specs":[{"label":"Sensors","value":"Fingerprint (rear-mounted), accelerometer, proximity"}]},{"category":"Battery","specs":[{"label":"Type","value":"Li-Po 2800 mAh, removable"},{"label":"Stand-by","value":"Up to 280 h"},{"label":"Talk time","value":"Up to 10 h 20 min"}]},{"category":"Misc","specs":[{"label":"Colors","value":"Black"},{"label":"SAR EU","value":"0.67 W/kg (head)"}]}]');
INSERT OR IGNORE INTO device_pictures (device_id, url, position) VALUES (1499, 'https://fdn2.gsmarena.com/vv/bigpic/allview-e3-sign.jpg', 0);
INSERT OR IGNORE INTO device_pictures (device_id, url, position) VALUES (1499, 'https://fdn2.gsmarena.com/vv/pics/allview/allview-e3-sign.jpg', 1);
INSERT OR IGNORE INTO devices (id, brand_id, name, gsmarena_url, thumbnail_url, summary) VALUES (1500, 8, 'P4 Life', 'https://www.gsmarena.com/allview_p4_life-7595.php', 'https://fdn2.gsmarena.com/vv/bigpic/allview-p4-life.jpg', 'P4 Life');
INSERT OR IGNORE INTO device_specs (device_id, announced, status, network, os, chipset, cpu, gpu, display_size, display_type, display_res, ram, storage, main_camera, selfie_camera, battery, charging, nfc, usb, bluetooth, wlan, colors, weight, dimensions, sim, sensors, popularity, fans, rating, full_specs_json) VALUES (1500, '2014, December. Released 2014, December', 'Discontinued', 'GSM / HSPA', 'Android 4.4.2 (KitKat), upgradable to 5.0 (Lollipop)', 'Mediatek MT6592 (28 nm)', 'Quad-core 1.3 GHz Cortex-A7', 'Mali-450MP4', '4.0 inches, 45.5 cm 2 (~65.4% screen-to-body ratio)', 'IPS LCD', '480 x 800 pixels, 5:3 ratio (~233 ppi density)', '1GB', '8GB', '5 MP, LED flash, HDR', 'VGA', 'Li-Ion 1600 mAh, removable', NULL, 'No', 'microUSB 2.0', '4.0, A2DP, EDR', 'Wi-Fi 802.11 b/g/n', 'Black', '125.2 g (4.41 oz)', '120.9 x 57.6 x 9.3 mm (4.76 x 2.27 x 0.37 in)', 'Dual SIM (Micro-SIM, dual stand-by)', 'Accelerometer, proximity', NULL, NULL, NULL, '[{"category":"Network","specs":[{"label":"Technology","value":"GSM / HSPA"},{"label":"2G bands","value":"GSM 900 / 1800 / 1900 - SIM 1 & SIM 2"},{"label":"3G bands","value":"HSDPA 900 / 2100"},{"label":"Speed","value":"HSPA 21.1/5.76 Mbps"}]},{"category":"Launch","specs":[{"label":"Announced","value":"2014, December. Released 2014, December"},{"label":"Status","value":"Discontinued"}]},{"category":"Body","specs":[{"label":"Dimensions","value":"120.9 x 57.6 x 9.3 mm (4.76 x 2.27 x 0.37 in)"},{"label":"Weight","value":"125.2 g (4.41 oz)"},{"label":"SIM","value":"Dual SIM (Micro-SIM, dual stand-by)"}]},{"category":"Display","specs":[{"label":"Type","value":"IPS LCD"},{"label":"Size","value":"4.0 inches, 45.5 cm 2 (~65.4% screen-to-body ratio)"},{"label":"Resolution","value":"480 x 800 pixels, 5:3 ratio (~233 ppi density)"},{"label":"Protection","value":"Scratch-resistant glass"}]},{"category":"Platform","specs":[{"label":"OS","value":"Android 4.4.2 (KitKat), upgradable to 5.0 (Lollipop)"},{"label":"Chipset","value":"Mediatek MT6592 (28 nm)"},{"label":"CPU","value":"Quad-core 1.3 GHz Cortex-A7"},{"label":"GPU","value":"Mali-450MP4"}]},{"category":"Memory","specs":[{"label":"Card slot","value":"microSDHC"},{"label":"Internal","value":"8GB 1GB RAM"}]},{"category":"Main Camera","specs":[{"label":"Single","value":"5 MP"},{"label":"Features","value":"LED flash, HDR"},{"label":"Video","value":"1080p@30fps"}]},{"category":"Selfie camera","specs":[{"label":"Single","value":"VGA"}]},{"category":"Sound","specs":[{"label":"Loudspeaker","value":"Yes"},{"label":"3.5mm jack","value":"Yes"}]},{"category":"Comms","specs":[{"label":"WLAN","value":"Wi-Fi 802.11 b/g/n"},{"label":"Bluetooth","value":"4.0, A2DP, EDR"},{"label":"Positioning","value":"GPS"},{"label":"NFC","value":"No"},{"label":"USB","value":"microUSB 2.0"},{"label":"Radio","value":"FM radio"}]},{"category":"Features","specs":[{"label":"Sensors","value":"Accelerometer, proximity"}]},{"category":"Battery","specs":[{"label":"Type","value":"Li-Ion 1600 mAh, removable"},{"label":"Stand-by","value":"Up to 165 h"},{"label":"Talk time","value":"Up to 7 h 15 min"}]},{"category":"Misc","specs":[{"label":"Colors","value":"Black"},{"label":"SAR EU","value":"0.86 W/kg (head)"}]}]');
INSERT OR IGNORE INTO device_pictures (device_id, url, position) VALUES (1500, 'https://fdn2.gsmarena.com/vv/bigpic/allview-p4-life.jpg', 0);
INSERT OR IGNORE INTO device_pictures (device_id, url, position) VALUES (1500, 'https://fdn2.gsmarena.com/vv/pics/allview/allview-p4-life.jpg', 1);
INSERT OR IGNORE INTO devices (id, brand_id, name, gsmarena_url, thumbnail_url, summary) VALUES (1501, 8, 'P5 Life', 'https://www.gsmarena.com/allview_p5_life-7596.php', 'https://fdn2.gsmarena.com/vv/bigpic/allview-p5-life.jpg', 'P5 Life');
INSERT OR IGNORE INTO device_specs (device_id, announced, status, network, os, chipset, cpu, gpu, display_size, display_type, display_res, ram, storage, main_camera, selfie_camera, battery, charging, nfc, usb, bluetooth, wlan, colors, weight, dimensions, sim, sensors, popularity, fans, rating, full_specs_json) VALUES (1501, '2014, December. Released 2014, December', 'Discontinued', 'GSM / HSPA', 'Android 5.0 (Lollipop)', 'Mediatek MT6582 (28 nm)', 'Quad-core 1.3 GHz Cortex-A7', 'Mali-400MP2', '4.5 inches, 55.8 cm 2 (~63.1% screen-to-body ratio)', 'IPS LCD', '480 x 854 pixels, 16:9 ratio (~218 ppi density)', '1GB', '8GB', '5 MP, LED flash, HDR', '2 MP', 'Li-Ion 1850 mAh, removable', NULL, 'No', 'microUSB 2.0', '4.0, A2DP, EDR', 'Wi-Fi 802.11 b/g/n', 'Black', '127 g (4.48 oz)', '133.2 x 66.4 x 9 mm (5.24 x 2.61 x 0.35 in)', 'Dual SIM (Micro-SIM, dual stand-by)', 'Accelerometer, proximity', NULL, NULL, NULL, '[{"category":"Network","specs":[{"label":"Technology","value":"GSM / HSPA"},{"label":"2G bands","value":"GSM 900 / 1800 / 1900 - SIM 1 & SIM 2"},{"label":"3G bands","value":"HSDPA 900 / 2100"},{"label":"Speed","value":"HSPA 21.1/5.76 Mbps"}]},{"category":"Launch","specs":[{"label":"Announced","value":"2014, December. Released 2014, December"},{"label":"Status","value":"Discontinued"}]},{"category":"Body","specs":[{"label":"Dimensions","value":"133.2 x 66.4 x 9 mm (5.24 x 2.61 x 0.35 in)"},{"label":"Weight","value":"127 g (4.48 oz)"},{"label":"SIM","value":"Dual SIM (Micro-SIM, dual stand-by)"}]},{"category":"Display","specs":[{"label":"Type","value":"IPS LCD"},{"label":"Size","value":"4.5 inches, 55.8 cm 2 (~63.1% screen-to-body ratio)"},{"label":"Resolution","value":"480 x 854 pixels, 16:9 ratio (~218 ppi density)"}]},{"category":"Platform","specs":[{"label":"OS","value":"Android 5.0 (Lollipop)"},{"label":"Chipset","value":"Mediatek MT6582 (28 nm)"},{"label":"CPU","value":"Quad-core 1.3 GHz Cortex-A7"},{"label":"GPU","value":"Mali-400MP2"}]},{"category":"Memory","specs":[{"label":"Card slot","value":"microSDHC"},{"label":"Internal","value":"8GB 1GB RAM"}]},{"category":"Main Camera","specs":[{"label":"Single","value":"5 MP"},{"label":"Features","value":"LED flash, HDR"},{"label":"Video","value":"1080p@30fps"}]},{"category":"Selfie camera","specs":[{"label":"Single","value":"2 MP"}]},{"category":"Sound","specs":[{"label":"Loudspeaker","value":"Yes"},{"label":"3.5mm jack","value":"Yes"}]},{"category":"Comms","specs":[{"label":"WLAN","value":"Wi-Fi 802.11 b/g/n"},{"label":"Bluetooth","value":"4.0, A2DP, EDR"},{"label":"Positioning","value":"GPS"},{"label":"NFC","value":"No"},{"label":"USB","value":"microUSB 2.0"},{"label":"Radio","value":"FM radio, RDS"}]},{"category":"Features","specs":[{"label":"Sensors","value":"Accelerometer, proximity"}]},{"category":"Battery","specs":[{"label":"Type","value":"Li-Ion 1850 mAh, removable"},{"label":"Stand-by","value":"Up to 185 h"},{"label":"Talk time","value":"Up to 8 h 25 min"}]},{"category":"Misc","specs":[{"label":"Colors","value":"Black"},{"label":"SAR EU","value":"1.15 W/kg (head)"}]}]');
INSERT OR IGNORE INTO device_pictures (device_id, url, position) VALUES (1501, 'https://fdn2.gsmarena.com/vv/bigpic/allview-p5-life.jpg', 0);
INSERT OR IGNORE INTO device_pictures (device_id, url, position) VALUES (1501, 'https://fdn2.gsmarena.com/vv/pics/allview/allview-p5-life.jpg', 1);
INSERT OR IGNORE INTO devices (id, brand_id, name, gsmarena_url, thumbnail_url, summary) VALUES (1502, 8, 'P6 Energy', 'https://www.gsmarena.com/allview_p6_energy-7597.php', 'https://fdn2.gsmarena.com/vv/bigpic/allview-p6-energy.jpg', 'P6 Energy');
INSERT OR IGNORE INTO device_specs (device_id, announced, status, network, os, chipset, cpu, gpu, display_size, display_type, display_res, ram, storage, main_camera, selfie_camera, battery, charging, nfc, usb, bluetooth, wlan, colors, weight, dimensions, sim, sensors, popularity, fans, rating, full_specs_json) VALUES (1502, '2015, January. Released 2015, January', 'Discontinued', 'GSM / HSPA', 'Android 5.0 (Lollipop)', 'Mediatek MT6582 (28 nm)', 'Quad-core 1.3 GHz Cortex-A7', 'Mali-400MP2', '5.0 inches, 68.9 cm 2 (~66.7% screen-to-body ratio)', 'IPS LCD', '720 x 1280 pixels, 16:9 ratio (~294 ppi density)', '1GB', '8GB', '8 MP, AF, LED flash, HDR', '2 MP', 'Li-Ion 5000 mAh, non-removable', NULL, 'No', 'microUSB 2.0', '4.0, A2DP, EDR', 'Wi-Fi 802.11 b/g/n', 'Black', '176.6 g (6.24 oz)', '144.5 x 71.5 x 10.3 mm (5.69 x 2.81 x 0.41 in)', 'Dual SIM (Micro-SIM, dual stand-by)', 'Accelerometer, proximity', NULL, NULL, NULL, '[{"category":"Network","specs":[{"label":"Technology","value":"GSM / HSPA"},{"label":"2G bands","value":"GSM 850 / 900 / 1800 / 1900 - SIM 1 & SIM 2"},{"label":"3G bands","value":"HSDPA 900 / 2100"},{"label":"Speed","value":"HSPA 21.1/5.76 Mbps"}]},{"category":"Launch","specs":[{"label":"Announced","value":"2015, January. Released 2015, January"},{"label":"Status","value":"Discontinued"}]},{"category":"Body","specs":[{"label":"Dimensions","value":"144.5 x 71.5 x 10.3 mm (5.69 x 2.81 x 0.41 in)"},{"label":"Weight","value":"176.6 g (6.24 oz)"},{"label":"SIM","value":"Dual SIM (Micro-SIM, dual stand-by)"}]},{"category":"Display","specs":[{"label":"Type","value":"IPS LCD"},{"label":"Size","value":"5.0 inches, 68.9 cm 2 (~66.7% screen-to-body ratio)"},{"label":"Resolution","value":"720 x 1280 pixels, 16:9 ratio (~294 ppi density)"},{"label":"Protection","value":"Scratch-resistant glass"}]},{"category":"Platform","specs":[{"label":"OS","value":"Android 5.0 (Lollipop)"},{"label":"Chipset","value":"Mediatek MT6582 (28 nm)"},{"label":"CPU","value":"Quad-core 1.3 GHz Cortex-A7"},{"label":"GPU","value":"Mali-400MP2"}]},{"category":"Memory","specs":[{"label":"Card slot","value":"microSDHC"},{"label":"Internal","value":"8GB 1GB RAM"}]},{"category":"Main Camera","specs":[{"label":"Single","value":"8 MP, AF"},{"label":"Features","value":"LED flash, HDR"},{"label":"Video","value":"1080p@30fps"}]},{"category":"Selfie camera","specs":[{"label":"Single","value":"2 MP"}]},{"category":"Sound","specs":[{"label":"Loudspeaker","value":"Yes"},{"label":"3.5mm jack","value":"Yes"}]},{"category":"Comms","specs":[{"label":"WLAN","value":"Wi-Fi 802.11 b/g/n"},{"label":"Bluetooth","value":"4.0, A2DP, EDR"},{"label":"Positioning","value":"GPS"},{"label":"NFC","value":"No"},{"label":"USB","value":"microUSB 2.0"},{"label":"Radio","value":"FM radio"}]},{"category":"Features","specs":[{"label":"Sensors","value":"Accelerometer, proximity"}]},{"category":"Battery","specs":[{"label":"Type","value":"Li-Ion 5000 mAh, non-removable"},{"label":"Stand-by","value":"Up to 500 h"},{"label":"Talk time","value":"Up to 23 h 20 min"}]},{"category":"Misc","specs":[{"label":"Colors","value":"Black"},{"label":"SAR EU","value":"0.73 W/kg (head)"}]}]');
INSERT OR IGNORE INTO device_pictures (device_id, url, position) VALUES (1502, 'https://fdn2.gsmarena.com/vv/bigpic/allview-p6-energy.jpg', 0);
INSERT OR IGNORE INTO device_pictures (device_id, url, position) VALUES (1502, 'https://fdn2.gsmarena.com/vv/pics/allview/allview-p6-energy.jpg', 1);
INSERT OR IGNORE INTO devices (id, brand_id, name, gsmarena_url, thumbnail_url, summary) VALUES (1503, 8, 'Viper E', 'https://www.gsmarena.com/allview_viper_e-7598.php', 'https://fdn2.gsmarena.com/vv/bigpic/allview-viper-e.jpg', 'Viper E');
INSERT OR IGNORE INTO device_specs (device_id, announced, status, network, os, chipset, cpu, gpu, display_size, display_type, display_res, ram, storage, main_camera, selfie_camera, battery, charging, nfc, usb, bluetooth, wlan, colors, weight, dimensions, sim, sensors, popularity, fans, rating, full_specs_json) VALUES (1503, '2014, September. Released 2014, September', 'Discontinued', 'GSM / HSPA', 'Android 5.0 (Lollipop)', 'Mediatek MT6582 (28 nm)', 'Quad-core 1.3 GHz Cortex-A7', 'Mali-400MP2', '4.5 inches, 55.8 cm 2 (~65.5% screen-to-body ratio)', 'IPS LCD', '480 x 854 pixels, 16:9 ratio (~218 ppi density)', '1GB', '8GB', '8 MP, AF, LED flash, HDR', '2 MP', 'Li-Ion 1800 mAh, removable', NULL, 'No', 'microUSB 2.0', '4.0, A2DP, EDR', 'Wi-Fi 802.11 b/g/n', 'Black, White', '122.5 g (4.34 oz)', '131 x 65 x 7.8 mm (5.16 x 2.56 x 0.31 in)', 'Dual SIM (Micro-SIM, dual stand-by)', 'Accelerometer, proximity, compass', NULL, NULL, NULL, '[{"category":"Network","specs":[{"label":"Technology","value":"GSM / HSPA"},{"label":"2G bands","value":"GSM 900 / 1800 / 1900 - SIM 1 & SIM 2"},{"label":"3G bands","value":"HSDPA 900 / 2100"},{"label":"Speed","value":"HSPA 21.1/5.76 Mbps"}]},{"category":"Launch","specs":[{"label":"Announced","value":"2014, September. Released 2014, September"},{"label":"Status","value":"Discontinued"}]},{"category":"Body","specs":[{"label":"Dimensions","value":"131 x 65 x 7.8 mm (5.16 x 2.56 x 0.31 in)"},{"label":"Weight","value":"122.5 g (4.34 oz)"},{"label":"SIM","value":"Dual SIM (Micro-SIM, dual stand-by)"}]},{"category":"Display","specs":[{"label":"Type","value":"IPS LCD"},{"label":"Size","value":"4.5 inches, 55.8 cm 2 (~65.5% screen-to-body ratio)"},{"label":"Resolution","value":"480 x 854 pixels, 16:9 ratio (~218 ppi density)"},{"label":"Protection","value":"Asahi Dragontrail Glass"}]},{"category":"Platform","specs":[{"label":"OS","value":"Android 5.0 (Lollipop)"},{"label":"Chipset","value":"Mediatek MT6582 (28 nm)"},{"label":"CPU","value":"Quad-core 1.3 GHz Cortex-A7"},{"label":"GPU","value":"Mali-400MP2"}]},{"category":"Memory","specs":[{"label":"Card slot","value":"microSDHC"},{"label":"Internal","value":"8GB 1GB RAM"}]},{"category":"Main Camera","specs":[{"label":"Single","value":"8 MP, AF"},{"label":"Features","value":"LED flash, HDR"},{"label":"Video","value":"1080p@30fps"}]},{"category":"Selfie camera","specs":[{"label":"Single","value":"2 MP"}]},{"category":"Sound","specs":[{"label":"Loudspeaker","value":"Yes"},{"label":"3.5mm jack","value":"Yes"}]},{"category":"Comms","specs":[{"label":"WLAN","value":"Wi-Fi 802.11 b/g/n"},{"label":"Bluetooth","value":"4.0, A2DP, EDR"},{"label":"Positioning","value":"GPS"},{"label":"NFC","value":"No"},{"label":"USB","value":"microUSB 2.0"},{"label":"Radio","value":"FM radio"}]},{"category":"Features","specs":[{"label":"Sensors","value":"Accelerometer, proximity, compass"}]},{"category":"Battery","specs":[{"label":"Type","value":"Li-Ion 1800 mAh, removable"},{"label":"Stand-by","value":"Up to 225 h"},{"label":"Talk time","value":"Up to 9 h 15 min"}]},{"category":"Misc","specs":[{"label":"Colors","value":"Black, White"},{"label":"SAR EU","value":"0.84 W/kg (head)"}]}]');
INSERT OR IGNORE INTO device_pictures (device_id, url, position) VALUES (1503, 'https://fdn2.gsmarena.com/vv/bigpic/allview-viper-e.jpg', 0);
INSERT OR IGNORE INTO device_pictures (device_id, url, position) VALUES (1503, 'https://fdn2.gsmarena.com/vv/pics/allview/allview-viper-e.jpg', 1);
INSERT OR IGNORE INTO devices (id, brand_id, name, gsmarena_url, thumbnail_url, summary) VALUES (1504, 8, 'Viper L', 'https://www.gsmarena.com/allview_viper_l-7599.php', 'https://fdn2.gsmarena.com/vv/bigpic/allview-viper-l.jpg', 'Viper L');
INSERT OR IGNORE INTO device_specs (device_id, announced, status, network, os, chipset, cpu, gpu, display_size, display_type, display_res, ram, storage, main_camera, selfie_camera, battery, charging, nfc, usb, bluetooth, wlan, colors, weight, dimensions, sim, sensors, popularity, fans, rating, full_specs_json) VALUES (1504, '2015, February. Released 2015, February', 'Discontinued', 'GSM / HSPA', 'Android 4.4.2 (KitKat)', 'Mediatek MT6582 (28 nm)', 'Quad-core 1.3 GHz Cortex-A7', 'Mali-400MP2', '5.0 inches, 68.9 cm 2 (~67.9% screen-to-body ratio)', 'TFT', '480 x 854 pixels, 16:9 ratio (~196 ppi density)', '1GB', '8GB', '5 MP, AF, LED flash, HDR', '2 MP', 'Li-Ion 1950 mAh, removable', NULL, 'No', 'microUSB 2.0', '4.0, A2DP, EDR', 'Wi-Fi 802.11 b/g/n', 'Black, White', '-', '142 x 71.5 x 8.6 mm (5.59 x 2.81 x 0.34 in)', 'Dual SIM (Micro-SIM, dual stand-by)', 'Accelerometer, proximity, compass', NULL, NULL, NULL, '[{"category":"Network","specs":[{"label":"Technology","value":"GSM / HSPA"},{"label":"2G bands","value":"GSM 850 / 900 / 1800 / 1900 - SIM 1 & SIM 2"},{"label":"3G bands","value":"HSDPA 900 / 2100"},{"label":"Speed","value":"HSPA 21.1/11.5 Mbps"}]},{"category":"Launch","specs":[{"label":"Announced","value":"2015, February. Released 2015, February"},{"label":"Status","value":"Discontinued"}]},{"category":"Body","specs":[{"label":"Dimensions","value":"142 x 71.5 x 8.6 mm (5.59 x 2.81 x 0.34 in)"},{"label":"Weight","value":"-"},{"label":"SIM","value":"Dual SIM (Micro-SIM, dual stand-by)"}]},{"category":"Display","specs":[{"label":"Type","value":"TFT"},{"label":"Size","value":"5.0 inches, 68.9 cm 2 (~67.9% screen-to-body ratio)"},{"label":"Resolution","value":"480 x 854 pixels, 16:9 ratio (~196 ppi density)"}]},{"category":"Platform","specs":[{"label":"OS","value":"Android 4.4.2 (KitKat)"},{"label":"Chipset","value":"Mediatek MT6582 (28 nm)"},{"label":"CPU","value":"Quad-core 1.3 GHz Cortex-A7"},{"label":"GPU","value":"Mali-400MP2"}]},{"category":"Memory","specs":[{"label":"Card slot","value":"microSDHC"},{"label":"Internal","value":"8GB 1GB RAM"}]},{"category":"Main Camera","specs":[{"label":"Single","value":"5 MP, AF"},{"label":"Features","value":"LED flash, HDR"},{"label":"Video","value":"1080p@30fps"}]},{"category":"Selfie camera","specs":[{"label":"Single","value":"2 MP"},{"label":"Features","value":"LED flash"}]},{"category":"Sound","specs":[{"label":"Loudspeaker","value":"Yes"},{"label":"3.5mm jack","value":"Yes"}]},{"category":"Comms","specs":[{"label":"WLAN","value":"Wi-Fi 802.11 b/g/n"},{"label":"Bluetooth","value":"4.0, A2DP, EDR"},{"label":"Positioning","value":"GPS"},{"label":"NFC","value":"No"},{"label":"USB","value":"microUSB 2.0"},{"label":"Radio","value":"FM radio"}]},{"category":"Features","specs":[{"label":"Sensors","value":"Accelerometer, proximity, compass"}]},{"category":"Battery","specs":[{"label":"Type","value":"Li-Ion 1950 mAh, removable"},{"label":"Stand-by","value":"Up to 195 h"},{"label":"Talk time","value":"Up to 8 h 30 min"}]},{"category":"Misc","specs":[{"label":"Colors","value":"Black, White"},{"label":"SAR EU","value":"0.76 W/kg (head)"}]}]');
INSERT OR IGNORE INTO device_pictures (device_id, url, position) VALUES (1504, 'https://fdn2.gsmarena.com/vv/bigpic/allview-viper-l.jpg', 0);
INSERT OR IGNORE INTO device_pictures (device_id, url, position) VALUES (1504, 'https://fdn2.gsmarena.com/vv/pics/allview/allview-viper-l.jpg', 1);
INSERT OR IGNORE INTO devices (id, brand_id, name, gsmarena_url, thumbnail_url, summary) VALUES (1505, 8, 'V1 Viper i4G', 'https://www.gsmarena.com/allview_v1_viper_i4g-7600.php', 'https://fdn2.gsmarena.com/vv/bigpic/allview-v1-viper-i4g.jpg', 'V1 Viper i4G');
INSERT OR IGNORE INTO device_specs (device_id, announced, status, network, os, chipset, cpu, gpu, display_size, display_type, display_res, ram, storage, main_camera, selfie_camera, battery, charging, nfc, usb, bluetooth, wlan, colors, weight, dimensions, sim, sensors, popularity, fans, rating, full_specs_json) VALUES (1505, '2015. Released 2015', 'Discontinued', 'GSM / HSPA / LTE / 4G/LTE', 'Android 4.4.2 (KitKat)', 'Mediatek MT6582 (28 nm)', 'Quad-core 1.3 GHz Cortex-A7', 'Mali-400MP2', '4.7 inches, 60.9 cm 2 (~64.9% screen-to-body ratio)', 'TFT', '480 x 854 pixels, 16:9 ratio (~208 ppi density)', '1GB', '8GB', '5 MP, AF, LED flash, HDR', '2 MP', 'Li-Po 1800 mAh, removable', NULL, 'No', 'microUSB 2.0', '4.0, A2DP, EDR', 'Wi-Fi 802.11 b/g/n', 'Black, White', '149.9 g (5.29 oz)', '137.3 x 68.3 x 9.6 mm (5.41 x 2.69 x 0.38 in)', 'Dual SIM (Micro-SIM, dual stand-by)', 'Accelerometer, proximity, compass', NULL, NULL, NULL, '[{"category":"Network","specs":[{"label":"Technology","value":"GSM / HSPA / LTE"},{"label":"2G bands","value":"GSM 850 / 900 / 1800 / 1900 - SIM 1 & SIM 2"},{"label":"3G bands","value":"HSDPA 900 / 2100"},{"label":"4G bands","value":"1, 3, 7, 20"},{"label":"Speed","value":"HSPA 42.2/11.5 Mbps, LTE Cat4 150/50 Mbps"}]},{"category":"Launch","specs":[{"label":"Announced","value":"2015. Released 2015"},{"label":"Status","value":"Discontinued"}]},{"category":"Body","specs":[{"label":"Dimensions","value":"137.3 x 68.3 x 9.6 mm (5.41 x 2.69 x 0.38 in)"},{"label":"Weight","value":"149.9 g (5.29 oz)"},{"label":"SIM","value":"Dual SIM (Micro-SIM, dual stand-by)"}]},{"category":"Display","specs":[{"label":"Type","value":"TFT"},{"label":"Size","value":"4.7 inches, 60.9 cm 2 (~64.9% screen-to-body ratio)"},{"label":"Resolution","value":"480 x 854 pixels, 16:9 ratio (~208 ppi density)"},{"label":"Protection","value":"Asahi Dragontrail Glass"}]},{"category":"Platform","specs":[{"label":"OS","value":"Android 4.4.2 (KitKat)"},{"label":"Chipset","value":"Mediatek MT6582 (28 nm)"},{"label":"CPU","value":"Quad-core 1.3 GHz Cortex-A7"},{"label":"GPU","value":"Mali-400MP2"}]},{"category":"Memory","specs":[{"label":"Card slot","value":"microSDHC"},{"label":"Internal","value":"8GB 1GB RAM"}]},{"category":"Main Camera","specs":[{"label":"Single","value":"5 MP, AF"},{"label":"Features","value":"LED flash, HDR"},{"label":"Video","value":"1080p@30fps"}]},{"category":"Selfie camera","specs":[{"label":"Single","value":"2 MP"}]},{"category":"Sound","specs":[{"label":"Loudspeaker","value":"Yes"},{"label":"3.5mm jack","value":"Yes"}]},{"category":"Comms","specs":[{"label":"WLAN","value":"Wi-Fi 802.11 b/g/n"},{"label":"Bluetooth","value":"4.0, A2DP, EDR"},{"label":"Positioning","value":"GPS"},{"label":"NFC","value":"No"},{"label":"USB","value":"microUSB 2.0"},{"label":"Radio","value":"FM radio"}]},{"category":"Features","specs":[{"label":"Sensors","value":"Accelerometer, proximity, compass"}]},{"category":"Battery","specs":[{"label":"Type","value":"Li-Po 1800 mAh, removable"},{"label":"Stand-by","value":"Up to 180 h"},{"label":"Talk time","value":"Up to 8 h 20 min"}]},{"category":"Misc","specs":[{"label":"Colors","value":"Black, White"},{"label":"SAR EU","value":"0.44 W/kg (head)"}]}]');
INSERT OR IGNORE INTO device_pictures (device_id, url, position) VALUES (1505, 'https://fdn2.gsmarena.com/vv/bigpic/allview-v1-viper-i4g.jpg', 0);
INSERT OR IGNORE INTO device_pictures (device_id, url, position) VALUES (1505, 'https://fdn2.gsmarena.com/vv/pics/allview/allview-v1-viper-i4g.jpg', 1);
INSERT OR IGNORE INTO devices (id, brand_id, name, gsmarena_url, thumbnail_url, summary) VALUES (1506, 8, 'V1 Viper S4G', 'https://www.gsmarena.com/allview_v1_viper_s4g-7601.php', 'https://fdn2.gsmarena.com/vv/bigpic/allview-viper-s4g.jpg', 'V1 Viper S4G');
INSERT OR IGNORE INTO device_specs (device_id, announced, status, network, os, chipset, cpu, gpu, display_size, display_type, display_res, ram, storage, main_camera, selfie_camera, battery, charging, nfc, usb, bluetooth, wlan, colors, weight, dimensions, sim, sensors, popularity, fans, rating, full_specs_json) VALUES (1506, '2014, September. Released 2014, September', 'Discontinued', 'GSM / HSPA / LTE / 4G/LTE', 'Android 4.4 (KitKat)', 'Qualcomm MSM8926 Snapdragon 400 (28 nm)', 'Quad-core 1.2 GHz Cortex-A7', 'Adreno 305', '5.0 inches, 68.9 cm 2 (~68.2% screen-to-body ratio)', 'IPS LCD', '720 x 1280 pixels, 16:9 ratio (~294 ppi density)', '2GB', '16GB', '8 MP, AF, LED flash, HDR', '5 MP', 'Li-Po 1950 mAh, removable', NULL, 'No', 'microUSB 2.0', '4.0, A2DP, EDR', 'Wi-Fi 802.11 b/g/n', 'Black, White', '124.7 g (4.37 oz)', '143 x 70.7 x 6.9 mm (5.63 x 2.78 x 0.27 in)', 'Dual SIM (Micro-SIM, dual stand-by)', 'Accelerometer, proximity', NULL, NULL, NULL, '[{"category":"Network","specs":[{"label":"Technology","value":"GSM / HSPA / LTE"},{"label":"2G bands","value":"GSM 850 / 900 / 1800 / 1900 - SIM 1 & SIM 2"},{"label":"3G bands","value":"HSDPA 900 / 1900 / 2100"},{"label":"4G bands","value":"3, 7, 40"},{"label":"Speed","value":"HSPA, LTE Cat4 150/50 Mbps"}]},{"category":"Launch","specs":[{"label":"Announced","value":"2014, September. Released 2014, September"},{"label":"Status","value":"Discontinued"}]},{"category":"Body","specs":[{"label":"Dimensions","value":"143 x 70.7 x 6.9 mm (5.63 x 2.78 x 0.27 in)"},{"label":"Weight","value":"124.7 g (4.37 oz)"},{"label":"SIM","value":"Dual SIM (Micro-SIM, dual stand-by)"}]},{"category":"Display","specs":[{"label":"Type","value":"IPS LCD"},{"label":"Size","value":"5.0 inches, 68.9 cm 2 (~68.2% screen-to-body ratio)"},{"label":"Resolution","value":"720 x 1280 pixels, 16:9 ratio (~294 ppi density)"},{"label":"Protection","value":"Scratch-resistant glass"}]},{"category":"Platform","specs":[{"label":"OS","value":"Android 4.4 (KitKat)"},{"label":"Chipset","value":"Qualcomm MSM8926 Snapdragon 400 (28 nm)"},{"label":"CPU","value":"Quad-core 1.2 GHz Cortex-A7"},{"label":"GPU","value":"Adreno 305"}]},{"category":"Memory","specs":[{"label":"Card slot","value":"microSDHC"},{"label":"Internal","value":"16GB 2GB RAM"}]},{"category":"Main Camera","specs":[{"label":"Single","value":"8 MP, AF"},{"label":"Features","value":"LED flash, HDR"},{"label":"Video","value":"1080p@30fps"}]},{"category":"Selfie camera","specs":[{"label":"Single","value":"5 MP"},{"label":"Features","value":"LED flash"}]},{"category":"Sound","specs":[{"label":"Loudspeaker","value":"Yes"},{"label":"3.5mm jack","value":"Yes"}]},{"category":"Comms","specs":[{"label":"WLAN","value":"Wi-Fi 802.11 b/g/n"},{"label":"Bluetooth","value":"4.0, A2DP, EDR"},{"label":"Positioning","value":"GPS"},{"label":"NFC","value":"No"},{"label":"USB","value":"microUSB 2.0"},{"label":"Radio","value":"FM radio, RDS"}]},{"category":"Features","specs":[{"label":"Sensors","value":"Accelerometer, proximity"}]},{"category":"Battery","specs":[{"label":"Type","value":"Li-Po 1950 mAh, removable"},{"label":"Stand-by","value":"Up to 195 h"},{"label":"Talk time","value":"Up to 9 h 45 min"}]},{"category":"Misc","specs":[{"label":"Colors","value":"Black, White"},{"label":"SAR EU","value":"0.76 W/kg (head)"}]}]');
INSERT OR IGNORE INTO device_pictures (device_id, url, position) VALUES (1506, 'https://fdn2.gsmarena.com/vv/bigpic/allview-viper-s4g.jpg', 0);
INSERT OR IGNORE INTO device_pictures (device_id, url, position) VALUES (1506, 'https://fdn2.gsmarena.com/vv/pics/allview/allview-viper-s4g.jpg', 1);
INSERT OR IGNORE INTO devices (id, brand_id, name, gsmarena_url, thumbnail_url, summary) VALUES (1507, 8, 'X2 Soul Pro', 'https://www.gsmarena.com/allview_x2_soul_pro-7602.php', 'https://fdn2.gsmarena.com/vv/bigpic/allview-x2-soul-pro.jpg', 'X2 Soul Pro');
INSERT OR IGNORE INTO device_specs (device_id, announced, status, network, os, chipset, cpu, gpu, display_size, display_type, display_res, ram, storage, main_camera, selfie_camera, battery, charging, nfc, usb, bluetooth, wlan, colors, weight, dimensions, sim, sensors, popularity, fans, rating, full_specs_json) VALUES (1507, '2015, March. Released 2015, March', 'Discontinued', 'GSM / HSPA / LTE / 4G/LTE', 'Android 5.0 (Lollipop)', 'Mediatek MT6752 (28 nm)', 'Octa-core 1.7 GHz Cortex-A53', 'Mali-T760MP2', '5.2 inches, 74.5 cm 2 (~69.2% screen-to-body ratio)', 'OLED', '1080 x 1920 pixels, 16:9 ratio (~424 ppi density)', '2GB', '16GB', '13 MP, AF, LED flash, HDR', '8 MP', 'Li-Po 2700 mAh, non-removable', NULL, 'No', 'microUSB 2.0', '4.0, A2DP, EDR', 'Wi-Fi 802.11 b/g/n, Wi-Fi Direct, hotspot', 'White/Gold, Black', '126.5 g (4.48 oz)', '148.8 x 72.4 x 5.5 mm (5.86 x 2.85 x 0.22 in)', 'Dual SIM (Micro-SIM, dual stand-by)', 'Accelerometer, gyro, proximity, compass', NULL, NULL, NULL, '[{"category":"Network","specs":[{"label":"Technology","value":"GSM / HSPA / LTE"},{"label":"2G bands","value":"GSM 850 / 900 / 1800 / 1900 - SIM 1 & SIM 2"},{"label":"3G bands","value":"HSDPA 900 / 1900 / 2100"},{"label":"4G bands","value":"2, 3, 7, 8, 20, 38, 40"},{"label":"Speed","value":"HSPA 21.1/5.76 Mbps, LTE Cat4 150/50 Mbps"}]},{"category":"Launch","specs":[{"label":"Announced","value":"2015, March. Released 2015, March"},{"label":"Status","value":"Discontinued"}]},{"category":"Body","specs":[{"label":"Dimensions","value":"148.8 x 72.4 x 5.5 mm (5.86 x 2.85 x 0.22 in)"},{"label":"Weight","value":"126.5 g (4.48 oz)"},{"label":"SIM","value":"Dual SIM (Micro-SIM, dual stand-by)"}]},{"category":"Display","specs":[{"label":"Type","value":"OLED"},{"label":"Size","value":"5.2 inches, 74.5 cm 2 (~69.2% screen-to-body ratio)"},{"label":"Resolution","value":"1080 x 1920 pixels, 16:9 ratio (~424 ppi density)"},{"label":"Protection","value":"Corning Gorilla Glass"}]},{"category":"Platform","specs":[{"label":"OS","value":"Android 5.0 (Lollipop)"},{"label":"Chipset","value":"Mediatek MT6752 (28 nm)"},{"label":"CPU","value":"Octa-core 1.7 GHz Cortex-A53"},{"label":"GPU","value":"Mali-T760MP2"}]},{"category":"Memory","specs":[{"label":"Card slot","value":"No"},{"label":"Internal","value":"16GB 2GB RAM"}]},{"category":"Main Camera","specs":[{"label":"Single","value":"13 MP, AF"},{"label":"Features","value":"LED flash, HDR"},{"label":"Video","value":"1080p@30fps"}]},{"category":"Selfie camera","specs":[{"label":"Single","value":"8 MP"}]},{"category":"Sound","specs":[{"label":"Loudspeaker","value":"Yes"},{"label":"3.5mm jack","value":"Yes"}]},{"category":"Comms","specs":[{"label":"WLAN","value":"Wi-Fi 802.11 b/g/n, Wi-Fi Direct, hotspot"},{"label":"Bluetooth","value":"4.0, A2DP, EDR"},{"label":"Positioning","value":"GPS"},{"label":"NFC","value":"No"},{"label":"USB","value":"microUSB 2.0"},{"label":"Radio","value":"FM radio"}]},{"category":"Features","specs":[{"label":"Sensors","value":"Accelerometer, gyro, proximity, compass"}]},{"category":"Battery","specs":[{"label":"Type","value":"Li-Po 2700 mAh, non-removable"},{"label":"Stand-by","value":"Up to 270 h"},{"label":"Talk time","value":"Up to 12 h 50 min"}]},{"category":"Misc","specs":[{"label":"Colors","value":"White/Gold, Black"},{"label":"SAR EU","value":"0.54 W/kg (head)"}]}]');
INSERT OR IGNORE INTO device_pictures (device_id, url, position) VALUES (1507, 'https://fdn2.gsmarena.com/vv/bigpic/allview-x2-soul-pro.jpg', 0);
INSERT OR IGNORE INTO device_pictures (device_id, url, position) VALUES (1507, 'https://fdn2.gsmarena.com/vv/pics/allview/allview-x2-soul-pro.jpg', 1);
INSERT OR IGNORE INTO devices (id, brand_id, name, gsmarena_url, thumbnail_url, summary) VALUES (1508, 8, 'W1i', 'https://www.gsmarena.com/allview_w1i-7603.php', 'https://fdn2.gsmarena.com/vv/bigpic/allview-w1i.jpg', 'W1i');
INSERT OR IGNORE INTO device_specs (device_id, announced, status, network, os, chipset, cpu, gpu, display_size, display_type, display_res, ram, storage, main_camera, selfie_camera, battery, charging, nfc, usb, bluetooth, wlan, colors, weight, dimensions, sim, sensors, popularity, fans, rating, full_specs_json) VALUES (1508, '2014, June. Released 2014, June', 'Discontinued', 'GSM / HSPA', 'Microsoft Windows Phone 8.1', 'Qualcomm MSM8212 Snapdragon 200 (28 nm)', 'Quad-core 1.2 GHz Cortex-A7', 'Adreno 302', '4.7 inches, 60.9 cm 2 (~66.7% screen-to-body ratio)', 'IPS LCD', '720 x 1280 pixels, 16:9 ratio (~312 ppi density)', '1GB', '8GB', '8 MP, AF, LED flash, panorama', '2 MP', 'Li-Po 1750 mAh, non-removable', NULL, 'No', 'microUSB 2.0', '4.0, A2DP, EDR', 'Wi-Fi 802.11 b/g/n, hotspot', 'Black', '98.9 g (3.46 oz)', '135.8 x 67.2 x 7.2 mm (5.35 x 2.65 x 0.28 in)', 'Dual SIM (Micro-SIM, dual stand-by)', 'Accelerometer, proximity, compass', NULL, NULL, NULL, '[{"category":"Network","specs":[{"label":"Technology","value":"GSM / HSPA"},{"label":"2G bands","value":"GSM 850 / 900 / 1800 / 1900 - SIM 1 & SIM 2"},{"label":"3G bands","value":"HSDPA 900 / 2100"},{"label":"Speed","value":"HSPA 42.2/5.76 Mbps"}]},{"category":"Launch","specs":[{"label":"Announced","value":"2014, June. Released 2014, June"},{"label":"Status","value":"Discontinued"}]},{"category":"Body","specs":[{"label":"Dimensions","value":"135.8 x 67.2 x 7.2 mm (5.35 x 2.65 x 0.28 in)"},{"label":"Weight","value":"98.9 g (3.46 oz)"},{"label":"SIM","value":"Dual SIM (Micro-SIM, dual stand-by)"}]},{"category":"Display","specs":[{"label":"Type","value":"IPS LCD"},{"label":"Size","value":"4.7 inches, 60.9 cm 2 (~66.7% screen-to-body ratio)"},{"label":"Resolution","value":"720 x 1280 pixels, 16:9 ratio (~312 ppi density)"},{"label":"Protection","value":"Asahi Dragontrail Glass"}]},{"category":"Platform","specs":[{"label":"OS","value":"Microsoft Windows Phone 8.1"},{"label":"Chipset","value":"Qualcomm MSM8212 Snapdragon 200 (28 nm)"},{"label":"CPU","value":"Quad-core 1.2 GHz Cortex-A7"},{"label":"GPU","value":"Adreno 302"}]},{"category":"Memory","specs":[{"label":"Card slot","value":"microSDHC"},{"label":"Internal","value":"8GB 1GB RAM"}]},{"category":"Main Camera","specs":[{"label":"Single","value":"8 MP, AF"},{"label":"Features","value":"LED flash, panorama"},{"label":"Video","value":"720p@30fps"}]},{"category":"Selfie camera","specs":[{"label":"Single","value":"2 MP"}]},{"category":"Sound","specs":[{"label":"Loudspeaker","value":"Yes"},{"label":"3.5mm jack","value":"Yes"}]},{"category":"Comms","specs":[{"label":"WLAN","value":"Wi-Fi 802.11 b/g/n, hotspot"},{"label":"Bluetooth","value":"4.0, A2DP, EDR"},{"label":"Positioning","value":"GPS"},{"label":"NFC","value":"No"},{"label":"USB","value":"microUSB 2.0"},{"label":"Radio","value":"FM radio"}]},{"category":"Features","specs":[{"label":"Sensors","value":"Accelerometer, proximity, compass"}]},{"category":"Battery","specs":[{"label":"Type","value":"Li-Po 1750 mAh, non-removable"},{"label":"Stand-by","value":"Up to 200 h"},{"label":"Talk time","value":"Up to 7 h 20 min"}]},{"category":"Misc","specs":[{"label":"Colors","value":"Black"},{"label":"SAR EU","value":"0.53 W/kg (head)"}]}]');
INSERT OR IGNORE INTO device_pictures (device_id, url, position) VALUES (1508, 'https://fdn2.gsmarena.com/vv/bigpic/allview-w1i.jpg', 0);
INSERT OR IGNORE INTO device_pictures (device_id, url, position) VALUES (1508, 'https://fdn2.gsmarena.com/vv/pics/allview/allview-w1i.jpg', 1);
INSERT OR IGNORE INTO devices (id, brand_id, name, gsmarena_url, thumbnail_url, summary) VALUES (1509, 8, 'W1s', 'https://www.gsmarena.com/allview_w1s-7604.php', 'https://fdn2.gsmarena.com/vv/bigpic/allview-w1s.jpg', 'W1s');
INSERT OR IGNORE INTO device_specs (device_id, announced, status, network, os, chipset, cpu, gpu, display_size, display_type, display_res, ram, storage, main_camera, selfie_camera, battery, charging, nfc, usb, bluetooth, wlan, colors, weight, dimensions, sim, sensors, popularity, fans, rating, full_specs_json) VALUES (1509, '2014, June. Released 2014, June', 'Discontinued', 'GSM / HSPA', 'Microsoft Windows Phone 8.1', 'Qualcomm MSM8212 Snapdragon 200 (28 nm)', 'Quad-core 1.2 GHz Cortex-A7', 'Adreno 302', '5.0 inches, 68.9 cm 2 (~66.0% screen-to-body ratio)', 'IPS LCD', '720 x 1280 pixels, 16:9 ratio (~294 ppi density)', '1GB', '8GB', '8 MP, AF, LED flash, panorama', '2 MP', 'Li-Ion 2000 mAh, non-removable', NULL, 'No', 'microUSB 2.0', '4.0, A2DP, EDR', 'Wi-Fi 802.11 b/g/n, hotspot', 'Black', '156.2 g (5.50 oz)', '144.9 x 72.1 x 8.8 mm (5.70 x 2.84 x 0.35 in)', 'Dual SIM (Mini-SIM, dual stand-by)', 'Accelerometer, proximity', NULL, NULL, NULL, '[{"category":"Network","specs":[{"label":"Technology","value":"GSM / HSPA"},{"label":"2G bands","value":"GSM 900 / 1800 - SIM 1 & SIM 2"},{"label":"3G bands","value":"HSDPA 900 / 2100"},{"label":"Speed","value":"HSPA 42.2/5.76 Mbps"}]},{"category":"Launch","specs":[{"label":"Announced","value":"2014, June. Released 2014, June"},{"label":"Status","value":"Discontinued"}]},{"category":"Body","specs":[{"label":"Dimensions","value":"144.9 x 72.1 x 8.8 mm (5.70 x 2.84 x 0.35 in)"},{"label":"Weight","value":"156.2 g (5.50 oz)"},{"label":"SIM","value":"Dual SIM (Mini-SIM, dual stand-by)"}]},{"category":"Display","specs":[{"label":"Type","value":"IPS LCD"},{"label":"Size","value":"5.0 inches, 68.9 cm 2 (~66.0% screen-to-body ratio)"},{"label":"Resolution","value":"720 x 1280 pixels, 16:9 ratio (~294 ppi density)"},{"label":"Protection","value":"Asahi Dragontrail Glass"}]},{"category":"Platform","specs":[{"label":"OS","value":"Microsoft Windows Phone 8.1"},{"label":"Chipset","value":"Qualcomm MSM8212 Snapdragon 200 (28 nm)"},{"label":"CPU","value":"Quad-core 1.2 GHz Cortex-A7"},{"label":"GPU","value":"Adreno 302"}]},{"category":"Memory","specs":[{"label":"Card slot","value":"microSDHC"},{"label":"Internal","value":"8GB 1GB RAM"}]},{"category":"Main Camera","specs":[{"label":"Single","value":"8 MP, AF"},{"label":"Features","value":"LED flash, panorama"},{"label":"Video","value":"720p@30fps"}]},{"category":"Selfie camera","specs":[{"label":"Single","value":"2 MP"}]},{"category":"Sound","specs":[{"label":"Loudspeaker","value":"Yes"},{"label":"3.5mm jack","value":"Yes"}]},{"category":"Comms","specs":[{"label":"WLAN","value":"Wi-Fi 802.11 b/g/n, hotspot"},{"label":"Bluetooth","value":"4.0, A2DP, EDR"},{"label":"Positioning","value":"GPS"},{"label":"NFC","value":"No"},{"label":"USB","value":"microUSB 2.0"},{"label":"Radio","value":"FM radio"}]},{"category":"Features","specs":[{"label":"Sensors","value":"Accelerometer, proximity"}]},{"category":"Battery","specs":[{"label":"Type","value":"Li-Ion 2000 mAh, non-removable"},{"label":"Stand-by","value":"Up to 200 h"},{"label":"Talk time","value":"Up to 8 h 20 min"}]},{"category":"Misc","specs":[{"label":"Colors","value":"Black"},{"label":"SAR EU","value":"0.44 W/kg (head)"}]}]');
INSERT OR IGNORE INTO device_pictures (device_id, url, position) VALUES (1509, 'https://fdn2.gsmarena.com/vv/bigpic/allview-w1s.jpg', 0);
INSERT OR IGNORE INTO device_pictures (device_id, url, position) VALUES (1509, 'https://fdn2.gsmarena.com/vv/pics/allview/allview-w1s.jpg', 1);
INSERT OR IGNORE INTO devices (id, brand_id, name, gsmarena_url, thumbnail_url, summary) VALUES (1510, 8, 'X2 Xtreme', 'https://www.gsmarena.com/allview_x2_xtreme-7288.php', 'https://fdn2.gsmarena.com/vv/bigpic/allview-x2-extr.jpg', 'X2 Xtreme');
INSERT OR IGNORE INTO device_specs (device_id, announced, status, network, os, chipset, cpu, gpu, display_size, display_type, display_res, ram, storage, main_camera, selfie_camera, battery, charging, nfc, usb, bluetooth, wlan, colors, weight, dimensions, sim, sensors, popularity, fans, rating, full_specs_json) VALUES (1510, '2015, June. Released 2015, August', 'Discontinued', 'GSM / HSPA / LTE / 4G/LTE', 'Android 5.1 (Lollipop)', 'Mediatek MT6795 Helio X10 (28 nm)', 'Octa-core 2.0 GHz Cortex-A53', 'PowerVR G6200', '6.0 inches, 99.2 cm 2 (~73.8% screen-to-body ratio)', 'AMOLED', '1440 x 2560 pixels, 16:9 ratio (~490 ppi density)', '3GB', '64GB', '24 MP, 1/2.3", PDAF, OIS, Dual-LED dual-tone flash, panorama, HDR', '8 MP, AF', 'Li-Po 3500 mAh, non-removable', NULL, 'Yes', 'microUSB 2.0, OTG', '4.0, A2DP, EDR', 'Wi-Fi 802.11 a/b/g/n/ac, dual-band, Wi-Fi Direct, hotspot', 'Gold', '204.4 g (7.20 oz)', '164 x 82 x 9.6 mm (6.46 x 3.23 x 0.38 in)', 'Dual SIM (Micro-SIM, dual stand-by)', 'Fingerprint (rear-mounted), accelerometer, gyro, proximity, compass', 'About 490 EUR', NULL, NULL, '[{"category":"Network","specs":[{"label":"Technology","value":"GSM / HSPA / LTE"},{"label":"2G bands","value":"GSM 850 / 900 / 1800 / 1900 - SIM 1 & SIM 2"},{"label":"3G bands","value":"HSDPA 900 / 1900 / 2100"},{"label":"4G bands","value":"1, 7, 33, 38, 39"},{"label":"Speed","value":"HSPA 21.1/5.76 Mbps, LTE Cat4 150/50 Mbps"}]},{"category":"Launch","specs":[{"label":"Announced","value":"2015, June. Released 2015, August"},{"label":"Status","value":"Discontinued"}]},{"category":"Body","specs":[{"label":"Dimensions","value":"164 x 82 x 9.6 mm (6.46 x 3.23 x 0.38 in)"},{"label":"Weight","value":"204.4 g (7.20 oz)"},{"label":"SIM","value":"Dual SIM (Micro-SIM, dual stand-by)"}]},{"category":"Display","specs":[{"label":"Type","value":"AMOLED"},{"label":"Size","value":"6.0 inches, 99.2 cm 2 (~73.8% screen-to-body ratio)"},{"label":"Resolution","value":"1440 x 2560 pixels, 16:9 ratio (~490 ppi density)"}]},{"category":"Platform","specs":[{"label":"OS","value":"Android 5.1 (Lollipop)"},{"label":"Chipset","value":"Mediatek MT6795 Helio X10 (28 nm)"},{"label":"CPU","value":"Octa-core 2.0 GHz Cortex-A53"},{"label":"GPU","value":"PowerVR G6200"}]},{"category":"Memory","specs":[{"label":"Card slot","value":"microSDXC"},{"label":"Internal","value":"64GB 3GB RAM"}]},{"category":"Main Camera","specs":[{"label":"Single","value":"24 MP, 1/2.3\\", PDAF, OIS"},{"label":"Features","value":"Dual-LED dual-tone flash, panorama, HDR"},{"label":"Video","value":"4K@30fps"}]},{"category":"Selfie camera","specs":[{"label":"Single","value":"8 MP, AF"}]},{"category":"Sound","specs":[{"label":"Loudspeaker","value":"Yes, with stereo speakers"},{"label":"3.5mm jack","value":"Yes"}]},{"category":"Comms","specs":[{"label":"WLAN","value":"Wi-Fi 802.11 a/b/g/n/ac, dual-band, Wi-Fi Direct, hotspot"},{"label":"Bluetooth","value":"4.0, A2DP, EDR"},{"label":"Positioning","value":"GPS"},{"label":"NFC","value":"Yes"},{"label":"USB","value":"microUSB 2.0, OTG"},{"label":"Radio","value":"FM radio, recording"}]},{"category":"Features","specs":[{"label":"Sensors","value":"Fingerprint (rear-mounted), accelerometer, gyro, proximity, compass"}]},{"category":"Battery","specs":[{"label":"Type","value":"Li-Po 3500 mAh, non-removable"},{"label":"Stand-by","value":"Up to 350 h (3G)"},{"label":"Talk time","value":"Up to 12 h (3G)"}]},{"category":"Misc","specs":[{"label":"Colors","value":"Gold"},{"label":"Price","value":"About 490 EUR"}]}]');
INSERT OR IGNORE INTO device_pictures (device_id, url, position) VALUES (1510, 'https://fdn2.gsmarena.com/vv/bigpic/allview-x2-extr.jpg', 0);
INSERT OR IGNORE INTO device_pictures (device_id, url, position) VALUES (1510, 'https://fdn2.gsmarena.com/vv/pics/allview/allview-x2-extr.jpg', 1);
INSERT OR IGNORE INTO devices (id, brand_id, name, gsmarena_url, thumbnail_url, summary) VALUES (1511, 8, 'P6 Life', 'https://www.gsmarena.com/allview_p6_life-6873.php', 'https://fdn2.gsmarena.com/vv/bigpic/allview-p6-life.jpg', 'P6 Life');
INSERT OR IGNORE INTO device_specs (device_id, announced, status, network, os, chipset, cpu, gpu, display_size, display_type, display_res, ram, storage, main_camera, selfie_camera, battery, charging, nfc, usb, bluetooth, wlan, colors, weight, dimensions, sim, sensors, popularity, fans, rating, full_specs_json) VALUES (1511, '2014, May. Released 2014, May', 'Discontinued', 'GSM / HSPA', 'Android 4.4.2 (KitKat)', NULL, 'Quad-core 1.3 GHz Cortex-A7', 'Mali-400', '5.0 inches, 68.9 cm 2 (~64.5% screen-to-body ratio)', 'IPS LCD', '720 x 1280 pixels, 16:9 ratio (~294 ppi density)', '1GB', '8GB', '8 MP, AF, LED flash, panorama, HDR', '2 MP', 'Li-Ion 1750 mAh, removable', NULL, 'No', 'microUSB 2.0', '4.0, A2DP, EDR', 'Wi-Fi 802.11 b/g/n, Wi-Fi Direct, hotspot', 'Black', '147.3 g (5.19 oz)', '145.9 x 73.2 x 8.9 mm (5.74 x 2.88 x 0.35 in)', 'Micro-SIM', 'Accelerometer, proximity, compass', NULL, NULL, NULL, '[{"category":"Network","specs":[{"label":"Technology","value":"GSM / HSPA"},{"label":"2G bands","value":"GSM 900 / 1800 / 1900"},{"label":"3G bands","value":"HSDPA 900 / 2100"},{"label":"Speed","value":"HSPA 21.1/5.76 Mbps"}]},{"category":"Launch","specs":[{"label":"Announced","value":"2014, May. Released 2014, May"},{"label":"Status","value":"Discontinued"}]},{"category":"Body","specs":[{"label":"Dimensions","value":"145.9 x 73.2 x 8.9 mm (5.74 x 2.88 x 0.35 in)"},{"label":"Weight","value":"147.3 g (5.19 oz)"},{"label":"SIM","value":"Micro-SIM"}]},{"category":"Display","specs":[{"label":"Type","value":"IPS LCD"},{"label":"Size","value":"5.0 inches, 68.9 cm 2 (~64.5% screen-to-body ratio)"},{"label":"Resolution","value":"720 x 1280 pixels, 16:9 ratio (~294 ppi density)"}]},{"category":"Platform","specs":[{"label":"OS","value":"Android 4.4.2 (KitKat)"},{"label":"CPU","value":"Quad-core 1.3 GHz Cortex-A7"},{"label":"GPU","value":"Mali-400"}]},{"category":"Memory","specs":[{"label":"Card slot","value":"microSDHC (dedicated slot)"},{"label":"Internal","value":"8GB 1GB RAM"}]},{"category":"Main Camera","specs":[{"label":"Single","value":"8 MP, AF"},{"label":"Features","value":"LED flash, panorama, HDR"},{"label":"Video","value":"1080p@30fps"}]},{"category":"Selfie camera","specs":[{"label":"Single","value":"2 MP"}]},{"category":"Sound","specs":[{"label":"Loudspeaker","value":"Yes"},{"label":"3.5mm jack","value":"Yes"}]},{"category":"Comms","specs":[{"label":"WLAN","value":"Wi-Fi 802.11 b/g/n, Wi-Fi Direct, hotspot"},{"label":"Bluetooth","value":"4.0, A2DP, EDR"},{"label":"Positioning","value":"GPS"},{"label":"NFC","value":"No"},{"label":"USB","value":"microUSB 2.0"},{"label":"Radio","value":"FM radio"}]},{"category":"Features","specs":[{"label":"Sensors","value":"Accelerometer, proximity, compass"}]},{"category":"Battery","specs":[{"label":"Type","value":"Li-Ion 1750 mAh, removable"},{"label":"Stand-by","value":"Up to 175 h (2G) / Up to 175 h (3G)"},{"label":"Talk time","value":"Up to 6 h (2G) / Up to 5 h (3G)"}]},{"category":"Misc","specs":[{"label":"Colors","value":"Black"}]}]');
INSERT OR IGNORE INTO device_pictures (device_id, url, position) VALUES (1511, 'https://fdn2.gsmarena.com/vv/bigpic/allview-p6-life.jpg', 0);
INSERT OR IGNORE INTO device_pictures (device_id, url, position) VALUES (1511, 'https://fdn2.gsmarena.com/vv/pics/allview/allview-p6-life.jpg', 1);
INSERT OR IGNORE INTO devices (id, brand_id, name, gsmarena_url, thumbnail_url, summary) VALUES (1512, 8, 'C5 Smiley', 'https://www.gsmarena.com/allview_c5_smiley-6863.php', 'https://fdn2.gsmarena.com/vv/bigpic/allview-c5-smiley.jpg', 'C5 Smiley');
INSERT OR IGNORE INTO device_specs (device_id, announced, status, network, os, chipset, cpu, gpu, display_size, display_type, display_res, ram, storage, main_camera, selfie_camera, battery, charging, nfc, usb, bluetooth, wlan, colors, weight, dimensions, sim, sensors, popularity, fans, rating, full_specs_json) VALUES (1512, '2014, June. Released 2014, June', 'Discontinued', 'GSM / HSPA', 'Android 4.2.2 (Jelly Bean)', NULL, 'Dual-core 1.3 GHz Cortex-A7', 'Mali-400', '4.0 inches, 45.5 cm 2 (~56.9% screen-to-body ratio)', 'TFT', '480 x 800 pixels, 5:3 ratio (~233 ppi density)', NULL, '4GB', '3.15 MP, LED flash', 'VGA', 'Li-Ion 1400 mAh, removable', NULL, 'No', 'microUSB 2.0', '4.0, A2DP, EDR', 'Wi-Fi 802.11 b/g/n, Wi-Fi Direct, hotspot', 'Black, White, Pink, Blue, Yellow, Green, Orange', '118.5 g (4.20 oz)', '125 x 64 x 11 mm (4.92 x 2.52 x 0.43 in)', 'Micro-SIM', 'Accelerometer, compass', 'About 80 EUR', NULL, NULL, '[{"category":"Network","specs":[{"label":"Technology","value":"GSM / HSPA"},{"label":"2G bands","value":"GSM 900 / 1800 / 1900"},{"label":"3G bands","value":"HSDPA 900 / 2100"},{"label":"Speed","value":"HSPA 21.1/5.76 Mbps"}]},{"category":"Launch","specs":[{"label":"Announced","value":"2014, June. Released 2014, June"},{"label":"Status","value":"Discontinued"}]},{"category":"Body","specs":[{"label":"Dimensions","value":"125 x 64 x 11 mm (4.92 x 2.52 x 0.43 in)"},{"label":"Weight","value":"118.5 g (4.20 oz)"},{"label":"SIM","value":"Micro-SIM"}]},{"category":"Display","specs":[{"label":"Type","value":"TFT"},{"label":"Size","value":"4.0 inches, 45.5 cm 2 (~56.9% screen-to-body ratio)"},{"label":"Resolution","value":"480 x 800 pixels, 5:3 ratio (~233 ppi density)"}]},{"category":"Platform","specs":[{"label":"OS","value":"Android 4.2.2 (Jelly Bean)"},{"label":"CPU","value":"Dual-core 1.3 GHz Cortex-A7"},{"label":"GPU","value":"Mali-400"}]},{"category":"Memory","specs":[{"label":"Card slot","value":"microSDHC (dedicated slot)"},{"label":"Internal","value":"4GB 512MB RAM"}]},{"category":"Main Camera","specs":[{"label":"Single","value":"3.15 MP"},{"label":"Features","value":"LED flash"},{"label":"Video","value":"720p@30fps"}]},{"category":"Selfie camera","specs":[{"label":"Single","value":"VGA"}]},{"category":"Sound","specs":[{"label":"Loudspeaker","value":"Yes"},{"label":"3.5mm jack","value":"Yes"}]},{"category":"Comms","specs":[{"label":"WLAN","value":"Wi-Fi 802.11 b/g/n, Wi-Fi Direct, hotspot"},{"label":"Bluetooth","value":"4.0, A2DP, EDR"},{"label":"Positioning","value":"GPS"},{"label":"NFC","value":"No"},{"label":"USB","value":"microUSB 2.0"},{"label":"Radio","value":"FM radio"}]},{"category":"Features","specs":[{"label":"Sensors","value":"Accelerometer, compass"}]},{"category":"Battery","specs":[{"label":"Type","value":"Li-Ion 1400 mAh, removable"},{"label":"Stand-by","value":"Up to 145 h (2G) / Up to 145 h (3G)"},{"label":"Talk time","value":"Up to 6 h"}]},{"category":"Misc","specs":[{"label":"Colors","value":"Black, White, Pink, Blue, Yellow, Green, Orange"},{"label":"Price","value":"About 80 EUR"}]}]');
INSERT OR IGNORE INTO device_pictures (device_id, url, position) VALUES (1512, 'https://fdn2.gsmarena.com/vv/bigpic/allview-c5-smiley.jpg', 0);
INSERT OR IGNORE INTO device_pictures (device_id, url, position) VALUES (1512, 'https://fdn2.gsmarena.com/vv/pics/allview/allview-c5-smiley1.jpg', 1);
INSERT OR IGNORE INTO device_pictures (device_id, url, position) VALUES (1512, 'https://fdn2.gsmarena.com/vv/pics/allview/allview-c5-smiley2.jpg', 2);
INSERT OR IGNORE INTO devices (id, brand_id, name, gsmarena_url, thumbnail_url, summary) VALUES (1513, 8, 'C6 Quad 4G', 'https://www.gsmarena.com/allview_c6_quad_4g-6862.php', 'https://fdn2.gsmarena.com/vv/bigpic/allview-c6-quad-4g.jpg', 'C6 Quad 4G');
INSERT OR IGNORE INTO device_specs (device_id, announced, status, network, os, chipset, cpu, gpu, display_size, display_type, display_res, ram, storage, main_camera, selfie_camera, battery, charging, nfc, usb, bluetooth, wlan, colors, weight, dimensions, sim, sensors, popularity, fans, rating, full_specs_json) VALUES (1513, '2014, December. Released 2014, December', 'Discontinued', 'GSM / HSPA / LTE / 4G/LTE', 'Android 4.4.2 (KitKat)', NULL, 'Quad-core 1.3 GHz Cortex-A7', 'Mali-400', '4.5 inches, 55.8 cm 2 (~61.7% screen-to-body ratio)', 'IPS LCD', '480 x 854 pixels, 16:9 ratio (~218 ppi density)', '1GB', '8GB', '5 MP, AF, LED flash, panorama, HDR', 'VGA', 'Li-Ion 1800 mAh, removable', NULL, 'No', 'microUSB 2.0', '4.0, A2DP, EDR', 'Wi-Fi 802.11 b/g/n, Wi-Fi Direct, hotspot', 'Black, White', '150 g (5.29 oz)', '134.5 x 67.2 x 9.7 mm (5.30 x 2.65 x 0.38 in)', 'Micro-SIM', 'Accelerometer, proximity, compass', 'About 140 EUR', NULL, NULL, '[{"category":"Network","specs":[{"label":"Technology","value":"GSM / HSPA / LTE"},{"label":"2G bands","value":"GSM 900 / 1800 / 1900"},{"label":"3G bands","value":"HSDPA 900 / 2100"},{"label":"4G bands","value":"3, 7, 20"},{"label":"Speed","value":"HSPA 42.2/11.5 Mbps, LTE Cat4 150/50 Mbps"}]},{"category":"Launch","specs":[{"label":"Announced","value":"2014, December. Released 2014, December"},{"label":"Status","value":"Discontinued"}]},{"category":"Body","specs":[{"label":"Dimensions","value":"134.5 x 67.2 x 9.7 mm (5.30 x 2.65 x 0.38 in)"},{"label":"Weight","value":"150 g (5.29 oz)"},{"label":"SIM","value":"Micro-SIM"}]},{"category":"Display","specs":[{"label":"Type","value":"IPS LCD"},{"label":"Size","value":"4.5 inches, 55.8 cm 2 (~61.7% screen-to-body ratio)"},{"label":"Resolution","value":"480 x 854 pixels, 16:9 ratio (~218 ppi density)"}]},{"category":"Platform","specs":[{"label":"OS","value":"Android 4.4.2 (KitKat)"},{"label":"CPU","value":"Quad-core 1.3 GHz Cortex-A7"},{"label":"GPU","value":"Mali-400"}]},{"category":"Memory","specs":[{"label":"Card slot","value":"microSDHC (dedicated slot)"},{"label":"Internal","value":"8GB 1GB RAM"}]},{"category":"Main Camera","specs":[{"label":"Single","value":"5 MP, AF"},{"label":"Features","value":"LED flash, panorama, HDR"},{"label":"Video","value":"1080p@30fps"}]},{"category":"Selfie camera","specs":[{"label":"Single","value":"VGA"}]},{"category":"Sound","specs":[{"label":"Loudspeaker","value":"Yes"},{"label":"3.5mm jack","value":"Yes"}]},{"category":"Comms","specs":[{"label":"WLAN","value":"Wi-Fi 802.11 b/g/n, Wi-Fi Direct, hotspot"},{"label":"Bluetooth","value":"4.0, A2DP, EDR"},{"label":"Positioning","value":"GPS"},{"label":"NFC","value":"No"},{"label":"USB","value":"microUSB 2.0"},{"label":"Radio","value":"FM radio"}]},{"category":"Features","specs":[{"label":"Sensors","value":"Accelerometer, proximity, compass"}]},{"category":"Battery","specs":[{"label":"Type","value":"Li-Ion 1800 mAh, removable"},{"label":"Stand-by","value":"Up to 180 h (2G) / Up to 180 h (3G)"},{"label":"Talk time","value":"Up to 7 h 30 min (2G) / Up to 6 h 30 min (3G)"}]},{"category":"Misc","specs":[{"label":"Colors","value":"Black, White"},{"label":"Price","value":"About 140 EUR"}]}]');
INSERT OR IGNORE INTO device_pictures (device_id, url, position) VALUES (1513, 'https://fdn2.gsmarena.com/vv/bigpic/allview-c6-quad-4g.jpg', 0);
INSERT OR IGNORE INTO device_pictures (device_id, url, position) VALUES (1513, 'https://fdn2.gsmarena.com/vv/pics/allview/allview-c6-quad-4g.jpg', 1);
INSERT OR IGNORE INTO devices (id, brand_id, name, gsmarena_url, thumbnail_url, summary) VALUES (1514, 8, 'E2 Living', 'https://www.gsmarena.com/allview_e2_living-6861.php', 'https://fdn2.gsmarena.com/vv/bigpic/allview-e2-living.jpg', 'E2 Living');
INSERT OR IGNORE INTO device_specs (device_id, announced, status, network, os, chipset, cpu, gpu, display_size, display_type, display_res, ram, storage, main_camera, selfie_camera, battery, charging, nfc, usb, bluetooth, wlan, colors, weight, dimensions, sim, sensors, popularity, fans, rating, full_specs_json) VALUES (1514, '2014, May. Released 2014, May', 'Discontinued', 'GSM / HSPA', 'Android 4.4.2 (KitKat)', NULL, 'Dual-core 1.3 GHz Cortex-A7', 'Mali-400', '4.0 inches, 45.5 cm 2 (~59.0% screen-to-body ratio)', 'IPS LCD', '480 x 800 pixels, 5:3 ratio (~233 ppi density)', NULL, '4GB', '3.15 MP, LED flash, panorama, HDR', 'VGA', 'Li-Po 1350 mAh, removable', NULL, 'No', 'microUSB 2.0', '4.0, A2DP, EDR', 'Wi-Fi 802.11 b/g/n, Wi-Fi Direct, hotspot', 'Black', '119.8 g (4.23 oz)', '124.6 x 61.9 x 9.5 mm (4.91 x 2.44 x 0.37 in)', 'Dual SIM (Mini-SIM/ Micro-SIM, dual stand-by)', 'Accelerometer, proximity', 'About 90 EUR', NULL, NULL, '[{"category":"Network","specs":[{"label":"Technology","value":"GSM / HSPA"},{"label":"2G bands","value":"GSM 850 / 900 / 1800 / 1900 - SIM 1 & SIM 2"},{"label":"3G bands","value":"HSDPA 900 / 2100"},{"label":"Speed","value":"HSPA 21.1/5.76 Mbps"}]},{"category":"Launch","specs":[{"label":"Announced","value":"2014, May. Released 2014, May"},{"label":"Status","value":"Discontinued"}]},{"category":"Body","specs":[{"label":"Dimensions","value":"124.6 x 61.9 x 9.5 mm (4.91 x 2.44 x 0.37 in)"},{"label":"Weight","value":"119.8 g (4.23 oz)"},{"label":"SIM","value":"Dual SIM (Mini-SIM/ Micro-SIM, dual stand-by)"}]},{"category":"Display","specs":[{"label":"Type","value":"IPS LCD"},{"label":"Size","value":"4.0 inches, 45.5 cm 2 (~59.0% screen-to-body ratio)"},{"label":"Resolution","value":"480 x 800 pixels, 5:3 ratio (~233 ppi density)"}]},{"category":"Platform","specs":[{"label":"OS","value":"Android 4.4.2 (KitKat)"},{"label":"CPU","value":"Dual-core 1.3 GHz Cortex-A7"},{"label":"GPU","value":"Mali-400"}]},{"category":"Memory","specs":[{"label":"Card slot","value":"microSDHC"},{"label":"Internal","value":"4GB 512MB RAM"}]},{"category":"Main Camera","specs":[{"label":"Single","value":"3.15 MP"},{"label":"Features","value":"LED flash, panorama, HDR"},{"label":"Video","value":"720p@30fps"}]},{"category":"Selfie camera","specs":[{"label":"Single","value":"VGA"}]},{"category":"Sound","specs":[{"label":"Loudspeaker","value":"Yes"},{"label":"3.5mm jack","value":"Yes"}]},{"category":"Comms","specs":[{"label":"WLAN","value":"Wi-Fi 802.11 b/g/n, Wi-Fi Direct, hotspot"},{"label":"Bluetooth","value":"4.0, A2DP, EDR"},{"label":"Positioning","value":"GPS"},{"label":"NFC","value":"No"},{"label":"USB","value":"microUSB 2.0"},{"label":"Radio","value":"FM radio"}]},{"category":"Features","specs":[{"label":"Sensors","value":"Accelerometer, proximity"}]},{"category":"Battery","specs":[{"label":"Type","value":"Li-Po 1350 mAh, removable"},{"label":"Stand-by","value":"Up to 200 h (2G) / Up to 200 h (3G)"},{"label":"Talk time","value":"Up to 7 h"}]},{"category":"Misc","specs":[{"label":"Colors","value":"Black"},{"label":"Price","value":"About 90 EUR"}]}]');
INSERT OR IGNORE INTO device_pictures (device_id, url, position) VALUES (1514, 'https://fdn2.gsmarena.com/vv/bigpic/allview-e2-living.jpg', 0);
INSERT OR IGNORE INTO device_pictures (device_id, url, position) VALUES (1514, 'https://fdn2.gsmarena.com/vv/pics/allview/allview-e2-living.jpg', 1);
INSERT OR IGNORE INTO devices (id, brand_id, name, gsmarena_url, thumbnail_url, summary) VALUES (1515, 8, 'Twin X2', 'https://www.gsmarena.com/allview_twin_x2-6859.php', 'https://fdn2.gsmarena.com/vv/bigpic/allview-twin-x2.jpg', 'Twin X2');
INSERT OR IGNORE INTO device_specs (device_id, announced, status, network, os, chipset, cpu, gpu, display_size, display_type, display_res, ram, storage, main_camera, selfie_camera, battery, charging, nfc, usb, bluetooth, wlan, colors, weight, dimensions, sim, sensors, popularity, fans, rating, full_specs_json) VALUES (1515, '2014, August. Released 2014, August', 'Discontinued', 'GSM / HSPA', 'Android 4.4.2 (KitKat)', NULL, 'Octa-core 1.4 GHz Cortex-A7', 'Mali-450MP4', '5.0 inches, 68.9 cm 2 (~70.1% screen-to-body ratio)', 'IPS LCD', '720 x 1280 pixels, 16:9 ratio (~294 ppi density)', '1GB', '8GB', '8 MP, AF, LED flash, panorama, HDR', '2 MP', 'Li-Po 1920 mAh, non-removable', NULL, 'No', 'microUSB 2.0', '4.0, A2DP, EDR', 'Wi-Fi 802.11 b/g/n, Wi-Fi Direct, hotspot', 'Black', '149.7 g (5.29 oz)', '140.3 x 70.1 x 8 mm (5.52 x 2.76 x 0.31 in)', 'Dual SIM (Micro-SIM, dual stand-by)', 'Accelerometer, proximity', 'About 230 EUR', NULL, NULL, '[{"category":"Network","specs":[{"label":"Technology","value":"GSM / HSPA"},{"label":"2G bands","value":"GSM 850 / 900 / 1800 / 1900 - SIM 1 & SIM 2"},{"label":"3G bands","value":"HSDPA 900 / 2100"},{"label":"Speed","value":"HSPA 21.1/5.76 Mbps"}]},{"category":"Launch","specs":[{"label":"Announced","value":"2014, August. Released 2014, August"},{"label":"Status","value":"Discontinued"}]},{"category":"Body","specs":[{"label":"Dimensions","value":"140.3 x 70.1 x 8 mm (5.52 x 2.76 x 0.31 in)"},{"label":"Weight","value":"149.7 g (5.29 oz)"},{"label":"SIM","value":"Dual SIM (Micro-SIM, dual stand-by)"}]},{"category":"Display","specs":[{"label":"Type","value":"IPS LCD"},{"label":"Size","value":"5.0 inches, 68.9 cm 2 (~70.1% screen-to-body ratio)"},{"label":"Resolution","value":"720 x 1280 pixels, 16:9 ratio (~294 ppi density)"},{"label":"Protection","value":"Corning Gorilla Glass 3"}]},{"category":"Platform","specs":[{"label":"OS","value":"Android 4.4.2 (KitKat)"},{"label":"CPU","value":"Octa-core 1.4 GHz Cortex-A7"},{"label":"GPU","value":"Mali-450MP4"}]},{"category":"Memory","specs":[{"label":"Card slot","value":"microSDHC"},{"label":"Internal","value":"8GB 1GB RAM"}]},{"category":"Main Camera","specs":[{"label":"Single","value":"8 MP, AF"},{"label":"Features","value":"LED flash, panorama, HDR"},{"label":"Video","value":"1080p@30fps"}]},{"category":"Selfie camera","specs":[{"label":"Single","value":"2 MP"}]},{"category":"Sound","specs":[{"label":"Loudspeaker","value":"Yes"},{"label":"3.5mm jack","value":"Yes"}]},{"category":"Comms","specs":[{"label":"WLAN","value":"Wi-Fi 802.11 b/g/n, Wi-Fi Direct, hotspot"},{"label":"Bluetooth","value":"4.0, A2DP, EDR"},{"label":"Positioning","value":"GPS"},{"label":"NFC","value":"No"},{"label":"USB","value":"microUSB 2.0"},{"label":"Radio","value":"FM radio"}]},{"category":"Features","specs":[{"label":"Sensors","value":"Accelerometer, proximity"}]},{"category":"Battery","specs":[{"label":"Type","value":"Li-Po 1920 mAh, non-removable"},{"label":"Stand-by","value":"Up to 192 h (2G) / Up to 192 h (3G)"},{"label":"Talk time","value":"Up to 7 h 40 min (2G) / Up to 6 h 40 min (3G)"}]},{"category":"Misc","specs":[{"label":"Colors","value":"Black"},{"label":"Price","value":"About 230 EUR"}]}]');
INSERT OR IGNORE INTO device_pictures (device_id, url, position) VALUES (1515, 'https://fdn2.gsmarena.com/vv/bigpic/allview-twin-x2.jpg', 0);
INSERT OR IGNORE INTO device_pictures (device_id, url, position) VALUES (1515, 'https://fdn2.gsmarena.com/vv/pics/allview/allview-twin-x2.jpg', 1);
INSERT OR IGNORE INTO devices (id, brand_id, name, gsmarena_url, thumbnail_url, summary) VALUES (1516, 8, 'P7 Seon', 'https://www.gsmarena.com/allview_p7_seon-6858.php', 'https://fdn2.gsmarena.com/vv/bigpic/allview-p7-seon.jpg', 'P7 Seon');
INSERT OR IGNORE INTO device_specs (device_id, announced, status, network, os, chipset, cpu, gpu, display_size, display_type, display_res, ram, storage, main_camera, selfie_camera, battery, charging, nfc, usb, bluetooth, wlan, colors, weight, dimensions, sim, sensors, popularity, fans, rating, full_specs_json) VALUES (1516, '2014, July. Released 2014, July', 'Discontinued', 'GSM / HSPA', 'Android 4.4.2 (KitKat)', 'Mediatek MT6591', 'Hexa-core 1.5 GHz Cortex-A7', 'Mali-450MP4', '5.5 inches, 83.4 cm 2 (~68.4% screen-to-body ratio)', 'IPS LCD', '720 x 1280 pixels, 16:9 ratio (~267 ppi density)', '1GB', '8GB', '8 MP, AF, LED flash, panorama, HDR', '2 MP', 'Li-Ion 2400 mAh, removable', NULL, 'No', 'microUSB 2.0', '4.0, A2DP, EDR', 'Wi-Fi 802.11 b/g/n, Wi-Fi Direct, hotspot', 'Black', '146.4 g (5.15 oz)', '157 x 77.7 x 8.4 mm (6.18 x 3.06 x 0.33 in)', 'Dual SIM (Micro-SIM, dual stand-by)', 'Accelerometer, proximity, compass', 'About 230 EUR', NULL, NULL, '[{"category":"Network","specs":[{"label":"Technology","value":"GSM / HSPA"},{"label":"2G bands","value":"GSM 900 / 1800 / 1900 - SIM 1 & SIM 2"},{"label":"3G bands","value":"HSDPA 900 / 2100"},{"label":"Speed","value":"HSPA"}]},{"category":"Launch","specs":[{"label":"Announced","value":"2014, July. Released 2014, July"},{"label":"Status","value":"Discontinued"}]},{"category":"Body","specs":[{"label":"Dimensions","value":"157 x 77.7 x 8.4 mm (6.18 x 3.06 x 0.33 in)"},{"label":"Weight","value":"146.4 g (5.15 oz)"},{"label":"SIM","value":"Dual SIM (Micro-SIM, dual stand-by)"}]},{"category":"Display","specs":[{"label":"Type","value":"IPS LCD"},{"label":"Size","value":"5.5 inches, 83.4 cm 2 (~68.4% screen-to-body ratio)"},{"label":"Resolution","value":"720 x 1280 pixels, 16:9 ratio (~267 ppi density)"}]},{"category":"Platform","specs":[{"label":"OS","value":"Android 4.4.2 (KitKat)"},{"label":"Chipset","value":"Mediatek MT6591"},{"label":"CPU","value":"Hexa-core 1.5 GHz Cortex-A7"},{"label":"GPU","value":"Mali-450MP4"}]},{"category":"Memory","specs":[{"label":"Card slot","value":"microSDHC"},{"label":"Internal","value":"8GB 1GB RAM"}]},{"category":"Main Camera","specs":[{"label":"Single","value":"8 MP, AF"},{"label":"Features","value":"LED flash, panorama, HDR"},{"label":"Video","value":"1080p@30fps"}]},{"category":"Selfie camera","specs":[{"label":"Single","value":"2 MP"}]},{"category":"Sound","specs":[{"label":"Loudspeaker","value":"Yes"},{"label":"3.5mm jack","value":"Yes"}]},{"category":"Comms","specs":[{"label":"WLAN","value":"Wi-Fi 802.11 b/g/n, Wi-Fi Direct, hotspot"},{"label":"Bluetooth","value":"4.0, A2DP, EDR"},{"label":"Positioning","value":"GPS"},{"label":"NFC","value":"No"},{"label":"USB","value":"microUSB 2.0"},{"label":"Radio","value":"FM radio"}]},{"category":"Features","specs":[{"label":"Sensors","value":"Accelerometer, proximity, compass"}]},{"category":"Battery","specs":[{"label":"Type","value":"Li-Ion 2400 mAh, removable"},{"label":"Stand-by","value":"Up to 240 h (2G) / Up to 240 h (3G)"},{"label":"Talk time","value":"Up to 9 h 40 min (2G) / Up to 8 h 40 min (3G)"}]},{"category":"Misc","specs":[{"label":"Colors","value":"Black"},{"label":"Price","value":"About 230 EUR"}]}]');
INSERT OR IGNORE INTO device_pictures (device_id, url, position) VALUES (1516, 'https://fdn2.gsmarena.com/vv/bigpic/allview-p7-seon.jpg', 0);
INSERT OR IGNORE INTO device_pictures (device_id, url, position) VALUES (1516, 'https://fdn2.gsmarena.com/vv/pics/allview/allview-p7-seon.jpg', 1);
INSERT OR IGNORE INTO devices (id, brand_id, name, gsmarena_url, thumbnail_url, summary) VALUES (1517, 8, 'X1 Xtreme Mini', 'https://www.gsmarena.com/allview_x1_xtreme_mini-6857.php', 'https://fdn2.gsmarena.com/vv/bigpic/allview-x1-xtreme-mini.jpg', 'X1 Xtreme Mini');
INSERT OR IGNORE INTO device_specs (device_id, announced, status, network, os, chipset, cpu, gpu, display_size, display_type, display_res, ram, storage, main_camera, selfie_camera, battery, charging, nfc, usb, bluetooth, wlan, colors, weight, dimensions, sim, sensors, popularity, fans, rating, full_specs_json) VALUES (1517, '2014, November. Released 2014, December', 'Discontinued', 'GSM / HSPA', 'Android 4.4.2 (KitKat)', 'Qualcomm MSM8274 Snapdragon', 'Quad-core 2.15 GHz Krait 400', 'Adreno 330', '4.7 inches, 60.9 cm 2 (~67.3% screen-to-body ratio)', 'IPS LCD', '1080 x 1920 pixels, 16:9 ratio (~469 ppi density)', '2GB', '16GB', '16 MP, AF, LED flash, panorama, HDR', '4 MP', 'Li-Po 2200 mAh, non-removable', NULL, 'No', 'microUSB 2.0', '4.0, A2DP, EDR', 'Wi-Fi 802.11 a/b/g/n/ac, dual-band, hotspot', 'White, Green', '139.2 g (4.90 oz)', '137 x 66 x 10.3 mm (5.39 x 2.60 x 0.41 in)', 'Micro-SIM', 'Accelerometer, proximity, compass', 'About 300 EUR', NULL, NULL, '[{"category":"Network","specs":[{"label":"Technology","value":"GSM / HSPA"},{"label":"2G bands","value":"GSM 900 / 1800 / 1900"},{"label":"3G bands","value":"HSDPA 900 / 2100"},{"label":"Speed","value":"HSPA"}]},{"category":"Launch","specs":[{"label":"Announced","value":"2014, November. Released 2014, December"},{"label":"Status","value":"Discontinued"}]},{"category":"Body","specs":[{"label":"Dimensions","value":"137 x 66 x 10.3 mm (5.39 x 2.60 x 0.41 in)"},{"label":"Weight","value":"139.2 g (4.90 oz)"},{"label":"SIM","value":"Micro-SIM"}]},{"category":"Display","specs":[{"label":"Type","value":"IPS LCD"},{"label":"Size","value":"4.7 inches, 60.9 cm 2 (~67.3% screen-to-body ratio)"},{"label":"Resolution","value":"1080 x 1920 pixels, 16:9 ratio (~469 ppi density)"},{"label":"Protection","value":"Corning Gorilla Glass 3"}]},{"category":"Platform","specs":[{"label":"OS","value":"Android 4.4.2 (KitKat)"},{"label":"Chipset","value":"Qualcomm MSM8274 Snapdragon"},{"label":"CPU","value":"Quad-core 2.15 GHz Krait 400"},{"label":"GPU","value":"Adreno 330"}]},{"category":"Memory","specs":[{"label":"Card slot","value":"No"},{"label":"Internal","value":"16GB 2GB RAM"}]},{"category":"Main Camera","specs":[{"label":"Single","value":"16 MP, AF"},{"label":"Features","value":"LED flash, panorama, HDR"},{"label":"Video","value":"1080p@30fps"}]},{"category":"Selfie camera","specs":[{"label":"Single","value":"4 MP"}]},{"category":"Sound","specs":[{"label":"Loudspeaker","value":"Yes"},{"label":"3.5mm jack","value":"Yes"}]},{"category":"Comms","specs":[{"label":"WLAN","value":"Wi-Fi 802.11 a/b/g/n/ac, dual-band, hotspot"},{"label":"Bluetooth","value":"4.0, A2DP, EDR"},{"label":"Positioning","value":"GPS"},{"label":"NFC","value":"No"},{"label":"USB","value":"microUSB 2.0"},{"label":"Radio","value":"FM radio"}]},{"category":"Features","specs":[{"label":"Sensors","value":"Accelerometer, proximity, compass"}]},{"category":"Battery","specs":[{"label":"Type","value":"Li-Po 2200 mAh, non-removable"},{"label":"Stand-by","value":"Up to 220 h"},{"label":"Talk time","value":"Up to 11 h"}]},{"category":"Misc","specs":[{"label":"Colors","value":"White, Green"},{"label":"Price","value":"About 300 EUR"}]}]');
INSERT OR IGNORE INTO device_pictures (device_id, url, position) VALUES (1517, 'https://fdn2.gsmarena.com/vv/bigpic/allview-x1-xtreme-mini.jpg', 0);
INSERT OR IGNORE INTO device_pictures (device_id, url, position) VALUES (1517, 'https://fdn2.gsmarena.com/vv/pics/allview/allview-x1-xtreme-mini.jpg', 1);
INSERT OR IGNORE INTO devices (id, brand_id, name, gsmarena_url, thumbnail_url, summary) VALUES (1518, 8, 'X2 Soul Mini', 'https://www.gsmarena.com/allview_x2_soul_mini-6782.php', 'https://fdn2.gsmarena.com/vv/bigpic/allview-x2-soul-mini.jpg', 'X2 Soul Mini');
INSERT OR IGNORE INTO device_specs (device_id, announced, status, network, os, chipset, cpu, gpu, display_size, display_type, display_res, ram, storage, main_camera, selfie_camera, battery, charging, nfc, usb, bluetooth, wlan, colors, weight, dimensions, sim, sensors, popularity, fans, rating, full_specs_json) VALUES (1518, '2014, October. Released 2014, October', 'Discontinued', 'GSM / HSPA', 'Android 4.4.2 (KitKat)', 'Mediatek MT6592 (28 nm)', 'Octa-core 1.7 GHz Cortex-A7', 'Mali-450MP4', '4.8 inches, 63.5 cm 2 (~67.4% screen-to-body ratio)', 'AMOLED', '720 x 1280 pixels, 16:9 ratio (~306 ppi density)', '1GB', '16GB', '8 MP, AF, LED flash, panorama, HDR', '5 MP', 'Li-Ion 2050 mAh, non-removable', NULL, 'No', 'microUSB 2.0', '4.0, A2DP, EDR', 'Wi-Fi 802.11 b/g/n, Wi-Fi Direct, hotspot', 'Black, White', '97 g (3.42 oz)', '139.8 x 67.4 x 5.2 mm (5.50 x 2.65 x 0.20 in)', 'Micro-SIM', 'Accelerometer, gyro, proximity, compass', 'About 230 EUR', NULL, NULL, '[{"category":"Network","specs":[{"label":"Technology","value":"GSM / HSPA"},{"label":"2G bands","value":"GSM 900 / 1800 / 1900"},{"label":"3G bands","value":"HSDPA 900 / 2100"},{"label":"Speed","value":"HSPA"}]},{"category":"Launch","specs":[{"label":"Announced","value":"2014, October. Released 2014, October"},{"label":"Status","value":"Discontinued"}]},{"category":"Body","specs":[{"label":"Dimensions","value":"139.8 x 67.4 x 5.2 mm (5.50 x 2.65 x 0.20 in)"},{"label":"Weight","value":"97 g (3.42 oz)"},{"label":"SIM","value":"Micro-SIM"}]},{"category":"Display","specs":[{"label":"Type","value":"AMOLED"},{"label":"Size","value":"4.8 inches, 63.5 cm 2 (~67.4% screen-to-body ratio)"},{"label":"Resolution","value":"720 x 1280 pixels, 16:9 ratio (~306 ppi density)"}]},{"category":"Platform","specs":[{"label":"OS","value":"Android 4.4.2 (KitKat)"},{"label":"Chipset","value":"Mediatek MT6592 (28 nm)"},{"label":"CPU","value":"Octa-core 1.7 GHz Cortex-A7"},{"label":"GPU","value":"Mali-450MP4"}]},{"category":"Memory","specs":[{"label":"Card slot","value":"No"},{"label":"Internal","value":"16GB 1GB RAM"}]},{"category":"Main Camera","specs":[{"label":"Single","value":"8 MP, AF"},{"label":"Features","value":"LED flash, panorama, HDR"},{"label":"Video","value":"1080p@30fps"}]},{"category":"Selfie camera","specs":[{"label":"Single","value":"5 MP"}]},{"category":"Sound","specs":[{"label":"Loudspeaker","value":"Yes"},{"label":"3.5mm jack","value":"Yes"}]},{"category":"Comms","specs":[{"label":"WLAN","value":"Wi-Fi 802.11 b/g/n, Wi-Fi Direct, hotspot"},{"label":"Bluetooth","value":"4.0, A2DP, EDR"},{"label":"Positioning","value":"GPS"},{"label":"NFC","value":"No"},{"label":"USB","value":"microUSB 2.0"},{"label":"Radio","value":"FM radio, RDS"}]},{"category":"Features","specs":[{"label":"Sensors","value":"Accelerometer, gyro, proximity, compass"}]},{"category":"Battery","specs":[{"label":"Type","value":"Li-Ion 2050 mAh, non-removable"},{"label":"Stand-by","value":"Up to 205 h (3G)"},{"label":"Talk time","value":"Up to 11 h (3G)"}]},{"category":"Misc","specs":[{"label":"Colors","value":"Black, White"},{"label":"Price","value":"About 230 EUR"}]}]');
INSERT OR IGNORE INTO device_pictures (device_id, url, position) VALUES (1518, 'https://fdn2.gsmarena.com/vv/bigpic/allview-x2-soul-mini.jpg', 0);
INSERT OR IGNORE INTO device_pictures (device_id, url, position) VALUES (1518, 'https://fdn2.gsmarena.com/vv/pics/allview/allview-x2-soul-mini-2.jpg', 1);
INSERT OR IGNORE INTO device_pictures (device_id, url, position) VALUES (1518, 'https://fdn2.gsmarena.com/vv/pics/allview/allview-x2-soul-mini-1.jpg', 2);
INSERT OR IGNORE INTO devices (id, brand_id, name, gsmarena_url, thumbnail_url, summary) VALUES (1519, 8, 'Impera M', 'https://www.gsmarena.com/allview_impera_m-6860.php', 'https://fdn2.gsmarena.com/vv/bigpic/allview-impera-m.jpg', 'Impera M');
INSERT OR IGNORE INTO device_specs (device_id, announced, status, network, os, chipset, cpu, gpu, display_size, display_type, display_res, ram, storage, main_camera, selfie_camera, battery, charging, nfc, usb, bluetooth, wlan, colors, weight, dimensions, sim, sensors, popularity, fans, rating, full_specs_json) VALUES (1519, '2014, October. Released 2014, October', 'Discontinued', 'GSM / HSPA', 'Microsoft Windows Phone 8.1', 'Qualcomm MSM8212 Snapdragon 200 (28 nm)', 'Quad-core 1.2 GHz Cortex-A7', 'Adreno 302', '4.0 inches, 45.5 cm 2 (~57.7% screen-to-body ratio)', 'TFT', '480 x 800 pixels, 5:3 ratio (~233 ppi density)', NULL, '4GB', '5 MP, LED flash', 'VGA', 'Li-Ion 1420 mAh, removable', NULL, 'No', 'microUSB 2.0', '4.0, A2DP, EDR', 'Wi-Fi 802.11 b/g/n, hotspot', 'Black', '110 g (3.88 oz)', '122.5 x 64.4 x 9.9 mm (4.82 x 2.54 x 0.39 in)', 'Dual SIM (Micro-SIM, dual stand-by)', 'Accelerometer, proximity', 'About 90 EUR', NULL, NULL, '[{"category":"Network","specs":[{"label":"Technology","value":"GSM / HSPA"},{"label":"2G bands","value":"GSM 850 / 900 / 1800 / 1900 - SIM 1 & SIM 2"},{"label":"3G bands","value":"HSDPA 900 / 2100"},{"label":"Speed","value":"HSPA 42.2/5.76 Mbps"}]},{"category":"Launch","specs":[{"label":"Announced","value":"2014, October. Released 2014, October"},{"label":"Status","value":"Discontinued"}]},{"category":"Body","specs":[{"label":"Dimensions","value":"122.5 x 64.4 x 9.9 mm (4.82 x 2.54 x 0.39 in)"},{"label":"Weight","value":"110 g (3.88 oz)"},{"label":"SIM","value":"Dual SIM (Micro-SIM, dual stand-by)"}]},{"category":"Display","specs":[{"label":"Type","value":"TFT"},{"label":"Size","value":"4.0 inches, 45.5 cm 2 (~57.7% screen-to-body ratio)"},{"label":"Resolution","value":"480 x 800 pixels, 5:3 ratio (~233 ppi density)"}]},{"category":"Platform","specs":[{"label":"OS","value":"Microsoft Windows Phone 8.1"},{"label":"Chipset","value":"Qualcomm MSM8212 Snapdragon 200 (28 nm)"},{"label":"CPU","value":"Quad-core 1.2 GHz Cortex-A7"},{"label":"GPU","value":"Adreno 302"}]},{"category":"Memory","specs":[{"label":"Card slot","value":"microSDHC"},{"label":"Internal","value":"4GB 512MB RAM"}]},{"category":"Main Camera","specs":[{"label":"Single","value":"5 MP"},{"label":"Features","value":"LED flash"},{"label":"Video","value":"480p"}]},{"category":"Selfie camera","specs":[{"label":"Single","value":"VGA"}]},{"category":"Sound","specs":[{"label":"Loudspeaker","value":"Yes"},{"label":"3.5mm jack","value":"Yes"}]},{"category":"Comms","specs":[{"label":"WLAN","value":"Wi-Fi 802.11 b/g/n, hotspot"},{"label":"Bluetooth","value":"4.0, A2DP, EDR"},{"label":"Positioning","value":"GPS"},{"label":"NFC","value":"No"},{"label":"USB","value":"microUSB 2.0"},{"label":"Radio","value":"FM radio"}]},{"category":"Features","specs":[{"label":"Sensors","value":"Accelerometer, proximity"}]},{"category":"Battery","specs":[{"label":"Type","value":"Li-Ion 1420 mAh, removable"},{"label":"Stand-by","value":"Up to 200 h"},{"label":"Talk time","value":"Up to 6 h 30 min"}]},{"category":"Misc","specs":[{"label":"Colors","value":"Black"},{"label":"Price","value":"About 90 EUR"}]}]');
INSERT OR IGNORE INTO device_pictures (device_id, url, position) VALUES (1519, 'https://fdn2.gsmarena.com/vv/bigpic/allview-impera-m.jpg', 0);
INSERT OR IGNORE INTO device_pictures (device_id, url, position) VALUES (1519, 'https://fdn2.gsmarena.com/vv/pics/allview/allview-impera-m.jpg', 1);
INSERT OR IGNORE INTO devices (id, brand_id, name, gsmarena_url, thumbnail_url, summary) VALUES (1520, 8, 'Impera S', 'https://www.gsmarena.com/allview_impera_s-6473.php', 'https://fdn2.gsmarena.com/vv/bigpic/allview-impera-s.jpg', 'Impera S');
INSERT OR IGNORE INTO device_specs (device_id, announced, status, network, os, chipset, cpu, gpu, display_size, display_type, display_res, ram, storage, main_camera, selfie_camera, battery, charging, nfc, usb, bluetooth, wlan, colors, weight, dimensions, sim, sensors, popularity, fans, rating, full_specs_json) VALUES (1520, '2014, June. Released 2014, August', 'Discontinued', 'GSM / HSPA', 'Microsoft Windows Phone 8.1', 'Qualcomm MSM8212 Snapdragon 200 (28 nm)', 'Quad-core 1.2 GHz Cortex-A7', 'Adreno 302', '5.0 inches, 68.9 cm 2 (~66.0% screen-to-body ratio)', 'IPS LCD', '720 x 1280 pixels, 16:9 ratio (~294 ppi density)', '1GB', '8GB', '8 MP, AF, LED flash, panorama', '2 MP', 'Li-Ion 2000 mAh, removable', NULL, 'No', 'microUSB 2.0', '4.0, A2DP, EDR', 'Wi-Fi 802.11 b/g/n, hotspot', 'Black', '156.2 g (5.50 oz)', '144.9 x 72.1 x 8.8 mm (5.70 x 2.84 x 0.35 in)', 'Dual SIM (Dual stand-by)', 'Accelerometer, proximity', 'About 170 EUR', NULL, NULL, '[{"category":"Network","specs":[{"label":"Technology","value":"GSM / HSPA"},{"label":"2G bands","value":"GSM 900 / 1800 - SIM 1 & SIM 2"},{"label":"3G bands","value":"HSDPA 900 / 2100"},{"label":"Speed","value":"HSPA 42.2/5.76 Mbps"}]},{"category":"Launch","specs":[{"label":"Announced","value":"2014, June. Released 2014, August"},{"label":"Status","value":"Discontinued"}]},{"category":"Body","specs":[{"label":"Dimensions","value":"144.9 x 72.1 x 8.8 mm (5.70 x 2.84 x 0.35 in)"},{"label":"Weight","value":"156.2 g (5.50 oz)"},{"label":"SIM","value":"Dual SIM (Dual stand-by)"}]},{"category":"Display","specs":[{"label":"Type","value":"IPS LCD"},{"label":"Size","value":"5.0 inches, 68.9 cm 2 (~66.0% screen-to-body ratio)"},{"label":"Resolution","value":"720 x 1280 pixels, 16:9 ratio (~294 ppi density)"},{"label":"Protection","value":"Scratch-resistant glass"}]},{"category":"Platform","specs":[{"label":"OS","value":"Microsoft Windows Phone 8.1"},{"label":"Chipset","value":"Qualcomm MSM8212 Snapdragon 200 (28 nm)"},{"label":"CPU","value":"Quad-core 1.2 GHz Cortex-A7"},{"label":"GPU","value":"Adreno 302"}]},{"category":"Memory","specs":[{"label":"Card slot","value":"microSDHC"},{"label":"Internal","value":"8GB 1GB RAM"}]},{"category":"Main Camera","specs":[{"label":"Single","value":"8 MP, AF"},{"label":"Features","value":"LED flash, panorama"},{"label":"Video","value":"Yes"}]},{"category":"Selfie camera","specs":[{"label":"Single","value":"2 MP"}]},{"category":"Sound","specs":[{"label":"Loudspeaker","value":"Yes"},{"label":"3.5mm jack","value":"Yes"}]},{"category":"Comms","specs":[{"label":"WLAN","value":"Wi-Fi 802.11 b/g/n, hotspot"},{"label":"Bluetooth","value":"4.0, A2DP, EDR"},{"label":"Positioning","value":"GPS"},{"label":"NFC","value":"No"},{"label":"USB","value":"microUSB 2.0"},{"label":"Radio","value":"FM radio"}]},{"category":"Features","specs":[{"label":"Sensors","value":"Accelerometer, proximity"}]},{"category":"Battery","specs":[{"label":"Type","value":"Li-Ion 2000 mAh, removable"},{"label":"Stand-by","value":"Up to 200 h"},{"label":"Talk time","value":"Up to 8 h 20 min"}]},{"category":"Misc","specs":[{"label":"Colors","value":"Black"},{"label":"Price","value":"About 170 EUR"}]}]');
INSERT OR IGNORE INTO device_pictures (device_id, url, position) VALUES (1520, 'https://fdn2.gsmarena.com/vv/bigpic/allview-impera-s.jpg', 0);
INSERT OR IGNORE INTO device_pictures (device_id, url, position) VALUES (1520, 'https://fdn2.gsmarena.com/vv/pics/allview/allview-impera-s-1.jpg', 1);
INSERT OR IGNORE INTO device_pictures (device_id, url, position) VALUES (1520, 'https://fdn2.gsmarena.com/vv/pics/allview/allview-impera-s-2.jpg', 2);
INSERT OR IGNORE INTO devices (id, brand_id, name, gsmarena_url, thumbnail_url, summary) VALUES (1521, 8, 'Impera i', 'https://www.gsmarena.com/allview_impera_i-6472.php', 'https://fdn2.gsmarena.com/vv/bigpic/allview-impera-i.jpg', 'Impera i');
INSERT OR IGNORE INTO device_specs (device_id, announced, status, network, os, chipset, cpu, gpu, display_size, display_type, display_res, ram, storage, main_camera, selfie_camera, battery, charging, nfc, usb, bluetooth, wlan, colors, weight, dimensions, sim, sensors, popularity, fans, rating, full_specs_json) VALUES (1521, '2014, June. Released 2014, August', 'Discontinued', 'GSM / HSPA', 'Microsoft Windows Phone 8.1', 'Qualcomm MSM8212 Snapdragon 200 (28 nm)', 'Quad-core 1.2 GHz Cortex-A7', 'Adreno 302', '4.7 inches, 60.9 cm 2 (~66.7% screen-to-body ratio)', 'IPS LCD', '720 x 1280 pixels, 16:9 ratio (~312 ppi density)', '1GB', '8GB', '8 MP, AF, LED flash, panorama', '2 MP', 'Li-Po 1750 mAh, removable', NULL, 'No', 'microUSB 2.0', '4.0, A2DP, EDR', 'Wi-Fi 802.11 b/g/n, hotspot', 'Black', '98.9 g (3.46 oz)', '135.8 x 67.2 x 7.2 mm (5.35 x 2.65 x 0.28 in)', 'Dual SIM (Dual stand-by)', 'Accelerometer, proximity, compass', 'About 160 EUR', NULL, NULL, '[{"category":"Network","specs":[{"label":"Technology","value":"GSM / HSPA"},{"label":"2G bands","value":"GSM 850 / 900 / 1800 / 1900 - SIM 1 & SIM 2"},{"label":"3G bands","value":"HSDPA 900 / 2100"},{"label":"Speed","value":"HSPA 42.2/5.76 Mbps"}]},{"category":"Launch","specs":[{"label":"Announced","value":"2014, June. Released 2014, August"},{"label":"Status","value":"Discontinued"}]},{"category":"Body","specs":[{"label":"Dimensions","value":"135.8 x 67.2 x 7.2 mm (5.35 x 2.65 x 0.28 in)"},{"label":"Weight","value":"98.9 g (3.46 oz)"},{"label":"SIM","value":"Dual SIM (Dual stand-by)"}]},{"category":"Display","specs":[{"label":"Type","value":"IPS LCD"},{"label":"Size","value":"4.7 inches, 60.9 cm 2 (~66.7% screen-to-body ratio)"},{"label":"Resolution","value":"720 x 1280 pixels, 16:9 ratio (~312 ppi density)"},{"label":"Protection","value":"Scratch-resistant glass"}]},{"category":"Platform","specs":[{"label":"OS","value":"Microsoft Windows Phone 8.1"},{"label":"Chipset","value":"Qualcomm MSM8212 Snapdragon 200 (28 nm)"},{"label":"CPU","value":"Quad-core 1.2 GHz Cortex-A7"},{"label":"GPU","value":"Adreno 302"}]},{"category":"Memory","specs":[{"label":"Card slot","value":"microSDHC"},{"label":"Internal","value":"8GB 1GB RAM"}]},{"category":"Main Camera","specs":[{"label":"Single","value":"8 MP, AF"},{"label":"Features","value":"LED flash, panorama"},{"label":"Video","value":"Yes"}]},{"category":"Selfie camera","specs":[{"label":"Single","value":"2 MP"}]},{"category":"Sound","specs":[{"label":"Loudspeaker","value":"Yes"},{"label":"3.5mm jack","value":"Yes"}]},{"category":"Comms","specs":[{"label":"WLAN","value":"Wi-Fi 802.11 b/g/n, hotspot"},{"label":"Bluetooth","value":"4.0, A2DP, EDR"},{"label":"Positioning","value":"GPS"},{"label":"NFC","value":"No"},{"label":"USB","value":"microUSB 2.0"},{"label":"Radio","value":"FM radio"}]},{"category":"Features","specs":[{"label":"Sensors","value":"Accelerometer, proximity, compass"}]},{"category":"Battery","specs":[{"label":"Type","value":"Li-Po 1750 mAh, removable"},{"label":"Stand-by","value":"Up to 200 h"},{"label":"Talk time","value":"Up to 7 h 20 min"}]},{"category":"Misc","specs":[{"label":"Colors","value":"Black"},{"label":"Price","value":"About 160 EUR"}]}]');
INSERT OR IGNORE INTO device_pictures (device_id, url, position) VALUES (1521, 'https://fdn2.gsmarena.com/vv/bigpic/allview-impera-i.jpg', 0);
INSERT OR IGNORE INTO device_pictures (device_id, url, position) VALUES (1521, 'https://fdn2.gsmarena.com/vv/pics/allview/allview-impera-i-2.jpg', 1);
INSERT OR IGNORE INTO device_pictures (device_id, url, position) VALUES (1521, 'https://fdn2.gsmarena.com/vv/pics/allview/allview-impera-i-3.jpg', 2);
INSERT OR IGNORE INTO devices (id, brand_id, name, gsmarena_url, thumbnail_url, summary) VALUES (1522, 8, 'A6 Quad', 'https://www.gsmarena.com/allview_a6_quad-6446.php', 'https://fdn2.gsmarena.com/vv/bigpic/allview-a6-quad.jpg', 'A6 Quad');
INSERT OR IGNORE INTO device_specs (device_id, announced, status, network, os, chipset, cpu, gpu, display_size, display_type, display_res, ram, storage, main_camera, selfie_camera, battery, charging, nfc, usb, bluetooth, wlan, colors, weight, dimensions, sim, sensors, popularity, fans, rating, full_specs_json) VALUES (1522, '2014, June. Released 2014, June', 'Discontinued', 'GSM / HSPA', 'Android 4.3 (Jelly Bean)', 'Qualcomm MSM8212 Snapdragon 200 (28 nm)', 'Quad-core 1.2 GHz Cortex-A7', 'Adreno 305', '4.0 inches, 45.5 cm 2 (~55.9% screen-to-body ratio)', 'IPS LCD', '480 x 800 pixels, 5:3 ratio (~233 ppi density)', NULL, '4GB', '5 MP, AF, LED flash, HDR', 'VGA', 'Li-Ion 1500 mAh, removable', NULL, 'No', 'microUSB 2.0', '4.0, A2DP, EDR', 'Wi-Fi 802.11 b/g/n, hotspot, Wi-Fi Direct', 'Black, White, Red', '118.7 g (4.20 oz)', '125.4 x 65 x 10.7 mm (4.94 x 2.56 x 0.42 in)', 'Dual SIM (dual stand-by)', 'Accelerometer, proximity', 'About 130 EUR', NULL, NULL, '[{"category":"Network","specs":[{"label":"Technology","value":"GSM / HSPA"},{"label":"2G bands","value":"GSM 900 / 1800"},{"label":"3G bands","value":"HSDPA 900 / 2100"},{"label":"Speed","value":"HSPA"}]},{"category":"Launch","specs":[{"label":"Announced","value":"2014, June. Released 2014, June"},{"label":"Status","value":"Discontinued"}]},{"category":"Body","specs":[{"label":"Dimensions","value":"125.4 x 65 x 10.7 mm (4.94 x 2.56 x 0.42 in)"},{"label":"Weight","value":"118.7 g (4.20 oz)"},{"label":"SIM","value":"Dual SIM (dual stand-by)"}]},{"category":"Display","specs":[{"label":"Type","value":"IPS LCD"},{"label":"Size","value":"4.0 inches, 45.5 cm 2 (~55.9% screen-to-body ratio)"},{"label":"Resolution","value":"480 x 800 pixels, 5:3 ratio (~233 ppi density)"}]},{"category":"Platform","specs":[{"label":"OS","value":"Android 4.3 (Jelly Bean)"},{"label":"Chipset","value":"Qualcomm MSM8212 Snapdragon 200 (28 nm)"},{"label":"CPU","value":"Quad-core 1.2 GHz Cortex-A7"},{"label":"GPU","value":"Adreno 305"}]},{"category":"Memory","specs":[{"label":"Card slot","value":"microSDHC"},{"label":"Internal","value":"4GB 512MB RAM"}]},{"category":"Main Camera","specs":[{"label":"Single","value":"5 MP, AF"},{"label":"Features","value":"LED flash, HDR"},{"label":"Video","value":"720p@20fps"}]},{"category":"Selfie camera","specs":[{"label":"Single","value":"VGA"}]},{"category":"Sound","specs":[{"label":"Loudspeaker","value":"Yes"},{"label":"3.5mm jack","value":"Yes"}]},{"category":"Comms","specs":[{"label":"WLAN","value":"Wi-Fi 802.11 b/g/n, hotspot, Wi-Fi Direct"},{"label":"Bluetooth","value":"4.0, A2DP, EDR"},{"label":"Positioning","value":"GPS"},{"label":"NFC","value":"No"},{"label":"USB","value":"microUSB 2.0"},{"label":"Radio","value":"FM radio"}]},{"category":"Features","specs":[{"label":"Sensors","value":"Accelerometer, proximity"}]},{"category":"Battery","specs":[{"label":"Type","value":"Li-Ion 1500 mAh, removable"},{"label":"Stand-by","value":"Up to 150 h"},{"label":"Talk time","value":"Up to 5 h 20 min"}]},{"category":"Misc","specs":[{"label":"Colors","value":"Black, White, Red"},{"label":"Price","value":"About 130 EUR"}]}]');
INSERT OR IGNORE INTO device_pictures (device_id, url, position) VALUES (1522, 'https://fdn2.gsmarena.com/vv/bigpic/allview-a6-quad.jpg', 0);
INSERT OR IGNORE INTO device_pictures (device_id, url, position) VALUES (1522, 'https://fdn2.gsmarena.com/vv/pics/allview/allview-a6-quad.jpg', 1);
INSERT OR IGNORE INTO devices (id, brand_id, name, gsmarena_url, thumbnail_url, summary) VALUES (1523, 8, 'X2 Soul', 'https://www.gsmarena.com/allview_x2_soul-6379.php', 'https://fdn2.gsmarena.com/vv/bigpic/allview-x2-soul.jpg', 'X2 Soul');
INSERT OR IGNORE INTO device_specs (device_id, announced, status, network, os, chipset, cpu, gpu, display_size, display_type, display_res, ram, storage, main_camera, selfie_camera, battery, charging, nfc, usb, bluetooth, wlan, colors, weight, dimensions, sim, sensors, popularity, fans, rating, full_specs_json) VALUES (1523, '2014, May. Released 2014, May', 'Discontinued', 'GSM / HSPA', 'Android 4.2.2 (Jelly Bean), upgradable to 4.4.2 (KitKat)', 'Mediatek MT6592 (28 nm)', 'Octa-core 1.7 GHz Cortex-A7', 'Mali-450MP4', '5.0 inches, 68.9 cm 2 (~67.8% screen-to-body ratio)', 'Super AMOLED', '1080 x 1920 pixels, 16:9 ratio (~441 ppi density)', '2GB', '16GB', '13 MP, AF, LED flash, HDR', '5 MP', 'Li-Ion 2300 mAh, non-removable', NULL, 'No', 'microUSB 2.0, OTG', '4.0, A2DP, EDR', 'Wi-Fi 802.11 b/g/n, Wi-Fi Direct, hotspot', 'Black, white', '129 g (4.55 oz)', '145.1 x 70.1 x 5.6 mm (5.71 x 2.76 x 0.22 in)', 'Micro-SIM', 'Accelerometer, gyro, proximity, compass', 'About 340 EUR', NULL, NULL, '[{"category":"Network","specs":[{"label":"Technology","value":"GSM / HSPA"},{"label":"2G bands","value":"GSM 900 / 1800 / 1900"},{"label":"3G bands","value":"HSDPA 900 / 2100"},{"label":"Speed","value":"HSPA"}]},{"category":"Launch","specs":[{"label":"Announced","value":"2014, May. Released 2014, May"},{"label":"Status","value":"Discontinued"}]},{"category":"Body","specs":[{"label":"Dimensions","value":"145.1 x 70.1 x 5.6 mm (5.71 x 2.76 x 0.22 in)"},{"label":"Weight","value":"129 g (4.55 oz)"},{"label":"SIM","value":"Micro-SIM"}]},{"category":"Display","specs":[{"label":"Type","value":"Super AMOLED"},{"label":"Size","value":"5.0 inches, 68.9 cm 2 (~67.8% screen-to-body ratio)"},{"label":"Resolution","value":"1080 x 1920 pixels, 16:9 ratio (~441 ppi density)"}]},{"category":"Platform","specs":[{"label":"OS","value":"Android 4.2.2 (Jelly Bean), upgradable to 4.4.2 (KitKat)"},{"label":"Chipset","value":"Mediatek MT6592 (28 nm)"},{"label":"CPU","value":"Octa-core 1.7 GHz Cortex-A7"},{"label":"GPU","value":"Mali-450MP4"}]},{"category":"Memory","specs":[{"label":"Card slot","value":"No"},{"label":"Internal","value":"16GB 2GB RAM"}]},{"category":"Main Camera","specs":[{"label":"Single","value":"13 MP, AF"},{"label":"Features","value":"LED flash, HDR"},{"label":"Video","value":"1080p@30fps"}]},{"category":"Selfie camera","specs":[{"label":"Single","value":"5 MP"}]},{"category":"Sound","specs":[{"label":"Loudspeaker","value":"Yes"},{"label":"3.5mm jack","value":"Yes"}]},{"category":"Comms","specs":[{"label":"WLAN","value":"Wi-Fi 802.11 b/g/n, Wi-Fi Direct, hotspot"},{"label":"Bluetooth","value":"4.0, A2DP, EDR"},{"label":"Positioning","value":"GPS"},{"label":"NFC","value":"No"},{"label":"USB","value":"microUSB 2.0, OTG"},{"label":"Radio","value":"FM radio, RDS"}]},{"category":"Features","specs":[{"label":"Sensors","value":"Accelerometer, gyro, proximity, compass"}]},{"category":"Battery","specs":[{"label":"Type","value":"Li-Ion 2300 mAh, non-removable"},{"label":"Stand-by","value":"Up to 230 h"},{"label":"Talk time","value":"Up to 10 h"}]},{"category":"Misc","specs":[{"label":"Colors","value":"Black, white"},{"label":"Price","value":"About 340 EUR"}]}]');
INSERT OR IGNORE INTO device_pictures (device_id, url, position) VALUES (1523, 'https://fdn2.gsmarena.com/vv/bigpic/allview-x2-soul.jpg', 0);
INSERT OR IGNORE INTO device_pictures (device_id, url, position) VALUES (1523, 'https://fdn2.gsmarena.com/vv/pics/allview/allview-x2-soul-1.jpg', 1);
INSERT OR IGNORE INTO device_pictures (device_id, url, position) VALUES (1523, 'https://fdn2.gsmarena.com/vv/pics/allview/allview-x2-soul-2.jpg', 2);
INSERT OR IGNORE INTO devices (id, brand_id, name, gsmarena_url, thumbnail_url, summary) VALUES (1524, 8, 'P7 Xtreme', 'https://www.gsmarena.com/allview_p7_xtreme-6292.php', 'https://fdn2.gsmarena.com/vv/bigpic/allview-p7-xtreme.jpg', 'P7 Xtreme');
INSERT OR IGNORE INTO device_specs (device_id, announced, status, network, os, chipset, cpu, gpu, display_size, display_type, display_res, ram, storage, main_camera, selfie_camera, battery, charging, nfc, usb, bluetooth, wlan, colors, weight, dimensions, sim, sensors, popularity, fans, rating, full_specs_json) VALUES (1524, '2014, April. Released 2014, April', 'Discontinued', 'GSM / HSPA', 'Android 4.2.2 (Jelly Bean)', 'Mediatek MT6592 (28 nm)', 'Octa-core 1.7 GHz Cortex-A7', 'Mali-450MP4', '4.7 inches, 60.9 cm 2 (~65.7% screen-to-body ratio)', 'IGZO IPS LCD', '720 x 1280 pixels, 16:9 ratio (~312 ppi density)', '1GB', '16GB', '13 MP, AF, LED flash, panorama, HDR', NULL, 'Li-Ion 2200 mAh, non-removable', NULL, 'No', 'microUSB 2.0, OTG', '4.0, A2DP, EDR', 'Wi-Fi 802.11 b/g/n, Wi-Fi Direct, hotspot', 'Black, White', '143.1 g (5.04 oz)', '139.7 x 66.3 x 8.5 mm (5.5 x 2.61 x 0.33 in)', 'Dual SIM (Micro-SIM, dual stand-by)', 'Accelerometer, proximity, compass', 'About 290 EUR', NULL, NULL, '[{"category":"Network","specs":[{"label":"Technology","value":"GSM / HSPA"},{"label":"2G bands","value":"GSM 900 / 1800 / 1900"},{"label":"3G bands","value":"HSDPA 900 / 2100"},{"label":"Speed","value":"HSPA"}]},{"category":"Launch","specs":[{"label":"Announced","value":"2014, April. Released 2014, April"},{"label":"Status","value":"Discontinued"}]},{"category":"Body","specs":[{"label":"Dimensions","value":"139.7 x 66.3 x 8.5 mm (5.5 x 2.61 x 0.33 in)"},{"label":"Weight","value":"143.1 g (5.04 oz)"},{"label":"SIM","value":"Dual SIM (Micro-SIM, dual stand-by)"}]},{"category":"Display","specs":[{"label":"Type","value":"IGZO IPS LCD"},{"label":"Size","value":"4.7 inches, 60.9 cm 2 (~65.7% screen-to-body ratio)"},{"label":"Resolution","value":"720 x 1280 pixels, 16:9 ratio (~312 ppi density)"},{"label":"Protection","value":"Scratch-resistant glass"}]},{"category":"Platform","specs":[{"label":"OS","value":"Android 4.2.2 (Jelly Bean)"},{"label":"Chipset","value":"Mediatek MT6592 (28 nm)"},{"label":"CPU","value":"Octa-core 1.7 GHz Cortex-A7"},{"label":"GPU","value":"Mali-450MP4"}]},{"category":"Memory","specs":[{"label":"Card slot","value":"No"},{"label":"Internal","value":"16GB 1GB RAM"}]},{"category":"Main Camera","specs":[{"label":"Single","value":"13 MP, AF"},{"label":"Features","value":"LED flash, panorama, HDR"},{"label":"Video","value":"1080p@30fps"}]},{"category":"Sound","specs":[{"label":"Loudspeaker","value":"Yes"},{"label":"3.5mm jack","value":"Yes"}]},{"category":"Comms","specs":[{"label":"WLAN","value":"Wi-Fi 802.11 b/g/n, Wi-Fi Direct, hotspot"},{"label":"Bluetooth","value":"4.0, A2DP, EDR"},{"label":"Positioning","value":"GPS"},{"label":"NFC","value":"No"},{"label":"USB","value":"microUSB 2.0, OTG"},{"label":"Radio","value":"FM radio"}]},{"category":"Features","specs":[{"label":"Sensors","value":"Accelerometer, proximity, compass"}]},{"category":"Battery","specs":[{"label":"Type","value":"Li-Ion 2200 mAh, non-removable"},{"label":"Stand-by","value":"Up to 244 h"},{"label":"Talk time","value":"Up to 8 h 40 min"}]},{"category":"Misc","specs":[{"label":"Colors","value":"Black, White"},{"label":"Price","value":"About 290 EUR"}]}]');
