INSERT OR IGNORE INTO device_pictures (device_id, url, position) VALUES (321, 'https://fdn2.gsmarena.com/vv/bigpic/asus-eee-pad-memo.jpg', 0);
INSERT OR IGNORE INTO device_pictures (device_id, url, position) VALUES (321, 'https://fdn2.gsmarena.com/vv/pics/asus/asus-eee-pad-memo.jpg', 1);
INSERT OR IGNORE INTO devices (id, brand_id, name, gsmarena_url, thumbnail_url, summary) VALUES (322, 2, 'Transformer Prime TF700T', 'https://www.gsmarena.com/asus_transformer_prime_tf700t-4421.php', 'https://fdn2.gsmarena.com/vv/bigpic/Asus-Transformer-Prime-TF700T.jpg', 'Transformer Prime TF700T');
INSERT OR IGNORE INTO device_specs (device_id, announced, status, network, os, chipset, cpu, gpu, display_size, display_type, display_res, ram, storage, main_camera, selfie_camera, battery, charging, nfc, usb, bluetooth, wlan, colors, weight, dimensions, sim, sensors, popularity, fans, rating, full_specs_json) VALUES (322, '2012, January. Released 2012, July', 'Discontinued', 'No cellular connectivity', 'Android 4.0 (Ice Cream Sandwich)', 'Nvidia Tegra 3 T33', 'Quad-core 1.6 GHz Cortex-A9', 'ULP GeForce', '10.1 inches, 295.8 cm 2 (~62.2% screen-to-body ratio)', 'Super IPS+ LCD,', '1920 x 1200 pixels, 16:10 ratio (~224 ppi density)', '1GB', '32GB', '8 MP, AF, LED flash', '2 MP', 'Non-removable Li-Po battery (25 Wh)', NULL, NULL, '2.0', '3.0, A2DP, EDR', 'Wi-Fi 802.11 b/g/n, Wi-Fi Direct, hotspot', 'Silver, Purple', '598 g (1.32 lb)', '263 x 180.8 x 8.5 mm (10.35 x 7.12 x 0.33 in)', 'No', 'Accelerometer, gyro, compass', 'About 400 EUR', NULL, NULL, '[{"category":"Network","specs":[{"label":"Technology","value":"No cellular connectivity"},{"label":"2G bands","value":"N/A"},{"label":"GPRS","value":"No"},{"label":"EDGE","value":"No"}]},{"category":"Launch","specs":[{"label":"Announced","value":"2012, January. Released 2012, July"},{"label":"Status","value":"Discontinued"}]},{"category":"Body","specs":[{"label":"Dimensions","value":"263 x 180.8 x 8.5 mm (10.35 x 7.12 x 0.33 in)"},{"label":"Weight","value":"598 g (1.32 lb)"},{"label":"SIM","value":"No"}]},{"category":"Display","specs":[{"label":"Type","value":"Super IPS+ LCD,"},{"label":"Size","value":"10.1 inches, 295.8 cm 2 (~62.2% screen-to-body ratio)"},{"label":"Resolution","value":"1920 x 1200 pixels, 16:10 ratio (~224 ppi density)"},{"label":"Protection","value":"Corning Gorilla Glass 2"}]},{"category":"Platform","specs":[{"label":"OS","value":"Android 4.0 (Ice Cream Sandwich)"},{"label":"Chipset","value":"Nvidia Tegra 3 T33"},{"label":"CPU","value":"Quad-core 1.6 GHz Cortex-A9"},{"label":"GPU","value":"ULP GeForce"}]},{"category":"Memory","specs":[{"label":"Card slot","value":"microSDHC (dedicated slot)"},{"label":"Internal","value":"32GB 1GB RAM, 64GB 1GB RAM"}]},{"category":"Main Camera","specs":[{"label":"Single","value":"8 MP, AF"},{"label":"Features","value":"LED flash"},{"label":"Video","value":"1080p@30fps"}]},{"category":"Selfie camera","specs":[{"label":"Single","value":"2 MP"}]},{"category":"Sound","specs":[{"label":"Loudspeaker","value":"Yes"},{"label":"3.5mm jack","value":"Yes"}]},{"category":"Comms","specs":[{"label":"WLAN","value":"Wi-Fi 802.11 b/g/n, Wi-Fi Direct, hotspot"},{"label":"Bluetooth","value":"3.0, A2DP, EDR"},{"label":"Positioning","value":"GPS"},{"label":"USB","value":"2.0"},{"label":"Radio","value":"No"}]},{"category":"Features","specs":[{"label":"Sensors","value":"Accelerometer, gyro, compass"}]},{"category":"Battery","specs":[{"label":"Type","value":"Non-removable Li-Po battery (25 Wh)"},{"label":"Talk time","value":"Up to 9 h 30 min (multimedia)"}]},{"category":"Misc","specs":[{"label":"Colors","value":"Silver, Purple"},{"label":"Price","value":"About 400 EUR"}]}]');
INSERT OR IGNORE INTO device_pictures (device_id, url, position) VALUES (322, 'https://fdn2.gsmarena.com/vv/bigpic/Asus-Transformer-Prime-TF700T.jpg', 0);
INSERT OR IGNORE INTO device_pictures (device_id, url, position) VALUES (322, 'https://fdn2.gsmarena.com/vv/pics/asus/Asus-Transformer-Prime-TF700T.jpg', 1);
INSERT OR IGNORE INTO devices (id, brand_id, name, gsmarena_url, thumbnail_url, summary) VALUES (323, 2, 'Transformer Prime TF201', 'https://www.gsmarena.com/asus_transformer_prime_tf201-4322.php', 'https://fdn2.gsmarena.com/vv/bigpic/asus-eee-pad-transformer-prime.jpg', 'Transformer Prime TF201');
INSERT OR IGNORE INTO device_specs (device_id, announced, status, network, os, chipset, cpu, gpu, display_size, display_type, display_res, ram, storage, main_camera, selfie_camera, battery, charging, nfc, usb, bluetooth, wlan, colors, weight, dimensions, sim, sensors, popularity, fans, rating, full_specs_json) VALUES (323, '2011, October. Released 2011, December', 'Discontinued', 'No cellular connectivity', 'Android 3.2 (Honeycomb), upgradable to 4.0 (Ice Cream Sandwich)', 'Nvidia Tegra 3', 'Quad-core 1.3 GHz Cortex-A9', 'ULP GeForce', '10.1 inches, 295.8 cm 2 (~62.2% screen-to-body ratio)', 'Super IPS+ LCD,', '1280 x 800 pixels, 16:10 ratio (~149 ppi density)', '1GB', '32GB', '8 MP, AF, LED flash', '1.2 MP', 'Non-removable Li-Po battery (25 Wh)', NULL, NULL, '2.0', 'Yes', 'Wi-Fi 802.11 b/g/n', 'Amethyst Gray, Champagne Gold', '586 g (1.29 lb)', '263 x 180.8 x 8.3 mm (10.35 x 7.12 x 0.33 in)', 'No', 'Accelerometer, gyro, compass', 'About 350 EUR', NULL, NULL, '[{"category":"Network","specs":[{"label":"Technology","value":"No cellular connectivity"},{"label":"2G bands","value":"N/A"},{"label":"GPRS","value":"No"},{"label":"EDGE","value":"No"}]},{"category":"Launch","specs":[{"label":"Announced","value":"2011, October. Released 2011, December"},{"label":"Status","value":"Discontinued"}]},{"category":"Body","specs":[{"label":"Dimensions","value":"263 x 180.8 x 8.3 mm (10.35 x 7.12 x 0.33 in)"},{"label":"Weight","value":"586 g (1.29 lb)"},{"label":"SIM","value":"No"}]},{"category":"Display","specs":[{"label":"Type","value":"Super IPS+ LCD,"},{"label":"Size","value":"10.1 inches, 295.8 cm 2 (~62.2% screen-to-body ratio)"},{"label":"Resolution","value":"1280 x 800 pixels, 16:10 ratio (~149 ppi density)"},{"label":"Protection","value":"Corning Gorilla Glass"}]},{"category":"Platform","specs":[{"label":"OS","value":"Android 3.2 (Honeycomb), upgradable to 4.0 (Ice Cream Sandwich)"},{"label":"Chipset","value":"Nvidia Tegra 3"},{"label":"CPU","value":"Quad-core 1.3 GHz Cortex-A9"},{"label":"GPU","value":"ULP GeForce"}]},{"category":"Memory","specs":[{"label":"Card slot","value":"microSDHC (dedicated slot)"},{"label":"Internal","value":"32GB 1GB RAM, 64GB 1GB RAM"}]},{"category":"Main Camera","specs":[{"label":"Single","value":"8 MP, AF"},{"label":"Features","value":"LED flash"},{"label":"Video","value":"1080p@30fps"}]},{"category":"Selfie camera","specs":[{"label":"Single","value":"1.2 MP"}]},{"category":"Sound","specs":[{"label":"Loudspeaker","value":"Yes, with stereo speakers"},{"label":"3.5mm jack","value":"Yes"}]},{"category":"Comms","specs":[{"label":"WLAN","value":"Wi-Fi 802.11 b/g/n"},{"label":"Bluetooth","value":"Yes"},{"label":"Positioning","value":"GPS, A-GPS"},{"label":"USB","value":"2.0"},{"label":"Radio","value":"No"}]},{"category":"Features","specs":[{"label":"Sensors","value":"Accelerometer, gyro, compass"}]},{"category":"Battery","specs":[{"label":"Type","value":"Non-removable Li-Po battery (25 Wh)"},{"label":"Stand-by","value":"Up to 300 h"},{"label":"Talk time","value":"Up to 12 h"}]},{"category":"Misc","specs":[{"label":"Colors","value":"Amethyst Gray, Champagne Gold"},{"label":"Price","value":"About 350 EUR"}]}]');
INSERT OR IGNORE INTO device_pictures (device_id, url, position) VALUES (323, 'https://fdn2.gsmarena.com/vv/bigpic/asus-eee-pad-transformer-prime.jpg', 0);
INSERT OR IGNORE INTO device_pictures (device_id, url, position) VALUES (323, 'https://fdn2.gsmarena.com/vv/pics/asus/asus-eee-pad-transformer-prime-1.jpg', 1);
INSERT OR IGNORE INTO device_pictures (device_id, url, position) VALUES (323, 'https://fdn2.gsmarena.com/vv/pics/asus/asus-eee-pad-transformer-prime-2.jpg', 2);
INSERT OR IGNORE INTO devices (id, brand_id, name, gsmarena_url, thumbnail_url, summary) VALUES (324, 2, 'PadFone', 'https://www.gsmarena.com/asus_padfone-3965.php', 'https://fdn2.gsmarena.com/vv/bigpic/asus-padfone1.jpg', 'PadFone');
INSERT OR IGNORE INTO device_specs (device_id, announced, status, network, os, chipset, cpu, gpu, display_size, display_type, display_res, ram, storage, main_camera, selfie_camera, battery, charging, nfc, usb, bluetooth, wlan, colors, weight, dimensions, sim, sensors, popularity, fans, rating, full_specs_json) VALUES (324, '2012, February. Released 2012, June', 'Discontinued', 'GSM / HSPA', 'Android 4.0 (Ice Cream Sandwich), upgradable to 4.1 (Jelly Bean)', 'Qualcomm MSM8260A Snapdragon S4 Plus', 'Dual-core 1.5 GHz Krait', 'Adreno 225', '4.3 inches, 51.0 cm 2 (~60.9% screen-to-body ratio)', 'Super AMOLED', '540 x 960 pixels, 16:9 ratio (~256 ppi density)', '1GB', '16GB', '8 MP, AF, LED flash', 'VGA', 'Removable Li-Ion 1520 mAh battery', NULL, NULL, 'microUSB 2.0', 'Yes', 'Wi-Fi 802.11 b/g/n, hotspot', 'Black', '129 g (4.55 oz)', '128 x 65.4 x 9.2 mm (5.04 x 2.57 x 0.36 in)', 'Mini-SIM', 'Accelerometer, gyro, proximity, compass', 'About 300 EUR', NULL, NULL, '[{"category":"Network","specs":[{"label":"Technology","value":"GSM / HSPA"},{"label":"2G bands","value":"GSM 850 / 900 / 1800 / 1900"},{"label":"3G bands","value":"HSDPA 900 / 2100"},{"label":"Speed","value":"HSPA 21.1/5.76 Mbps"}]},{"category":"Launch","specs":[{"label":"Announced","value":"2012, February. Released 2012, June"},{"label":"Status","value":"Discontinued"}]},{"category":"Body","specs":[{"label":"Dimensions","value":"128 x 65.4 x 9.2 mm (5.04 x 2.57 x 0.36 in)"},{"label":"Weight","value":"129 g (4.55 oz)"},{"label":"SIM","value":"Mini-SIM"}]},{"category":"Display","specs":[{"label":"Type","value":"Super AMOLED"},{"label":"Size","value":"4.3 inches, 51.0 cm 2 (~60.9% screen-to-body ratio)"},{"label":"Resolution","value":"540 x 960 pixels, 16:9 ratio (~256 ppi density)"},{"label":"Protection","value":"Corning Gorilla Glass"}]},{"category":"Platform","specs":[{"label":"OS","value":"Android 4.0 (Ice Cream Sandwich), upgradable to 4.1 (Jelly Bean)"},{"label":"Chipset","value":"Qualcomm MSM8260A Snapdragon S4 Plus"},{"label":"CPU","value":"Dual-core 1.5 GHz Krait"},{"label":"GPU","value":"Adreno 225"}]},{"category":"Memory","specs":[{"label":"Card slot","value":"microSDHC (dedicated slot)"},{"label":"Internal","value":"16GB 1GB RAM, 32GB 1GB RAM, 64GB 1GB RAM"}]},{"category":"Main Camera","specs":[{"label":"Single","value":"8 MP, AF"},{"label":"Features","value":"LED flash"},{"label":"Video","value":"1080p@30fps"}]},{"category":"Selfie camera","specs":[{"label":"Single","value":"VGA"}]},{"category":"Sound","specs":[{"label":"Loudspeaker","value":"Yes"},{"label":"3.5mm jack","value":"Yes"}]},{"category":"Comms","specs":[{"label":"WLAN","value":"Wi-Fi 802.11 b/g/n, hotspot"},{"label":"Bluetooth","value":"Yes"},{"label":"Positioning","value":"GPS, A-GPS"},{"label":"USB","value":"microUSB 2.0"},{"label":"Radio","value":"No"}]},{"category":"Features","specs":[{"label":"Sensors","value":"Accelerometer, gyro, proximity, compass"},{"label":"Browser","value":"HTML5, Adobe Flash"}]},{"category":"Battery","specs":[{"label":"Type","value":"Removable Li-Ion 1520 mAh battery"},{"label":"Stand-by","value":"Up to 360 h (2G) / Up to 370 h (3G)"},{"label":"Talk time","value":"Up to 15 h 40 min (2G) / Up to 8 h (3G)"}]},{"category":"Misc","specs":[{"label":"Colors","value":"Black"},{"label":"Price","value":"About 300 EUR"}]}]');
INSERT OR IGNORE INTO device_pictures (device_id, url, position) VALUES (324, 'https://fdn2.gsmarena.com/vv/bigpic/asus-padfone1.jpg', 0);
INSERT OR IGNORE INTO device_pictures (device_id, url, position) VALUES (324, 'https://fdn2.gsmarena.com/vv/pics/asus/asus-padfone.jpg', 1);
INSERT OR IGNORE INTO device_pictures (device_id, url, position) VALUES (324, 'https://fdn2.gsmarena.com/vv/pics/asus/asus-padfone-1.jpg', 2);
INSERT OR IGNORE INTO device_pictures (device_id, url, position) VALUES (324, 'https://fdn2.gsmarena.com/vv/pics/asus/asus-padfone-2.jpg', 3);
INSERT OR IGNORE INTO devices (id, brand_id, name, gsmarena_url, thumbnail_url, summary) VALUES (325, 2, 'Transformer TF101', 'https://www.gsmarena.com/asus_transformer_tf101-3936.php', 'https://fdn2.gsmarena.com/vv/bigpic/asus-transformer.jpg', 'Transformer TF101');
INSERT OR IGNORE INTO device_specs (device_id, announced, status, network, os, chipset, cpu, gpu, display_size, display_type, display_res, ram, storage, main_camera, selfie_camera, battery, charging, nfc, usb, bluetooth, wlan, colors, weight, dimensions, sim, sensors, popularity, fans, rating, full_specs_json) VALUES (325, '2011, January. Released 2011, April', 'Discontinued', 'No cellular connectivity', 'Android 3.0 (Honeycomb), 3.2 (Honeycomb), upgradable to 4.0 (Ice Cream Sandwich)', 'Nvidia Tegra 2 T20', 'Dual-core 1.0 GHz Cortex-A9', 'ULP GeForce', '10.1 inches, 295.8 cm 2 (~63.8% screen-to-body ratio)', 'LED-backlit IPS LCD,', '1280 x 800 pixels, 16:10 ratio (~149 ppi density)', '1GB', '16GB', '5 MP, AF', '1.2 MP', 'Non-removable Li-Po battery (24.4 Wh)', NULL, NULL, '2.0', '2.1, A2DP, EDR', 'Wi-Fi 802.11b/g/n', 'Black', '680 g (1.50 lb)', '271 x 171 x 13 mm (10.67 x 6.73 x 0.51 in)', 'No', 'Accelerometer, gyro, compass', 'About 280 EUR', NULL, NULL, '[{"category":"Network","specs":[{"label":"Technology","value":"No cellular connectivity"},{"label":"2G bands","value":"N/A"},{"label":"GPRS","value":"No"},{"label":"EDGE","value":"No"}]},{"category":"Launch","specs":[{"label":"Announced","value":"2011, January. Released 2011, April"},{"label":"Status","value":"Discontinued"}]},{"category":"Body","specs":[{"label":"Dimensions","value":"271 x 171 x 13 mm (10.67 x 6.73 x 0.51 in)"},{"label":"Weight","value":"680 g (1.50 lb)"},{"label":"SIM","value":"No"}]},{"category":"Display","specs":[{"label":"Type","value":"LED-backlit IPS LCD,"},{"label":"Size","value":"10.1 inches, 295.8 cm 2 (~63.8% screen-to-body ratio)"},{"label":"Resolution","value":"1280 x 800 pixels, 16:10 ratio (~149 ppi density)"},{"label":"Protection","value":"Scratch-resistant glass"}]},{"category":"Platform","specs":[{"label":"OS","value":"Android 3.0 (Honeycomb), 3.2 (Honeycomb), upgradable to 4.0 (Ice Cream Sandwich)"},{"label":"Chipset","value":"Nvidia Tegra 2 T20"},{"label":"CPU","value":"Dual-core 1.0 GHz Cortex-A9"},{"label":"GPU","value":"ULP GeForce"}]},{"category":"Memory","specs":[{"label":"Card slot","value":"microSDHC (dedicated slot)"},{"label":"Internal","value":"16GB 1GB RAM, 32GB 1GB RAM"}]},{"category":"Main Camera","specs":[{"label":"Single","value":"5 MP, AF"},{"label":"Video","value":"Yes"}]},{"category":"Selfie camera","specs":[{"label":"Single","value":"1.2 MP"}]},{"category":"Sound","specs":[{"label":"Loudspeaker","value":"Yes, with stereo speakers"},{"label":"3.5mm jack","value":"Yes"}]},{"category":"Comms","specs":[{"label":"WLAN","value":"Wi-Fi 802.11b/g/n"},{"label":"Bluetooth","value":"2.1, A2DP, EDR"},{"label":"Positioning","value":"GPS, A-GPS"},{"label":"USB","value":"2.0"},{"label":"Radio","value":"No"}]},{"category":"Features","specs":[{"label":"Sensors","value":"Accelerometer, gyro, compass"},{"label":"Browser","value":"HTML, Adobe Flash"}]},{"category":"Battery","specs":[{"label":"Type","value":"Non-removable Li-Po battery (24.4 Wh)"},{"label":"Talk time","value":"Up to 9 h 30 min (multimedia)"}]},{"category":"Misc","specs":[{"label":"Colors","value":"Black"},{"label":"Price","value":"About 280 EUR"}]}]');
INSERT OR IGNORE INTO device_pictures (device_id, url, position) VALUES (325, 'https://fdn2.gsmarena.com/vv/bigpic/asus-transformer.jpg', 0);
INSERT OR IGNORE INTO device_pictures (device_id, url, position) VALUES (325, 'https://fdn2.gsmarena.com/vv/pics/asus/asus-transformer-1.jpg', 1);
INSERT OR IGNORE INTO devices (id, brand_id, name, gsmarena_url, thumbnail_url, summary) VALUES (326, 2, 'P835', 'https://www.gsmarena.com/asus_p835-2727.php', 'https://fdn2.gsmarena.com/vv/bigpic/asus-p835.jpg', 'P835');
INSERT OR IGNORE INTO device_specs (device_id, announced, status, network, os, chipset, cpu, gpu, display_size, display_type, display_res, ram, storage, main_camera, selfie_camera, battery, charging, nfc, usb, bluetooth, wlan, colors, weight, dimensions, sim, sensors, popularity, fans, rating, full_specs_json) VALUES (326, '2009, March. Released 2009, May', 'Discontinued', 'GSM / HSPA', 'Microsoft Windows Mobile 6.1 Professional', 'Qualcomm MSM7201A', '528 MHz ARM 11', NULL, '3.5 inches, 34.9 cm 2 (~51.4% screen-to-body ratio)', 'TFT resistive touchscreen, 65K colors', '480 x 800 pixels, 5:3 ratio (~267 ppi density)', NULL, '4GB', '5 MP, AF', 'Yes', 'Removable Li-Ion 1100 mAh battery', NULL, NULL, '2.0', '2.0, A2DP', 'Wi-Fi 802.11b/g', 'Black', '148 g (5.22 oz)', '115 x 59 x 13.8 mm (4.53 x 2.32 x 0.54 in)', 'Mini-SIM', NULL, 'About 400 EUR', NULL, NULL, '[{"category":"Network","specs":[{"label":"Technology","value":"GSM / HSPA"},{"label":"2G bands","value":"GSM 850 / 900 / 1800 / 1900"},{"label":"3G bands","value":"HSDPA 900 / 1900 / 2100"},{"label":"Speed","value":"HSPA 7.2/2 Mbps"}]},{"category":"Launch","specs":[{"label":"Announced","value":"2009, March. Released 2009, May"},{"label":"Status","value":"Discontinued"}]},{"category":"Body","specs":[{"label":"Dimensions","value":"115 x 59 x 13.8 mm (4.53 x 2.32 x 0.54 in)"},{"label":"Weight","value":"148 g (5.22 oz)"},{"label":"SIM","value":"Mini-SIM"}]},{"category":"Display","specs":[{"label":"Type","value":"TFT resistive touchscreen, 65K colors"},{"label":"Size","value":"3.5 inches, 34.9 cm 2 (~51.4% screen-to-body ratio)"},{"label":"Resolution","value":"480 x 800 pixels, 5:3 ratio (~267 ppi density)"}]},{"category":"Platform","specs":[{"label":"OS","value":"Microsoft Windows Mobile 6.1 Professional"},{"label":"Chipset","value":"Qualcomm MSM7201A"},{"label":"CPU","value":"528 MHz ARM 11"}]},{"category":"Memory","specs":[{"label":"Card slot","value":"microSDHC (dedicated slot)"},{"label":"Internal","value":"4GB 288MB RAM"}]},{"category":"Main Camera","specs":[{"label":"Single","value":"5 MP, AF"},{"label":"Video","value":"Yes"}]},{"category":"Selfie camera","specs":[{"label":"Single","value":"Yes"}]},{"category":"Sound","specs":[{"label":"Loudspeaker","value":"Yes"},{"label":"3.5mm jack","value":"No"}]},{"category":"Comms","specs":[{"label":"WLAN","value":"Wi-Fi 802.11b/g"},{"label":"Bluetooth","value":"2.0, A2DP"},{"label":"Positioning","value":"GPS, A-GPS"},{"label":"USB","value":"2.0"},{"label":"Radio","value":"No"}]},{"category":"Features","specs":[{"label":"Browser","value":"WAP 2.0/xHTML, HTML (IE), RSS reader"}]},{"category":"Battery","specs":[{"label":"Type","value":"Removable Li-Ion 1100 mAh battery"},{"label":"Stand-by","value":"Up to 350 h"},{"label":"Talk time","value":"Up to 6 h"}]},{"category":"Misc","specs":[{"label":"Colors","value":"Black"},{"label":"Price","value":"About 400 EUR"}]}]');
INSERT OR IGNORE INTO device_pictures (device_id, url, position) VALUES (326, 'https://fdn2.gsmarena.com/vv/bigpic/asus-p835.jpg', 0);
INSERT OR IGNORE INTO device_pictures (device_id, url, position) VALUES (326, 'https://fdn2.gsmarena.com/vv/pics/asus/asus-p835-001.jpg', 1);
INSERT OR IGNORE INTO device_pictures (device_id, url, position) VALUES (326, 'https://fdn2.gsmarena.com/vv/pics/asus/asus-p835-002.jpg', 2);
INSERT OR IGNORE INTO device_pictures (device_id, url, position) VALUES (326, 'https://fdn2.gsmarena.com/vv/pics/asus/asus-p835-003.jpg', 3);
INSERT OR IGNORE INTO devices (id, brand_id, name, gsmarena_url, thumbnail_url, summary) VALUES (327, 2, 'E600', 'https://www.gsmarena.com/asus_e600-3696.php', 'https://fdn2.gsmarena.com/vv/bigpic/asus-e600.jpg', 'E600');
INSERT OR IGNORE INTO device_specs (device_id, announced, status, network, os, chipset, cpu, gpu, display_size, display_type, display_res, ram, storage, main_camera, selfie_camera, battery, charging, nfc, usb, bluetooth, wlan, colors, weight, dimensions, sim, sensors, popularity, fans, rating, full_specs_json) VALUES (327, 'Exp. announcement  2011', 'Cancelled', 'GSM / HSPA', 'Microsoft Windows Phone 7', NULL, NULL, NULL, '4.0 inches, 45.5 cm 2 (~62.2% screen-to-body ratio)', 'TFT, 256K colors', '480 x 800 pixels, 5:3 ratio (~233 ppi density)', NULL, NULL, '5 MP, LED flash', NULL, 'Removable Li-Ion 1300 mAh battery', NULL, NULL, 'microUSB 2.0', '2.1, A2DP', 'Wi-Fi 802.11 b/g', 'Black', '-', '122 x 60 x 13.5 mm (4.80 x 2.36 x 0.53 in)', 'Mini-SIM', 'Accelerometer', NULL, NULL, NULL, '[{"category":"Network","specs":[{"label":"Technology","value":"GSM / HSPA"},{"label":"2G bands","value":"GSM 850 / 900 / 1800 / 1900"},{"label":"3G bands","value":"HSDPA 900 / 2100"},{"label":"Speed","value":"HSPA"}]},{"category":"Launch","specs":[{"label":"Announced","value":"Exp. announcement  2011"},{"label":"Status","value":"Cancelled"}]},{"category":"Body","specs":[{"label":"Dimensions","value":"122 x 60 x 13.5 mm (4.80 x 2.36 x 0.53 in)"},{"label":"Weight","value":"-"},{"label":"SIM","value":"Mini-SIM"}]},{"category":"Display","specs":[{"label":"Type","value":"TFT, 256K colors"},{"label":"Size","value":"4.0 inches, 45.5 cm 2 (~62.2% screen-to-body ratio)"},{"label":"Resolution","value":"480 x 800 pixels, 5:3 ratio (~233 ppi density)"}]},{"category":"Platform","specs":[{"label":"OS","value":"Microsoft Windows Phone 7"}]},{"category":"Memory","specs":[{"label":"Card slot","value":"No"}]},{"category":"Main Camera","specs":[{"label":"Single","value":"5 MP"},{"label":"Features","value":"LED flash"},{"label":"Video","value":"Yes"}]},{"category":"Sound","specs":[{"label":"Loudspeaker","value":"Yes"},{"label":"3.5mm jack","value":"Yes"}]},{"category":"Comms","specs":[{"label":"WLAN","value":"Wi-Fi 802.11 b/g"},{"label":"Bluetooth","value":"2.1, A2DP"},{"label":"Positioning","value":"GPS, A-GPS"},{"label":"USB","value":"microUSB 2.0"}]},{"category":"Features","specs":[{"label":"Sensors","value":"Accelerometer"},{"label":"Browser","value":"HTML"}]},{"category":"Battery","specs":[{"label":"Type","value":"Removable Li-Ion 1300 mAh battery"}]},{"category":"Misc","specs":[{"label":"Colors","value":"Black"}]}]');
INSERT OR IGNORE INTO device_pictures (device_id, url, position) VALUES (327, 'https://fdn2.gsmarena.com/vv/bigpic/asus-e600.jpg', 0);
INSERT OR IGNORE INTO device_pictures (device_id, url, position) VALUES (327, 'https://fdn2.gsmarena.com/vv/pics/asus/asus-e600-1.jpg', 1);
INSERT OR IGNORE INTO devices (id, brand_id, name, gsmarena_url, thumbnail_url, summary) VALUES (328, 2, 'P565', 'https://www.gsmarena.com/asus_p565-2606.php', 'https://fdn2.gsmarena.com/vv/bigpic/asus-p565.jpg', 'P565');
INSERT OR IGNORE INTO device_specs (device_id, announced, status, network, os, chipset, cpu, gpu, display_size, display_type, display_res, ram, storage, main_camera, selfie_camera, battery, charging, nfc, usb, bluetooth, wlan, colors, weight, dimensions, sim, sensors, popularity, fans, rating, full_specs_json) VALUES (328, '2008, November. Released 2009, May', 'Discontinued', 'GSM / HSPA', 'Microsoft Windows Mobile 6.1 Professional', NULL, '800 MHz Marvell TavorP', NULL, '2.8 inches, 24.3 cm 2 (~39.3% screen-to-body ratio)', 'TFT resistive touchscreen, 65K colors', '480 x 640 pixels, 4:3 ratio (~286 ppi density)', NULL, '128MB RAM, 256MB ROM', '3.15 MP, AF', 'VGA videocall camera', 'Removable Li-Ion 1300 mAh battery', NULL, NULL, '1.1', '2.0, A2DP', 'Wi-Fi 802.11b/g', 'Black', '120 g (4.23 oz)', '102 x 60.5 x 16 mm (4.02 x 2.38 x 0.63 in)', 'Mini-SIM', NULL, 'About 440 EUR', NULL, NULL, '[{"category":"Network","specs":[{"label":"Technology","value":"GSM / HSPA"},{"label":"2G bands","value":"GSM 900 / 1800 / 1900"},{"label":"3G bands","value":"HSDPA 2100"},{"label":"Speed","value":"HSPA 3.6/0.384 Mbps"}]},{"category":"Launch","specs":[{"label":"Announced","value":"2008, November. Released 2009, May"},{"label":"Status","value":"Discontinued"}]},{"category":"Body","specs":[{"label":"Dimensions","value":"102 x 60.5 x 16 mm (4.02 x 2.38 x 0.63 in)"},{"label":"Weight","value":"120 g (4.23 oz)"},{"label":"SIM","value":"Mini-SIM"}]},{"category":"Display","specs":[{"label":"Type","value":"TFT resistive touchscreen, 65K colors"},{"label":"Size","value":"2.8 inches, 24.3 cm 2 (~39.3% screen-to-body ratio)"},{"label":"Resolution","value":"480 x 640 pixels, 4:3 ratio (~286 ppi density)"}]},{"category":"Platform","specs":[{"label":"OS","value":"Microsoft Windows Mobile 6.1 Professional"},{"label":"CPU","value":"800 MHz Marvell TavorP"}]},{"category":"Memory","specs":[{"label":"Card slot","value":"microSD (dedicated slot)"},{"label":"Internal","value":"128MB RAM, 256MB ROM"}]},{"category":"Main Camera","specs":[{"label":"Single","value":"3.15 MP, AF"},{"label":"Video","value":"320p@24fps"}]},{"category":"Selfie camera","specs":[{"label":"Single","value":"VGA videocall camera"}]},{"category":"Sound","specs":[{"label":"Loudspeaker","value":"Yes"},{"label":"3.5mm jack","value":"No"}]},{"category":"Comms","specs":[{"label":"WLAN","value":"Wi-Fi 802.11b/g"},{"label":"Bluetooth","value":"2.0, A2DP"},{"label":"Positioning","value":"GPS, SiRF Star III chipset"},{"label":"USB","value":"1.1"},{"label":"Radio","value":"No"}]},{"category":"Features","specs":[{"label":"Browser","value":"HTTP / WAP 2.0"}]},{"category":"Battery","specs":[{"label":"Type","value":"Removable Li-Ion 1300 mAh battery"},{"label":"Stand-by","value":"Up to 300 h"},{"label":"Talk time","value":"Up to 4 h"}]},{"category":"Misc","specs":[{"label":"Colors","value":"Black"},{"label":"Price","value":"About 440 EUR"}]}]');
INSERT OR IGNORE INTO device_pictures (device_id, url, position) VALUES (328, 'https://fdn2.gsmarena.com/vv/bigpic/asus-p565.jpg', 0);
INSERT OR IGNORE INTO device_pictures (device_id, url, position) VALUES (328, 'https://fdn2.gsmarena.com/vv/pics/asus/asus-p565-1.jpg', 1);
INSERT OR IGNORE INTO devices (id, brand_id, name, gsmarena_url, thumbnail_url, summary) VALUES (329, 2, 'P552w', 'https://www.gsmarena.com/asus_p552w-2519.php', 'https://fdn2.gsmarena.com/vv/bigpic/asus-p552w.jpg', 'P552w');
INSERT OR IGNORE INTO device_specs (device_id, announced, status, network, os, chipset, cpu, gpu, display_size, display_type, display_res, ram, storage, main_camera, selfie_camera, battery, charging, nfc, usb, bluetooth, wlan, colors, weight, dimensions, sim, sensors, popularity, fans, rating, full_specs_json) VALUES (329, '2008, September. Released 2008', 'Discontinued', 'GSM / HSPA', 'Microsoft Windows Mobile 6.1 Professional', NULL, 'Marvell Tavor 624 MHz', NULL, '2.8 inches, 24.3 cm 2 (~39.3% screen-to-body ratio)', 'TFT resistive touchscreen, 65K colors', '240 x 320 pixels, 4:3 ratio (~143 ppi density)', NULL, '128MB RAM, 256MB ROM', '2 MP', NULL, 'Removable Li-Ion 1100 mAh battery', NULL, NULL, '2.0', '2.0, A2DP', 'Wi-Fi 802.11b/g', 'Black, White', '105 g (3.70 oz)', '102 x 60.5 x 14.5 mm (4.02 x 2.38 x 0.57 in)', 'Mini-SIM', NULL, 'About 370 EUR', NULL, NULL, '[{"category":"Network","specs":[{"label":"Technology","value":"GSM / HSPA"},{"label":"2G bands","value":"GSM 900 / 1800 / 1900"},{"label":"3G bands","value":"HSDPA 2100"},{"label":"Speed","value":"HSPA 3.6/0.384 Mbps"}]},{"category":"Launch","specs":[{"label":"Announced","value":"2008, September. Released 2008"},{"label":"Status","value":"Discontinued"}]},{"category":"Body","specs":[{"label":"Dimensions","value":"102 x 60.5 x 14.5 mm (4.02 x 2.38 x 0.57 in)"},{"label":"Weight","value":"105 g (3.70 oz)"},{"label":"SIM","value":"Mini-SIM"}]},{"category":"Display","specs":[{"label":"Type","value":"TFT resistive touchscreen, 65K colors"},{"label":"Size","value":"2.8 inches, 24.3 cm 2 (~39.3% screen-to-body ratio)"},{"label":"Resolution","value":"240 x 320 pixels, 4:3 ratio (~143 ppi density)"}]},{"category":"Platform","specs":[{"label":"OS","value":"Microsoft Windows Mobile 6.1 Professional"},{"label":"CPU","value":"Marvell Tavor 624 MHz"}]},{"category":"Memory","specs":[{"label":"Card slot","value":"microSD (dedicated slot)"},{"label":"Internal","value":"128MB RAM, 256MB ROM"}]},{"category":"Main Camera","specs":[{"label":"Single","value":"2 MP"},{"label":"Video","value":"320p@24fps"}]},{"category":"Sound","specs":[{"label":"Loudspeaker","value":"Yes"},{"label":"3.5mm jack","value":"No"}]},{"category":"Comms","specs":[{"label":"WLAN","value":"Wi-Fi 802.11b/g"},{"label":"Bluetooth","value":"2.0, A2DP"},{"label":"Positioning","value":"GPS, SiRF Star III chipset"},{"label":"USB","value":"2.0"},{"label":"Radio","value":"No"}]},{"category":"Features","specs":[{"label":"Browser","value":"HTTP / WAP 2.0"}]},{"category":"Battery","specs":[{"label":"Type","value":"Removable Li-Ion 1100 mAh battery"},{"label":"Stand-by","value":"Up to 300 h"},{"label":"Talk time","value":"Up to 5 h"}]},{"category":"Misc","specs":[{"label":"Colors","value":"Black, White"},{"label":"Price","value":"About 370 EUR"}]}]');
INSERT OR IGNORE INTO device_pictures (device_id, url, position) VALUES (329, 'https://fdn2.gsmarena.com/vv/bigpic/asus-p552w.jpg', 0);
INSERT OR IGNORE INTO device_pictures (device_id, url, position) VALUES (329, 'https://fdn2.gsmarena.com/vv/pics/asus/asus-p552w-00.jpg', 1);
INSERT OR IGNORE INTO devices (id, brand_id, name, gsmarena_url, thumbnail_url, summary) VALUES (330, 2, 'P320', 'https://www.gsmarena.com/asus_p320-2347.php', 'https://fdn2.gsmarena.com/vv/bigpic/asus-p320.jpg', 'P320');
INSERT OR IGNORE INTO device_specs (device_id, announced, status, network, os, chipset, cpu, gpu, display_size, display_type, display_res, ram, storage, main_camera, selfie_camera, battery, charging, nfc, usb, bluetooth, wlan, colors, weight, dimensions, sim, sensors, popularity, fans, rating, full_specs_json) VALUES (330, '2008, March. Released 2008, April', 'Discontinued', 'GSM', 'Microsoft Windows Mobile 6.1 Professional', 'TI OMAP 850', '200 MHz ARM926EJ-S', NULL, '2.6 inches, 20.9 cm 2 (~38.4% screen-to-body ratio)', 'TFT resistive touchscreen, 65K colors', '240 x 320 pixels, 4:3 ratio (~154 ppi density)', NULL, '64MB RAM, 128MB ROM', '2 MP, AF', NULL, 'Removable Li-Ion 1100 mAh battery', NULL, NULL, '2.0', '2.0, A2DP', 'Wi-Fi 802.11b/g', NULL, '105 g (3.70 oz)', '99 x 55 x 13 mm (3.90 x 2.17 x 0.51 in)', 'Mini-SIM', NULL, 'About 410 EUR', NULL, NULL, '[{"category":"Network","specs":[{"label":"Technology","value":"GSM"},{"label":"2G bands","value":"GSM 850 / 900 / 1800 / 1900"},{"label":"GPRS","value":"Class 10"},{"label":"EDGE","value":"Class 10"}]},{"category":"Launch","specs":[{"label":"Announced","value":"2008, March. Released 2008, April"},{"label":"Status","value":"Discontinued"}]},{"category":"Body","specs":[{"label":"Dimensions","value":"99 x 55 x 13 mm (3.90 x 2.17 x 0.51 in)"},{"label":"Weight","value":"105 g (3.70 oz)"},{"label":"SIM","value":"Mini-SIM"}]},{"category":"Display","specs":[{"label":"Type","value":"TFT resistive touchscreen, 65K colors"},{"label":"Size","value":"2.6 inches, 20.9 cm 2 (~38.4% screen-to-body ratio)"},{"label":"Resolution","value":"240 x 320 pixels, 4:3 ratio (~154 ppi density)"}]},{"category":"Platform","specs":[{"label":"OS","value":"Microsoft Windows Mobile 6.1 Professional"},{"label":"Chipset","value":"TI OMAP 850"},{"label":"CPU","value":"200 MHz ARM926EJ-S"}]},{"category":"Memory","specs":[{"label":"Card slot","value":"microSD (dedicated slot)"},{"label":"Internal","value":"64MB RAM, 128MB ROM"}]},{"category":"Main Camera","specs":[{"label":"Single","value":"2 MP, AF"},{"label":"Video","value":"Yes"}]},{"category":"Sound","specs":[{"label":"Loudspeaker","value":"Yes"},{"label":"3.5mm jack","value":"No"},{"label":"Alert types","value":"Vibration; Downloadable polyphonic, MP3, Midi ringtones"}]},{"category":"Comms","specs":[{"label":"WLAN","value":"Wi-Fi 802.11b/g"},{"label":"Bluetooth","value":"2.0, A2DP"},{"label":"Positioning","value":"GPS"},{"label":"USB","value":"2.0"},{"label":"Radio","value":"No"}]},{"category":"Features","specs":[{"label":"Browser","value":"HTTP / WAP 2.0"}]},{"category":"Battery","specs":[{"label":"Type","value":"Removable Li-Ion 1100 mAh battery"}]},{"category":"Misc","specs":[{"label":"SAR","value":"0.41 W/kg (head)     0.19 W/kg (body)"},{"label":"Price","value":"About 410 EUR"}]}]');
INSERT OR IGNORE INTO device_pictures (device_id, url, position) VALUES (330, 'https://fdn2.gsmarena.com/vv/bigpic/asus-p320.jpg', 0);
INSERT OR IGNORE INTO device_pictures (device_id, url, position) VALUES (330, 'https://fdn2.gsmarena.com/vv/pics/asus/asus-p320-00.jpg', 1);
INSERT OR IGNORE INTO devices (id, brand_id, name, gsmarena_url, thumbnail_url, summary) VALUES (331, 2, 'M930', 'https://www.gsmarena.com/asus_m930-2322.php', 'https://fdn2.gsmarena.com/vv/bigpic/asus-m930.jpg', 'M930');
INSERT OR IGNORE INTO device_specs (device_id, announced, status, network, os, chipset, cpu, gpu, display_size, display_type, display_res, ram, storage, main_camera, selfie_camera, battery, charging, nfc, usb, bluetooth, wlan, colors, weight, dimensions, sim, sensors, popularity, fans, rating, full_specs_json) VALUES (331, '2008, February. Released 2008, September', 'Discontinued', 'GSM / HSPA', 'Microsoft Windows Mobile 6 Standard', 'TI OMAP 2431', '450 MHz ARM 1136', NULL, '2.6 inches, 19.2 cm 2 (~31.5% screen-to-body ratio)', 'TFT, 65K colors', '240 x 400 pixels, 5:3 ratio (~179 ppi density)', NULL, '256MB 64MB RAM', '2 MP', 'VGA videocall camera', 'Removable Li-Ion 1100 mAh battery', NULL, NULL, '2.0', '2.0, A2DP', 'Wi-Fi 802.11b/g', 'Black', '158 g (5.57 oz)', '113 x 54 x 18.7 mm (4.45 x 2.13 x 0.74 in)', 'Mini-SIM', NULL, 'About 380 EUR', NULL, NULL, '[{"category":"Network","specs":[{"label":"Technology","value":"GSM / HSPA"},{"label":"2G bands","value":"GSM 900 / 1800 / 1900"},{"label":"3G bands","value":"HSDPA 2100"},{"label":"Speed","value":"HSPA 3.6/0.384 Mbps"}]},{"category":"Launch","specs":[{"label":"Announced","value":"2008, February. Released 2008, September"},{"label":"Status","value":"Discontinued"}]},{"category":"Body","specs":[{"label":"Dimensions","value":"113 x 54 x 18.7 mm (4.45 x 2.13 x 0.74 in)"},{"label":"Weight","value":"158 g (5.57 oz)"},{"label":"SIM","value":"Mini-SIM"},{"label":"Keyboard","value":"QWERTY"}]},{"category":"Display","specs":[{"label":"Type","value":"TFT, 65K colors"},{"label":"Size","value":"2.6 inches, 19.2 cm 2 (~31.5% screen-to-body ratio)"},{"label":"Resolution","value":"240 x 400 pixels, 5:3 ratio (~179 ppi density)"}]},{"category":"Platform","specs":[{"label":"OS","value":"Microsoft Windows Mobile 6 Standard"},{"label":"Chipset","value":"TI OMAP 2431"},{"label":"CPU","value":"450 MHz ARM 1136"}]},{"category":"Memory","specs":[{"label":"Card slot","value":"microSD (dedicated slot)"},{"label":"Internal","value":"256MB 64MB RAM"}]},{"category":"Main Camera","specs":[{"label":"Single","value":"2 MP"},{"label":"Video","value":"Yes"}]},{"category":"Selfie camera","specs":[{"label":"Single","value":"VGA videocall camera"}]},{"category":"Sound","specs":[{"label":"Loudspeaker","value":"Yes"},{"label":"3.5mm jack","value":"No"},{"label":"Alert types","value":"Vibration; Downloadable polyphonic, MP3, Midi ringtones"}]},{"category":"Comms","specs":[{"label":"WLAN","value":"Wi-Fi 802.11b/g"},{"label":"Bluetooth","value":"2.0, A2DP"},{"label":"Positioning","value":"No"},{"label":"USB","value":"2.0"},{"label":"Radio","value":"No"}]},{"category":"Features","specs":[{"label":"Browser","value":"HTTP / WAP 2.0"}]},{"category":"Battery","specs":[{"label":"Type","value":"Removable Li-Ion 1100 mAh battery"},{"label":"Stand-by","value":"Up to 200 h"},{"label":"Talk time","value":"Up to 4 h"}]},{"category":"Misc","specs":[{"label":"Colors","value":"Black"},{"label":"Price","value":"About 380 EUR"}]}]');
INSERT OR IGNORE INTO device_pictures (device_id, url, position) VALUES (331, 'https://fdn2.gsmarena.com/vv/bigpic/asus-m930.jpg', 0);
INSERT OR IGNORE INTO device_pictures (device_id, url, position) VALUES (331, 'https://fdn2.gsmarena.com/vv/pics/asus/asus-m930-00.jpg', 1);
INSERT OR IGNORE INTO device_pictures (device_id, url, position) VALUES (331, 'https://fdn.gsmarena.com/vv/reviewsimg/asus-m930/gsmarena_001.jpg', 2);
INSERT OR IGNORE INTO device_pictures (device_id, url, position) VALUES (331, 'https://fdn.gsmarena.com/vv/reviewsimg/asus-m930/gsmarena_003.jpg', 3);
INSERT OR IGNORE INTO device_pictures (device_id, url, position) VALUES (331, 'https://fdn.gsmarena.com/vv/reviewsimg/asus-m930/gsmarena_006.jpg', 4);
INSERT OR IGNORE INTO device_pictures (device_id, url, position) VALUES (331, 'https://fdn.gsmarena.com/vv/reviewsimg/asus-m930/gsmarena_007.jpg', 5);
INSERT OR IGNORE INTO device_pictures (device_id, url, position) VALUES (331, 'https://fdn.gsmarena.com/vv/reviewsimg/asus-m930/gsmarena_009.jpg', 6);
INSERT OR IGNORE INTO device_pictures (device_id, url, position) VALUES (331, 'https://fdn.gsmarena.com/vv/reviewsimg/asus-m930/gsmarena_010.jpg', 7);
INSERT OR IGNORE INTO device_pictures (device_id, url, position) VALUES (331, 'https://fdn.gsmarena.com/vv/reviewsimg/asus-m930/gsmarena_019.jpg', 8);
INSERT OR IGNORE INTO device_pictures (device_id, url, position) VALUES (331, 'https://fdn.gsmarena.com/vv/reviewsimg/asus-m930/gsmarena_020.jpg', 9);
INSERT OR IGNORE INTO devices (id, brand_id, name, gsmarena_url, thumbnail_url, summary) VALUES (332, 2, 'P550', 'https://www.gsmarena.com/asus_p550-2193.php', 'https://fdn2.gsmarena.com/vv/bigpic/asus-p550.jpg', 'P550');
INSERT OR IGNORE INTO device_specs (device_id, announced, status, network, os, chipset, cpu, gpu, display_size, display_type, display_res, ram, storage, main_camera, selfie_camera, battery, charging, nfc, usb, bluetooth, wlan, colors, weight, dimensions, sim, sensors, popularity, fans, rating, full_specs_json) VALUES (332, '2007, December. Released 2008', 'Discontinued', 'GSM / UMTS', 'Microsoft Windows Mobile 6.0 Professional', NULL, 'Marvell PXA270M 520 MHz', NULL, '3.5 inches, 37.9 cm 2 (~44.8% screen-to-body ratio)', 'TFT resistive touchscreen, 65K colors', '240 x 320 pixels, 4:3 ratio (~114 ppi density)', NULL, '256MB 64MB RAM', '2 MP', NULL, 'Removable Li-Ion 1530 mAh battery', NULL, NULL, '1.1', '2.0', 'Wi-Fi 802.11 b/g', 'Silver', '188 g (6.63 oz)', '121 x 70 x 16.5 mm (4.76 x 2.76 x 0.65 in)', 'Mini-SIM', NULL, 'About 220 EUR', NULL, NULL, '[{"category":"Network","specs":[{"label":"Technology","value":"GSM / UMTS"},{"label":"2G bands","value":"GSM 900 / 1800 / 1900"},{"label":"3G bands","value":"UMTS 2100"},{"label":"Speed","value":"Yes, 384 kbps"}]},{"category":"Launch","specs":[{"label":"Announced","value":"2007, December. Released 2008"},{"label":"Status","value":"Discontinued"}]},{"category":"Body","specs":[{"label":"Dimensions","value":"121 x 70 x 16.5 mm (4.76 x 2.76 x 0.65 in)"},{"label":"Weight","value":"188 g (6.63 oz)"},{"label":"SIM","value":"Mini-SIM"}]},{"category":"Display","specs":[{"label":"Type","value":"TFT resistive touchscreen, 65K colors"},{"label":"Size","value":"3.5 inches, 37.9 cm 2 (~44.8% screen-to-body ratio)"},{"label":"Resolution","value":"240 x 320 pixels, 4:3 ratio (~114 ppi density)"}]},{"category":"Platform","specs":[{"label":"OS","value":"Microsoft Windows Mobile 6.0 Professional"},{"label":"CPU","value":"Marvell PXA270M 520 MHz"}]},{"category":"Memory","specs":[{"label":"Card slot","value":"miniSD, miniSDHC"},{"label":"Internal","value":"256MB 64MB RAM"}]},{"category":"Main Camera","specs":[{"label":"Single","value":"2 MP"},{"label":"Video","value":"Yes"}]},{"category":"Sound","specs":[{"label":"Loudspeaker","value":"No"},{"label":"3.5mm jack","value":"No"},{"label":"Alert types","value":"Vibration; Downloadable polyphonic, Midi, MP3 ringtones"}]},{"category":"Comms","specs":[{"label":"WLAN","value":"Wi-Fi 802.11 b/g"},{"label":"Bluetooth","value":"2.0"},{"label":"Positioning","value":"GPS, SiRF Star III chipset"},{"label":"USB","value":"1.1"},{"label":"Radio","value":"No"}]},{"category":"Features","specs":[{"label":"Browser","value":"WAP 2.0 / HTML (PocketIE)"}]},{"category":"Battery","specs":[{"label":"Type","value":"Removable Li-Ion 1530 mAh battery"},{"label":"Stand-by","value":"Up to 350 h"},{"label":"Talk time","value":"Up to 5 h"}]},{"category":"Misc","specs":[{"label":"Colors","value":"Silver"},{"label":"Price","value":"About 220 EUR"}]}]');
INSERT OR IGNORE INTO device_pictures (device_id, url, position) VALUES (332, 'https://fdn2.gsmarena.com/vv/bigpic/asus-p550.jpg', 0);
INSERT OR IGNORE INTO device_pictures (device_id, url, position) VALUES (332, 'https://fdn2.gsmarena.com/vv/pics/asus/asus-p550-00.jpg', 1);
INSERT OR IGNORE INTO devices (id, brand_id, name, gsmarena_url, thumbnail_url, summary) VALUES (333, 2, 'P750', 'https://www.gsmarena.com/asus_p750-2170.php', 'https://fdn2.gsmarena.com/vv/bigpic/asus-p750.gif', 'P750');
INSERT OR IGNORE INTO device_specs (device_id, announced, status, network, os, chipset, cpu, gpu, display_size, display_type, display_res, ram, storage, main_camera, selfie_camera, battery, charging, nfc, usb, bluetooth, wlan, colors, weight, dimensions, sim, sensors, popularity, fans, rating, full_specs_json) VALUES (333, '2007, October. Released 2008, April', 'Discontinued', 'GSM / HSPA', 'Microsoft Windows Mobile 6.0 Professional', NULL, 'Marvell PXA270M 520 MHz', NULL, '2.6 inches, 20.9 cm 2 (~31.9% screen-to-body ratio)', 'TFT resistive touchscreen, 65K colors', '240 x 320 pixels, 4:3 ratio (~154 ppi density)', NULL, '64MB RAM, 256MB ROM', '3.15 MP, AF', 'VGA videocall camera', 'Removable Li-Ion 1300 mAh battery', NULL, NULL, '1.1', '2.0, A2DP', 'Wi-Fi 802.11 b/g', 'Black', '130 g (4.59 oz)', '113 x 58 x 17.4 mm (4.45 x 2.28 x 0.69 in)', 'Mini-SIM', NULL, 'About 330 EUR', NULL, NULL, '[{"category":"Network","specs":[{"label":"Technology","value":"GSM / HSPA"},{"label":"2G bands","value":"GSM 900 / 1800 / 1900"},{"label":"3G bands","value":"HSDPA 2100"},{"label":"Speed","value":"HSPA 3.6/0.384 Mbps"}]},{"category":"Launch","specs":[{"label":"Announced","value":"2007, October. Released 2008, April"},{"label":"Status","value":"Discontinued"}]},{"category":"Body","specs":[{"label":"Dimensions","value":"113 x 58 x 17.4 mm (4.45 x 2.28 x 0.69 in)"},{"label":"Weight","value":"130 g (4.59 oz)"},{"label":"SIM","value":"Mini-SIM"}]},{"category":"Display","specs":[{"label":"Type","value":"TFT resistive touchscreen, 65K colors"},{"label":"Size","value":"2.6 inches, 20.9 cm 2 (~31.9% screen-to-body ratio)"},{"label":"Resolution","value":"240 x 320 pixels, 4:3 ratio (~154 ppi density)"}]},{"category":"Platform","specs":[{"label":"OS","value":"Microsoft Windows Mobile 6.0 Professional"},{"label":"CPU","value":"Marvell PXA270M 520 MHz"}]},{"category":"Memory","specs":[{"label":"Card slot","value":"microSD (dedicated slot)"},{"label":"Internal","value":"64MB RAM, 256MB ROM"}]},{"category":"Main Camera","specs":[{"label":"Single","value":"3.15 MP, AF"},{"label":"Video","value":"Yes"}]},{"category":"Selfie camera","specs":[{"label":"Single","value":"VGA videocall camera"}]},{"category":"Sound","specs":[{"label":"Loudspeaker","value":"No"},{"label":"3.5mm jack","value":"No"},{"label":"Alert types","value":"Vibration; Downloadable polyphonic, MP3 ringtones"}]},{"category":"Comms","specs":[{"label":"WLAN","value":"Wi-Fi 802.11 b/g"},{"label":"Bluetooth","value":"2.0, A2DP"},{"label":"Positioning","value":"GPS, SiRF Star III chipset"},{"label":"USB","value":"1.1"},{"label":"Radio","value":"No"}]},{"category":"Features","specs":[{"label":"Browser","value":"WAP 1.2.1/2.0, HTML"}]},{"category":"Battery","specs":[{"label":"Type","value":"Removable Li-Ion 1300 mAh battery"},{"label":"Stand-by","value":"Up to 240 h"},{"label":"Talk time","value":"Up to 6 h"}]},{"category":"Misc","specs":[{"label":"Colors","value":"Black"},{"label":"Price","value":"About 330 EUR"}]}]');
INSERT OR IGNORE INTO device_pictures (device_id, url, position) VALUES (333, 'https://fdn2.gsmarena.com/vv/bigpic/asus-p750.gif', 0);
INSERT OR IGNORE INTO device_pictures (device_id, url, position) VALUES (333, 'https://fdn2.gsmarena.com/vv/pics/asus/asus-p750_00.jpg', 1);
INSERT OR IGNORE INTO devices (id, brand_id, name, gsmarena_url, thumbnail_url, summary) VALUES (334, 2, 'P527', 'https://www.gsmarena.com/asus_p527-2123.php', 'https://fdn2.gsmarena.com/vv/bigpic/asus-p527.gif', 'P527');
INSERT OR IGNORE INTO device_specs (device_id, announced, status, network, os, chipset, cpu, gpu, display_size, display_type, display_res, ram, storage, main_camera, selfie_camera, battery, charging, nfc, usb, bluetooth, wlan, colors, weight, dimensions, sim, sensors, popularity, fans, rating, full_specs_json) VALUES (334, '2007, September. Released 2008, October', 'Discontinued', 'GSM', 'Microsoft Windows Mobile 6.0 Professional', 'TI OMAP 850', '200 MHz ARM926EJ-S', NULL, '2.6 inches, 20.9 cm 2 (~31.9% screen-to-body ratio)', 'TFT resistive touchscreen, 65K colors', '240 x 320 pixels, 4:3 ratio (~154 ppi density)', NULL, '128MB 64MB RAM', '2 MP, AF', NULL, 'Removable Li-Ion battery', NULL, NULL, '1.1', '2.0', 'Wi-Fi 802.11 b/g', 'Silver', '125 g (4.41 oz)', '113 x 58 x 15.4 mm (4.45 x 2.28 x 0.61 in)', 'Mini-SIM', NULL, 'About 300 EUR', NULL, NULL, '[{"category":"Network","specs":[{"label":"Technology","value":"GSM"},{"label":"2G bands","value":"GSM 850 / 900 / 1800 / 1900"},{"label":"GPRS","value":"Class 10"},{"label":"EDGE","value":"Yes"}]},{"category":"Launch","specs":[{"label":"Announced","value":"2007, September. Released 2008, October"},{"label":"Status","value":"Discontinued"}]},{"category":"Body","specs":[{"label":"Dimensions","value":"113 x 58 x 15.4 mm (4.45 x 2.28 x 0.61 in)"},{"label":"Weight","value":"125 g (4.41 oz)"},{"label":"SIM","value":"Mini-SIM"}]},{"category":"Display","specs":[{"label":"Type","value":"TFT resistive touchscreen, 65K colors"},{"label":"Size","value":"2.6 inches, 20.9 cm 2 (~31.9% screen-to-body ratio)"},{"label":"Resolution","value":"240 x 320 pixels, 4:3 ratio (~154 ppi density)"}]},{"category":"Platform","specs":[{"label":"OS","value":"Microsoft Windows Mobile 6.0 Professional"},{"label":"Chipset","value":"TI OMAP 850"},{"label":"CPU","value":"200 MHz ARM926EJ-S"}]},{"category":"Memory","specs":[{"label":"Card slot","value":"microSD (dedicated slot)"},{"label":"Internal","value":"128MB 64MB RAM"}]},{"category":"Main Camera","specs":[{"label":"Single","value":"2 MP, AF"},{"label":"Video","value":"Yes"}]},{"category":"Sound","specs":[{"label":"Loudspeaker","value":"No"},{"label":"3.5mm jack","value":"No"},{"label":"Alert types","value":"Vibration; Downloadable polyphonic, Midi, MP3, WMA, WAV ringtones"}]},{"category":"Comms","specs":[{"label":"WLAN","value":"Wi-Fi 802.11 b/g"},{"label":"Bluetooth","value":"2.0"},{"label":"Positioning","value":"GPS, SiRF Star III chipset"},{"label":"USB","value":"1.1"},{"label":"Radio","value":"FM radio"},{"label":"Infrared port","value":"Yes"}]},{"category":"Features","specs":[{"label":"Browser","value":"WAP 1.2.1/2.0"}]},{"category":"Battery","specs":[{"label":"Type","value":"Removable Li-Ion battery"}]},{"category":"Misc","specs":[{"label":"Colors","value":"Silver"},{"label":"Price","value":"About 300 EUR"}]}]');
INSERT OR IGNORE INTO device_pictures (device_id, url, position) VALUES (334, 'https://fdn2.gsmarena.com/vv/bigpic/asus-p527.gif', 0);
INSERT OR IGNORE INTO device_pictures (device_id, url, position) VALUES (334, 'https://fdn2.gsmarena.com/vv/pics/asus/Asus-P527-1.jpg', 1);
INSERT OR IGNORE INTO devices (id, brand_id, name, gsmarena_url, thumbnail_url, summary) VALUES (335, 2, 'Z801', 'https://www.gsmarena.com/asus_z801-2107.php', 'https://fdn2.gsmarena.com/vv/bigpic/asus-z801.gif', 'Z801');
INSERT OR IGNORE INTO device_specs (device_id, announced, status, network, os, chipset, cpu, gpu, display_size, display_type, display_res, ram, storage, main_camera, selfie_camera, battery, charging, nfc, usb, bluetooth, wlan, colors, weight, dimensions, sim, sensors, popularity, fans, rating, full_specs_json) VALUES (335, NULL, 'Discontinued', 'GSM', NULL, NULL, NULL, NULL, '2.0 inches, 12.4 cm 2 (~29.3% screen-to-body ratio)', 'TFT resistive touchscreen, 256K colors', '240 x 320 pixels, 4:3 ratio (~200 ppi density)', NULL, '64MB', '2 MP, LED flash', NULL, 'Removable Li-Ion 750 mAh battery', NULL, NULL, '1.1', '1.2, A2DP', 'No', 'Silver', '110 g (3.88 oz)', '92 x 46 x 23.5 mm (3.62 x 1.81 x 0.93 in)', 'Mini-SIM', NULL, 'About 260 EUR', NULL, NULL, '[{"category":"Network","specs":[{"label":"Technology","value":"GSM"},{"label":"2G bands","value":"GSM 900 / 1800 / 1900"},{"label":"GPRS","value":"Class 10"},{"label":"EDGE","value":"No"}]},{"category":"Launch","specs":[{"label":"Status","value":"Discontinued"}]},{"category":"Body","specs":[{"label":"Dimensions","value":"92 x 46 x 23.5 mm (3.62 x 1.81 x 0.93 in)"},{"label":"Weight","value":"110 g (3.88 oz)"},{"label":"SIM","value":"Mini-SIM"}]},{"category":"Display","specs":[{"label":"Type","value":"TFT resistive touchscreen, 256K colors"},{"label":"Size","value":"2.0 inches, 12.4 cm 2 (~29.3% screen-to-body ratio)"},{"label":"Resolution","value":"240 x 320 pixels, 4:3 ratio (~200 ppi density)"}]},{"category":"Memory","specs":[{"label":"Card slot","value":"microSD (dedicated slot)"},{"label":"Internal","value":"64MB"},{"label":"Phonebook","value":"1000 entries"},{"label":"Call records","value":"20 received, dialed and missed calls"}]},{"category":"Main Camera","specs":[{"label":"Single","value":"2 MP"},{"label":"Features","value":"LED flash"},{"label":"Video","value":"Yes"}]},{"category":"Sound","specs":[{"label":"Loudspeaker","value":"No"},{"label":"3.5mm jack","value":"No"},{"label":"Alert types","value":"Vibration; Downloadable polyphonic,  MP3, AAC, WAV, AMP ringtones"}]},{"category":"Comms","specs":[{"label":"WLAN","value":"No"},{"label":"Bluetooth","value":"1.2, A2DP"},{"label":"Positioning","value":"No"},{"label":"USB","value":"1.1"},{"label":"Radio","value":"FM radio"}]},{"category":"Features","specs":[{"label":"Messaging","value":"SMS, EMS,MMS, Email"},{"label":"Browser","value":"WAP 2.0"},{"label":"Games","value":"Yes"},{"label":"Java","value":"Yes, MIDP 2.0"}]},{"category":"Battery","specs":[{"label":"Type","value":"Removable Li-Ion 750 mAh battery"},{"label":"Stand-by","value":"Up to 300 h"},{"label":"Talk time","value":"Up to 5 h"}]},{"category":"Misc","specs":[{"label":"Colors","value":"Silver"},{"label":"Price","value":"About 260 EUR"}]}]');
INSERT OR IGNORE INTO device_pictures (device_id, url, position) VALUES (335, 'https://fdn2.gsmarena.com/vv/bigpic/asus-z801.gif', 0);
INSERT OR IGNORE INTO devices (id, brand_id, name, gsmarena_url, thumbnail_url, summary) VALUES (336, 2, 'J502', 'https://www.gsmarena.com/asus_j502-2097.php', 'https://fdn2.gsmarena.com/vv/bigpic/asus-j502.gif', 'J502');
INSERT OR IGNORE INTO device_specs (device_id, announced, status, network, os, chipset, cpu, gpu, display_size, display_type, display_res, ram, storage, main_camera, selfie_camera, battery, charging, nfc, usb, bluetooth, wlan, colors, weight, dimensions, sim, sensors, popularity, fans, rating, full_specs_json) VALUES (336, '2007', 'Discontinued', 'GSM', NULL, NULL, NULL, NULL, '2.4 inches, 17.8 cm 2 (~32.6% screen-to-body ratio)', 'TFT resistive touchscreen, 256K colors', '240 x 320 pixels, 4:3 ratio (~167 ppi density)', NULL, '24MB', '3 MP, AF, LED flash', NULL, 'Removable Li-Ion battery', NULL, NULL, '1.1', '2.0, A2DP', 'No', 'Black, Red', '120 g (4.23 oz)', '103.5 x 52.8 x 14.7 mm (4.07 x 2.08 x 0.58 in)', 'Mini-SIM', NULL, 'About 300 EUR', NULL, NULL, '[{"category":"Network","specs":[{"label":"Technology","value":"GSM"},{"label":"2G bands","value":"GSM 900 / 1800 / 1900"},{"label":"GPRS","value":"Class 12"},{"label":"EDGE","value":"Yes"}]},{"category":"Launch","specs":[{"label":"Announced","value":"2007"},{"label":"Status","value":"Discontinued"}]},{"category":"Body","specs":[{"label":"Dimensions","value":"103.5 x 52.8 x 14.7 mm (4.07 x 2.08 x 0.58 in)"},{"label":"Weight","value":"120 g (4.23 oz)"},{"label":"SIM","value":"Mini-SIM"}]},{"category":"Display","specs":[{"label":"Type","value":"TFT resistive touchscreen, 256K colors"},{"label":"Size","value":"2.4 inches, 17.8 cm 2 (~32.6% screen-to-body ratio)"},{"label":"Resolution","value":"240 x 320 pixels, 4:3 ratio (~167 ppi density)"}]},{"category":"Memory","specs":[{"label":"Card slot","value":"microSD (dedicated slot)"},{"label":"Internal","value":"24MB"},{"label":"Phonebook","value":"500 entries"},{"label":"Call records","value":"20 received, dialed and missed calls"}]},{"category":"Main Camera","specs":[{"label":"Single","value":"3 MP, AF"},{"label":"Features","value":"LED flash"},{"label":"Video","value":"Yes"}]},{"category":"Sound","specs":[{"label":"Loudspeaker","value":"No"},{"label":"3.5mm jack","value":"No"},{"label":"Alert types","value":"Vibration; Downloadable polyphonic, MIDI, MP3, AAC, AMR ringtones"}]},{"category":"Comms","specs":[{"label":"WLAN","value":"No"},{"label":"Bluetooth","value":"2.0, A2DP"},{"label":"Positioning","value":"No"},{"label":"USB","value":"1.1"},{"label":"Radio","value":"No"}]},{"category":"Features","specs":[{"label":"Messaging","value":"SMS, EMS,MMS, Email"},{"label":"Browser","value":"WAP 1.2.1 & WAP 2.0"},{"label":"Games","value":"Yes"},{"label":"Java","value":"Yes"}]},{"category":"Battery","specs":[{"label":"Type","value":"Removable Li-Ion battery"}]},{"category":"Misc","specs":[{"label":"Colors","value":"Black, Red"},{"label":"Price","value":"About 300 EUR"}]}]');
INSERT OR IGNORE INTO device_pictures (device_id, url, position) VALUES (336, 'https://fdn2.gsmarena.com/vv/bigpic/asus-j502.gif', 0);
INSERT OR IGNORE INTO device_pictures (device_id, url, position) VALUES (336, 'https://fdn2.gsmarena.com/vv/pics/asus/Asus-J502.jpg', 1);
INSERT OR IGNORE INTO devices (id, brand_id, name, gsmarena_url, thumbnail_url, summary) VALUES (337, 2, 'V88i', 'https://www.gsmarena.com/asus_v88i-2098.php', 'https://fdn2.gsmarena.com/vv/bigpic/asus-v88i.gif', 'V88i');
INSERT OR IGNORE INTO device_specs (device_id, announced, status, network, os, chipset, cpu, gpu, display_size, display_type, display_res, ram, storage, main_camera, selfie_camera, battery, charging, nfc, usb, bluetooth, wlan, colors, weight, dimensions, sim, sensors, popularity, fans, rating, full_specs_json) VALUES (337, '2007', 'Discontinued', 'GSM / UMTS', NULL, NULL, NULL, NULL, NULL, 'TFT resistive touchscreen, 256K colors', '176 x 220 pixels', NULL, '35MB', '2 MP, AF', 'Videocall camera', 'Removable Li-Ion battery', NULL, NULL, 'Proprietary', '2.0', 'No', 'Black', '80 g (2.82 oz)', '101 x 45 x 16 mm (3.98 x 1.77 x 0.63 in)', 'Mini-SIM', NULL, 'About 290 EUR', NULL, NULL, '[{"category":"Network","specs":[{"label":"Technology","value":"GSM / UMTS"},{"label":"2G bands","value":"GSM 900 / 1800 / 1900"},{"label":"3G bands","value":"UMTS 2100"},{"label":"Speed","value":"Yes, 384 kbps"}]},{"category":"Launch","specs":[{"label":"Announced","value":"2007"},{"label":"Status","value":"Discontinued"}]},{"category":"Body","specs":[{"label":"Dimensions","value":"101 x 45 x 16 mm (3.98 x 1.77 x 0.63 in)"},{"label":"Weight","value":"80 g (2.82 oz)"},{"label":"SIM","value":"Mini-SIM"}]},{"category":"Display","specs":[{"label":"Type","value":"TFT resistive touchscreen, 256K colors"},{"label":"Resolution","value":"176 x 220 pixels"}]},{"category":"Memory","specs":[{"label":"Card slot","value":"microSD (dedicated slot)"},{"label":"Internal","value":"35MB"},{"label":"Phonebook","value":"500 entries"},{"label":"Call records","value":"20 received, dialed and missed calls"}]},{"category":"Main Camera","specs":[{"label":"Single","value":"2 MP, AF"},{"label":"Video","value":"Yes"}]},{"category":"Selfie camera","specs":[{"label":"Single","value":"Videocall camera"}]},{"category":"Sound","specs":[{"label":"Loudspeaker","value":"No"},{"label":"3.5mm jack","value":"No"},{"label":"Alert types","value":"Vibration; Downloadable polyphonic,  MP3, AAC, AAC+ ringtones"}]},{"category":"Comms","specs":[{"label":"WLAN","value":"No"},{"label":"Bluetooth","value":"2.0"},{"label":"Positioning","value":"No"},{"label":"USB","value":"Proprietary"},{"label":"Radio","value":"FM radio"}]},{"category":"Features","specs":[{"label":"Messaging","value":"SMS, MMS"},{"label":"Browser","value":"WAP 2.0"},{"label":"Games","value":"Yes"},{"label":"Java","value":"Yes, MIDP 2.0; CLDC 1.1"}]},{"category":"Battery","specs":[{"label":"Type","value":"Removable Li-Ion battery"}]},{"category":"Misc","specs":[{"label":"Colors","value":"Black"},{"label":"Price","value":"About 290 EUR"}]}]');
INSERT OR IGNORE INTO device_pictures (device_id, url, position) VALUES (337, 'https://fdn2.gsmarena.com/vv/bigpic/asus-v88i.gif', 0);
INSERT OR IGNORE INTO devices (id, brand_id, name, gsmarena_url, thumbnail_url, summary) VALUES (338, 2, 'M530w', 'https://www.gsmarena.com/asus_m530w-2096.php', 'https://fdn2.gsmarena.com/vv/bigpic/asus-m530w.gif', 'M530w');
INSERT OR IGNORE INTO device_specs (device_id, announced, status, network, os, chipset, cpu, gpu, display_size, display_type, display_res, ram, storage, main_camera, selfie_camera, battery, charging, nfc, usb, bluetooth, wlan, colors, weight, dimensions, sim, sensors, popularity, fans, rating, full_specs_json) VALUES (338, '2007, May. Released 2008, April', 'Discontinued', 'GSM / UMTS', 'Microsoft Windows Mobile 6 Standard', NULL, '32-bit Intel XScale PXA270 416 MHz', NULL, '2.4 inches, 17.8 cm 2 (~23.5% screen-to-body ratio)', 'TFT , 65K colors', '320 x 240 pixels, 4:3 ratio (~167 ppi density)', NULL, '256MB 64MB RAM', '2 MP', 'VGA videocall camera', 'Removable Li-Ion 1200 mAh battery', NULL, NULL, '1.1', '2.0, A2DP', 'Wi-Fi 802.11b/g', 'Black, White', '135 g (4.76 oz)', '117 x 65 x 13.8 mm (4.61 x 2.56 x 0.54 in)', 'Mini-SIM', NULL, 'About 330 EUR', NULL, NULL, '[{"category":"Network","specs":[{"label":"Technology","value":"GSM / UMTS"},{"label":"2G bands","value":"GSM 900 / 1800 / 1900"},{"label":"3G bands","value":"UMTS 2100"},{"label":"Speed","value":"Yes, 384 kbps"}]},{"category":"Launch","specs":[{"label":"Announced","value":"2007, May. Released 2008, April"},{"label":"Status","value":"Discontinued"}]},{"category":"Body","specs":[{"label":"Dimensions","value":"117 x 65 x 13.8 mm (4.61 x 2.56 x 0.54 in)"},{"label":"Weight","value":"135 g (4.76 oz)"},{"label":"SIM","value":"Mini-SIM"},{"label":"Keyboard","value":"QWERTY"}]},{"category":"Display","specs":[{"label":"Type","value":"TFT , 65K colors"},{"label":"Size","value":"2.4 inches, 17.8 cm 2 (~23.5% screen-to-body ratio)"},{"label":"Resolution","value":"320 x 240 pixels, 4:3 ratio (~167 ppi density)"}]},{"category":"Platform","specs":[{"label":"OS","value":"Microsoft Windows Mobile 6 Standard"},{"label":"CPU","value":"32-bit Intel XScale PXA270 416 MHz"}]},{"category":"Memory","specs":[{"label":"Card slot","value":"microSD (dedicated slot)"},{"label":"Internal","value":"256MB 64MB RAM"}]},{"category":"Main Camera","specs":[{"label":"Single","value":"2 MP"},{"label":"Video","value":"Yes"}]},{"category":"Selfie camera","specs":[{"label":"Single","value":"VGA videocall camera"}]},{"category":"Sound","specs":[{"label":"Loudspeaker","value":"No"},{"label":"3.5mm jack","value":"No"},{"label":"Alert types","value":"Vibration; Downloadable polyphonic, MP3, WMA, AAC, Midi,  WMV ringtones"}]},{"category":"Comms","specs":[{"label":"WLAN","value":"Wi-Fi 802.11b/g"},{"label":"Bluetooth","value":"2.0, A2DP"},{"label":"Positioning","value":"No"},{"label":"USB","value":"1.1"},{"label":"Radio","value":"No"}]},{"category":"Features","specs":[{"label":"Browser","value":"HTTP / WAP 2.0"}]},{"category":"Battery","specs":[{"label":"Type","value":"Removable Li-Ion 1200 mAh battery"},{"label":"Stand-by","value":"Up to 250 h"},{"label":"Talk time","value":"Up to 5 h"}]},{"category":"Misc","specs":[{"label":"Colors","value":"Black, White"},{"label":"Price","value":"About 330 EUR"}]}]');
INSERT OR IGNORE INTO device_pictures (device_id, url, position) VALUES (338, 'https://fdn2.gsmarena.com/vv/bigpic/asus-m530w.gif', 0);
INSERT OR IGNORE INTO device_pictures (device_id, url, position) VALUES (338, 'https://fdn2.gsmarena.com/vv/pics/asus/Asus-M530w.jpg', 1);
INSERT OR IGNORE INTO devices (id, brand_id, name, gsmarena_url, thumbnail_url, summary) VALUES (339, 2, 'P526', 'https://www.gsmarena.com/asus_p526-1988.php', 'https://fdn2.gsmarena.com/vv/bigpic/asus-p526.gif', 'P526');
INSERT OR IGNORE INTO device_specs (device_id, announced, status, network, os, chipset, cpu, gpu, display_size, display_type, display_res, ram, storage, main_camera, selfie_camera, battery, charging, nfc, usb, bluetooth, wlan, colors, weight, dimensions, sim, sensors, popularity, fans, rating, full_specs_json) VALUES (339, '2007, March', 'Discontinued', 'GSM', 'Microsoft Windows Mobile 6.0 Professional', 'TI OMAP 850', '200 MHz ARM926EJ-S', NULL, '2.6 inches, 20.9 cm 2 (~32.8% screen-to-body ratio)', 'TFT resistive touchscreen, 65K colors', '240 x 320 pixels, 4:3 ratio (~154 ppi density)', NULL, '128MB', '2 MP', NULL, 'Removable Li-Ion 1300 mAh battery', NULL, NULL, '1.1', '1.2', 'No', 'Silver', '115 g (4.06 oz)', '110 x 58 x 15.4 mm (4.33 x 2.28 x 0.61 in)', 'Mini-SIM', NULL, 'About 300 EUR', NULL, NULL, '[{"category":"Network","specs":[{"label":"Technology","value":"GSM"},{"label":"2G bands","value":"GSM 850 / 900 / 1800 / 1900"},{"label":"GPRS","value":"Class 10"},{"label":"EDGE","value":"Yes"}]},{"category":"Launch","specs":[{"label":"Announced","value":"2007, March"},{"label":"Status","value":"Discontinued"}]},{"category":"Body","specs":[{"label":"Dimensions","value":"110 x 58 x 15.4 mm (4.33 x 2.28 x 0.61 in)"},{"label":"Weight","value":"115 g (4.06 oz)"},{"label":"SIM","value":"Mini-SIM"}]},{"category":"Display","specs":[{"label":"Type","value":"TFT resistive touchscreen, 65K colors"},{"label":"Size","value":"2.6 inches, 20.9 cm 2 (~32.8% screen-to-body ratio)"},{"label":"Resolution","value":"240 x 320 pixels, 4:3 ratio (~154 ppi density)"}]},{"category":"Platform","specs":[{"label":"OS","value":"Microsoft Windows Mobile 6.0 Professional"},{"label":"Chipset","value":"TI OMAP 850"},{"label":"CPU","value":"200 MHz ARM926EJ-S"}]},{"category":"Memory","specs":[{"label":"Card slot","value":"microSD (dedicated slot)"},{"label":"Internal","value":"128MB"}]},{"category":"Main Camera","specs":[{"label":"Single","value":"2 MP"},{"label":"Video","value":"Yes"}]},{"category":"Sound","specs":[{"label":"Loudspeaker","value":"No"},{"label":"3.5mm jack","value":"No"},{"label":"Alert types","value":"Vibration; Downloadable polyphonic, Midi, MP3, WMA, WAV ringtones"}]},{"category":"Comms","specs":[{"label":"WLAN","value":"No"},{"label":"Bluetooth","value":"1.2"},{"label":"Positioning","value":"GPS, SiRF Star III chipset"},{"label":"USB","value":"1.1"},{"label":"Radio","value":"No"},{"label":"Infrared port","value":"Yes"}]},{"category":"Features","specs":[{"label":"Browser","value":"WAP 1.2.1/2.0"}]},{"category":"Battery","specs":[{"label":"Type","value":"Removable Li-Ion 1300 mAh battery"},{"label":"Stand-by","value":"Up to 150 h"},{"label":"Talk time","value":"Up to 4 h"}]},{"category":"Misc","specs":[{"label":"Colors","value":"Silver"},{"label":"Price","value":"About 300 EUR"}]}]');
INSERT OR IGNORE INTO device_pictures (device_id, url, position) VALUES (339, 'https://fdn2.gsmarena.com/vv/bigpic/asus-p526.gif', 0);
INSERT OR IGNORE INTO device_pictures (device_id, url, position) VALUES (339, 'https://fdn2.gsmarena.com/vv/pics/asus/asus-p526_00.jpg', 1);
INSERT OR IGNORE INTO devices (id, brand_id, name, gsmarena_url, thumbnail_url, summary) VALUES (340, 2, 'J501', 'https://www.gsmarena.com/asus_j501-2077.php', 'https://fdn2.gsmarena.com/vv/bigpic/asus-j501.gif', 'J501');
INSERT OR IGNORE INTO device_specs (device_id, announced, status, network, os, chipset, cpu, gpu, display_size, display_type, display_res, ram, storage, main_camera, selfie_camera, battery, charging, nfc, usb, bluetooth, wlan, colors, weight, dimensions, sim, sensors, popularity, fans, rating, full_specs_json) VALUES (340, '2007, February', 'Discontinued', 'GSM', NULL, NULL, NULL, NULL, '2.2 inches, 15.0 cm 2 (~30.3% screen-to-body ratio)', 'TFT, 256K colors', '240 x 320 pixels, 4:3 ratio (~182 ppi density)', NULL, '5MB', '2 MP, AF', NULL, 'Removable Li-Ion 750 mAh battery', NULL, NULL, '1.1', '1.2, A2DP', 'No', 'Black, White', '100 g (3.53 oz)', '103 x 48 x 16.6 mm (4.06 x 1.89 x 0.65 in)', 'Mini-SIM', NULL, 'About 300 EUR', NULL, NULL, '[{"category":"Network","specs":[{"label":"Technology","value":"GSM"},{"label":"2G bands","value":"GSM 900 / 1800 / 1900"},{"label":"GPRS","value":"Class 12"},{"label":"EDGE","value":"No"}]},{"category":"Launch","specs":[{"label":"Announced","value":"2007, February"},{"label":"Status","value":"Discontinued"}]},{"category":"Body","specs":[{"label":"Dimensions","value":"103 x 48 x 16.6 mm (4.06 x 1.89 x 0.65 in)"},{"label":"Weight","value":"100 g (3.53 oz)"},{"label":"SIM","value":"Mini-SIM"}]},{"category":"Display","specs":[{"label":"Type","value":"TFT, 256K colors"},{"label":"Size","value":"2.2 inches, 15.0 cm 2 (~30.3% screen-to-body ratio)"},{"label":"Resolution","value":"240 x 320 pixels, 4:3 ratio (~182 ppi density)"}]},{"category":"Memory","specs":[{"label":"Card slot","value":"microSD (dedicated slot)"},{"label":"Internal","value":"5MB"},{"label":"Phonebook","value":"500 entries"},{"label":"Call records","value":"Yes"}]},{"category":"Main Camera","specs":[{"label":"Single","value":"2 MP, AF"},{"label":"Video","value":"Yes"}]},{"category":"Sound","specs":[{"label":"Loudspeaker","value":"No"},{"label":"3.5mm jack","value":"No"},{"label":"Alert types","value":"Vibration; Downloadable polyphonic, MP3 ringtones"}]},{"category":"Comms","specs":[{"label":"WLAN","value":"No"},{"label":"Bluetooth","value":"1.2, A2DP"},{"label":"Positioning","value":"No"},{"label":"USB","value":"1.1"},{"label":"Radio","value":"FM radio"}]},{"category":"Features","specs":[{"label":"Messaging","value":"SMS, EMS, MMS, Email, Instant messaging"},{"label":"Browser","value":"WAP 1.2.1/2.0"},{"label":"Games","value":"Yes, 3 Java games & 8 games"},{"label":"Java","value":"No"}]},{"category":"Battery","specs":[{"label":"Type","value":"Removable Li-Ion 750 mAh battery"},{"label":"Stand-by","value":"Up to 200 h"},{"label":"Talk time","value":"Up to 5 h"}]},{"category":"Misc","specs":[{"label":"Colors","value":"Black, White"},{"label":"Price","value":"About 300 EUR"}]}]');
INSERT OR IGNORE INTO device_pictures (device_id, url, position) VALUES (340, 'https://fdn2.gsmarena.com/vv/bigpic/asus-j501.gif', 0);
INSERT OR IGNORE INTO device_pictures (device_id, url, position) VALUES (340, 'https://fdn2.gsmarena.com/vv/pics/asus/asus-j501_00.jpg', 1);
INSERT OR IGNORE INTO device_pictures (device_id, url, position) VALUES (340, 'https://fdn2.gsmarena.com/vv/pics/asus/asus-j501_01.jpg', 2);
INSERT OR IGNORE INTO devices (id, brand_id, name, gsmarena_url, thumbnail_url, summary) VALUES (341, 2, 'P735', 'https://www.gsmarena.com/asus_p735-1831.php', 'https://fdn2.gsmarena.com/vv/bigpic/asus-p735.gif', 'P735');
INSERT OR IGNORE INTO device_specs (device_id, announced, status, network, os, chipset, cpu, gpu, display_size, display_type, display_res, ram, storage, main_camera, selfie_camera, battery, charging, nfc, usb, bluetooth, wlan, colors, weight, dimensions, sim, sensors, popularity, fans, rating, full_specs_json) VALUES (341, '2007, January', 'Discontinued', 'GSM / UMTS', 'Microsoft Windows Mobile 5.0 PocketPC', NULL, 'Intel XScale 520 MHz', NULL, '2.8 inches, 24.3 cm 2 (~37.8% screen-to-body ratio)', 'TFT resistive touchscreen, 65K colors', '240 x 320 pixels, 4:3 ratio (~143 ppi density)', NULL, '256MB 64MB RAM', '2 MP, AF, LED flash', 'VGA videocall camera', 'Removable Li-Ion 1300 mAh battery', NULL, NULL, '1.1', '2.0', 'Wi-Fi 802.11b/g', 'Silver', '143 g (5.04 oz)', '109 x 59 x 19 mm (4.29 x 2.32 x 0.75 in)', 'Mini-SIM', NULL, 'About 370 EUR', NULL, NULL, '[{"category":"Network","specs":[{"label":"Technology","value":"GSM / UMTS"},{"label":"2G bands","value":"GSM 900 / 1800 / 1900"},{"label":"3G bands","value":"UMTS 2100"},{"label":"Speed","value":"Yes, 384 kbps"}]},{"category":"Launch","specs":[{"label":"Announced","value":"2007, January"},{"label":"Status","value":"Discontinued"}]},{"category":"Body","specs":[{"label":"Dimensions","value":"109 x 59 x 19 mm (4.29 x 2.32 x 0.75 in)"},{"label":"Weight","value":"143 g (5.04 oz)"},{"label":"SIM","value":"Mini-SIM"}]},{"category":"Display","specs":[{"label":"Type","value":"TFT resistive touchscreen, 65K colors"},{"label":"Size","value":"2.8 inches, 24.3 cm 2 (~37.8% screen-to-body ratio)"},{"label":"Resolution","value":"240 x 320 pixels, 4:3 ratio (~143 ppi density)"}]},{"category":"Platform","specs":[{"label":"OS","value":"Microsoft Windows Mobile 5.0 PocketPC"},{"label":"CPU","value":"Intel XScale 520 MHz"}]},{"category":"Memory","specs":[{"label":"Card slot","value":"miniSD"},{"label":"Internal","value":"256MB 64MB RAM"}]},{"category":"Main Camera","specs":[{"label":"Single","value":"2 MP, AF"},{"label":"Features","value":"LED flash"},{"label":"Video","value":"Yes"}]},{"category":"Selfie camera","specs":[{"label":"Single","value":"VGA videocall camera"}]},{"category":"Sound","specs":[{"label":"Loudspeaker","value":"No"},{"label":"3.5mm jack","value":"No"},{"label":"Alert types","value":"Vibration; Downloadable polyphonic, Midi, MP3 ringtones"}]},{"category":"Comms","specs":[{"label":"WLAN","value":"Wi-Fi 802.11b/g"},{"label":"Bluetooth","value":"2.0"},{"label":"Positioning","value":"No"},{"label":"USB","value":"1.1"},{"label":"Radio","value":"No"}]},{"category":"Features","specs":[{"label":"Browser","value":"WAP 1.2.1/2.0"}]},{"category":"Battery","specs":[{"label":"Type","value":"Removable Li-Ion 1300 mAh battery"}]},{"category":"Misc","specs":[{"label":"Colors","value":"Silver"},{"label":"Price","value":"About 370 EUR"}]}]');
INSERT OR IGNORE INTO device_pictures (device_id, url, position) VALUES (341, 'https://fdn2.gsmarena.com/vv/bigpic/asus-p735.gif', 0);
INSERT OR IGNORE INTO device_pictures (device_id, url, position) VALUES (341, 'https://fdn2.gsmarena.com/vv/pics/asus/asus-p735_00.jpg', 1);
INSERT OR IGNORE INTO device_pictures (device_id, url, position) VALUES (341, 'https://fdn2.gsmarena.com/vv/pics/asus/asus-p735_01.jpg', 2);
INSERT OR IGNORE INTO devices (id, brand_id, name, gsmarena_url, thumbnail_url, summary) VALUES (342, 2, 'Z810', 'https://www.gsmarena.com/asus_z810-1820.php', 'https://fdn2.gsmarena.com/vv/bigpic/asus-z810.gif', 'Z810');
INSERT OR IGNORE INTO device_specs (device_id, announced, status, network, os, chipset, cpu, gpu, display_size, display_type, display_res, ram, storage, main_camera, selfie_camera, battery, charging, nfc, usb, bluetooth, wlan, colors, weight, dimensions, sim, sensors, popularity, fans, rating, full_specs_json) VALUES (342, '2006, November', 'Discontinued', 'GSM', NULL, NULL, NULL, NULL, '2.0 inches, 12.4 cm 2 (~29.3% screen-to-body ratio)', 'QVGA, 256K colors', '240 x 320 pixels, 4:3 ratio (~200 ppi density)', NULL, '64MB', '2 MP, AF, LED flash', NULL, 'Removable Li-Ion 720 mAh battery', NULL, NULL, 'Proprietary', 'Yes', 'No', 'Silver', '110 g (3.88 oz)', '92 x 46 x 23.5 mm (3.62 x 1.81 x 0.93 in)', 'Mini-SIM', NULL, NULL, NULL, NULL, '[{"category":"Network","specs":[{"label":"Technology","value":"GSM"},{"label":"2G bands","value":"GSM 900 / 1800 / 1900"},{"label":"GPRS","value":"Class 10"},{"label":"EDGE","value":"No"}]},{"category":"Launch","specs":[{"label":"Announced","value":"2006, November"},{"label":"Status","value":"Discontinued"}]},{"category":"Body","specs":[{"label":"Dimensions","value":"92 x 46 x 23.5 mm (3.62 x 1.81 x 0.93 in)"},{"label":"Weight","value":"110 g (3.88 oz)"},{"label":"SIM","value":"Mini-SIM"}]},{"category":"Display","specs":[{"label":"Type","value":"QVGA, 256K colors"},{"label":"Size","value":"2.0 inches, 12.4 cm 2 (~29.3% screen-to-body ratio)"},{"label":"Resolution","value":"240 x 320 pixels, 4:3 ratio (~200 ppi density)"}]},{"category":"Memory","specs":[{"label":"Card slot","value":"microSD (dedicated slot)"},{"label":"Internal","value":"64MB"},{"label":"Phonebook","value":"Yes"},{"label":"Call records","value":"20 received, dialed and missed calls"}]},{"category":"Main Camera","specs":[{"label":"Single","value":"2 MP, AF"},{"label":"Features","value":"LED flash"},{"label":"Video","value":"Yes"}]},{"category":"Sound","specs":[{"label":"Loudspeaker","value":"No"},{"label":"3.5mm jack","value":"No"},{"label":"Alert types","value":"Vibration; Downloadable polyphonic, MP3, AAC, WAV, MPEG4 ringtones"}]},{"category":"Comms","specs":[{"label":"WLAN","value":"No"},{"label":"Bluetooth","value":"Yes"},{"label":"Positioning","value":"No"},{"label":"USB","value":"Proprietary"},{"label":"Radio","value":"FM radio"}]},{"category":"Features","specs":[{"label":"Messaging","value":"SMS, MMS, Email"},{"label":"Browser","value":"No"},{"label":"Games","value":"Yes"},{"label":"Java","value":"No"}]},{"category":"Battery","specs":[{"label":"Type","value":"Removable Li-Ion 720 mAh battery"},{"label":"Stand-by","value":"Up to 300 h"},{"label":"Talk time","value":"Up to 5 h"}]},{"category":"Misc","specs":[{"label":"Colors","value":"Silver"}]}]');
INSERT OR IGNORE INTO device_pictures (device_id, url, position) VALUES (342, 'https://fdn2.gsmarena.com/vv/bigpic/asus-z810.gif', 0);
INSERT OR IGNORE INTO devices (id, brand_id, name, gsmarena_url, thumbnail_url, summary) VALUES (343, 2, 'P535', 'https://www.gsmarena.com/asus_p535-1780.php', 'https://fdn2.gsmarena.com/vv/bigpic/asus-p535.gif', 'P535');
INSERT OR IGNORE INTO device_specs (device_id, announced, status, network, os, chipset, cpu, gpu, display_size, display_type, display_res, ram, storage, main_camera, selfie_camera, battery, charging, nfc, usb, bluetooth, wlan, colors, weight, dimensions, sim, sensors, popularity, fans, rating, full_specs_json) VALUES (343, '2006, November', 'Discontinued', 'GSM', 'Microsoft Windows Mobile 5.0 PocketPC', NULL, 'Intel XScale 520 MHz', NULL, '2.8 inches, 24.3 cm 2 (~37.8% screen-to-body ratio)', 'TFT resistive touchscreen, 65K colors', '240 x 320 pixels, 4:3 ratio (~143 ppi density)', NULL, '256MB 64MB RAM', '2 MP, AF, LED flash', NULL, 'Removable Li-Ion 1300 mAh battery', NULL, NULL, '1.1', '2.0, A2DP', 'Wi-Fi 802.11b/g', 'Silver, White', '145 g (5.11 oz)', '109 x 59 x 19 mm (4.29 x 2.32 x 0.75 in)', 'Mini-SIM', NULL, NULL, NULL, NULL, '[{"category":"Network","specs":[{"label":"Technology","value":"GSM"},{"label":"2G bands","value":"GSM 900 / 1800 / 1900"},{"label":"GPRS","value":"Class 10"},{"label":"EDGE","value":"No"}]},{"category":"Launch","specs":[{"label":"Announced","value":"2006, November"},{"label":"Status","value":"Discontinued"}]},{"category":"Body","specs":[{"label":"Dimensions","value":"109 x 59 x 19 mm (4.29 x 2.32 x 0.75 in)"},{"label":"Weight","value":"145 g (5.11 oz)"},{"label":"SIM","value":"Mini-SIM"}]},{"category":"Display","specs":[{"label":"Type","value":"TFT resistive touchscreen, 65K colors"},{"label":"Size","value":"2.8 inches, 24.3 cm 2 (~37.8% screen-to-body ratio)"},{"label":"Resolution","value":"240 x 320 pixels, 4:3 ratio (~143 ppi density)"}]},{"category":"Platform","specs":[{"label":"OS","value":"Microsoft Windows Mobile 5.0 PocketPC"},{"label":"CPU","value":"Intel XScale 520 MHz"}]},{"category":"Memory","specs":[{"label":"Card slot","value":"miniSD"},{"label":"Internal","value":"256MB 64MB RAM"}]},{"category":"Main Camera","specs":[{"label":"Single","value":"2 MP, AF"},{"label":"Features","value":"LED flash"},{"label":"Video","value":"@30fps"}]},{"category":"Sound","specs":[{"label":"Loudspeaker","value":"No"},{"label":"3.5mm jack","value":"No"},{"label":"Alert types","value":"Vibration; Downloadable polyphonic, Midi, MP3 ringtones"}]},{"category":"Comms","specs":[{"label":"WLAN","value":"Wi-Fi 802.11b/g"},{"label":"Bluetooth","value":"2.0, A2DP"},{"label":"Positioning","value":"GPS, SiRF Star III chipset"},{"label":"USB","value":"1.1"},{"label":"Radio","value":"No"}]},{"category":"Features","specs":[{"label":"Browser","value":"WAP 1.2.1/2.0"}]},{"category":"Battery","specs":[{"label":"Type","value":"Removable Li-Ion 1300 mAh battery"},{"label":"Stand-by","value":"Up to 200 h"},{"label":"Talk time","value":"Up to 5 h"}]},{"category":"Misc","specs":[{"label":"Colors","value":"Silver, White"}]}]');
INSERT OR IGNORE INTO device_pictures (device_id, url, position) VALUES (343, 'https://fdn2.gsmarena.com/vv/bigpic/asus-p535.gif', 0);
INSERT OR IGNORE INTO device_pictures (device_id, url, position) VALUES (343, 'https://fdn2.gsmarena.com/vv/pics/asus/asus-p535-00.jpg', 1);
INSERT OR IGNORE INTO devices (id, brand_id, name, gsmarena_url, thumbnail_url, summary) VALUES (344, 2, 'P525', 'https://www.gsmarena.com/asus_p525-1738.php', 'https://fdn2.gsmarena.com/vv/bigpic/asus-p525.gif', 'P525');
INSERT OR IGNORE INTO device_specs (device_id, announced, status, network, os, chipset, cpu, gpu, display_size, display_type, display_res, ram, storage, main_camera, selfie_camera, battery, charging, nfc, usb, bluetooth, wlan, colors, weight, dimensions, sim, sensors, popularity, fans, rating, full_specs_json) VALUES (344, '2006, March', 'Discontinued', 'GSM', 'Microsoft Windows Mobile 5.0 PocketPC', NULL, 'Intel XScale 416 MHz', NULL, '2.8 inches, 24.3 cm 2 (~35.2% screen-to-body ratio)', 'TFT resistive touchscreen, 65K colors', '240 x 320 pixels, 4:3 ratio (~143 ppi density)', NULL, '128MB', '2 MP, AF, LED flash', NULL, 'Removable Li-Ion 1300 mAh battery', NULL, NULL, 'miniUSB', '2.0', 'Wi-Fi 802.11b', 'Silver', '160 g (5.64 oz)', '116.8 x 59 x 19 mm (4.60 x 2.32 x 0.75 in)', 'Mini-SIM', NULL, NULL, NULL, NULL, '[{"category":"Network","specs":[{"label":"Technology","value":"GSM"},{"label":"2G bands","value":"GSM 850 / 900 / 1800 / 1900"},{"label":"GPRS","value":"Class 10"},{"label":"EDGE","value":"No"}]},{"category":"Launch","specs":[{"label":"Announced","value":"2006, March"},{"label":"Status","value":"Discontinued"}]},{"category":"Body","specs":[{"label":"Dimensions","value":"116.8 x 59 x 19 mm (4.60 x 2.32 x 0.75 in)"},{"label":"Weight","value":"160 g (5.64 oz)"},{"label":"SIM","value":"Mini-SIM"}]},{"category":"Display","specs":[{"label":"Type","value":"TFT resistive touchscreen, 65K colors"},{"label":"Size","value":"2.8 inches, 24.3 cm 2 (~35.2% screen-to-body ratio)"},{"label":"Resolution","value":"240 x 320 pixels, 4:3 ratio (~143 ppi density)"}]},{"category":"Platform","specs":[{"label":"OS","value":"Microsoft Windows Mobile 5.0 PocketPC"},{"label":"CPU","value":"Intel XScale 416 MHz"}]},{"category":"Memory","specs":[{"label":"Card slot","value":"miniSD"},{"label":"Internal","value":"128MB"}]},{"category":"Main Camera","specs":[{"label":"Single","value":"2 MP, AF"},{"label":"Features","value":"LED flash"},{"label":"Video","value":"Yes"}]},{"category":"Sound","specs":[{"label":"Loudspeaker","value":"No"},{"label":"3.5mm jack","value":"No"},{"label":"Alert types","value":"Vibration; Downloadable polyphonic, Midi, MP3, WMA, WAV ringtones"}]},{"category":"Comms","specs":[{"label":"WLAN","value":"Wi-Fi 802.11b"},{"label":"Bluetooth","value":"2.0"},{"label":"Positioning","value":"No"},{"label":"USB","value":"miniUSB"},{"label":"Radio","value":"No"},{"label":"Infrared port","value":"Yes"}]},{"category":"Features","specs":[{"label":"Browser","value":"WAP 1.2.1/2.0"}]},{"category":"Battery","specs":[{"label":"Type","value":"Removable Li-Ion 1300 mAh battery"},{"label":"Stand-by","value":"Up to 150 h"},{"label":"Talk time","value":"Up to 5 h"}]},{"category":"Misc","specs":[{"label":"Colors","value":"Silver"}]}]');
INSERT OR IGNORE INTO device_pictures (device_id, url, position) VALUES (344, 'https://fdn2.gsmarena.com/vv/bigpic/asus-p525.gif', 0);
INSERT OR IGNORE INTO device_pictures (device_id, url, position) VALUES (344, 'https://fdn2.gsmarena.com/vv/pics/asus/asus-p525-00.jpg', 1);
INSERT OR IGNORE INTO device_pictures (device_id, url, position) VALUES (344, 'https://fdn2.gsmarena.com/vv/pics/asus/asus-p525-01.jpg', 2);
INSERT OR IGNORE INTO devices (id, brand_id, name, gsmarena_url, thumbnail_url, summary) VALUES (345, 2, 'P505', 'https://www.gsmarena.com/asus_p505-1739.php', 'https://fdn2.gsmarena.com/vv/bigpic/asus-p505.gif', 'P505');
INSERT OR IGNORE INTO device_specs (device_id, announced, status, network, os, chipset, cpu, gpu, display_size, display_type, display_res, ram, storage, main_camera, selfie_camera, battery, charging, nfc, usb, bluetooth, wlan, colors, weight, dimensions, sim, sensors, popularity, fans, rating, full_specs_json) VALUES (345, '2006, March', 'Discontinued', 'GSM', 'Microsoft Windows Mobile OS for PocketPC', NULL, 'Intel PXA270 416 MHz', NULL, '2.8 inches, 24.3 cm 2 (~37.5% screen-to-body ratio)', 'TFT resistive touchscreen, 65K colors', '240 x 320 pixels, 4:3 ratio (~143 ppi density)', NULL, '64MB RAM, 64MB ROM', '1.3 MP, LED flash', NULL, 'Removable Li-Ion 1000 mAh battery', NULL, NULL, '1.1', '1.1', 'No', 'Silver', '165g (5.82 oz)', '108 x 60 x 22.5 mm (4.25 x 2.36 x 0.89 in)', 'Mini-SIM', NULL, NULL, NULL, NULL, '[{"category":"Network","specs":[{"label":"Technology","value":"GSM"},{"label":"2G bands","value":"GSM 900 / 1800 / 1900"},{"label":"GPRS","value":"Class 10"},{"label":"EDGE","value":"No"}]},{"category":"Launch","specs":[{"label":"Announced","value":"2006, March"},{"label":"Status","value":"Discontinued"}]},{"category":"Body","specs":[{"label":"Dimensions","value":"108 x 60 x 22.5 mm (4.25 x 2.36 x 0.89 in)"},{"label":"Weight","value":"165g (5.82 oz)"},{"label":"SIM","value":"Mini-SIM"}]},{"category":"Display","specs":[{"label":"Type","value":"TFT resistive touchscreen, 65K colors"},{"label":"Size","value":"2.8 inches, 24.3 cm 2 (~37.5% screen-to-body ratio)"},{"label":"Resolution","value":"240 x 320 pixels, 4:3 ratio (~143 ppi density)"}]},{"category":"Platform","specs":[{"label":"OS","value":"Microsoft Windows Mobile OS for PocketPC"},{"label":"CPU","value":"Intel PXA270 416 MHz"}]},{"category":"Memory","specs":[{"label":"Card slot","value":"MMC/SD, SDIO"},{"label":"Internal","value":"64MB RAM, 64MB ROM"}]},{"category":"Main Camera","specs":[{"label":"Single","value":"1.3 MP"},{"label":"Features","value":"LED flash"},{"label":"Video","value":"Yes"}]},{"category":"Sound","specs":[{"label":"Loudspeaker","value":"No"},{"label":"3.5mm jack","value":"No"},{"label":"Alert types","value":"Vibration; Downloadable polyphonic, WAV, WMA, MIDI ringtones"}]},{"category":"Comms","specs":[{"label":"WLAN","value":"No"},{"label":"Bluetooth","value":"1.1"},{"label":"Positioning","value":"No"},{"label":"USB","value":"1.1"},{"label":"Radio","value":"No"},{"label":"Infrared port","value":"Yes"}]},{"category":"Features","specs":[{"label":"Browser","value":"No"}]},{"category":"Battery","specs":[{"label":"Type","value":"Removable Li-Ion 1000 mAh battery"},{"label":"Stand-by","value":"Up to 140 h"},{"label":"Talk time","value":"Up to 4 h"}]},{"category":"Misc","specs":[{"label":"Colors","value":"Silver"}]}]');
INSERT OR IGNORE INTO device_pictures (device_id, url, position) VALUES (345, 'https://fdn2.gsmarena.com/vv/bigpic/asus-p505.gif', 0);
INSERT OR IGNORE INTO device_pictures (device_id, url, position) VALUES (345, 'https://fdn2.gsmarena.com/vv/pics/asus/asus-p505-00.jpg', 1);
INSERT OR IGNORE INTO devices (id, brand_id, name, gsmarena_url, thumbnail_url, summary) VALUES (346, 2, 'M303', 'https://www.gsmarena.com/asus_m303-1734.php', 'https://fdn2.gsmarena.com/vv/bigpic/asus-m303.gif', 'M303');
INSERT OR IGNORE INTO device_specs (device_id, announced, status, network, os, chipset, cpu, gpu, display_size, display_type, display_res, ram, storage, main_camera, selfie_camera, battery, charging, nfc, usb, bluetooth, wlan, colors, weight, dimensions, sim, sensors, popularity, fans, rating, full_specs_json) VALUES (346, '2006, March', 'Discontinued', 'GSM', NULL, NULL, NULL, NULL, '1.8 inches, 10.2 cm 2 (~28.6% screen-to-body ratio)', 'TFT, 256K colors', '128 x 160 pixels (~114 ppi density)', NULL, NULL, '1.3 MP, LED flash', NULL, 'Removable Li-Ion 700 mAh battery', NULL, NULL, 'No', 'No', 'No', 'Silver, Pink, Black', '87g (3.07 oz)', '83 x 43 x 22.9 mm (3.27 x 1.69 x 0.90 in)', 'Mini-SIM', NULL, NULL, NULL, NULL, '[{"category":"Network","specs":[{"label":"Technology","value":"GSM"},{"label":"2G bands","value":"GSM 900 / 1800 / 1900"},{"label":"GPRS","value":"Class 10"},{"label":"EDGE","value":"No"}]},{"category":"Launch","specs":[{"label":"Announced","value":"2006, March"},{"label":"Status","value":"Discontinued"}]},{"category":"Body","specs":[{"label":"Dimensions","value":"83 x 43 x 22.9 mm (3.27 x 1.69 x 0.90 in)"},{"label":"Weight","value":"87g (3.07 oz)"},{"label":"SIM","value":"Mini-SIM"}]},{"category":"Display","specs":[{"label":"Type","value":"TFT, 256K colors"},{"label":"Size","value":"1.8 inches, 10.2 cm 2 (~28.6% screen-to-body ratio)"},{"label":"Resolution","value":"128 x 160 pixels (~114 ppi density)"}]},{"category":"Memory","specs":[{"label":"Card slot","value":"miniSD"},{"label":"Phonebook","value":"300 entries"},{"label":"Call records","value":"20 received, dialed and missed calls"}]},{"category":"Main Camera","specs":[{"label":"Single","value":"1.3 MP"},{"label":"Features","value":"LED flash"},{"label":"Video","value":"Yes"}]},{"category":"Sound","specs":[{"label":"Loudspeaker","value":"No"},{"label":"3.5mm jack","value":"No"},{"label":"Alert types","value":"Vibration; Downloadable polyphonic, MP3 ringtones"}]},{"category":"Comms","specs":[{"label":"WLAN","value":"No"},{"label":"Bluetooth","value":"No"},{"label":"Positioning","value":"No"},{"label":"USB","value":"No"},{"label":"Radio","value":"No"}]},{"category":"Features","specs":[{"label":"Messaging","value":"SMS, MMS"},{"label":"Browser","value":"WAP 1.2.1/2.0"},{"label":"Games","value":"Yes"},{"label":"Java","value":"Yes"}]},{"category":"Battery","specs":[{"label":"Type","value":"Removable Li-Ion 700 mAh battery"},{"label":"Stand-by","value":"Up to 150 h | "},{"label":"Talk time","value":"Up to 5 h | "}]},{"category":"Misc","specs":[{"label":"Colors","value":"Silver, Pink, Black"}]}]');
INSERT OR IGNORE INTO device_pictures (device_id, url, position) VALUES (346, 'https://fdn2.gsmarena.com/vv/bigpic/asus-m303.gif', 0);
INSERT OR IGNORE INTO device_pictures (device_id, url, position) VALUES (346, 'https://fdn2.gsmarena.com/vv/pics/asus/asus-m303-00.jpg', 1);
INSERT OR IGNORE INTO devices (id, brand_id, name, gsmarena_url, thumbnail_url, summary) VALUES (347, 2, 'M307', 'https://www.gsmarena.com/asus_m307-1733.php', 'https://fdn2.gsmarena.com/vv/bigpic/asus-m307.gif', 'M307');
INSERT OR IGNORE INTO device_specs (device_id, announced, status, network, os, chipset, cpu, gpu, display_size, display_type, display_res, ram, storage, main_camera, selfie_camera, battery, charging, nfc, usb, bluetooth, wlan, colors, weight, dimensions, sim, sensors, popularity, fans, rating, full_specs_json) VALUES (347, '2006, March', 'Discontinued', 'GSM', NULL, NULL, NULL, NULL, '1.8 inches, 9.7 cm 2 (~25.7% screen-to-body ratio)', 'TFT, 256K colors', '176 x 120 pixels, 3:2 ratio (~118 ppi density)', NULL, '34MB', '2 MP, AF, LED flash', NULL, 'Removable Li-Ion 700 mAh battery', NULL, NULL, 'Proprietary', 'No', 'No', 'White, Silver', '92 g (3.25 oz)', '88 x 43 x 22.9 mm (3.46 x 1.69 x 0.90 in)', 'Mini-SIM', NULL, NULL, NULL, NULL, '[{"category":"Network","specs":[{"label":"Technology","value":"GSM"},{"label":"2G bands","value":"GSM 900 / 1800 / 1900"},{"label":"GPRS","value":"Class 10"},{"label":"EDGE","value":"No"}]},{"category":"Launch","specs":[{"label":"Announced","value":"2006, March"},{"label":"Status","value":"Discontinued"}]},{"category":"Body","specs":[{"label":"Dimensions","value":"88 x 43 x 22.9 mm (3.46 x 1.69 x 0.90 in)"},{"label":"Weight","value":"92 g (3.25 oz)"},{"label":"SIM","value":"Mini-SIM"}]},{"category":"Display","specs":[{"label":"Type","value":"TFT, 256K colors"},{"label":"Size","value":"1.8 inches, 9.7 cm 2 (~25.7% screen-to-body ratio)"},{"label":"Resolution","value":"176 x 120 pixels, 3:2 ratio (~118 ppi density)"}]},{"category":"Memory","specs":[{"label":"Card slot","value":"miniSD"},{"label":"Internal","value":"34MB"},{"label":"Phonebook","value":"Yes"},{"label":"Call records","value":"20 received, dialed and missed calls"}]},{"category":"Main Camera","specs":[{"label":"Single","value":"2 MP, AF"},{"label":"Features","value":"LED flash"},{"label":"Video","value":"Yes"}]},{"category":"Sound","specs":[{"label":"Loudspeaker","value":"No"},{"label":"3.5mm jack","value":"No"},{"label":"Alert types","value":"Vibration; Downloadable polyphonic, MP3 ringtones"}]},{"category":"Comms","specs":[{"label":"WLAN","value":"No"},{"label":"Bluetooth","value":"No"},{"label":"Positioning","value":"No"},{"label":"USB","value":"Proprietary"},{"label":"Radio","value":"No"}]},{"category":"Features","specs":[{"label":"Messaging","value":"SMS, MMS"},{"label":"Browser","value":"WAP 1.2.1/2.0"},{"label":"Games","value":"Yes"},{"label":"Java","value":"Yes"}]},{"category":"Battery","specs":[{"label":"Type","value":"Removable Li-Ion 700 mAh battery"},{"label":"Stand-by","value":"Up to 150 h"},{"label":"Talk time","value":"Up to 5 h"}]},{"category":"Misc","specs":[{"label":"Colors","value":"White, Silver"}]}]');
INSERT OR IGNORE INTO device_pictures (device_id, url, position) VALUES (347, 'https://fdn2.gsmarena.com/vv/bigpic/asus-m307.gif', 0);
INSERT OR IGNORE INTO device_pictures (device_id, url, position) VALUES (347, 'https://fdn2.gsmarena.com/vv/pics/asus/asus-m307-00.jpg', 1);
INSERT OR IGNORE INTO devices (id, brand_id, name, gsmarena_url, thumbnail_url, summary) VALUES (348, 2, 'M310', 'https://www.gsmarena.com/asus_m310-1732.php', 'https://fdn2.gsmarena.com/vv/bigpic/asus-m310.gif', 'M310');
INSERT OR IGNORE INTO device_specs (device_id, announced, status, network, os, chipset, cpu, gpu, display_size, display_type, display_res, ram, storage, main_camera, selfie_camera, battery, charging, nfc, usb, bluetooth, wlan, colors, weight, dimensions, sim, sensors, popularity, fans, rating, full_specs_json) VALUES (348, '2006, June', 'Discontinued', 'GSM', NULL, NULL, NULL, NULL, '2.2 inches, 15.0 cm 2 (~31.9% screen-to-body ratio)', 'TFT, 260K colors', '320 x 240 pixels, 4:3 ratio (~182 ppi density)', NULL, '35MB', '2 MP, AF, LED flash', NULL, 'Removable Li-Ion 920 mAh battery', NULL, NULL, 'Proprietary', 'Yes', 'No', 'White, Silver', '110 g (3.88 oz)', '98 x 48 x 21.5 mm (3.86 x 1.89 x 0.85 in)', 'Mini-SIM', NULL, NULL, NULL, NULL, '[{"category":"Network","specs":[{"label":"Technology","value":"GSM"},{"label":"2G bands","value":"GSM 900 / 1800 / 1900"},{"label":"GPRS","value":"Class 10"},{"label":"EDGE","value":"No"}]},{"category":"Launch","specs":[{"label":"Announced","value":"2006, June"},{"label":"Status","value":"Discontinued"}]},{"category":"Body","specs":[{"label":"Dimensions","value":"98 x 48 x 21.5 mm (3.86 x 1.89 x 0.85 in)"},{"label":"Weight","value":"110 g (3.88 oz)"},{"label":"SIM","value":"Mini-SIM"}]},{"category":"Display","specs":[{"label":"Type","value":"TFT, 260K colors"},{"label":"Size","value":"2.2 inches, 15.0 cm 2 (~31.9% screen-to-body ratio)"},{"label":"Resolution","value":"320 x 240 pixels, 4:3 ratio (~182 ppi density)"}]},{"category":"Memory","specs":[{"label":"Card slot","value":"No"},{"label":"Internal","value":"35MB"},{"label":"Phonebook","value":"1000 entries"},{"label":"Call records","value":"30 received, dialed and missed calls"}]},{"category":"Main Camera","specs":[{"label":"Single","value":"2 MP, AF"},{"label":"Features","value":"LED flash"},{"label":"Video","value":"Yes"}]},{"category":"Sound","specs":[{"label":"Loudspeaker","value":"No"},{"label":"3.5mm jack","value":"No"},{"label":"Alert types","value":"Vibration; Downloadable polyphonic, MP3/Midi /SMAF/ AAC/ AAC+/AMR ringtones"}]},{"category":"Comms","specs":[{"label":"WLAN","value":"No"},{"label":"Bluetooth","value":"Yes"},{"label":"Positioning","value":"No"},{"label":"USB","value":"Proprietary"},{"label":"Radio","value":"No"}]},{"category":"Features","specs":[{"label":"Messaging","value":"SMS, MMS, Email"},{"label":"Browser","value":"WAP 1.2.1/2.0"},{"label":"Games","value":"Yes"},{"label":"Java","value":"Yes, MIDP 2.0"}]},{"category":"Battery","specs":[{"label":"Type","value":"Removable Li-Ion 920 mAh battery"},{"label":"Stand-by","value":"Up to 250 h"},{"label":"Talk time","value":"Up to 5 h"}]},{"category":"Misc","specs":[{"label":"Colors","value":"White, Silver"}]}]');
INSERT OR IGNORE INTO device_pictures (device_id, url, position) VALUES (348, 'https://fdn2.gsmarena.com/vv/bigpic/asus-m310.gif', 0);
INSERT OR IGNORE INTO device_pictures (device_id, url, position) VALUES (348, 'https://fdn2.gsmarena.com/vv/pics/asus/asus-m310-00.jpg', 1);
INSERT OR IGNORE INTO devices (id, brand_id, name, gsmarena_url, thumbnail_url, summary) VALUES (349, 2, 'V80', 'https://www.gsmarena.com/asus_v80-1728.php', 'https://fdn2.gsmarena.com/vv/bigpic/asus-v80.gif', 'V80');
INSERT OR IGNORE INTO device_specs (device_id, announced, status, network, os, chipset, cpu, gpu, display_size, display_type, display_res, ram, storage, main_camera, selfie_camera, battery, charging, nfc, usb, bluetooth, wlan, colors, weight, dimensions, sim, sensors, popularity, fans, rating, full_specs_json) VALUES (349, '2006, July', 'Discontinued', 'GSM', NULL, NULL, NULL, NULL, '2.0 inches, 12.6 cm 2 (~28.3% screen-to-body ratio)', 'TFT, 260K colors', '176 x 220 pixels (~141 ppi density)', NULL, '55MB', '2 MP, AF, LED flash', NULL, 'Removable Li-Ion 750 mAh battery', NULL, NULL, '1.2', '1.2', 'No', 'Black, White, Reddish Gold', '80 g (2.82 oz)', '101 x 44 x 16 mm (3.98 x 1.73 x 0.63 in)', 'Mini-SIM', NULL, NULL, NULL, NULL, '[{"category":"Network","specs":[{"label":"Technology","value":"GSM"},{"label":"2G bands","value":"GSM 900 / 1800 / 1900"},{"label":"GPRS","value":"Class 10"},{"label":"EDGE","value":"No"}]},{"category":"Launch","specs":[{"label":"Announced","value":"2006, July"},{"label":"Status","value":"Discontinued"}]},{"category":"Body","specs":[{"label":"Dimensions","value":"101 x 44 x 16 mm (3.98 x 1.73 x 0.63 in)"},{"label":"Weight","value":"80 g (2.82 oz)"},{"label":"SIM","value":"Mini-SIM"}]},{"category":"Display","specs":[{"label":"Type","value":"TFT, 260K colors"},{"label":"Size","value":"2.0 inches, 12.6 cm 2 (~28.3% screen-to-body ratio)"},{"label":"Resolution","value":"176 x 220 pixels (~141 ppi density)"}]},{"category":"Memory","specs":[{"label":"Card slot","value":"miniSD"},{"label":"Internal","value":"55MB"},{"label":"Phonebook","value":"1000 entries"},{"label":"Call records","value":"30 received, dialed and missed calls"}]},{"category":"Main Camera","specs":[{"label":"Single","value":"2 MP, AF"},{"label":"Features","value":"LED flash"},{"label":"Video","value":"Yes"}]},{"category":"Sound","specs":[{"label":"Loudspeaker","value":"No"},{"label":"3.5mm jack","value":"No"},{"label":"Alert types","value":"Vibration; Downloadable polyphonic, MP3 ringtones"}]},{"category":"Comms","specs":[{"label":"WLAN","value":"No"},{"label":"Bluetooth","value":"1.2"},{"label":"Positioning","value":"No"},{"label":"USB","value":"1.2"},{"label":"Radio","value":"FM radio"}]},{"category":"Features","specs":[{"label":"Messaging","value":"SMS, EMS,MMS, Email"},{"label":"Browser","value":"WAP 1.2.1/2.0"},{"label":"Games","value":"Yes"},{"label":"Java","value":"Yes"}]},{"category":"Battery","specs":[{"label":"Type","value":"Removable Li-Ion 750 mAh battery"},{"label":"Stand-by","value":"Up to 250 h"},{"label":"Talk time","value":"Up to 5 h"}]},{"category":"Misc","specs":[{"label":"Colors","value":"Black, White, Reddish Gold"}]}]');
INSERT OR IGNORE INTO device_pictures (device_id, url, position) VALUES (349, 'https://fdn2.gsmarena.com/vv/bigpic/asus-v80.gif', 0);
INSERT OR IGNORE INTO device_pictures (device_id, url, position) VALUES (349, 'https://fdn2.gsmarena.com/vv/pics/asus/asus-v80-00.jpg', 1);
INSERT OR IGNORE INTO devices (id, brand_id, name, gsmarena_url, thumbnail_url, summary) VALUES (350, 2, 'V75', 'https://www.gsmarena.com/asus_v75-1729.php', 'https://fdn2.gsmarena.com/vv/bigpic/asus-v75.gif', 'V75');
INSERT OR IGNORE INTO device_specs (device_id, announced, status, network, os, chipset, cpu, gpu, display_size, display_type, display_res, ram, storage, main_camera, selfie_camera, battery, charging, nfc, usb, bluetooth, wlan, colors, weight, dimensions, sim, sensors, popularity, fans, rating, full_specs_json) VALUES (350, '2006, May', 'Discontinued', 'GSM', NULL, NULL, NULL, NULL, '1.8 inches, 10.2 cm 2 (~23.9% screen-to-body ratio)', 'TFT, 260K colors', '176 x 220 pixels (~157 ppi density)', NULL, '32MB', '1.3 MP, LED flash', NULL, 'Removable Li-Ion 720 mAh battery', NULL, NULL, '1.1', 'No', 'No', 'White, Blue', '90 g (3.17 oz)', '99.3 x 43 x 17.5 mm (3.91 x 1.69 x 0.69 in)', 'Mini-SIM', NULL, NULL, NULL, NULL, '[{"category":"Network","specs":[{"label":"Technology","value":"GSM"},{"label":"2G bands","value":"GSM 900 / 1800 / 1900"},{"label":"GPRS","value":"Class 10"},{"label":"EDGE","value":"No"}]},{"category":"Launch","specs":[{"label":"Announced","value":"2006, May"},{"label":"Status","value":"Discontinued"}]},{"category":"Body","specs":[{"label":"Dimensions","value":"99.3 x 43 x 17.5 mm (3.91 x 1.69 x 0.69 in)"},{"label":"Weight","value":"90 g (3.17 oz)"},{"label":"SIM","value":"Mini-SIM"}]},{"category":"Display","specs":[{"label":"Type","value":"TFT, 260K colors"},{"label":"Size","value":"1.8 inches, 10.2 cm 2 (~23.9% screen-to-body ratio)"},{"label":"Resolution","value":"176 x 220 pixels (~157 ppi density)"}]},{"category":"Memory","specs":[{"label":"Card slot","value":"miniSD"},{"label":"Internal","value":"32MB"},{"label":"Phonebook","value":"300 entries"},{"label":"Call records","value":"20 received, dialed and missed calls"}]},{"category":"Main Camera","specs":[{"label":"Single","value":"1.3 MP"},{"label":"Features","value":"LED flash"},{"label":"Video","value":"Yes"}]},{"category":"Sound","specs":[{"label":"Loudspeaker","value":"No"},{"label":"3.5mm jack","value":"No"},{"label":"Alert types","value":"Vibration; Downloadable polyphonic, MP3 ringtones"}]},{"category":"Comms","specs":[{"label":"WLAN","value":"No"},{"label":"Bluetooth","value":"No"},{"label":"Positioning","value":"No"},{"label":"USB","value":"1.1"},{"label":"Radio","value":"FM radio"}]},{"category":"Features","specs":[{"label":"Messaging","value":"SMS, EMS,MMS, Email"},{"label":"Browser","value":"WAP 1.2.1/2.0"},{"label":"Games","value":"Yes"},{"label":"Java","value":"Yes, MIDP 2.0"}]},{"category":"Battery","specs":[{"label":"Type","value":"Removable Li-Ion 720 mAh battery"},{"label":"Stand-by","value":"Up to 300 h"},{"label":"Talk time","value":"Up to 5 h"}]},{"category":"Misc","specs":[{"label":"Colors","value":"White, Blue"}]}]');
INSERT OR IGNORE INTO device_pictures (device_id, url, position) VALUES (350, 'https://fdn2.gsmarena.com/vv/bigpic/asus-v75.gif', 0);
INSERT OR IGNORE INTO device_pictures (device_id, url, position) VALUES (350, 'https://fdn2.gsmarena.com/vv/pics/asus/asus-v75-00.jpg', 1);
INSERT OR IGNORE INTO devices (id, brand_id, name, gsmarena_url, thumbnail_url, summary) VALUES (351, 2, 'V66', 'https://www.gsmarena.com/asus_v66-1730.php', 'https://fdn2.gsmarena.com/vv/bigpic/asus-v66.gif', 'V66');
INSERT OR IGNORE INTO device_specs (device_id, announced, status, network, os, chipset, cpu, gpu, display_size, display_type, display_res, ram, storage, main_camera, selfie_camera, battery, charging, nfc, usb, bluetooth, wlan, colors, weight, dimensions, sim, sensors, popularity, fans, rating, full_specs_json) VALUES (351, '2006, September', 'Discontinued', 'GSM', NULL, NULL, NULL, NULL, '1.8 inches, 10.2 cm 2 (~23.3% screen-to-body ratio)', 'TFT, 256K colors', '128 x 160 pixels (~114 ppi density)', NULL, '32MB', 'VGA', NULL, 'Removable Li-Ion 720 mAh battery', NULL, NULL, 'Proprietary', 'No', 'No', 'Silver, Blue, Orange', '90 g (3.17 oz)', '99.8 x 43.8 x 18.7 mm (3.93 x 1.72 x 0.74 in)', 'Mini-SIM', NULL, NULL, NULL, NULL, '[{"category":"Network","specs":[{"label":"Technology","value":"GSM"},{"label":"2G bands","value":"GSM 900 / 1800 / 1900"},{"label":"GPRS","value":"Class 10"},{"label":"EDGE","value":"No"}]},{"category":"Launch","specs":[{"label":"Announced","value":"2006, September"},{"label":"Status","value":"Discontinued"}]},{"category":"Body","specs":[{"label":"Dimensions","value":"99.8 x 43.8 x 18.7 mm (3.93 x 1.72 x 0.74 in)"},{"label":"Weight","value":"90 g (3.17 oz)"},{"label":"SIM","value":"Mini-SIM"}]},{"category":"Display","specs":[{"label":"Type","value":"TFT, 256K colors"},{"label":"Size","value":"1.8 inches, 10.2 cm 2 (~23.3% screen-to-body ratio)"},{"label":"Resolution","value":"128 x 160 pixels (~114 ppi density)"}]},{"category":"Memory","specs":[{"label":"Card slot","value":"miniSD"},{"label":"Internal","value":"32MB"},{"label":"Phonebook","value":"255 entries"},{"label":"Call records","value":"20 received, dialed and missed calls"}]},{"category":"Main Camera","specs":[{"label":"Single","value":"VGA"},{"label":"Video","value":"Yes"}]},{"category":"Sound","specs":[{"label":"Loudspeaker","value":"No"},{"label":"3.5mm jack","value":"No"},{"label":"Alert types","value":"Vibration; Downloadable polyphonic, MP3 ringtones"}]},{"category":"Comms","specs":[{"label":"WLAN","value":"No"},{"label":"Bluetooth","value":"No"},{"label":"Positioning","value":"No"},{"label":"USB","value":"Proprietary"},{"label":"Radio","value":"FM radio"}]},{"category":"Features","specs":[{"label":"Messaging","value":"SMS, MMS, Email"},{"label":"Browser","value":"WAP 1.2.1/2.0"},{"label":"Games","value":"Yes"},{"label":"Java","value":"Yes"}]},{"category":"Battery","specs":[{"label":"Type","value":"Removable Li-Ion 720 mAh battery"},{"label":"Stand-by","value":"Up to 200 h"},{"label":"Talk time","value":"Up to 5 h"}]},{"category":"Misc","specs":[{"label":"Colors","value":"Silver, Blue, Orange"}]}]');
INSERT OR IGNORE INTO device_pictures (device_id, url, position) VALUES (351, 'https://fdn2.gsmarena.com/vv/bigpic/asus-v66.gif', 0);
INSERT OR IGNORE INTO device_pictures (device_id, url, position) VALUES (351, 'https://fdn2.gsmarena.com/vv/pics/asus/asus-v66-00.jpg', 1);
INSERT OR IGNORE INTO devices (id, brand_id, name, gsmarena_url, thumbnail_url, summary) VALUES (352, 2, 'V55', 'https://www.gsmarena.com/asus_v55-1731.php', 'https://fdn2.gsmarena.com/vv/bigpic/asus-v55.gif', 'V55');
INSERT OR IGNORE INTO device_specs (device_id, announced, status, network, os, chipset, cpu, gpu, display_size, display_type, display_res, ram, storage, main_camera, selfie_camera, battery, charging, nfc, usb, bluetooth, wlan, colors, weight, dimensions, sim, sensors, popularity, fans, rating, full_specs_json) VALUES (352, '2005, Q3', 'Discontinued', 'GSM', NULL, NULL, NULL, NULL, '1.5 inches, 7.3 cm 2 (~17.9% screen-to-body ratio)', 'CSTN, 65K colors', '128 x 128 pixels, 1:1 ratio (~121 ppi density)', NULL, NULL, 'VGA', NULL, 'Removable Li-Ion 700 mAh battery', NULL, NULL, 'No', 'No', 'No', 'Black, Blue', '90 g (3.17 oz)', '92 x 44 x 18 mm (3.62 x 1.73 x 0.71 in)', 'Mini-SIM', NULL, NULL, NULL, NULL, '[{"category":"Network","specs":[{"label":"Technology","value":"GSM"},{"label":"2G bands","value":"GSM 900 / 1800 / 1900"},{"label":"GPRS","value":"Class 10"},{"label":"EDGE","value":"No"}]},{"category":"Launch","specs":[{"label":"Announced","value":"2005, Q3"},{"label":"Status","value":"Discontinued"}]},{"category":"Body","specs":[{"label":"Dimensions","value":"92 x 44 x 18 mm (3.62 x 1.73 x 0.71 in)"},{"label":"Weight","value":"90 g (3.17 oz)"},{"label":"SIM","value":"Mini-SIM"}]},{"category":"Display","specs":[{"label":"Type","value":"CSTN, 65K colors"},{"label":"Size","value":"1.5 inches, 7.3 cm 2 (~17.9% screen-to-body ratio)"},{"label":"Resolution","value":"128 x 128 pixels, 1:1 ratio (~121 ppi density)"}]},{"category":"Memory","specs":[{"label":"Card slot","value":"No"},{"label":"Phonebook","value":"255 entries"},{"label":"Call records","value":"20 received, dialed and missed calls"}]},{"category":"Main Camera","specs":[{"label":"Single","value":"VGA"},{"label":"Video","value":"Yes"}]},{"category":"Sound","specs":[{"label":"Loudspeaker","value":"No"},{"label":"3.5mm jack","value":"No"},{"label":"Alert types","value":"Vibration; Downloadable polyphonic ringtones"}]},{"category":"Comms","specs":[{"label":"WLAN","value":"No"},{"label":"Bluetooth","value":"No"},{"label":"Positioning","value":"No"},{"label":"USB","value":"No"},{"label":"Radio","value":"No"}]},{"category":"Features","specs":[{"label":"Messaging","value":"SMS, MMS"},{"label":"Browser","value":"WAP 1.2.1/2.0"},{"label":"Games","value":"Yes"},{"label":"Java","value":"No"}]},{"category":"Battery","specs":[{"label":"Type","value":"Removable Li-Ion 700 mAh battery"},{"label":"Stand-by","value":"Up to 200 h"},{"label":"Talk time","value":"Up to 5 h"}]},{"category":"Misc","specs":[{"label":"Colors","value":"Black, Blue"}]}]');
INSERT OR IGNORE INTO device_pictures (device_id, url, position) VALUES (352, 'https://fdn2.gsmarena.com/vv/bigpic/asus-v55.gif', 0);
INSERT OR IGNORE INTO device_pictures (device_id, url, position) VALUES (352, 'https://fdn2.gsmarena.com/vv/pics/asus/asus-v55-00.jpg', 1);
INSERT OR IGNORE INTO devices (id, brand_id, name, gsmarena_url, thumbnail_url, summary) VALUES (353, 2, 'Zenfone Pegasus 3s', 'https://www.gsmarena.com/asus_zenfone_pegasus_3s-8517.php', 'https://fdn2.gsmarena.com/vv/bigpic/asus-zenfone-pegasus-3.jpg', 'Zenfone Pegasus 3s');
INSERT OR IGNORE INTO device_specs (device_id, announced, status, network, os, chipset, cpu, gpu, display_size, display_type, display_res, ram, storage, main_camera, selfie_camera, battery, charging, nfc, usb, bluetooth, wlan, colors, weight, dimensions, sim, sensors, popularity, fans, rating, full_specs_json) VALUES (353, '2017, January', 'Cancelled', 'GSM / HSPA / LTE / 4G/LTE', 'Android 7.0 (Nougat), ZenUI 3.1', 'Mediatek MT6750 (28 nm)', 'Octa-core (4x1.5 GHz Cortex-A53 & 4x1.0 GHz Cortex-A53)', 'Mali-T860MP2', '5.2 inches, 74.5 cm 2 (~67.7% screen-to-body ratio)', 'IPS LCD', '720 x 1280 pixels, 16:9 ratio (~282 ppi density)', '3GB', '32GB', '13 MP, f/2.0, 1/3.1", 1.12µm, PDAF, Dual-LED dual-tone flash, panorama, HDR', '8 MP, f/2.0', 'Li-Ion 5000 mAh, non-removable', '15W wired', 'No', 'microUSB 2.0', '4.0, A2DP', 'Wi-Fi 802.11 b/g/n', 'Gold, silver, gray, rose gold', '-', '149.5 x 73.7 x 8.6 mm (5.89 x 2.90 x 0.34 in)', 'Nano-SIM + Micro-SIM', 'Fingerprint (front-mounted), accelerometer, proximity, compass', 'About 330 EUR', NULL, NULL, '[{"category":"Network","specs":[{"label":"Technology","value":"GSM / HSPA / LTE"},{"label":"2G bands","value":"GSM 850 / 900 / 1800 / 1900 - SIM 1 & SIM 2"},{"label":"3G bands","value":"HSDPA 850 / 900 / 1900 / 2100"},{"label":"4G bands","value":"LTE"},{"label":"Speed","value":"HSPA 42.2/5.76 Mbps, LTE Cat4 150/50 Mbps"}]},{"category":"Launch","specs":[{"label":"Announced","value":"2017, January"},{"label":"Status","value":"Cancelled"}]},{"category":"Body","specs":[{"label":"Dimensions","value":"149.5 x 73.7 x 8.6 mm (5.89 x 2.90 x 0.34 in)"},{"label":"Weight","value":"-"},{"label":"SIM","value":"Nano-SIM + Micro-SIM"}]},{"category":"Display","specs":[{"label":"Type","value":"IPS LCD"},{"label":"Size","value":"5.2 inches, 74.5 cm 2 (~67.7% screen-to-body ratio)"},{"label":"Resolution","value":"720 x 1280 pixels, 16:9 ratio (~282 ppi density)"}]},{"category":"Platform","specs":[{"label":"OS","value":"Android 7.0 (Nougat), ZenUI 3.1"},{"label":"Chipset","value":"Mediatek MT6750 (28 nm)"},{"label":"CPU","value":"Octa-core (4x1.5 GHz Cortex-A53 & 4x1.0 GHz Cortex-A53)"},{"label":"GPU","value":"Mali-T860MP2"}]},{"category":"Memory","specs":[{"label":"Card slot","value":"microSDXC (uses shared SIM slot)"},{"label":"Internal","value":"32GB 3GB RAM, 64GB 3GB RAM"}]},{"category":"Main Camera","specs":[{"label":"Single","value":"13 MP, f/2.0, 1/3.1\\", 1.12µm, PDAF"},{"label":"Features","value":"Dual-LED dual-tone flash, panorama, HDR"},{"label":"Video","value":"1080p@30fps"}]},{"category":"Selfie camera","specs":[{"label":"Single","value":"8 MP, f/2.0"}]},{"category":"Sound","specs":[{"label":"Loudspeaker","value":"Yes"},{"label":"3.5mm jack","value":"Yes"}]},{"category":"Comms","specs":[{"label":"WLAN","value":"Wi-Fi 802.11 b/g/n"},{"label":"Bluetooth","value":"4.0, A2DP"},{"label":"Positioning","value":"GPS, GLONASS, BDS"},{"label":"NFC","value":"No"},{"label":"USB","value":"microUSB 2.0"},{"label":"Radio","value":"FM radio"}]},{"category":"Features","specs":[{"label":"Sensors","value":"Fingerprint (front-mounted), accelerometer, proximity, compass"}]},{"category":"Battery","specs":[{"label":"Type","value":"Li-Ion 5000 mAh, non-removable"},{"label":"Charging","value":"15W wired"}]},{"category":"Misc","specs":[{"label":"Colors","value":"Gold, silver, gray, rose gold"},{"label":"Price","value":"About 330 EUR"}]}]');
INSERT OR IGNORE INTO device_pictures (device_id, url, position) VALUES (353, 'https://fdn2.gsmarena.com/vv/bigpic/asus-zenfone-pegasus-3.jpg', 0);
INSERT OR IGNORE INTO devices (id, brand_id, name, gsmarena_url, thumbnail_url, summary) VALUES (354, 3, 'Idea Tab Plus', 'https://www.gsmarena.com/lenovo_idea_tab_plus_5g-14214.php', 'https://fdn2.gsmarena.com/vv/bigpic/lenovo-idea-tab-plus.jpg', 'Idea Tab Plus');
INSERT OR IGNORE INTO device_specs (device_id, announced, status, network, os, chipset, cpu, gpu, display_size, display_type, display_res, ram, storage, main_camera, selfie_camera, battery, charging, nfc, usb, bluetooth, wlan, colors, weight, dimensions, sim, sensors, popularity, fans, rating, full_specs_json) VALUES (354, '2025, September 05', 'Available. Released 2025, October', 'GSM / HSPA / LTE / 5G / 5G', 'Android 15, up to 2 major Android upgrades', 'Mediatek Dimensity 6400 (6 nm)', 'Octa-core (2x2.5 GHz Cortex-A76 & 6x2.0 GHz Cortex-A55)', 'Mali-G57 MC2', '12.1 inches, 424.5 cm 2 (~84.1% screen-to-body ratio)', 'IPS LCD, 90Hz, 600 nits (typ), 800 nits (HBM)', '2560 x 1600 pixels, 16:10 ratio (~249 ppi density)', '8GB', '128GB', '13 MP, (wide), AF', '8 MP, 1080p@30fps', 'Li-Ion 10200 mAh', '45W wired', 'No', 'USB Type-C 2.0, DisplayPort, accessory connector pins', '5.2, A2DP, LE', 'Wi-Fi 802.11 a/b/g/n/ac, Wi-Fi Direct', 'Cloud grey, Luna grey, Sand rose', '530 g (1.17 lb)', '278.8 x 181.1 x 6.3 mm (10.98 x 7.13 x 0.25 in)', 'Nano-SIM - cellular model only', 'Accelerometer, proximity (accessories only)', '$ 299.99', NULL, NULL, '[{"category":"Network","specs":[{"label":"Technology","value":"GSM / HSPA / LTE / 5G"},{"label":"2G bands","value":"GSM 850 / 900 / 1800 / 1900 - cellular model only"},{"label":"3G bands","value":"HSDPA 800 / 850 / 900 / 1900 / 2100 / 1800 - cellular model only"},{"label":"4G bands","value":"1, 3, 5, 7, 8, 18, 19, 20, 26, 28, 38, 40, 41 - cellular model only"},{"label":"5G bands","value":"1, 3, 5, 7, 8, 20, 26, 28, 38, 40, 41, 71, 77, 78 SA/NSA/Sub6 - cellular model only"},{"label":"Speed","value":"HSPA, LTE, 5G - cellular model only"}]},{"category":"Launch","specs":[{"label":"Announced","value":"2025, September 05"},{"label":"Status","value":"Available. Released 2025, October"}]},{"category":"Body","specs":[{"label":"Dimensions","value":"278.8 x 181.1 x 6.3 mm (10.98 x 7.13 x 0.25 in)"},{"label":"Weight","value":"530 g (1.17 lb)"},{"label":"Build","value":"Glass front, aluminum frame, aluminum back"},{"label":"SIM","value":"Nano-SIM - cellular model only"}]},{"category":"Display","specs":[{"label":"Type","value":"IPS LCD, 90Hz, 600 nits (typ), 800 nits (HBM)"},{"label":"Size","value":"12.1 inches, 424.5 cm 2 (~84.1% screen-to-body ratio)"},{"label":"Resolution","value":"2560 x 1600 pixels, 16:10 ratio (~249 ppi density)"},{"label":"Protection","value":"Mohs level 5"}]},{"category":"Platform","specs":[{"label":"OS","value":"Android 15, up to 2 major Android upgrades"},{"label":"Chipset","value":"Mediatek Dimensity 6400 (6 nm)"},{"label":"CPU","value":"Octa-core (2x2.5 GHz Cortex-A76 & 6x2.0 GHz Cortex-A55)"},{"label":"GPU","value":"Mali-G57 MC2"}]},{"category":"Memory","specs":[{"label":"Card slot","value":"microSDXC"},{"label":"Internal","value":"128GB 8GB RAM, 256GB 8GB RAM, 256GB 12GB RAM"}]},{"category":"Main Camera","specs":[{"label":"Single","value":"13 MP, (wide), AF"},{"label":"Video","value":"Yes"}]},{"category":"Selfie camera","specs":[{"label":"Single","value":"8 MP"},{"label":"Video","value":"1080p@30fps"}]},{"category":"Sound","specs":[{"label":"Loudspeaker","value":"Yes, with stereo speakers, Dolby Atmos (4 speakers)"},{"label":"3.5mm jack","value":"No"}]},{"category":"Comms","specs":[{"label":"WLAN","value":"Wi-Fi 802.11 a/b/g/n/ac, Wi-Fi Direct"},{"label":"Bluetooth","value":"5.2, A2DP, LE"},{"label":"Positioning","value":"GPS, GALILEO, GLONASS"},{"label":"NFC","value":"No"},{"label":"USB","value":"USB Type-C 2.0, DisplayPort, accessory connector pins"},{"label":"Radio","value":"No"}]},{"category":"Features","specs":[{"label":"Sensors","value":"Accelerometer, proximity (accessories only)"}]},{"category":"Battery","specs":[{"label":"Type","value":"Li-Ion 10200 mAh"},{"label":"Charging","value":"45W wired"}]},{"category":"Misc","specs":[{"label":"Colors","value":"Cloud grey, Luna grey, Sand rose"},{"label":"Models","value":"TB361ZU, TB361FU, ZAG70922US"},{"label":"Price","value":"$ 299.99"}]}]');
INSERT OR IGNORE INTO device_pictures (device_id, url, position) VALUES (354, 'https://fdn2.gsmarena.com/vv/bigpic/lenovo-idea-tab-plus.jpg', 0);
INSERT OR IGNORE INTO device_pictures (device_id, url, position) VALUES (354, 'https://fdn2.gsmarena.com/vv/pics/lenovo/lenovo-idea-tab-plus-1.jpg', 1);
INSERT OR IGNORE INTO devices (id, brand_id, name, gsmarena_url, thumbnail_url, summary) VALUES (355, 3, 'Idea Tab', 'https://www.gsmarena.com/lenovo_idea_tab_5g-14215.php', 'https://fdn2.gsmarena.com/vv/bigpic/lenovo-idea-tab.jpg', 'Idea Tab');
INSERT OR IGNORE INTO device_specs (device_id, announced, status, network, os, chipset, cpu, gpu, display_size, display_type, display_res, ram, storage, main_camera, selfie_camera, battery, charging, nfc, usb, bluetooth, wlan, colors, weight, dimensions, sim, sensors, popularity, fans, rating, full_specs_json) VALUES (355, '2025, September 07', 'Available. Released 2025, October', 'GSM / HSPA / LTE / 5G / 5G', 'Android 15, up to 2 major Android upgrades', 'Mediatek Dimensity 6300 (6 nm)', 'Octa-core (2x2.4 GHz Cortex-A76 & 6x2.0 GHz Cortex-A55)', 'Mali-G57 MC2', '11.0 inches, 350.9 cm 2 (~82.9% screen-to-body ratio)', 'IPS LCD, 90Hz, 500 nits', '2560 x 1600 pixels, 16:10 ratio (~274 ppi density)', '4GB', '128GB', '8 MP, (wide), AF', '5 MP, Yes', 'Li-Ion 7040 mAh', '20W wired', 'No', 'USB Type-C 2.0, accessory connector pins', '5.2, A2DP, LE', 'Wi-Fi 802.11 a/b/g/n/ac, Wi-Fi Direct', 'Luna grey, Polar blue', '480 g (1.06 lb)', '254.6 x 166.2 x 7 mm (10.02 x 6.54 x 0.28 in)', 'Nano-SIM - cellular model only', 'Accelerometer, proximity (accessories only)', '$ 199.99', NULL, NULL, '[{"category":"Network","specs":[{"label":"Technology","value":"GSM / HSPA / LTE / 5G"},{"label":"2G bands","value":"GSM 850 / 900 / 1800 / 1900 - cellular model only"},{"label":"3G bands","value":"HSDPA 850 / 900 / 1700(AWS) / 1900 / 2100 / 1800 - cellular model only"},{"label":"4G bands","value":"1, 2, 3, 4, 5, 7, 8, 12, 13, 18, 19, 20, 25, 26, 28, 38, 40, 41, 66 - cellular model only"},{"label":"5G bands","value":"1, 2, 3, 5, 7, 8, 20, 26, 28, 38, 40, 41, 66, 71, 77, 78 SA/NSA/Sub6 - cellular model only"},{"label":"Speed","value":"HSPA, LTE, 5G - cellular model only"}]},{"category":"Launch","specs":[{"label":"Announced","value":"2025, September 07"},{"label":"Status","value":"Available. Released 2025, October"}]},{"category":"Body","specs":[{"label":"Dimensions","value":"254.6 x 166.2 x 7 mm (10.02 x 6.54 x 0.28 in)"},{"label":"Weight","value":"480 g (1.06 lb)"},{"label":"Build","value":"Glass front, aluminum frame, aluminum back"},{"label":"SIM","value":"Nano-SIM - cellular model only"}]},{"category":"Display","specs":[{"label":"Type","value":"IPS LCD, 90Hz, 500 nits"},{"label":"Size","value":"11.0 inches, 350.9 cm 2 (~82.9% screen-to-body ratio)"},{"label":"Resolution","value":"2560 x 1600 pixels, 16:10 ratio (~274 ppi density)"},{"label":"Protection","value":"Mohs level 5"}]},{"category":"Platform","specs":[{"label":"OS","value":"Android 15, up to 2 major Android upgrades"},{"label":"Chipset","value":"Mediatek Dimensity 6300 (6 nm)"},{"label":"CPU","value":"Octa-core (2x2.4 GHz Cortex-A76 & 6x2.0 GHz Cortex-A55)"},{"label":"GPU","value":"Mali-G57 MC2"}]},{"category":"Memory","specs":[{"label":"Card slot","value":"microSDXC"},{"label":"Internal","value":"128GB 4GB RAM, 256GB 4GB RAM, 256GB 8GB RAM"}]},{"category":"Main Camera","specs":[{"label":"Single","value":"8 MP, (wide), AF"},{"label":"Video","value":"Yes"}]},{"category":"Selfie camera","specs":[{"label":"Single","value":"5 MP"},{"label":"Video","value":"Yes"}]},{"category":"Sound","specs":[{"label":"Loudspeaker","value":"Yes, with stereo speakers, Dolby Atmos (4 speakers)"},{"label":"3.5mm jack","value":"Yes"}]},{"category":"Comms","specs":[{"label":"WLAN","value":"Wi-Fi 802.11 a/b/g/n/ac, Wi-Fi Direct"},{"label":"Bluetooth","value":"5.2, A2DP, LE"},{"label":"Positioning","value":"GPS, GALILEO, GLONASS"},{"label":"NFC","value":"No"},{"label":"USB","value":"USB Type-C 2.0, accessory connector pins"},{"label":"Radio","value":"No"}]},{"category":"Features","specs":[{"label":"Sensors","value":"Accelerometer, proximity (accessories only)"}]},{"category":"Battery","specs":[{"label":"Type","value":"Li-Ion 7040 mAh"},{"label":"Charging","value":"20W wired"}]},{"category":"Misc","specs":[{"label":"Colors","value":"Luna grey, Polar blue"},{"label":"Models","value":"TB336FU, TB336ZU"},{"label":"Price","value":"$ 199.99"}]}]');
INSERT OR IGNORE INTO device_pictures (device_id, url, position) VALUES (355, 'https://fdn2.gsmarena.com/vv/bigpic/lenovo-idea-tab.jpg', 0);
INSERT OR IGNORE INTO device_pictures (device_id, url, position) VALUES (355, 'https://fdn2.gsmarena.com/vv/pics/lenovo/lenovo-idea-tab-0.jpg', 1);
INSERT OR IGNORE INTO device_pictures (device_id, url, position) VALUES (355, 'https://fdn2.gsmarena.com/vv/pics/lenovo/lenovo-idea-tab-1.jpg', 2);
INSERT OR IGNORE INTO devices (id, brand_id, name, gsmarena_url, thumbnail_url, summary) VALUES (356, 3, 'Yoga Tab', 'https://www.gsmarena.com/lenovo_yoga_tab-14213.php', 'https://fdn2.gsmarena.com/vv/bigpic/lenovo-yoga-tab.jpg', 'Yoga Tab');
INSERT OR IGNORE INTO device_specs (device_id, announced, status, network, os, chipset, cpu, gpu, display_size, display_type, display_res, ram, storage, main_camera, selfie_camera, battery, charging, nfc, usb, bluetooth, wlan, colors, weight, dimensions, sim, sensors, popularity, fans, rating, full_specs_json) VALUES (356, '2025, September 05', 'Available. Released 2025, September', 'No cellular connectivity / 4G/LTE', 'Android 15, up to 3 major Android upgrades', 'Qualcomm SM8650-AB Snapdragon 8 Gen 3 (4 nm)', 'Octa-core (1x3.3 GHz Cortex-X4 & 3x3.2 GHz Cortex-A720 & 2x3.0 GHz Cortex-A720 & 2x2.3 GHz Cortex-A520)', 'Adreno 750', '11.1 inches, 357.3 cm 2 (~84.3% screen-to-body ratio)', 'IPS LCD, 144Hz, Dolby Vision, 650 nits (typ), 800 nits (peak)', '3200 x 2000 pixels, 16:10 ratio (~340 ppi density)', '8GB', '256GB', '13 MP, f/2.2, (wide), AF, LED flash', '13 MP, f/2.2, 101˚ (ultrawide), 1080p@30fps', 'Si/C Li-Ion 8860 mAh', '45W wired', 'No', 'USB Type-C 3.1, DisplayPort, magnetic accessory connector', '5.4, A2DP, LE', 'Wi-Fi 802.11 a/b/g/n/ac/6/7, dual-band, Wi-Fi Direct', 'Luna Grey, Seashell', '458 g (1.01 lb)', '255.5 x 165.8 x 8.3 mm (10.06 x 6.53 x 0.33 in)', 'No', 'Fingerprint (side-mounted), accelerometer, gyro, proximity (accessories only)', 'About 570 EUR', NULL, NULL, '[{"category":"Network","specs":[{"label":"Technology","value":"No cellular connectivity"},{"label":"2G bands","value":"N/A"},{"label":"3G bands","value":"N/A"},{"label":"4G bands","value":"N/A"},{"label":"GPRS","value":"No"},{"label":"EDGE","value":"No"}]},{"category":"Launch","specs":[{"label":"Announced","value":"2025, September 05"},{"label":"Status","value":"Available. Released 2025, September"}]},{"category":"Body","specs":[{"label":"Dimensions","value":"255.5 x 165.8 x 8.3 mm (10.06 x 6.53 x 0.33 in)"},{"label":"Weight","value":"458 g (1.01 lb)"},{"label":"Build","value":"Glass front (Gorilla Glass 7i), aluminum frame, aluminum back"},{"label":"SIM","value":"No"}]},{"category":"Display","specs":[{"label":"Type","value":"IPS LCD, 144Hz, Dolby Vision, 650 nits (typ), 800 nits (peak)"},{"label":"Size","value":"11.1 inches, 357.3 cm 2 (~84.3% screen-to-body ratio)"},{"label":"Resolution","value":"3200 x 2000 pixels, 16:10 ratio (~340 ppi density)"},{"label":"Protection","value":"Corning Gorilla Glass 7i, Mohs level 5"}]},{"category":"Platform","specs":[{"label":"OS","value":"Android 15, up to 3 major Android upgrades"},{"label":"Chipset","value":"Qualcomm SM8650-AB Snapdragon 8 Gen 3 (4 nm)"},{"label":"CPU","value":"Octa-core (1x3.3 GHz Cortex-X4 & 3x3.2 GHz Cortex-A720 & 2x3.0 GHz Cortex-A720 & 2x2.3 GHz Cortex-A520)"},{"label":"GPU","value":"Adreno 750"}]},{"category":"Memory","specs":[{"label":"Card slot","value":"No"},{"label":"Internal","value":"256GB 8GB RAM, 256GB 12GB RAM"}]},{"category":"Main Camera","specs":[{"label":"Dual","value":"13 MP, f/2.2, (wide), AF"},{"label":"Features","value":"LED flash"},{"label":"Video","value":"Yes"}]},{"category":"Selfie camera","specs":[{"label":"Single","value":"13 MP, f/2.2, 101˚ (ultrawide)"},{"label":"Video","value":"1080p@30fps"}]},{"category":"Sound","specs":[{"label":"Loudspeaker","value":"Yes, with stereo speakers, Dolby Atmos (4 speakers)"},{"label":"3.5mm jack","value":"No"}]},{"category":"Comms","specs":[{"label":"WLAN","value":"Wi-Fi 802.11 a/b/g/n/ac/6/7, dual-band, Wi-Fi Direct"},{"label":"Bluetooth","value":"5.4, A2DP, LE"},{"label":"Positioning","value":"No"},{"label":"NFC","value":"No"},{"label":"USB","value":"USB Type-C 3.1, DisplayPort, magnetic accessory connector"},{"label":"Radio","value":"No"}]},{"category":"Features","specs":[{"label":"Sensors","value":"Fingerprint (side-mounted), accelerometer, gyro, proximity (accessories only)"}]},{"category":"Battery","specs":[{"label":"Type","value":"Si/C Li-Ion 8860 mAh"},{"label":"Charging","value":"45W wired"}]},{"category":"Misc","specs":[{"label":"Colors","value":"Luna Grey, Seashell"},{"label":"Models","value":"ZAG60266US, TB710FU"},{"label":"Price","value":"About 570 EUR"}]}]');
INSERT OR IGNORE INTO device_pictures (device_id, url, position) VALUES (356, 'https://fdn2.gsmarena.com/vv/bigpic/lenovo-yoga-tab.jpg', 0);
INSERT OR IGNORE INTO device_pictures (device_id, url, position) VALUES (356, 'https://fdn2.gsmarena.com/vv/pics/lenovo/lenovo-yoga-tab-0.jpg', 1);
INSERT OR IGNORE INTO device_pictures (device_id, url, position) VALUES (356, 'https://fdn2.gsmarena.com/vv/pics/lenovo/lenovo-yoga-tab-1.jpg', 2);
INSERT OR IGNORE INTO devices (id, brand_id, name, gsmarena_url, thumbnail_url, summary) VALUES (357, 3, 'Tab', 'https://www.gsmarena.com/lenovo_tab-14075.php', 'https://fdn2.gsmarena.com/vv/bigpic/lenovo-tab.jpg', 'Tab');
INSERT OR IGNORE INTO device_specs (device_id, announced, status, network, os, chipset, cpu, gpu, display_size, display_type, display_res, ram, storage, main_camera, selfie_camera, battery, charging, nfc, usb, bluetooth, wlan, colors, weight, dimensions, sim, sensors, popularity, fans, rating, full_specs_json) VALUES (357, '2025, August 14', 'Available. Released 2025, August 18', 'GSM / HSPA / LTE / 4G/LTE', 'Android 14', 'Mediatek Helio G85 (12 nm)', 'Octa-core (2x2.0 GHz Cortex-A75 & 6x1.8 GHz Cortex-A55)', 'Mali-G52 MC2', '10.1 inches, 295.8 cm 2 (~81.2% screen-to-body ratio)', 'IPS LCD, 400 nits (typ)', '1200 x 1920 pixels, 16:10 ratio (~224 ppi density)', '4GB', '64GB', '8 MP, AF', '5 MP, 720p', 'Li-Ion 5100 mAh', '15W wired', 'No', 'USB Type-C 2.0', '5.3, A2DP, LE', 'Wi-Fi 802.11 a/b/g/n/ac, dual-band, Wi-Fi Direct', 'Polar Blue, Luna Grey', '425 g (14.99 oz)', '235.7 x 154.5 x 7.5 mm (9.28 x 6.08 x 0.30 in)', 'Nano-SIM (cellular model only)', 'Accelerometer, proximity (accessories only)', 'About 110 EUR', NULL, NULL, '[{"category":"Network","specs":[{"label":"Technology","value":"GSM / HSPA / LTE"},{"label":"2G bands","value":"GSM 850 / 900 / 1800 / 1900 - cellular model only"},{"label":"3G bands","value":"HSDPA 850 / 900 / 2100 - cellular model only"},{"label":"4G bands","value":"LTE - cellular model only"},{"label":"Speed","value":"HSPA, LTE - cellular model only"}]},{"category":"Launch","specs":[{"label":"Announced","value":"2025, August 14"},{"label":"Status","value":"Available. Released 2025, August 18"}]},{"category":"Body","specs":[{"label":"Dimensions","value":"235.7 x 154.5 x 7.5 mm (9.28 x 6.08 x 0.30 in)"},{"label":"Weight","value":"425 g (14.99 oz)"},{"label":"Build","value":"Glass front, plastic frame, plastic back"},{"label":"SIM","value":"Nano-SIM (cellular model only)"}]},{"category":"Display","specs":[{"label":"Type","value":"IPS LCD, 400 nits (typ)"},{"label":"Size","value":"10.1 inches, 295.8 cm 2 (~81.2% screen-to-body ratio)"},{"label":"Resolution","value":"1200 x 1920 pixels, 16:10 ratio (~224 ppi density)"}]},{"category":"Platform","specs":[{"label":"OS","value":"Android 14"},{"label":"Chipset","value":"Mediatek Helio G85 (12 nm)"},{"label":"CPU","value":"Octa-core (2x2.0 GHz Cortex-A75 & 6x1.8 GHz Cortex-A55)"},{"label":"GPU","value":"Mali-G52 MC2"}]},{"category":"Memory","specs":[{"label":"Card slot","value":"microSDXC (dedicated slot)"},{"label":"Internal","value":"64GB 4GB RAM, 128GB 4GB RAM"}]},{"category":"Main Camera","specs":[{"label":"Single","value":"8 MP, AF"},{"label":"Video","value":"1080p"}]},{"category":"Selfie camera","specs":[{"label":"Single","value":"5 MP"},{"label":"Video","value":"720p"}]},{"category":"Sound","specs":[{"label":"Loudspeaker","value":"Yes, with stereo speakers (with Dolby Atmos)"},{"label":"3.5mm jack","value":"Yes"}]},{"category":"Comms","specs":[{"label":"WLAN","value":"Wi-Fi 802.11 a/b/g/n/ac, dual-band, Wi-Fi Direct"},{"label":"Bluetooth","value":"5.3, A2DP, LE"},{"label":"Positioning","value":"GPS, GLONASS, GALILEO, BDS - cellular model only"},{"label":"NFC","value":"No"},{"label":"USB","value":"USB Type-C 2.0"},{"label":"Radio","value":"FM radio"}]},{"category":"Features","specs":[{"label":"Sensors","value":"Accelerometer, proximity (accessories only)"}]},{"category":"Battery","specs":[{"label":"Type","value":"Li-Ion 5100 mAh"},{"label":"Charging","value":"15W wired"}]},{"category":"Misc","specs":[{"label":"Colors","value":"Polar Blue, Luna Grey"},{"label":"Models","value":"ZAEH0019IN, ZAEH0180IN, ZAEJ0054IN"},{"label":"Price","value":"About 110 EUR"}]}]');
INSERT OR IGNORE INTO device_pictures (device_id, url, position) VALUES (357, 'https://fdn2.gsmarena.com/vv/bigpic/lenovo-tab.jpg', 0);
INSERT OR IGNORE INTO device_pictures (device_id, url, position) VALUES (357, 'https://fdn2.gsmarena.com/vv/pics/lenovo/lenovo-tab-1.jpg', 1);
INSERT OR IGNORE INTO device_pictures (device_id, url, position) VALUES (357, 'https://fdn2.gsmarena.com/vv/pics/lenovo/lenovo-tab-2.jpg', 2);
INSERT OR IGNORE INTO devices (id, brand_id, name, gsmarena_url, thumbnail_url, summary) VALUES (358, 3, 'Tab One', 'https://www.gsmarena.com/lenovo_tab_one-14073.php', 'https://fdn2.gsmarena.com/vv/bigpic/lenovo-tab-k9.jpg', 'Tab One');
INSERT OR IGNORE INTO device_specs (device_id, announced, status, network, os, chipset, cpu, gpu, display_size, display_type, display_res, ram, storage, main_camera, selfie_camera, battery, charging, nfc, usb, bluetooth, wlan, colors, weight, dimensions, sim, sensors, popularity, fans, rating, full_specs_json) VALUES (358, '2025, March', 'Available. Released 2025, March', 'GSM / HSPA / LTE / 4G/LTE', 'Android 14', 'Mediatek Helio G85 (12 nm)', 'Octa-core (2x2.0 GHz Cortex-A75 & 6x1.8 GHz Cortex-A55)', 'Mali-G52 MC2', '8.7 inches, 214.9 cm 2 (~81.6% screen-to-body ratio)', 'TFT LCD, 480 nits (typ)', '800 x 1340 pixels, 5:3 ratio (~179 ppi density)', '4GB', '64GB', '8 MP, AF', '2 MP, 720p', 'Li-Ion 5100 mAh', '20W wired', 'No', 'USB Type-C 2.0', '5.3, A2DP, LE', 'Wi-Fi 802.11 a/b/g/n/ac, dual-band, Wi-Fi Direct', 'Luna grey, Seafoam green', '320 g (11.29 oz)', '211 x 124.8 x 8.5 mm (8.31 x 4.91 x 0.33 in)', 'Nano-SIM (cellular model only)', 'Accelerometer, proximity (accessories only)', 'About 90 EUR', NULL, NULL, '[{"category":"Network","specs":[{"label":"Technology","value":"GSM / HSPA / LTE"},{"label":"2G bands","value":"GSM 850 / 900 / 1800 / 1900 - cellular model only"},{"label":"3G bands","value":"HSDPA 850 / 900 / 1700(AWS) / 1900 / 2100 - cellular model only"},{"label":"4G bands","value":"1, 2, 3, 4, 5, 7, 8, 12, 13, 17, 18, 19, 20, 26, 28, 38, 40, 41, 66 - cellular model only"},{"label":"Speed","value":"HSPA, LTE - cellular model only"}]},{"category":"Launch","specs":[{"label":"Announced","value":"2025, March"},{"label":"Status","value":"Available. Released 2025, March"}]},{"category":"Body","specs":[{"label":"Dimensions","value":"211 x 124.8 x 8.5 mm (8.31 x 4.91 x 0.33 in)"},{"label":"Weight","value":"320 g (11.29 oz)"},{"label":"Build","value":"Glass front, plastic frame, plastic back"},{"label":"SIM","value":"Nano-SIM (cellular model only)"}]},{"category":"Display","specs":[{"label":"Type","value":"TFT LCD, 480 nits (typ)"},{"label":"Size","value":"8.7 inches, 214.9 cm 2 (~81.6% screen-to-body ratio)"},{"label":"Resolution","value":"800 x 1340 pixels, 5:3 ratio (~179 ppi density)"},{"label":"Protection","value":"Mohs level 4"}]},{"category":"Platform","specs":[{"label":"OS","value":"Android 14"},{"label":"Chipset","value":"Mediatek Helio G85 (12 nm)"},{"label":"CPU","value":"Octa-core (2x2.0 GHz Cortex-A75 & 6x1.8 GHz Cortex-A55)"},{"label":"GPU","value":"Mali-G52 MC2"}]},{"category":"Memory","specs":[{"label":"Card slot","value":"microSDXC (dedicated slot)"},{"label":"Internal","value":"64GB 4GB RAM, 128GB 4GB RAM"}]},{"category":"Main Camera","specs":[{"label":"Single","value":"8 MP, AF"},{"label":"Video","value":"1080p"}]},{"category":"Selfie camera","specs":[{"label":"Single","value":"2 MP"},{"label":"Video","value":"720p"}]},{"category":"Sound","specs":[{"label":"Loudspeaker","value":"Yes, with stereo speakers (with Dolby Atmos)"},{"label":"3.5mm jack","value":"Yes"}]},{"category":"Comms","specs":[{"label":"WLAN","value":"Wi-Fi 802.11 a/b/g/n/ac, dual-band, Wi-Fi Direct"},{"label":"Bluetooth","value":"5.3, A2DP, LE"},{"label":"Positioning","value":"GPS, GLONASS, GALILEO, BDS - cellular model only"},{"label":"NFC","value":"No"},{"label":"USB","value":"USB Type-C 2.0"},{"label":"Radio","value":"FM radio"}]},{"category":"Features","specs":[{"label":"Sensors","value":"Accelerometer, proximity (accessories only)"}]},{"category":"Battery","specs":[{"label":"Type","value":"Li-Ion 5100 mAh"},{"label":"Charging","value":"20W wired"}]},{"category":"Misc","specs":[{"label":"Colors","value":"Luna grey, Seafoam green"},{"label":"Models","value":"TB305FU"},{"label":"Price","value":"About 90 EUR"}]}]');
INSERT OR IGNORE INTO device_pictures (device_id, url, position) VALUES (358, 'https://fdn2.gsmarena.com/vv/bigpic/lenovo-tab-k9.jpg', 0);
INSERT OR IGNORE INTO device_pictures (device_id, url, position) VALUES (358, 'https://fdn2.gsmarena.com/vv/pics/lenovo/lenovo-tab-k9-1.jpg', 1);
INSERT OR IGNORE INTO device_pictures (device_id, url, position) VALUES (358, 'https://fdn2.gsmarena.com/vv/pics/lenovo/lenovo-tab-k9-2.jpg', 2);
INSERT OR IGNORE INTO device_pictures (device_id, url, position) VALUES (358, 'https://fdn2.gsmarena.com/vv/pics/lenovo/lenovo-tab-k9-3.jpg', 3);
INSERT OR IGNORE INTO devices (id, brand_id, name, gsmarena_url, thumbnail_url, summary) VALUES (359, 3, 'Legion Y700 (Gen 4)', 'https://www.gsmarena.com/lenovo_legion_y700_(gen_4)-13993.php', 'https://fdn2.gsmarena.com/vv/bigpic/lenovo-legion-y700-gen4.jpg', 'Legion Y700 (Gen 4)');
INSERT OR IGNORE INTO device_specs (device_id, announced, status, network, os, chipset, cpu, gpu, display_size, display_type, display_res, ram, storage, main_camera, selfie_camera, battery, charging, nfc, usb, bluetooth, wlan, colors, weight, dimensions, sim, sensors, popularity, fans, rating, full_specs_json) VALUES (359, '2025, May 08', 'Available. Released 2025, May', 'No cellular connectivity / 4G/LTE', 'Android 15', 'Qualcomm SM8750-AB Snapdragon 8 Elite (3 nm)', 'Octa-core (2x4.32 GHz Oryon V2 Phoenix L + 6x3.53 GHz Oryon V2 Phoenix M)', 'Adreno 830', '8.8 inches, 224.8 cm 2', 'IPS LCD, 68B colors, 165Hz, HDR, 600 nits (typ)', '1904 x 3040 pixels, 16:10 ratio (~408 ppi density)', '12GB', '256GB', '50 MP, (wide), PDAF, LED flash', '8 MP, 1080p@30fps', 'Li-Po 7600 mAh', '68W wired', 'No', '1x USB Type-C 2.0 & 1x USB Type-C 3.2 Gen2, DisplayPort 1.4', 'Yes', 'Yes', 'Black, White', '340 g (11.99 oz)', '7 mm thickness', 'No', 'Unspecified', 'About 400 EUR', NULL, NULL, '[{"category":"Network","specs":[{"label":"Technology","value":"No cellular connectivity"},{"label":"2G bands","value":"N/A"},{"label":"3G bands","value":"N/A"},{"label":"4G bands","value":"N/A"},{"label":"GPRS","value":"No"},{"label":"EDGE","value":"No"}]},{"category":"Launch","specs":[{"label":"Announced","value":"2025, May 08"},{"label":"Status","value":"Available. Released 2025, May"}]},{"category":"Body","specs":[{"label":"Dimensions","value":"7 mm thickness"},{"label":"Weight","value":"340 g (11.99 oz)"},{"label":"Build","value":"Glass front, aluminum frame, aluminum back"},{"label":"SIM","value":"No"}]},{"category":"Display","specs":[{"label":"Type","value":"IPS LCD, 68B colors, 165Hz, HDR, 600 nits (typ)"},{"label":"Size","value":"8.8 inches, 224.8 cm 2"},{"label":"Resolution","value":"1904 x 3040 pixels, 16:10 ratio (~408 ppi density)"}]},{"category":"Platform","specs":[{"label":"OS","value":"Android 15"},{"label":"Chipset","value":"Qualcomm SM8750-AB Snapdragon 8 Elite (3 nm)"},{"label":"CPU","value":"Octa-core (2x4.32 GHz Oryon V2 Phoenix L + 6x3.53 GHz Oryon V2 Phoenix M)"},{"label":"GPU","value":"Adreno 830"}]},{"category":"Memory","specs":[{"label":"Card slot","value":"microSDXC"},{"label":"Internal","value":"256GB 12GB RAM, 512GB 16GB RAM, 1TB 16GB RAM"}]},{"category":"Main Camera","specs":[{"label":"Single","value":"50 MP, (wide), PDAF"},{"label":"Features","value":"LED flash"},{"label":"Video","value":"Yes"}]},{"category":"Selfie camera","specs":[{"label":"Single","value":"8 MP"},{"label":"Video","value":"1080p@30fps"}]},{"category":"Sound","specs":[{"label":"Loudspeaker","value":"Yes, with stereo speakers"},{"label":"3.5mm jack","value":"No"}]},{"category":"Comms","specs":[{"label":"WLAN","value":"Yes"},{"label":"Bluetooth","value":"Yes"},{"label":"Positioning","value":"No"},{"label":"NFC","value":"No"},{"label":"USB","value":"1x USB Type-C 2.0 & 1x USB Type-C 3.2 Gen2, DisplayPort 1.4"},{"label":"Radio","value":"Unspecified"}]},{"category":"Features","specs":[{"label":"Sensors","value":"Unspecified"}]},{"category":"Battery","specs":[{"label":"Type","value":"Li-Po 7600 mAh"},{"label":"Charging","value":"68W wired"}]},{"category":"Misc","specs":[{"label":"Colors","value":"Black, White"},{"label":"Models","value":"TB322FC, ZAG40002CN"},{"label":"Price","value":"About 400 EUR"}]}]');
INSERT OR IGNORE INTO device_pictures (device_id, url, position) VALUES (359, 'https://fdn2.gsmarena.com/vv/bigpic/lenovo-legion-y700-gen4.jpg', 0);
INSERT OR IGNORE INTO device_pictures (device_id, url, position) VALUES (359, 'https://fdn2.gsmarena.com/vv/pics/lenovo/lenovo-legion-y700-gen4-1.jpg', 1);
INSERT OR IGNORE INTO device_pictures (device_id, url, position) VALUES (359, 'https://fdn2.gsmarena.com/vv/pics/lenovo/lenovo-legion-y700-gen4-2.jpg', 2);
INSERT OR IGNORE INTO device_pictures (device_id, url, position) VALUES (359, 'https://fdn2.gsmarena.com/vv/pics/lenovo/lenovo-legion-y700-gen4-3.jpg', 3);
INSERT OR IGNORE INTO devices (id, brand_id, name, gsmarena_url, thumbnail_url, summary) VALUES (360, 3, 'Idea Tab Pro', 'https://www.gsmarena.com/lenovo_idea_tab_pro-13733.php', 'https://fdn2.gsmarena.com/vv/bigpic/lenovo-idea-tab-pro.jpg', 'Idea Tab Pro');
INSERT OR IGNORE INTO device_specs (device_id, announced, status, network, os, chipset, cpu, gpu, display_size, display_type, display_res, ram, storage, main_camera, selfie_camera, battery, charging, nfc, usb, bluetooth, wlan, colors, weight, dimensions, sim, sensors, popularity, fans, rating, full_specs_json) VALUES (360, '2025, March 14', 'Available. Released 2025, March 14', 'No cellular connectivity / 4G/LTE', 'Android 14, up to 2 major Android upgrades', 'Mediatek Dimensity 8300 (4 nm)', 'Octa-core (1x3.35 GHz Cortex-A715 & 3x3.20 GHz Cortex-A715 & 4x2.20 GHz Cortex-A510)', 'Mali G615-MC6', '12.7 inches, 467.7 cm 2 (~84.8% screen-to-body ratio)', 'IPS LCD, 144Hz, HDR10, 400 nits', '2944 x 1840 pixels, 16:10 ratio (~273 ppi density)', '8GB', '128GB', '13 MP, (wide), AF, LED flash', '8 MP, 1080p@30fps', 'Li-Po 10200 mAh', '45W wired', 'No', 'USB Type-C 3.2, DisplayPort, OTG, accessory connector pins', '5.3, A2DP, LE', 'Wi-Fi 802.11 a/b/g/n/ac/6e, dual-band, Wi-Fi Direct', 'Luna grey, Green', '620 g (1.37 lb)', '291.8 x 189.1 x 6.9 mm (11.49 x 7.44 x 0.27 in)', 'No', 'Fingerprint (side-mounted), accelerometer, gyro, proximity (accessories only), compass', 'About 390 EUR', NULL, NULL, '[{"category":"Network","specs":[{"label":"Technology","value":"No cellular connectivity"},{"label":"2G bands","value":"N/A"},{"label":"3G bands","value":"N/A"},{"label":"4G bands","value":"N/A"},{"label":"GPRS","value":"No"},{"label":"EDGE","value":"No"}]},{"category":"Launch","specs":[{"label":"Announced","value":"2025, March 14"},{"label":"Status","value":"Available. Released 2025, March 14"}]},{"category":"Body","specs":[{"label":"Dimensions","value":"291.8 x 189.1 x 6.9 mm (11.49 x 7.44 x 0.27 in)"},{"label":"Weight","value":"620 g (1.37 lb)"},{"label":"SIM","value":"No"}]},{"category":"Display","specs":[{"label":"Type","value":"IPS LCD, 144Hz, HDR10, 400 nits"},{"label":"Size","value":"12.7 inches, 467.7 cm 2 (~84.8% screen-to-body ratio)"},{"label":"Resolution","value":"2944 x 1840 pixels, 16:10 ratio (~273 ppi density)"},{"label":"Protection","value":"Mohs level 5"}]},{"category":"Platform","specs":[{"label":"OS","value":"Android 14, up to 2 major Android upgrades"},{"label":"Chipset","value":"Mediatek Dimensity 8300 (4 nm)"},{"label":"CPU","value":"Octa-core (1x3.35 GHz Cortex-A715 & 3x3.20 GHz Cortex-A715 & 4x2.20 GHz Cortex-A510)"},{"label":"GPU","value":"Mali G615-MC6"}]},{"category":"Memory","specs":[{"label":"Card slot","value":"microSDXC"},{"label":"Internal","value":"128GB 8GB RAM, 256GB 8GB RAM, 256GB 12GB RAM"}]},{"category":"Main Camera","specs":[{"label":"Single","value":"13 MP, (wide), AF"},{"label":"Features","value":"LED flash"},{"label":"Video","value":"Yes"}]},{"category":"Selfie camera","specs":[{"label":"Single","value":"8 MP"},{"label":"Video","value":"1080p@30fps"}]},{"category":"Sound","specs":[{"label":"Loudspeaker","value":"Yes, with stereo speakers (4 speakers)"},{"label":"3.5mm jack","value":"No"}]},{"category":"Comms","specs":[{"label":"WLAN","value":"Wi-Fi 802.11 a/b/g/n/ac/6e, dual-band, Wi-Fi Direct"},{"label":"Bluetooth","value":"5.3, A2DP, LE"},{"label":"Positioning","value":"GPS, GALILEO, GLONASS"},{"label":"NFC","value":"No"},{"label":"USB","value":"USB Type-C 3.2, DisplayPort, OTG, accessory connector pins"},{"label":"Radio","value":"No"}]},{"category":"Features","specs":[{"label":"Sensors","value":"Fingerprint (side-mounted), accelerometer, gyro, proximity (accessories only), compass"}]},{"category":"Battery","specs":[{"label":"Type","value":"Li-Po 10200 mAh"},{"label":"Charging","value":"45W wired"}]},{"category":"Misc","specs":[{"label":"Colors","value":"Luna grey, Green"},{"label":"Models","value":"ZAE40142GR, TB373FU"},{"label":"Price","value":"About 390 EUR"}]}]');
INSERT OR IGNORE INTO device_pictures (device_id, url, position) VALUES (360, 'https://fdn2.gsmarena.com/vv/bigpic/lenovo-idea-tab-pro.jpg', 0);
INSERT OR IGNORE INTO device_pictures (device_id, url, position) VALUES (360, 'https://fdn2.gsmarena.com/vv/pics/lenovo/lenovo-idea-tab-pro-1.jpg', 1);
INSERT OR IGNORE INTO device_pictures (device_id, url, position) VALUES (360, 'https://fdn2.gsmarena.com/vv/pics/lenovo/lenovo-idea-tab-pro-2.jpg', 2);
INSERT OR IGNORE INTO devices (id, brand_id, name, gsmarena_url, thumbnail_url, summary) VALUES (361, 3, 'Yoga Tab Plus', 'https://www.gsmarena.com/lenovo_yoga_tab_plus-13666.php', 'https://fdn2.gsmarena.com/vv/bigpic/lenovo-yoga-tab-plus.jpg', 'Yoga Tab Plus');
INSERT OR IGNORE INTO device_specs (device_id, announced, status, network, os, chipset, cpu, gpu, display_size, display_type, display_res, ram, storage, main_camera, selfie_camera, battery, charging, nfc, usb, bluetooth, wlan, colors, weight, dimensions, sim, sensors, popularity, fans, rating, full_specs_json) VALUES (361, '2025, January 07', 'Available. Released 2025, February 01', 'No cellular connectivity / 4G/LTE', 'Android 14, up to 3 major Android upgrades', 'Qualcomm SM8650-AB Snapdragon 8 Gen 3 (4 nm)', 'Octa-core (1x3.3 GHz Cortex-X4 & 3x3.2 GHz Cortex-A720 & 2x3.0 GHz Cortex-A720 & 2x2.3 GHz Cortex-A520)', 'Adreno 750', '12.7 inches, 467.7 cm 2 (~85.4% screen-to-body ratio)', 'IPS LCD, 144Hz, Dolby Vision, 650 nits (typ), 900 nits (peak)', '2944 x 1840 pixels, 16:10 ratio (~273 ppi density)', '16GB', '256GB', '13 MP, (wide), AF, LED flash', '13 MP, 101˚ (ultrawide), 1080p@30fps', 'Li-Po 10200 mAh', '45W wired', 'No', 'USB Type-C 3.1, OTG, DisplayPort, accessory connector', '5.4, A2DP, LE', 'Wi-Fi 802.11 a/b/g/n/ac/6/7, dual-band, Wi-Fi Direct', 'Seashell, Tidal teal', '640 g (1.41 lb)', '290.9 x 188.3 x 8.5 mm (11.45 x 7.41 x 0.33 in)', 'No', 'Fingerprint (side-mounted), accelerometer, gyro, proximity (accessories only)', '$ 769.99', NULL, NULL, '[{"category":"Network","specs":[{"label":"Technology","value":"No cellular connectivity"},{"label":"2G bands","value":"N/A"},{"label":"3G bands","value":"N/A"},{"label":"4G bands","value":"N/A"},{"label":"GPRS","value":"No"},{"label":"EDGE","value":"No"}]},{"category":"Launch","specs":[{"label":"Announced","value":"2025, January 07"},{"label":"Status","value":"Available. Released 2025, February 01"}]},{"category":"Body","specs":[{"label":"Dimensions","value":"290.9 x 188.3 x 8.5 mm (11.45 x 7.41 x 0.33 in)"},{"label":"Weight","value":"640 g (1.41 lb)"},{"label":"Build","value":"Glass front, aluminum frame, aluminum back"},{"label":"SIM","value":"No"}]},{"category":"Display","specs":[{"label":"Type","value":"IPS LCD, 144Hz, Dolby Vision, 650 nits (typ), 900 nits (peak)"},{"label":"Size","value":"12.7 inches, 467.7 cm 2 (~85.4% screen-to-body ratio)"},{"label":"Resolution","value":"2944 x 1840 pixels, 16:10 ratio (~273 ppi density)"},{"label":"Protection","value":"Mohs level 5"}]},{"category":"Platform","specs":[{"label":"OS","value":"Android 14, up to 3 major Android upgrades"},{"label":"Chipset","value":"Qualcomm SM8650-AB Snapdragon 8 Gen 3 (4 nm)"},{"label":"CPU","value":"Octa-core (1x3.3 GHz Cortex-X4 & 3x3.2 GHz Cortex-A720 & 2x3.0 GHz Cortex-A720 & 2x2.3 GHz Cortex-A520)"},{"label":"GPU","value":"Adreno 750"}]},{"category":"Memory","specs":[{"label":"Card slot","value":"No"},{"label":"Internal","value":"256GB 16GB RAM, 512GB 16GB RAM"}]},{"category":"Main Camera","specs":[{"label":"Dual","value":"13 MP, (wide), AF"},{"label":"Features","value":"LED flash"},{"label":"Video","value":"Yes"}]},{"category":"Selfie camera","specs":[{"label":"Single","value":"13 MP, 101˚ (ultrawide)"},{"label":"Video","value":"1080p@30fps"}]},{"category":"Sound","specs":[{"label":"Loudspeaker","value":"Yes, with stereo speakers (6 speakers)"},{"label":"3.5mm jack","value":"No"}]},{"category":"Comms","specs":[{"label":"WLAN","value":"Wi-Fi 802.11 a/b/g/n/ac/6/7, dual-band, Wi-Fi Direct"},{"label":"Bluetooth","value":"5.4, A2DP, LE"},{"label":"Positioning","value":"No"},{"label":"NFC","value":"No"},{"label":"USB","value":"USB Type-C 3.1, OTG, DisplayPort, accessory connector"},{"label":"Radio","value":"No"}]},{"category":"Features","specs":[{"label":"Sensors","value":"Fingerprint (side-mounted), accelerometer, gyro, proximity (accessories only)"}]},{"category":"Battery","specs":[{"label":"Type","value":"Li-Po 10200 mAh"},{"label":"Charging","value":"45W wired"}]},{"category":"Misc","specs":[{"label":"Colors","value":"Seashell, Tidal teal"},{"label":"Models","value":"ZAEG0096US, TB520FU"},{"label":"Price","value":"$ 769.99"}]}]');
INSERT OR IGNORE INTO device_pictures (device_id, url, position) VALUES (361, 'https://fdn2.gsmarena.com/vv/bigpic/lenovo-yoga-tab-plus.jpg', 0);
INSERT OR IGNORE INTO device_pictures (device_id, url, position) VALUES (361, 'https://fdn2.gsmarena.com/vv/pics/lenovo/lenovo-yoga-tab-plus-1.jpg', 1);
INSERT OR IGNORE INTO device_pictures (device_id, url, position) VALUES (361, 'https://fdn2.gsmarena.com/vv/pics/lenovo/lenovo-yoga-tab-plus-3.jpg', 2);
INSERT OR IGNORE INTO device_pictures (device_id, url, position) VALUES (361, 'https://fdn2.gsmarena.com/vv/pics/lenovo/lenovo-yoga-tab-plus-2.jpg', 3);
INSERT OR IGNORE INTO devices (id, brand_id, name, gsmarena_url, thumbnail_url, summary) VALUES (362, 3, 'Legion Y700 (2025)', 'https://www.gsmarena.com/lenovo_legion_y700_(2025)-13438.php', 'https://fdn2.gsmarena.com/vv/bigpic/lenovo-legion-tab-gen3.jpg', 'Legion Y700 (2025)');
INSERT OR IGNORE INTO device_specs (device_id, announced, status, network, os, chipset, cpu, gpu, display_size, display_type, display_res, ram, storage, main_camera, selfie_camera, battery, charging, nfc, usb, bluetooth, wlan, colors, weight, dimensions, sim, sensors, popularity, fans, rating, full_specs_json) VALUES (362, '2024, October 16', 'Available. Released 2024, October', 'No cellular connectivity / 4G/LTE', 'Android 14, up to 3 major Android upgrades', 'Qualcomm SM8650-AB Snapdragon 8 Gen 3 (4 nm)', 'Octa-core (1x3.3 GHz Cortex-X4 & 3x3.2 GHz Cortex-A720 & 2x3.0 GHz Cortex-A720 & 2x2.3 GHz Cortex-A520)', 'Adreno 750', '8.8 inches, 224.5 cm 2 (~83.2% screen-to-body ratio)', 'IPS LCD, 165Hz, Dolby Vision, HDR10, 500 nits (typ), 900 nits (HBM)', '1600 x 2560 pixels, 16:10 ratio (~343 ppi density)', '12GB', '256GB', '13 MP, (wide), LED flash', '8 MP, 1080p@30fps', 'Li-Po 6550 mAh', '68W wired', 'No', '1x USB Type-C & 1x USB Type-C 3.1 Gen2, DisplayPort 1.4', '5.4, A2DP, LE', 'Wi-Fi 802.11 a/b/g/n/ac/6/7, dual-band or tri-band, Wi-Fi Direct', 'Eclipse Black', '350 g (12.35 oz)', '208.5 x 129.5 x 7.8 mm (8.21 x 5.10 x 0.31 in)', 'No', 'Accelerometer, gyro, proximity, compass', 'About 550 EUR', NULL, NULL, '[{"category":"Network","specs":[{"label":"Technology","value":"No cellular connectivity"},{"label":"2G bands","value":"N/A"},{"label":"3G bands","value":"N/A"},{"label":"4G bands","value":"N/A"},{"label":"GPRS","value":"No"},{"label":"EDGE","value":"No"}]},{"category":"Launch","specs":[{"label":"Announced","value":"2024, October 16"},{"label":"Status","value":"Available. Released 2024, October"}]},{"category":"Body","specs":[{"label":"Dimensions","value":"208.5 x 129.5 x 7.8 mm (8.21 x 5.10 x 0.31 in)"},{"label":"Weight","value":"350 g (12.35 oz)"},{"label":"Build","value":"Glass front, aluminum frame, aluminum back"},{"label":"SIM","value":"No"}]},{"category":"Display","specs":[{"label":"Type","value":"IPS LCD, 165Hz, Dolby Vision, HDR10, 500 nits (typ), 900 nits (HBM)"},{"label":"Size","value":"8.8 inches, 224.5 cm 2 (~83.2% screen-to-body ratio)"},{"label":"Resolution","value":"1600 x 2560 pixels, 16:10 ratio (~343 ppi density)"},{"label":"Protection","value":"Mohs level 5"}]},{"category":"Platform","specs":[{"label":"OS","value":"Android 14, up to 3 major Android upgrades"},{"label":"Chipset","value":"Qualcomm SM8650-AB Snapdragon 8 Gen 3 (4 nm)"},{"label":"CPU","value":"Octa-core (1x3.3 GHz Cortex-X4 & 3x3.2 GHz Cortex-A720 & 2x3.0 GHz Cortex-A720 & 2x2.3 GHz Cortex-A520)"},{"label":"GPU","value":"Adreno 750"}]},{"category":"Memory","specs":[{"label":"Card slot","value":"No"},{"label":"Internal","value":"256GB 12GB RAM, 512GB 16GB RAM"}]},{"category":"Main Camera","specs":[{"label":"Dual","value":"13 MP, (wide)"},{"label":"Features","value":"LED flash"},{"label":"Video","value":"1080p@30fps"}]},{"category":"Selfie camera","specs":[{"label":"Single","value":"8 MP"},{"label":"Video","value":"1080p@30fps"}]},{"category":"Sound","specs":[{"label":"Loudspeaker","value":"Yes, with stereo speakers"},{"label":"3.5mm jack","value":"No"}]},{"category":"Comms","specs":[{"label":"WLAN","value":"Wi-Fi 802.11 a/b/g/n/ac/6/7, dual-band or tri-band, Wi-Fi Direct"},{"label":"Bluetooth","value":"5.4, A2DP, LE"},{"label":"Positioning","value":"No"},{"label":"NFC","value":"No"},{"label":"USB","value":"1x USB Type-C & 1x USB Type-C 3.1 Gen2, DisplayPort 1.4"},{"label":"Radio","value":"Unspecified"}]},{"category":"Features","specs":[{"label":"Sensors","value":"Accelerometer, gyro, proximity, compass"}]},{"category":"Battery","specs":[{"label":"Type","value":"Li-Po 6550 mAh"},{"label":"Charging","value":"68W wired"}]},{"category":"Misc","specs":[{"label":"Colors","value":"Eclipse Black"},{"label":"Models","value":"TB321FU"},{"label":"Price","value":"About 550 EUR"}]}]');
INSERT OR IGNORE INTO device_pictures (device_id, url, position) VALUES (362, 'https://fdn2.gsmarena.com/vv/bigpic/lenovo-legion-tab-gen3.jpg', 0);
INSERT OR IGNORE INTO device_pictures (device_id, url, position) VALUES (362, 'https://fdn2.gsmarena.com/vv/pics/lenovo/lenovo-legion-tab-gen3-1.jpg', 1);
INSERT OR IGNORE INTO device_pictures (device_id, url, position) VALUES (362, 'https://fdn2.gsmarena.com/vv/pics/lenovo/lenovo-legion-tab-gen3-2.jpg', 2);
INSERT OR IGNORE INTO device_pictures (device_id, url, position) VALUES (362, 'https://fdn2.gsmarena.com/vv/pics/lenovo/lenovo-legion-y700-2025-1.jpg', 3);
INSERT OR IGNORE INTO devices (id, brand_id, name, gsmarena_url, thumbnail_url, summary) VALUES (363, 3, 'Legion Tab', 'https://www.gsmarena.com/lenovo_legion_tab-13266.php', 'https://fdn2.gsmarena.com/vv/bigpic/lenovo-legion-y700-2023.jpg', 'Legion Tab');
INSERT OR IGNORE INTO device_specs (device_id, announced, status, network, os, chipset, cpu, gpu, display_size, display_type, display_res, ram, storage, main_camera, selfie_camera, battery, charging, nfc, usb, bluetooth, wlan, colors, weight, dimensions, sim, sensors, popularity, fans, rating, full_specs_json) VALUES (363, '2024, August 13', 'Available. Released 2024, August 15', 'No cellular connectivity / 4G/LTE', 'Android 13', 'Qualcomm SM8475P Snapdragon 8+ Gen 1 (4 nm)', 'Octa-core (1x3.19 GHz Cortex-X2 & 3x2.75 GHz Cortex-A710 & 4x1.80 GHz Cortex-A510)', 'Adreno 730', '8.8 inches, 224.5 cm 2 (~83.2% screen-to-body ratio)', 'IPS LCD, 144Hz, Dolby Vision, HDR10, 500 nits (typ)', '1600 x 2560 pixels, 16:10 ratio (~343 ppi density)', '12GB', '256GB', '13 MP, (wide), LED flash', '8 MP, 1080p@30fps', 'Li-Po 6550 mAh', '45W wired', 'No', '2x USB Type-C 3.1 Gen2, DisplayPort 1.4', '5.3, A2DP, LE', 'Wi-Fi 802.11 a/b/g/n/ac/6e, dual-band, Wi-Fi Direct', 'Storm Grey', '350 g (12.35 oz)', '208.5 x 129.5 x 7.6 mm (8.21 x 5.10 x 0.30 in)', 'No', 'Accelerometer, gyro, proximity, compass', 'About 380 EUR', NULL, NULL, '[{"category":"Network","specs":[{"label":"Technology","value":"No cellular connectivity"},{"label":"2G bands","value":"N/A"},{"label":"3G bands","value":"N/A"},{"label":"4G bands","value":"N/A"},{"label":"GPRS","value":"No"},{"label":"EDGE","value":"No"}]},{"category":"Launch","specs":[{"label":"Announced","value":"2024, August 13"},{"label":"Status","value":"Available. Released 2024, August 15"}]},{"category":"Body","specs":[{"label":"Dimensions","value":"208.5 x 129.5 x 7.6 mm (8.21 x 5.10 x 0.30 in)"},{"label":"Weight","value":"350 g (12.35 oz)"},{"label":"SIM","value":"No"}]},{"category":"Display","specs":[{"label":"Type","value":"IPS LCD, 144Hz, Dolby Vision, HDR10, 500 nits (typ)"},{"label":"Size","value":"8.8 inches, 224.5 cm 2 (~83.2% screen-to-body ratio)"},{"label":"Resolution","value":"1600 x 2560 pixels, 16:10 ratio (~343 ppi density)"}]},{"category":"Platform","specs":[{"label":"OS","value":"Android 13"},{"label":"Chipset","value":"Qualcomm SM8475P Snapdragon 8+ Gen 1 (4 nm)"},{"label":"CPU","value":"Octa-core (1x3.19 GHz Cortex-X2 & 3x2.75 GHz Cortex-A710 & 4x1.80 GHz Cortex-A510)"},{"label":"GPU","value":"Adreno 730"}]},{"category":"Memory","specs":[{"label":"Card slot","value":"microSDXC (dedicated slot)"},{"label":"Internal","value":"256GB 12GB RAM"}]},{"category":"Main Camera","specs":[{"label":"Dual","value":"13 MP, (wide)"},{"label":"Features","value":"LED flash"},{"label":"Video","value":"1080p@30fps"}]},{"category":"Selfie camera","specs":[{"label":"Single","value":"8 MP"},{"label":"Video","value":"1080p@30fps"}]},{"category":"Sound","specs":[{"label":"Loudspeaker","value":"Yes, with stereo speakers"},{"label":"3.5mm jack","value":"No"}]},{"category":"Comms","specs":[{"label":"WLAN","value":"Wi-Fi 802.11 a/b/g/n/ac/6e, dual-band, Wi-Fi Direct"},{"label":"Bluetooth","value":"5.3, A2DP, LE"},{"label":"Positioning","value":"No"},{"label":"NFC","value":"No"},{"label":"USB","value":"2x USB Type-C 3.1 Gen2, DisplayPort 1.4"},{"label":"Radio","value":"Unspecified"}]},{"category":"Features","specs":[{"label":"Sensors","value":"Accelerometer, gyro, proximity, compass"}]},{"category":"Battery","specs":[{"label":"Type","value":"Li-Po 6550 mAh"},{"label":"Charging","value":"45W wired"}]},{"category":"Misc","specs":[{"label":"Colors","value":"Storm Grey"},{"label":"Models","value":"ZACW0029IN"},{"label":"Price","value":"About 380 EUR"}]}]');
INSERT OR IGNORE INTO device_pictures (device_id, url, position) VALUES (363, 'https://fdn2.gsmarena.com/vv/bigpic/lenovo-legion-y700-2023.jpg', 0);
INSERT OR IGNORE INTO device_pictures (device_id, url, position) VALUES (363, 'https://fdn2.gsmarena.com/vv/pics/lenovo/lenovo-legion-y700-2023-1.jpg', 1);
INSERT OR IGNORE INTO device_pictures (device_id, url, position) VALUES (363, 'https://fdn2.gsmarena.com/vv/pics/lenovo/lenovo-legion-y700-2023-2.jpg', 2);
INSERT OR IGNORE INTO device_pictures (device_id, url, position) VALUES (363, 'https://fdn2.gsmarena.com/vv/pics/lenovo/lenovo-legion-y700-2023-3.jpg', 3);
INSERT OR IGNORE INTO devices (id, brand_id, name, gsmarena_url, thumbnail_url, summary) VALUES (364, 3, 'Tab K11 Plus', 'https://www.gsmarena.com/lenovo_tab_k11_plus-13186.php', 'https://fdn2.gsmarena.com/vv/bigpic/lenovo-tab-k-11-plus.jpg', 'Tab K11 Plus');
INSERT OR IGNORE INTO device_specs (device_id, announced, status, network, os, chipset, cpu, gpu, display_size, display_type, display_res, ram, storage, main_camera, selfie_camera, battery, charging, nfc, usb, bluetooth, wlan, colors, weight, dimensions, sim, sensors, popularity, fans, rating, full_specs_json) VALUES (364, '2024, July 01', 'Available. Released 2024, July', 'GSM / HSPA / LTE / 4G/LTE', 'Android 14', 'Qualcomm SM6225 Snapdragon 680 4G (6 nm)', 'Octa-core (4x2.4 GHz Kryo 265 Gold & 4x1.9 GHz Kryo 265 Silver)', 'Adreno 610', '11.45 inches, 373.2 cm 2 (~82.2% screen-to-body ratio)', 'IPS LCD, 90Hz, 400 nits (typ)', '1200 x 2000 pixels, 5:3 ratio (~204 ppi density)', '4GB', '64GB', '13 MP, f/2.2, (wide), AF, LED flash', '8 MP, f/2.0, (wide), 1080p@30fps', 'Li-Po 8600 mAh', '20W wired', 'Yes', 'USB Type-C 2.0, magnetic connector pins', '5.3, A2DP, LE', 'Wi-Fi 802.11 a/b/g/n/ac/6, dual-band, Wi-Fi Direct', 'Luna grey', '520 g (1.15 lb)', '169 x 268.7 x 7.2 mm (6.65 x 10.58 x 0.28 in)', 'Nano-SIM (cellular model only)', 'Accelerometer, gyro, proximity', 'About 200 EUR', NULL, NULL, '[{"category":"Network","specs":[{"label":"Technology","value":"GSM / HSPA / LTE"},{"label":"2G bands","value":"GSM 850 / 900 / 1800 / 1900"},{"label":"3G bands","value":"HSDPA 800 / 850 / 900 / 1900 / 2100"},{"label":"4G bands","value":"1, 2, 3, 4, 5, 7, 8, 19, 20, 26, 28, 38, 40, 41"},{"label":"Speed","value":"HSPA, LTE - cellular model only"}]},{"category":"Launch","specs":[{"label":"Announced","value":"2024, July 01"},{"label":"Status","value":"Available. Released 2024, July"}]},{"category":"Body","specs":[{"label":"Dimensions","value":"169 x 268.7 x 7.2 mm (6.65 x 10.58 x 0.28 in)"},{"label":"Weight","value":"520 g (1.15 lb)"},{"label":"Build","value":"Glass front, aluminum frame, aluminum back"},{"label":"SIM","value":"Nano-SIM (cellular model only)"}]},{"category":"Display","specs":[{"label":"Type","value":"IPS LCD, 90Hz, 400 nits (typ)"},{"label":"Size","value":"11.45 inches, 373.2 cm 2 (~82.2% screen-to-body ratio)"},{"label":"Resolution","value":"1200 x 2000 pixels, 5:3 ratio (~204 ppi density)"},{"label":"Protection","value":"Mohs level 6"}]},{"category":"Platform","specs":[{"label":"OS","value":"Android 14"},{"label":"Chipset","value":"Qualcomm SM6225 Snapdragon 680 4G (6 nm)"},{"label":"CPU","value":"Octa-core (4x2.4 GHz Kryo 265 Gold & 4x1.9 GHz Kryo 265 Silver)"},{"label":"GPU","value":"Adreno 610"}]},{"category":"Memory","specs":[{"label":"Card slot","value":"microSDXC (dedicated slot)"},{"label":"Internal","value":"64GB 4GB RAM, 128GB 6GB RAM, 256GB 8GB RAM"}]},{"category":"Main Camera","specs":[{"label":"Single","value":"13 MP, f/2.2, (wide), AF"},{"label":"Features","value":"LED flash"},{"label":"Video","value":"1080p@30fps"}]},{"category":"Selfie camera","specs":[{"label":"Single","value":"8 MP, f/2.0, (wide)"},{"label":"Video","value":"1080p@30fps"}]},{"category":"Sound","specs":[{"label":"Loudspeaker","value":"Yes, with stereo speakers (4 speakers)"},{"label":"3.5mm jack","value":"Yes"}]},{"category":"Comms","specs":[{"label":"WLAN","value":"Wi-Fi 802.11 a/b/g/n/ac/6, dual-band, Wi-Fi Direct"},{"label":"Bluetooth","value":"5.3, A2DP, LE"},{"label":"Positioning","value":"GPS, GLONASS, BDS - cellular model only"},{"label":"NFC","value":"Yes"},{"label":"USB","value":"USB Type-C 2.0, magnetic connector pins"},{"label":"Radio","value":"No"}]},{"category":"Features","specs":[{"label":"Sensors","value":"Accelerometer, gyro, proximity"}]},{"category":"Battery","specs":[{"label":"Type","value":"Li-Po 8600 mAh"},{"label":"Charging","value":"20W wired"}]},{"category":"Misc","specs":[{"label":"Colors","value":"Luna grey"},{"label":"Models","value":"TB352FU"},{"label":"Price","value":"About 200 EUR"}]}]');
INSERT OR IGNORE INTO device_pictures (device_id, url, position) VALUES (364, 'https://fdn2.gsmarena.com/vv/bigpic/lenovo-tab-k-11-plus.jpg', 0);
INSERT OR IGNORE INTO device_pictures (device_id, url, position) VALUES (364, 'https://fdn2.gsmarena.com/vv/pics/lenovo/lenovo-tab-k11-plus-1.jpg', 1);
INSERT OR IGNORE INTO device_pictures (device_id, url, position) VALUES (364, 'https://fdn2.gsmarena.com/vv/pics/lenovo/lenovo-tab-k11-plus-2.jpg', 2);
INSERT OR IGNORE INTO device_pictures (device_id, url, position) VALUES (364, 'https://fdn2.gsmarena.com/vv/pics/lenovo/lenovo-tab-k11-plus-3.jpg', 3);
INSERT OR IGNORE INTO devices (id, brand_id, name, gsmarena_url, thumbnail_url, summary) VALUES (365, 3, 'Tab Plus', 'https://www.gsmarena.com/lenovo_tab_plus-13164.php', 'https://fdn2.gsmarena.com/vv/bigpic/lenovo-tab-plus.jpg', 'Tab Plus');
INSERT OR IGNORE INTO device_specs (device_id, announced, status, network, os, chipset, cpu, gpu, display_size, display_type, display_res, ram, storage, main_camera, selfie_camera, battery, charging, nfc, usb, bluetooth, wlan, colors, weight, dimensions, sim, sensors, popularity, fans, rating, full_specs_json) VALUES (365, '2024, June 20', 'Available. Released 2024, June', 'No cellular connectivity / 4G/LTE', 'Android 14', 'Mediatek Helio G99 (6 nm)', 'Octa-core (2x2.2 GHz Cortex-A76 & 6x2.0 GHz Cortex-A55)', 'Mali-G57 MC2', '11.5 inches, 376.4 cm 2 (~80.5% screen-to-body ratio)', 'IPS LCD, 90Hz, 400 nits (typ)', '1200 x 2000 pixels, 5:3 ratio (~203 ppi density)', '8GB', '128GB', '8 MP, AF', '8 MP, 1080p@30fps', 'Li-Po 8600 mAh', '45W wired', 'No', 'USB Type-C 2.0', '5.2, A2DP, LE', 'Wi-Fi 802.11 a/b/g/n/ac, dual-band, Wi-Fi Direct', 'Luna grey', '650 g (1.43 lb)', '268.3 x 174.3 x 7.7 - 13.6 mm', 'No', 'Accelerometer, gyro', 'About 280 EUR', NULL, NULL, '[{"category":"Network","specs":[{"label":"Technology","value":"No cellular connectivity"},{"label":"2G bands","value":"N/A"},{"label":"3G bands","value":"N/A"},{"label":"4G bands","value":"N/A"},{"label":"GPRS","value":"No"},{"label":"EDGE","value":"No"}]},{"category":"Launch","specs":[{"label":"Announced","value":"2024, June 20"},{"label":"Status","value":"Available. Released 2024, June"}]},{"category":"Body","specs":[{"label":"Dimensions","value":"268.3 x 174.3 x 7.7 - 13.6 mm"},{"label":"Weight","value":"650 g (1.43 lb)"},{"label":"SIM","value":"No"}]},{"category":"Display","specs":[{"label":"Type","value":"IPS LCD, 90Hz, 400 nits (typ)"},{"label":"Size","value":"11.5 inches, 376.4 cm 2 (~80.5% screen-to-body ratio)"},{"label":"Resolution","value":"1200 x 2000 pixels, 5:3 ratio (~203 ppi density)"},{"label":"Protection","value":"Mohs level 6"}]},{"category":"Platform","specs":[{"label":"OS","value":"Android 14"},{"label":"Chipset","value":"Mediatek Helio G99 (6 nm)"},{"label":"CPU","value":"Octa-core (2x2.2 GHz Cortex-A76 & 6x2.0 GHz Cortex-A55)"},{"label":"GPU","value":"Mali-G57 MC2"}]},{"category":"Memory","specs":[{"label":"Card slot","value":"microSDXC (dedicated slot)"},{"label":"Internal","value":"128GB 8GB RAM, 256GB 8GB RAM"}]},{"category":"Main Camera","specs":[{"label":"Single","value":"8 MP, AF"},{"label":"Video","value":"1080p@30fps"}]},{"category":"Selfie camera","specs":[{"label":"Single","value":"8 MP"},{"label":"Video","value":"1080p@30fps"}]},{"category":"Sound","specs":[{"label":"Loudspeaker","value":"Yes, with stereo speakers (8 JBL Hi-Fi speakers)"},{"label":"3.5mm jack","value":"Yes"}]},{"category":"Comms","specs":[{"label":"WLAN","value":"Wi-Fi 802.11 a/b/g/n/ac, dual-band, Wi-Fi Direct"},{"label":"Bluetooth","value":"5.2, A2DP, LE"},{"label":"Positioning","value":"GPS, GALILEO, GLONASS"},{"label":"NFC","value":"No"},{"label":"USB","value":"USB Type-C 2.0"},{"label":"Radio","value":"No"}]},{"category":"Features","specs":[{"label":"Sensors","value":"Accelerometer, gyro"}]},{"category":"Battery","specs":[{"label":"Type","value":"Li-Po 8600 mAh"},{"label":"Charging","value":"45W wired"}]},{"category":"Misc","specs":[{"label":"Colors","value":"Luna grey"},{"label":"Models","value":"TB351FU"},{"label":"Price","value":"About 280 EUR"}]}]');
INSERT OR IGNORE INTO device_pictures (device_id, url, position) VALUES (365, 'https://fdn2.gsmarena.com/vv/bigpic/lenovo-tab-plus.jpg', 0);
INSERT OR IGNORE INTO device_pictures (device_id, url, position) VALUES (365, 'https://fdn2.gsmarena.com/vv/pics/lenovo/lenovo-tab-plus-1.jpg', 1);
INSERT OR IGNORE INTO device_pictures (device_id, url, position) VALUES (365, 'https://fdn2.gsmarena.com/vv/pics/lenovo/lenovo-tab-plus-2.jpg', 2);
INSERT OR IGNORE INTO devices (id, brand_id, name, gsmarena_url, thumbnail_url, summary) VALUES (366, 3, 'Tab M11', 'https://www.gsmarena.com/lenovo_tab_m11-12783.php', 'https://fdn2.gsmarena.com/vv/bigpic/lenovo-tab-m11.jpg', 'Tab M11');
INSERT OR IGNORE INTO device_specs (device_id, announced, status, network, os, chipset, cpu, gpu, display_size, display_type, display_res, ram, storage, main_camera, selfie_camera, battery, charging, nfc, usb, bluetooth, wlan, colors, weight, dimensions, sim, sensors, popularity, fans, rating, full_specs_json) VALUES (366, '2024, January 09', 'Available. Released 2024, April', 'GSM / HSPA / LTE / 4G/LTE', 'Android 13', 'Mediatek MT6769H Helio G88 (12 nm)', 'Octa-core (2x2.0 GHz Cortex-A75 & 6x1.8 GHz Cortex-A55)', 'Mali-G52 MC2', '11.0 inches, 350.9 cm 2 (~82.6% screen-to-body ratio)', 'IPS LCD, 90Hz, 400 nits (typ)', '1200 x 1920 pixels, 16:10 ratio (~206 ppi density)', '4GB', '64GB', '13 MP, f/2.2, (wide), LED flash', '8 MP, f/2.0, (wide), 1080p@30fps', 'Li-Po 7040 mAh', '15W wired', 'No', 'USB Type-C 2.0', '5.1, A2DP, LE', 'Wi-Fi 802.11 a/b/g/n/ac, dual-band, Wi-Fi Direct', 'Luna grey, Seafoam green', '465 g (1.03 lb)', '166.3 x 255.3 x 7.2 mm (6.55 x 10.05 x 0.28 in)', 'Nano-SIM', 'Accelerometer, gyro, proximity (accessories only)', 'About 140 EUR', NULL, NULL, '[{"category":"Network","specs":[{"label":"Technology","value":"GSM / HSPA / LTE"},{"label":"2G bands","value":"GSM 850 / 900 / 1800 / 1900"},{"label":"3G bands","value":"HSDPA 800 / 850 / 900 / 1700(AWS) / 1900 / 2100"},{"label":"4G bands","value":"1, 2, 3, 4, 5, 7, 8, 12, 13, 14, 17, 19, 20, 25, 26, 28, 29, 30, 38, 40, 41, 66, 71"},{"label":"Speed","value":"HSPA, LTE"}]},{"category":"Launch","specs":[{"label":"Announced","value":"2024, January 09"},{"label":"Status","value":"Available. Released 2024, April"}]},{"category":"Body","specs":[{"label":"Dimensions","value":"166.3 x 255.3 x 7.2 mm (6.55 x 10.05 x 0.28 in)"},{"label":"Weight","value":"465 g (1.03 lb)"},{"label":"Build","value":"Glass front, aluminum frame, aluminum back"},{"label":"SIM","value":"Nano-SIM"}]},{"category":"Display","specs":[{"label":"Type","value":"IPS LCD, 90Hz, 400 nits (typ)"},{"label":"Size","value":"11.0 inches, 350.9 cm 2 (~82.6% screen-to-body ratio)"},{"label":"Resolution","value":"1200 x 1920 pixels, 16:10 ratio (~206 ppi density)"},{"label":"Protection","value":"Mohs level 5"}]},{"category":"Platform","specs":[{"label":"OS","value":"Android 13"},{"label":"Chipset","value":"Mediatek MT6769H Helio G88 (12 nm)"},{"label":"CPU","value":"Octa-core (2x2.0 GHz Cortex-A75 & 6x1.8 GHz Cortex-A55)"},{"label":"GPU","value":"Mali-G52 MC2"}]},{"category":"Memory","specs":[{"label":"Card slot","value":"microSDXC (dedicated slot)"},{"label":"Internal","value":"64GB 4GB RAM, 128GB 4GB RAM, 128GB 8GB RAM"}]},{"category":"Main Camera","specs":[{"label":"Single","value":"13 MP, f/2.2, (wide)"},{"label":"Features","value":"LED flash"},{"label":"Video","value":"1080p@30fps"}]},{"category":"Selfie camera","specs":[{"label":"Single","value":"8 MP, f/2.0, (wide)"},{"label":"Video","value":"1080p@30fps"}]},{"category":"Sound","specs":[{"label":"Loudspeaker","value":"Yes, with stereo speakers (4 speakers)"},{"label":"3.5mm jack","value":"Yes"}]},{"category":"Comms","specs":[{"label":"WLAN","value":"Wi-Fi 802.11 a/b/g/n/ac, dual-band, Wi-Fi Direct"},{"label":"Bluetooth","value":"5.1, A2DP, LE"},{"label":"Positioning","value":"GPS, GLONASS, BDS"},{"label":"NFC","value":"No"},{"label":"USB","value":"USB Type-C 2.0"},{"label":"Radio","value":"No"}]},{"category":"Features","specs":[{"label":"Sensors","value":"Accelerometer, gyro, proximity (accessories only)"}]},{"category":"Battery","specs":[{"label":"Type","value":"Li-Po 7040 mAh"},{"label":"Charging","value":"15W wired"}]},{"category":"Misc","specs":[{"label":"Colors","value":"Luna grey, Seafoam green"},{"label":"Models","value":"TB330FU, TB330KU"},{"label":"Price","value":"About 140 EUR"}]}]');
INSERT OR IGNORE INTO device_pictures (device_id, url, position) VALUES (366, 'https://fdn2.gsmarena.com/vv/bigpic/lenovo-tab-m11.jpg', 0);
INSERT OR IGNORE INTO device_pictures (device_id, url, position) VALUES (366, 'https://fdn2.gsmarena.com/vv/pics/lenovo/lenovo-tab-m11-1.jpg', 1);
INSERT OR IGNORE INTO device_pictures (device_id, url, position) VALUES (366, 'https://fdn2.gsmarena.com/vv/pics/lenovo/lenovo-tab-m11-2.jpg', 2);
INSERT OR IGNORE INTO device_pictures (device_id, url, position) VALUES (366, 'https://fdn2.gsmarena.com/vv/pics/lenovo/lenovo-tab-m11-3.jpg', 3);
INSERT OR IGNORE INTO devices (id, brand_id, name, gsmarena_url, thumbnail_url, summary) VALUES (367, 3, 'Legion Y700 (2023)', 'https://www.gsmarena.com/lenovo_legion_y700_(2023)-12476.php', 'https://fdn2.gsmarena.com/vv/bigpic/lenovo-legion-y700-2023.jpg', 'Legion Y700 (2023)');
INSERT OR IGNORE INTO device_specs (device_id, announced, status, network, os, chipset, cpu, gpu, display_size, display_type, display_res, ram, storage, main_camera, selfie_camera, battery, charging, nfc, usb, bluetooth, wlan, colors, weight, dimensions, sim, sensors, popularity, fans, rating, full_specs_json) VALUES (367, '2023, July 22', 'Available. Released 2023, July 22', 'No cellular connectivity / 4G/LTE', 'Android 13, ZUI 14', 'Qualcomm SM8475P Snapdragon 8+ Gen 1 (4 nm)', 'Octa-core (1x3.19 GHz Cortex-X2 & 3x2.75 GHz Cortex-A710 & 4x1.80 GHz Cortex-A510)', 'Adreno 730', '8.8 inches, 224.5 cm 2 (~83.0% screen-to-body ratio)', 'IPS LCD, 144Hz, Dolby Vision, HDR10, 500 nits (typ)', '1600 x 2560 pixels, 16:10 ratio (~343 ppi density)', '12GB', '256GB', '13 MP, (wide), LED flash', '8 MP, 1080p@30fps', 'Li-Po 6550 mAh', '45W wired', 'No', '2x USB Type-C 3.1 Gen2, DisplayPort 1.4', 'Yes', 'Wi-Fi 802.11 a/b/g/n/ac/6, dual-band, Wi-Fi Direct', 'Gray', '350 g (12.35 oz)', '208.9 x 129.5 x 7.6 mm (8.22 x 5.10 x 0.30 in)', 'No', 'Accelerometer, gyro, proximity, compass', 'About 600 EUR', NULL, NULL, '[{"category":"Network","specs":[{"label":"Technology","value":"No cellular connectivity"},{"label":"2G bands","value":"N/A"},{"label":"3G bands","value":"N/A"},{"label":"4G bands","value":"N/A"},{"label":"GPRS","value":"No"},{"label":"EDGE","value":"No"}]},{"category":"Launch","specs":[{"label":"Announced","value":"2023, July 22"},{"label":"Status","value":"Available. Released 2023, July 22"}]},{"category":"Body","specs":[{"label":"Dimensions","value":"208.9 x 129.5 x 7.6 mm (8.22 x 5.10 x 0.30 in)"},{"label":"Weight","value":"350 g (12.35 oz)"},{"label":"SIM","value":"No"}]},{"category":"Display","specs":[{"label":"Type","value":"IPS LCD, 144Hz, Dolby Vision, HDR10, 500 nits (typ)"},{"label":"Size","value":"8.8 inches, 224.5 cm 2 (~83.0% screen-to-body ratio)"},{"label":"Resolution","value":"1600 x 2560 pixels, 16:10 ratio (~343 ppi density)"}]},{"category":"Platform","specs":[{"label":"OS","value":"Android 13, ZUI 14"},{"label":"Chipset","value":"Qualcomm SM8475P Snapdragon 8+ Gen 1 (4 nm)"},{"label":"CPU","value":"Octa-core (1x3.19 GHz Cortex-X2 & 3x2.75 GHz Cortex-A710 & 4x1.80 GHz Cortex-A510)"},{"label":"GPU","value":"Adreno 730"}]},{"category":"Memory","specs":[{"label":"Card slot","value":"microSDXC (dedicated slot)"},{"label":"Internal","value":"256GB 12GB RAM, 512GB 16GB RAM"}]},{"category":"Main Camera","specs":[{"label":"Dual","value":"13 MP, (wide)"},{"label":"Features","value":"LED flash"},{"label":"Video","value":"1080p@30fps"}]},{"category":"Selfie camera","specs":[{"label":"Single","value":"8 MP"},{"label":"Video","value":"1080p@30fps"}]},{"category":"Sound","specs":[{"label":"Loudspeaker","value":"Yes, with stereo speakers"},{"label":"3.5mm jack","value":"No"}]},{"category":"Comms","specs":[{"label":"WLAN","value":"Wi-Fi 802.11 a/b/g/n/ac/6, dual-band, Wi-Fi Direct"},{"label":"Bluetooth","value":"Yes"},{"label":"Positioning","value":"No"},{"label":"NFC","value":"No"},{"label":"USB","value":"2x USB Type-C 3.1 Gen2, DisplayPort 1.4"},{"label":"Radio","value":"Unspecified"}]},{"category":"Features","specs":[{"label":"Sensors","value":"Accelerometer, gyro, proximity, compass"}]},{"category":"Battery","specs":[{"label":"Type","value":"Li-Po 6550 mAh"},{"label":"Charging","value":"45W wired"}]},{"category":"Misc","specs":[{"label":"Colors","value":"Gray"},{"label":"Price","value":"About 600 EUR"}]}]');
INSERT OR IGNORE INTO device_pictures (device_id, url, position) VALUES (367, 'https://fdn2.gsmarena.com/vv/bigpic/lenovo-legion-y700-2023.jpg', 0);
INSERT OR IGNORE INTO device_pictures (device_id, url, position) VALUES (367, 'https://fdn2.gsmarena.com/vv/pics/lenovo/lenovo-legion-y700-2023-1.jpg', 1);
INSERT OR IGNORE INTO device_pictures (device_id, url, position) VALUES (367, 'https://fdn2.gsmarena.com/vv/pics/lenovo/lenovo-legion-y700-2023-2.jpg', 2);
INSERT OR IGNORE INTO device_pictures (device_id, url, position) VALUES (367, 'https://fdn2.gsmarena.com/vv/pics/lenovo/lenovo-legion-y700-2023-3.jpg', 3);
INSERT OR IGNORE INTO devices (id, brand_id, name, gsmarena_url, thumbnail_url, summary) VALUES (368, 3, 'Tab P12', 'https://www.gsmarena.com/lenovo_tab_p12-12443.php', 'https://fdn2.gsmarena.com/vv/bigpic/lenovo-tab-p12-new.jpg', 'Tab P12');
INSERT OR IGNORE INTO device_specs (device_id, announced, status, network, os, chipset, cpu, gpu, display_size, display_type, display_res, ram, storage, main_camera, selfie_camera, battery, charging, nfc, usb, bluetooth, wlan, colors, weight, dimensions, sim, sensors, popularity, fans, rating, full_specs_json) VALUES (368, '2023, July 28', 'Available. Released 2023, July 28', 'No cellular connectivity / 4G/LTE', 'Android 13', 'Mediatek Dimensity 7050 (6 nm)', 'Octa-core (2x2.6 GHz Cortex-A78 & 6x2.0 GHz Cortex-A55)', 'Mali-G68 MC4', '12.7 inches, 467.7 cm 2 (~83.6% screen-to-body ratio)', 'IPS LCD', '1840 x 2944 pixels, 16:10 ratio (~273 ppi density)', '4GB', '128GB', '8 MP, (wide), AF, LED flash', '13 MP, (ultrawide), 1080p@30fps', 'Li-Po 10200 mAh', '30W wired, QC4', 'No', 'USB Type-C 2.0', '5.1, A2DP, LE', 'Wi-Fi 802.11 a/b/g/n/ac/6, dual-band, Wi-Fi Direct', 'Storm Grey, Oat', '615 g (1.36 lb)', '293.3 x 190.7 x 6.9 mm (11.55 x 7.51 x 0.27 in)', 'No', 'Fingerprint (side-mounted), accelerometer, gyro, compass', 'About 400 EUR', NULL, NULL, '[{"category":"Network","specs":[{"label":"Technology","value":"No cellular connectivity"},{"label":"2G bands","value":"N/A"},{"label":"3G bands","value":"N/A"},{"label":"4G bands","value":"N/A"},{"label":"GPRS","value":"No"},{"label":"EDGE","value":"No"}]},{"category":"Launch","specs":[{"label":"Announced","value":"2023, July 28"},{"label":"Status","value":"Available. Released 2023, July 28"}]},{"category":"Body","specs":[{"label":"Dimensions","value":"293.3 x 190.7 x 6.9 mm (11.55 x 7.51 x 0.27 in)"},{"label":"Weight","value":"615 g (1.36 lb)"},{"label":"SIM","value":"No"}]},{"category":"Display","specs":[{"label":"Type","value":"IPS LCD"},{"label":"Size","value":"12.7 inches, 467.7 cm 2 (~83.6% screen-to-body ratio)"},{"label":"Resolution","value":"1840 x 2944 pixels, 16:10 ratio (~273 ppi density)"}]},{"category":"Platform","specs":[{"label":"OS","value":"Android 13"},{"label":"Chipset","value":"Mediatek Dimensity 7050 (6 nm)"},{"label":"CPU","value":"Octa-core (2x2.6 GHz Cortex-A78 & 6x2.0 GHz Cortex-A55)"},{"label":"GPU","value":"Mali-G68 MC4"}]},{"category":"Memory","specs":[{"label":"Card slot","value":"microSDXC (dedicated slot)"},{"label":"Internal","value":"128GB 4GB RAM, 128GB 8GB RAM, 256GB 8GB RAM"}]},{"category":"Main Camera","specs":[{"label":"Single","value":"8 MP, (wide), AF"},{"label":"Features","value":"LED flash"},{"label":"Video","value":"4K@30fps, 1080p@30fps"}]},{"category":"Selfie camera","specs":[{"label":"Single","value":"13 MP, (ultrawide)"},{"label":"Video","value":"1080p@30fps"}]},{"category":"Sound","specs":[{"label":"Loudspeaker","value":"Yes, with stereo speakers (4 speakers)"},{"label":"3.5mm jack","value":"No"}]},{"category":"Comms","specs":[{"label":"WLAN","value":"Wi-Fi 802.11 a/b/g/n/ac/6, dual-band, Wi-Fi Direct"},{"label":"Bluetooth","value":"5.1, A2DP, LE"},{"label":"Positioning","value":"No"},{"label":"NFC","value":"No"},{"label":"USB","value":"USB Type-C 2.0"},{"label":"Radio","value":"No"}]},{"category":"Features","specs":[{"label":"Sensors","value":"Fingerprint (side-mounted), accelerometer, gyro, compass"}]},{"category":"Battery","specs":[{"label":"Type","value":"Li-Po 10200 mAh"},{"label":"Charging","value":"30W wired, QC4"}]},{"category":"Misc","specs":[{"label":"Colors","value":"Storm Grey, Oat"},{"label":"Models","value":"ZACH0165US"},{"label":"Price","value":"About 400 EUR"}]}]');
INSERT OR IGNORE INTO device_pictures (device_id, url, position) VALUES (368, 'https://fdn2.gsmarena.com/vv/bigpic/lenovo-tab-p12-new.jpg', 0);
INSERT OR IGNORE INTO device_pictures (device_id, url, position) VALUES (368, 'https://fdn2.gsmarena.com/vv/pics/lenovo/tab-p12-1.jpg', 1);
INSERT OR IGNORE INTO devices (id, brand_id, name, gsmarena_url, thumbnail_url, summary) VALUES (369, 3, 'Tab M10', 'https://www.gsmarena.com/lenovo_tab_m10-12425.php', 'https://fdn2.gsmarena.com/vv/bigpic/lenovo-tab-m10-5g-10.jpg', 'Tab M10');
INSERT OR IGNORE INTO device_specs (device_id, announced, status, network, os, chipset, cpu, gpu, display_size, display_type, display_res, ram, storage, main_camera, selfie_camera, battery, charging, nfc, usb, bluetooth, wlan, colors, weight, dimensions, sim, sensors, popularity, fans, rating, full_specs_json) VALUES (369, '2023, July 14', 'Available. Released 2023, July 15', 'GSM / HSPA / LTE / 5G / 5G', 'Android 13', 'Qualcomm SM6375 Snapdragon 695 5G (6 nm)', 'Octa-core (2x2.2 GHz Kryo 660 Gold & 6x1.7 GHz Kryo 660 Silver)', 'Adreno 619', '10.6 inches, 319.8 cm 2 (~79.0% screen-to-body ratio)', 'IPS LCD, 90Hz, 400 nits', '1200 x 2000 pixels, 5:3 ratio (~220 ppi density)', '4GB', '128GB', '13 MP, AF, LED flash', '8 MP, 1080p@30fps', 'Li-Po 7700 mAh', '20W, PD3.0, QC3', 'No', 'USB Type-C 2.0', '5.1, A2DP, LE', 'Wi-Fi 802.11 a/b/g/n/ac, dual-band', 'Abyss Blue', '490 g (1.08 lb)', '160.3 x 252.7 x 8.3 mm (6.31 x 9.95 x 0.33 in)', 'Nano-SIM', 'Unspecified', 'About 400 EUR', NULL, NULL, '[{"category":"Network","specs":[{"label":"Technology","value":"GSM / HSPA / LTE / 5G"},{"label":"2G bands","value":"GSM 850 / 900 / 1800 / 1900"},{"label":"3G bands","value":"HSDPA 850 / 900 / 2100"},{"label":"4G bands","value":"LTE"},{"label":"5G bands","value":"SA/NSA"},{"label":"Speed","value":"HSPA, LTE, 5G"}]},{"category":"Launch","specs":[{"label":"Announced","value":"2023, July 14"},{"label":"Status","value":"Available. Released 2023, July 15"}]},{"category":"Body","specs":[{"label":"Dimensions","value":"160.3 x 252.7 x 8.3 mm (6.31 x 9.95 x 0.33 in)"},{"label":"Weight","value":"490 g (1.08 lb)"},{"label":"SIM","value":"Nano-SIM"}]},{"category":"Display","specs":[{"label":"Type","value":"IPS LCD, 90Hz, 400 nits"},{"label":"Size","value":"10.6 inches, 319.8 cm 2 (~79.0% screen-to-body ratio)"},{"label":"Resolution","value":"1200 x 2000 pixels, 5:3 ratio (~220 ppi density)"}]},{"category":"Platform","specs":[{"label":"OS","value":"Android 13"},{"label":"Chipset","value":"Qualcomm SM6375 Snapdragon 695 5G (6 nm)"},{"label":"CPU","value":"Octa-core (2x2.2 GHz Kryo 660 Gold & 6x1.7 GHz Kryo 660 Silver)"},{"label":"GPU","value":"Adreno 619"}]},{"category":"Memory","specs":[{"label":"Card slot","value":"microSDXC (dedicated slot)"},{"label":"Internal","value":"128GB 4GB RAM, 128GB 6GB RAM"}]},{"category":"Main Camera","specs":[{"label":"Single","value":"13 MP, AF"},{"label":"Features","value":"LED flash"},{"label":"Video","value":"1080p@30fps"}]},{"category":"Selfie camera","specs":[{"label":"Single","value":"8 MP"},{"label":"Video","value":"1080p@30fps"}]},{"category":"Sound","specs":[{"label":"Loudspeaker","value":"Yes, with stereo speakers"},{"label":"3.5mm jack","value":"Yes"}]},{"category":"Comms","specs":[{"label":"WLAN","value":"Wi-Fi 802.11 a/b/g/n/ac, dual-band"},{"label":"Bluetooth","value":"5.1, A2DP, LE"},{"label":"Positioning","value":"GPS, GLONASS, BDS"},{"label":"NFC","value":"No"},{"label":"USB","value":"USB Type-C 2.0"},{"label":"Radio","value":"No"}]},{"category":"Features","specs":[{"label":"Sensors","value":"Unspecified"}]},{"category":"Battery","specs":[{"label":"Type","value":"Li-Po 7700 mAh"},{"label":"Charging","value":"20W, PD3.0, QC3"}]},{"category":"Misc","specs":[{"label":"Colors","value":"Abyss Blue"},{"label":"Price","value":"About 400 EUR"}]}]');
INSERT OR IGNORE INTO device_pictures (device_id, url, position) VALUES (369, 'https://fdn2.gsmarena.com/vv/bigpic/lenovo-tab-m10-5g-10.jpg', 0);
INSERT OR IGNORE INTO device_pictures (device_id, url, position) VALUES (369, 'https://fdn2.gsmarena.com/vv/pics/lenovo/lenovo-tab-m10-5g-10.jpg', 1);
INSERT OR IGNORE INTO devices (id, brand_id, name, gsmarena_url, thumbnail_url, summary) VALUES (370, 3, 'Tab Extreme', 'https://www.gsmarena.com/lenovo_tab_extreme-12071.php', 'https://fdn2.gsmarena.com/vv/bigpic/lenovo-tab-extreme.jpg', 'Tab Extreme');
INSERT OR IGNORE INTO device_specs (device_id, announced, status, network, os, chipset, cpu, gpu, display_size, display_type, display_res, ram, storage, main_camera, selfie_camera, battery, charging, nfc, usb, bluetooth, wlan, colors, weight, dimensions, sim, sensors, popularity, fans, rating, full_specs_json) VALUES (370, '2023, January 05', 'Available. Released 2023, June 13', 'No cellular connectivity / 4G/LTE', 'Android 13', 'Mediatek Dimensity 9000 (4 nm)', 'Octa-core (1x3.05 GHz Cortex-X2 & 3x2.85 GHz Cortex-A710 & 4x1.80 GHz Cortex-A510)', 'Mali-G710 MC10', '14.5 inches, 609.8 cm 2 (~88.2% screen-to-body ratio)', 'OLED, 120Hz, HDR10+, Dolby Vision', '1876 x 3000 pixels, 16:10 ratio (~244 ppi density)', '12GB', '256GB', '13 MP, f/2.4, (wide), AF, LED flash', '13 MP, (ultrawide), 1080p@30fps', 'Li-Po 12300 mAh', '68W wired', 'No', 'USB Type-C 3.2 and USB Type-C 2.0, OTG, DisplayPort, accessory connector', '5.3, A2DP, LE', 'Wi-Fi 802.11 a/b/g/n/ac/6e, dual-band, Wi-Fi Direct', 'Storm Grey', '740 g (1.63 lb)', '327.8 x 210.8 x 5.9 mm (12.91 x 8.30 x 0.23 in)', 'No', 'Fingerprint (side-mounted), accelerometer, gyro, compass', 'About 880 EUR', NULL, NULL, '[{"category":"Network","specs":[{"label":"Technology","value":"No cellular connectivity"},{"label":"2G bands","value":"N/A"},{"label":"3G bands","value":"N/A"},{"label":"4G bands","value":"N/A"},{"label":"GPRS","value":"No"},{"label":"EDGE","value":"No"}]},{"category":"Launch","specs":[{"label":"Announced","value":"2023, January 05"},{"label":"Status","value":"Available. Released 2023, June 13"}]},{"category":"Body","specs":[{"label":"Dimensions","value":"327.8 x 210.8 x 5.9 mm (12.91 x 8.30 x 0.23 in)"},{"label":"Weight","value":"740 g (1.63 lb)"},{"label":"SIM","value":"No"}]},{"category":"Display","specs":[{"label":"Type","value":"OLED, 120Hz, HDR10+, Dolby Vision"},{"label":"Size","value":"14.5 inches, 609.8 cm 2 (~88.2% screen-to-body ratio)"},{"label":"Resolution","value":"1876 x 3000 pixels, 16:10 ratio (~244 ppi density)"}]},{"category":"Platform","specs":[{"label":"OS","value":"Android 13"},{"label":"Chipset","value":"Mediatek Dimensity 9000 (4 nm)"},{"label":"CPU","value":"Octa-core (1x3.05 GHz Cortex-X2 & 3x2.85 GHz Cortex-A710 & 4x1.80 GHz Cortex-A510)"},{"label":"GPU","value":"Mali-G710 MC10"}]},{"category":"Memory","specs":[{"label":"Card slot","value":"microSDXC (dedicated slot)"},{"label":"Internal","value":"256GB 12GB RAM"}]},{"category":"Main Camera","specs":[{"label":"Dual","value":"13 MP, f/2.4, (wide), AF"},{"label":"Features","value":"LED flash"},{"label":"Video","value":"4K@30fps, 1080p@30fps"}]},{"category":"Selfie camera","specs":[{"label":"Single","value":"13 MP, (ultrawide)"},{"label":"Video","value":"1080p@30fps"}]},{"category":"Sound","specs":[{"label":"Loudspeaker","value":"Yes, with stereo speakers (8 speakers)"},{"label":"3.5mm jack","value":"No"}]},{"category":"Comms","specs":[{"label":"WLAN","value":"Wi-Fi 802.11 a/b/g/n/ac/6e, dual-band, Wi-Fi Direct"},{"label":"Bluetooth","value":"5.3, A2DP, LE"},{"label":"Positioning","value":"Unspecified"},{"label":"NFC","value":"No"},{"label":"USB","value":"USB Type-C 3.2 and USB Type-C 2.0, OTG, DisplayPort, accessory connector"},{"label":"Radio","value":"No"}]},{"category":"Features","specs":[{"label":"Sensors","value":"Fingerprint (side-mounted), accelerometer, gyro, compass"}]},{"category":"Battery","specs":[{"label":"Type","value":"Li-Po 12300 mAh"},{"label":"Charging","value":"68W wired"}]},{"category":"Misc","specs":[{"label":"Colors","value":"Storm Grey"},{"label":"Price","value":"About 880 EUR"}]}]');
INSERT OR IGNORE INTO device_pictures (device_id, url, position) VALUES (370, 'https://fdn2.gsmarena.com/vv/bigpic/lenovo-tab-extreme.jpg', 0);
INSERT OR IGNORE INTO device_pictures (device_id, url, position) VALUES (370, 'https://fdn2.gsmarena.com/vv/pics/lenovo/lenovo-tab-extreme-1.jpg', 1);
INSERT OR IGNORE INTO device_pictures (device_id, url, position) VALUES (370, 'https://fdn2.gsmarena.com/vv/pics/lenovo/lenovo-tab-extreme-2.jpg', 2);
INSERT OR IGNORE INTO device_pictures (device_id, url, position) VALUES (370, 'https://fdn2.gsmarena.com/vv/pics/lenovo/lenovo-tab-extreme-3.jpg', 3);
INSERT OR IGNORE INTO devices (id, brand_id, name, gsmarena_url, thumbnail_url, summary) VALUES (371, 3, 'Tab M9', 'https://www.gsmarena.com/lenovo_tab_m9-12052.php', 'https://fdn2.gsmarena.com/vv/bigpic/lenovo-tab-m9.jpg', 'Tab M9');
INSERT OR IGNORE INTO device_specs (device_id, announced, status, network, os, chipset, cpu, gpu, display_size, display_type, display_res, ram, storage, main_camera, selfie_camera, battery, charging, nfc, usb, bluetooth, wlan, colors, weight, dimensions, sim, sensors, popularity, fans, rating, full_specs_json) VALUES (371, '2022, December 20', 'Available. Released 2023, March 14', 'GSM / HSPA / LTE / 4G/LTE', 'Android 12', 'Mediatek MT6769V/CU Helio G80 (12 nm)', 'Octa-core (2x2.0 GHz Cortex-A75 & 6x1.8 GHz Cortex-A55)', 'Mali-G52 MC2', '9.0 inches, 230.0 cm 2 (~78.1% screen-to-body ratio)', 'IPS LCD, 400 nits (typ)', '800 x 1340 pixels, 5:3 ratio (~173 ppi density)', '3GB', '32GB', '8 MP, AF', '2 MP, 720p', 'Li-Po 5100 mAh', '10W wired', 'No', 'USB Type-C 2.0', '5.1, A2DP, LE', 'Wi-Fi 802.11 a/b/g/n/ac, dual-band, Wi-Fi Direct', 'Arctic Grey, Frost Blue', '344 g (12.13 oz)', '215.4 x 136.8 x 8 mm (8.48 x 5.39 x 0.31 in)', 'Nano-SIM (cellular model only)', 'Accelerometer, proximity', 'About 180 EUR', NULL, NULL, '[{"category":"Network","specs":[{"label":"Technology","value":"GSM / HSPA / LTE"},{"label":"2G bands","value":"GSM 850 / 900 / 1800 / 1900"},{"label":"3G bands","value":"HSDPA 850 / 900 / 1700(AWS) / 1900 / 2100"},{"label":"4G bands","value":"1, 2, 3, 4, 5, 7, 8, 18, 19, 20, 26, 28, 38, 40, 41, 66"},{"label":"Speed","value":"HSPA, LTE - cellular model only"}]},{"category":"Launch","specs":[{"label":"Announced","value":"2022, December 20"},{"label":"Status","value":"Available. Released 2023, March 14"}]},{"category":"Body","specs":[{"label":"Dimensions","value":"215.4 x 136.8 x 8 mm (8.48 x 5.39 x 0.31 in)"},{"label":"Weight","value":"344 g (12.13 oz)"},{"label":"SIM","value":"Nano-SIM (cellular model only)"}]},{"category":"Display","specs":[{"label":"Type","value":"IPS LCD, 400 nits (typ)"},{"label":"Size","value":"9.0 inches, 230.0 cm 2 (~78.1% screen-to-body ratio)"},{"label":"Resolution","value":"800 x 1340 pixels, 5:3 ratio (~173 ppi density)"}]},{"category":"Platform","specs":[{"label":"OS","value":"Android 12"},{"label":"Chipset","value":"Mediatek MT6769V/CU Helio G80 (12 nm)"},{"label":"CPU","value":"Octa-core (2x2.0 GHz Cortex-A75 & 6x1.8 GHz Cortex-A55)"},{"label":"GPU","value":"Mali-G52 MC2"}]},{"category":"Memory","specs":[{"label":"Card slot","value":"microSDXC (dedicated slot)"},{"label":"Internal","value":"32GB 3GB RAM, 64GB 4GB RAM, 128GB 4GB RAM"}]},{"category":"Main Camera","specs":[{"label":"Single","value":"8 MP, AF"},{"label":"Video","value":"1080p"}]},{"category":"Selfie camera","specs":[{"label":"Single","value":"2 MP"},{"label":"Video","value":"720p"}]},{"category":"Sound","specs":[{"label":"Loudspeaker","value":"Yes, with dual speakers"},{"label":"3.5mm jack","value":"Yes"}]},{"category":"Comms","specs":[{"label":"WLAN","value":"Wi-Fi 802.11 a/b/g/n/ac, dual-band, Wi-Fi Direct"},{"label":"Bluetooth","value":"5.1, A2DP, LE"},{"label":"Positioning","value":"GPS, GLONASS, GALILEO - cellular model only"},{"label":"NFC","value":"No"},{"label":"USB","value":"USB Type-C 2.0"},{"label":"Radio","value":"Unspecified"}]},{"category":"Features","specs":[{"label":"Sensors","value":"Accelerometer, proximity"}]},{"category":"Battery","specs":[{"label":"Type","value":"Li-Po 5100 mAh"},{"label":"Charging","value":"10W wired"}]},{"category":"Misc","specs":[{"label":"Colors","value":"Arctic Grey, Frost Blue"},{"label":"Models","value":"TB310FU"},{"label":"Price","value":"About 180 EUR"}]}]');
INSERT OR IGNORE INTO device_pictures (device_id, url, position) VALUES (371, 'https://fdn2.gsmarena.com/vv/bigpic/lenovo-tab-m9.jpg', 0);
INSERT OR IGNORE INTO device_pictures (device_id, url, position) VALUES (371, 'https://fdn2.gsmarena.com/vv/pics/lenovo/lenovo-tab-m9-1.jpg', 1);
INSERT OR IGNORE INTO device_pictures (device_id, url, position) VALUES (371, 'https://fdn2.gsmarena.com/vv/pics/lenovo/lenovo-tab-m9-2.jpg', 2);
INSERT OR IGNORE INTO device_pictures (device_id, url, position) VALUES (371, 'https://fdn2.gsmarena.com/vv/pics/lenovo/lenovo-tab-m9-3.jpg', 3);
INSERT OR IGNORE INTO devices (id, brand_id, name, gsmarena_url, thumbnail_url, summary) VALUES (372, 3, 'Tab M8 (4th Gen)', 'https://www.gsmarena.com/lenovo_tab_m8_(4th_gen)-12521.php', 'https://fdn2.gsmarena.com/vv/bigpic/lenovo-tab-m8-4th-gen.jpg', 'Tab M8 (4th Gen)');
INSERT OR IGNORE INTO device_specs (device_id, announced, status, network, os, chipset, cpu, gpu, display_size, display_type, display_res, ram, storage, main_camera, selfie_camera, battery, charging, nfc, usb, bluetooth, wlan, colors, weight, dimensions, sim, sensors, popularity, fans, rating, full_specs_json) VALUES (372, '2023, April 22', 'Available. Released 2023, May', 'GSM / HSPA / LTE / 4G/LTE', 'Android 13', 'Mediatek MT8768 Helio A22 (12 nm)', 'Octa-core (4x2.3 GHz Cortex-A53 & 4x1.6 GHz Cortex-A53)', 'PowerVR GE8320', '8.0 inches, 185.6 cm 2 (~78.3% screen-to-body ratio)', 'IPS LCD, 350 nits (typ)', '800 x 1280 pixels, 16:10 ratio (~189 ppi density)', '3GB', '32GB', '5 MP, AF or 8MP, AF', '2 MP, 720p', 'Li-Po 5100 mAh', '10W wired', 'No', 'USB Type-C 2.0, OTG', '5.0, A2DP, LE', 'Wi-Fi 802.11 a/b/g/n/ac, dual-band, Wi-Fi Direct', 'Abyss blue, Arctic grey', '320 g (11.29 oz)', '197.8 x 119.8 x 9 mm (7.79 x 4.72 x 0.35 in)', 'Nano-SIM (cellular model only)', 'Accelerometer, proximity', 'About 150 EUR', NULL, NULL, '[{"category":"Network","specs":[{"label":"Technology","value":"GSM / HSPA / LTE"},{"label":"2G bands","value":"GSM 850 / 900 / 1800 / 1900"},{"label":"3G bands","value":"HSDPA 800 / 850 / 900 / 1900 / 2100"},{"label":"4G bands","value":"1, 2, 3, 4, 5, 7, 8, 19, 20, 26, 28, 38, 40, 41"},{"label":"Speed","value":"HSPA, LTE - cellular model only"}]},{"category":"Launch","specs":[{"label":"Announced","value":"2023, April 22"},{"label":"Status","value":"Available. Released 2023, May"}]},{"category":"Body","specs":[{"label":"Dimensions","value":"197.8 x 119.8 x 9 mm (7.79 x 4.72 x 0.35 in)"},{"label":"Weight","value":"320 g (11.29 oz)"},{"label":"Build","value":"Glass front, plastic frame, plastic back"},{"label":"SIM","value":"Nano-SIM (cellular model only)"}]},{"category":"Display","specs":[{"label":"Type","value":"IPS LCD, 350 nits (typ)"},{"label":"Size","value":"8.0 inches, 185.6 cm 2 (~78.3% screen-to-body ratio)"},{"label":"Resolution","value":"800 x 1280 pixels, 16:10 ratio (~189 ppi density)"}]},{"category":"Platform","specs":[{"label":"OS","value":"Android 13"},{"label":"Chipset","value":"Mediatek MT8768 Helio A22 (12 nm)"},{"label":"CPU","value":"Octa-core (4x2.3 GHz Cortex-A53 & 4x1.6 GHz Cortex-A53)"},{"label":"GPU","value":"PowerVR GE8320"}]},{"category":"Memory","specs":[{"label":"Card slot","value":"microSDXC (dedicated slot)"},{"label":"Internal","value":"32GB 3GB RAM, 64GB 4GB RAM"}]},{"category":"Main Camera","specs":[{"label":"Single","value":"5 MP, AF or 8MP, AF"},{"label":"Video","value":"1080p"}]},{"category":"Selfie camera","specs":[{"label":"Single","value":"2 MP"},{"label":"Video","value":"720p"}]},{"category":"Sound","specs":[{"label":"Loudspeaker","value":"Yes, with dual speakers"},{"label":"3.5mm jack","value":"Yes"}]},{"category":"Comms","specs":[{"label":"WLAN","value":"Wi-Fi 802.11 a/b/g/n/ac, dual-band, Wi-Fi Direct"},{"label":"Bluetooth","value":"5.0, A2DP, LE"},{"label":"Positioning","value":"GPS, GLONASS, BDS - cellular model only"},{"label":"NFC","value":"No"},{"label":"USB","value":"USB Type-C 2.0, OTG"},{"label":"Radio","value":"FM radio"}]},{"category":"Features","specs":[{"label":"Sensors","value":"Accelerometer, proximity"}]},{"category":"Battery","specs":[{"label":"Type","value":"Li-Po 5100 mAh"},{"label":"Charging","value":"10W wired"}]},{"category":"Misc","specs":[{"label":"Colors","value":"Abyss blue, Arctic grey"},{"label":"Price","value":"About 150 EUR"}]}]');
INSERT OR IGNORE INTO device_pictures (device_id, url, position) VALUES (372, 'https://fdn2.gsmarena.com/vv/bigpic/lenovo-tab-m8-4th-gen.jpg', 0);
INSERT OR IGNORE INTO device_pictures (device_id, url, position) VALUES (372, 'https://fdn2.gsmarena.com/vv/pics/lenovo/lenovo-tab-m8-4th-gen-1.jpg', 1);
INSERT OR IGNORE INTO device_pictures (device_id, url, position) VALUES (372, 'https://fdn2.gsmarena.com/vv/pics/lenovo/lenovo-tab-m8-4th-gen-2.jpg', 2);
INSERT OR IGNORE INTO device_pictures (device_id, url, position) VALUES (372, 'https://fdn2.gsmarena.com/vv/pics/lenovo/lenovo-tab-m8-4th-gen-3.jpg', 3);
INSERT OR IGNORE INTO devices (id, brand_id, name, gsmarena_url, thumbnail_url, summary) VALUES (373, 3, 'Tab P11 Gen 2', 'https://www.gsmarena.com/lenovo_tab_p11_gen_2-11842.php', 'https://fdn2.gsmarena.com/vv/bigpic/lenovo-tab-p11-pro-gen2.jpg', 'Tab P11 Gen 2');
INSERT OR IGNORE INTO device_specs (device_id, announced, status, network, os, chipset, cpu, gpu, display_size, display_type, display_res, ram, storage, main_camera, selfie_camera, battery, charging, nfc, usb, bluetooth, wlan, colors, weight, dimensions, sim, sensors, popularity, fans, rating, full_specs_json) VALUES (373, '2022, September 01', 'Available. Released 2023, January', 'GSM / HSPA / LTE / 4G/LTE', 'Android 12L', 'Mediatek Helio G99 (6 nm)', 'Octa-core (2x2.2 GHz Cortex-A76 & 6x2.0 GHz Cortex-A55)', 'Mali-G57 MC2', '11.5 inches, 376.4 cm 2 (~82.6% screen-to-body ratio)', 'IPS LCD, 120Hz, 400 nits (typ)', '1200 x 2000 pixels, 5:3 ratio (~203 ppi density)', '4GB', '64GB', '13 MP, f/2.4, (wide), AF, LED flash', '8 MP, f/2.0, 1080p@30fps', 'Li-Po 7700 mAh', NULL, 'No', 'USB Type-C 2.0, OTG, magnetic connector', '5.2, A2DP, LE', 'Wi-Fi 802.11 a/b/g/n/ac/6e, dual-band, Wi-Fi Direct', 'Storm Grey, Sage', '520 g (1.15 lb)', '269.1 x 169.4 x 7.4 mm (10.59 x 6.67 x 0.29 in)', 'Nano-SIM (cellular model only)', 'Accelerometer, gyro, proximity', 'About 350 EUR', NULL, NULL, '[{"category":"Network","specs":[{"label":"Technology","value":"GSM / HSPA / LTE"},{"label":"2G bands","value":"GSM 850 / 900 / 1800 / 1900"},{"label":"3G bands","value":"HSDPA 800 / 850 / 900 / 1700(AWS) / 1900 / 2100"},{"label":"4G bands","value":"1, 2, 3, 4, 5, 7, 8, 12, 13, 18, 19, 20, 25, 26, 28, 38, 40, 41, 66"},{"label":"Speed","value":"HSPA, LTE - cellular model only"}]},{"category":"Launch","specs":[{"label":"Announced","value":"2022, September 01"},{"label":"Status","value":"Available. Released 2023, January"}]},{"category":"Body","specs":[{"label":"Dimensions","value":"269.1 x 169.4 x 7.4 mm (10.59 x 6.67 x 0.29 in)"},{"label":"Weight","value":"520 g (1.15 lb)"},{"label":"SIM","value":"Nano-SIM (cellular model only)"}]},{"category":"Display","specs":[{"label":"Type","value":"IPS LCD, 120Hz, 400 nits (typ)"},{"label":"Size","value":"11.5 inches, 376.4 cm 2 (~82.6% screen-to-body ratio)"},{"label":"Resolution","value":"1200 x 2000 pixels, 5:3 ratio (~203 ppi density)"}]},{"category":"Platform","specs":[{"label":"OS","value":"Android 12L"},{"label":"Chipset","value":"Mediatek Helio G99 (6 nm)"},{"label":"CPU","value":"Octa-core (2x2.2 GHz Cortex-A76 & 6x2.0 GHz Cortex-A55)"},{"label":"GPU","value":"Mali-G57 MC2"}]},{"category":"Memory","specs":[{"label":"Card slot","value":"microSDXC (dedicated slot)"},{"label":"Internal","value":"64GB 4GB RAM, 128GB 4GB RAM, 128GB 6GB RAM"}]},{"category":"Main Camera","specs":[{"label":"Single","value":"13 MP, f/2.4, (wide), AF"},{"label":"Features","value":"LED flash"},{"label":"Video","value":"1080p@30fps"}]},{"category":"Selfie camera","specs":[{"label":"Single","value":"8 MP, f/2.0"},{"label":"Video","value":"1080p@30fps"}]},{"category":"Sound","specs":[{"label":"Loudspeaker","value":"Yes, with stereo speakers (4 speakers)"},{"label":"3.5mm jack","value":"Yes"}]},{"category":"Comms","specs":[{"label":"WLAN","value":"Wi-Fi 802.11 a/b/g/n/ac/6e, dual-band, Wi-Fi Direct"},{"label":"Bluetooth","value":"5.2, A2DP, LE"},{"label":"Positioning","value":"GPS, GLONASS, BDS - cellular model only"},{"label":"NFC","value":"No"},{"label":"USB","value":"USB Type-C 2.0, OTG, magnetic connector"},{"label":"Radio","value":"No"}]},{"category":"Features","specs":[{"label":"Sensors","value":"Accelerometer, gyro, proximity"}]},{"category":"Battery","specs":[{"label":"Type","value":"Li-Po 7700 mAh"}]},{"category":"Misc","specs":[{"label":"Colors","value":"Storm Grey, Sage"},{"label":"Models","value":"TB350FU"},{"label":"Price","value":"About 350 EUR"}]}]');
INSERT OR IGNORE INTO device_pictures (device_id, url, position) VALUES (373, 'https://fdn2.gsmarena.com/vv/bigpic/lenovo-tab-p11-pro-gen2.jpg', 0);
INSERT OR IGNORE INTO device_pictures (device_id, url, position) VALUES (373, 'https://fdn2.gsmarena.com/vv/pics/lenovo/lenovo-tab-p11-gen2-5.jpg', 1);
INSERT OR IGNORE INTO devices (id, brand_id, name, gsmarena_url, thumbnail_url, summary) VALUES (374, 3, 'Tab P11 Pro Gen 2', 'https://www.gsmarena.com/lenovo_tab_p11_pro_gen_2-11841.php', 'https://fdn2.gsmarena.com/vv/bigpic/lenovo-tab-p11-pro-gen2.jpg', 'Tab P11 Pro Gen 2');
INSERT OR IGNORE INTO device_specs (device_id, announced, status, network, os, chipset, cpu, gpu, display_size, display_type, display_res, ram, storage, main_camera, selfie_camera, battery, charging, nfc, usb, bluetooth, wlan, colors, weight, dimensions, sim, sensors, popularity, fans, rating, full_specs_json) VALUES (374, '2022, September 01', 'Available. Released 2022, September 01', 'GSM / HSPA / LTE / 4G/LTE', 'Android 12, upgradable to Android 13', 'Mediatek MT8797 Kompanio 1300T (6 nm)', 'Octa-core (4x2.6 GHz Cortex-A78 & 4x2.0 GHz Cortex-A55)', 'Mali-G77 MC9', '11.2 inches, 357.0 cm 2 (~81.2% screen-to-body ratio)', 'OLED, HDR10+, Dolby Vision, 120Hz, 420 nits (typ), 600 nits (peak)', '1536 x 2560 pixels, 5:3 ratio (~267 ppi density)', '4GB', '128GB', '13 MP, f/2.4, (wide), AF, LED flash', '8 MP, 1080p@30fps', 'Li-Po 8200 mAh', '20W wired, QC3', 'No', 'USB Type-C 3.0, OTG, magnetic connector, video output', '5.1, A2DP, LE', 'Wi-Fi 802.11 a/b/g/n/ac/6, dual-band, Wi-Fi Direct', 'Storm Grey, Oat', '480 g (1.06 lb)', '263.7 x 166.7 x 6.8 mm (10.38 x 6.56 x 0.27 in)', 'Nano-SIM (cellular model only)', 'Accelerometer, gyro, proximity, compass', 'About 500 EUR', NULL, NULL, '[{"category":"Network","specs":[{"label":"Technology","value":"GSM / HSPA / LTE"},{"label":"2G bands","value":"GSM 850 / 900 / 1800 / 1900"},{"label":"3G bands","value":"HSDPA 850 / 900 / 1900 / 2100"},{"label":"4G bands","value":"LTE"},{"label":"Speed","value":"HSPA, LTE - cellular model only"}]},{"category":"Launch","specs":[{"label":"Announced","value":"2022, September 01"},{"label":"Status","value":"Available. Released 2022, September 01"}]},{"category":"Body","specs":[{"label":"Dimensions","value":"263.7 x 166.7 x 6.8 mm (10.38 x 6.56 x 0.27 in)"},{"label":"Weight","value":"480 g (1.06 lb)"},{"label":"Build","value":"Glass front, plastic back, plastic frame"},{"label":"SIM","value":"Nano-SIM (cellular model only)"}]},{"category":"Display","specs":[{"label":"Type","value":"OLED, HDR10+, Dolby Vision, 120Hz, 420 nits (typ), 600 nits (peak)"},{"label":"Size","value":"11.2 inches, 357.0 cm 2 (~81.2% screen-to-body ratio)"},{"label":"Resolution","value":"1536 x 2560 pixels, 5:3 ratio (~267 ppi density)"}]},{"category":"Platform","specs":[{"label":"OS","value":"Android 12, upgradable to Android 13"},{"label":"Chipset","value":"Mediatek MT8797 Kompanio 1300T (6 nm)"},{"label":"CPU","value":"Octa-core (4x2.6 GHz Cortex-A78 & 4x2.0 GHz Cortex-A55)"},{"label":"GPU","value":"Mali-G77 MC9"}]},{"category":"Memory","specs":[{"label":"Card slot","value":"microSDXC (dedicated slot)"},{"label":"Internal","value":"128GB 4GB RAM, 128GB 6GB RAM, 256GB 8GB RAM"}]},{"category":"Main Camera","specs":[{"label":"Single","value":"13 MP, f/2.4, (wide), AF"},{"label":"Features","value":"LED flash"},{"label":"Video","value":"1080p@30fps"}]},{"category":"Selfie camera","specs":[{"label":"Single","value":"8 MP"},{"label":"Video","value":"1080p@30fps"}]},{"category":"Sound","specs":[{"label":"Loudspeaker","value":"Yes, with stereo speakers (4 speakers)"},{"label":"3.5mm jack","value":"No"}]},{"category":"Comms","specs":[{"label":"WLAN","value":"Wi-Fi 802.11 a/b/g/n/ac/6, dual-band, Wi-Fi Direct"},{"label":"Bluetooth","value":"5.1, A2DP, LE"},{"label":"Positioning","value":"GPS, GLONASS - cellular model only"},{"label":"NFC","value":"No"},{"label":"USB","value":"USB Type-C 3.0, OTG, magnetic connector, video output"},{"label":"Radio","value":"No"}]},{"category":"Features","specs":[{"label":"Sensors","value":"Accelerometer, gyro, proximity, compass"}]},{"category":"Battery","specs":[{"label":"Type","value":"Li-Po 8200 mAh"},{"label":"Charging","value":"20W wired, QC3"}]},{"category":"Misc","specs":[{"label":"Colors","value":"Storm Grey, Oat"},{"label":"Models","value":"ZAB50194GB, ZAB50043SE"},{"label":"Price","value":"About 500 EUR"}]}]');
INSERT OR IGNORE INTO device_pictures (device_id, url, position) VALUES (374, 'https://fdn2.gsmarena.com/vv/bigpic/lenovo-tab-p11-pro-gen2.jpg', 0);
INSERT OR IGNORE INTO device_pictures (device_id, url, position) VALUES (374, 'https://fdn2.gsmarena.com/vv/pics/lenovo/lenovo-tab-p11-pro-gen2-1.jpg', 1);
INSERT OR IGNORE INTO device_pictures (device_id, url, position) VALUES (374, 'https://fdn2.gsmarena.com/vv/pics/lenovo/lenovo-tab-p11-pro-gen2-2.jpg', 2);
INSERT OR IGNORE INTO device_pictures (device_id, url, position) VALUES (374, 'https://fdn2.gsmarena.com/vv/pics/lenovo/lenovo-tab-p11-pro-gen2-3.jpg', 3);
INSERT OR IGNORE INTO device_pictures (device_id, url, position) VALUES (374, 'https://fdn.gsmarena.com/imgroot/reviews/23/lenovo-tab-p11-pro-gen2/lifestyle/-1024w2/gsmarena_001.jpg', 4);
INSERT OR IGNORE INTO device_pictures (device_id, url, position) VALUES (374, 'https://fdn.gsmarena.com/imgroot/reviews/23/lenovo-tab-p11-pro-gen2/lifestyle/-1024w2/gsmarena_002.jpg', 5);
INSERT OR IGNORE INTO device_pictures (device_id, url, position) VALUES (374, 'https://fdn.gsmarena.com/imgroot/reviews/23/lenovo-tab-p11-pro-gen2/lifestyle/-1024w2/gsmarena_003.jpg', 6);
INSERT OR IGNORE INTO device_pictures (device_id, url, position) VALUES (374, 'https://fdn.gsmarena.com/imgroot/reviews/23/lenovo-tab-p11-pro-gen2/lifestyle/-1024w2/gsmarena_004.jpg', 7);
INSERT OR IGNORE INTO device_pictures (device_id, url, position) VALUES (374, 'https://fdn.gsmarena.com/imgroot/reviews/23/lenovo-tab-p11-pro-gen2/lifestyle/-1024w2/gsmarena_005.jpg', 8);
INSERT OR IGNORE INTO device_pictures (device_id, url, position) VALUES (374, 'https://fdn.gsmarena.com/imgroot/reviews/23/lenovo-tab-p11-pro-gen2/lifestyle/-1024w2/gsmarena_006.jpg', 9);
INSERT OR IGNORE INTO devices (id, brand_id, name, gsmarena_url, thumbnail_url, summary) VALUES (375, 3, 'Tab M10 Gen 3', 'https://www.gsmarena.com/lenovo_tab_m10_gen_3-12162.php', 'https://fdn2.gsmarena.com/vv/bigpic/lenovo-tab-m10-gen3.jpg', 'Tab M10 Gen 3');
INSERT OR IGNORE INTO device_specs (device_id, announced, status, network, os, chipset, cpu, gpu, display_size, display_type, display_res, ram, storage, main_camera, selfie_camera, battery, charging, nfc, usb, bluetooth, wlan, colors, weight, dimensions, sim, sensors, popularity, fans, rating, full_specs_json) VALUES (375, '2022, September', 'Available. Released 2022, September', 'GSM / HSPA / LTE / 4G/LTE', 'Android 11, upgradable to Android 12', 'Unisoc T610 (12 nm)', 'Octa-core (2x1.8 GHz Cortex-A75 & 6x1.8 GHz Cortex-A55)', 'Mali-G52 MP2', '10.1 inches, 295.8 cm 2 (~77.8% screen-to-body ratio)', 'IPS LCD, 320 nits (typ)', '1200 x 1920 pixels, 16:10 ratio (~224 ppi density)', '3GB', '32GB', '8 MP, AF', '5 MP, Yes', 'Li-Po 5100 mAh', '10W wired', 'No', 'USB Type-C 2.0, OTG, magnetic connector', '5.0, LE', 'Wi-Fi 802.11 a/b/g/n/ac, dual-band, Wi-Fi Direct', 'Storm Grey', '460 g (1.01 lb)', '239.8 x 158.6 x 8.5 mm (9.44 x 6.24 x 0.33 in)', 'Nano-SIM (cellular model only)', 'Accelerometer, proximity', 'About 200 EUR', NULL, NULL, '[{"category":"Network","specs":[{"label":"Technology","value":"GSM / HSPA / LTE"},{"label":"2G bands","value":"GSM 850 / 900 / 1800 / 1900"},{"label":"3G bands","value":"HSDPA 800 / 850 / 900 / 1900 / 2100"},{"label":"4G bands","value":"1, 2, 3, 4, 5, 7, 8, 19, 20, 28, 38, 40, 41"},{"label":"Speed","value":"HSPA, LTE - cellular model only"}]},{"category":"Launch","specs":[{"label":"Announced","value":"2022, September"},{"label":"Status","value":"Available. Released 2022, September"}]},{"category":"Body","specs":[{"label":"Dimensions","value":"239.8 x 158.6 x 8.5 mm (9.44 x 6.24 x 0.33 in)"},{"label":"Weight","value":"460 g (1.01 lb)"},{"label":"SIM","value":"Nano-SIM (cellular model only)"}]},{"category":"Display","specs":[{"label":"Type","value":"IPS LCD, 320 nits (typ)"},{"label":"Size","value":"10.1 inches, 295.8 cm 2 (~77.8% screen-to-body ratio)"},{"label":"Resolution","value":"1200 x 1920 pixels, 16:10 ratio (~224 ppi density)"}]},{"category":"Platform","specs":[{"label":"OS","value":"Android 11, upgradable to Android 12"},{"label":"Chipset","value":"Unisoc T610 (12 nm)"},{"label":"CPU","value":"Octa-core (2x1.8 GHz Cortex-A75 & 6x1.8 GHz Cortex-A55)"},{"label":"GPU","value":"Mali-G52 MP2"}]},{"category":"Memory","specs":[{"label":"Card slot","value":"microSDXC (dedicated slot)"},{"label":"Internal","value":"32GB 3GB RAM, 64GB 4GB RAM"}]},{"category":"Main Camera","specs":[{"label":"Single","value":"8 MP, AF"},{"label":"Video","value":"1080p@30fps"}]},{"category":"Selfie camera","specs":[{"label":"Single","value":"5 MP"},{"label":"Video","value":"Yes"}]},{"category":"Sound","specs":[{"label":"Loudspeaker","value":"Yes, with stereo speakers (with Dolby Atmos)"},{"label":"3.5mm jack","value":"Yes"}]},{"category":"Comms","specs":[{"label":"WLAN","value":"Wi-Fi 802.11 a/b/g/n/ac, dual-band, Wi-Fi Direct"},{"label":"Bluetooth","value":"5.0, LE"},{"label":"Positioning","value":"GPS - cellular model only"},{"label":"NFC","value":"No"},{"label":"USB","value":"USB Type-C 2.0, OTG, magnetic connector"},{"label":"Radio","value":"No"}]},{"category":"Features","specs":[{"label":"Sensors","value":"Accelerometer, proximity"}]},{"category":"Battery","specs":[{"label":"Type","value":"Li-Po 5100 mAh"},{"label":"Charging","value":"10W wired"}]},{"category":"Misc","specs":[{"label":"Colors","value":"Storm Grey"},{"label":"Price","value":"About 200 EUR"}]}]');
INSERT OR IGNORE INTO device_pictures (device_id, url, position) VALUES (375, 'https://fdn2.gsmarena.com/vv/bigpic/lenovo-tab-m10-gen3.jpg', 0);
INSERT OR IGNORE INTO device_pictures (device_id, url, position) VALUES (375, 'https://fdn2.gsmarena.com/vv/pics/lenovo/lenovo-tab-m10-gen3-1.jpg', 1);
INSERT OR IGNORE INTO devices (id, brand_id, name, gsmarena_url, thumbnail_url, summary) VALUES (376, 3, 'Pad Pro 2022', 'https://www.gsmarena.com/lenovo_pad_pro_2022-11783.php', 'https://fdn2.gsmarena.com/vv/bigpic/lenovo-pad-pro-2022.jpg', 'Pad Pro 2022');
INSERT OR IGNORE INTO device_specs (device_id, announced, status, network, os, chipset, cpu, gpu, display_size, display_type, display_res, ram, storage, main_camera, selfie_camera, battery, charging, nfc, usb, bluetooth, wlan, colors, weight, dimensions, sim, sensors, popularity, fans, rating, full_specs_json) VALUES (376, '2022, August 19', 'Available. Released 2022, August 19', 'No cellular connectivity / 4G/LTE', 'Android 12, ZUI 14', 'Mediatek MT8797 Kompanio 1300T (6 nm)', 'Octa-core (4x2.6 GHz Cortex-A78 & 4x2.0 GHz Cortex-A55)', 'Mali-G77 MC9', '11.2 inches, 357.0 cm 2', 'OLED, HDR10+, Dolby Vision, 120Hz, 420 nits (typ), 600 nits (peak)', '1536 x 2560 pixels, 5:3 ratio (~267 ppi density)', '6GB', '128GB', '13 MP, (wide), AF, LED flash', '8 MP, 1080p@30fps', 'Li-Po 8200 mAh', '30W wired, QC3', 'No', 'USB Type-C 3.2, OTG, magnetic connector, video output', 'Yes', 'Wi-Fi 802.11 a/b/g/n/ac/6, dual-band, Wi-Fi Direct', 'Gray, Gold', '480 g (1.06 lb)', '6.8 mm thickness', 'No', 'Unspecified', 'About 320 EUR', NULL, NULL, '[{"category":"Network","specs":[{"label":"Technology","value":"No cellular connectivity"},{"label":"2G bands","value":"N/A"},{"label":"3G bands","value":"N/A"},{"label":"4G bands","value":"N/A"},{"label":"GPRS","value":"No"},{"label":"EDGE","value":"No"}]},{"category":"Launch","specs":[{"label":"Announced","value":"2022, August 19"},{"label":"Status","value":"Available. Released 2022, August 19"}]},{"category":"Body","specs":[{"label":"Dimensions","value":"6.8 mm thickness"},{"label":"Weight","value":"480 g (1.06 lb)"},{"label":"Build","value":"Glass front, aluminum frame, aluminum back"},{"label":"SIM","value":"No"}]},{"category":"Display","specs":[{"label":"Type","value":"OLED, HDR10+, Dolby Vision, 120Hz, 420 nits (typ), 600 nits (peak)"},{"label":"Size","value":"11.2 inches, 357.0 cm 2"},{"label":"Resolution","value":"1536 x 2560 pixels, 5:3 ratio (~267 ppi density)"}]},{"category":"Platform","specs":[{"label":"OS","value":"Android 12, ZUI 14"},{"label":"Chipset","value":"Mediatek MT8797 Kompanio 1300T (6 nm)"},{"label":"CPU","value":"Octa-core (4x2.6 GHz Cortex-A78 & 4x2.0 GHz Cortex-A55)"},{"label":"GPU","value":"Mali-G77 MC9"}]},{"category":"Memory","specs":[{"label":"Card slot","value":"microSDXC (dedicated slot)"},{"label":"Internal","value":"128GB 6GB RAM, 128GB 8GB RAM"}]},{"category":"Main Camera","specs":[{"label":"Single","value":"13 MP, (wide), AF"},{"label":"Features","value":"LED flash"},{"label":"Video","value":"1080p@30fps"}]},{"category":"Selfie camera","specs":[{"label":"Single","value":"8 MP"},{"label":"Video","value":"1080p@30fps"}]},{"category":"Sound","specs":[{"label":"Loudspeaker","value":"Yes, with stereo speakers (4 speakers)"},{"label":"3.5mm jack","value":"No"}]},{"category":"Comms","specs":[{"label":"WLAN","value":"Wi-Fi 802.11 a/b/g/n/ac/6, dual-band, Wi-Fi Direct"},{"label":"Bluetooth","value":"Yes"},{"label":"Positioning","value":"GPS"},{"label":"NFC","value":"No"},{"label":"USB","value":"USB Type-C 3.2, OTG, magnetic connector, video output"},{"label":"Radio","value":"No"}]},{"category":"Features","specs":[{"label":"Sensors","value":"Unspecified"}]},{"category":"Battery","specs":[{"label":"Type","value":"Li-Po 8200 mAh"},{"label":"Charging","value":"30W wired, QC3"}]},{"category":"Misc","specs":[{"label":"Colors","value":"Gray, Gold"},{"label":"Price","value":"About 320 EUR"}]}]');
INSERT OR IGNORE INTO device_pictures (device_id, url, position) VALUES (376, 'https://fdn2.gsmarena.com/vv/bigpic/lenovo-pad-pro-2022.jpg', 0);
INSERT OR IGNORE INTO device_pictures (device_id, url, position) VALUES (376, 'https://fdn2.gsmarena.com/vv/pics/lenovo/lenovo-pad-pro-2022-1.jpg', 1);
INSERT OR IGNORE INTO device_pictures (device_id, url, position) VALUES (376, 'https://fdn2.gsmarena.com/vv/pics/lenovo/lenovo-pad-pro-2022-2.jpg', 2);
INSERT OR IGNORE INTO devices (id, brand_id, name, gsmarena_url, thumbnail_url, summary) VALUES (377, 3, 'Legion Y70', 'https://www.gsmarena.com/lenovo_legion_y70-11747.php', 'https://fdn2.gsmarena.com/vv/bigpic/lenovo-legion-y70.jpg', 'Legion Y70');
INSERT OR IGNORE INTO device_specs (device_id, announced, status, network, os, chipset, cpu, gpu, display_size, display_type, display_res, ram, storage, main_camera, selfie_camera, battery, charging, nfc, usb, bluetooth, wlan, colors, weight, dimensions, sim, sensors, popularity, fans, rating, full_specs_json) VALUES (377, '2022, August 18', 'Available. Released 2022, August 23', 'GSM / CDMA / HSPA / CDMA2000 / LTE / 5G / 5G', 'Android 12, ZUI 14', 'Qualcomm SM8475 Snapdragon 8+ Gen 1 (4 nm)', 'Octa-core (1x3.19 GHz Cortex-X2 & 3x2.75 GHz Cortex-A710 & 4x1.80 GHz Cortex-A510)', 'Adreno 730', '6.67 inches, 107.4 cm 2 (~85.3% screen-to-body ratio)', 'OLED, 144Hz, HDR10+, 1000 nits (peak)', '1080 x 2400 pixels, 20:9 ratio (~395 ppi density)', '8GB', '128GB', '50 MP, (wide), 1/1.55", 1.0µm, PDAF, OIS, Dual-LED flash, panorama, HDR', '16 MP, Yes', 'Li-Po 5100 mAh', '68W wired, 80% in 34 min', 'Yes', 'USB Type-C', '5.2, A2DP, LE', 'Wi-Fi 802.11 a/b/g/n/ac/6, dual-band, Wi-Fi Direct', 'Black, Silver, Red', '209 g (7.37 oz)', '163.6 x 77 x 8 mm (6.44 x 3.03 x 0.31 in)', 'Nano-SIM + Nano-SIM', 'Fingerprint (side-mounted), accelerometer, gyro, proximity, compass', 'About 440 EUR', NULL, NULL, '[{"category":"Network","specs":[{"label":"Technology","value":"GSM / CDMA / HSPA / CDMA2000 / LTE / 5G"},{"label":"2G bands","value":"GSM 850 / 900 / 1800 / 1900"},{"label":"3G bands","value":"HSDPA 800 / 850 / 900 / 1900 / 2100"},{"label":"4G bands","value":"LTE"},{"label":"5G bands","value":"SA/NSA/Sub6"},{"label":"Speed","value":"HSPA, LTE, 5G"}]},{"category":"Launch","specs":[{"label":"Announced","value":"2022, August 18"},{"label":"Status","value":"Available. Released 2022, August 23"}]},{"category":"Body","specs":[{"label":"Dimensions","value":"163.6 x 77 x 8 mm (6.44 x 3.03 x 0.31 in)"},{"label":"Weight","value":"209 g (7.37 oz)"},{"label":"Build","value":"Glass front, aluminum frame"},{"label":"SIM","value":"Nano-SIM + Nano-SIM"}]},{"category":"Display","specs":[{"label":"Type","value":"OLED, 144Hz, HDR10+, 1000 nits (peak)"},{"label":"Size","value":"6.67 inches, 107.4 cm 2 (~85.3% screen-to-body ratio)"},{"label":"Resolution","value":"1080 x 2400 pixels, 20:9 ratio (~395 ppi density)"}]},{"category":"Platform","specs":[{"label":"OS","value":"Android 12, ZUI 14"},{"label":"Chipset","value":"Qualcomm SM8475 Snapdragon 8+ Gen 1 (4 nm)"},{"label":"CPU","value":"Octa-core (1x3.19 GHz Cortex-X2 & 3x2.75 GHz Cortex-A710 & 4x1.80 GHz Cortex-A510)"},{"label":"GPU","value":"Adreno 730"}]},{"category":"Memory","specs":[{"label":"Card slot","value":"No"},{"label":"Internal","value":"128GB 8GB RAM, 256GB 12GB RAM, 512GB 16GB RAM"}]},{"category":"Main Camera","specs":[{"label":"Triple","value":"50 MP, (wide), 1/1.55\\", 1.0µm, PDAF, OIS"},{"label":"Features","value":"Dual-LED flash, panorama, HDR"},{"label":"Video","value":"8K@30fps, 4K@30/60fps, 1080p@30/60/240fps, gyro-EIS"}]},{"category":"Selfie camera","specs":[{"label":"Single","value":"16 MP"},{"label":"Video","value":"Yes"}]},{"category":"Sound","specs":[{"label":"Loudspeaker","value":"Yes, with stereo speakers"},{"label":"3.5mm jack","value":"No"}]},{"category":"Comms","specs":[{"label":"WLAN","value":"Wi-Fi 802.11 a/b/g/n/ac/6, dual-band, Wi-Fi Direct"},{"label":"Bluetooth","value":"5.2, A2DP, LE"},{"label":"Positioning","value":"GPS (L1+L5), GLONASS, GALILEO, BDS, QZSS"},{"label":"NFC","value":"Yes"},{"label":"USB","value":"USB Type-C"},{"label":"Radio","value":"No"}]},{"category":"Features","specs":[{"label":"Sensors","value":"Fingerprint (side-mounted), accelerometer, gyro, proximity, compass"}]},{"category":"Battery","specs":[{"label":"Type","value":"Li-Po 5100 mAh"},{"label":"Charging","value":"68W wired, 80% in 34 min"}]},{"category":"Misc","specs":[{"label":"Colors","value":"Black, Silver, Red"},{"label":"Models","value":"L71091"},{"label":"Price","value":"About 440 EUR"}]}]');
INSERT OR IGNORE INTO device_pictures (device_id, url, position) VALUES (377, 'https://fdn2.gsmarena.com/vv/bigpic/lenovo-legion-y70.jpg', 0);
INSERT OR IGNORE INTO device_pictures (device_id, url, position) VALUES (377, 'https://fdn2.gsmarena.com/vv/pics/lenovo/lenovo-legion-y70-1.jpg', 1);
INSERT OR IGNORE INTO device_pictures (device_id, url, position) VALUES (377, 'https://fdn2.gsmarena.com/vv/pics/lenovo/lenovo-legion-y70-2.jpg', 2);
INSERT OR IGNORE INTO devices (id, brand_id, name, gsmarena_url, thumbnail_url, summary) VALUES (378, 3, 'Tab M10 Plus (3rd Gen)', 'https://www.gsmarena.com/lenovo_tab_m10_plus_(3rd_gen)-11711.php', 'https://fdn2.gsmarena.com/vv/bigpic/lenovo-tabm10plus.jpg', 'Tab M10 Plus (3rd Gen)');
INSERT OR IGNORE INTO device_specs (device_id, announced, status, network, os, chipset, cpu, gpu, display_size, display_type, display_res, ram, storage, main_camera, selfie_camera, battery, charging, nfc, usb, bluetooth, wlan, colors, weight, dimensions, sim, sensors, popularity, fans, rating, full_specs_json) VALUES (378, '2022, May', 'Available. Released 2022, May', 'GSM / HSPA / LTE / 4G/LTE', 'Android 12', 'Qualcomm SM6225 Snapdragon 680 4G (6 nm) - LTE model Mediatek MT6769V/CU Helio G80 (12 nm) - Wi-Fi only model', 'Octa-core (4x2.4 GHz Kryo 265 Gold & 4x1.9 GHz Kryo 265 Silver) - LTE model Octa-core (2x2.0 GHz Cortex-A75 & 6x1.8 GHz Cortex-A55) - Wi-Fi only model', 'Adreno 610 - LTE model Mali-G52 MC2 - Wi-Fi only model', '10.61 inches, 320.4 cm 2 (~80.3% screen-to-body ratio)', 'IPS LCD, 400 nits (typ)', '1200 x 2000 pixels, 5:3 ratio (~220 ppi density)', '3GB', '32GB', '8 MP, AF', '8 MP', 'Li-Po 7700 mAh', '20W wired', 'No', 'USB Type-C 2.0', '5.0, A2DP, LE', 'Wi-Fi 802.11 a/b/g/n/ac, dual-band, Wi-Fi Direct', 'Storm Grey, Frost Blue', '465 g (1.03 lb)', '251.2 x 158.8 x 7.5 mm (9.89 x 6.25 x 0.30 in)', 'Nano-SIM (cellular model only)', 'Accelerometer, proximity, gyro', 'About 260 EUR', NULL, NULL, '[{"category":"Network","specs":[{"label":"Technology","value":"GSM / HSPA / LTE"},{"label":"2G bands","value":"GSM 850 / 900 / 1800 / 1900"},{"label":"3G bands","value":"HSDPA 800 / 850 / 900 / 1900 / 2100"},{"label":"4G bands","value":"1, 2, 3, 4, 5, 7, 8, 19, 20, 26, 28, 28, 38, 40, 41"},{"label":"Speed","value":"HSPA 42.2/5.76 Mbps, LTE Cat13 390/75 Mbps - cellular model only"}]},{"category":"Launch","specs":[{"label":"Announced","value":"2022, May"},{"label":"Status","value":"Available. Released 2022, May"}]},{"category":"Body","specs":[{"label":"Dimensions","value":"251.2 x 158.8 x 7.5 mm (9.89 x 6.25 x 0.30 in)"},{"label":"Weight","value":"465 g (1.03 lb)"},{"label":"SIM","value":"Nano-SIM (cellular model only)"}]},{"category":"Display","specs":[{"label":"Type","value":"IPS LCD, 400 nits (typ)"},{"label":"Size","value":"10.61 inches, 320.4 cm 2 (~80.3% screen-to-body ratio)"},{"label":"Resolution","value":"1200 x 2000 pixels, 5:3 ratio (~220 ppi density)"}]},{"category":"Platform","specs":[{"label":"OS","value":"Android 12"},{"label":"Chipset","value":"Qualcomm SM6225 Snapdragon 680 4G (6 nm) - LTE model Mediatek MT6769V/CU Helio G80 (12 nm) - Wi-Fi only model"},{"label":"CPU","value":"Octa-core (4x2.4 GHz Kryo 265 Gold & 4x1.9 GHz Kryo 265 Silver) - LTE model Octa-core (2x2.0 GHz Cortex-A75 & 6x1.8 GHz Cortex-A55) - Wi-Fi only model"},{"label":"GPU","value":"Adreno 610 - LTE model Mali-G52 MC2 - Wi-Fi only model"}]},{"category":"Memory","specs":[{"label":"Card slot","value":"microSDXC (dedicated slot)"},{"label":"Internal","value":"32GB 3GB RAM, 64GB 4GB RAM, 128GB 4GB RAM, 128GB 6GB RAM"}]},{"category":"Main Camera","specs":[{"label":"Single","value":"8 MP, AF"},{"label":"Video","value":"1080p"}]},{"category":"Selfie camera","specs":[{"label":"Single","value":"8 MP"}]},{"category":"Sound","specs":[{"label":"Loudspeaker","value":"Yes, with stereo speakers (4 speakers)"},{"label":"3.5mm jack","value":"Yes"}]},{"category":"Comms","specs":[{"label":"WLAN","value":"Wi-Fi 802.11 a/b/g/n/ac, dual-band, Wi-Fi Direct"},{"label":"Bluetooth","value":"5.0, A2DP, LE"},{"label":"Positioning","value":"GPS, GLONASS, BDS - cellular model only"},{"label":"NFC","value":"No"},{"label":"USB","value":"USB Type-C 2.0"},{"label":"Radio","value":"FM Radio"}]},{"category":"Features","specs":[{"label":"Sensors","value":"Accelerometer, proximity, gyro"}]},{"category":"Battery","specs":[{"label":"Type","value":"Li-Po 7700 mAh"},{"label":"Charging","value":"20W wired"}]},{"category":"Misc","specs":[{"label":"Colors","value":"Storm Grey, Frost Blue"},{"label":"Price","value":"About 260 EUR"}]}]');
INSERT OR IGNORE INTO device_pictures (device_id, url, position) VALUES (378, 'https://fdn2.gsmarena.com/vv/bigpic/lenovo-tabm10plus.jpg', 0);
INSERT OR IGNORE INTO device_pictures (device_id, url, position) VALUES (378, 'https://fdn2.gsmarena.com/vv/pics/lenovo/lenovo-tabm10plus-1.jpg', 1);
INSERT OR IGNORE INTO device_pictures (device_id, url, position) VALUES (378, 'https://fdn2.gsmarena.com/vv/pics/lenovo/lenovo-tabm10plus-2.jpg', 2);
INSERT OR IGNORE INTO device_pictures (device_id, url, position) VALUES (378, 'https://fdn2.gsmarena.com/vv/pics/lenovo/lenovo-tabm10plus-3.jpg', 3);
INSERT OR IGNORE INTO devices (id, brand_id, name, gsmarena_url, thumbnail_url, summary) VALUES (379, 3, 'Legion Y700', 'https://www.gsmarena.com/lenovo_legion_y700-11394.php', 'https://fdn2.gsmarena.com/vv/bigpic/lenovo-legion-y700.jpg', 'Legion Y700');
INSERT OR IGNORE INTO device_specs (device_id, announced, status, network, os, chipset, cpu, gpu, display_size, display_type, display_res, ram, storage, main_camera, selfie_camera, battery, charging, nfc, usb, bluetooth, wlan, colors, weight, dimensions, sim, sensors, popularity, fans, rating, full_specs_json) VALUES (379, '2022, March 01', 'Available. Released 2022, March 10', 'GSM / HSPA / LTE / 4G/LTE', 'Android 12, ZUI 13', 'Qualcomm SM8250-AC Snapdragon 870 5G (7 nm)', 'Octa-core (1x3.2 GHz Kryo 585 & 3x2.42 GHz Kryo 585 & 4x1.80 GHz Kryo 585)', 'Adreno 650', '8.8 inches, 224.5 cm 2 (~84.6% screen-to-body ratio)', 'IPS LCD, 120Hz, Dolby Vision, HDR10, 500 nits (typ)', '1600 x 2560 pixels, 16:10 ratio (~343 ppi density)', '8GB', '128GB', '13 MP, LED flash', '8 MP, 1080p@30fps', 'Li-Po 6550 mAh', '45W wired, 100% in 45 min', 'No', 'USB Type-C 3.1 Gen2', '5.1, A2DP, LE', 'Wi-Fi 802.11 a/b/g/n/ac/6, dual-band, Wi-Fi Direct', 'Gray', '375 g (13.23 oz)', '207.1 x 128.1 x 7.9 mm (8.15 x 5.04 x 0.31 in)', 'Nano-SIM (cellular model only)', 'Accelerometer, gyro, proximity, compass', 'About 360 EUR', NULL, NULL, '[{"category":"Network","specs":[{"label":"Technology","value":"GSM / HSPA / LTE"},{"label":"2G bands","value":"GSM 850 / 900 / 1800 / 1900"},{"label":"3G bands","value":"HSDPA 850 / 900 / 1900 / 2100"},{"label":"4G bands","value":"LTE"},{"label":"Speed","value":"HSPA, LTE - cellular model only"}]},{"category":"Launch","specs":[{"label":"Announced","value":"2022, March 01"},{"label":"Status","value":"Available. Released 2022, March 10"}]},{"category":"Body","specs":[{"label":"Dimensions","value":"207.1 x 128.1 x 7.9 mm (8.15 x 5.04 x 0.31 in)"},{"label":"Weight","value":"375 g (13.23 oz)"},{"label":"SIM","value":"Nano-SIM (cellular model only)"}]},{"category":"Display","specs":[{"label":"Type","value":"IPS LCD, 120Hz, Dolby Vision, HDR10, 500 nits (typ)"},{"label":"Size","value":"8.8 inches, 224.5 cm 2 (~84.6% screen-to-body ratio)"},{"label":"Resolution","value":"1600 x 2560 pixels, 16:10 ratio (~343 ppi density)"}]},{"category":"Platform","specs":[{"label":"OS","value":"Android 12, ZUI 13"},{"label":"Chipset","value":"Qualcomm SM8250-AC Snapdragon 870 5G (7 nm)"},{"label":"CPU","value":"Octa-core (1x3.2 GHz Kryo 585 & 3x2.42 GHz Kryo 585 & 4x1.80 GHz Kryo 585)"},{"label":"GPU","value":"Adreno 650"}]},{"category":"Memory","specs":[{"label":"Card slot","value":"microSDXC (dedicated slot)"},{"label":"Internal","value":"128GB 8GB RAM, 256GB 12GB RAM"}]},{"category":"Main Camera","specs":[{"label":"Single","value":"13 MP"},{"label":"Features","value":"LED flash"},{"label":"Video","value":"1080p@30fps"}]},{"category":"Selfie camera","specs":[{"label":"Single","value":"8 MP"},{"label":"Video","value":"1080p@30fps"}]},{"category":"Sound","specs":[{"label":"Loudspeaker","value":"Yes, with stereo speakers"},{"label":"3.5mm jack","value":"Yes"}]},{"category":"Comms","specs":[{"label":"WLAN","value":"Wi-Fi 802.11 a/b/g/n/ac/6, dual-band, Wi-Fi Direct"},{"label":"Bluetooth","value":"5.1, A2DP, LE"},{"label":"Positioning","value":"No"},{"label":"NFC","value":"No"},{"label":"USB","value":"USB Type-C 3.1 Gen2"},{"label":"Radio","value":"Unspecified"}]},{"category":"Features","specs":[{"label":"Sensors","value":"Accelerometer, gyro, proximity, compass"}]},{"category":"Battery","specs":[{"label":"Type","value":"Li-Po 6550 mAh"},{"label":"Charging","value":"45W wired, 100% in 45 min"}]},{"category":"Misc","specs":[{"label":"Colors","value":"Gray"},{"label":"Models","value":"TB-9707F"},{"label":"Price","value":"About 360 EUR"}]}]');
INSERT OR IGNORE INTO device_pictures (device_id, url, position) VALUES (379, 'https://fdn2.gsmarena.com/vv/bigpic/lenovo-legion-y700.jpg', 0);
INSERT OR IGNORE INTO device_pictures (device_id, url, position) VALUES (379, 'https://fdn2.gsmarena.com/vv/pics/lenovo/lenovo-legion-y700-1.jpg', 1);
INSERT OR IGNORE INTO device_pictures (device_id, url, position) VALUES (379, 'https://fdn2.gsmarena.com/vv/pics/lenovo/lenovo-legion-y700-2.jpg', 2);
INSERT OR IGNORE INTO device_pictures (device_id, url, position) VALUES (379, 'https://fdn2.gsmarena.com/vv/pics/lenovo/lenovo-legion-y700-3.jpg', 3);
INSERT OR IGNORE INTO devices (id, brand_id, name, gsmarena_url, thumbnail_url, summary) VALUES (380, 3, 'Legion Y90', 'https://www.gsmarena.com/lenovo_legion_y90-11331.php', 'https://fdn2.gsmarena.com/vv/bigpic/lenovo-legion-y90.jpg', 'Legion Y90');
INSERT OR IGNORE INTO device_specs (device_id, announced, status, network, os, chipset, cpu, gpu, display_size, display_type, display_res, ram, storage, main_camera, selfie_camera, battery, charging, nfc, usb, bluetooth, wlan, colors, weight, dimensions, sim, sensors, popularity, fans, rating, full_specs_json) VALUES (380, '2022, March 01', 'Available. Released 2022, March 10', 'GSM / CDMA / HSPA / CDMA2000 / LTE / 5G / 5G', 'Android 12, ZUI 13', 'Qualcomm SM8450 Snapdragon 8 Gen 1 (4 nm)', 'Octa-core (1x3.00 GHz Cortex-X2 & 3x2.50 GHz Cortex-A710 & 4x1.80 GHz Cortex-A510)', 'Adreno 730', '6.92 inches, 113.7 cm 2 (~81.9% screen-to-body ratio)', 'AMOLED, 144Hz, HDR10+, 1300 nits (peak)', '1080 x 2460 pixels (~388 ppi density)', '12GB', '256GB', '64 MP, f/1.9, 25mm (wide), 1/1.32", 1.0µm, PDAF, Dual-LED flash, panorama, HDR', '16 MP, 4K@30/60fps, 1080p@30/60/120fps', 'Li-Po 5600 mAh', '68W wired, 100% in 35 min', 'Yes', 'USB Type-C 3.1 Gen2, USB Type-C 2.0, OTG', '5.2, A2DP, LE', 'Wi-Fi 802.11 a/b/g/n/ac/6, dual-band, Wi-Fi Direct', 'Gray', '252 g (8.89 oz)', '177 x 78.4 x 10.1 mm (6.97 x 3.09 x 0.40 in)', 'Nano-SIM + Nano-SIM', 'Fingerprint (under display, optical), accelerometer, gyro, proximity, compass', 'About 570 EUR', NULL, NULL, '[{"category":"Network","specs":[{"label":"Technology","value":"GSM / CDMA / HSPA / CDMA2000 / LTE / 5G"},{"label":"2G bands","value":"GSM 850 / 900 / 1800 / 1900"},{"label":"3G bands","value":"HSDPA 800 / 850 / 900 / 1900 / 2100"},{"label":"4G bands","value":"LTE"},{"label":"5G bands","value":"SA/NSA/Sub6"},{"label":"Speed","value":"HSPA, LTE, 5G"}]},{"category":"Launch","specs":[{"label":"Announced","value":"2022, March 01"},{"label":"Status","value":"Available. Released 2022, March 10"}]},{"category":"Body","specs":[{"label":"Dimensions","value":"177 x 78.4 x 10.1 mm (6.97 x 3.09 x 0.40 in)"},{"label":"Weight","value":"252 g (8.89 oz)"},{"label":"SIM","value":"Nano-SIM + Nano-SIM"}]},{"category":"Display","specs":[{"label":"Type","value":"AMOLED, 144Hz, HDR10+, 1300 nits (peak)"},{"label":"Size","value":"6.92 inches, 113.7 cm 2 (~81.9% screen-to-body ratio)"},{"label":"Resolution","value":"1080 x 2460 pixels (~388 ppi density)"}]},{"category":"Platform","specs":[{"label":"OS","value":"Android 12, ZUI 13"},{"label":"Chipset","value":"Qualcomm SM8450 Snapdragon 8 Gen 1 (4 nm)"},{"label":"CPU","value":"Octa-core (1x3.00 GHz Cortex-X2 & 3x2.50 GHz Cortex-A710 & 4x1.80 GHz Cortex-A510)"},{"label":"GPU","value":"Adreno 730"}]},{"category":"Memory","specs":[{"label":"Card slot","value":"No"},{"label":"Internal","value":"256GB 12GB RAM, 256GB 16GB RAM, 640GB 18GB RAM"}]},{"category":"Main Camera","specs":[{"label":"Dual","value":"64 MP, f/1.9, 25mm (wide), 1/1.32\\", 1.0µm, PDAF"},{"label":"Features","value":"Dual-LED flash, panorama, HDR"},{"label":"Video","value":"8K@24fps, 4K@30/60fps, 1080p@30/60/240fps, gyro-EIS, HDR10+ rec."}]},{"category":"Selfie camera","specs":[{"label":"Single","value":"16 MP"},{"label":"Video","value":"4K@30/60fps, 1080p@30/60/120fps"},{"label":"Features","value":"HDR"}]},{"category":"Sound","specs":[{"label":"Loudspeaker","value":"Yes, with stereo speakers"},{"label":"3.5mm jack","value":"No"}]},{"category":"Comms","specs":[{"label":"WLAN","value":"Wi-Fi 802.11 a/b/g/n/ac/6, dual-band, Wi-Fi Direct"},{"label":"Bluetooth","value":"5.2, A2DP, LE"},{"label":"Positioning","value":"GPS (L1+L5), GLONASS, GALILEO, BDS, QZSS"},{"label":"NFC","value":"Yes"},{"label":"USB","value":"USB Type-C 3.1 Gen2, USB Type-C 2.0, OTG"},{"label":"Radio","value":"No"}]},{"category":"Features","specs":[{"label":"Sensors","value":"Fingerprint (under display, optical), accelerometer, gyro, proximity, compass"}]},{"category":"Battery","specs":[{"label":"Type","value":"Li-Po 5600 mAh"},{"label":"Charging","value":"68W wired, 100% in 35 min"}]},{"category":"Misc","specs":[{"label":"Colors","value":"Gray"},{"label":"Models","value":"L71061"},{"label":"Price","value":"About 570 EUR"}]}]');
INSERT OR IGNORE INTO device_pictures (device_id, url, position) VALUES (380, 'https://fdn2.gsmarena.com/vv/bigpic/lenovo-legion-y90.jpg', 0);
INSERT OR IGNORE INTO device_pictures (device_id, url, position) VALUES (380, 'https://fdn2.gsmarena.com/vv/pics/lenovo/lenovo-legion-y90-1.jpg', 1);
INSERT OR IGNORE INTO devices (id, brand_id, name, gsmarena_url, thumbnail_url, summary) VALUES (381, 3, 'K14 Plus', 'https://www.gsmarena.com/lenovo_k14_plus-12008.php', 'https://fdn2.gsmarena.com/vv/bigpic/lenovo-k14-plus.jpg', 'K14 Plus');
INSERT OR IGNORE INTO device_specs (device_id, announced, status, network, os, chipset, cpu, gpu, display_size, display_type, display_res, ram, storage, main_camera, selfie_camera, battery, charging, nfc, usb, bluetooth, wlan, colors, weight, dimensions, sim, sensors, popularity, fans, rating, full_specs_json) VALUES (381, '2022, February 15', 'Available. Released 2022, March', 'GSM / HSPA / LTE / 4G/LTE', 'Android 11', 'Unisoc T700', 'Octa-core 1.8 GHz', 'Mali G52', '6.5 inches, 102.0 cm 2 (~81.6% screen-to-body ratio)', 'IPS LCD, 90Hz', '720 x 1600 pixels, 20:9 ratio (~270 ppi density)', '4GB', '64GB', '48 MP, f/1.8, (wide), PDAF, LED flash, HDR, panorama', '8 MP, f/2.0, 1080p@30fps', 'Li-Po 5000 mAh', '10W wired', 'No', 'USB Type-C 2.0', '5.0, A2DP, LE', 'Wi-Fi 802.11 b/g/n', 'Black, Gold', '198 g (6.98 oz)', '165.1 x 75.7 x 9.1 mm (6.5 x 2.98 x 0.36 in)', '· Nano-SIM · Nano-SIM + Nano-SIM', 'Fingerprint (rear-mounted), accelerometer, proximity', 'About 200 EUR', NULL, NULL, '[{"category":"Network","specs":[{"label":"Technology","value":"GSM / HSPA / LTE"},{"label":"2G bands","value":"GSM 850 / 900 / 1800 / 1900"},{"label":"3G bands","value":"HSDPA 850 / 900 / 1700(AWS) / 1900 / 2100"},{"label":"4G bands","value":"LTE"},{"label":"Speed","value":"HSPA, LTE"}]},{"category":"Launch","specs":[{"label":"Announced","value":"2022, February 15"},{"label":"Status","value":"Available. Released 2022, March"}]},{"category":"Body","specs":[{"label":"Dimensions","value":"165.1 x 75.7 x 9.1 mm (6.5 x 2.98 x 0.36 in)"},{"label":"Weight","value":"198 g (6.98 oz)"},{"label":"Build","value":"Glass front, plastic frame, plastic back"},{"label":"SIM","value":"· Nano-SIM · Nano-SIM + Nano-SIM"}]},{"category":"Display","specs":[{"label":"Type","value":"IPS LCD, 90Hz"},{"label":"Size","value":"6.5 inches, 102.0 cm 2 (~81.6% screen-to-body ratio)"},{"label":"Resolution","value":"720 x 1600 pixels, 20:9 ratio (~270 ppi density)"}]},{"category":"Platform","specs":[{"label":"OS","value":"Android 11"},{"label":"Chipset","value":"Unisoc T700"},{"label":"CPU","value":"Octa-core 1.8 GHz"},{"label":"GPU","value":"Mali G52"}]},{"category":"Memory","specs":[{"label":"Card slot","value":"microSDXC (dedicated slot)"},{"label":"Internal","value":"64GB 4GB RAM"}]},{"category":"Main Camera","specs":[{"label":"Triple","value":"48 MP, f/1.8, (wide), PDAF"},{"label":"Features","value":"LED flash, HDR, panorama"},{"label":"Video","value":"1080p@30fps"}]},{"category":"Selfie camera","specs":[{"label":"Single","value":"8 MP, f/2.0"},{"label":"Video","value":"1080p@30fps"}]},{"category":"Sound","specs":[{"label":"Loudspeaker","value":"Yes"},{"label":"3.5mm jack","value":"Yes"}]},{"category":"Comms","specs":[{"label":"WLAN","value":"Wi-Fi 802.11 b/g/n"},{"label":"Bluetooth","value":"5.0, A2DP, LE"},{"label":"Positioning","value":"GPS, GLONASS, GALILEO"},{"label":"NFC","value":"No"},{"label":"USB","value":"USB Type-C 2.0"},{"label":"Radio","value":"FM radio"}]},{"category":"Features","specs":[{"label":"Sensors","value":"Fingerprint (rear-mounted), accelerometer, proximity"}]},{"category":"Battery","specs":[{"label":"Type","value":"Li-Po 5000 mAh"},{"label":"Charging","value":"10W wired"}]},{"category":"Misc","specs":[{"label":"Colors","value":"Black, Gold"},{"label":"Price","value":"About 200 EUR"}]}]');
INSERT OR IGNORE INTO device_pictures (device_id, url, position) VALUES (381, 'https://fdn2.gsmarena.com/vv/bigpic/lenovo-k14-plus.jpg', 0);
INSERT OR IGNORE INTO device_pictures (device_id, url, position) VALUES (381, 'https://fdn2.gsmarena.com/vv/pics/lenovo/lenovo-k14-plus-1.jpg', 1);
INSERT OR IGNORE INTO devices (id, brand_id, name, gsmarena_url, thumbnail_url, summary) VALUES (382, 3, 'Tab K10', 'https://www.gsmarena.com/lenovo_tab_k10-11143.php', 'https://fdn2.gsmarena.com/vv/bigpic/lenovo-tab-k10.jpg', 'Tab K10');
INSERT OR IGNORE INTO device_specs (device_id, announced, status, network, os, chipset, cpu, gpu, display_size, display_type, display_res, ram, storage, main_camera, selfie_camera, battery, charging, nfc, usb, bluetooth, wlan, colors, weight, dimensions, sim, sensors, popularity, fans, rating, full_specs_json) VALUES (382, '2021, May 19', 'Available. Released 2021, June', 'GSM / CDMA / HSPA / EVDO / LTE / 4G/LTE', 'Android 11', 'Mediatek MT6762 Helio P22T (12 nm)', 'Octa-core (4x2.3 GHz Cortex-A53 & 4x1.8 GHz Cortex-A53)', 'PowerVR GE8320', '10.3 inches, 307.6 cm 2 (~82.4% screen-to-body ratio)', 'IPS LCD, 330 nits (typ)', '1200 x 1920 pixels, 16:10 ratio (~220 ppi density)', '3GB', '32GB', '8 MP, LED flash', '5 MP, Yes', 'Li-Po 7700 mAh', '10W wired', 'No', 'USB Type-C 2.0', '5.0, LE', 'Wi-Fi 802.11 a/b/g/n/ac, dual-band, Wi-Fi Direct', 'Abyss Blue', '460 g (1.01 lb)', '244 x 153 x 8.2 mm (9.61 x 6.02 x 0.32 in)', 'Nano-SIM (cellular model only)', 'Accelerometer, gyro, proximity, compass', 'About 170 EUR', NULL, NULL, '[{"category":"Network","specs":[{"label":"Technology","value":"GSM / CDMA / HSPA / EVDO / LTE"},{"label":"2G bands","value":"GSM 850 / 900 / 1800 / 1900"},{"label":"3G bands","value":"HSDPA 800 / 850 / 900 / 1700(AWS) / 1900 / 2100"},{"label":"4G bands","value":"1, 2, 3, 4, 5, 7, 8, 19, 20, 26, 28, 34, 38, 39, 40, 41"},{"label":"Speed","value":"HSPA, LTE - cellular model only"}]},{"category":"Launch","specs":[{"label":"Announced","value":"2021, May 19"},{"label":"Status","value":"Available. Released 2021, June"}]},{"category":"Body","specs":[{"label":"Dimensions","value":"244 x 153 x 8.2 mm (9.61 x 6.02 x 0.32 in)"},{"label":"Weight","value":"460 g (1.01 lb)"},{"label":"SIM","value":"Nano-SIM (cellular model only)"}]},{"category":"Display","specs":[{"label":"Type","value":"IPS LCD, 330 nits (typ)"},{"label":"Size","value":"10.3 inches, 307.6 cm 2 (~82.4% screen-to-body ratio)"},{"label":"Resolution","value":"1200 x 1920 pixels, 16:10 ratio (~220 ppi density)"}]},{"category":"Platform","specs":[{"label":"OS","value":"Android 11"},{"label":"Chipset","value":"Mediatek MT6762 Helio P22T (12 nm)"},{"label":"CPU","value":"Octa-core (4x2.3 GHz Cortex-A53 & 4x1.8 GHz Cortex-A53)"},{"label":"GPU","value":"PowerVR GE8320"}]},{"category":"Memory","specs":[{"label":"Card slot","value":"microSDXC (dedicated slot)"},{"label":"Internal","value":"32GB 3GB RAM, 64GB 4GB RAM, 128GB 4GB RAM"}]},{"category":"Main Camera","specs":[{"label":"Single","value":"8 MP"},{"label":"Features","value":"LED flash"},{"label":"Video","value":"1080p@30fps"}]},{"category":"Selfie camera","specs":[{"label":"Single","value":"5 MP"},{"label":"Video","value":"Yes"}]},{"category":"Sound","specs":[{"label":"Loudspeaker","value":"Yes, with stereo speakers"},{"label":"3.5mm jack","value":"Yes"}]},{"category":"Comms","specs":[{"label":"WLAN","value":"Wi-Fi 802.11 a/b/g/n/ac, dual-band, Wi-Fi Direct"},{"label":"Bluetooth","value":"5.0, LE"},{"label":"Positioning","value":"GPS, GLONASS - cellular model only"},{"label":"NFC","value":"No"},{"label":"USB","value":"USB Type-C 2.0"},{"label":"Radio","value":"FM radio"}]},{"category":"Features","specs":[{"label":"Sensors","value":"Accelerometer, gyro, proximity, compass"}]},{"category":"Battery","specs":[{"label":"Type","value":"Li-Po 7700 mAh"},{"label":"Charging","value":"10W wired"}]},{"category":"Misc","specs":[{"label":"Colors","value":"Abyss Blue"},{"label":"Models","value":"TB-X6C6F, TB-X6C6X"},{"label":"Price","value":"About 170 EUR"}]}]');
INSERT OR IGNORE INTO device_pictures (device_id, url, position) VALUES (382, 'https://fdn2.gsmarena.com/vv/bigpic/lenovo-tab-k10.jpg', 0);
INSERT OR IGNORE INTO device_pictures (device_id, url, position) VALUES (382, 'https://fdn2.gsmarena.com/vv/pics/lenovo/lenovo-tab-k10-0.jpg', 1);
INSERT OR IGNORE INTO device_pictures (device_id, url, position) VALUES (382, 'https://fdn2.gsmarena.com/vv/pics/lenovo/lenovo-tab-k10-1.jpg', 2);
INSERT OR IGNORE INTO devices (id, brand_id, name, gsmarena_url, thumbnail_url, summary) VALUES (383, 3, 'Tab P12 Pro', 'https://www.gsmarena.com/lenovo_tab_p12_pro-11090.php', 'https://fdn2.gsmarena.com/vv/bigpic/lenovo-tab-p12-pro-.jpg', 'Tab P12 Pro');
INSERT OR IGNORE INTO device_specs (device_id, announced, status, network, os, chipset, cpu, gpu, display_size, display_type, display_res, ram, storage, main_camera, selfie_camera, battery, charging, nfc, usb, bluetooth, wlan, colors, weight, dimensions, sim, sensors, popularity, fans, rating, full_specs_json) VALUES (383, '2021, September 08', 'Available. Released 2021, November 19', 'GSM / HSPA / LTE / 5G / 5G', 'Android 11', 'Qualcomm SM8250-AC Snapdragon 870 5G (7 nm)', 'Octa-core (1x3.2 GHz Kryo 585 & 3x2.42 GHz Kryo 585 & 4x1.80 GHz Kryo 585)', 'Adreno 650', '12.6 inches, 460.3 cm 2 (~87.4% screen-to-body ratio)', 'AMOLED, 120Hz, HDR10+, Dolby Vision, 600 nits (HBM)', '1600 x 2560 pixels, 16:10 ratio (~240 ppi density)', '6GB', '128GB', '13 MP, (wide), AF', '8 MP, (wide), 1080p@30fps', 'Li-Po 10200 mAh', '45W wired, QC4', 'Yes (wireless charging and data transfer only)', 'USB Type-C 3.1', '5.2, A2DP, LE', 'Wi-Fi 802.11 a/b/g/n/ac/6, dual-band, Wi-Fi Direct', 'Storm Grey', '565 g (1.25 lb)', '285.6 x 184.5 x 5.6 mm (11.24 x 7.26 x 0.22 in)', 'Nano-SIM (cellular model only)', 'Fingerprint (side-mounted), accelerometer, gyro, proximity', 'About 520 EUR', NULL, NULL, '[{"category":"Network","specs":[{"label":"Technology","value":"GSM / HSPA / LTE / 5G"},{"label":"2G bands","value":"GSM 850 / 900 / 1800 / 1900"},{"label":"3G bands","value":"HSDPA 850 / 900 / 1900 / 2100"},{"label":"4G bands","value":"1, 2, 3, 4, 5, 7, 8, 19, 20, 26, 28, 34, 38, 39, 40, 41"},{"label":"5G bands","value":"1, 3, 7, 8, 20, 28, 38, 41, 77, 78 SA/NSA/Sub6"},{"label":"Speed","value":"HSPA, LTE, 5G - cellular model only"}]},{"category":"Launch","specs":[{"label":"Announced","value":"2021, September 08"},{"label":"Status","value":"Available. Released 2021, November 19"}]},{"category":"Body","specs":[{"label":"Dimensions","value":"285.6 x 184.5 x 5.6 mm (11.24 x 7.26 x 0.22 in)"},{"label":"Weight","value":"565 g (1.25 lb)"},{"label":"SIM","value":"Nano-SIM (cellular model only)"}]},{"category":"Display","specs":[{"label":"Type","value":"AMOLED, 120Hz, HDR10+, Dolby Vision, 600 nits (HBM)"},{"label":"Size","value":"12.6 inches, 460.3 cm 2 (~87.4% screen-to-body ratio)"},{"label":"Resolution","value":"1600 x 2560 pixels, 16:10 ratio (~240 ppi density)"}]},{"category":"Platform","specs":[{"label":"OS","value":"Android 11"},{"label":"Chipset","value":"Qualcomm SM8250-AC Snapdragon 870 5G (7 nm)"},{"label":"CPU","value":"Octa-core (1x3.2 GHz Kryo 585 & 3x2.42 GHz Kryo 585 & 4x1.80 GHz Kryo 585)"},{"label":"GPU","value":"Adreno 650"}]},{"category":"Memory","specs":[{"label":"Card slot","value":"microSDXC (dedicated slot)"},{"label":"Internal","value":"128GB 6GB RAM, 256GB 8GB RAM"}]},{"category":"Main Camera","specs":[{"label":"Dual","value":"13 MP, (wide), AF"},{"label":"Video","value":"4K@30fps, 1080p@30fps"}]},{"category":"Selfie camera","specs":[{"label":"Single","value":"8 MP, (wide)"},{"label":"Video","value":"1080p@30fps"}]},{"category":"Sound","specs":[{"label":"Loudspeaker","value":"Yes, with stereo speakers (4 speakers)"},{"label":"3.5mm jack","value":"No"}]},{"category":"Comms","specs":[{"label":"WLAN","value":"Wi-Fi 802.11 a/b/g/n/ac/6, dual-band, Wi-Fi Direct"},{"label":"Bluetooth","value":"5.2, A2DP, LE"},{"label":"Positioning","value":"GPS, GLONASS, BDS - cellular model only"},{"label":"NFC","value":"Yes (wireless charging and data transfer only)"},{"label":"USB","value":"USB Type-C 3.1"},{"label":"Radio","value":"Unspecified"}]},{"category":"Features","specs":[{"label":"Sensors","value":"Fingerprint (side-mounted), accelerometer, gyro, proximity"}]},{"category":"Battery","specs":[{"label":"Type","value":"Li-Po 10200 mAh"},{"label":"Charging","value":"45W wired, QC4"}]},{"category":"Misc","specs":[{"label":"Colors","value":"Storm Grey"},{"label":"Models","value":"TB-Q706Z, TB-Q706F"},{"label":"Price","value":"About 520 EUR"}]}]');
INSERT OR IGNORE INTO device_pictures (device_id, url, position) VALUES (383, 'https://fdn2.gsmarena.com/vv/bigpic/lenovo-tab-p12-pro-.jpg', 0);
INSERT OR IGNORE INTO device_pictures (device_id, url, position) VALUES (383, 'https://fdn2.gsmarena.com/vv/pics/lenovo/lenovo-tab-p12-pro-1.jpg', 1);
INSERT OR IGNORE INTO device_pictures (device_id, url, position) VALUES (383, 'https://fdn2.gsmarena.com/vv/pics/lenovo/lenovo-tab-p12-pro-2.jpg', 2);
INSERT OR IGNORE INTO devices (id, brand_id, name, gsmarena_url, thumbnail_url, summary) VALUES (384, 3, 'Tab P11 5G', 'https://www.gsmarena.com/lenovo_tab_p11_5g-11091.php', 'https://fdn2.gsmarena.com/vv/bigpic/lenovo-tab-p11-5g.jpg', 'Tab P11 5G');
INSERT OR IGNORE INTO device_specs (device_id, announced, status, network, os, chipset, cpu, gpu, display_size, display_type, display_res, ram, storage, main_camera, selfie_camera, battery, charging, nfc, usb, bluetooth, wlan, colors, weight, dimensions, sim, sensors, popularity, fans, rating, full_specs_json) VALUES (384, '2021, September 08', 'Available. Released 2021, December 15', 'GSM / HSPA / LTE / 5G / 5G', 'Android 11', 'Qualcomm SM7225 Snapdragon 750G 5G (8 nm)', 'Octa-core (2x2.2 GHz Kryo 570 & 6x1.8 GHz Kryo 570)', 'Adreno 619', '11.0 inches, 344.4 cm 2 (~81.9% screen-to-body ratio)', 'IPS LCD, Dolby Vision, 400 nits (typ)', '1200 x 2000 pixels, 5:3 ratio (~212 ppi density)', '6GB', '128GB', '13 MP, (wide), AF, LED flash', '8 MP, (wide), 1080p@30fps', 'Li-Po 7700 mAh', '20W wired', 'No', 'USB Type-C 3.2, DisplayPort', '5.1, A2DP, LE', 'Wi-Fi 802.11 a/b/g/n/ac/6, dual-band, Wi-Fi Direct', 'Moon White, Storm Grey, Modernist Teal', '520 g (1.15 lb)', '258 x 163 x 7.9 mm (10.16 x 6.42 x 0.31 in)', 'Nano-SIM', 'Accelerometer, gyro, proximity', 'About 500 EUR', NULL, NULL, '[{"category":"Network","specs":[{"label":"Technology","value":"GSM / HSPA / LTE / 5G"},{"label":"2G bands","value":"GSM 850 / 900 / 1800 / 1900"},{"label":"3G bands","value":"HSDPA 850 / 900 / 1900 / 2100"},{"label":"4G bands","value":"1, 2, 3, 4, 5, 7, 8, 19, 20, 26, 28, 34, 38, 39, 40, 41"},{"label":"5G bands","value":"1, 3, 7, 8, 20, 28, 38, 41, 77, 78, 79 SA/NSA"},{"label":"Speed","value":"HSPA, LTE, 5G"}]},{"category":"Launch","specs":[{"label":"Announced","value":"2021, September 08"},{"label":"Status","value":"Available. Released 2021, December 15"}]},{"category":"Body","specs":[{"label":"Dimensions","value":"258 x 163 x 7.9 mm (10.16 x 6.42 x 0.31 in)"},{"label":"Weight","value":"520 g (1.15 lb)"},{"label":"SIM","value":"Nano-SIM"}]},{"category":"Display","specs":[{"label":"Type","value":"IPS LCD, Dolby Vision, 400 nits (typ)"},{"label":"Size","value":"11.0 inches, 344.4 cm 2 (~81.9% screen-to-body ratio)"},{"label":"Resolution","value":"1200 x 2000 pixels, 5:3 ratio (~212 ppi density)"}]},{"category":"Platform","specs":[{"label":"OS","value":"Android 11"},{"label":"Chipset","value":"Qualcomm SM7225 Snapdragon 750G 5G (8 nm)"},{"label":"CPU","value":"Octa-core (2x2.2 GHz Kryo 570 & 6x1.8 GHz Kryo 570)"},{"label":"GPU","value":"Adreno 619"}]},{"category":"Memory","specs":[{"label":"Card slot","value":"microSDXC (dedicated slot)"},{"label":"Internal","value":"128GB 6GB RAM, 256GB 8GB RAM"}]},{"category":"Main Camera","specs":[{"label":"Single","value":"13 MP, (wide), AF"},{"label":"Features","value":"LED flash"},{"label":"Video","value":"1080p@30fps"}]},{"category":"Selfie camera","specs":[{"label":"Single","value":"8 MP, (wide)"},{"label":"Video","value":"1080p@30fps"}]},{"category":"Sound","specs":[{"label":"Loudspeaker","value":"Yes, with stereo speakers (4 speakers)"},{"label":"3.5mm jack","value":"No"}]},{"category":"Comms","specs":[{"label":"WLAN","value":"Wi-Fi 802.11 a/b/g/n/ac/6, dual-band, Wi-Fi Direct"},{"label":"Bluetooth","value":"5.1, A2DP, LE"},{"label":"Positioning","value":"GPS, GLONASS, BDS"},{"label":"NFC","value":"No"},{"label":"USB","value":"USB Type-C 3.2, DisplayPort"},{"label":"Radio","value":"No"}]},{"category":"Features","specs":[{"label":"Sensors","value":"Accelerometer, gyro, proximity"}]},{"category":"Battery","specs":[{"label":"Type","value":"Li-Po 7700 mAh"},{"label":"Charging","value":"20W wired"}]},{"category":"Misc","specs":[{"label":"Colors","value":"Moon White, Storm Grey, Modernist Teal"},{"label":"Price","value":"About 500 EUR"}]}]');
INSERT OR IGNORE INTO device_pictures (device_id, url, position) VALUES (384, 'https://fdn2.gsmarena.com/vv/bigpic/lenovo-tab-p11-5g.jpg', 0);
INSERT OR IGNORE INTO device_pictures (device_id, url, position) VALUES (384, 'https://fdn2.gsmarena.com/vv/pics/lenovo/lenovo-tab-p11-5g-0.jpg', 1);
INSERT OR IGNORE INTO device_pictures (device_id, url, position) VALUES (384, 'https://fdn2.gsmarena.com/vv/pics/lenovo/lenovo-tab-p11-5g-2.jpg', 2);
INSERT OR IGNORE INTO devices (id, brand_id, name, gsmarena_url, thumbnail_url, summary) VALUES (385, 3, 'K13 Pro', 'https://www.gsmarena.com/lenovo_k13_pro-10971.php', 'https://fdn2.gsmarena.com/vv/bigpic/lenovo-k13-pro.jpg', 'K13 Pro');
INSERT OR IGNORE INTO device_specs (device_id, announced, status, network, os, chipset, cpu, gpu, display_size, display_type, display_res, ram, storage, main_camera, selfie_camera, battery, charging, nfc, usb, bluetooth, wlan, colors, weight, dimensions, sim, sensors, popularity, fans, rating, full_specs_json) VALUES (385, '2021, September', 'Available. Released 2021, September 29', 'GSM / HSPA / LTE / 4G/LTE', 'Android 11', 'Qualcomm SM6115 Snapdragon 662 (11 nm)', 'Octa-core (4x2.0 GHz Kryo 260 Gold & 4x1.8 GHz Kryo 260 Silver)', 'Adreno 610', '6.51 inches, 102.3 cm 2', 'IPS LCD, 90Hz', '720 x 1600 pixels, 20:9 ratio (~270 ppi density)', '4GB', '64GB', '64 MP, f/1.7, 26mm (wide), 1/1.97", 0.7µm, PDAF, LED flash, HDR, panorama', '13 MP, f/2.2, (wide), 1/3.1", 1.12µm, 1080p@30fps', 'Li-Po 5000 mAh', '15W wired', 'Unspecified', 'USB Type-C 2.0, OTG', '5.0, A2DP, LE', 'Wi-Fi 802.11 a/b/g/n/ac, dual-band, Wi-Fi Direct', 'Black', '200 g (7.05 oz)', '-', '· Nano-SIM · Nano-SIM + Nano-SIM', 'Fingerprint (rear-mounted), accelerometer, gyro, proximity', 'About 150 EUR', NULL, NULL, '[{"category":"Network","specs":[{"label":"Technology","value":"GSM / HSPA / LTE"},{"label":"2G bands","value":"GSM 850 / 900 / 1800 / 1900"},{"label":"3G bands","value":"HSDPA 850 / 900 / 1700(AWS) / 1900 / 2100"},{"label":"4G bands","value":"LTE"},{"label":"Speed","value":"HSPA 42.2/5.76 Mbps, LTE Cat4 150/50 Mbps"}]},{"category":"Launch","specs":[{"label":"Announced","value":"2021, September"},{"label":"Status","value":"Available. Released 2021, September 29"}]},{"category":"Body","specs":[{"label":"Dimensions","value":"-"},{"label":"Weight","value":"200 g (7.05 oz)"},{"label":"Build","value":"Glass front, plastic back, plastic frame"},{"label":"SIM","value":"· Nano-SIM · Nano-SIM + Nano-SIM"}]},{"category":"Display","specs":[{"label":"Type","value":"IPS LCD, 90Hz"},{"label":"Size","value":"6.51 inches, 102.3 cm 2"},{"label":"Resolution","value":"720 x 1600 pixels, 20:9 ratio (~270 ppi density)"}]},{"category":"Platform","specs":[{"label":"OS","value":"Android 11"},{"label":"Chipset","value":"Qualcomm SM6115 Snapdragon 662 (11 nm)"},{"label":"CPU","value":"Octa-core (4x2.0 GHz Kryo 260 Gold & 4x1.8 GHz Kryo 260 Silver)"},{"label":"GPU","value":"Adreno 610"}]},{"category":"Memory","specs":[{"label":"Card slot","value":"microSDXC (uses shared SIM slot)"},{"label":"Internal","value":"64GB 4GB RAM, 128GB 4GB RAM, 128GB 6GB RAM"}]},{"category":"Main Camera","specs":[{"label":"Quad","value":"64 MP, f/1.7, 26mm (wide), 1/1.97\\", 0.7µm, PDAF"},{"label":"Features","value":"LED flash, HDR, panorama"},{"label":"Video","value":"1080p@30/60fps"}]},{"category":"Selfie camera","specs":[{"label":"Single","value":"13 MP, f/2.2, (wide), 1/3.1\\", 1.12µm"},{"label":"Video","value":"1080p@30fps"},{"label":"Features","value":"HDR"}]},{"category":"Sound","specs":[{"label":"Loudspeaker","value":"Yes"},{"label":"3.5mm jack","value":"Yes"}]},{"category":"Comms","specs":[{"label":"WLAN","value":"Wi-Fi 802.11 a/b/g/n/ac, dual-band, Wi-Fi Direct"},{"label":"Bluetooth","value":"5.0, A2DP, LE"},{"label":"Positioning","value":"GPS, GLONASS, GALILEO"},{"label":"NFC","value":"Unspecified"},{"label":"USB","value":"USB Type-C 2.0, OTG"},{"label":"Radio","value":"FM radio, RDS, recording"}]},{"category":"Features","specs":[{"label":"Sensors","value":"Fingerprint (rear-mounted), accelerometer, gyro, proximity"}]},{"category":"Battery","specs":[{"label":"Type","value":"Li-Po 5000 mAh"},{"label":"Charging","value":"15W wired"}]},{"category":"Misc","specs":[{"label":"Colors","value":"Black"},{"label":"Models","value":"XT2129-3"},{"label":"Price","value":"About 150 EUR"}]}]');
INSERT OR IGNORE INTO device_pictures (device_id, url, position) VALUES (385, 'https://fdn2.gsmarena.com/vv/bigpic/lenovo-k13-pro.jpg', 0);
INSERT OR IGNORE INTO device_pictures (device_id, url, position) VALUES (385, 'https://fdn2.gsmarena.com/vv/pics/lenovo/lenovo-k13-pro-1.jpg', 1);
INSERT OR IGNORE INTO devices (id, brand_id, name, gsmarena_url, thumbnail_url, summary) VALUES (386, 3, 'K13', 'https://www.gsmarena.com/lenovo_k13-10972.php', 'https://fdn2.gsmarena.com/vv/bigpic/lenovo-k13.jpg', 'K13');
INSERT OR IGNORE INTO device_specs (device_id, announced, status, network, os, chipset, cpu, gpu, display_size, display_type, display_res, ram, storage, main_camera, selfie_camera, battery, charging, nfc, usb, bluetooth, wlan, colors, weight, dimensions, sim, sensors, popularity, fans, rating, full_specs_json) VALUES (386, '2021, August 30', 'Available. Released 2021, August 30', 'GSM / HSPA / LTE / 4G/LTE', 'Android 10 (Go edition)', 'Unisoc SC9863A (28 nm)', 'Octa-core (4x1.6 GHz Cortex-A55 & 4x1.2 GHz Cortex-A55)', 'IMG8322', '6.52 inches, 102.6 cm 2 (~81.9% screen-to-body ratio)', 'IPS LCD', '720 x 1600 pixels, 20:9 ratio (~269 ppi density)', '2GB', '32GB', '13 MP, f/2.0, 26mm (wide), 1/3.1", 1.12µm, PDAF, LED flash, HDR, panorama', '5 MP, f/2.2, 27mm (wide), 1.12µm, 1080p@30fps', 'Li-Ion 5000 mAh', '10W wired', 'No', 'USB Type-C 2.0, OTG', '4.2, A2DP, LE', 'Wi-Fi 802.11 b/g/n', 'Tahiti Blue, Coral Red', '200 g (7.05 oz)', '165.1 x 75.9 x 9.2 mm (6.5 x 2.99 x 0.36 in)', 'Nano-SIM + Nano-SIM', 'Fingerprint (rear-mounted), accelerometer, proximity', 'About 90 EUR', NULL, NULL, '[{"category":"Network","specs":[{"label":"Technology","value":"GSM / HSPA / LTE"},{"label":"2G bands","value":"GSM 850 / 900 / 1800 / 1900"},{"label":"3G bands","value":"HSDPA 850 / 900 / 1900 / 2100"},{"label":"4G bands","value":"LTE"},{"label":"Speed","value":"HSPA, LTE"}]},{"category":"Launch","specs":[{"label":"Announced","value":"2021, August 30"},{"label":"Status","value":"Available. Released 2021, August 30"}]},{"category":"Body","specs":[{"label":"Dimensions","value":"165.1 x 75.9 x 9.2 mm (6.5 x 2.99 x 0.36 in)"},{"label":"Weight","value":"200 g (7.05 oz)"},{"label":"Build","value":"Glass front, plastic back, plastic frame"},{"label":"SIM","value":"Nano-SIM + Nano-SIM"}]},{"category":"Display","specs":[{"label":"Type","value":"IPS LCD"},{"label":"Size","value":"6.52 inches, 102.6 cm 2 (~81.9% screen-to-body ratio)"},{"label":"Resolution","value":"720 x 1600 pixels, 20:9 ratio (~269 ppi density)"}]},{"category":"Platform","specs":[{"label":"OS","value":"Android 10 (Go edition)"},{"label":"Chipset","value":"Unisoc SC9863A (28 nm)"},{"label":"CPU","value":"Octa-core (4x1.6 GHz Cortex-A55 & 4x1.2 GHz Cortex-A55)"},{"label":"GPU","value":"IMG8322"}]},{"category":"Memory","specs":[{"label":"Card slot","value":"microSDXC (uses shared SIM slot)"},{"label":"Internal","value":"32GB 2GB RAM"}]},{"category":"Main Camera","specs":[{"label":"Dual","value":"13 MP, f/2.0, 26mm (wide), 1/3.1\\", 1.12µm, PDAF"},{"label":"Features","value":"LED flash, HDR, panorama"},{"label":"Video","value":"1080p@30fps"}]},{"category":"Selfie camera","specs":[{"label":"Single","value":"5 MP, f/2.2, 27mm (wide), 1.12µm"},{"label":"Video","value":"1080p@30fps"},{"label":"Features","value":"HDR"}]},{"category":"Sound","specs":[{"label":"Loudspeaker","value":"Yes"},{"label":"3.5mm jack","value":"Yes"}]},{"category":"Comms","specs":[{"label":"WLAN","value":"Wi-Fi 802.11 b/g/n"},{"label":"Bluetooth","value":"4.2, A2DP, LE"},{"label":"Positioning","value":"GPS, GLONASS, GALILEO"},{"label":"NFC","value":"No"},{"label":"USB","value":"USB Type-C 2.0, OTG"},{"label":"Radio","value":"FM radio"}]},{"category":"Features","specs":[{"label":"Sensors","value":"Fingerprint (rear-mounted), accelerometer, proximity"}]},{"category":"Battery","specs":[{"label":"Type","value":"Li-Ion 5000 mAh"},{"label":"Charging","value":"10W wired"}]},{"category":"Misc","specs":[{"label":"Colors","value":"Tahiti Blue, Coral Red"},{"label":"Price","value":"About 90 EUR"}]}]');
INSERT OR IGNORE INTO device_pictures (device_id, url, position) VALUES (386, 'https://fdn2.gsmarena.com/vv/bigpic/lenovo-k13.jpg', 0);
INSERT OR IGNORE INTO device_pictures (device_id, url, position) VALUES (386, 'https://fdn2.gsmarena.com/vv/pics/lenovo/lenovo-k13-1.jpg', 1);
INSERT OR IGNORE INTO devices (id, brand_id, name, gsmarena_url, thumbnail_url, summary) VALUES (387, 3, 'Yoga Tab 11', 'https://www.gsmarena.com/lenovo_yoga_tab_11-10988.php', 'https://fdn2.gsmarena.com/vv/bigpic/lenovo-yoga-tab-11.jpg', 'Yoga Tab 11');
INSERT OR IGNORE INTO device_specs (device_id, announced, status, network, os, chipset, cpu, gpu, display_size, display_type, display_res, ram, storage, main_camera, selfie_camera, battery, charging, nfc, usb, bluetooth, wlan, colors, weight, dimensions, sim, sensors, popularity, fans, rating, full_specs_json) VALUES (387, '2021, June 28', 'Available. Released 2021, June 31', 'GSM / HSPA / LTE / 4G/LTE', 'Android 11', 'Mediatek MT6785 Helio G90T (12 nm)', 'Octa-core (2x2.05 GHz Cortex-A76 & 6x2.0 GHz Cortex-A55)', 'Mali-G76 MC4', '11.0 inches, 344.4 cm 2 (~79.4% screen-to-body ratio)', 'IPS LCD, Dolby Vision, 400 nits', '1200 x 2000 pixels, 5:3 ratio (~212 ppi density)', '4GB', '128GB', '8 MP, AF', '8 MP, 1080p@30fps', 'Li-Po 7700 mAh', '20W wired', 'No', 'USB Type-C 2.0', '5.0, A2DP, LE', 'Wi-Fi 802.11 a/b/g/n/ac, dual-band, Wi-Fi Direct', 'Storm Gray', '655 g (1.44 lb)', '256.8 mm x 169 mm x 7.9-8.3 mm', 'Nano-SIM (cellular model only)', 'Face recognition, accelerometer, gyro', 'About 350 EUR', NULL, NULL, '[{"category":"Network","specs":[{"label":"Technology","value":"GSM / HSPA / LTE"},{"label":"2G bands","value":"GSM 850 / 900 / 1800 / 1900"},{"label":"3G bands","value":"HSDPA 850 / 900 / 1700(AWS) / 1900 / 2100"},{"label":"4G bands","value":"LTE"},{"label":"Speed","value":"HSPA, LTE - cellular model only"}]},{"category":"Launch","specs":[{"label":"Announced","value":"2021, June 28"},{"label":"Status","value":"Available. Released 2021, June 31"}]},{"category":"Body","specs":[{"label":"Dimensions","value":"256.8 mm x 169 mm x 7.9-8.3 mm"},{"label":"Weight","value":"655 g (1.44 lb)"},{"label":"Build","value":"Glass front, aluminum frame, aluminum back"},{"label":"SIM","value":"Nano-SIM (cellular model only)"}]},{"category":"Display","specs":[{"label":"Type","value":"IPS LCD, Dolby Vision, 400 nits"},{"label":"Size","value":"11.0 inches, 344.4 cm 2 (~79.4% screen-to-body ratio)"},{"label":"Resolution","value":"1200 x 2000 pixels, 5:3 ratio (~212 ppi density)"}]},{"category":"Platform","specs":[{"label":"OS","value":"Android 11"},{"label":"Chipset","value":"Mediatek MT6785 Helio G90T (12 nm)"},{"label":"CPU","value":"Octa-core (2x2.05 GHz Cortex-A76 & 6x2.0 GHz Cortex-A55)"},{"label":"GPU","value":"Mali-G76 MC4"}]},{"category":"Memory","specs":[{"label":"Card slot","value":"microSDXC"},{"label":"Internal","value":"128GB 4GB RAM, 256GB 8GB RAM"}]},{"category":"Main Camera","specs":[{"label":"Single","value":"8 MP, AF"},{"label":"Video","value":"1080p@30fps"}]},{"category":"Selfie camera","specs":[{"label":"Single","value":"8 MP"},{"label":"Video","value":"1080p@30fps"}]},{"category":"Sound","specs":[{"label":"Loudspeaker","value":"Yes, with stereo speakers (4 speakers)"},{"label":"3.5mm jack","value":"No"}]},{"category":"Comms","specs":[{"label":"WLAN","value":"Wi-Fi 802.11 a/b/g/n/ac, dual-band, Wi-Fi Direct"},{"label":"Bluetooth","value":"5.0, A2DP, LE"},{"label":"Positioning","value":"GPS, GLONASS - cellular model only"},{"label":"NFC","value":"No"},{"label":"USB","value":"USB Type-C 2.0"},{"label":"Radio","value":"No"}]},{"category":"Features","specs":[{"label":"Sensors","value":"Face recognition, accelerometer, gyro"}]},{"category":"Battery","specs":[{"label":"Type","value":"Li-Po 7700 mAh"},{"label":"Charging","value":"20W wired"}]},{"category":"Misc","specs":[{"label":"Colors","value":"Storm Gray"},{"label":"Price","value":"About 350 EUR"}]}]');
INSERT OR IGNORE INTO device_pictures (device_id, url, position) VALUES (387, 'https://fdn2.gsmarena.com/vv/bigpic/lenovo-yoga-tab-11.jpg', 0);
INSERT OR IGNORE INTO device_pictures (device_id, url, position) VALUES (387, 'https://fdn2.gsmarena.com/vv/pics/lenovo/lenovo-yoga-tab-11-0.jpg', 1);
INSERT OR IGNORE INTO device_pictures (device_id, url, position) VALUES (387, 'https://fdn2.gsmarena.com/vv/pics/lenovo/lenovo-yoga-tab-11-2.jpg', 2);
INSERT OR IGNORE INTO devices (id, brand_id, name, gsmarena_url, thumbnail_url, summary) VALUES (388, 3, 'Tab P11 Plus', 'https://www.gsmarena.com/lenovo_tab_p11_plus-10990.php', 'https://fdn2.gsmarena.com/vv/bigpic/lenovo-tab-p11.jpg', 'Tab P11 Plus');
INSERT OR IGNORE INTO device_specs (device_id, announced, status, network, os, chipset, cpu, gpu, display_size, display_type, display_res, ram, storage, main_camera, selfie_camera, battery, charging, nfc, usb, bluetooth, wlan, colors, weight, dimensions, sim, sensors, popularity, fans, rating, full_specs_json) VALUES (388, '2021, June 28', 'Available. Released 2021, July 29', 'GSM / HSPA / LTE / 4G/LTE', 'Android 11', 'Mediatek MT6785 Helio G90T (12 nm)', 'Octa-core (2x2.05 GHz Cortex-A76 & 6x2.0 GHz Cortex-A55)', 'Mali-G76 MC4', '11.0 inches, 344.4 cm 2 (~81.8% screen-to-body ratio)', 'IPS LCD, 400 nits (typ)', '1200 x 2000 pixels, 5:3 ratio (~212 ppi density)', '4GB', '64GB', '13 MP, (wide), AF, LED flash', '8 MP, (wide), 1080p@30fps', 'Li-Po 7700 mAh', '20W wired', 'No', 'USB Type-C 2.0', '5.1, A2DP, LE', 'Wi-Fi 802.11 a/b/g/n/ac, dual-band, Wi-Fi Direct', 'Slate Grey, Platinum Grey, Modernist teal', '490 g (1.08 lb)', '258.4 x 163 x 7.5 mm (10.17 x 6.42 x 0.30 in)', 'Nano-SIM (cellular model only)', 'Accelerometer, gyro, proximity', 'About 300 EUR', NULL, NULL, '[{"category":"Network","specs":[{"label":"Technology","value":"GSM / HSPA / LTE"},{"label":"2G bands","value":"GSM 850 / 900 / 1800 / 1900"},{"label":"3G bands","value":"HSDPA 850 / 900 / 1900 / 2100"},{"label":"4G bands","value":"1, 2, 3, 4, 5, 7, 8, 20, 28, 38, 40, 41"},{"label":"Speed","value":"HSPA, LTE - cellular model only"}]},{"category":"Launch","specs":[{"label":"Announced","value":"2021, June 28"},{"label":"Status","value":"Available. Released 2021, July 29"}]},{"category":"Body","specs":[{"label":"Dimensions","value":"258.4 x 163 x 7.5 mm (10.17 x 6.42 x 0.30 in)"},{"label":"Weight","value":"490 g (1.08 lb)"},{"label":"SIM","value":"Nano-SIM (cellular model only)"}]},{"category":"Display","specs":[{"label":"Type","value":"IPS LCD, 400 nits (typ)"},{"label":"Size","value":"11.0 inches, 344.4 cm 2 (~81.8% screen-to-body ratio)"},{"label":"Resolution","value":"1200 x 2000 pixels, 5:3 ratio (~212 ppi density)"}]},{"category":"Platform","specs":[{"label":"OS","value":"Android 11"},{"label":"Chipset","value":"Mediatek MT6785 Helio G90T (12 nm)"},{"label":"CPU","value":"Octa-core (2x2.05 GHz Cortex-A76 & 6x2.0 GHz Cortex-A55)"},{"label":"GPU","value":"Mali-G76 MC4"}]},{"category":"Memory","specs":[{"label":"Card slot","value":"microSDXC (dedicated slot)"},{"label":"Internal","value":"64GB 4GB RAM, 128GB 4GB RAM, 128GB 6GB RAM"}]},{"category":"Main Camera","specs":[{"label":"Single","value":"13 MP, (wide), AF"},{"label":"Features","value":"LED flash"},{"label":"Video","value":"1080p@30fps"}]},{"category":"Selfie camera","specs":[{"label":"Single","value":"8 MP, (wide)"},{"label":"Video","value":"1080p@30fps"}]},{"category":"Sound","specs":[{"label":"Loudspeaker","value":"Yes, with stereo speakers (4 speakers)"},{"label":"3.5mm jack","value":"No"}]},{"category":"Comms","specs":[{"label":"WLAN","value":"Wi-Fi 802.11 a/b/g/n/ac, dual-band, Wi-Fi Direct"},{"label":"Bluetooth","value":"5.1, A2DP, LE"},{"label":"Positioning","value":"GPS, GLONASS, BDS - cellular model only"},{"label":"NFC","value":"No"},{"label":"USB","value":"USB Type-C 2.0"},{"label":"Radio","value":"FM radio"}]},{"category":"Features","specs":[{"label":"Sensors","value":"Accelerometer, gyro, proximity"}]},{"category":"Battery","specs":[{"label":"Type","value":"Li-Po 7700 mAh"},{"label":"Charging","value":"20W wired"}]},{"category":"Misc","specs":[{"label":"Colors","value":"Slate Grey, Platinum Grey, Modernist teal"},{"label":"Models","value":"ZA940124SE"},{"label":"Price","value":"About 300 EUR"}]}]');
INSERT OR IGNORE INTO device_pictures (device_id, url, position) VALUES (388, 'https://fdn2.gsmarena.com/vv/bigpic/lenovo-tab-p11.jpg', 0);
INSERT OR IGNORE INTO device_pictures (device_id, url, position) VALUES (388, 'https://fdn2.gsmarena.com/vv/pics/lenovo/lenovo-tab-p11-2.jpg', 1);
INSERT OR IGNORE INTO device_pictures (device_id, url, position) VALUES (388, 'https://fdn2.gsmarena.com/vv/pics/lenovo/lenovo-tab-p11-1.jpg', 2);
INSERT OR IGNORE INTO devices (id, brand_id, name, gsmarena_url, thumbnail_url, summary) VALUES (389, 3, 'Tab M8 (3rd Gen)', 'https://www.gsmarena.com/lenovo_tab_m8_(3rd_gen)-10991.php', 'https://fdn2.gsmarena.com/vv/bigpic/lenovo-tab-m8-3.jpg', 'Tab M8 (3rd Gen)');
INSERT OR IGNORE INTO device_specs (device_id, announced, status, network, os, chipset, cpu, gpu, display_size, display_type, display_res, ram, storage, main_camera, selfie_camera, battery, charging, nfc, usb, bluetooth, wlan, colors, weight, dimensions, sim, sensors, popularity, fans, rating, full_specs_json) VALUES (389, '2021, June 28', 'Available. Released 2022, February', 'GSM / CDMA / HSPA / LTE / 4G/LTE', 'Android 11 (Go edition) - 2 GB RAM version Android 11 - 3 GB RAM version', 'Mediatek MT8768T Helio P22T (12 nm)', 'Octa-core (4x2.3 GHz Cortex-A53 & 4x1.8 GHz Cortex-A53)', 'PowerVR GE8320', '8.0 inches, 185.6 cm 2 (~76.5% screen-to-body ratio)', 'TDDI IPS LCD, 350 nits (typ)', '800 x 1280 pixels, 16:10 ratio (~189 ppi density)', '2GB', '32GB', '5 MP, AF', '2 MP, 720p', 'Li-Po 5100 mAh', NULL, 'No', 'USB Type-C 2.0, OTG', '5.0, A2DP, LE', 'Wi-Fi 802.11 a/b/g/n, dual-band, Wi-Fi Direct', 'Iron Grey, Platinum Grey', '305 g (10.76 oz)', '199.1 x 121.8 x 8.2 mm (7.84 x 4.80 x 0.32 in)', 'Nano-SIM (cellular model only)', 'Accelerometer, proximity', NULL, NULL, NULL, '[{"category":"Network","specs":[{"label":"Technology","value":"GSM / CDMA / HSPA / LTE"},{"label":"2G bands","value":"GSM 850 / 900 / 1800 / 1900"},{"label":"3G bands","value":"HSDPA 850 / 900 / 1700(AWS) / 1900 / 2100 - International"},{"label":"4G bands","value":"1, 2, 3, 4, 5, 19, 7, 8, 20, 26, 28, 38, 40, 41 - International"},{"label":"Speed","value":"HSPA, LTE - cellular model only"}]},{"category":"Launch","specs":[{"label":"Announced","value":"2021, June 28"},{"label":"Status","value":"Available. Released 2022, February"}]},{"category":"Body","specs":[{"label":"Dimensions","value":"199.1 x 121.8 x 8.2 mm (7.84 x 4.80 x 0.32 in)"},{"label":"Weight","value":"305 g (10.76 oz)"},{"label":"Build","value":"Glass front, aluminum back, aluminum frame"},{"label":"SIM","value":"Nano-SIM (cellular model only)"}]},{"category":"Display","specs":[{"label":"Type","value":"TDDI IPS LCD, 350 nits (typ)"},{"label":"Size","value":"8.0 inches, 185.6 cm 2 (~76.5% screen-to-body ratio)"},{"label":"Resolution","value":"800 x 1280 pixels, 16:10 ratio (~189 ppi density)"}]},{"category":"Platform","specs":[{"label":"OS","value":"Android 11 (Go edition) - 2 GB RAM version Android 11 - 3 GB RAM version"},{"label":"Chipset","value":"Mediatek MT8768T Helio P22T (12 nm)"},{"label":"CPU","value":"Octa-core (4x2.3 GHz Cortex-A53 & 4x1.8 GHz Cortex-A53)"},{"label":"GPU","value":"PowerVR GE8320"}]},{"category":"Memory","specs":[{"label":"Card slot","value":"microSDXC (dedicated slot)"},{"label":"Internal","value":"32GB 2GB RAM, 32GB 3GB RAM"}]},{"category":"Main Camera","specs":[{"label":"Single","value":"5 MP, AF"},{"label":"Video","value":"1080p"}]},{"category":"Selfie camera","specs":[{"label":"Single","value":"2 MP"},{"label":"Video","value":"720p"}]},{"category":"Sound","specs":[{"label":"Loudspeaker","value":"Yes"},{"label":"3.5mm jack","value":"Yes"}]},{"category":"Comms","specs":[{"label":"WLAN","value":"Wi-Fi 802.11 a/b/g/n, dual-band, Wi-Fi Direct"},{"label":"Bluetooth","value":"5.0, A2DP, LE"},{"label":"Positioning","value":"GPS, GLONASS, BDS - cellular model only"},{"label":"NFC","value":"No"},{"label":"USB","value":"USB Type-C 2.0, OTG"},{"label":"Radio","value":"FM radio"}]},{"category":"Features","specs":[{"label":"Sensors","value":"Accelerometer, proximity"}]},{"category":"Battery","specs":[{"label":"Type","value":"Li-Po 5100 mAh"}]},{"category":"Misc","specs":[{"label":"Colors","value":"Iron Grey, Platinum Grey"}]}]');
INSERT OR IGNORE INTO device_pictures (device_id, url, position) VALUES (389, 'https://fdn2.gsmarena.com/vv/bigpic/lenovo-tab-m8-3.jpg', 0);
INSERT OR IGNORE INTO device_pictures (device_id, url, position) VALUES (389, 'https://fdn2.gsmarena.com/vv/pics/lenovo/lenovo-tab-m8-3-2.jpg', 1);
INSERT OR IGNORE INTO device_pictures (device_id, url, position) VALUES (389, 'https://fdn2.gsmarena.com/vv/pics/lenovo/lenovo-tab-m8-3-1.jpg', 2);
INSERT OR IGNORE INTO devices (id, brand_id, name, gsmarena_url, thumbnail_url, summary) VALUES (390, 3, 'Tab M7 (3rd Gen)', 'https://www.gsmarena.com/lenovo_tab_m7_(3rd_gen)-10992.php', 'https://fdn2.gsmarena.com/vv/bigpic/lenovo-tab-m7-3.jpg', 'Tab M7 (3rd Gen)');
INSERT OR IGNORE INTO device_specs (device_id, announced, status, network, os, chipset, cpu, gpu, display_size, display_type, display_res, ram, storage, main_camera, selfie_camera, battery, charging, nfc, usb, bluetooth, wlan, colors, weight, dimensions, sim, sensors, popularity, fans, rating, full_specs_json) VALUES (390, '2021, June 28', 'Available. Released 2021, June 31', 'GSM / HSPA / LTE / 4G/LTE', 'Android 11 (Go edition)', 'Mediatek MT8166 - Wi-Fi version Mediatek MT8766 - LTE version', 'Octa-core 2.0 GHz', NULL, '7.0 inches, 137.9 cm 2 (~76.5% screen-to-body ratio)', 'TDDI IPS LCD, 350 nits (typ)', '600 x 1024 pixels, 16:9 ratio (~170 ppi density)', '2GB', '32GB', '2 MP', '2 MP, 720p', 'Li-Po 3750 mAh', NULL, 'No', 'microUSB 2.0, OTG', '5.0, A2DP, LE', 'Wi-Fi 802.11 a/b/g/n/ac, dual-band, Wi-Fi Direct', 'Iron Grey', '237 g (8.36 oz)', '176.2 x 102.3 x 8.3 mm (6.94 x 4.03 x 0.33 in)', 'Nano-SIM (cellular model only)', 'Accelerometer', 'About 120 EUR', NULL, NULL, '[{"category":"Network","specs":[{"label":"Technology","value":"GSM / HSPA / LTE"},{"label":"2G bands","value":"GSM 850 / 900 / 1800 / 1900"},{"label":"3G bands","value":"HSDPA 850 / 900 / 1900 / 2100"},{"label":"4G bands","value":"1, 2, 3, 4, 5, 7, 8, 19, 20, 28, 38, 40, 41"},{"label":"Speed","value":"HSPA, LTE - cellular model only"}]},{"category":"Launch","specs":[{"label":"Announced","value":"2021, June 28"},{"label":"Status","value":"Available. Released 2021, June 31"}]},{"category":"Body","specs":[{"label":"Dimensions","value":"176.2 x 102.3 x 8.3 mm (6.94 x 4.03 x 0.33 in)"},{"label":"Weight","value":"237 g (8.36 oz)"},{"label":"Build","value":"Glass front, aluminum back, aluminum frame"},{"label":"SIM","value":"Nano-SIM (cellular model only)"}]},{"category":"Display","specs":[{"label":"Type","value":"TDDI IPS LCD, 350 nits (typ)"},{"label":"Size","value":"7.0 inches, 137.9 cm 2 (~76.5% screen-to-body ratio)"},{"label":"Resolution","value":"600 x 1024 pixels, 16:9 ratio (~170 ppi density)"}]},{"category":"Platform","specs":[{"label":"OS","value":"Android 11 (Go edition)"},{"label":"Chipset","value":"Mediatek MT8166 - Wi-Fi version Mediatek MT8766 - LTE version"},{"label":"CPU","value":"Octa-core 2.0 GHz"}]},{"category":"Memory","specs":[{"label":"Card slot","value":"microSDHC (dedicated slot)"},{"label":"Internal","value":"32GB 2GB RAM"}]},{"category":"Main Camera","specs":[{"label":"Single","value":"2 MP"},{"label":"Video","value":"720p"}]},{"category":"Selfie camera","specs":[{"label":"Single","value":"2 MP"},{"label":"Video","value":"720p"}]},{"category":"Sound","specs":[{"label":"Loudspeaker","value":"Yes"},{"label":"3.5mm jack","value":"Yes"}]},{"category":"Comms","specs":[{"label":"WLAN","value":"Wi-Fi 802.11 a/b/g/n/ac, dual-band, Wi-Fi Direct"},{"label":"Bluetooth","value":"5.0, A2DP, LE"},{"label":"Positioning","value":"GPS - cellular model only"},{"label":"NFC","value":"No"},{"label":"USB","value":"microUSB 2.0, OTG"},{"label":"Radio","value":"FM radio"}]},{"category":"Features","specs":[{"label":"Sensors","value":"Accelerometer"}]},{"category":"Battery","specs":[{"label":"Type","value":"Li-Po 3750 mAh"}]},{"category":"Misc","specs":[{"label":"Colors","value":"Iron Grey"},{"label":"Models","value":"ZA8C0027US, TB-7306X"},{"label":"Price","value":"About 120 EUR"}]}]');
INSERT OR IGNORE INTO device_pictures (device_id, url, position) VALUES (390, 'https://fdn2.gsmarena.com/vv/bigpic/lenovo-tab-m7-3.jpg', 0);
INSERT OR IGNORE INTO device_pictures (device_id, url, position) VALUES (390, 'https://fdn2.gsmarena.com/vv/pics/lenovo/lenovo-tab-m7-3-1.jpg', 1);
INSERT OR IGNORE INTO device_pictures (device_id, url, position) VALUES (390, 'https://fdn2.gsmarena.com/vv/pics/lenovo/lenovo-tab-m7-3-2.jpg', 2);
INSERT OR IGNORE INTO devices (id, brand_id, name, gsmarena_url, thumbnail_url, summary) VALUES (391, 3, 'K13 Note', 'https://www.gsmarena.com/lenovo_k13_note-10970.php', 'https://fdn2.gsmarena.com/vv/bigpic/lenovo-k13-note.jpg', 'K13 Note');
INSERT OR IGNORE INTO device_specs (device_id, announced, status, network, os, chipset, cpu, gpu, display_size, display_type, display_res, ram, storage, main_camera, selfie_camera, battery, charging, nfc, usb, bluetooth, wlan, colors, weight, dimensions, sim, sensors, popularity, fans, rating, full_specs_json) VALUES (391, '2021, June 22', 'Available. Released 2021, June 22', 'GSM / HSPA / LTE / 4G/LTE', 'Android 11', 'Qualcomm SM4250 Snapdragon 460 (11 nm)', 'Octa-core (4x1.8 GHz Kryo 240 & 4x1.6 GHz Kryo 240)', 'Adreno 610', '6.5 inches, 102.0 cm 2 (~81.6% screen-to-body ratio)', 'IPS LCD', '720 x 1600 pixels, 20:9 ratio (~270 ppi density)', '4GB', '128GB', '48 MP, f/1.7, (wide), 1/2.0", 0.8µm, PDAF, LED flash, HDR, panorama', '8 MP, f/2.2, (wide), 1/4.0", 1.12µm, 1080p@30fps', 'Li-Po 5000 mAh', '10W wired', 'Yes', 'USB Type-C 2.0', '5.0, A2DP, LE', 'Wi-Fi 802.11 a/b/g/n/ac, dual-band, Wi-Fi Direct', 'Aurora Gray, Pearl Sakura', '200 g (7.05 oz)', '165.2 x 75.7 x 9.1 mm (6.50 x 2.98 x 0.36 in)', 'Nano-SIM + Nano-SIM', 'Fingerprint (rear-mounted), accelerometer, gyro, proximity', 'About 120 EUR', NULL, NULL, '[{"category":"Network","specs":[{"label":"Technology","value":"GSM / HSPA / LTE"},{"label":"2G bands","value":"GSM 850 / 900 / 1800 / 1900"},{"label":"3G bands","value":"HSDPA 850 / 900 / 1900 / 2100"},{"label":"4G bands","value":"LTE"},{"label":"Speed","value":"HSPA 42.2/5.76 Mbps, LTE Cat4 150/50 Mbps"}]},{"category":"Launch","specs":[{"label":"Announced","value":"2021, June 22"},{"label":"Status","value":"Available. Released 2021, June 22"}]},{"category":"Body","specs":[{"label":"Dimensions","value":"165.2 x 75.7 x 9.1 mm (6.50 x 2.98 x 0.36 in)"},{"label":"Weight","value":"200 g (7.05 oz)"},{"label":"Build","value":"Glass front, plastic frame, plastic back"},{"label":"SIM","value":"Nano-SIM + Nano-SIM"}]},{"category":"Display","specs":[{"label":"Type","value":"IPS LCD"},{"label":"Size","value":"6.5 inches, 102.0 cm 2 (~81.6% screen-to-body ratio)"},{"label":"Resolution","value":"720 x 1600 pixels, 20:9 ratio (~270 ppi density)"}]},{"category":"Platform","specs":[{"label":"OS","value":"Android 11"},{"label":"Chipset","value":"Qualcomm SM4250 Snapdragon 460 (11 nm)"},{"label":"CPU","value":"Octa-core (4x1.8 GHz Kryo 240 & 4x1.6 GHz Kryo 240)"},{"label":"GPU","value":"Adreno 610"}]},{"category":"Memory","specs":[{"label":"Card slot","value":"microSDXC (uses shared SIM slot)"},{"label":"Internal","value":"128GB 4GB RAM"}]},{"category":"Main Camera","specs":[{"label":"Quad","value":"48 MP, f/1.7, (wide), 1/2.0\\", 0.8µm, PDAF"},{"label":"Features","value":"LED flash, HDR, panorama"},{"label":"Video","value":"1080p@30fps"}]},{"category":"Selfie camera","specs":[{"label":"Single","value":"8 MP, f/2.2, (wide), 1/4.0\\", 1.12µm"},{"label":"Video","value":"1080p@30fps"},{"label":"Features","value":"HDR"}]},{"category":"Sound","specs":[{"label":"Loudspeaker","value":"Yes"},{"label":"3.5mm jack","value":"Yes"}]},{"category":"Comms","specs":[{"label":"WLAN","value":"Wi-Fi 802.11 a/b/g/n/ac, dual-band, Wi-Fi Direct"},{"label":"Bluetooth","value":"5.0, A2DP, LE"},{"label":"Positioning","value":"GPS, GLONASS, GALILEO"},{"label":"NFC","value":"Yes"},{"label":"USB","value":"USB Type-C 2.0"},{"label":"Radio","value":"FM radio"}]},{"category":"Features","specs":[{"label":"Sensors","value":"Fingerprint (rear-mounted), accelerometer, gyro, proximity"}]},{"category":"Battery","specs":[{"label":"Type","value":"Li-Po 5000 mAh"},{"label":"Charging","value":"10W wired"}]},{"category":"Misc","specs":[{"label":"Colors","value":"Aurora Gray, Pearl Sakura"},{"label":"Price","value":"About 120 EUR"}]}]');
INSERT OR IGNORE INTO device_pictures (device_id, url, position) VALUES (391, 'https://fdn2.gsmarena.com/vv/bigpic/lenovo-k13-note.jpg', 0);
INSERT OR IGNORE INTO device_pictures (device_id, url, position) VALUES (391, 'https://fdn2.gsmarena.com/vv/pics/lenovo/lenovo-k13-note-1.jpg', 1);
INSERT OR IGNORE INTO device_pictures (device_id, url, position) VALUES (391, 'https://fdn2.gsmarena.com/vv/pics/lenovo/lenovo-k13-note-2.jpg', 2);
INSERT OR IGNORE INTO devices (id, brand_id, name, gsmarena_url, thumbnail_url, summary) VALUES (392, 3, 'Yoga Tab 13', 'https://www.gsmarena.com/lenovo_yoga_tab_13-10924.php', 'https://fdn2.gsmarena.com/vv/bigpic/lenovo-yoga-pad-pro.jpg', 'Yoga Tab 13');
INSERT OR IGNORE INTO device_specs (device_id, announced, status, network, os, chipset, cpu, gpu, display_size, display_type, display_res, ram, storage, main_camera, selfie_camera, battery, charging, nfc, usb, bluetooth, wlan, colors, weight, dimensions, sim, sensors, popularity, fans, rating, full_specs_json) VALUES (392, '2021, May 24', 'Available. Released 2021, May 31', 'No cellular connectivity / 4G/LTE', 'Android 11, ZUI 12.5', 'Qualcomm SM8250-AC Snapdragon 870 5G (7 nm)', 'Octa-core (1x3.2 GHz Kryo 585 & 3x2.42 GHz Kryo 585 & 4x1.80 GHz Kryo 585)', 'Adreno 650', '13.0 inches, 490.0 cm 2 (~56.7% screen-to-body ratio)', 'IPS LCD, HDR10, Dolby Vision, 400 nits', '1350 x 2160 pixels, 16:10 ratio (~196 ppi density)', '8GB', '256GB', NULL, '8 MP, 1080p@30fps', 'Li-Po 10200 mAh', NULL, 'No', 'USB Type-C 3.1, micro HDMI', '5.2, A2DP, LE', 'Wi-Fi 802.11 a/b/g/n/ac/6, dual-band, Wi-Fi Direct', 'Gray', '830 g (1.83 lb)', '293.4 mm x 204 mm x 6.2-24.9 mm', 'No', 'Face recognition, accelerometer, gyro, proximity', 'About 800 EUR', NULL, NULL, '[{"category":"Network","specs":[{"label":"Technology","value":"No cellular connectivity"},{"label":"2G bands","value":"N/A"},{"label":"3G bands","value":"N/A"},{"label":"4G bands","value":"N/A"},{"label":"GPRS","value":"No"},{"label":"EDGE","value":"No"}]},{"category":"Launch","specs":[{"label":"Announced","value":"2021, May 24"},{"label":"Status","value":"Available. Released 2021, May 31"}]},{"category":"Body","specs":[{"label":"Dimensions","value":"293.4 mm x 204 mm x 6.2-24.9 mm"},{"label":"Weight","value":"830 g (1.83 lb)"},{"label":"Build","value":"Glass front, aluminum frame, aluminum back"},{"label":"SIM","value":"No"}]},{"category":"Display","specs":[{"label":"Type","value":"IPS LCD, HDR10, Dolby Vision, 400 nits"},{"label":"Size","value":"13.0 inches, 490.0 cm 2 (~56.7% screen-to-body ratio)"},{"label":"Resolution","value":"1350 x 2160 pixels, 16:10 ratio (~196 ppi density)"}]},{"category":"Platform","specs":[{"label":"OS","value":"Android 11, ZUI 12.5"},{"label":"Chipset","value":"Qualcomm SM8250-AC Snapdragon 870 5G (7 nm)"},{"label":"CPU","value":"Octa-core (1x3.2 GHz Kryo 585 & 3x2.42 GHz Kryo 585 & 4x1.80 GHz Kryo 585)"},{"label":"GPU","value":"Adreno 650"}]},{"category":"Memory","specs":[{"label":"Card slot","value":"No"},{"label":"Internal","value":"256GB 8GB RAM"}]},{"category":"Selfie camera","specs":[{"label":"Single","value":"8 MP"},{"label":"Video","value":"1080p@30fps"}]},{"category":"Sound","specs":[{"label":"Loudspeaker","value":"Yes, with stereo speakers (4 speakers)"},{"label":"3.5mm jack","value":"No"}]},{"category":"Comms","specs":[{"label":"WLAN","value":"Wi-Fi 802.11 a/b/g/n/ac/6, dual-band, Wi-Fi Direct"},{"label":"Bluetooth","value":"5.2, A2DP, LE"},{"label":"Positioning","value":"Unspecified"},{"label":"NFC","value":"No"},{"label":"USB","value":"USB Type-C 3.1, micro HDMI"},{"label":"Radio","value":"No"}]},{"category":"Features","specs":[{"label":"Sensors","value":"Face recognition, accelerometer, gyro, proximity"}]},{"category":"Battery","specs":[{"label":"Type","value":"Li-Po 10200 mAh"}]},{"category":"Misc","specs":[{"label":"Colors","value":"Gray"},{"label":"Models","value":"ZA8E0018CN"},{"label":"Price","value":"About 800 EUR"}]}]');
INSERT OR IGNORE INTO device_pictures (device_id, url, position) VALUES (392, 'https://fdn2.gsmarena.com/vv/bigpic/lenovo-yoga-pad-pro.jpg', 0);
INSERT OR IGNORE INTO device_pictures (device_id, url, position) VALUES (392, 'https://fdn2.gsmarena.com/vv/pics/lenovo/lenovo-yoga-pad-pro-1.jpg', 1);
INSERT OR IGNORE INTO device_pictures (device_id, url, position) VALUES (392, 'https://fdn2.gsmarena.com/vv/pics/lenovo/lenovo-yoga-pad-pro-2.jpg', 2);
INSERT OR IGNORE INTO device_pictures (device_id, url, position) VALUES (392, 'https://fdn2.gsmarena.com/vv/pics/lenovo/lenovo-yoga-pad-pro-3.jpg', 3);
INSERT OR IGNORE INTO device_pictures (device_id, url, position) VALUES (392, 'https://fdn2.gsmarena.com/vv/pics/lenovo/lenovo-yoga-pad-pro-4.jpg', 4);
INSERT OR IGNORE INTO device_pictures (device_id, url, position) VALUES (392, 'https://fdn2.gsmarena.com/vv/pics/lenovo/lenovo-yoga-pad-pro-5.jpg', 5);
INSERT OR IGNORE INTO devices (id, brand_id, name, gsmarena_url, thumbnail_url, summary) VALUES (393, 3, 'Pad Pro', 'https://www.gsmarena.com/lenovo_pad_pro-10925.php', 'https://fdn2.gsmarena.com/vv/bigpic/lenovo-pad-pro.jpg', 'Pad Pro');
INSERT OR IGNORE INTO device_specs (device_id, announced, status, network, os, chipset, cpu, gpu, display_size, display_type, display_res, ram, storage, main_camera, selfie_camera, battery, charging, nfc, usb, bluetooth, wlan, colors, weight, dimensions, sim, sensors, popularity, fans, rating, full_specs_json) VALUES (393, '2021, May 24', 'Available. Released 2021, May 31', 'No cellular connectivity / 4G/LTE', 'Android 11, ZUI 12.5', 'Qualcomm SM8250-AC Snapdragon 870 5G (7 nm)', 'Octa-core (1x3.2 GHz Kryo 585 & 3x2.42 GHz Kryo 585 & 4x1.80 GHz Kryo 585)', 'Adreno 650', '11.5 inches, 383.5 cm 2 (~84.6% screen-to-body ratio)', 'OLED, HDR10, Dolby Vision, 90Hz, 420 nits (typ), 600 nits (peak)', '1600 x 2560 pixels, 16:10 ratio (~263 ppi density)', '6GB', '128GB', '13 MP, (wide), AF, LED flash', '8 MP, 1080p@30fps', 'Li-Po 8600 mAh', '20W wired, QC3', 'No', 'USB Type-C 3.1, OTG, magnetic connector', '5.1, A2DP, LE', 'Wi-Fi 802.11 a/b/g/n/ac/6, dual-band, Wi-Fi Direct', 'Silver', '485 g (1.07 lb)', '264.3 x 171.4 x 5.8 mm (10.41 x 6.75 x 0.23 in)', 'No', 'Infrared Face ID, fingerprint (side-mounted), accelerometer, gyro, proximity', 'About 320 EUR', NULL, NULL, '[{"category":"Network","specs":[{"label":"Technology","value":"No cellular connectivity"},{"label":"2G bands","value":"N/A"},{"label":"3G bands","value":"N/A"},{"label":"4G bands","value":"N/A"},{"label":"GPRS","value":"No"},{"label":"EDGE","value":"No"}]},{"category":"Launch","specs":[{"label":"Announced","value":"2021, May 24"},{"label":"Status","value":"Available. Released 2021, May 31"}]},{"category":"Body","specs":[{"label":"Dimensions","value":"264.3 x 171.4 x 5.8 mm (10.41 x 6.75 x 0.23 in)"},{"label":"Weight","value":"485 g (1.07 lb)"},{"label":"Build","value":"Glass front, aluminum frame, aluminum back"},{"label":"SIM","value":"No"}]},{"category":"Display","specs":[{"label":"Type","value":"OLED, HDR10, Dolby Vision, 90Hz, 420 nits (typ), 600 nits (peak)"},{"label":"Size","value":"11.5 inches, 383.5 cm 2 (~84.6% screen-to-body ratio)"},{"label":"Resolution","value":"1600 x 2560 pixels, 16:10 ratio (~263 ppi density)"}]},{"category":"Platform","specs":[{"label":"OS","value":"Android 11, ZUI 12.5"},{"label":"Chipset","value":"Qualcomm SM8250-AC Snapdragon 870 5G (7 nm)"},{"label":"CPU","value":"Octa-core (1x3.2 GHz Kryo 585 & 3x2.42 GHz Kryo 585 & 4x1.80 GHz Kryo 585)"},{"label":"GPU","value":"Adreno 650"}]},{"category":"Memory","specs":[{"label":"Card slot","value":"microSDXC (dedicated slot)"},{"label":"Internal","value":"128GB 6GB RAM"}]},{"category":"Main Camera","specs":[{"label":"Dual","value":"13 MP, (wide), AF"},{"label":"Features","value":"LED flash"},{"label":"Video","value":"1080p@30fps"}]},{"category":"Selfie camera","specs":[{"label":"Single","value":"8 MP"},{"label":"Video","value":"1080p@30fps"}]},{"category":"Sound","specs":[{"label":"Loudspeaker","value":"Yes, with stereo speakers (4 speakers)"},{"label":"3.5mm jack","value":"No"}]},{"category":"Comms","specs":[{"label":"WLAN","value":"Wi-Fi 802.11 a/b/g/n/ac/6, dual-band, Wi-Fi Direct"},{"label":"Bluetooth","value":"5.1, A2DP, LE"},{"label":"Positioning","value":"No"},{"label":"NFC","value":"No"},{"label":"USB","value":"USB Type-C 3.1, OTG, magnetic connector"},{"label":"Radio","value":"No"}]},{"category":"Features","specs":[{"label":"Sensors","value":"Infrared Face ID, fingerprint (side-mounted), accelerometer, gyro, proximity"}]},{"category":"Battery","specs":[{"label":"Type","value":"Li-Po 8600 mAh"},{"label":"Charging","value":"20W wired, QC3"}]},{"category":"Misc","specs":[{"label":"Colors","value":"Silver"},{"label":"Models","value":"ZA910001CN, TB-J716F"},{"label":"Price","value":"About 320 EUR"}]}]');
INSERT OR IGNORE INTO device_pictures (device_id, url, position) VALUES (393, 'https://fdn2.gsmarena.com/vv/bigpic/lenovo-pad-pro.jpg', 0);
INSERT OR IGNORE INTO device_pictures (device_id, url, position) VALUES (393, 'https://fdn2.gsmarena.com/vv/pics/lenovo/lenovo-pad-pro-1.jpg', 1);
INSERT OR IGNORE INTO device_pictures (device_id, url, position) VALUES (393, 'https://fdn2.gsmarena.com/vv/pics/lenovo/lenovo-pad-pro-2.jpg', 2);
INSERT OR IGNORE INTO device_pictures (device_id, url, position) VALUES (393, 'https://fdn2.gsmarena.com/vv/pics/lenovo/lenovo-pad-pro-3.jpg', 3);
INSERT OR IGNORE INTO devices (id, brand_id, name, gsmarena_url, thumbnail_url, summary) VALUES (394, 3, 'Pad Plus', 'https://www.gsmarena.com/lenovo_pad_plus-10927.php', 'https://fdn2.gsmarena.com/vv/bigpic/lenovo-pad-plus-2021.jpg', 'Pad Plus');
INSERT OR IGNORE INTO device_specs (device_id, announced, status, network, os, chipset, cpu, gpu, display_size, display_type, display_res, ram, storage, main_camera, selfie_camera, battery, charging, nfc, usb, bluetooth, wlan, colors, weight, dimensions, sim, sensors, popularity, fans, rating, full_specs_json) VALUES (394, '2021, May 24', 'Available. Released 2021, May 31', 'No cellular connectivity / 4G/LTE', 'Android 11, ZUI 12.5', 'Qualcomm SM7225 Snapdragon 750G 5G (8 nm)', 'Octa-core (2x2.2 GHz Kryo 570 & 6x1.8 GHz Kryo 570)', 'Adreno 619', '11.0 inches, 344.4 cm 2 (~81.8% screen-to-body ratio)', 'TDDI IPS LCD, 400 nits (typ)', '1200 x 2000 pixels, 5:3 ratio (~212 ppi density)', '6GB', '128GB', '13 MP, AF', '8 MP, 1080p@30fps', 'Li-Po 7700 mAh', 'Wired, QC3', 'No', 'USB Type-C 3.1, OTG, magnetic connector', '5.1, A2DP, LE', 'Wi-Fi 802.11 a/b/g/n/ac, dual-band, Wi-Fi Direct', 'White', '520 g (1.15 lb)', '258.4 x 163 x 7.9 mm (10.17 x 6.42 x 0.31 in)', 'No', 'Face recognition, accelerometer, gyro, proximity', 'About 200 EUR', NULL, NULL, '[{"category":"Network","specs":[{"label":"Technology","value":"No cellular connectivity"},{"label":"2G bands","value":"N/A"},{"label":"3G bands","value":"N/A"},{"label":"4G bands","value":"N/A"},{"label":"GPRS","value":"No"},{"label":"EDGE","value":"No"}]},{"category":"Launch","specs":[{"label":"Announced","value":"2021, May 24"},{"label":"Status","value":"Available. Released 2021, May 31"}]},{"category":"Body","specs":[{"label":"Dimensions","value":"258.4 x 163 x 7.9 mm (10.17 x 6.42 x 0.31 in)"},{"label":"Weight","value":"520 g (1.15 lb)"},{"label":"Build","value":"Glass front, plastic frame, plastic back"},{"label":"SIM","value":"No"}]},{"category":"Display","specs":[{"label":"Type","value":"TDDI IPS LCD, 400 nits (typ)"},{"label":"Size","value":"11.0 inches, 344.4 cm 2 (~81.8% screen-to-body ratio)"},{"label":"Resolution","value":"1200 x 2000 pixels, 5:3 ratio (~212 ppi density)"}]},{"category":"Platform","specs":[{"label":"OS","value":"Android 11, ZUI 12.5"},{"label":"Chipset","value":"Qualcomm SM7225 Snapdragon 750G 5G (8 nm)"},{"label":"CPU","value":"Octa-core (2x2.2 GHz Kryo 570 & 6x1.8 GHz Kryo 570)"},{"label":"GPU","value":"Adreno 619"}]},{"category":"Memory","specs":[{"label":"Card slot","value":"microSDXC (dedicated slot)"},{"label":"Internal","value":"128GB 6GB RAM"}]},{"category":"Main Camera","specs":[{"label":"Single","value":"13 MP, AF"},{"label":"Video","value":"1080p@30fps"}]},{"category":"Selfie camera","specs":[{"label":"Single","value":"8 MP"},{"label":"Video","value":"1080p@30fps"}]},{"category":"Sound","specs":[{"label":"Loudspeaker","value":"Yes, with stereo speakers (4 speakers)"},{"label":"3.5mm jack","value":"No"}]},{"category":"Comms","specs":[{"label":"WLAN","value":"Wi-Fi 802.11 a/b/g/n/ac, dual-band, Wi-Fi Direct"},{"label":"Bluetooth","value":"5.1, A2DP, LE"},{"label":"Positioning","value":"GPS, BDS"},{"label":"NFC","value":"No"},{"label":"USB","value":"USB Type-C 3.1, OTG, magnetic connector"},{"label":"Radio","value":"No"}]},{"category":"Features","specs":[{"label":"Sensors","value":"Face recognition, accelerometer, gyro, proximity"}]},{"category":"Battery","specs":[{"label":"Type","value":"Li-Po 7700 mAh"},{"label":"Charging","value":"Wired, QC3"}]},{"category":"Misc","specs":[{"label":"Colors","value":"White"},{"label":"Models","value":"ZA900000CN"},{"label":"Price","value":"About 200 EUR"}]}]');
INSERT OR IGNORE INTO device_pictures (device_id, url, position) VALUES (394, 'https://fdn2.gsmarena.com/vv/bigpic/lenovo-pad-plus-2021.jpg', 0);
INSERT OR IGNORE INTO device_pictures (device_id, url, position) VALUES (394, 'https://fdn2.gsmarena.com/vv/pics/lenovo/lenovo-pad-plus-2021-1.jpg', 1);
INSERT OR IGNORE INTO device_pictures (device_id, url, position) VALUES (394, 'https://fdn2.gsmarena.com/vv/pics/lenovo/lenovo-pad-plus-2021-2.jpg', 2);
INSERT OR IGNORE INTO devices (id, brand_id, name, gsmarena_url, thumbnail_url, summary) VALUES (395, 3, 'Pad', 'https://www.gsmarena.com/lenovo_pad-10926.php', 'https://fdn2.gsmarena.com/vv/bigpic/lenovo-pad-2021.jpg', 'Pad');
INSERT OR IGNORE INTO device_specs (device_id, announced, status, network, os, chipset, cpu, gpu, display_size, display_type, display_res, ram, storage, main_camera, selfie_camera, battery, charging, nfc, usb, bluetooth, wlan, colors, weight, dimensions, sim, sensors, popularity, fans, rating, full_specs_json) VALUES (395, '2021, May 24', 'Available. Released 2021, June 01', 'No cellular connectivity / 4G/LTE', 'Android 11, ZUI 12.5', 'Qualcomm SM6115 Snapdragon 662 (11 nm)', 'Octa-core (4x2.0 GHz Kryo 260 Gold & 4x1.8 GHz Kryo 260 Silver)', 'Adreno 610', '11.0 inches, 344.4 cm 2 (~81.8% screen-to-body ratio)', 'TDDI IPS LCD, 400 nits (typ)', '1200 x 2000 pixels, 5:3 ratio (~212 ppi density)', '4GB', '64GB', '13 MP, AF, LED flash', '8 MP, 1080p@30fps', 'Li-Po 7700 mAh', '20W wired, QC3', 'No', 'USB Type-C 2.0, OTG, magnetic connector', '5.0, A2DP, LE', 'Wi-Fi 802.11 a/b/g/n/ac, dual-band, Wi-Fi Direct', 'Gray', '490 g (1.08 lb)', '258.4 x 163 x 7.5 mm (10.17 x 6.42 x 0.30 in)', 'No', 'Face recognition, accelerometer, gyro, proximity', 'About 140 EUR', NULL, NULL, '[{"category":"Network","specs":[{"label":"Technology","value":"No cellular connectivity"},{"label":"2G bands","value":"N/A"},{"label":"3G bands","value":"N/A"},{"label":"4G bands","value":"N/A"},{"label":"GPRS","value":"No"},{"label":"EDGE","value":"No"}]},{"category":"Launch","specs":[{"label":"Announced","value":"2021, May 24"},{"label":"Status","value":"Available. Released 2021, June 01"}]},{"category":"Body","specs":[{"label":"Dimensions","value":"258.4 x 163 x 7.5 mm (10.17 x 6.42 x 0.30 in)"},{"label":"Weight","value":"490 g (1.08 lb)"},{"label":"Build","value":"Glass front, plastic frame, plastic back"},{"label":"SIM","value":"No"}]},{"category":"Display","specs":[{"label":"Type","value":"TDDI IPS LCD, 400 nits (typ)"},{"label":"Size","value":"11.0 inches, 344.4 cm 2 (~81.8% screen-to-body ratio)"},{"label":"Resolution","value":"1200 x 2000 pixels, 5:3 ratio (~212 ppi density)"}]},{"category":"Platform","specs":[{"label":"OS","value":"Android 11, ZUI 12.5"},{"label":"Chipset","value":"Qualcomm SM6115 Snapdragon 662 (11 nm)"},{"label":"CPU","value":"Octa-core (4x2.0 GHz Kryo 260 Gold & 4x1.8 GHz Kryo 260 Silver)"},{"label":"GPU","value":"Adreno 610"}]},{"category":"Memory","specs":[{"label":"Card slot","value":"microSDXC (dedicated slot)"},{"label":"Internal","value":"64GB 4GB RAM, 128GB 6GB RAM"}]},{"category":"Main Camera","specs":[{"label":"Single","value":"13 MP, AF"},{"label":"Features","value":"LED flash"},{"label":"Video","value":"1080p@30fps"}]},{"category":"Selfie camera","specs":[{"label":"Single","value":"8 MP"},{"label":"Video","value":"1080p@30fps"}]},{"category":"Sound","specs":[{"label":"Loudspeaker","value":"Yes, with stereo speakers (4 speakers)"},{"label":"3.5mm jack","value":"No"}]},{"category":"Comms","specs":[{"label":"WLAN","value":"Wi-Fi 802.11 a/b/g/n/ac, dual-band, Wi-Fi Direct"},{"label":"Bluetooth","value":"5.0, A2DP, LE"},{"label":"Positioning","value":"GPS, BDS"},{"label":"NFC","value":"No"},{"label":"USB","value":"USB Type-C 2.0, OTG, magnetic connector"},{"label":"Radio","value":"No"}]},{"category":"Features","specs":[{"label":"Sensors","value":"Face recognition, accelerometer, gyro, proximity"}]},{"category":"Battery","specs":[{"label":"Type","value":"Li-Po 7700 mAh"},{"label":"Charging","value":"20W wired, QC3"}]},{"category":"Misc","specs":[{"label":"Colors","value":"Gray"},{"label":"Models","value":"ZA7R0232CN"},{"label":"Price","value":"About 140 EUR"}]}]');
INSERT OR IGNORE INTO device_pictures (device_id, url, position) VALUES (395, 'https://fdn2.gsmarena.com/vv/bigpic/lenovo-pad-2021.jpg', 0);
INSERT OR IGNORE INTO device_pictures (device_id, url, position) VALUES (395, 'https://fdn2.gsmarena.com/vv/pics/lenovo/lenovo-pad-2021-1.jpg', 1);
INSERT OR IGNORE INTO devices (id, brand_id, name, gsmarena_url, thumbnail_url, summary) VALUES (396, 3, 'Legion 2 Pro', 'https://www.gsmarena.com/lenovo_legion_2_pro-10827.php', 'https://fdn2.gsmarena.com/vv/bigpic/lenovo-legion-2-pro-phone-duel2-1.jpg', 'Legion 2 Pro');
INSERT OR IGNORE INTO device_specs (device_id, announced, status, network, os, chipset, cpu, gpu, display_size, display_type, display_res, ram, storage, main_camera, selfie_camera, battery, charging, nfc, usb, bluetooth, wlan, colors, weight, dimensions, sim, sensors, popularity, fans, rating, full_specs_json) VALUES (396, '2021, April 08', 'Available. Released 2021, April 26', 'GSM / CDMA / HSPA / CDMA2000 / LTE / 5G / 5G', 'Android 11, Legion OS', 'Qualcomm SM8350 Snapdragon 888 5G (5 nm)', 'Octa-core (1x2.84 GHz Cortex-X1 & 3x2.42 GHz Cortex-A78 & 4x1.80 GHz Cortex-A55)', 'Adreno 660', '6.92 inches, 113.7 cm 2 (~82.3% screen-to-body ratio)', 'AMOLED, 144Hz, HDR10+, 1300 nits (peak)', '1080 x 2460 pixels (~388 ppi density)', '8GB', '128GB', '64 MP, f/1.9, 25mm (wide), 1/1.32", 1.0µm, PDAF, Dual-LED flash, panorama, HDR', 'Motorized pop-up 44 MP, f/2.0, 24mm (wide), 1/2.65", 1.0µm, AF, 4K@30/60fps, 1080p@30/60/120fps', 'Li-Po 5500 mAh', '90W wired (dual USB-C ports), 50% in 12 min, 100% in 30 min', 'Yes', 'Two USB Type-C (2.0 & 3.1), OTG', '5.2, A2DP, LE', 'Wi-Fi 802.11 a/b/g/n/ac/6, dual-band, Wi-Fi Direct', 'Titanium White, Ultimate Black', '259 g (9.14 oz)', '176 x 78.5 x 9.9 mm (6.93 x 3.09 x 0.39 in)', 'Nano-SIM + Nano-SIM', 'Fingerprint (under display, optical), accelerometer, gyro, proximity, compass', 'About 880 EUR', NULL, NULL, '[{"category":"Network","specs":[{"label":"Technology","value":"GSM / CDMA / HSPA / CDMA2000 / LTE / 5G"},{"label":"2G bands","value":"GSM 850 / 900 / 1800 / 1900"},{"label":"3G bands","value":"HSDPA 800 / 850 / 900 / 1900 / 2100"},{"label":"4G bands","value":"1, 2, 3, 4, 5, 7, 8, 12, 17, 18, 19, 20, 26, 34, 38, 39, 40, 41, 42, 43"},{"label":"5G bands","value":"1, 3, 28, 41, 77, 78, 79 SA/NSA/Sub6"},{"label":"Speed","value":"HSPA, LTE, 5G"}]},{"category":"Launch","specs":[{"label":"Announced","value":"2021, April 08"},{"label":"Status","value":"Available. Released 2021, April 26"}]},{"category":"Body","specs":[{"label":"Dimensions","value":"176 x 78.5 x 9.9 mm (6.93 x 3.09 x 0.39 in)"},{"label":"Weight","value":"259 g (9.14 oz)"},{"label":"Build","value":"Glass front (Gorilla Glass 5), glass back, aluminum frame"},{"label":"SIM","value":"Nano-SIM + Nano-SIM"}]},{"category":"Display","specs":[{"label":"Type","value":"AMOLED, 144Hz, HDR10+, 1300 nits (peak)"},{"label":"Size","value":"6.92 inches, 113.7 cm 2 (~82.3% screen-to-body ratio)"},{"label":"Resolution","value":"1080 x 2460 pixels (~388 ppi density)"},{"label":"Protection","value":"Corning Gorilla Glass 5"}]},{"category":"Platform","specs":[{"label":"OS","value":"Android 11, Legion OS"},{"label":"Chipset","value":"Qualcomm SM8350 Snapdragon 888 5G (5 nm)"},{"label":"CPU","value":"Octa-core (1x2.84 GHz Cortex-X1 & 3x2.42 GHz Cortex-A78 & 4x1.80 GHz Cortex-A55)"},{"label":"GPU","value":"Adreno 660"}]},{"category":"Memory","specs":[{"label":"Card slot","value":"No"},{"label":"Internal","value":"128GB 8GB RAM, 128GB 12GB RAM, 256GB 12GB RAM, 512GB 16GB RAM, 512GB 18GB RAM"}]},{"category":"Main Camera","specs":[{"label":"Dual","value":"64 MP, f/1.9, 25mm (wide), 1/1.32\\", 1.0µm, PDAF"},{"label":"Features","value":"Dual-LED flash, panorama, HDR"},{"label":"Video","value":"8K@24fps, 4K@30/60fps, 1080p@30/60/240fps, gyro-EIS, HDR10+ rec."}]},{"category":"Selfie camera","specs":[{"label":"Single","value":"Motorized pop-up 44 MP, f/2.0, 24mm (wide), 1/2.65\\", 1.0µm, AF"},{"label":"Video","value":"4K@30/60fps, 1080p@30/60/120fps"},{"label":"Features","value":"HDR"}]},{"category":"Sound","specs":[{"label":"Loudspeaker","value":"Yes, with stereo speakers"},{"label":"3.5mm jack","value":"No"}]},{"category":"Comms","specs":[{"label":"WLAN","value":"Wi-Fi 802.11 a/b/g/n/ac/6, dual-band, Wi-Fi Direct"},{"label":"Bluetooth","value":"5.2, A2DP, LE"},{"label":"Positioning","value":"GPS (L1+L5), GLONASS, GALILEO, BDS, QZSS"},{"label":"NFC","value":"Yes"},{"label":"USB","value":"Two USB Type-C (2.0 & 3.1), OTG"},{"label":"Radio","value":"No"}]},{"category":"Features","specs":[{"label":"Sensors","value":"Fingerprint (under display, optical), accelerometer, gyro, proximity, compass"}]},{"category":"Battery","specs":[{"label":"Type","value":"Li-Po 5500 mAh"},{"label":"Charging","value":"90W wired (dual USB-C ports), 50% in 12 min, 100% in 30 min"}]},{"category":"Misc","specs":[{"label":"Colors","value":"Titanium White, Ultimate Black"},{"label":"Models","value":"L70081"},{"label":"Price","value":"About 880 EUR"}]}]');
INSERT OR IGNORE INTO device_pictures (device_id, url, position) VALUES (396, 'https://fdn2.gsmarena.com/vv/bigpic/lenovo-legion-2-pro-phone-duel2-1.jpg', 0);
INSERT OR IGNORE INTO device_pictures (device_id, url, position) VALUES (396, 'https://fdn2.gsmarena.com/vv/pics/lenovo/lenovo-legion-2-pro-phone-duel2-1.jpg', 1);
INSERT OR IGNORE INTO device_pictures (device_id, url, position) VALUES (396, 'https://fdn2.gsmarena.com/vv/pics/lenovo/lenovo-legion-2-pro-phone-duel2-2.jpg', 2);
INSERT OR IGNORE INTO device_pictures (device_id, url, position) VALUES (396, 'https://fdn2.gsmarena.com/vv/pics/lenovo/lenovo-legion-2-pro-phone-duel2-3.jpg', 3);
INSERT OR IGNORE INTO device_pictures (device_id, url, position) VALUES (396, 'https://fdn2.gsmarena.com/vv/pics/lenovo/lenovo-legion-2-pro-phone-duel2-4.jpg', 4);
INSERT OR IGNORE INTO device_pictures (device_id, url, position) VALUES (396, 'https://fdn2.gsmarena.com/vv/pics/lenovo/lenovo-legion-2-pro-phone-duel2-09.jpg', 5);
INSERT OR IGNORE INTO devices (id, brand_id, name, gsmarena_url, thumbnail_url, summary) VALUES (397, 3, 'Legion Duel 2', 'https://www.gsmarena.com/lenovo_legion_duel_2-10839.php', 'https://fdn2.gsmarena.com/vv/bigpic/lenovo-legion-2-pro-phone-duel2-1.jpg', 'Legion Duel 2');
INSERT OR IGNORE INTO device_specs (device_id, announced, status, network, os, chipset, cpu, gpu, display_size, display_type, display_res, ram, storage, main_camera, selfie_camera, battery, charging, nfc, usb, bluetooth, wlan, colors, weight, dimensions, sim, sensors, popularity, fans, rating, full_specs_json) VALUES (397, '2021, April 08', 'Available. Released 2021, May 10', 'GSM / CDMA / HSPA / EVDO / LTE / 5G / 5G', 'Android 11, ZUI 12.5', 'Qualcomm SM8350 Snapdragon 888 5G (5 nm)', 'Octa-core (1x2.84 GHz Cortex-X1 & 3x2.42 GHz Cortex-A78 & 4x1.80 GHz Cortex-A55)', 'Adreno 660', '6.92 inches, 113.7 cm 2 (~82.3% screen-to-body ratio)', 'AMOLED, 144Hz, HDR10+, 1300 nits (peak)', '1080 x 2460 pixels (~388 ppi density)', '12GB', '256GB', '64 MP, f/1.9, 25mm (wide), 1/1.32", 1.0µm, PDAF, Dual-LED flash, panorama, HDR', 'Motorized pop-up 44 MP, f/2.0, 24mm (wide), 1/2.65", 1.0µm, AF, 4K@30/60fps, 1080p@30/60/120fps', 'Li-Po 5500 mAh', '90W wired (dual USB-C ports), 50% in 12 min, 100% in 30 min', 'Yes', 'Two USB Type-C (2.0 & 3.1), OTG', '5.2, A2DP, LE', 'Wi-Fi 802.11 a/b/g/n/ac/6, dual-band, Wi-Fi Direct', 'Titanium White, Ultimate Black', '259 g (9.14 oz)', '176 x 78.5 x 9.9 mm (6.93 x 3.09 x 0.39 in)', 'Nano-SIM + Nano-SIM', 'Fingerprint (under display, optical), accelerometer, gyro, proximity, compass', 'About 800 EUR', NULL, NULL, '[{"category":"Network","specs":[{"label":"Technology","value":"GSM / CDMA / HSPA / EVDO / LTE / 5G"},{"label":"2G bands","value":"GSM 850 / 900 / 1800 / 1900"},{"label":"3G bands","value":"HSDPA 850 / 900 / 1700(AWS) / 1900 / 2100"},{"label":"4G bands","value":"1, 2, 3, 4, 5, 7, 8, 12, 13, 17, 20, 26, 28, 32, 34, 38, 39, 40, 41, 42, 43"},{"label":"5G bands","value":"1, 2, 3, 7, 8, 20, 25, 28, 38, 40, 41, 66, 71, 77, 78, 79 SA/NSA/Sub6/mmWave"},{"label":"Speed","value":"HSPA, LTE, 5G"}]},{"category":"Launch","specs":[{"label":"Announced","value":"2021, April 08"},{"label":"Status","value":"Available. Released 2021, May 10"}]},{"category":"Body","specs":[{"label":"Dimensions","value":"176 x 78.5 x 9.9 mm (6.93 x 3.09 x 0.39 in)"},{"label":"Weight","value":"259 g (9.14 oz)"},{"label":"Build","value":"Glass front (Gorilla Glass 5), glass back, aluminum frame"},{"label":"SIM","value":"Nano-SIM + Nano-SIM"}]},{"category":"Display","specs":[{"label":"Type","value":"AMOLED, 144Hz, HDR10+, 1300 nits (peak)"},{"label":"Size","value":"6.92 inches, 113.7 cm 2 (~82.3% screen-to-body ratio)"},{"label":"Resolution","value":"1080 x 2460 pixels (~388 ppi density)"},{"label":"Protection","value":"Corning Gorilla Glass 5"}]},{"category":"Platform","specs":[{"label":"OS","value":"Android 11, ZUI 12.5"},{"label":"Chipset","value":"Qualcomm SM8350 Snapdragon 888 5G (5 nm)"},{"label":"CPU","value":"Octa-core (1x2.84 GHz Cortex-X1 & 3x2.42 GHz Cortex-A78 & 4x1.80 GHz Cortex-A55)"},{"label":"GPU","value":"Adreno 660"}]},{"category":"Memory","specs":[{"label":"Card slot","value":"No"},{"label":"Internal","value":"256GB 12GB RAM, 512GB 16GB RAM"}]},{"category":"Main Camera","specs":[{"label":"Dual","value":"64 MP, f/1.9, 25mm (wide), 1/1.32\\", 1.0µm, PDAF"},{"label":"Features","value":"Dual-LED flash, panorama, HDR"},{"label":"Video","value":"8K@24fps, 4K@30/60fps, 1080p@30/60/240fps, gyro-EIS, HDR10+ rec."}]},{"category":"Selfie camera","specs":[{"label":"Single","value":"Motorized pop-up 44 MP, f/2.0, 24mm (wide), 1/2.65\\", 1.0µm, AF"},{"label":"Video","value":"4K@30/60fps, 1080p@30/60/120fps"},{"label":"Features","value":"HDR"}]},{"category":"Sound","specs":[{"label":"Loudspeaker","value":"Yes, with stereo speakers"},{"label":"3.5mm jack","value":"No"}]},{"category":"Comms","specs":[{"label":"WLAN","value":"Wi-Fi 802.11 a/b/g/n/ac/6, dual-band, Wi-Fi Direct"},{"label":"Bluetooth","value":"5.2, A2DP, LE"},{"label":"Positioning","value":"GPS (L1+L5), GLONASS, GALILEO, BDS, QZSS"},{"label":"NFC","value":"Yes"},{"label":"USB","value":"Two USB Type-C (2.0 & 3.1), OTG"},{"label":"Radio","value":"No"}]},{"category":"Features","specs":[{"label":"Sensors","value":"Fingerprint (under display, optical), accelerometer, gyro, proximity, compass"}]},{"category":"Battery","specs":[{"label":"Type","value":"Li-Po 5500 mAh"},{"label":"Charging","value":"90W wired (dual USB-C ports), 50% in 12 min, 100% in 30 min"}]},{"category":"Misc","specs":[{"label":"Colors","value":"Titanium White, Ultimate Black"},{"label":"Price","value":"About 800 EUR"}]}]');
INSERT OR IGNORE INTO device_pictures (device_id, url, position) VALUES (397, 'https://fdn2.gsmarena.com/vv/bigpic/lenovo-legion-2-pro-phone-duel2-1.jpg', 0);
INSERT OR IGNORE INTO device_pictures (device_id, url, position) VALUES (397, 'https://fdn2.gsmarena.com/vv/pics/lenovo/lenovo-legion-2-pro-phone-duel2-1.jpg', 1);
INSERT OR IGNORE INTO device_pictures (device_id, url, position) VALUES (397, 'https://fdn2.gsmarena.com/vv/pics/lenovo/lenovo-legion-2-pro-phone-duel2-2.jpg', 2);
INSERT OR IGNORE INTO device_pictures (device_id, url, position) VALUES (397, 'https://fdn2.gsmarena.com/vv/pics/lenovo/lenovo-legion-2-pro-phone-duel2-3.jpg', 3);
INSERT OR IGNORE INTO device_pictures (device_id, url, position) VALUES (397, 'https://fdn2.gsmarena.com/vv/pics/lenovo/lenovo-legion-2-pro-phone-duel2-4.jpg', 4);
INSERT OR IGNORE INTO device_pictures (device_id, url, position) VALUES (397, 'https://fdn2.gsmarena.com/vv/pics/lenovo/lenovo-legion-2-pro-phone-duel2-09.jpg', 5);
INSERT OR IGNORE INTO devices (id, brand_id, name, gsmarena_url, thumbnail_url, summary) VALUES (398, 3, 'K12 Pro', 'https://www.gsmarena.com/lenovo_k12_pro-10605.php', 'https://fdn2.gsmarena.com/vv/bigpic/lenovo-k12-pro.jpg', 'K12 Pro');
INSERT OR IGNORE INTO device_specs (device_id, announced, status, network, os, chipset, cpu, gpu, display_size, display_type, display_res, ram, storage, main_camera, selfie_camera, battery, charging, nfc, usb, bluetooth, wlan, colors, weight, dimensions, sim, sensors, popularity, fans, rating, full_specs_json) VALUES (398, '2020, December 09. Released 2020, December 12', 'Discontinued', 'GSM / HSPA / LTE / 4G/LTE', 'Android 10', 'Qualcomm SM6115 Snapdragon 662 (11 nm)', 'Octa-core (4x2.0 GHz Kryo 260 Gold & 4x1.8 GHz Kryo 260 Silver)', 'Adreno 610', '6.8 inches, 109.8 cm 2 (~83.1% screen-to-body ratio)', 'IPS LCD', '720 x 1640 pixels (~263 ppi density)', '4GB', '64GB', '64 MP, f/1.8, 26mm (wide), 1/1.97", 0.7µm, PDAF, LED flash, HDR, panorama', '16 MP, f/2.2, 1.0µm, 1080p@30fps', 'Li-Po 6000 mAh', '20W wired', 'Yes', 'USB Type-C 2.0, OTG', '5.0, A2DP, LE', 'Wi-Fi 802.11 a/b/g/n/ac, dual-band, Wi-Fi Direct', 'Electric Violet, Metallic Sage', '221 g (7.80 oz)', '172.1 x 76.8 x 9.7 mm (6.78 x 3.02 x 0.38 in)', '· Nano-SIM · Nano-SIM + Nano-SIM', 'Fingerprint (rear-mounted), accelerometer, proximity', 'About 130 EUR', NULL, NULL, '[{"category":"Network","specs":[{"label":"Technology","value":"GSM / HSPA / LTE"},{"label":"2G bands","value":"GSM 850 / 900 / 1800 / 1900"},{"label":"3G bands","value":"HSDPA 850 / 900 / 1700(AWS) / 1900 / 2100"},{"label":"4G bands","value":"1, 3, 4, 5, 7, 8, 18, 19, 20, 26, 28, 38, 39, 40, 41"},{"label":"Speed","value":"HSPA, LTE"}]},{"category":"Launch","specs":[{"label":"Announced","value":"2020, December 09. Released 2020, December 12"},{"label":"Status","value":"Discontinued"}]},{"category":"Body","specs":[{"label":"Dimensions","value":"172.1 x 76.8 x 9.7 mm (6.78 x 3.02 x 0.38 in)"},{"label":"Weight","value":"221 g (7.80 oz)"},{"label":"SIM","value":"· Nano-SIM · Nano-SIM + Nano-SIM"}]},{"category":"Display","specs":[{"label":"Type","value":"IPS LCD"},{"label":"Size","value":"6.8 inches, 109.8 cm 2 (~83.1% screen-to-body ratio)"},{"label":"Resolution","value":"720 x 1640 pixels (~263 ppi density)"}]},{"category":"Platform","specs":[{"label":"OS","value":"Android 10"},{"label":"Chipset","value":"Qualcomm SM6115 Snapdragon 662 (11 nm)"},{"label":"CPU","value":"Octa-core (4x2.0 GHz Kryo 260 Gold & 4x1.8 GHz Kryo 260 Silver)"},{"label":"GPU","value":"Adreno 610"}]},{"category":"Memory","specs":[{"label":"Card slot","value":"microSDXC (uses shared SIM slot)"},{"label":"Internal","value":"64GB 4GB RAM, 128GB 4GB RAM"}]},{"category":"Main Camera","specs":[{"label":"Triple","value":"64 MP, f/1.8, 26mm (wide), 1/1.97\\", 0.7µm, PDAF"},{"label":"Features","value":"LED flash, HDR, panorama"},{"label":"Video","value":"1080p@30/60fps"}]},{"category":"Selfie camera","specs":[{"label":"Single","value":"16 MP, f/2.2, 1.0µm"},{"label":"Video","value":"1080p@30fps"},{"label":"Features","value":"HDR"}]},{"category":"Sound","specs":[{"label":"Loudspeaker","value":"Yes"},{"label":"3.5mm jack","value":"Yes"}]},{"category":"Comms","specs":[{"label":"WLAN","value":"Wi-Fi 802.11 a/b/g/n/ac, dual-band, Wi-Fi Direct"},{"label":"Bluetooth","value":"5.0, A2DP, LE"},{"label":"Positioning","value":"GPS, GLONASS, GALILEO"},{"label":"NFC","value":"Yes"},{"label":"USB","value":"USB Type-C 2.0, OTG"},{"label":"Radio","value":"FM radio"}]},{"category":"Features","specs":[{"label":"Sensors","value":"Fingerprint (rear-mounted), accelerometer, proximity"}]},{"category":"Battery","specs":[{"label":"Type","value":"Li-Po 6000 mAh"},{"label":"Charging","value":"20W wired"}]},{"category":"Misc","specs":[{"label":"Colors","value":"Electric Violet, Metallic Sage"},{"label":"Models","value":"XT2091-8, XT2091-7"},{"label":"Price","value":"About 130 EUR"}]}]');
INSERT OR IGNORE INTO device_pictures (device_id, url, position) VALUES (398, 'https://fdn2.gsmarena.com/vv/bigpic/lenovo-k12-pro.jpg', 0);
INSERT OR IGNORE INTO device_pictures (device_id, url, position) VALUES (398, 'https://fdn2.gsmarena.com/vv/pics/lenovo/lenovo-k12-pro-1.jpg', 1);
INSERT OR IGNORE INTO device_pictures (device_id, url, position) VALUES (398, 'https://fdn2.gsmarena.com/vv/pics/lenovo/lenovo-k12-pro-2.jpg', 2);
INSERT OR IGNORE INTO devices (id, brand_id, name, gsmarena_url, thumbnail_url, summary) VALUES (399, 3, 'K12 (China)', 'https://www.gsmarena.com/lenovo_k12_(china)-10630.php', 'https://fdn2.gsmarena.com/vv/bigpic/lenovo-k12.jpg', 'K12 (China)');
INSERT OR IGNORE INTO device_specs (device_id, announced, status, network, os, chipset, cpu, gpu, display_size, display_type, display_res, ram, storage, main_camera, selfie_camera, battery, charging, nfc, usb, bluetooth, wlan, colors, weight, dimensions, sim, sensors, popularity, fans, rating, full_specs_json) VALUES (399, '2020, December 09. Released 2020, December 12', 'Discontinued', 'GSM / HSPA / LTE / 4G/LTE', 'Android 10', 'Qualcomm SM4250 Snapdragon 460 (11 nm)', 'Octa-core (4x1.8 GHz Kryo 240 & 4x1.6 GHz Kryo 240)', 'Adreno 610', '6.5 inches, 102.0 cm 2 (~81.6% screen-to-body ratio)', 'IPS LCD', '720 x 1600 pixels, 20:9 ratio (~270 ppi density)', '4GB', '64GB', '48 MP, f/1.7, 26mm (wide), 1/2.0", 0.8µm, PDAF, LED flash, HDR, panorama', '8 MP, f/2.2, 26mm (wide), 1/4.0", 1.12µm, 1080p@30fps', 'Li-Po 5000 mAh', '10W wired', 'No', 'microUSB 2.0, OTG', '5.0, A2DP, LE', 'Wi-Fi 802.11 b/g/n', 'Navy Blue, Gray', '200 g (7.05 oz)', '165.2 x 75.7 x 9.2 mm (6.50 x 2.98 x 0.36 in)', 'Nano-SIM + Nano-SIM', 'Fingerprint (rear-mounted), accelerometer, proximity', 'About 100 EUR', NULL, NULL, '[{"category":"Network","specs":[{"label":"Technology","value":"GSM / HSPA / LTE"},{"label":"2G bands","value":"GSM 850 / 900 / 1800 / 1900"},{"label":"3G bands","value":"HSDPA 850 / 900 / 1900 / 2100"},{"label":"4G bands","value":"1, 3, 5, 7, 8, 20, 28, 38, 39, 40, 41"},{"label":"Speed","value":"HSPA, LTE"}]},{"category":"Launch","specs":[{"label":"Announced","value":"2020, December 09. Released 2020, December 12"},{"label":"Status","value":"Discontinued"}]},{"category":"Body","specs":[{"label":"Dimensions","value":"165.2 x 75.7 x 9.2 mm (6.50 x 2.98 x 0.36 in)"},{"label":"Weight","value":"200 g (7.05 oz)"},{"label":"SIM","value":"Nano-SIM + Nano-SIM"}]},{"category":"Display","specs":[{"label":"Type","value":"IPS LCD"},{"label":"Size","value":"6.5 inches, 102.0 cm 2 (~81.6% screen-to-body ratio)"},{"label":"Resolution","value":"720 x 1600 pixels, 20:9 ratio (~270 ppi density)"}]},{"category":"Platform","specs":[{"label":"OS","value":"Android 10"},{"label":"Chipset","value":"Qualcomm SM4250 Snapdragon 460 (11 nm)"},{"label":"CPU","value":"Octa-core (4x1.8 GHz Kryo 240 & 4x1.6 GHz Kryo 240)"},{"label":"GPU","value":"Adreno 610"}]},{"category":"Memory","specs":[{"label":"Card slot","value":"microSDXC (uses shared SIM slot)"},{"label":"Internal","value":"64GB 4GB RAM"}]},{"category":"Main Camera","specs":[{"label":"Dual","value":"48 MP, f/1.7, 26mm (wide), 1/2.0\\", 0.8µm, PDAF"},{"label":"Features","value":"LED flash, HDR, panorama"},{"label":"Video","value":"1080p@30/60fps"}]},{"category":"Selfie camera","specs":[{"label":"Single","value":"8 MP, f/2.2, 26mm (wide), 1/4.0\\", 1.12µm"},{"label":"Video","value":"1080p@30fps"},{"label":"Features","value":"HDR"}]},{"category":"Sound","specs":[{"label":"Loudspeaker","value":"Yes"},{"label":"3.5mm jack","value":"Yes"}]},{"category":"Comms","specs":[{"label":"WLAN","value":"Wi-Fi 802.11 b/g/n"},{"label":"Bluetooth","value":"5.0, A2DP, LE"},{"label":"Positioning","value":"GPS, GLONASS, GALILEO"},{"label":"NFC","value":"No"},{"label":"USB","value":"microUSB 2.0, OTG"},{"label":"Radio","value":"FM radio"}]},{"category":"Features","specs":[{"label":"Sensors","value":"Fingerprint (rear-mounted), accelerometer, proximity"}]},{"category":"Battery","specs":[{"label":"Type","value":"Li-Po 5000 mAh"},{"label":"Charging","value":"10W wired"}]},{"category":"Misc","specs":[{"label":"Colors","value":"Navy Blue, Gray"},{"label":"Price","value":"About 100 EUR"}]}]');
INSERT OR IGNORE INTO device_pictures (device_id, url, position) VALUES (399, 'https://fdn2.gsmarena.com/vv/bigpic/lenovo-k12.jpg', 0);
INSERT OR IGNORE INTO device_pictures (device_id, url, position) VALUES (399, 'https://fdn2.gsmarena.com/vv/pics/lenovo/lenovo-k12-1.jpg', 1);
INSERT OR IGNORE INTO device_pictures (device_id, url, position) VALUES (399, 'https://fdn2.gsmarena.com/vv/pics/lenovo/lenovo-k12-2.jpg', 2);
INSERT OR IGNORE INTO devices (id, brand_id, name, gsmarena_url, thumbnail_url, summary) VALUES (400, 3, 'A8 2020', 'https://www.gsmarena.com/lenovo_a8_2020-10733.php', 'https://fdn2.gsmarena.com/vv/bigpic/lenovo-a8-2020.jpg', 'A8 2020');
INSERT OR IGNORE INTO device_specs (device_id, announced, status, network, os, chipset, cpu, gpu, display_size, display_type, display_res, ram, storage, main_camera, selfie_camera, battery, charging, nfc, usb, bluetooth, wlan, colors, weight, dimensions, sim, sensors, popularity, fans, rating, full_specs_json) VALUES (400, '2020, October 15. Released 2020, October 15', 'Discontinued', 'GSM / HSPA / LTE / 4G/LTE', 'Android 10', 'Mediatek MT6762 Helio P22 (12 nm)', 'Octa-core 2.0 GHz Cortex-A53', 'PowerVR GE8320', '6.53 inches, 107.9 cm 2 (~87.2% screen-to-body ratio)', 'IPS LCD', '720 x 1560 pixels, 19.5:9 ratio (~259 ppi density)', '4GB', '64GB', '13 MP, (wide), AF, LED flash, HDR, panorama', '5 MP, 1080p@30fps', 'Li-Po 5000 mAh', '10W wired', 'No', 'microUSB 2.0, OTG', '5.0, A2DP, LE', 'Wi-Fi 802.11 b/g/n, Wi-Fi Direct', 'Black, Blue', '205 g (7.23 oz)', '163.8 x 75.6 x 9.3 mm (6.45 x 2.98 x 0.37 in)', 'Nano-SIM + Nano-SIM + Nano-SIM (max 2 at a time)', 'Fingerprint (rear-mounted), accelerometer, proximity', 'About 90 EUR', NULL, NULL, '[{"category":"Network","specs":[{"label":"Technology","value":"GSM / HSPA / LTE"},{"label":"2G bands","value":"GSM 850 / 900 / 1800 / 1900"},{"label":"3G bands","value":"HSDPA 850 / 900 / 2100"},{"label":"4G bands","value":"1, 3, 5, 8, 38, 40, 41"},{"label":"Speed","value":"HSPA, LTE"}]},{"category":"Launch","specs":[{"label":"Announced","value":"2020, October 15. Released 2020, October 15"},{"label":"Status","value":"Discontinued"}]},{"category":"Body","specs":[{"label":"Dimensions","value":"163.8 x 75.6 x 9.3 mm (6.45 x 2.98 x 0.37 in)"},{"label":"Weight","value":"205 g (7.23 oz)"},{"label":"Build","value":"Plastic back, plastic frame"},{"label":"SIM","value":"Nano-SIM + Nano-SIM + Nano-SIM (max 2 at a time)"}]},{"category":"Display","specs":[{"label":"Type","value":"IPS LCD"},{"label":"Size","value":"6.53 inches, 107.9 cm 2 (~87.2% screen-to-body ratio)"},{"label":"Resolution","value":"720 x 1560 pixels, 19.5:9 ratio (~259 ppi density)"}]},{"category":"Platform","specs":[{"label":"OS","value":"Android 10"},{"label":"Chipset","value":"Mediatek MT6762 Helio P22 (12 nm)"},{"label":"CPU","value":"Octa-core 2.0 GHz Cortex-A53"},{"label":"GPU","value":"PowerVR GE8320"}]},{"category":"Memory","specs":[{"label":"Card slot","value":"microSDXC (dedicated slot)"},{"label":"Internal","value":"64GB 4GB RAM"}]},{"category":"Main Camera","specs":[{"label":"Triple","value":"13 MP, (wide), AF"},{"label":"Features","value":"LED flash, HDR, panorama"},{"label":"Video","value":"1080p@30fps"}]},{"category":"Selfie camera","specs":[{"label":"Single","value":"5 MP"},{"label":"Video","value":"1080p@30fps"},{"label":"Features","value":"HDR"}]},{"category":"Sound","specs":[{"label":"Loudspeaker","value":"Yes"},{"label":"3.5mm jack","value":"Yes"}]},{"category":"Comms","specs":[{"label":"WLAN","value":"Wi-Fi 802.11 b/g/n, Wi-Fi Direct"},{"label":"Bluetooth","value":"5.0, A2DP, LE"},{"label":"Positioning","value":"GPS"},{"label":"NFC","value":"No"},{"label":"USB","value":"microUSB 2.0, OTG"},{"label":"Radio","value":"FM radio"}]},{"category":"Features","specs":[{"label":"Sensors","value":"Fingerprint (rear-mounted), accelerometer, proximity"}]},{"category":"Battery","specs":[{"label":"Type","value":"Li-Po 5000 mAh"},{"label":"Charging","value":"10W wired"}]},{"category":"Misc","specs":[{"label":"Colors","value":"Black, Blue"},{"label":"Models","value":"L10041"},{"label":"Price","value":"About 90 EUR"}]}]');
INSERT OR IGNORE INTO device_pictures (device_id, url, position) VALUES (400, 'https://fdn2.gsmarena.com/vv/bigpic/lenovo-a8-2020.jpg', 0);
INSERT OR IGNORE INTO device_pictures (device_id, url, position) VALUES (400, 'https://fdn2.gsmarena.com/vv/pics/lenovo/lenovo-a8-2020-1.jpg', 1);
INSERT OR IGNORE INTO device_pictures (device_id, url, position) VALUES (400, 'https://fdn2.gsmarena.com/vv/pics/lenovo/lenovo-a8-2020-2.jpg', 2);
INSERT OR IGNORE INTO devices (id, brand_id, name, gsmarena_url, thumbnail_url, summary) VALUES (401, 3, 'Tab P11 Pro', 'https://www.gsmarena.com/lenovo_tab_p11_pro-10405.php', 'https://fdn2.gsmarena.com/vv/bigpic/lenovo-tab-p11-pro.jpg', 'Tab P11 Pro');
INSERT OR IGNORE INTO device_specs (device_id, announced, status, network, os, chipset, cpu, gpu, display_size, display_type, display_res, ram, storage, main_camera, selfie_camera, battery, charging, nfc, usb, bluetooth, wlan, colors, weight, dimensions, sim, sensors, popularity, fans, rating, full_specs_json) VALUES (401, '2020, August 31. Released 2020, December 14', 'Discontinued', 'GSM / HSPA / LTE / 4G/LTE', 'Android 10', 'Qualcomm SDM730 Snapdragon 730G (8 nm)', 'Octa-core (2x2.2 GHz Kryo 470 Gold & 6x1.8 GHz Kryo 470 Silver)', 'Adreno 618', '11.5 inches, 383.5 cm 2 (~84.6% screen-to-body ratio)', 'OLED, HDR10, Dolby Vision, 500 nits (typ)', '1600 x 2560 pixels, 16:10 ratio (~263 ppi density)', '4GB', '128GB', '13 MP, (wide), AF', '8 MP, (wide)', 'Li-Po 8600 mAh', '20W wired', 'No', 'USB Type-C 3.2', '5.0, A2DP, LE', 'Wi-Fi 802.11 a/b/g/n/ac, dual-band, Wi-Fi Direct', 'Slate Grey, Platinum Grey', '485 g (1.07 lb)', '264.3 x 171.4 x 6.9 mm (10.41 x 6.75 x 0.27 in)', 'Nano-SIM (cellular model only)', 'Fingerprint (side-mounted), accelerometer, gyro, proximity', 'About 550 EUR', NULL, NULL, '[{"category":"Network","specs":[{"label":"Technology","value":"GSM / HSPA / LTE"},{"label":"2G bands","value":"GSM 850 / 900 / 1800 / 1900"},{"label":"3G bands","value":"HSDPA 850 / 900 / 1900 / 2100"},{"label":"4G bands","value":"1, 2, 3, 4, 5, 7, 8, 18, 19, 20, 26, 28, 38, 39, 40, 41"},{"label":"Speed","value":"HSPA, LTE - cellular model only"}]},{"category":"Launch","specs":[{"label":"Announced","value":"2020, August 31. Released 2020, December 14"},{"label":"Status","value":"Discontinued"}]},{"category":"Body","specs":[{"label":"Dimensions","value":"264.3 x 171.4 x 6.9 mm (10.41 x 6.75 x 0.27 in)"},{"label":"Weight","value":"485 g (1.07 lb)"},{"label":"Build","value":"Glass front, aluminum frame, aluminum back"},{"label":"SIM","value":"Nano-SIM (cellular model only)"}]},{"category":"Display","specs":[{"label":"Type","value":"OLED, HDR10, Dolby Vision, 500 nits (typ)"},{"label":"Size","value":"11.5 inches, 383.5 cm 2 (~84.6% screen-to-body ratio)"},{"label":"Resolution","value":"1600 x 2560 pixels, 16:10 ratio (~263 ppi density)"}]},{"category":"Platform","specs":[{"label":"OS","value":"Android 10"},{"label":"Chipset","value":"Qualcomm SDM730 Snapdragon 730G (8 nm)"},{"label":"CPU","value":"Octa-core (2x2.2 GHz Kryo 470 Gold & 6x1.8 GHz Kryo 470 Silver)"},{"label":"GPU","value":"Adreno 618"}]},{"category":"Memory","specs":[{"label":"Card slot","value":"microSDXC"},{"label":"Internal","value":"128GB 4GB RAM, 128GB 6GB RAM"}]},{"category":"Main Camera","specs":[{"label":"Dual","value":"13 MP, (wide), AF"},{"label":"Video","value":"1080p@30fps"}]},{"category":"Selfie camera","specs":[{"label":"Single","value":"8 MP, (wide)"}]},{"category":"Sound","specs":[{"label":"Loudspeaker","value":"Yes, with stereo speakers (4 speakers)"},{"label":"3.5mm jack","value":"No"}]},{"category":"Comms","specs":[{"label":"WLAN","value":"Wi-Fi 802.11 a/b/g/n/ac, dual-band, Wi-Fi Direct"},{"label":"Bluetooth","value":"5.0, A2DP, LE"},{"label":"Positioning","value":"GPS, GLONASS, BDS - cellular model only"},{"label":"NFC","value":"No"},{"label":"USB","value":"USB Type-C 3.2"},{"label":"Radio","value":"Unspecified"}]},{"category":"Features","specs":[{"label":"Sensors","value":"Fingerprint (side-mounted), accelerometer, gyro, proximity"}]},{"category":"Battery","specs":[{"label":"Type","value":"Li-Po 8600 mAh"},{"label":"Charging","value":"20W wired"}]},{"category":"Misc","specs":[{"label":"Colors","value":"Slate Grey, Platinum Grey"},{"label":"Models","value":"TB-J706F"},{"label":"Price","value":"About 550 EUR"}]}]');
INSERT OR IGNORE INTO device_pictures (device_id, url, position) VALUES (401, 'https://fdn2.gsmarena.com/vv/bigpic/lenovo-tab-p11-pro.jpg', 0);
INSERT OR IGNORE INTO device_pictures (device_id, url, position) VALUES (401, 'https://fdn2.gsmarena.com/vv/pics/lenovo/lenovo-tab-p11-pro-2.jpg', 1);
INSERT OR IGNORE INTO device_pictures (device_id, url, position) VALUES (401, 'https://fdn2.gsmarena.com/vv/pics/lenovo/lenovo-tab-p11-pro-3.jpg', 2);
INSERT OR IGNORE INTO devices (id, brand_id, name, gsmarena_url, thumbnail_url, summary) VALUES (402, 3, 'Tab P11', 'https://www.gsmarena.com/lenovo_tab_p11-10686.php', 'https://fdn2.gsmarena.com/vv/bigpic/lenovo-tab-p11.jpg', 'Tab P11');
INSERT OR IGNORE INTO device_specs (device_id, announced, status, network, os, chipset, cpu, gpu, display_size, display_type, display_res, ram, storage, main_camera, selfie_camera, battery, charging, nfc, usb, bluetooth, wlan, colors, weight, dimensions, sim, sensors, popularity, fans, rating, full_specs_json) VALUES (402, '2021, January 07', 'Available. Released 2021, February 10', 'GSM / HSPA / LTE / 4G/LTE', 'Android 10', 'Qualcomm SM6115 Snapdragon 662 (11 nm)', 'Octa-core (4x2.0 GHz Kryo 260 Gold & 4x1.8 GHz Kryo 260 Silver)', 'Adreno 610', '11.0 inches, 344.4 cm 2 (~81.8% screen-to-body ratio)', 'IPS LCD, 400 nits (typ)', '1200 x 2000 pixels, 5:3 ratio (~212 ppi density)', '4GB', '64GB', '13 MP, (wide), AF, LED flash', '8 MP, (wide), 1080p@30fps', 'Li-Po 7700 mAh', '20W wired', 'No', 'USB Type-C 2.0', '5.1, A2DP, LE', 'Wi-Fi 802.11 a/b/g/n/ac/6, dual-band, Wi-Fi Direct', 'Slate Grey, Platinum Grey', '490 g (1.08 lb)', '258.4 x 163 x 7.5 mm (10.17 x 6.42 x 0.30 in)', 'Nano-SIM (cellular model only)', 'Accelerometer, gyro, proximity', 'About 200 EUR', NULL, NULL, '[{"category":"Network","specs":[{"label":"Technology","value":"GSM / HSPA / LTE"},{"label":"2G bands","value":"GSM 850 / 900 / 1800 / 1900"},{"label":"3G bands","value":"HSDPA 850 / 900 / 1900 / 2100"},{"label":"4G bands","value":"1, 2, 3, 4, 5, 7, 8, 19, 20, 28, 38, 40, 41"},{"label":"Speed","value":"HSPA, LTE - cellular model only"}]},{"category":"Launch","specs":[{"label":"Announced","value":"2021, January 07"},{"label":"Status","value":"Available. Released 2021, February 10"}]},{"category":"Body","specs":[{"label":"Dimensions","value":"258.4 x 163 x 7.5 mm (10.17 x 6.42 x 0.30 in)"},{"label":"Weight","value":"490 g (1.08 lb)"},{"label":"SIM","value":"Nano-SIM (cellular model only)"}]},{"category":"Display","specs":[{"label":"Type","value":"IPS LCD, 400 nits (typ)"},{"label":"Size","value":"11.0 inches, 344.4 cm 2 (~81.8% screen-to-body ratio)"},{"label":"Resolution","value":"1200 x 2000 pixels, 5:3 ratio (~212 ppi density)"}]},{"category":"Platform","specs":[{"label":"OS","value":"Android 10"},{"label":"Chipset","value":"Qualcomm SM6115 Snapdragon 662 (11 nm)"},{"label":"CPU","value":"Octa-core (4x2.0 GHz Kryo 260 Gold & 4x1.8 GHz Kryo 260 Silver)"},{"label":"GPU","value":"Adreno 610"}]},{"category":"Memory","specs":[{"label":"Card slot","value":"microSDXC (dedicated slot)"},{"label":"Internal","value":"64GB 4GB RAM, 128GB 4GB RAM, 128GB 6GB RAM"}]},{"category":"Main Camera","specs":[{"label":"Single","value":"13 MP, (wide), AF"},{"label":"Features","value":"LED flash"},{"label":"Video","value":"1080p@30fps"}]},{"category":"Selfie camera","specs":[{"label":"Single","value":"8 MP, (wide)"},{"label":"Video","value":"1080p@30fps"}]},{"category":"Sound","specs":[{"label":"Loudspeaker","value":"Yes, with stereo speakers (4 speakers)"},{"label":"3.5mm jack","value":"No"}]},{"category":"Comms","specs":[{"label":"WLAN","value":"Wi-Fi 802.11 a/b/g/n/ac/6, dual-band, Wi-Fi Direct"},{"label":"Bluetooth","value":"5.1, A2DP, LE"},{"label":"Positioning","value":"GPS, GLONASS, BDS - cellular model only"},{"label":"NFC","value":"No"},{"label":"USB","value":"USB Type-C 2.0"},{"label":"Radio","value":"FM radio"}]},{"category":"Features","specs":[{"label":"Sensors","value":"Accelerometer, gyro, proximity"}]},{"category":"Battery","specs":[{"label":"Type","value":"Li-Po 7700 mAh"},{"label":"Charging","value":"20W wired"}]},{"category":"Misc","specs":[{"label":"Colors","value":"Slate Grey, Platinum Grey"},{"label":"Models","value":"TB-J606F"},{"label":"Price","value":"About 200 EUR"}]}]');
INSERT OR IGNORE INTO device_pictures (device_id, url, position) VALUES (402, 'https://fdn2.gsmarena.com/vv/bigpic/lenovo-tab-p11.jpg', 0);
INSERT OR IGNORE INTO device_pictures (device_id, url, position) VALUES (402, 'https://fdn2.gsmarena.com/vv/pics/lenovo/lenovo-tab-p11-2.jpg', 1);
INSERT OR IGNORE INTO device_pictures (device_id, url, position) VALUES (402, 'https://fdn2.gsmarena.com/vv/pics/lenovo/lenovo-tab-p11-1.jpg', 2);
INSERT OR IGNORE INTO devices (id, brand_id, name, gsmarena_url, thumbnail_url, summary) VALUES (403, 3, 'Tab M10 HD Gen 2', 'https://www.gsmarena.com/lenovo_tab_m10_hd_gen_2-10406.php', 'https://fdn2.gsmarena.com/vv/bigpic/lenovo-tab-m10-hd-gen2--.jpg', 'Tab M10 HD Gen 2');
INSERT OR IGNORE INTO device_specs (device_id, announced, status, network, os, chipset, cpu, gpu, display_size, display_type, display_res, ram, storage, main_camera, selfie_camera, battery, charging, nfc, usb, bluetooth, wlan, colors, weight, dimensions, sim, sensors, popularity, fans, rating, full_specs_json) VALUES (403, '2020, August 31. Released 2020, November', 'Discontinued', 'GSM / HSPA / LTE / 4G/LTE', 'Android 10', 'Mediatek MT6762 Helio P22T (12 nm)', 'Octa-core (4x2.3 GHz Cortex-A53 & 4x1.8 GHz Cortex-A53)', 'PowerVR GE8320', '10.1 inches, 295.8 cm 2 (~82.0% screen-to-body ratio)', 'IPS LCD, 400 nits (typ)', '800 x 1280 pixels, 16:10 ratio (~149 ppi density)', '2GB', '32GB', '8 MP, AF', '5 MP', 'Li-Po 5000 mAh', '10W wired', 'No', 'USB Type-C 2.0, OTG, magnetic connector', '5.0, LE', 'Wi-Fi 802.11 a/b/g/n/ac, dual-band, Wi-Fi Direct', 'Iron Gray, Platinum Gray', '420 g (14.82 oz)', '241.5 x 149.4 x 8.3 mm (9.51 x 5.88 x 0.33 in)', 'Nano-SIM (cellular model only)', 'Accelerometer, proximity', 'About 170 EUR', NULL, NULL, '[{"category":"Network","specs":[{"label":"Technology","value":"GSM / HSPA / LTE"},{"label":"2G bands","value":"GSM 850 / 900 / 1800 / 1900"},{"label":"3G bands","value":"HSDPA 800 / 850 / 900 / 1900 / 2100"},{"label":"4G bands","value":"1, 2, 3, 4, 5, 7, 8, 19, 20, 28, 38, 40"},{"label":"Speed","value":"HSPA, LTE - cellular model only"}]},{"category":"Launch","specs":[{"label":"Announced","value":"2020, August 31. Released 2020, November"},{"label":"Status","value":"Discontinued"}]},{"category":"Body","specs":[{"label":"Dimensions","value":"241.5 x 149.4 x 8.3 mm (9.51 x 5.88 x 0.33 in)"},{"label":"Weight","value":"420 g (14.82 oz)"},{"label":"SIM","value":"Nano-SIM (cellular model only)"}]},{"category":"Display","specs":[{"label":"Type","value":"IPS LCD, 400 nits (typ)"},{"label":"Size","value":"10.1 inches, 295.8 cm 2 (~82.0% screen-to-body ratio)"},{"label":"Resolution","value":"800 x 1280 pixels, 16:10 ratio (~149 ppi density)"}]},{"category":"Platform","specs":[{"label":"OS","value":"Android 10"},{"label":"Chipset","value":"Mediatek MT6762 Helio P22T (12 nm)"},{"label":"CPU","value":"Octa-core (4x2.3 GHz Cortex-A53 & 4x1.8 GHz Cortex-A53)"},{"label":"GPU","value":"PowerVR GE8320"}]},{"category":"Memory","specs":[{"label":"Card slot","value":"microSDXC (dedicated slot)"},{"label":"Internal","value":"32GB 2GB RAM, 64GB 4GB RAM"}]},{"category":"Main Camera","specs":[{"label":"Single","value":"8 MP, AF"},{"label":"Video","value":"1080p@30fps"}]},{"category":"Selfie camera","specs":[{"label":"Single","value":"5 MP"}]},{"category":"Sound","specs":[{"label":"Loudspeaker","value":"Yes, with stereo speakers"},{"label":"3.5mm jack","value":"Yes"}]},{"category":"Comms","specs":[{"label":"WLAN","value":"Wi-Fi 802.11 a/b/g/n/ac, dual-band, Wi-Fi Direct"},{"label":"Bluetooth","value":"5.0, LE"},{"label":"Positioning","value":"GPS, GLONASS - cellular model only"},{"label":"NFC","value":"No"},{"label":"USB","value":"USB Type-C 2.0, OTG, magnetic connector"},{"label":"Radio","value":"FM radio"}]},{"category":"Features","specs":[{"label":"Sensors","value":"Accelerometer, proximity"}]},{"category":"Battery","specs":[{"label":"Type","value":"Li-Po 5000 mAh"},{"label":"Charging","value":"10W wired"}]},{"category":"Misc","specs":[{"label":"Colors","value":"Iron Gray, Platinum Gray"},{"label":"Models","value":"TB-X306X"},{"label":"Price","value":"About 170 EUR"}]}]');
INSERT OR IGNORE INTO device_pictures (device_id, url, position) VALUES (403, 'https://fdn2.gsmarena.com/vv/bigpic/lenovo-tab-m10-hd-gen2--.jpg', 0);
INSERT OR IGNORE INTO device_pictures (device_id, url, position) VALUES (403, 'https://fdn2.gsmarena.com/vv/pics/lenovo/lenovo-tab-m10-hd-gen2-2.jpg', 1);
INSERT OR IGNORE INTO device_pictures (device_id, url, position) VALUES (403, 'https://fdn2.gsmarena.com/vv/pics/lenovo/lenovo-tab-m10-hd-gen2-3.jpg', 2);
INSERT OR IGNORE INTO devices (id, brand_id, name, gsmarena_url, thumbnail_url, summary) VALUES (404, 3, 'Legion Duel', 'https://www.gsmarena.com/lenovo_legion_duel-10329.php', 'https://fdn2.gsmarena.com/vv/bigpic/lenovo-legion-.jpg', 'Legion Duel');
INSERT OR IGNORE INTO device_specs (device_id, announced, status, network, os, chipset, cpu, gpu, display_size, display_type, display_res, ram, storage, main_camera, selfie_camera, battery, charging, nfc, usb, bluetooth, wlan, colors, weight, dimensions, sim, sensors, popularity, fans, rating, full_specs_json) VALUES (404, '2020, July 22. Released 2020, October 15', 'Discontinued', 'GSM / HSPA / LTE / 5G / 5G', 'Android 10, Legion OS/ ZUI12', 'Qualcomm SM8250 Snapdragon 865 5G+ (7 nm+)', 'Octa-core (1x3.09 GHz Cortex-A77 & 3x2.42 GHz Cortex-A77 & 4x1.80 GHz Cortex-A55)', 'Adreno 650', '6.65 inches, 108.6 cm 2 (~81.7% screen-to-body ratio)', 'AMOLED, 144Hz, HDR10+', '1080 x 2340 pixels, 19.5:9 ratio (~388 ppi density)', '12GB', '256GB', '64 MP, f/1.9, 25mm (wide), 1/1.72", 0.8µm, PDAF, Dual-LED flash, panorama, HDR', 'Motorized pop-up 20 MP, f/2.2, 25mm (wide), 1/3.1", 0.9µm, 4K@30fps', 'Li-Po 5000 mAh', '65W wired, (128GB 12GB RAM, 256GB 12GB RAM models)', 'Yes', 'USB Type-C 3.1 (side), USB Type-C 2.0 (bottom), OTG', '5.0, A2DP, LE, aptX HD, aptX Adaptive', 'Wi-Fi 802.11 a/b/g/n/ac/6, dual-band, Wi-Fi Direct', 'Vengeance Red, Blazing Blue', '239 g (8.43 oz)', '169.2 x 78.5 x 9.9 mm (6.66 x 3.09 x 0.39 in)', 'Nano-SIM + Nano-SIM', 'Fingerprint (under display, optical), accelerometer, gyro, proximity, compass', 'About 510 EUR', NULL, NULL, '[{"category":"Network","specs":[{"label":"Technology","value":"GSM / HSPA / LTE / 5G"},{"label":"2G bands","value":"GSM 850 / 900 / 1800 / 1900"},{"label":"3G bands","value":"HSDPA 850 / 900 / 1700(AWS) / 1900 / 2100"},{"label":"4G bands","value":"1, 2, 3, 4, 5, 7, 8, 12, 17, 18, 19, 20, 26, 28, 34, 38, 39, 40, 41, 42 - International"},{"label":"5G bands","value":"1, 3, 28, 38, 41, 77, 78, 79 SA/NSA"},{"label":"Speed","value":"HSPA 42.2/5.76 Mbps, LTE (4CA) Cat15 800/210 Mbps, 5G 2.5 Gbps DL"}]},{"category":"Launch","specs":[{"label":"Announced","value":"2020, July 22. Released 2020, October 15"},{"label":"Status","value":"Discontinued"}]},{"category":"Body","specs":[{"label":"Dimensions","value":"169.2 x 78.5 x 9.9 mm (6.66 x 3.09 x 0.39 in)"},{"label":"Weight","value":"239 g (8.43 oz)"},{"label":"Build","value":"Glass front, glass back, aluminum frame"},{"label":"SIM","value":"Nano-SIM + Nano-SIM"}]},{"category":"Display","specs":[{"label":"Type","value":"AMOLED, 144Hz, HDR10+"},{"label":"Size","value":"6.65 inches, 108.6 cm 2 (~81.7% screen-to-body ratio)"},{"label":"Resolution","value":"1080 x 2340 pixels, 19.5:9 ratio (~388 ppi density)"}]},{"category":"Platform","specs":[{"label":"OS","value":"Android 10, Legion OS/ ZUI12"},{"label":"Chipset","value":"Qualcomm SM8250 Snapdragon 865 5G+ (7 nm+)"},{"label":"CPU","value":"Octa-core (1x3.09 GHz Cortex-A77 & 3x2.42 GHz Cortex-A77 & 4x1.80 GHz Cortex-A55)"},{"label":"GPU","value":"Adreno 650"}]},{"category":"Memory","specs":[{"label":"Card slot","value":"No"},{"label":"Internal","value":"256GB 12GB RAM, 512GB 16GB RAM"}]},{"category":"Main Camera","specs":[{"label":"Dual","value":"64 MP, f/1.9, 25mm (wide), 1/1.72\\", 0.8µm, PDAF"},{"label":"Features","value":"Dual-LED flash, panorama, HDR"},{"label":"Video","value":"4K@30fps gyro-EIS"}]},{"category":"Selfie camera","specs":[{"label":"Single","value":"Motorized pop-up 20 MP, f/2.2, 25mm (wide), 1/3.1\\", 0.9µm"},{"label":"Video","value":"4K@30fps"},{"label":"Features","value":"LED flash, HDR"}]},{"category":"Sound","specs":[{"label":"Loudspeaker","value":"Yes, with stereo speakers"},{"label":"3.5mm jack","value":"No"}]},{"category":"Comms","specs":[{"label":"WLAN","value":"Wi-Fi 802.11 a/b/g/n/ac/6, dual-band, Wi-Fi Direct"},{"label":"Bluetooth","value":"5.0, A2DP, LE, aptX HD, aptX Adaptive"},{"label":"Positioning","value":"GPS (L1+L5), GLONASS, GALILEO, BDS, QZSS"},{"label":"NFC","value":"Yes"},{"label":"USB","value":"USB Type-C 3.1 (side), USB Type-C 2.0 (bottom), OTG"},{"label":"Radio","value":"No"}]},{"category":"Features","specs":[{"label":"Sensors","value":"Fingerprint (under display, optical), accelerometer, gyro, proximity, compass"}]},{"category":"Battery","specs":[{"label":"Type","value":"Li-Po 5000 mAh"},{"label":"Charging","value":"65W wired, (128GB 12GB RAM, 256GB 12GB RAM models)"}]},{"category":"Misc","specs":[{"label":"Colors","value":"Vengeance Red, Blazing Blue"},{"label":"Price","value":"About 510 EUR"}]}]');
INSERT OR IGNORE INTO device_pictures (device_id, url, position) VALUES (404, 'https://fdn2.gsmarena.com/vv/bigpic/lenovo-legion-.jpg', 0);
INSERT OR IGNORE INTO device_pictures (device_id, url, position) VALUES (404, 'https://fdn2.gsmarena.com/vv/pics/lenovo/lenovo-legion-01.jpg', 1);
INSERT OR IGNORE INTO device_pictures (device_id, url, position) VALUES (404, 'https://fdn2.gsmarena.com/vv/pics/lenovo/lenovo-legion-03.jpg', 2);
INSERT OR IGNORE INTO device_pictures (device_id, url, position) VALUES (404, 'https://fdn2.gsmarena.com/vv/pics/lenovo/lenovo-legion-02.jpg', 3);
INSERT OR IGNORE INTO devices (id, brand_id, name, gsmarena_url, thumbnail_url, summary) VALUES (405, 3, 'Legion Pro', 'https://www.gsmarena.com/lenovo_legion_pro-10224.php', 'https://fdn2.gsmarena.com/vv/bigpic/lenovo-legion-.jpg', 'Legion Pro');
INSERT OR IGNORE INTO device_specs (device_id, announced, status, network, os, chipset, cpu, gpu, display_size, display_type, display_res, ram, storage, main_camera, selfie_camera, battery, charging, nfc, usb, bluetooth, wlan, colors, weight, dimensions, sim, sensors, popularity, fans, rating, full_specs_json) VALUES (405, '2020, July 22. Released 2020, July 30', 'Discontinued', 'GSM / CDMA / HSPA / LTE / 5G / 5G', 'Android 10, Legion OS/ ZUI12', 'Qualcomm SM8250 Snapdragon 865 5G+ (7 nm+)', 'Octa-core (1x3.09 GHz Cortex-A77 & 3x2.42 GHz Cortex-A77 & 4x1.80 GHz Cortex-A55)', 'Adreno 650', '6.65 inches, 108.6 cm 2 (~81.7% screen-to-body ratio)', 'AMOLED, 144Hz, HDR10+', '1080 x 2340 pixels, 19.5:9 ratio (~388 ppi density)', '8GB', '128GB', '64 MP, f/1.9, 25mm (wide), 1/1.72", 0.8µm, PDAF, Dual-LED flash, panorama, HDR', 'Motorized pop-up 20 MP, f/2.2, 25mm (wide), 1/3.1", 0.9µm, 4K@30fps', 'Li-Po 5000 mAh', '45W wired, (128GB 8GB RAM model)', 'Yes', 'Two USB Type-C, OTG', '5.0, A2DP, LE, aptX HD, aptX Adaptive', 'Wi-Fi 802.11 a/b/g/n/ac/6, dual-band, Wi-Fi Direct', 'Vengeance Red, Blazing Blue, White', '239 g (8.43 oz)', '169.2 x 78.5 x 9.9 mm (6.66 x 3.09 x 0.39 in)', 'Nano-SIM + Nano-SIM', 'Fingerprint (under display, optical), accelerometer, gyro, proximity, compass', NULL, NULL, NULL, '[{"category":"Network","specs":[{"label":"Technology","value":"GSM / CDMA / HSPA / LTE / 5G"},{"label":"2G bands","value":"GSM 850 / 900 / 1800 / 1900"},{"label":"3G bands","value":"HSDPA 850 / 900 / 1900 / 2100"},{"label":"4G bands","value":"LTE"},{"label":"5G bands","value":"SA/NSA"},{"label":"Speed","value":"HSPA 42.2/5.76 Mbps, LTE (4CA) Cat15 800/210 Mbps, 5G 2.5 Gbps DL"}]},{"category":"Launch","specs":[{"label":"Announced","value":"2020, July 22. Released 2020, July 30"},{"label":"Status","value":"Discontinued"}]},{"category":"Body","specs":[{"label":"Dimensions","value":"169.2 x 78.5 x 9.9 mm (6.66 x 3.09 x 0.39 in)"},{"label":"Weight","value":"239 g (8.43 oz)"},{"label":"Build","value":"Glass front, glass back, aluminum frame"},{"label":"SIM","value":"Nano-SIM + Nano-SIM"}]},{"category":"Display","specs":[{"label":"Type","value":"AMOLED, 144Hz, HDR10+"},{"label":"Size","value":"6.65 inches, 108.6 cm 2 (~81.7% screen-to-body ratio)"},{"label":"Resolution","value":"1080 x 2340 pixels, 19.5:9 ratio (~388 ppi density)"}]},{"category":"Platform","specs":[{"label":"OS","value":"Android 10, Legion OS/ ZUI12"},{"label":"Chipset","value":"Qualcomm SM8250 Snapdragon 865 5G+ (7 nm+)"},{"label":"CPU","value":"Octa-core (1x3.09 GHz Cortex-A77 & 3x2.42 GHz Cortex-A77 & 4x1.80 GHz Cortex-A55)"},{"label":"GPU","value":"Adreno 650"}]},{"category":"Memory","specs":[{"label":"Card slot","value":"No"},{"label":"Internal","value":"128GB 8GB RAM, 128GB 12GB RAM, 256GB 12GB RAM, 512GB 16GB RAM"}]},{"category":"Main Camera","specs":[{"label":"Dual","value":"64 MP, f/1.9, 25mm (wide), 1/1.72\\", 0.8µm, PDAF"},{"label":"Features","value":"Dual-LED flash, panorama, HDR"},{"label":"Video","value":"4K@30fps gyro-EIS"}]},{"category":"Selfie camera","specs":[{"label":"Single","value":"Motorized pop-up 20 MP, f/2.2, 25mm (wide), 1/3.1\\", 0.9µm"},{"label":"Video","value":"4K@30fps"},{"label":"Features","value":"LED flash, HDR"}]},{"category":"Sound","specs":[{"label":"Loudspeaker","value":"Yes, with stereo speakers"},{"label":"3.5mm jack","value":"No"}]},{"category":"Comms","specs":[{"label":"WLAN","value":"Wi-Fi 802.11 a/b/g/n/ac/6, dual-band, Wi-Fi Direct"},{"label":"Bluetooth","value":"5.0, A2DP, LE, aptX HD, aptX Adaptive"},{"label":"Positioning","value":"GPS (L1+L5), GLONASS, GALILEO, BDS, QZSS"},{"label":"NFC","value":"Yes"},{"label":"USB","value":"Two USB Type-C, OTG"},{"label":"Radio","value":"No"}]},{"category":"Features","specs":[{"label":"Sensors","value":"Fingerprint (under display, optical), accelerometer, gyro, proximity, compass"}]},{"category":"Battery","specs":[{"label":"Type","value":"Li-Po 5000 mAh"},{"label":"Charging","value":"45W wired, (128GB 8GB RAM model)"}]},{"category":"Misc","specs":[{"label":"Colors","value":"Vengeance Red, Blazing Blue, White"},{"label":"Models","value":"L79031"}]}]');
INSERT OR IGNORE INTO device_pictures (device_id, url, position) VALUES (405, 'https://fdn2.gsmarena.com/vv/bigpic/lenovo-legion-.jpg', 0);
INSERT OR IGNORE INTO device_pictures (device_id, url, position) VALUES (405, 'https://fdn2.gsmarena.com/vv/pics/lenovo/lenovo-legion-01.jpg', 1);
INSERT OR IGNORE INTO device_pictures (device_id, url, position) VALUES (405, 'https://fdn2.gsmarena.com/vv/pics/lenovo/lenovo-legion-03.jpg', 2);
INSERT OR IGNORE INTO device_pictures (device_id, url, position) VALUES (405, 'https://fdn2.gsmarena.com/vv/pics/lenovo/lenovo-legion-02.jpg', 3);
INSERT OR IGNORE INTO devices (id, brand_id, name, gsmarena_url, thumbnail_url, summary) VALUES (406, 3, 'A7', 'https://www.gsmarena.com/lenovo_a7-10566.php', 'https://fdn2.gsmarena.com/vv/bigpic/lenovo-a7.jpg', 'A7');
INSERT OR IGNORE INTO device_specs (device_id, announced, status, network, os, chipset, cpu, gpu, display_size, display_type, display_res, ram, storage, main_camera, selfie_camera, battery, charging, nfc, usb, bluetooth, wlan, colors, weight, dimensions, sim, sensors, popularity, fans, rating, full_specs_json) VALUES (406, '2019, April 13. Released 2019, April 13', 'Discontinued', 'GSM / HSPA / LTE / 4G/LTE', 'Android 9.0 (Pie)', 'Unisoc SC9863A (28 nm)', 'Octa-core (4x1.6 GHz Cortex-A55 & 4x1.2 GHz Cortex-A55)', 'IMG8322', '6.09 inches, 91.0 cm 2 (~78.3% screen-to-body ratio)', 'IPS LCD', '720 x 1560 pixels, 19.5:9 ratio (~282 ppi density)', '4GB', '64GB', '13 MP, (wide), 1/3.1", 1.12µm, PDAF, LED flash', '5 MP', 'Li-Po 4000 mAh', NULL, 'No', 'microUSB 2.0', 'Yes', 'Wi-Fi 802.11 b/g/n', 'Black, Blue', '-', '155 x 75 x 12 mm (6.10 x 2.95 x 0.47 in)', 'Nano-SIM + Nano-SIM', 'Fingerprint (rear-mounted), accelerometer, proximity', 'About 100 EUR', NULL, NULL, '[{"category":"Network","specs":[{"label":"Technology","value":"GSM / HSPA / LTE"},{"label":"2G bands","value":"GSM 850 / 900 / 1800 / 1900"},{"label":"3G bands","value":"HSDPA 850 / 900 / 2100"},{"label":"4G bands","value":"1, 3, 5, 8, 38, 40, 41"},{"label":"Speed","value":"HSPA, LTE"}]},{"category":"Launch","specs":[{"label":"Announced","value":"2019, April 13. Released 2019, April 13"},{"label":"Status","value":"Discontinued"}]},{"category":"Body","specs":[{"label":"Dimensions","value":"155 x 75 x 12 mm (6.10 x 2.95 x 0.47 in)"},{"label":"Weight","value":"-"},{"label":"Build","value":"Glass front, plastic back, plastic frame"},{"label":"SIM","value":"Nano-SIM + Nano-SIM"}]},{"category":"Display","specs":[{"label":"Type","value":"IPS LCD"},{"label":"Size","value":"6.09 inches, 91.0 cm 2 (~78.3% screen-to-body ratio)"},{"label":"Resolution","value":"720 x 1560 pixels, 19.5:9 ratio (~282 ppi density)"}]},{"category":"Platform","specs":[{"label":"OS","value":"Android 9.0 (Pie)"},{"label":"Chipset","value":"Unisoc SC9863A (28 nm)"},{"label":"CPU","value":"Octa-core (4x1.6 GHz Cortex-A55 & 4x1.2 GHz Cortex-A55)"},{"label":"GPU","value":"IMG8322"}]},{"category":"Memory","specs":[{"label":"Card slot","value":"microSDXC (dedicated slot)"},{"label":"Internal","value":"64GB 4GB RAM"}]},{"category":"Main Camera","specs":[{"label":"Dual","value":"13 MP, (wide), 1/3.1\\", 1.12µm, PDAF"},{"label":"Features","value":"LED flash"},{"label":"Video","value":"1080p@30fps"}]},{"category":"Selfie camera","specs":[{"label":"Single","value":"5 MP"}]},{"category":"Sound","specs":[{"label":"Loudspeaker","value":"Yes"},{"label":"3.5mm jack","value":"Yes"}]},{"category":"Comms","specs":[{"label":"WLAN","value":"Wi-Fi 802.11 b/g/n"},{"label":"Bluetooth","value":"Yes"},{"label":"Positioning","value":"GPS"},{"label":"NFC","value":"No"},{"label":"USB","value":"microUSB 2.0"},{"label":"Radio","value":"FM radio"}]},{"category":"Features","specs":[{"label":"Sensors","value":"Fingerprint (rear-mounted), accelerometer, proximity"}]},{"category":"Battery","specs":[{"label":"Type","value":"Li-Po 4000 mAh"}]},{"category":"Misc","specs":[{"label":"Colors","value":"Black, Blue"},{"label":"Models","value":"L19111"},{"label":"Price","value":"About 100 EUR"}]}]');
INSERT OR IGNORE INTO device_pictures (device_id, url, position) VALUES (406, 'https://fdn2.gsmarena.com/vv/bigpic/lenovo-a7.jpg', 0);
INSERT OR IGNORE INTO device_pictures (device_id, url, position) VALUES (406, 'https://fdn2.gsmarena.com/vv/pics/lenovo/lenovo-a7.jpg', 1);
INSERT OR IGNORE INTO devices (id, brand_id, name, gsmarena_url, thumbnail_url, summary) VALUES (407, 3, 'M10 Plus', 'https://www.gsmarena.com/lenovo_m10_plus-10360.php', 'https://fdn2.gsmarena.com/vv/bigpic/lenovo-m10-plus.jpg', 'M10 Plus');
INSERT OR IGNORE INTO device_specs (device_id, announced, status, network, os, chipset, cpu, gpu, display_size, display_type, display_res, ram, storage, main_camera, selfie_camera, battery, charging, nfc, usb, bluetooth, wlan, colors, weight, dimensions, sim, sensors, popularity, fans, rating, full_specs_json) VALUES (407, '2020, March 27. Released 2020, March 27', 'Discontinued', 'LTE / 4G/LTE', 'Android 9.0 (Pie)', 'Mediatek MT6762 Helio P22T (12 nm)', 'Octa-core (4x2.3 GHz Cortex-A53 & 4x1.8 GHz Cortex-A53)', 'PowerVR GE8320', '10.3 inches, 307.6 cm 2 (~82.2% screen-to-body ratio)', 'IPS LCD, 330 nits (typ)', '1200 x 1920 pixels, 16:10 ratio (~220 ppi density)', '2GB', '32GB', '8 MP, AF', '5 MP', 'Li-Po 5000 mAh', '10W wired', 'No', 'USB Type-C 2.0', '5.0, LE', 'Wi-Fi 802.11 a/b/g/n/ac, dual-band, Wi-Fi Direct', 'Iron Grey', '460 g (1.01 lb)', '244.2 x 153.3 x 8.2 mm (9.61 x 6.04 x 0.32 in)', 'Nano-SIM (cellular model only)', 'Accelerometer', 'About 200 EUR', NULL, NULL, '[{"category":"Network","specs":[{"label":"Technology","value":"LTE"},{"label":"2G bands","value":"N/A"},{"label":"3G bands","value":"N/A"},{"label":"4G bands","value":"LTE"},{"label":"Speed","value":"HSPA 21.1/5.76 Mbps, LTE Cat4 150/50 Mbps - cellular model only"},{"label":"GPRS","value":"No"},{"label":"EDGE","value":"No"}]},{"category":"Launch","specs":[{"label":"Announced","value":"2020, March 27. Released 2020, March 27"},{"label":"Status","value":"Discontinued"}]},{"category":"Body","specs":[{"label":"Dimensions","value":"244.2 x 153.3 x 8.2 mm (9.61 x 6.04 x 0.32 in)"},{"label":"Weight","value":"460 g (1.01 lb)"},{"label":"SIM","value":"Nano-SIM (cellular model only)"}]},{"category":"Display","specs":[{"label":"Type","value":"IPS LCD, 330 nits (typ)"},{"label":"Size","value":"10.3 inches, 307.6 cm 2 (~82.2% screen-to-body ratio)"},{"label":"Resolution","value":"1200 x 1920 pixels, 16:10 ratio (~220 ppi density)"}]},{"category":"Platform","specs":[{"label":"OS","value":"Android 9.0 (Pie)"},{"label":"Chipset","value":"Mediatek MT6762 Helio P22T (12 nm)"},{"label":"CPU","value":"Octa-core (4x2.3 GHz Cortex-A53 & 4x1.8 GHz Cortex-A53)"},{"label":"GPU","value":"PowerVR GE8320"}]},{"category":"Memory","specs":[{"label":"Card slot","value":"microSDXC (dedicated slot)"},{"label":"Internal","value":"32GB 2GB RAM, 64GB 4GB RAM, 128GB 4GB RAM"}]},{"category":"Main Camera","specs":[{"label":"Single","value":"8 MP, AF"},{"label":"Video","value":"1080p@30fps"}]},{"category":"Selfie camera","specs":[{"label":"Single","value":"5 MP"}]},{"category":"Sound","specs":[{"label":"Loudspeaker","value":"Yes, with stereo speakers"},{"label":"3.5mm jack","value":"Yes"}]},{"category":"Comms","specs":[{"label":"WLAN","value":"Wi-Fi 802.11 a/b/g/n/ac, dual-band, Wi-Fi Direct"},{"label":"Bluetooth","value":"5.0, LE"},{"label":"Positioning","value":"GPS - cellular model only"},{"label":"NFC","value":"No"},{"label":"USB","value":"USB Type-C 2.0"},{"label":"Radio","value":"No"}]},{"category":"Features","specs":[{"label":"Sensors","value":"Accelerometer"}]},{"category":"Battery","specs":[{"label":"Type","value":"Li-Po 5000 mAh"},{"label":"Charging","value":"10W wired"}]},{"category":"Misc","specs":[{"label":"Colors","value":"Iron Grey"},{"label":"Models","value":"TB-X606, TB-X606F, TB-X606X, TB-X606V"},{"label":"Price","value":"About 200 EUR"}]}]');
INSERT OR IGNORE INTO device_pictures (device_id, url, position) VALUES (407, 'https://fdn2.gsmarena.com/vv/bigpic/lenovo-m10-plus.jpg', 0);
INSERT OR IGNORE INTO device_pictures (device_id, url, position) VALUES (407, 'https://fdn2.gsmarena.com/vv/pics/lenovo/lenovo-m10-plus-1.jpg', 1);
INSERT OR IGNORE INTO devices (id, brand_id, name, gsmarena_url, thumbnail_url, summary) VALUES (408, 3, 'M10 FHD REL', 'https://www.gsmarena.com/lenovo_m10_fhd_rel-10049.php', 'https://fdn2.gsmarena.com/vv/bigpic/lenovo-m10-fhd-rel.jpg', 'M10 FHD REL');
INSERT OR IGNORE INTO device_specs (device_id, announced, status, network, os, chipset, cpu, gpu, display_size, display_type, display_res, ram, storage, main_camera, selfie_camera, battery, charging, nfc, usb, bluetooth, wlan, colors, weight, dimensions, sim, sensors, popularity, fans, rating, full_specs_json) VALUES (408, '2020, January 24. Released 2020, January 24', 'Discontinued', 'LTE / 4G/LTE', 'Android 9.0 (Pie)', 'Qualcomm SDM450 Snapdragon 450 (14 nm)', 'Octa-core 1.8 GHz Cortex-A53', 'Adreno 506', '10.1 inches, 295.8 cm 2', 'IPS LCD, 320 nits (typ)', '1200 x 1920 pixels, 16:10 ratio (~224 ppi density)', '3GB', '32GB', '8 MP, AF', '5 MP', 'Li-Po 7000 mAh', NULL, 'No', 'microUSB 2.0', '4.2, A2DP', 'Wi-Fi 802.11 a/b/g/n/ac, dual-band, Wi-Fi Direct', 'Black', '520 g (1.15 lb)', '-', 'Yes - cellular model only', 'Accelerometer', 'About 180 EUR', NULL, NULL, '[{"category":"Network","specs":[{"label":"Technology","value":"LTE"},{"label":"2G bands","value":"N/A"},{"label":"3G bands","value":"N/A"},{"label":"4G bands","value":"LTE"},{"label":"Speed","value":"HSPA 21.1/5.76 Mbps, LTE Cat4 150/50 Mbps - cellular model only"},{"label":"GPRS","value":"No"},{"label":"EDGE","value":"No"}]},{"category":"Launch","specs":[{"label":"Announced","value":"2020, January 24. Released 2020, January 24"},{"label":"Status","value":"Discontinued"}]},{"category":"Body","specs":[{"label":"Dimensions","value":"-"},{"label":"Weight","value":"520 g (1.15 lb)"},{"label":"SIM","value":"Yes - cellular model only"}]},{"category":"Display","specs":[{"label":"Type","value":"IPS LCD, 320 nits (typ)"},{"label":"Size","value":"10.1 inches, 295.8 cm 2"},{"label":"Resolution","value":"1200 x 1920 pixels, 16:10 ratio (~224 ppi density)"}]},{"category":"Platform","specs":[{"label":"OS","value":"Android 9.0 (Pie)"},{"label":"Chipset","value":"Qualcomm SDM450 Snapdragon 450 (14 nm)"},{"label":"CPU","value":"Octa-core 1.8 GHz Cortex-A53"},{"label":"GPU","value":"Adreno 506"}]},{"category":"Memory","specs":[{"label":"Card slot","value":"microSDXC (dedicated slot)"},{"label":"Internal","value":"32GB 3GB RAM"}]},{"category":"Main Camera","specs":[{"label":"Single","value":"8 MP, AF"},{"label":"Video","value":"1080p@30fps"}]},{"category":"Selfie camera","specs":[{"label":"Single","value":"5 MP"}]},{"category":"Sound","specs":[{"label":"Loudspeaker","value":"Yes, with stereo speakers"},{"label":"3.5mm jack","value":"Yes"}]},{"category":"Comms","specs":[{"label":"WLAN","value":"Wi-Fi 802.11 a/b/g/n/ac, dual-band, Wi-Fi Direct"},{"label":"Bluetooth","value":"4.2, A2DP"},{"label":"Positioning","value":"GPS - cellular model only"},{"label":"NFC","value":"No"},{"label":"USB","value":"microUSB 2.0"},{"label":"Radio","value":"FM radio"}]},{"category":"Features","specs":[{"label":"Sensors","value":"Accelerometer"}]},{"category":"Battery","specs":[{"label":"Type","value":"Li-Po 7000 mAh"}]},{"category":"Misc","specs":[{"label":"Colors","value":"Black"},{"label":"Models","value":"TB-X605FC, TB-X605LC, ZA4Y0079IN, TB-X605M, TB-X605L"},{"label":"Price","value":"About 180 EUR"}]}]');
INSERT OR IGNORE INTO device_pictures (device_id, url, position) VALUES (408, 'https://fdn2.gsmarena.com/vv/bigpic/lenovo-m10-fhd-rel.jpg', 0);
INSERT OR IGNORE INTO device_pictures (device_id, url, position) VALUES (408, 'https://fdn2.gsmarena.com/vv/pics/lenovo/lenovo-m10-fhd-rel-1.jpg', 1);
INSERT OR IGNORE INTO device_pictures (device_id, url, position) VALUES (408, 'https://fdn2.gsmarena.com/vv/pics/lenovo/lenovo-m10-fhd-rel-2.jpg', 2);
INSERT OR IGNORE INTO devices (id, brand_id, name, gsmarena_url, thumbnail_url, summary) VALUES (409, 3, 'Yoga Smart Tab', 'https://www.gsmarena.com/lenovo_yoga_smart_tab-9959.php', 'https://fdn2.gsmarena.com/vv/bigpic/lenovo-yoga-smart-tab.jpg', 'Yoga Smart Tab');
INSERT OR IGNORE INTO device_specs (device_id, announced, status, network, os, chipset, cpu, gpu, display_size, display_type, display_res, ram, storage, main_camera, selfie_camera, battery, charging, nfc, usb, bluetooth, wlan, colors, weight, dimensions, sim, sensors, popularity, fans, rating, full_specs_json) VALUES (409, '2019, October. Released 2019, October', 'Discontinued', 'No cellular connectivity / 4G/LTE', 'Android 9.0 (Pie)', 'Qualcomm SDM439 Snapdragon 439 (12 nm)', 'Octa-core (4x1.95 GHz Cortex-A53 & 4x1.45 GHz Cortex A53)', 'Adreno 505', '10.1 inches, 295.8 cm 2 (~73.6% screen-to-body ratio)', 'IPS LCD', '1200 x 1920 pixels, 16:10 ratio (~224 ppi density)', '4GB', '64GB', '8 MP, AF', '5 MP, 1080p@30fps', 'Li-Po 7000 mAh, non-removable', '10W wired', 'No', 'USB Type-C 2.0', '4.2, A2DP', 'Wi-Fi 802.11 b/g/n/ac, Wi-Fi Direct', 'Iron Grey', '580 g (1.28 lb)', '242mm x 166mm x 8.5-24mm', 'No', 'Accelerometer', 'About 320 EUR', NULL, NULL, '[{"category":"Network","specs":[{"label":"Technology","value":"No cellular connectivity"},{"label":"2G bands","value":"N/A"},{"label":"3G bands","value":"N/A"},{"label":"4G bands","value":"N/A"},{"label":"GPRS","value":"No"},{"label":"EDGE","value":"No"}]},{"category":"Launch","specs":[{"label":"Announced","value":"2019, October. Released 2019, October"},{"label":"Status","value":"Discontinued"}]},{"category":"Body","specs":[{"label":"Dimensions","value":"242mm x 166mm x 8.5-24mm"},{"label":"Weight","value":"580 g (1.28 lb)"},{"label":"SIM","value":"No"}]},{"category":"Display","specs":[{"label":"Type","value":"IPS LCD"},{"label":"Size","value":"10.1 inches, 295.8 cm 2 (~73.6% screen-to-body ratio)"},{"label":"Resolution","value":"1200 x 1920 pixels, 16:10 ratio (~224 ppi density)"}]},{"category":"Platform","specs":[{"label":"OS","value":"Android 9.0 (Pie)"},{"label":"Chipset","value":"Qualcomm SDM439 Snapdragon 439 (12 nm)"},{"label":"CPU","value":"Octa-core (4x1.95 GHz Cortex-A53 & 4x1.45 GHz Cortex A53)"},{"label":"GPU","value":"Adreno 505"}]},{"category":"Memory","specs":[{"label":"Card slot","value":"microSDXC (dedicated slot)"},{"label":"Internal","value":"64GB 4GB RAM"}]},{"category":"Main Camera","specs":[{"label":"Single","value":"8 MP, AF"},{"label":"Video","value":"1080p@30fps"}]},{"category":"Selfie camera","specs":[{"label":"Single","value":"5 MP"},{"label":"Video","value":"1080p@30fps"}]},{"category":"Sound","specs":[{"label":"Loudspeaker","value":"Yes, with stereo speakers"},{"label":"3.5mm jack","value":"Yes"}]},{"category":"Comms","specs":[{"label":"WLAN","value":"Wi-Fi 802.11 b/g/n/ac, Wi-Fi Direct"},{"label":"Bluetooth","value":"4.2, A2DP"},{"label":"Positioning","value":"No"},{"label":"NFC","value":"No"},{"label":"USB","value":"USB Type-C 2.0"},{"label":"Radio","value":"No"}]},{"category":"Features","specs":[{"label":"Sensors","value":"Accelerometer"}]},{"category":"Battery","specs":[{"label":"Type","value":"Li-Po 7000 mAh, non-removable"},{"label":"Charging","value":"10W wired"}]},{"category":"Misc","specs":[{"label":"Colors","value":"Iron Grey"},{"label":"Models","value":"YT-X705X"},{"label":"Price","value":"About 320 EUR"}]}]');
INSERT OR IGNORE INTO device_pictures (device_id, url, position) VALUES (409, 'https://fdn2.gsmarena.com/vv/bigpic/lenovo-yoga-smart-tab.jpg', 0);
INSERT OR IGNORE INTO device_pictures (device_id, url, position) VALUES (409, 'https://fdn2.gsmarena.com/vv/pics/lenovo/lenovo-yoga-smart-tab-1.jpg', 1);
INSERT OR IGNORE INTO device_pictures (device_id, url, position) VALUES (409, 'https://fdn2.gsmarena.com/vv/pics/lenovo/lenovo-yoga-smart-tab-2.jpg', 2);
INSERT OR IGNORE INTO device_pictures (device_id, url, position) VALUES (409, 'https://fdn2.gsmarena.com/vv/pics/lenovo/lenovo-yoga-smart-tab-3.jpg', 3);
INSERT OR IGNORE INTO device_pictures (device_id, url, position) VALUES (409, 'https://fdn2.gsmarena.com/vv/pics/lenovo/lenovo-yoga-smart-tab-4.jpg', 4);
INSERT OR IGNORE INTO device_pictures (device_id, url, position) VALUES (409, 'https://fdn2.gsmarena.com/vv/pics/lenovo/lenovo-yoga-smart-tab-5.jpg', 5);
INSERT OR IGNORE INTO devices (id, brand_id, name, gsmarena_url, thumbnail_url, summary) VALUES (410, 3, 'K10 Plus', 'https://www.gsmarena.com/lenovo_k10_plus-9882.php', 'https://fdn2.gsmarena.com/vv/bigpic/lenovo-k10-plus.jpg', 'K10 Plus');
INSERT OR IGNORE INTO device_specs (device_id, announced, status, network, os, chipset, cpu, gpu, display_size, display_type, display_res, ram, storage, main_camera, selfie_camera, battery, charging, nfc, usb, bluetooth, wlan, colors, weight, dimensions, sim, sensors, popularity, fans, rating, full_specs_json) VALUES (410, '2019, September 23. Released 2019, September 30', 'Discontinued', 'GSM / CDMA / HSPA / LTE / 4G/LTE', 'Android 9.0 (Pie), ZUI 11', 'Qualcomm SDM632 Snapdragon 632 (14 nm)', 'Octa-core (4x1.8 GHz Kryo 250 Gold & 4x1.8 GHz Kryo 250 Silver)', 'Adreno 506', '6.22 inches, 96.6 cm 2 (~80.5% screen-to-body ratio)', 'IPS LCD', '720 x 1520 pixels, 19:9 ratio (~270 ppi density)', '4GB', '64GB', '13 MP, f/2.0, (wide), 1/3.1", 1.12µm, PDAF, LED flash, panorama, HDR', '16 MP, f/2.0, 13mm (ultrawide), 1/2.8", 1.12µm, 1080p@30fps', 'Li-Po 4050 mAh, non-removable', '10W wired', 'No', 'USB Type-C 2.0, OTG', '5.0, A2DP, LE', 'Wi-Fi 802.11 a/b/g/n/ac, dual-band, Wi-Fi Direct', 'Black, Sprite', '172 g (6.07 oz)', '158.3 x 75.8 x 8.3 mm (6.23 x 2.98 x 0.33 in)', 'Nano-SIM + Nano-SIM', 'Fingerprint (rear-mounted), accelerometer, proximity', NULL, NULL, NULL, '[{"category":"Network","specs":[{"label":"Technology","value":"GSM / CDMA / HSPA / LTE"},{"label":"2G bands","value":"GSM 850 / 900 / 1800 / 1900"},{"label":"3G bands","value":"HSDPA 850 / 900 / 1700(AWS) / 1900 / 2100"},{"label":"4G bands","value":"1, 2, 3, 4, 5, 7, 8, 20, 28, 38, 40, 41"},{"label":"Speed","value":"HSPA, LTE"}]},{"category":"Launch","specs":[{"label":"Announced","value":"2019, September 23. Released 2019, September 30"},{"label":"Status","value":"Discontinued"}]},{"category":"Body","specs":[{"label":"Dimensions","value":"158.3 x 75.8 x 8.3 mm (6.23 x 2.98 x 0.33 in)"},{"label":"Weight","value":"172 g (6.07 oz)"},{"label":"Build","value":"Glass front, plastic back, plastic frame"},{"label":"SIM","value":"Nano-SIM + Nano-SIM"}]},{"category":"Display","specs":[{"label":"Type","value":"IPS LCD"},{"label":"Size","value":"6.22 inches, 96.6 cm 2 (~80.5% screen-to-body ratio)"},{"label":"Resolution","value":"720 x 1520 pixels, 19:9 ratio (~270 ppi density)"}]},{"category":"Platform","specs":[{"label":"OS","value":"Android 9.0 (Pie), ZUI 11"},{"label":"Chipset","value":"Qualcomm SDM632 Snapdragon 632 (14 nm)"},{"label":"CPU","value":"Octa-core (4x1.8 GHz Kryo 250 Gold & 4x1.8 GHz Kryo 250 Silver)"},{"label":"GPU","value":"Adreno 506"}]},{"category":"Memory","specs":[{"label":"Card slot","value":"microSDXC (dedicated slot)"},{"label":"Internal","value":"64GB 4GB RAM"}]},{"category":"Main Camera","specs":[{"label":"Triple","value":"13 MP, f/2.0, (wide), 1/3.1\\", 1.12µm, PDAF"},{"label":"Features","value":"LED flash, panorama, HDR"},{"label":"Video","value":"1080p@30fps"}]},{"category":"Selfie camera","specs":[{"label":"Single","value":"16 MP, f/2.0, 13mm (ultrawide), 1/2.8\\", 1.12µm"},{"label":"Video","value":"1080p@30fps"},{"label":"Features","value":"HDR"}]},{"category":"Sound","specs":[{"label":"Loudspeaker","value":"Yes"},{"label":"3.5mm jack","value":"Yes"}]},{"category":"Comms","specs":[{"label":"WLAN","value":"Wi-Fi 802.11 a/b/g/n/ac, dual-band, Wi-Fi Direct"},{"label":"Bluetooth","value":"5.0, A2DP, LE"},{"label":"Positioning","value":"GPS, GLONASS"},{"label":"NFC","value":"No"},{"label":"USB","value":"USB Type-C 2.0, OTG"},{"label":"Radio","value":"FM radio, recording"}]},{"category":"Features","specs":[{"label":"Sensors","value":"Fingerprint (rear-mounted), accelerometer, proximity"}]},{"category":"Battery","specs":[{"label":"Type","value":"Li-Po 4050 mAh, non-removable"},{"label":"Charging","value":"10W wired"}]},{"category":"Misc","specs":[{"label":"Colors","value":"Black, Sprite"},{"label":"Models","value":"PAGW0015IN, L39051"},{"label":"SAR","value":"0.34 W/kg (head)     0.90 W/kg (body)"}]}]');
INSERT OR IGNORE INTO device_pictures (device_id, url, position) VALUES (410, 'https://fdn2.gsmarena.com/vv/bigpic/lenovo-k10-plus.jpg', 0);
INSERT OR IGNORE INTO device_pictures (device_id, url, position) VALUES (410, 'https://fdn2.gsmarena.com/vv/pics/lenovo/lenovo-k10-plus.jpg', 1);
INSERT OR IGNORE INTO devices (id, brand_id, name, gsmarena_url, thumbnail_url, summary) VALUES (411, 3, 'K10 Note', 'https://www.gsmarena.com/lenovo_k10_note-9821.php', 'https://fdn2.gsmarena.com/vv/bigpic/lenovo-z6-youth.jpg', 'K10 Note');
INSERT OR IGNORE INTO device_specs (device_id, announced, status, network, os, chipset, cpu, gpu, display_size, display_type, display_res, ram, storage, main_camera, selfie_camera, battery, charging, nfc, usb, bluetooth, wlan, colors, weight, dimensions, sim, sensors, popularity, fans, rating, full_specs_json) VALUES (411, '2019, September 05. Released 2019, September 16', 'Discontinued', 'GSM / CDMA / HSPA / LTE / 4G/LTE', 'Android 9.0 (Pie), ZUI 11', 'Qualcomm SDM710 Snapdragon 710 (10 nm)', 'Octa-core (2x2.2 GHz Kryo 360 Gold & 6x1.7 GHz Kryo 360 Silver)', 'Adreno 616', '6.3 inches, 97.4 cm 2 (~83.7% screen-to-body ratio)', 'IPS LCD', '1080 x 2340 pixels, 19.5:9 ratio (~409 ppi density)', '4GB', '64GB', '16 MP, f/1.8, PDAF, LED flash, panorama, HDR', '16 MP, f/2.0, 26mm (wide), 1/3.06", 1.0µm, 1080p@30fps', 'Li-Po 4050 mAh, non-removable', '18W wired', 'No', 'USB Type-C 2.0, OTG', '5.0, A2DP, LE', 'Wi-Fi 802.11 a/b/g/n/ac, dual-band, Wi-Fi Direct, DLNA', 'Knight Black, Stardust Blue', '164 g (5.78 oz)', '156.6 x 74.3 x 7.9 mm (6.17 x 2.93 x 0.31 in)', 'Nano-SIM + Nano-SIM', 'Fingerprint (rear-mounted), accelerometer, gyro, proximity, compass', 'About 180 EUR', NULL, NULL, '[{"category":"Network","specs":[{"label":"Technology","value":"GSM / CDMA / HSPA / LTE"},{"label":"2G bands","value":"GSM 850 / 900 / 1800 / 1900"},{"label":"3G bands","value":"HSDPA 850 / 900 / 1900 / 2100"},{"label":"4G bands","value":"1, 2, 3, 5, 7, 8, 34, 38, 39, 40, 41"},{"label":"Speed","value":"HSPA, LTE"}]},{"category":"Launch","specs":[{"label":"Announced","value":"2019, September 05. Released 2019, September 16"},{"label":"Status","value":"Discontinued"}]},{"category":"Body","specs":[{"label":"Dimensions","value":"156.6 x 74.3 x 7.9 mm (6.17 x 2.93 x 0.31 in)"},{"label":"Weight","value":"164 g (5.78 oz)"},{"label":"Build","value":"Glass front, plastic back, plastic frame"},{"label":"SIM","value":"Nano-SIM + Nano-SIM"}]},{"category":"Display","specs":[{"label":"Type","value":"IPS LCD"},{"label":"Size","value":"6.3 inches, 97.4 cm 2 (~83.7% screen-to-body ratio)"},{"label":"Resolution","value":"1080 x 2340 pixels, 19.5:9 ratio (~409 ppi density)"}]},{"category":"Platform","specs":[{"label":"OS","value":"Android 9.0 (Pie), ZUI 11"},{"label":"Chipset","value":"Qualcomm SDM710 Snapdragon 710 (10 nm)"},{"label":"CPU","value":"Octa-core (2x2.2 GHz Kryo 360 Gold & 6x1.7 GHz Kryo 360 Silver)"},{"label":"GPU","value":"Adreno 616"}]},{"category":"Memory","specs":[{"label":"Card slot","value":"microSDXC (uses shared SIM slot)"},{"label":"Internal","value":"64GB 4GB RAM, 128GB 6GB RAM"}]},{"category":"Main Camera","specs":[{"label":"Triple","value":"16 MP, f/1.8, PDAF"},{"label":"Features","value":"LED flash, panorama, HDR"},{"label":"Video","value":"4K@30fps, 1080p@30fps"}]},{"category":"Selfie camera","specs":[{"label":"Single","value":"16 MP, f/2.0, 26mm (wide), 1/3.06\\", 1.0µm"},{"label":"Video","value":"1080p@30fps"},{"label":"Features","value":"HDR"}]},{"category":"Sound","specs":[{"label":"Loudspeaker","value":"Yes"},{"label":"3.5mm jack","value":"Yes"}]},{"category":"Comms","specs":[{"label":"WLAN","value":"Wi-Fi 802.11 a/b/g/n/ac, dual-band, Wi-Fi Direct, DLNA"},{"label":"Bluetooth","value":"5.0, A2DP, LE"},{"label":"Positioning","value":"GPS"},{"label":"NFC","value":"No"},{"label":"USB","value":"USB Type-C 2.0, OTG"},{"label":"Radio","value":"FM radio, recording"}]},{"category":"Features","specs":[{"label":"Sensors","value":"Fingerprint (rear-mounted), accelerometer, gyro, proximity, compass"}]},{"category":"Battery","specs":[{"label":"Type","value":"Li-Po 4050 mAh, non-removable"},{"label":"Charging","value":"18W wired"}]},{"category":"Misc","specs":[{"label":"Colors","value":"Knight Black, Stardust Blue"},{"label":"Models","value":"PAFR0026IN, PAFR0026, PAFR0033IN, PAFR0033, PAFR0013IN, PAFR0013"},{"label":"Price","value":"About 180 EUR"}]}]');
INSERT OR IGNORE INTO device_pictures (device_id, url, position) VALUES (411, 'https://fdn2.gsmarena.com/vv/bigpic/lenovo-z6-youth.jpg', 0);
INSERT OR IGNORE INTO device_pictures (device_id, url, position) VALUES (411, 'https://fdn2.gsmarena.com/vv/pics/lenovo/lenovo-z6-youth-2.jpg', 1);
INSERT OR IGNORE INTO device_pictures (device_id, url, position) VALUES (411, 'https://fdn2.gsmarena.com/vv/pics/lenovo/lenovo-z6-youth-3.jpg', 2);
INSERT OR IGNORE INTO device_pictures (device_id, url, position) VALUES (411, 'https://fdn2.gsmarena.com/vv/pics/lenovo/lenovo-z6-youth-4.jpg', 3);
INSERT OR IGNORE INTO devices (id, brand_id, name, gsmarena_url, thumbnail_url, summary) VALUES (412, 3, 'A6 Note', 'https://www.gsmarena.com/lenovo_a6_note-9822.php', 'https://fdn2.gsmarena.com/vv/bigpic/lenovo-a6-note-.jpg', 'A6 Note');
INSERT OR IGNORE INTO device_specs (device_id, announced, status, network, os, chipset, cpu, gpu, display_size, display_type, display_res, ram, storage, main_camera, selfie_camera, battery, charging, nfc, usb, bluetooth, wlan, colors, weight, dimensions, sim, sensors, popularity, fans, rating, full_specs_json) VALUES (412, '2019, September. Released 2019, September', 'Discontinued', 'GSM / HSPA / LTE / 4G/LTE', 'Android 9.0 (Pie)', 'Mediatek MT6762 Helio P22 (12 nm)', 'Octa-core 2.0 GHz Cortex-A53', 'PowerVR GE8320', '6.09 inches, 91.0 cm 2 (~80.7% screen-to-body ratio)', 'IPS LCD', '720 x 1560 pixels, 19.5:9 ratio (~282 ppi density)', '2GB', '16GB', '13 MP, f/2.0, 1/3.1", 1.12µm, AF, LED flash, panorama, HDR', '5 MP, 1/5.0", 1.12µm', 'Li-Po 4000 mAh, non-removable', '10W wired', 'No', 'microUSB 2.0', '5.0, A2DP, LE', 'Wi-Fi 802.11 b/g/n', 'Black, Blue', '172 g (6.07 oz)', '154.7 x 72.9 x 9.2 mm (6.09 x 2.87 x 0.36 in)', 'Nano-SIM + Nano-SIM', 'Fingerprint (rear-mounted), accelerometer, proximity', 'About 100 EUR', NULL, NULL, '[{"category":"Network","specs":[{"label":"Technology","value":"GSM / HSPA / LTE"},{"label":"2G bands","value":"GSM 850 / 900 / 1800 / 1900"},{"label":"3G bands","value":"HSDPA 850 / 900 / 1900 / 2100"},{"label":"4G bands","value":"1, 2, 3, 5, 7, 8, 20, 38, 40, 41"},{"label":"Speed","value":"HSPA, LTE"}]},{"category":"Launch","specs":[{"label":"Announced","value":"2019, September. Released 2019, September"},{"label":"Status","value":"Discontinued"}]},{"category":"Body","specs":[{"label":"Dimensions","value":"154.7 x 72.9 x 9.2 mm (6.09 x 2.87 x 0.36 in)"},{"label":"Weight","value":"172 g (6.07 oz)"},{"label":"SIM","value":"Nano-SIM + Nano-SIM"}]},{"category":"Display","specs":[{"label":"Type","value":"IPS LCD"},{"label":"Size","value":"6.09 inches, 91.0 cm 2 (~80.7% screen-to-body ratio)"},{"label":"Resolution","value":"720 x 1560 pixels, 19.5:9 ratio (~282 ppi density)"}]},{"category":"Platform","specs":[{"label":"OS","value":"Android 9.0 (Pie)"},{"label":"Chipset","value":"Mediatek MT6762 Helio P22 (12 nm)"},{"label":"CPU","value":"Octa-core 2.0 GHz Cortex-A53"},{"label":"GPU","value":"PowerVR GE8320"}]},{"category":"Memory","specs":[{"label":"Card slot","value":"microSDXC (dedicated slot)"},{"label":"Internal","value":"16GB 2GB RAM, 32GB 3GB RAM"}]},{"category":"Main Camera","specs":[{"label":"Dual","value":"13 MP, f/2.0, 1/3.1\\", 1.12µm, AF"},{"label":"Features","value":"LED flash, panorama, HDR"},{"label":"Video","value":"1080p@30fps"}]},{"category":"Selfie camera","specs":[{"label":"Single","value":"5 MP, 1/5.0\\", 1.12µm"}]},{"category":"Sound","specs":[{"label":"Loudspeaker","value":"Yes"},{"label":"3.5mm jack","value":"Yes"}]},{"category":"Comms","specs":[{"label":"WLAN","value":"Wi-Fi 802.11 b/g/n"},{"label":"Bluetooth","value":"5.0, A2DP, LE"},{"label":"Positioning","value":"GPS, GLONASS, GALILEO"},{"label":"NFC","value":"No"},{"label":"USB","value":"microUSB 2.0"},{"label":"Radio","value":"FM radio"}]},{"category":"Features","specs":[{"label":"Sensors","value":"Fingerprint (rear-mounted), accelerometer, proximity"}]},{"category":"Battery","specs":[{"label":"Type","value":"Li-Po 4000 mAh, non-removable"},{"label":"Charging","value":"10W wired"}]},{"category":"Misc","specs":[{"label":"Colors","value":"Black, Blue"},{"label":"Models","value":"PAGK0027IN, PAGK0027, L19041"},{"label":"Price","value":"About 100 EUR"}]}]');
INSERT OR IGNORE INTO device_pictures (device_id, url, position) VALUES (412, 'https://fdn2.gsmarena.com/vv/bigpic/lenovo-a6-note-.jpg', 0);
INSERT OR IGNORE INTO device_pictures (device_id, url, position) VALUES (412, 'https://fdn2.gsmarena.com/vv/pics/lenovo/lenovo-a6-note-arizona-pagk0027in.jpg', 1);
INSERT OR IGNORE INTO devices (id, brand_id, name, gsmarena_url, thumbnail_url, summary) VALUES (413, 3, 'Tab M8 (FHD)', 'https://www.gsmarena.com/lenovo_tab_m8_(fhd)-9826.php', 'https://fdn2.gsmarena.com/vv/bigpic/lenovo-tab-m8-HD.jpg', 'Tab M8 (FHD)');
INSERT OR IGNORE INTO device_specs (device_id, announced, status, network, os, chipset, cpu, gpu, display_size, display_type, display_res, ram, storage, main_camera, selfie_camera, battery, charging, nfc, usb, bluetooth, wlan, colors, weight, dimensions, sim, sensors, popularity, fans, rating, full_specs_json) VALUES (413, '2019, September. Released 2019, October', 'Discontinued', 'GSM / HSPA / LTE / 4G/LTE', 'Android 9.0 (Pie), upgradable to Android 10', 'Mediatek MT6762 Helio P22T (12 nm)', 'Octa-core 2.3 GHz Cortex-A53', 'PowerVR GE8320', '8.0 inches, 185.6 cm 2 (~76.4% screen-to-body ratio)', 'IPS LCD, 350 nits (typ)', '1200 x 1920 pixels, 16:10 ratio (~283 ppi density)', '2GB', '16GB', '13 MP, AF, LED flash', '5 MP, 1080p', 'Li-Po 5100 mAh, non-removable', NULL, 'No', 'microUSB 2.0, OTG', '5.0, A2DP, LE', 'Wi-Fi 802.11 a/b/g/n/ac, dual-band, Wi-Fi Direct', 'Iron Grey, Platinum Grey', '305 g (10.76 oz)', '198.2 x 122.6 x 8.2 mm (7.80 x 4.83 x 0.32 in)', 'Nano-SIM (cellular model only)', 'Accelerometer, proximity', 'About 160 EUR', NULL, NULL, '[{"category":"Network","specs":[{"label":"Technology","value":"GSM / HSPA / LTE"},{"label":"2G bands","value":"GSM 850 / 900 / 1800 / 1900"},{"label":"3G bands","value":"HSDPA 850 / 900 / 1900 / 2100"},{"label":"4G bands","value":"1, 2, 3, 4, 5, 7, 8, 19, 20, 38, 40"},{"label":"Speed","value":"HSPA, LTE - cellular model only"}]},{"category":"Launch","specs":[{"label":"Announced","value":"2019, September. Released 2019, October"},{"label":"Status","value":"Discontinued"}]},{"category":"Body","specs":[{"label":"Dimensions","value":"198.2 x 122.6 x 8.2 mm (7.80 x 4.83 x 0.32 in)"},{"label":"Weight","value":"305 g (10.76 oz)"},{"label":"Build","value":"Glass front, aluminum back, aluminum frame"},{"label":"SIM","value":"Nano-SIM (cellular model only)"}]},{"category":"Display","specs":[{"label":"Type","value":"IPS LCD, 350 nits (typ)"},{"label":"Size","value":"8.0 inches, 185.6 cm 2 (~76.4% screen-to-body ratio)"},{"label":"Resolution","value":"1200 x 1920 pixels, 16:10 ratio (~283 ppi density)"}]},{"category":"Platform","specs":[{"label":"OS","value":"Android 9.0 (Pie), upgradable to Android 10"},{"label":"Chipset","value":"Mediatek MT6762 Helio P22T (12 nm)"},{"label":"CPU","value":"Octa-core 2.3 GHz Cortex-A53"},{"label":"GPU","value":"PowerVR GE8320"}]},{"category":"Memory","specs":[{"label":"Card slot","value":"microSDXC (dedicated slot)"},{"label":"Internal","value":"16GB 2GB RAM, 32GB 3GB RAM"}]},{"category":"Main Camera","specs":[{"label":"Single","value":"13 MP, AF"},{"label":"Features","value":"LED flash"},{"label":"Video","value":"1080p"}]},{"category":"Selfie camera","specs":[{"label":"Single","value":"5 MP"},{"label":"Video","value":"1080p"}]},{"category":"Sound","specs":[{"label":"Loudspeaker","value":"Yes"},{"label":"3.5mm jack","value":"Yes"}]},{"category":"Comms","specs":[{"label":"WLAN","value":"Wi-Fi 802.11 a/b/g/n/ac, dual-band, Wi-Fi Direct"},{"label":"Bluetooth","value":"5.0, A2DP, LE"},{"label":"Positioning","value":"GPS, GLONASS, BDS, GALILEO - cellular model only"},{"label":"NFC","value":"No"},{"label":"USB","value":"microUSB 2.0, OTG"},{"label":"Radio","value":"FM radio"}]},{"category":"Features","specs":[{"label":"Sensors","value":"Accelerometer, proximity"}]},{"category":"Battery","specs":[{"label":"Type","value":"Li-Po 5100 mAh, non-removable"}]},{"category":"Misc","specs":[{"label":"Colors","value":"Iron Grey, Platinum Grey"},{"label":"Price","value":"About 160 EUR"}]}]');
INSERT OR IGNORE INTO device_pictures (device_id, url, position) VALUES (413, 'https://fdn2.gsmarena.com/vv/bigpic/lenovo-tab-m8-HD.jpg', 0);
INSERT OR IGNORE INTO device_pictures (device_id, url, position) VALUES (413, 'https://fdn2.gsmarena.com/vv/pics/lenovo/lenovo-tab-m8-HD-2.jpg', 1);
INSERT OR IGNORE INTO devices (id, brand_id, name, gsmarena_url, thumbnail_url, summary) VALUES (414, 3, 'Tab M8 (HD)', 'https://www.gsmarena.com/lenovo_tab_m8_(hd)-9825.php', 'https://fdn2.gsmarena.com/vv/bigpic/lenovo-tab-m8-HD.jpg', 'Tab M8 (HD)');
INSERT OR IGNORE INTO device_specs (device_id, announced, status, network, os, chipset, cpu, gpu, display_size, display_type, display_res, ram, storage, main_camera, selfie_camera, battery, charging, nfc, usb, bluetooth, wlan, colors, weight, dimensions, sim, sensors, popularity, fans, rating, full_specs_json) VALUES (414, '2019, September. Released 2019, October', 'Discontinued', 'GSM / HSPA / LTE / 4G/LTE', 'Android 9.0 (Pie)', 'Mediatek MT6761 Helio A22 (12 nm)', 'Quad-core 2.0 GHz Cortex-A53', 'PowerVR GE8320', '8.0 inches, 185.6 cm 2 (~76.5% screen-to-body ratio)', 'IPS LCD', '800 x 1280 pixels, 16:10 ratio (~189 ppi density)', '2GB', '16GB', '5 MP, AF', '2 MP, 720p', 'Li-Po 5000 mAh, non-removable', NULL, 'No', 'microUSB 2.0, OTG', '5.0, A2DP, LE', 'Wi-Fi 802.11 a/b/g/n/ac, dual-band, Wi-Fi Direct', 'Iron Grey, Platinum Grey', '305 g (10.76 oz)', '199.1 x 121.8 x 8.2 mm (7.84 x 4.80 x 0.32 in)', 'Nano-SIM (cellular model only)', 'Accelerometer, proximity', 'About 140 EUR', NULL, NULL, '[{"category":"Network","specs":[{"label":"Technology","value":"GSM / HSPA / LTE"},{"label":"2G bands","value":"GSM 850 / 900 / 1800 / 1900"},{"label":"3G bands","value":"HSDPA 850 / 900 / 1900 / 2100"},{"label":"4G bands","value":"1, 2, 3, 4, 5, 7, 8, 19, 20, 38, 40"},{"label":"Speed","value":"HSPA, LTE - cellular model only"}]},{"category":"Launch","specs":[{"label":"Announced","value":"2019, September. Released 2019, October"},{"label":"Status","value":"Discontinued"}]},{"category":"Body","specs":[{"label":"Dimensions","value":"199.1 x 121.8 x 8.2 mm (7.84 x 4.80 x 0.32 in)"},{"label":"Weight","value":"305 g (10.76 oz)"},{"label":"Build","value":"Glass front, aluminum back, aluminum frame"},{"label":"SIM","value":"Nano-SIM (cellular model only)"}]},{"category":"Display","specs":[{"label":"Type","value":"IPS LCD"},{"label":"Size","value":"8.0 inches, 185.6 cm 2 (~76.5% screen-to-body ratio)"},{"label":"Resolution","value":"800 x 1280 pixels, 16:10 ratio (~189 ppi density)"}]},{"category":"Platform","specs":[{"label":"OS","value":"Android 9.0 (Pie)"},{"label":"Chipset","value":"Mediatek MT6761 Helio A22 (12 nm)"},{"label":"CPU","value":"Quad-core 2.0 GHz Cortex-A53"},{"label":"GPU","value":"PowerVR GE8320"}]},{"category":"Memory","specs":[{"label":"Card slot","value":"microSDXC (dedicated slot)"},{"label":"Internal","value":"16GB 2GB RAM, 32GB 3GB RAM"}]},{"category":"Main Camera","specs":[{"label":"Single","value":"5 MP, AF"},{"label":"Video","value":"1080p"}]},{"category":"Selfie camera","specs":[{"label":"Single","value":"2 MP"},{"label":"Video","value":"720p"}]},{"category":"Sound","specs":[{"label":"Loudspeaker","value":"Yes"},{"label":"3.5mm jack","value":"Yes"}]},{"category":"Comms","specs":[{"label":"WLAN","value":"Wi-Fi 802.11 a/b/g/n/ac, dual-band, Wi-Fi Direct"},{"label":"Bluetooth","value":"5.0, A2DP, LE"},{"label":"Positioning","value":"GPS, GLONASS, BDS - cellular model only"},{"label":"NFC","value":"No"},{"label":"USB","value":"microUSB 2.0, OTG"},{"label":"Radio","value":"FM radio"}]},{"category":"Features","specs":[{"label":"Sensors","value":"Accelerometer, proximity"}]},{"category":"Battery","specs":[{"label":"Type","value":"Li-Po 5000 mAh, non-removable"}]},{"category":"Misc","specs":[{"label":"Colors","value":"Iron Grey, Platinum Grey"},{"label":"Models","value":"TB-8505X, TB-8505F, TB-8505FS"},{"label":"Price","value":"About 140 EUR"}]}]');
INSERT OR IGNORE INTO device_pictures (device_id, url, position) VALUES (414, 'https://fdn2.gsmarena.com/vv/bigpic/lenovo-tab-m8-HD.jpg', 0);
INSERT OR IGNORE INTO device_pictures (device_id, url, position) VALUES (414, 'https://fdn2.gsmarena.com/vv/pics/lenovo/lenovo-tab-m8-HD-1.jpg', 1);
INSERT OR IGNORE INTO device_pictures (device_id, url, position) VALUES (414, 'https://fdn2.gsmarena.com/vv/pics/lenovo/lenovo-tab-m8-HD-2.jpg', 2);
INSERT OR IGNORE INTO devices (id, brand_id, name, gsmarena_url, thumbnail_url, summary) VALUES (415, 3, 'Tab M7', 'https://www.gsmarena.com/lenovo_tab_m7-9824.php', 'https://fdn2.gsmarena.com/vv/bigpic/lenovo-tab-m7.jpg', 'Tab M7');
INSERT OR IGNORE INTO device_specs (device_id, announced, status, network, os, chipset, cpu, gpu, display_size, display_type, display_res, ram, storage, main_camera, selfie_camera, battery, charging, nfc, usb, bluetooth, wlan, colors, weight, dimensions, sim, sensors, popularity, fans, rating, full_specs_json) VALUES (415, '2019, September. Released 2019, October', 'Discontinued', 'GSM / HSPA / LTE / 4G/LTE', 'Android 9.0 (Pie) - 2GB RAM, Android 9.0 Pie (Go edition) - 1GB RAM', 'Mediatek MT8321 (28 nm) - Wi-Fi Mediatek MT8765B - Wi-Fi/LTE', 'Quad-core 1.3 GHz', 'Mali-400', '7.0 inches, 137.9 cm 2 (~76.0% screen-to-body ratio)', 'IPS LCD', '600 x 1024 pixels, 16:9 ratio (~170 ppi density)', '1GB', '8GB', '2 MP', '2 MP, 720p', 'Li-Po 3590 mAh, non-removable', NULL, 'No', 'microUSB 2.0', '4.2, A2DP, LE', 'Wi-Fi 802.11 b/g/n, Wi-Fi Direct', 'Iron Grey, Platinum Grey, Onyx Black', '236 g (8.32 oz)', '176.3 x 102.9 x 8.3 mm (6.94 x 4.05 x 0.33 in)', 'Nano-SIM (cellular model only)', 'Accelerometer', 'About 100 EUR', NULL, NULL, '[{"category":"Network","specs":[{"label":"Technology","value":"GSM / HSPA / LTE"},{"label":"2G bands","value":"GSM 850 / 900 / 1800 / 1900"},{"label":"3G bands","value":"HSDPA 850 / 900 / 1900 / 2100"},{"label":"4G bands","value":"1, 3, 4, 7, 8, 20"},{"label":"Speed","value":"HSPA, LTE - cellular model only"}]},{"category":"Launch","specs":[{"label":"Announced","value":"2019, September. Released 2019, October"},{"label":"Status","value":"Discontinued"}]},{"category":"Body","specs":[{"label":"Dimensions","value":"176.3 x 102.9 x 8.3 mm (6.94 x 4.05 x 0.33 in)"},{"label":"Weight","value":"236 g (8.32 oz)"},{"label":"Build","value":"Glass front, aluminum back, aluminum frame"},{"label":"SIM","value":"Nano-SIM (cellular model only)"}]},{"category":"Display","specs":[{"label":"Type","value":"IPS LCD"},{"label":"Size","value":"7.0 inches, 137.9 cm 2 (~76.0% screen-to-body ratio)"},{"label":"Resolution","value":"600 x 1024 pixels, 16:9 ratio (~170 ppi density)"}]},{"category":"Platform","specs":[{"label":"OS","value":"Android 9.0 (Pie) - 2GB RAM, Android 9.0 Pie (Go edition) - 1GB RAM"},{"label":"Chipset","value":"Mediatek MT8321 (28 nm) - Wi-Fi Mediatek MT8765B - Wi-Fi/LTE"},{"label":"CPU","value":"Quad-core 1.3 GHz"},{"label":"GPU","value":"Mali-400"}]},{"category":"Memory","specs":[{"label":"Card slot","value":"microSDXC (dedicated slot)"},{"label":"Internal","value":"8GB 1GB RAM, 16GB 1GB RAM, 32GB 2GB RAM"}]},{"category":"Main Camera","specs":[{"label":"Single","value":"2 MP"},{"label":"Video","value":"720p"}]},{"category":"Selfie camera","specs":[{"label":"Single","value":"2 MP"},{"label":"Video","value":"720p"}]},{"category":"Sound","specs":[{"label":"Loudspeaker","value":"Yes"},{"label":"3.5mm jack","value":"Yes"}]},{"category":"Comms","specs":[{"label":"WLAN","value":"Wi-Fi 802.11 b/g/n, Wi-Fi Direct"},{"label":"Bluetooth","value":"4.2, A2DP, LE"},{"label":"Positioning","value":"GPS, GLONASS - cellular model only"},{"label":"NFC","value":"No"},{"label":"USB","value":"microUSB 2.0"},{"label":"Radio","value":"FM radio"}]},{"category":"Features","specs":[{"label":"Sensors","value":"Accelerometer"}]},{"category":"Battery","specs":[{"label":"Type","value":"Li-Po 3590 mAh, non-removable"}]},{"category":"Misc","specs":[{"label":"Colors","value":"Iron Grey, Platinum Grey, Onyx Black"},{"label":"Models","value":"TB-7305F, TB-7305X, TB-7305I"},{"label":"Price","value":"About 100 EUR"}]}]');
INSERT OR IGNORE INTO device_pictures (device_id, url, position) VALUES (415, 'https://fdn2.gsmarena.com/vv/bigpic/lenovo-tab-m7.jpg', 0);
INSERT OR IGNORE INTO device_pictures (device_id, url, position) VALUES (415, 'https://fdn2.gsmarena.com/vv/pics/lenovo/lenovo-tab-m7-1.jpg', 1);
INSERT OR IGNORE INTO device_pictures (device_id, url, position) VALUES (415, 'https://fdn2.gsmarena.com/vv/pics/lenovo/lenovo-tab-m7-2.jpg', 2);
INSERT OR IGNORE INTO devices (id, brand_id, name, gsmarena_url, thumbnail_url, summary) VALUES (416, 3, 'Z6', 'https://www.gsmarena.com/lenovo_z6-9757.php', 'https://fdn2.gsmarena.com/vv/bigpic/lenovo-z6.jpg', 'Z6');
INSERT OR IGNORE INTO device_specs (device_id, announced, status, network, os, chipset, cpu, gpu, display_size, display_type, display_res, ram, storage, main_camera, selfie_camera, battery, charging, nfc, usb, bluetooth, wlan, colors, weight, dimensions, sim, sensors, popularity, fans, rating, full_specs_json) VALUES (416, '2019, July 04. Released 2019, July 09', 'Discontinued', 'GSM / CDMA / HSPA / LTE / 4G/LTE', 'Android 9.0 (Pie), ZUI 11', 'Qualcomm SDM730 Snapdragon 730 (8 nm)', 'Octa-core (2x2.2 GHz Kryo 470 Gold & 6x1.8 GHz Kryo 470 Silver)', 'Adreno 618', '6.39 inches, 100.2 cm 2 (~85.7% screen-to-body ratio)', 'Super AMOLED, 120Hz, HDR10', '1080 x 2340 pixels, 19.5:9 ratio (~403 ppi density)', '6GB', '64GB', '24 MP, f/1.8, (wide), 1/2.8", 0.9µm, PDAF, Dual-LED flash, panorama, HDR', '16 MP, f/2.0, 26mm (wide), 1/3.06", 1.0µm, 1080p@30fps', 'Li-Po 4000 mAh, non-removable', '15W wired', 'No', 'USB Type-C 2.0, OTG', '5.0, A2DP, EDR, LE, aptX HD', 'Wi-Fi 802.11 a/b/g/n/ac, dual-band, Wi-Fi Direct', 'Blue', '159 g (5.61 oz)', '157 x 74.5 x 8 mm (6.18 x 2.93 x 0.31 in)', 'Nano-SIM + Nano-SIM', 'Fingerprint (under display, optical), accelerometer, proximity, compass', 'About 250 EUR', NULL, NULL, '[{"category":"Network","specs":[{"label":"Technology","value":"GSM / CDMA / HSPA / LTE"},{"label":"2G bands","value":"GSM 850 / 900 / 1800 / 1900"},{"label":"3G bands","value":"HSDPA 850 / 900 / 1900 / 2100"},{"label":"4G bands","value":"1, 2, 3, 5, 7, 8, 20, 34, 38, 39, 40, 41"},{"label":"Speed","value":"HSPA, LTE"}]},{"category":"Launch","specs":[{"label":"Announced","value":"2019, July 04. Released 2019, July 09"},{"label":"Status","value":"Discontinued"}]},{"category":"Body","specs":[{"label":"Dimensions","value":"157 x 74.5 x 8 mm (6.18 x 2.93 x 0.31 in)"},{"label":"Weight","value":"159 g (5.61 oz)"},{"label":"Build","value":"Glass front (Gorilla Glass), glass back, aluminum frame"},{"label":"SIM","value":"Nano-SIM + Nano-SIM"}]},{"category":"Display","specs":[{"label":"Type","value":"Super AMOLED, 120Hz, HDR10"},{"label":"Size","value":"6.39 inches, 100.2 cm 2 (~85.7% screen-to-body ratio)"},{"label":"Resolution","value":"1080 x 2340 pixels, 19.5:9 ratio (~403 ppi density)"},{"label":"Protection","value":"Corning Gorilla Glass (unspecified)"}]},{"category":"Platform","specs":[{"label":"OS","value":"Android 9.0 (Pie), ZUI 11"},{"label":"Chipset","value":"Qualcomm SDM730 Snapdragon 730 (8 nm)"},{"label":"CPU","value":"Octa-core (2x2.2 GHz Kryo 470 Gold & 6x1.8 GHz Kryo 470 Silver)"},{"label":"GPU","value":"Adreno 618"}]},{"category":"Memory","specs":[{"label":"Card slot","value":"microSDXC (uses shared SIM slot)"},{"label":"Internal","value":"64GB 6GB RAM, 128GB 6GB RAM, 128GB 8GB RAM"}]},{"category":"Main Camera","specs":[{"label":"Triple","value":"24 MP, f/1.8, (wide), 1/2.8\\", 0.9µm, PDAF"},{"label":"Features","value":"Dual-LED flash, panorama, HDR"},{"label":"Video","value":"4K@30fps, 1080p@30fps"}]},{"category":"Selfie camera","specs":[{"label":"Single","value":"16 MP, f/2.0, 26mm (wide), 1/3.06\\", 1.0µm"},{"label":"Video","value":"1080p@30fps"},{"label":"Features","value":"HDR"}]},{"category":"Sound","specs":[{"label":"Loudspeaker","value":"Yes"},{"label":"3.5mm jack","value":"Yes"}]},{"category":"Comms","specs":[{"label":"WLAN","value":"Wi-Fi 802.11 a/b/g/n/ac, dual-band, Wi-Fi Direct"},{"label":"Bluetooth","value":"5.0, A2DP, EDR, LE, aptX HD"},{"label":"Positioning","value":"GPS, GLONASS, BDS"},{"label":"NFC","value":"No"},{"label":"USB","value":"USB Type-C 2.0, OTG"},{"label":"Radio","value":"No"}]},{"category":"Features","specs":[{"label":"Sensors","value":"Fingerprint (under display, optical), accelerometer, proximity, compass"}]},{"category":"Battery","specs":[{"label":"Type","value":"Li-Po 4000 mAh, non-removable"},{"label":"Charging","value":"15W wired"}]},{"category":"Misc","specs":[{"label":"Colors","value":"Blue"},{"label":"Models","value":"L78121"},{"label":"Price","value":"About 250 EUR"}]}]');
INSERT OR IGNORE INTO device_pictures (device_id, url, position) VALUES (416, 'https://fdn2.gsmarena.com/vv/bigpic/lenovo-z6.jpg', 0);
INSERT OR IGNORE INTO device_pictures (device_id, url, position) VALUES (416, 'https://fdn2.gsmarena.com/vv/pics/lenovo/lenovo-z6-3.jpg', 1);
INSERT OR IGNORE INTO device_pictures (device_id, url, position) VALUES (416, 'https://fdn2.gsmarena.com/vv/pics/lenovo/lenovo-z6-2.jpg', 2);
INSERT OR IGNORE INTO devices (id, brand_id, name, gsmarena_url, thumbnail_url, summary) VALUES (417, 3, 'Z6 Pro 5G', 'https://www.gsmarena.com/lenovo_z6_pro_5g-9754.php', 'https://fdn2.gsmarena.com/vv/bigpic/lenovo-z6-pro.jpg', 'Z6 Pro 5G');
INSERT OR IGNORE INTO device_specs (device_id, announced, status, network, os, chipset, cpu, gpu, display_size, display_type, display_res, ram, storage, main_camera, selfie_camera, battery, charging, nfc, usb, bluetooth, wlan, colors, weight, dimensions, sim, sensors, popularity, fans, rating, full_specs_json) VALUES (417, '2019, June 26. Released 2019, November 15', 'Discontinued', 'GSM / CDMA / HSPA / LTE / 5G / 5G', 'Android 9.0 (Pie), ZUI 11', 'Qualcomm SM8150 Snapdragon 855 (7 nm)', 'Octa-core (1x2.84 GHz Kryo 485 & 3x2.42 GHz Kryo 485 & 4x1.78 GHz Kryo 485)', 'Adreno 640', '6.39 inches, 100.2 cm 2 (~85.3% screen-to-body ratio)', 'Super AMOLED, HDR10', '1080 x 2340 pixels, 19.5:9 ratio (~403 ppi density)', '6GB', '128GB', '48 MP, f/1.8, (wide), 1/2.0", 0.8µm, PDAF, Dual-LED flash, panorama, HDR', '32 MP, f/2.0, 26mm (wide), 1/2.8", 0.8µm, 1080p@30fps', 'Li-Po 4000 mAh, non-removable', '18W wired', 'Yes', 'USB Type-C 2.0, OTG', '5.0, A2DP, EDR, LE, aptX HD', 'Wi-Fi 802.11 a/b/g/n/ac, dual-band, Wi-Fi Direct', 'Red, Blue', '185 g (6.53 oz)', '157.5 x 74.6 x 8.7 mm (6.20 x 2.94 x 0.34 in)', 'Nano-SIM + Nano-SIM', 'Fingerprint (under display, optical), accelerometer, gyro, proximity, compass', 'About 400 EUR', NULL, NULL, '[{"category":"Network","specs":[{"label":"Technology","value":"GSM / CDMA / HSPA / LTE / 5G"},{"label":"2G bands","value":"GSM 850 / 900 / 1800 / 1900"},{"label":"3G bands","value":"HSDPA 850 / 900 / 1900 / 2100"},{"label":"4G bands","value":"1, 3, 5, 7, 8, 20, 34, 38, 39, 40, 41"},{"label":"5G bands","value":"41, 78 NSA/Sub6"},{"label":"Speed","value":"HSPA 42.2/5.76 Mbps, LTE (5CA) Cat18 1200/150 Mbps, 5G (2+ Gbps DL)"}]},{"category":"Launch","specs":[{"label":"Announced","value":"2019, June 26. Released 2019, November 15"},{"label":"Status","value":"Discontinued"}]},{"category":"Body","specs":[{"label":"Dimensions","value":"157.5 x 74.6 x 8.7 mm (6.20 x 2.94 x 0.34 in)"},{"label":"Weight","value":"185 g (6.53 oz)"},{"label":"SIM","value":"Nano-SIM + Nano-SIM"}]},{"category":"Display","specs":[{"label":"Type","value":"Super AMOLED, HDR10"},{"label":"Size","value":"6.39 inches, 100.2 cm 2 (~85.3% screen-to-body ratio)"},{"label":"Resolution","value":"1080 x 2340 pixels, 19.5:9 ratio (~403 ppi density)"}]},{"category":"Platform","specs":[{"label":"OS","value":"Android 9.0 (Pie), ZUI 11"},{"label":"Chipset","value":"Qualcomm SM8150 Snapdragon 855 (7 nm)"},{"label":"CPU","value":"Octa-core (1x2.84 GHz Kryo 485 & 3x2.42 GHz Kryo 485 & 4x1.78 GHz Kryo 485)"},{"label":"GPU","value":"Adreno 640"}]},{"category":"Memory","specs":[{"label":"Card slot","value":"microSDXC (uses shared SIM slot)"},{"label":"Internal","value":"128GB 6GB RAM, 128GB 8GB RAM, 256GB 8GB RAM, 512GB 12GB RAM"}]},{"category":"Main Camera","specs":[{"label":"Quad","value":"48 MP, f/1.8, (wide), 1/2.0\\", 0.8µm, PDAF"},{"label":"Features","value":"Dual-LED flash, panorama, HDR"},{"label":"Video","value":"4K@30fps, 1080p@120fps, gyro-EIS"}]},{"category":"Selfie camera","specs":[{"label":"Single","value":"32 MP, f/2.0, 26mm (wide), 1/2.8\\", 0.8µm"},{"label":"Video","value":"1080p@30fps"},{"label":"Features","value":"HDR"}]},{"category":"Sound","specs":[{"label":"Loudspeaker","value":"Yes"},{"label":"3.5mm jack","value":"Yes"}]},{"category":"Comms","specs":[{"label":"WLAN","value":"Wi-Fi 802.11 a/b/g/n/ac, dual-band, Wi-Fi Direct"},{"label":"Bluetooth","value":"5.0, A2DP, EDR, LE, aptX HD"},{"label":"Positioning","value":"GPS, GLONASS, BDS"},{"label":"NFC","value":"Yes"},{"label":"USB","value":"USB Type-C 2.0, OTG"},{"label":"Radio","value":"No"}]},{"category":"Features","specs":[{"label":"Sensors","value":"Fingerprint (under display, optical), accelerometer, gyro, proximity, compass"}]},{"category":"Battery","specs":[{"label":"Type","value":"Li-Po 4000 mAh, non-removable"},{"label":"Charging","value":"18W wired"}]},{"category":"Misc","specs":[{"label":"Colors","value":"Red, Blue"},{"label":"Price","value":"About 400 EUR"}]}]');
INSERT OR IGNORE INTO device_pictures (device_id, url, position) VALUES (417, 'https://fdn2.gsmarena.com/vv/bigpic/lenovo-z6-pro.jpg', 0);
INSERT OR IGNORE INTO device_pictures (device_id, url, position) VALUES (417, 'https://fdn2.gsmarena.com/vv/pics/lenovo/lenovo-z6-pro-2.jpg', 1);
INSERT OR IGNORE INTO devices (id, brand_id, name, gsmarena_url, thumbnail_url, summary) VALUES (418, 3, 'Z6 Youth', 'https://www.gsmarena.com/lenovo_z6_youth-9711.php', 'https://fdn2.gsmarena.com/vv/bigpic/lenovo-z6-youth.jpg', 'Z6 Youth');
INSERT OR IGNORE INTO device_specs (device_id, announced, status, network, os, chipset, cpu, gpu, display_size, display_type, display_res, ram, storage, main_camera, selfie_camera, battery, charging, nfc, usb, bluetooth, wlan, colors, weight, dimensions, sim, sensors, popularity, fans, rating, full_specs_json) VALUES (418, '2019, May. Released 2019, May', 'Discontinued', 'GSM / CDMA / HSPA / LTE / 4G/LTE', 'Android 9.0 (Pie), ZUI 11', 'Qualcomm SDM710 Snapdragon 710 (10 nm)', 'Octa-core (2x2.2 GHz Kryo 360 Gold & 6x1.7 GHz Kryo 360 Silver)', 'Adreno 616', '6.3 inches, 97.4 cm 2 (~83.7% screen-to-body ratio)', 'IPS LCD, HDR10', '1080 x 2340 pixels, 19.5:9 ratio (~409 ppi density)', '4GB', '64GB', '16 MP, f/1.8, PDAF, Dual-LED dual-tone flash, panorama, HDR', '16 MP, f/2.0, 26mm (wide), 1/3.06", 1.0µm, 1080p@30fps', 'Li-Po 4050 mAh, non-removable', '15W wired', 'Yes', 'USB Type-C 2.0', '5.0, A2DP, LE', 'Wi-Fi 802.11 a/b/g/n/ac, dual-band, Wi-Fi Direct', 'Red, Green', '164 g (5.78 oz)', '156.6 x 74.3 x 7.9 mm (6.17 x 2.93 x 0.31 in)', 'Nano-SIM + Nano-SIM', 'Fingerprint (rear-mounted), accelerometer, proximity, compass', 'About 160 EUR', NULL, NULL, '[{"category":"Network","specs":[{"label":"Technology","value":"GSM / CDMA / HSPA / LTE"},{"label":"2G bands","value":"GSM 850 / 900 / 1800 / 1900"},{"label":"3G bands","value":"HSDPA 850 / 900 / 1900 / 2100"},{"label":"4G bands","value":"1, 2, 3, 5, 7, 8, 20, 34, 38, 39, 40, 41"},{"label":"Speed","value":"HSPA, LTE"}]},{"category":"Launch","specs":[{"label":"Announced","value":"2019, May. Released 2019, May"},{"label":"Status","value":"Discontinued"}]},{"category":"Body","specs":[{"label":"Dimensions","value":"156.6 x 74.3 x 7.9 mm (6.17 x 2.93 x 0.31 in)"},{"label":"Weight","value":"164 g (5.78 oz)"},{"label":"Build","value":"Glass front, plastic back, plastic frame"},{"label":"SIM","value":"Nano-SIM + Nano-SIM"}]},{"category":"Display","specs":[{"label":"Type","value":"IPS LCD, HDR10"},{"label":"Size","value":"6.3 inches, 97.4 cm 2 (~83.7% screen-to-body ratio)"},{"label":"Resolution","value":"1080 x 2340 pixels, 19.5:9 ratio (~409 ppi density)"}]},{"category":"Platform","specs":[{"label":"OS","value":"Android 9.0 (Pie), ZUI 11"},{"label":"Chipset","value":"Qualcomm SDM710 Snapdragon 710 (10 nm)"},{"label":"CPU","value":"Octa-core (2x2.2 GHz Kryo 360 Gold & 6x1.7 GHz Kryo 360 Silver)"},{"label":"GPU","value":"Adreno 616"}]},{"category":"Memory","specs":[{"label":"Card slot","value":"microSDXC (uses shared SIM slot)"},{"label":"Internal","value":"64GB 4GB RAM, 128GB 6GB RAM"}]},{"category":"Main Camera","specs":[{"label":"Triple","value":"16 MP, f/1.8, PDAF"},{"label":"Features","value":"Dual-LED dual-tone flash, panorama, HDR"},{"label":"Video","value":"1080p@30fps"}]},{"category":"Selfie camera","specs":[{"label":"Single","value":"16 MP, f/2.0, 26mm (wide), 1/3.06\\", 1.0µm"},{"label":"Video","value":"1080p@30fps"},{"label":"Features","value":"HDR"}]},{"category":"Sound","specs":[{"label":"Loudspeaker","value":"Yes"},{"label":"3.5mm jack","value":"Yes"}]},{"category":"Comms","specs":[{"label":"WLAN","value":"Wi-Fi 802.11 a/b/g/n/ac, dual-band, Wi-Fi Direct"},{"label":"Bluetooth","value":"5.0, A2DP, LE"},{"label":"Positioning","value":"GPS"},{"label":"NFC","value":"Yes"},{"label":"USB","value":"USB Type-C 2.0"},{"label":"Radio","value":"FM radio"}]},{"category":"Features","specs":[{"label":"Sensors","value":"Fingerprint (rear-mounted), accelerometer, proximity, compass"}]},{"category":"Battery","specs":[{"label":"Type","value":"Li-Po 4050 mAh, non-removable"},{"label":"Charging","value":"15W wired"}]},{"category":"Misc","specs":[{"label":"Colors","value":"Red, Green"},{"label":"Models","value":"L38111"},{"label":"Price","value":"About 160 EUR"}]}]');
