-- Auto-generated by scripts/csv_to_sql.mjs
-- Data-only SQLite INSERT statements for mobile_insights database
-- Schema (CREATE TABLE) is handled by src/lib/db.ts

INSERT OR IGNORE INTO brands (id, name, gsmarena_url) VALUES (1, 'Apple', 'https://www.gsmarena.com/apple-phones-1.php');
INSERT OR IGNORE INTO brands (id, name, gsmarena_url) VALUES (2, 'Asus', 'https://www.gsmarena.com/asus-phones-1.php');
INSERT OR IGNORE INTO brands (id, name, gsmarena_url) VALUES (3, 'Lenovo', 'https://www.gsmarena.com/lenovo-phones-1.php');
INSERT OR IGNORE INTO brands (id, name, gsmarena_url) VALUES (4, 'OnePlus', 'https://www.gsmarena.com/oneplus-phones-1.php');
INSERT OR IGNORE INTO brands (id, name, gsmarena_url) VALUES (5, 'vivo', 'https://www.gsmarena.com/vivo-phones-1.php');
INSERT OR IGNORE INTO brands (id, name, gsmarena_url) VALUES (6, 'AT&T', 'https://www.gsmarena.com/at&t-phones-1.php');
INSERT OR IGNORE INTO brands (id, name, gsmarena_url) VALUES (7, 'Acer', 'https://www.gsmarena.com/acer-phones-1.php');
INSERT OR IGNORE INTO brands (id, name, gsmarena_url) VALUES (8, 'Allview', 'https://www.gsmarena.com/allview-phones-1.php');
INSERT OR IGNORE INTO brands (id, name, gsmarena_url) VALUES (9, 'Amazon', 'https://www.gsmarena.com/amazon-phones-1.php');
INSERT OR IGNORE INTO brands (id, name, gsmarena_url) VALUES (10, 'Amoi', 'https://www.gsmarena.com/amoi-phones-1.php');

INSERT OR IGNORE INTO devices (id, brand_id, name, gsmarena_url, thumbnail_url, summary) VALUES (1, 1, 'iPhone 17e', 'https://www.gsmarena.com/apple_iphone_17e-14487.php', 'https://fdn2.gsmarena.com/vv/bigpic/apple-iphone-17e.jpg', 'iPhone 17e');
INSERT OR IGNORE INTO device_specs (device_id, announced, status, network, os, chipset, cpu, gpu, display_size, display_type, display_res, ram, storage, main_camera, selfie_camera, battery, charging, nfc, usb, bluetooth, wlan, colors, weight, dimensions, sim, sensors, popularity, fans, rating, full_specs_json) VALUES (1, '2026, March 02', 'Available. Released 2026, March 11', 'GSM / HSPA / LTE / 5G / 5G', 'iOS 26.3', 'Apple A19 (3 nm)', 'Hexa-core (2x4.26 GHz + 4x2.60 GHz)', 'Apple GPU (4-core graphics)', '6.1 inches, 90.2 cm 2 (~86.0% screen-to-body ratio)', 'Super Retina XDR OLED, HDR10, 800 nits (HBM), 1200 nits (peak)', '1170 x 2532 pixels, 19.5:9 ratio (~460 ppi density)', '8GB', '256GB', '48 MP, f/1.6, 26mm (wide), 1/2.55", 0.7µm, PDAF, OIS, Dual-LED dual-tone flash, HDR, panorama, 3D (spatial) audio', '12 MP, f/1.9, 23mm (wide), 1/3.6", 1.0µm, PDAF, 4K@24/25/30/60fps, 1080p@25/30/60/120fps, Dolby Vision HDR', 'Li-Ion 4005 mAh', 'Wired, 50% in 30 min', 'Yes', 'USB Type-C 2.0', '5.3, A2DP, LE', 'Wi-Fi 802.11 a/b/g/n/ac/6, dual-band, hotspot', 'Black, White, Soft Pink', '169 g (5.96 oz)', '146.7 x 71.5 x 7.8 mm (5.78 x 2.81 x 0.31 in)', '· Nano-SIM + eSIM + eSIM (max 2 at a time; International) · eSIM + eSIM (8 or more, max 2 at a time; USA) · Nano-SIM + Nano-SIM (China)', 'Face ID, accelerometer, gyro, proximity, compass, barometer', '£ 599.00 / € 699.00', NULL, NULL, '[{"category":"Network","specs":[{"label":"Technology","value":"GSM / HSPA / LTE / 5G"},{"label":"2G bands","value":"GSM 850 / 900 / 1800 / 1900"},{"label":"3G bands","value":"HSDPA 850 / 900 / 1700(AWS) / 1900 / 2100"},{"label":"4G bands","value":"1, 2, 3, 4, 5, 7, 8, 12, 13, 14, 17, 18, 19, 20, 25, 26, 28, 29, 30, 32, 34, 38, 39, 40, 41, 42, 48, 53, 66, 71 - A3575"},{"label":"5G bands","value":"1, 2, 3, 5, 7, 8, 12, 14, 20, 25, 26, 28, 29, 30, 38, 40, 41, 48, 53, 66, 70, 71, 75, 77, 78, 79 SA/NSA/Sub6 - A3575"},{"label":"Speed","value":"HSPA, LTE, 5G"}]},{"category":"Launch","specs":[{"label":"Announced","value":"2026, March 02"},{"label":"Status","value":"Available. Released 2026, March 11"}]},{"category":"Body","specs":[{"label":"Dimensions","value":"146.7 x 71.5 x 7.8 mm (5.78 x 2.81 x 0.31 in)"},{"label":"Weight","value":"169 g (5.96 oz)"},{"label":"Build","value":"Glass front (Ceramic Shield 2), glass back, aluminum frame"},{"label":"SIM","value":"· Nano-SIM + eSIM + eSIM (max 2 at a time; International) · eSIM + eSIM (8 or more, max 2 at a time; USA) · Nano-SIM + Nano-SIM (China)"}]},{"category":"Display","specs":[{"label":"Type","value":"Super Retina XDR OLED, HDR10, 800 nits (HBM), 1200 nits (peak)"},{"label":"Size","value":"6.1 inches, 90.2 cm 2 (~86.0% screen-to-body ratio)"},{"label":"Resolution","value":"1170 x 2532 pixels, 19.5:9 ratio (~460 ppi density)"},{"label":"Protection","value":"Ceramic Shield 2, Mohs level 5"}]},{"category":"Platform","specs":[{"label":"OS","value":"iOS 26.3"},{"label":"Chipset","value":"Apple A19 (3 nm)"},{"label":"CPU","value":"Hexa-core (2x4.26 GHz + 4x2.60 GHz)"},{"label":"GPU","value":"Apple GPU (4-core graphics)"}]},{"category":"Memory","specs":[{"label":"Card slot","value":"No"},{"label":"Internal","value":"256GB 8GB RAM, 512GB 8GB RAM"}]},{"category":"Main Camera","specs":[{"label":"Single","value":"48 MP, f/1.6, 26mm (wide), 1/2.55\\", 0.7µm, PDAF, OIS"},{"label":"Features","value":"Dual-LED dual-tone flash, HDR, panorama, 3D (spatial) audio"},{"label":"Video","value":"4K@24/25/30/60fps, 1080p@25/30/60/120/240fps, Dolby Vision HDR, OIS, stereo sound rec."}]},{"category":"Selfie camera","specs":[{"label":"Single","value":"12 MP, f/1.9, 23mm (wide), 1/3.6\\", 1.0µm, PDAF"},{"label":"Video","value":"4K@24/25/30/60fps, 1080p@25/30/60/120fps, Dolby Vision HDR"},{"label":"Features","value":"HDR, Dolby Vision HDR, 3D (spatial) audio, stereo sound rec."}]},{"category":"Sound","specs":[{"label":"Loudspeaker","value":"Yes, with stereo speakers"},{"label":"3.5mm jack","value":"No"}]},{"category":"Comms","specs":[{"label":"WLAN","value":"Wi-Fi 802.11 a/b/g/n/ac/6, dual-band, hotspot"},{"label":"Bluetooth","value":"5.3, A2DP, LE"},{"label":"Positioning","value":"GPS, GLONASS, GALILEO, BDS, QZSS, NavIC"},{"label":"NFC","value":"Yes"},{"label":"USB","value":"USB Type-C 2.0"},{"label":"Radio","value":"No"}]},{"category":"Features","specs":[{"label":"Sensors","value":"Face ID, accelerometer, gyro, proximity, compass, barometer"}]},{"category":"Battery","specs":[{"label":"Type","value":"Li-Ion 4005 mAh"},{"label":"Charging","value":"Wired, 50% in 30 min"}]},{"category":"Misc","specs":[{"label":"Colors","value":"Black, White, Soft Pink"},{"label":"Models","value":"A3634, A3575, A3635, iPhone18,5"},{"label":"SAR","value":"1.20 W/kg (head)     1.20 W/kg (body)"},{"label":"Price","value":"£ 599.00 / € 699.00"},{"label":"SAR EU","value":"1.49 W/kg (head)     1.49 W/kg (body)"}]}]');
INSERT OR IGNORE INTO device_pictures (device_id, url, position) VALUES (1, 'https://fdn2.gsmarena.com/vv/bigpic/apple-iphone-17e.jpg', 0);
INSERT OR IGNORE INTO device_pictures (device_id, url, position) VALUES (1, 'https://fdn2.gsmarena.com/vv/pics/apple/apple-iphone-17e-1.jpg', 1);
INSERT OR IGNORE INTO device_pictures (device_id, url, position) VALUES (1, 'https://fdn2.gsmarena.com/vv/pics/apple/apple-iphone-17e-2.jpg', 2);
INSERT OR IGNORE INTO device_pictures (device_id, url, position) VALUES (1, 'https://fdn2.gsmarena.com/vv/pics/apple/apple-iphone-17e-3.jpg', 3);
INSERT OR IGNORE INTO devices (id, brand_id, name, gsmarena_url, thumbnail_url, summary) VALUES (2, 1, 'iPad Air 13 (2026)', 'https://www.gsmarena.com/apple_ipad_air_13_5g_(2026)-14521.php', 'https://fdn2.gsmarena.com/vv/bigpic/apple-ipad-air-13-2025.jpg', 'iPad Air 13 (2026)');
INSERT OR IGNORE INTO device_specs (device_id, announced, status, network, os, chipset, cpu, gpu, display_size, display_type, display_res, ram, storage, main_camera, selfie_camera, battery, charging, nfc, usb, bluetooth, wlan, colors, weight, dimensions, sim, sensors, popularity, fans, rating, full_specs_json) VALUES (2, '2026, March 02', 'Available. Released 2026, March 11', 'GSM / HSPA / LTE / 5G / 5G', 'iPadOS 26.3', 'Apple M4', 'Octa-core (4 performance cores and 4 efficiency cores)', 'Apple GPU (9-core graphics)', '13.0 inches, 519.3 cm 2 (~86.1% screen-to-body ratio)', 'Liquid Retina IPS LCD, 600 nits (typ)', '2048 x 2732 pixels, 4:3 ratio (~264 ppi density)', '12GB', '128GB', '12 MP, f/1.8, (wide), 1/3.0", 1.22µm, dual pixel PDAF, HDR', '12 MP, f/2.0, 122˚ (ultrawide), 1080p@25/30/60fps; gyro-EIS', 'Li-Po 9705 mAh (36.59 Wh)', NULL, 'No', 'USB Type-C 3.1 Gen2, DisplayPort, magnetic connector', '6.0, A2DP, LE', 'Wi-Fi 802.11 a/b/g/n/ac/6e/7, dual-band, hotspot', 'Space Gray, Starlight, Purple, Blue', '616 g (Wi-Fi) / 617 g (5G) (1.36 lb)', '280.6 x 214.9 x 6.1 mm (11.05 x 8.46 x 0.24 in)', 'eSIM (cellular model only)', 'Fingerprint (top-mounted), accelerometer, gyro, compass, barometer', 'About 850 EUR', NULL, NULL, '[{"category":"Network","specs":[{"label":"Technology","value":"GSM / HSPA / LTE / 5G"},{"label":"2G bands","value":"GSM 850 / 900 / 1800 / 1900"},{"label":"3G bands","value":"HSDPA 850 / 900 / 1700(AWS) / 1900 / 2100"},{"label":"4G bands","value":"1, 2, 3, 4, 5, 7, 8, 11, 12, 13, 14, 17, 18, 19, 20, 21, 25, 26, 28, 29, 30, 32, 34, 38, 39, 40, 41, 42, 48, 66, 71"},{"label":"5G bands","value":"1, 2, 3, 5, 7, 8, 12, 14, 20, 25, 26, 28, 29, 30, 38, 40, 41, 48, 66, 70, 71, 75, 77, 78, 79 SA/NSA/Sub6"},{"label":"Speed","value":"HSPA, LTE, 5G - cellular model only"}]},{"category":"Launch","specs":[{"label":"Announced","value":"2026, March 02"},{"label":"Status","value":"Available. Released 2026, March 11"}]},{"category":"Body","specs":[{"label":"Dimensions","value":"280.6 x 214.9 x 6.1 mm (11.05 x 8.46 x 0.24 in)"},{"label":"Weight","value":"616 g (Wi-Fi) / 617 g (5G) (1.36 lb)"},{"label":"Build","value":"Glass front, aluminum back, aluminum frame"},{"label":"SIM","value":"eSIM (cellular model only)"}]},{"category":"Display","specs":[{"label":"Type","value":"Liquid Retina IPS LCD, 600 nits (typ)"},{"label":"Size","value":"13.0 inches, 519.3 cm 2 (~86.1% screen-to-body ratio)"},{"label":"Resolution","value":"2048 x 2732 pixels, 4:3 ratio (~264 ppi density)"},{"label":"Protection","value":"Scratch-resistant glass, oleophobic coating, Mohs level 4"}]},{"category":"Platform","specs":[{"label":"OS","value":"iPadOS 26.3"},{"label":"Chipset","value":"Apple M4"},{"label":"CPU","value":"Octa-core (4 performance cores and 4 efficiency cores)"},{"label":"GPU","value":"Apple GPU (9-core graphics)"}]},{"category":"Memory","specs":[{"label":"Card slot","value":"No"},{"label":"Internal","value":"128GB 12GB RAM, 256GB 12GB RAM, 512GB 12GB RAM, 1TB 12GB RAM"}]},{"category":"Main Camera","specs":[{"label":"Single","value":"12 MP, f/1.8, (wide), 1/3.0\\", 1.22µm, dual pixel PDAF"},{"label":"Features","value":"HDR"},{"label":"Video","value":"4K@24/25/30/60fps, 1080p@25/30/60/120/240fps; gyro-EIS"}]},{"category":"Selfie camera","specs":[{"label":"Single","value":"12 MP, f/2.0, 122˚ (ultrawide)"},{"label":"Video","value":"1080p@25/30/60fps; gyro-EIS"},{"label":"Features","value":"HDR"}]},{"category":"Sound","specs":[{"label":"Loudspeaker","value":"Yes, with stereo speakers"},{"label":"3.5mm jack","value":"No"}]},{"category":"Comms","specs":[{"label":"WLAN","value":"Wi-Fi 802.11 a/b/g/n/ac/6e/7, dual-band, hotspot"},{"label":"Bluetooth","value":"6.0, A2DP, LE"},{"label":"Positioning","value":"GPS, GLONASS (5G model only)"},{"label":"NFC","value":"No"},{"label":"USB","value":"USB Type-C 3.1 Gen2, DisplayPort, magnetic connector"},{"label":"Radio","value":"No"}]},{"category":"Features","specs":[{"label":"Sensors","value":"Fingerprint (top-mounted), accelerometer, gyro, compass, barometer"}]},{"category":"Battery","specs":[{"label":"Type","value":"Li-Po 9705 mAh (36.59 Wh)"}]},{"category":"Misc","specs":[{"label":"Colors","value":"Space Gray, Starlight, Purple, Blue"},{"label":"Models","value":"A3462, A3464, A3461, iPad16,10, iPad16,11"},{"label":"SAR","value":"1.19 W/kg (body)"},{"label":"Price","value":"About 850 EUR"},{"label":"SAR EU","value":"1.50 W/kg (body)"}]}]');
INSERT OR IGNORE INTO device_pictures (device_id, url, position) VALUES (2, 'https://fdn2.gsmarena.com/vv/bigpic/apple-ipad-air-13-2025.jpg', 0);
INSERT OR IGNORE INTO device_pictures (device_id, url, position) VALUES (2, 'https://fdn2.gsmarena.com/vv/pics/apple/apple-ipad-air-13-2024-2.jpg', 1);
INSERT OR IGNORE INTO device_pictures (device_id, url, position) VALUES (2, 'https://fdn2.gsmarena.com/vv/pics/apple/apple-ipad-air-2024-2.jpg', 2);
INSERT OR IGNORE INTO device_pictures (device_id, url, position) VALUES (2, 'https://fdn2.gsmarena.com/vv/pics/apple/apple-ipad-air-2024-3.jpg', 3);
INSERT OR IGNORE INTO device_pictures (device_id, url, position) VALUES (2, 'https://fdn2.gsmarena.com/vv/pics/apple/apple-ipad-air-13-2024-4.jpg', 4);
INSERT OR IGNORE INTO devices (id, brand_id, name, gsmarena_url, thumbnail_url, summary) VALUES (3, 1, 'iPad Air 11 (2026)', 'https://www.gsmarena.com/apple_ipad_air_11_5g_(2026)-14520.php', 'https://fdn2.gsmarena.com/vv/bigpic/apple-ipad-air-11-2025.jpg', 'iPad Air 11 (2026)');
INSERT OR IGNORE INTO device_specs (device_id, announced, status, network, os, chipset, cpu, gpu, display_size, display_type, display_res, ram, storage, main_camera, selfie_camera, battery, charging, nfc, usb, bluetooth, wlan, colors, weight, dimensions, sim, sensors, popularity, fans, rating, full_specs_json) VALUES (3, '2026, March 02', 'Available. Released 2026, March 11', 'GSM / HSPA / LTE / 5G / 5G', 'iPadOS 26.3', 'Apple M4', 'Octa-core (4 performance cores and 4 efficiency cores)', 'Apple GPU (9-core graphics)', '11.0 inches, 357.6 cm 2 (~80.9% screen-to-body ratio)', 'Liquid Retina IPS LCD, 500 nits (typ)', '1640 x 2360 pixels (~264 ppi density)', '12GB', '128GB', '12 MP, f/1.8, (wide), 1/3.0", 1.22µm, dual pixel PDAF, HDR', '12 MP, f/2.0, 122˚ (ultrawide), 1080p@25/30/60fps; gyro-EIS', 'Li-Po 7606 mAh (28.93 Wh)', NULL, 'No', 'USB Type-C 3.1 Gen2, DisplayPort, magnetic connector', '6.0, A2DP, LE', 'Wi-Fi 802.11 a/b/g/n/ac/6e/7 dual-band, hotspot', 'Space Gray, Starlight, Purple, Blue', '464 g (Wi-Fi) / 465 g (5G) (1.02 lb)', '247.6 x 178.5 x 6.1 mm (9.75 x 7.03 x 0.24 in)', 'eSIM (cellular model only)', 'Fingerprint (top-mounted), accelerometer, gyro, compass, barometer', 'About 650 EUR', NULL, NULL, '[{"category":"Network","specs":[{"label":"Technology","value":"GSM / HSPA / LTE / 5G"},{"label":"2G bands","value":"GSM 850 / 900 / 1800 / 1900"},{"label":"3G bands","value":"HSDPA 850 / 900 / 1700(AWS) / 1900 / 2100"},{"label":"4G bands","value":"1, 2, 3, 4, 5, 7, 8, 11, 12, 13, 14, 17, 18, 19, 20, 21, 25, 26, 28, 29, 30, 32, 34, 38, 39, 40, 41, 42, 48, 66, 71"},{"label":"5G bands","value":"1, 2, 3, 5, 7, 8, 12, 14, 20, 25, 26, 28, 29, 30, 38, 40, 41, 48, 66, 70, 71, 75, 77, 78, 79 SA/NSA/Sub6"},{"label":"Speed","value":"HSPA, LTE, 5G - cellular model only"}]},{"category":"Launch","specs":[{"label":"Announced","value":"2026, March 02"},{"label":"Status","value":"Available. Released 2026, March 11"}]},{"category":"Body","specs":[{"label":"Dimensions","value":"247.6 x 178.5 x 6.1 mm (9.75 x 7.03 x 0.24 in)"},{"label":"Weight","value":"464 g (Wi-Fi) / 465 g (5G) (1.02 lb)"},{"label":"Build","value":"Glass front, aluminum back, aluminum frame"},{"label":"SIM","value":"eSIM (cellular model only)"}]},{"category":"Display","specs":[{"label":"Type","value":"Liquid Retina IPS LCD, 500 nits (typ)"},{"label":"Size","value":"11.0 inches, 357.6 cm 2 (~80.9% screen-to-body ratio)"},{"label":"Resolution","value":"1640 x 2360 pixels (~264 ppi density)"},{"label":"Protection","value":"Scratch-resistant glass, oleophobic coating, Mohs level 4"}]},{"category":"Platform","specs":[{"label":"OS","value":"iPadOS 26.3"},{"label":"Chipset","value":"Apple M4"},{"label":"CPU","value":"Octa-core (4 performance cores and 4 efficiency cores)"},{"label":"GPU","value":"Apple GPU (9-core graphics)"}]},{"category":"Memory","specs":[{"label":"Card slot","value":"No"},{"label":"Internal","value":"128GB 12GB RAM, 256GB 12GB RAM, 512GB 12GB RAM, 1TB 12GB RAM"}]},{"category":"Main Camera","specs":[{"label":"Single","value":"12 MP, f/1.8, (wide), 1/3.0\\", 1.22µm, dual pixel PDAF"},{"label":"Features","value":"HDR"},{"label":"Video","value":"4K@24/25/30/60fps, 1080p@25/30/60/120/240fps; gyro-EIS"}]},{"category":"Selfie camera","specs":[{"label":"Single","value":"12 MP, f/2.0, 122˚ (ultrawide)"},{"label":"Video","value":"1080p@25/30/60fps; gyro-EIS"},{"label":"Features","value":"HDR"}]},{"category":"Sound","specs":[{"label":"Loudspeaker","value":"Yes, with stereo speakers"},{"label":"3.5mm jack","value":"No"}]},{"category":"Comms","specs":[{"label":"WLAN","value":"Wi-Fi 802.11 a/b/g/n/ac/6e/7 dual-band, hotspot"},{"label":"Bluetooth","value":"6.0, A2DP, LE"},{"label":"Positioning","value":"GPS, GLONASS (5G model only)"},{"label":"NFC","value":"No"},{"label":"USB","value":"USB Type-C 3.1 Gen2, DisplayPort, magnetic connector"},{"label":"Radio","value":"No"}]},{"category":"Features","specs":[{"label":"Sensors","value":"Fingerprint (top-mounted), accelerometer, gyro, compass, barometer"}]},{"category":"Battery","specs":[{"label":"Type","value":"Li-Po 7606 mAh (28.93 Wh)"}]},{"category":"Misc","specs":[{"label":"Colors","value":"Space Gray, Starlight, Purple, Blue"},{"label":"Models","value":"A3460, A3463, A3459, iPad16,8, iPad16,9"},{"label":"SAR","value":"1.19 W/kg (body)"},{"label":"Price","value":"About 650 EUR"},{"label":"SAR EU","value":"1.50 W/kg (body)"}]}]');
INSERT OR IGNORE INTO device_pictures (device_id, url, position) VALUES (3, 'https://fdn2.gsmarena.com/vv/bigpic/apple-ipad-air-11-2025.jpg', 0);
INSERT OR IGNORE INTO device_pictures (device_id, url, position) VALUES (3, 'https://fdn2.gsmarena.com/vv/pics/apple/apple-ipad-air-11-2024-2.jpg', 1);
INSERT OR IGNORE INTO device_pictures (device_id, url, position) VALUES (3, 'https://fdn2.gsmarena.com/vv/pics/apple/apple-ipad-air-2024-2.jpg', 2);
INSERT OR IGNORE INTO device_pictures (device_id, url, position) VALUES (3, 'https://fdn2.gsmarena.com/vv/pics/apple/apple-ipad-air-2024-3.jpg', 3);
INSERT OR IGNORE INTO device_pictures (device_id, url, position) VALUES (3, 'https://fdn2.gsmarena.com/vv/pics/apple/apple-ipad-air-11-2024-4.jpg', 4);
INSERT OR IGNORE INTO devices (id, brand_id, name, gsmarena_url, thumbnail_url, summary) VALUES (4, 1, 'iPad Pro 13 (2025)', 'https://www.gsmarena.com/apple_ipad_pro_13_5g_(2025)-14233.php', 'https://fdn2.gsmarena.com/vv/bigpic/apple-ipad-pro-13-2024.jpg', 'iPad Pro 13 (2025)');
INSERT OR IGNORE INTO device_specs (device_id, announced, status, network, os, chipset, cpu, gpu, display_size, display_type, display_res, ram, storage, main_camera, selfie_camera, battery, charging, nfc, usb, bluetooth, wlan, colors, weight, dimensions, sim, sensors, popularity, fans, rating, full_specs_json) VALUES (4, '2025, October 16', 'Available. Released 2025, October 22', 'GSM / HSPA / LTE / 5G / 5G', 'iPadOS 26, upgradable to iPadOS 26.3', 'Apple M5', '9-core (3 performance cores, 6 efficiency cores) - 256/512GB models 10-core (4 performance cores, 6 efficiency cores) - 1/2TB models', 'Apple GPU (10-core graphics)', '13.0 inches, 523.4 cm 2 (~86.2% screen-to-body ratio)', 'Ultra Retina Tandem OLED, 120Hz, HDR10, Dolby Vision, 1000 nits (HBM), 1600 nits (peak)', '2064 x 2752 pixels, 4:3 ratio (~265 ppi density)', '12GB', '256GB', '12 MP, f/1.8, (wide), dual pixel PDAF, Quad-LED dual-tone flash, HDR', '12 MP, f/2.0, 122˚ (ultrawide), 1080p@25/30/60fps, gyro-EIS, HDR', 'Li-Po 10290 mAh', '50% in 30 min', 'No', 'USB Type-C 4 (Thunderbolt 3), DisplayPort, magnetic connector', '6.0, A2DP, LE, EDR', 'Wi-Fi 802.11 a/b/g/n/ac/6e/7, dual-band, hotspot', 'Silver, Space Black', '579 g (Wi-Fi), 582 g (5G) (1.28 lb)', '281.6 x 215.5 x 5.1 mm (11.09 x 8.48 x 0.20 in)', 'eSIM - cellular model only', 'Face ID, accelerometer, gyro, compass, barometer', 'About 1450 EUR', NULL, NULL, '[{"category":"Network","specs":[{"label":"Technology","value":"GSM / HSPA / LTE / 5G"},{"label":"2G bands","value":"GSM 850 / 900 / 1800 / 1900 - cellular model only"},{"label":"3G bands","value":"HSDPA 850 / 900 / 1700(AWS) / 1900 / 2100 - cellular model only"},{"label":"4G bands","value":"1, 2, 3, 4, 5, 7, 8, 11, 12, 13, 14, 17, 18, 19, 20, 21, 25, 26, 28, 29, 30, 32, 34, 38, 39, 40, 41, 42, 48, 66, 71 - A3361 - cellular model only"},{"label":"5G bands","value":"1, 2, 3, 5, 7, 8, 12, 14, 20, 25, 26, 28, 29, 30, 38, 40, 41, 48, 66, 70, 71, 75, 77, 78, 79 SA/NSA/Sub6 - A3361, A3362 - cellular model only"},{"label":"Speed","value":"HSPA, LTE, 5G - cellular model only"}]},{"category":"Launch","specs":[{"label":"Announced","value":"2025, October 16"},{"label":"Status","value":"Available. Released 2025, October 22"}]},{"category":"Body","specs":[{"label":"Dimensions","value":"281.6 x 215.5 x 5.1 mm (11.09 x 8.48 x 0.20 in)"},{"label":"Weight","value":"579 g (Wi-Fi), 582 g (5G) (1.28 lb)"},{"label":"Build","value":"Glass front, aluminum back, aluminum frame"},{"label":"SIM","value":"eSIM - cellular model only"}]},{"category":"Display","specs":[{"label":"Type","value":"Ultra Retina Tandem OLED, 120Hz, HDR10, Dolby Vision, 1000 nits (HBM), 1600 nits (peak)"},{"label":"Size","value":"13.0 inches, 523.4 cm 2 (~86.2% screen-to-body ratio)"},{"label":"Resolution","value":"2064 x 2752 pixels, 4:3 ratio (~265 ppi density)"},{"label":"Protection","value":"Scratch-resistant glass, oleophobic coating, Mohs level 4"}]},{"category":"Platform","specs":[{"label":"OS","value":"iPadOS 26, upgradable to iPadOS 26.3"},{"label":"Chipset","value":"Apple M5"},{"label":"CPU","value":"9-core (3 performance cores, 6 efficiency cores) - 256/512GB models 10-core (4 performance cores, 6 efficiency cores) - 1/2TB models"},{"label":"GPU","value":"Apple GPU (10-core graphics)"}]},{"category":"Memory","specs":[{"label":"Card slot","value":"No"},{"label":"Internal","value":"256GB 12GB RAM, 512GB 12GB RAM, 1TB 16GB RAM, 2TB 16GB RAM"}]},{"category":"Main Camera","specs":[{"label":"Single","value":"12 MP, f/1.8, (wide), dual pixel PDAF"},{"label":"Features","value":"Quad-LED dual-tone flash, HDR"},{"label":"Video","value":"4K@24/25/30/60fps, 1080p@25/30/60/120/240fps; gyro-EIS, ProRes (4K, 1080p)"}]},{"category":"Selfie camera","specs":[{"label":"Single","value":"12 MP, f/2.0, 122˚ (ultrawide)"},{"label":"Video","value":"1080p@25/30/60fps, gyro-EIS, HDR"},{"label":"Features","value":"Face detection, HDR, panorama"}]},{"category":"Sound","specs":[{"label":"Loudspeaker","value":"Yes, with stereo speakers (4 speakers)"},{"label":"3.5mm jack","value":"No"}]},{"category":"Comms","specs":[{"label":"WLAN","value":"Wi-Fi 802.11 a/b/g/n/ac/6e/7, dual-band, hotspot"},{"label":"Bluetooth","value":"6.0, A2DP, LE, EDR"},{"label":"Positioning","value":"GPS, GLONASS, GALILEO, QZSS (Wi‑Fi + Cellular model only)"},{"label":"NFC","value":"No"},{"label":"USB","value":"USB Type-C 4 (Thunderbolt 3), DisplayPort, magnetic connector"},{"label":"Radio","value":"No"}]},{"category":"Features","specs":[{"label":"Sensors","value":"Face ID, accelerometer, gyro, compass, barometer"}]},{"category":"Battery","specs":[{"label":"Type","value":"Li-Po 10290 mAh"},{"label":"Charging","value":"50% in 30 min"}]},{"category":"Misc","specs":[{"label":"Colors","value":"Silver, Space Black"},{"label":"Models","value":"A3360, A3361, A3362, iPad17,3, iPad17,4"},{"label":"SAR","value":"1.19 W/kg (body)"},{"label":"Price","value":"About 1450 EUR"},{"label":"SAR EU","value":"1.50 W/kg (body)"}]}]');
INSERT OR IGNORE INTO device_pictures (device_id, url, position) VALUES (4, 'https://fdn2.gsmarena.com/vv/bigpic/apple-ipad-pro-13-2024.jpg', 0);
INSERT OR IGNORE INTO device_pictures (device_id, url, position) VALUES (4, 'https://fdn2.gsmarena.com/vv/pics/apple/apple-ipad-pro-13-2024-2.jpg', 1);
INSERT OR IGNORE INTO device_pictures (device_id, url, position) VALUES (4, 'https://fdn2.gsmarena.com/vv/pics/apple/apple-ipad-pro-2024-3.jpg', 2);
INSERT OR IGNORE INTO device_pictures (device_id, url, position) VALUES (4, 'https://fdn2.gsmarena.com/vv/pics/apple/apple-ipad-pro-2024-4.jpg', 3);
INSERT OR IGNORE INTO device_pictures (device_id, url, position) VALUES (4, 'https://fdn2.gsmarena.com/vv/pics/apple/apple-ipad-pro-13-2024-5.jpg', 4);
INSERT OR IGNORE INTO devices (id, brand_id, name, gsmarena_url, thumbnail_url, summary) VALUES (5, 1, 'iPad Pro 11 (2025)', 'https://www.gsmarena.com/apple_ipad_pro_11_5g_(2025)-14234.php', 'https://fdn2.gsmarena.com/vv/bigpic/apple-ipad-pro-11-2024.jpg', 'iPad Pro 11 (2025)');
INSERT OR IGNORE INTO device_specs (device_id, announced, status, network, os, chipset, cpu, gpu, display_size, display_type, display_res, ram, storage, main_camera, selfie_camera, battery, charging, nfc, usb, bluetooth, wlan, colors, weight, dimensions, sim, sensors, popularity, fans, rating, full_specs_json) VALUES (5, '2025, October 16', 'Available. Released 2025, October 22', 'GSM / HSPA / LTE / 5G / 5G', 'iPadOS 26, upgradable to iPadOS 26.3', 'Apple M5', '9-core (3 performance cores, 6 efficiency cores) - 256/512GB models 10-core (4 performance cores, 6 efficiency cores) - 1/2TB models', 'Apple GPU (10-core graphics)', '11.0 inches, 364.8 cm 2 (~82.3% screen-to-body ratio)', 'Ultra Retina Tandem OLED, 120Hz, HDR10, Dolby Vision, 1000 nits (HBM), 1600 nits (peak)', '1668 x 2420 pixels, 3:2 ratio (~267 ppi density)', '12GB', '256GB', '12 MP, f/1.8, (wide), dual pixel PDAF, Quad-LED dual-tone flash, HDR', '12 MP, f/2.0, 122˚ (ultrawide), 1080p@25/30/60fps, gyro-EIS, HDR', 'Li-Po 8160 mAh', '50% in 30 min', 'No', 'USB Type-C 4 (Thunderbolt 3), DisplayPort, magnetic connector', '6.0, A2DP, LE, EDR', 'Wi-Fi 802.11 a/b/g/n/ac/6e/7, dual-band, hotspot', 'Silver, Space Black', '444 g (Wi-Fi), 446 g (5G) (1.03 lb)', '249.7 x 177.5 x 5.3 mm (9.83 x 6.99 x 0.21 in)', 'eSIM - cellular model only', 'Face ID, accelerometer, gyro, compass, barometer', 'About 1100 EUR', NULL, NULL, '[{"category":"Network","specs":[{"label":"Technology","value":"GSM / HSPA / LTE / 5G"},{"label":"2G bands","value":"GSM 850 / 900 / 1800 / 1900 - cellular model only"},{"label":"3G bands","value":"HSDPA 850 / 900 / 1700(AWS) / 1900 / 2100 - cellular model only"},{"label":"4G bands","value":"1, 2, 3, 4, 5, 7, 8, 11, 12, 13, 14, 17, 18, 19, 20, 21, 25, 26, 28, 29, 30, 32, 34, 38, 39, 40, 41, 42, 48, 66, 71 - A3358 - cellular model only"},{"label":"5G bands","value":"1, 2, 3, 5, 7, 8, 12, 14, 20, 25, 26, 28, 29, 30, 38, 40, 41, 48, 66, 70, 71, 75, 77, 78, 79 SA/NSA/Sub6 - A3358, A3359 - cellular model only"},{"label":"Speed","value":"HSPA, LTE, 5G - cellular model only"}]},{"category":"Launch","specs":[{"label":"Announced","value":"2025, October 16"},{"label":"Status","value":"Available. Released 2025, October 22"}]},{"category":"Body","specs":[{"label":"Dimensions","value":"249.7 x 177.5 x 5.3 mm (9.83 x 6.99 x 0.21 in)"},{"label":"Weight","value":"444 g (Wi-Fi), 446 g (5G) (1.03 lb)"},{"label":"Build","value":"Glass front, aluminum back, aluminum frame"},{"label":"SIM","value":"eSIM - cellular model only"}]},{"category":"Display","specs":[{"label":"Type","value":"Ultra Retina Tandem OLED, 120Hz, HDR10, Dolby Vision, 1000 nits (HBM), 1600 nits (peak)"},{"label":"Size","value":"11.0 inches, 364.8 cm 2 (~82.3% screen-to-body ratio)"},{"label":"Resolution","value":"1668 x 2420 pixels, 3:2 ratio (~267 ppi density)"},{"label":"Protection","value":"Scratch-resistant glass, oleophobic coating, Mohs level 4"}]},{"category":"Platform","specs":[{"label":"OS","value":"iPadOS 26, upgradable to iPadOS 26.3"},{"label":"Chipset","value":"Apple M5"},{"label":"CPU","value":"9-core (3 performance cores, 6 efficiency cores) - 256/512GB models 10-core (4 performance cores, 6 efficiency cores) - 1/2TB models"},{"label":"GPU","value":"Apple GPU (10-core graphics)"}]},{"category":"Memory","specs":[{"label":"Card slot","value":"No"},{"label":"Internal","value":"256GB 12GB RAM, 512GB 12GB RAM, 1TB 16GB RAM, 2TB 16GB RAM"}]},{"category":"Main Camera","specs":[{"label":"Single","value":"12 MP, f/1.8, (wide), dual pixel PDAF"},{"label":"Features","value":"Quad-LED dual-tone flash, HDR"},{"label":"Video","value":"4K@24/25/30/60fps, 1080p@25/30/60/120/240fps; gyro-EIS, ProRes (4K, 1080p)"}]},{"category":"Selfie camera","specs":[{"label":"Single","value":"12 MP, f/2.0, 122˚ (ultrawide)"},{"label":"Video","value":"1080p@25/30/60fps, gyro-EIS, HDR"},{"label":"Features","value":"Face detection, HDR, panorama"}]},{"category":"Sound","specs":[{"label":"Loudspeaker","value":"Yes, with stereo speakers (4 speakers)"},{"label":"3.5mm jack","value":"No"}]},{"category":"Comms","specs":[{"label":"WLAN","value":"Wi-Fi 802.11 a/b/g/n/ac/6e/7, dual-band, hotspot"},{"label":"Bluetooth","value":"6.0, A2DP, LE, EDR"},{"label":"Positioning","value":"GPS, GLONASS, GALILEO, QZSS (Wi‑Fi + Cellular model only)"},{"label":"NFC","value":"No"},{"label":"USB","value":"USB Type-C 4 (Thunderbolt 3), DisplayPort, magnetic connector"},{"label":"Radio","value":"No"}]},{"category":"Features","specs":[{"label":"Sensors","value":"Face ID, accelerometer, gyro, compass, barometer"}]},{"category":"Battery","specs":[{"label":"Type","value":"Li-Po 8160 mAh"},{"label":"Charging","value":"50% in 30 min"}]},{"category":"Misc","specs":[{"label":"Colors","value":"Silver, Space Black"},{"label":"Models","value":"A3357, A3358, A3359, iPad17,1, iPad17,2"},{"label":"SAR","value":"1.19 W/kg (body)"},{"label":"Price","value":"About 1100 EUR"},{"label":"SAR EU","value":"1.50 W/kg (body)"}]}]');
INSERT OR IGNORE INTO device_pictures (device_id, url, position) VALUES (5, 'https://fdn2.gsmarena.com/vv/bigpic/apple-ipad-pro-11-2024.jpg', 0);
INSERT OR IGNORE INTO device_pictures (device_id, url, position) VALUES (5, 'https://fdn2.gsmarena.com/vv/pics/apple/apple-ipad-pro-11-2024-2.jpg', 1);
INSERT OR IGNORE INTO device_pictures (device_id, url, position) VALUES (5, 'https://fdn2.gsmarena.com/vv/pics/apple/apple-ipad-pro-2024-3.jpg', 2);
INSERT OR IGNORE INTO device_pictures (device_id, url, position) VALUES (5, 'https://fdn2.gsmarena.com/vv/pics/apple/apple-ipad-pro-2024-4.jpg', 3);
INSERT OR IGNORE INTO device_pictures (device_id, url, position) VALUES (5, 'https://fdn2.gsmarena.com/vv/pics/apple/apple-ipad-pro-11-2024-5.jpg', 4);
INSERT OR IGNORE INTO devices (id, brand_id, name, gsmarena_url, thumbnail_url, summary) VALUES (6, 1, 'iPhone 17 Pro Max', 'https://www.gsmarena.com/apple_iphone_17_pro_max-13964.php', 'https://fdn2.gsmarena.com/vv/bigpic/apple-iphone-17-pro-max.jpg', 'iPhone 17 Pro Max');
INSERT OR IGNORE INTO device_specs (device_id, announced, status, network, os, chipset, cpu, gpu, display_size, display_type, display_res, ram, storage, main_camera, selfie_camera, battery, charging, nfc, usb, bluetooth, wlan, colors, weight, dimensions, sim, sensors, popularity, fans, rating, full_specs_json) VALUES (6, '2025, September 09', 'Available. Released 2025, September 19', 'GSM / CDMA / HSPA / EVDO / LTE / 5G / 5G', 'iOS 26, upgradable to iOS 26.3', 'Apple A19 Pro (3 nm)', 'Hexa-core (2x4.26 GHz + 4x2.60 GHz)', 'Apple GPU (6-core graphics)', '6.9 inches, 115.6 cm 2 (~90.7% screen-to-body ratio)', 'LTPO Super Retina XDR OLED, 120Hz, HDR10, Dolby Vision, 1000 nits (typ), 1600 nits (HBM), 3000 nits (peak)', '1320 x 2868 pixels, 19.5:9 ratio (~460 ppi density)', '12GB', '256GB', '48 MP, f/1.8, 24mm (wide), 1/1.28", 1.22µm, dual pixel PDAF, sensor-shift OIS, Dual-LED dual-tone flash, HDR (photo/panorama)', '18 MP multi-aspect, f/1.9, 20mm (ultrawide), PDAF, 4K@24/25/30/60fps, 1080p@25/30/60/120fps, gyro-EIS', 'Market-dependent versions: · Li-Ion 4823 mAh - Nano SIM model · Li-Ion 5088 mAh - eSIM only model', 'Wired, PD3.2, AVS, 50% in 20 min', 'Yes', 'USB Type-C 3.2 Gen 2, DisplayPort', '6.0, A2DP, LE', 'Wi-Fi 802.11 a/b/g/n/ac/6e/7, tri-band, hotspot', 'Silver, Cosmic Orange, Deep Blue', '233 g (8.22 oz)', '163.4 x 78 x 8.8 mm (6.43 x 3.07 x 0.35 in)', '· Nano-SIM + eSIM + eSIM (max 2 at a time; International) · eSIM + eSIM (8 or more, max 2 at a time; USA) · Nano-SIM + Nano-SIM (China)', 'Face ID, accelerometer, gyro, proximity, compass, barometer', '₹ 206,899 / $ 1,369.00 / £ 1,038.99 / € 1,240.69', NULL, NULL, '[{"category":"Network","specs":[{"label":"Technology","value":"GSM / CDMA / HSPA / EVDO / LTE / 5G"},{"label":"2G bands","value":"GSM 850 / 900 / 1800 / 1900"},{"label":"3G bands","value":"HSDPA 850 / 900 / 1700(AWS) / 1900 / 2100"},{"label":"4G bands","value":"1, 2, 3, 4, 5, 7, 8, 12, 13, 17, 18, 19, 20, 25, 26, 28, 30, 32, 34, 38, 39, 40, 41, 42, 48, 53, 66 - A3526"},{"label":"5G bands","value":"1, 2, 3, 5, 7, 8, 12, 20, 25, 26, 28, 30, 38, 40, 41, 48, 53, 66, 70, 75, 77, 78, 79 SA/NSA/Sub6 - A3526"},{"label":"Speed","value":"HSPA, LTE, 5G, EV-DO Rev.A 3.1 Mbps"}]},{"category":"Launch","specs":[{"label":"Announced","value":"2025, September 09"},{"label":"Status","value":"Available. Released 2025, September 19"}]},{"category":"Body","specs":[{"label":"Dimensions","value":"163.4 x 78 x 8.8 mm (6.43 x 3.07 x 0.35 in)"},{"label":"Weight","value":"233 g (8.22 oz)"},{"label":"Build","value":"Glass front (Ceramic Shield 2), aluminum alloy frame, aluminum alloy back/ glass back (Ceramic Shield)"},{"label":"SIM","value":"· Nano-SIM + eSIM + eSIM (max 2 at a time; International) · eSIM + eSIM (8 or more, max 2 at a time; USA) · Nano-SIM + Nano-SIM (China)"}]},{"category":"Display","specs":[{"label":"Type","value":"LTPO Super Retina XDR OLED, 120Hz, HDR10, Dolby Vision, 1000 nits (typ), 1600 nits (HBM), 3000 nits (peak)"},{"label":"Size","value":"6.9 inches, 115.6 cm 2 (~90.7% screen-to-body ratio)"},{"label":"Resolution","value":"1320 x 2868 pixels, 19.5:9 ratio (~460 ppi density)"},{"label":"Protection","value":"Ceramic Shield 2, Mohs level 5"}]},{"category":"Platform","specs":[{"label":"OS","value":"iOS 26, upgradable to iOS 26.3"},{"label":"Chipset","value":"Apple A19 Pro (3 nm)"},{"label":"CPU","value":"Hexa-core (2x4.26 GHz + 4x2.60 GHz)"},{"label":"GPU","value":"Apple GPU (6-core graphics)"}]},{"category":"Memory","specs":[{"label":"Card slot","value":"No"},{"label":"Internal","value":"256GB 12GB RAM, 512GB 12GB RAM, 1TB 12GB RAM, 2TB 12GB RAM"}]},{"category":"Main Camera","specs":[{"label":"Triple","value":"48 MP, f/1.8, 24mm (wide), 1/1.28\\", 1.22µm, dual pixel PDAF, sensor-shift OIS"},{"label":"Features","value":"Dual-LED dual-tone flash, HDR (photo/panorama)"},{"label":"Video","value":"4K@24/25/30/60/100/120fps, 1080p@25/30/60/120/240fps, 10-bit HDR, Dolby Vision HDR (up to 120fps), ProRes, ProRes RAW (up to 120fps), Apple Log 2, 3D (spatial) video/audio, stereo sound rec."}]},{"category":"Selfie camera","specs":[{"label":"Single","value":"18 MP multi-aspect, f/1.9, 20mm (ultrawide), PDAF"},{"label":"Video","value":"4K@24/25/30/60fps, 1080p@25/30/60/120fps, gyro-EIS"},{"label":"Features","value":"HDR, Dolby Vision HDR, 3D (spatial) audio, stereo sound rec., ProRes RAW, Apple Log 2"}]},{"category":"Sound","specs":[{"label":"Loudspeaker","value":"Yes, with stereo speakers"},{"label":"3.5mm jack","value":"No"}]},{"category":"Comms","specs":[{"label":"WLAN","value":"Wi-Fi 802.11 a/b/g/n/ac/6e/7, tri-band, hotspot"},{"label":"Bluetooth","value":"6.0, A2DP, LE"},{"label":"Positioning","value":"GPS (L1+L5), GLONASS, GALILEO, BDS, QZSS, NavIC"},{"label":"NFC","value":"Yes"},{"label":"USB","value":"USB Type-C 3.2 Gen 2, DisplayPort"},{"label":"Radio","value":"No"}]},{"category":"Features","specs":[{"label":"Sensors","value":"Face ID, accelerometer, gyro, proximity, compass, barometer"}]},{"category":"Battery","specs":[{"label":"Type","value":"Market-dependent versions: · Li-Ion 4823 mAh - Nano SIM model · Li-Ion 5088 mAh - eSIM only model"},{"label":"Charging","value":"Wired, PD3.2, AVS, 50% in 20 min"}]},{"category":"Misc","specs":[{"label":"Colors","value":"Silver, Cosmic Orange, Deep Blue"},{"label":"Models","value":"iPhone18,2, A3526, A3257, A3527, A3525"},{"label":"SAR","value":"1.19 W/kg (head)     1.19 W/kg (body)"},{"label":"Price","value":"₹ 206,899 / $ 1,369.00 / £ 1,038.99 / € 1,240.69"},{"label":"SAR EU","value":"1.49 W/kg (head)     1.49 W/kg (body)"}]}]');
INSERT OR IGNORE INTO device_pictures (device_id, url, position) VALUES (6, 'https://fdn2.gsmarena.com/vv/bigpic/apple-iphone-17-pro-max.jpg', 0);
INSERT OR IGNORE INTO device_pictures (device_id, url, position) VALUES (6, 'https://fdn2.gsmarena.com/vv/pics/apple/apple-iphone-17-pro-max-1.jpg', 1);
INSERT OR IGNORE INTO device_pictures (device_id, url, position) VALUES (6, 'https://fdn2.gsmarena.com/vv/pics/apple/apple-iphone-17-pro-max-nano-sim.jpg', 2);
INSERT OR IGNORE INTO device_pictures (device_id, url, position) VALUES (6, 'https://fdn2.gsmarena.com/vv/pics/apple/apple-iphone-17-pro-max-2.jpg', 3);
INSERT OR IGNORE INTO device_pictures (device_id, url, position) VALUES (6, 'https://fdn2.gsmarena.com/vv/pics/apple/apple-iphone-17-pro-max-3.jpg', 4);
INSERT OR IGNORE INTO device_pictures (device_id, url, position) VALUES (6, 'https://fdn.gsmarena.com/imgroot/reviews/25/apple-iphone-17-pro-max/lifestyle/-1024w2/gsmarena_001.jpg', 5);
INSERT OR IGNORE INTO device_pictures (device_id, url, position) VALUES (6, 'https://fdn.gsmarena.com/imgroot/reviews/25/apple-iphone-17-pro-max/lifestyle/-1024w2/gsmarena_002.jpg', 6);
INSERT OR IGNORE INTO device_pictures (device_id, url, position) VALUES (6, 'https://fdn.gsmarena.com/imgroot/reviews/25/apple-iphone-17-pro-max/lifestyle/-1024w2/gsmarena_003.jpg', 7);
INSERT OR IGNORE INTO device_pictures (device_id, url, position) VALUES (6, 'https://fdn.gsmarena.com/imgroot/reviews/25/apple-iphone-17-pro-max/lifestyle/-1024w2/gsmarena_004.jpg', 8);
INSERT OR IGNORE INTO device_pictures (device_id, url, position) VALUES (6, 'https://fdn.gsmarena.com/imgroot/reviews/25/apple-iphone-17-pro-max/lifestyle/-1024w2/gsmarena_005.jpg', 9);
INSERT OR IGNORE INTO devices (id, brand_id, name, gsmarena_url, thumbnail_url, summary) VALUES (7, 1, 'iPhone 17 Pro', 'https://www.gsmarena.com/apple_iphone_17_pro-14049.php', 'https://fdn2.gsmarena.com/vv/bigpic/apple-iphone-17-pro.jpg', 'iPhone 17 Pro');
INSERT OR IGNORE INTO device_specs (device_id, announced, status, network, os, chipset, cpu, gpu, display_size, display_type, display_res, ram, storage, main_camera, selfie_camera, battery, charging, nfc, usb, bluetooth, wlan, colors, weight, dimensions, sim, sensors, popularity, fans, rating, full_specs_json) VALUES (7, '2025, September 09', 'Available. Released 2025, September 19', 'GSM / CDMA / HSPA / EVDO / LTE / 5G / 5G', 'iOS 26, upgradable to iOS 26.3', 'Apple A19 Pro (3 nm)', 'Hexa-core (2x4.26 GHz + 4x2.60 GHz)', 'Apple GPU (6-core graphics)', '6.3 inches, 96.4 cm 2 (~89.4% screen-to-body ratio)', 'LTPO Super Retina XDR OLED, 120Hz, HDR10, Dolby Vision, 1000 nits (typ), 1600 nits (HBM), 3000 nits (peak)', '1206 x 2622 pixels, 19.5:9 ratio (~460 ppi density)', '12GB', '256GB', '48 MP, f/1.8, 24mm (wide), 1/1.28", 1.22µm, dual pixel PDAF, sensor-shift OIS, Dual-LED dual-tone flash, HDR (photo/panorama)', '18 MP multi-aspect, f/1.9, 20mm (ultrawide), PDAF, 4K@24/25/30/60fps, 1080p@25/30/60/120fps, gyro-EIS', 'Market-dependent versions: · Li-Ion 3998 mAh - Nano SIM model · Li-Ion 4252 mAh - eSIM only model', 'Wired, PD3.2, AVS, 50% in 20 min', 'Yes', 'USB Type-C 3.2 Gen 2, DisplayPort', '6.0, A2DP, LE', 'Wi-Fi 802.11 a/b/g/n/ac/6e/7, tri-band, hotspot', 'Silver, Cosmic Orange, Deep Blue', '206 g (7.27 oz)', '150 x 71.9 x 8.8 mm (5.91 x 2.83 x 0.35 in)', '· Nano-SIM + eSIM + eSIM (max 2 at a time; International) · eSIM + eSIM (8 or more, max 2 at a time; USA) · Nano-SIM + Nano-SIM (China)', 'Face ID, accelerometer, gyro, proximity, compass, barometer', '₹ 134,900 / $ 1,147.49 / £ 992.73 / € 1,131.49', NULL, NULL, '[{"category":"Network","specs":[{"label":"Technology","value":"GSM / CDMA / HSPA / EVDO / LTE / 5G"},{"label":"2G bands","value":"GSM 850 / 900 / 1800 / 1900"},{"label":"3G bands","value":"HSDPA 850 / 900 / 1700(AWS) / 1900 / 2100"},{"label":"4G bands","value":"1, 2, 3, 4, 5, 7, 8, 12, 13, 17, 18, 19, 20, 25, 26, 28, 30, 32, 34, 38, 39, 40, 41, 42, 48, 53, 66 - A3523"},{"label":"5G bands","value":"1, 2, 3, 5, 7, 8, 12, 20, 25, 26, 28, 30, 38, 40, 41, 48, 53, 66, 70, 75, 77, 78, 79 SA/NSA/Sub6 - A3523"},{"label":"Speed","value":"HSPA, LTE, 5G, EV-DO Rev.A 3.1 Mbps"}]},{"category":"Launch","specs":[{"label":"Announced","value":"2025, September 09"},{"label":"Status","value":"Available. Released 2025, September 19"}]},{"category":"Body","specs":[{"label":"Dimensions","value":"150 x 71.9 x 8.8 mm (5.91 x 2.83 x 0.35 in)"},{"label":"Weight","value":"206 g (7.27 oz)"},{"label":"Build","value":"Glass front (Ceramic Shield 2), aluminum alloy frame, aluminum alloy back/ glass back (Ceramic Shield)"},{"label":"SIM","value":"· Nano-SIM + eSIM + eSIM (max 2 at a time; International) · eSIM + eSIM (8 or more, max 2 at a time; USA) · Nano-SIM + Nano-SIM (China)"}]},{"category":"Display","specs":[{"label":"Type","value":"LTPO Super Retina XDR OLED, 120Hz, HDR10, Dolby Vision, 1000 nits (typ), 1600 nits (HBM), 3000 nits (peak)"},{"label":"Size","value":"6.3 inches, 96.4 cm 2 (~89.4% screen-to-body ratio)"},{"label":"Resolution","value":"1206 x 2622 pixels, 19.5:9 ratio (~460 ppi density)"},{"label":"Protection","value":"Ceramic Shield 2, Mohs level 5"}]},{"category":"Platform","specs":[{"label":"OS","value":"iOS 26, upgradable to iOS 26.3"},{"label":"Chipset","value":"Apple A19 Pro (3 nm)"},{"label":"CPU","value":"Hexa-core (2x4.26 GHz + 4x2.60 GHz)"},{"label":"GPU","value":"Apple GPU (6-core graphics)"}]},{"category":"Memory","specs":[{"label":"Card slot","value":"No"},{"label":"Internal","value":"256GB 12GB RAM, 512GB 12GB RAM, 1TB 12GB RAM"}]},{"category":"Main Camera","specs":[{"label":"Triple","value":"48 MP, f/1.8, 24mm (wide), 1/1.28\\", 1.22µm, dual pixel PDAF, sensor-shift OIS"},{"label":"Features","value":"Dual-LED dual-tone flash, HDR (photo/panorama)"},{"label":"Video","value":"4K@24/25/30/60/100/120fps, 1080p@25/30/60/120/240fps, 10-bit HDR, Dolby Vision HDR (up to 120fps), ProRes, ProRes RAW (up to 120fps), Apple Log 2, 3D (spatial) video/audio, stereo"}]},{"category":"Selfie camera","specs":[{"label":"Single","value":"18 MP multi-aspect, f/1.9, 20mm (ultrawide), PDAF"},{"label":"Video","value":"4K@24/25/30/60fps, 1080p@25/30/60/120fps, gyro-EIS"},{"label":"Features","value":"HDR, Dolby Vision HDR, 3D (spatial) audio, stereo sound rec., ProRes RAW, Apple Log 2"}]},{"category":"Sound","specs":[{"label":"Loudspeaker","value":"Yes, with stereo speakers"},{"label":"3.5mm jack","value":"No"}]},{"category":"Comms","specs":[{"label":"WLAN","value":"Wi-Fi 802.11 a/b/g/n/ac/6e/7, tri-band, hotspot"},{"label":"Bluetooth","value":"6.0, A2DP, LE"},{"label":"Positioning","value":"GPS (L1+L5), GLONASS, GALILEO, BDS, QZSS, NavIC"},{"label":"NFC","value":"Yes"},{"label":"USB","value":"USB Type-C 3.2 Gen 2, DisplayPort"},{"label":"Radio","value":"No"}]},{"category":"Features","specs":[{"label":"Sensors","value":"Face ID, accelerometer, gyro, proximity, compass, barometer"}]},{"category":"Battery","specs":[{"label":"Type","value":"Market-dependent versions: · Li-Ion 3998 mAh - Nano SIM model · Li-Ion 4252 mAh - eSIM only model"},{"label":"Charging","value":"Wired, PD3.2, AVS, 50% in 20 min"}]},{"category":"Misc","specs":[{"label":"Colors","value":"Silver, Cosmic Orange, Deep Blue"},{"label":"Models","value":"iPhone18,1, A3256, A3523, A3522, A3524"},{"label":"SAR","value":"1.19 W/kg (head)     1.19 W/kg (body)"},{"label":"Price","value":"₹ 134,900 / $ 1,147.49 / £ 992.73 / € 1,131.49"},{"label":"SAR EU","value":"1.49 W/kg (head)     1.49 W/kg (body)"}]}]');
INSERT OR IGNORE INTO device_pictures (device_id, url, position) VALUES (7, 'https://fdn2.gsmarena.com/vv/bigpic/apple-iphone-17-pro.jpg', 0);
INSERT OR IGNORE INTO device_pictures (device_id, url, position) VALUES (7, 'https://fdn2.gsmarena.com/vv/pics/apple/apple-iphone-17-pro-1.jpg', 1);
INSERT OR IGNORE INTO device_pictures (device_id, url, position) VALUES (7, 'https://fdn2.gsmarena.com/vv/pics/apple/apple-iphone-17-pro-nano-sim.jpg', 2);
INSERT OR IGNORE INTO device_pictures (device_id, url, position) VALUES (7, 'https://fdn2.gsmarena.com/vv/pics/apple/apple-iphone-17-pro-2.jpg', 3);
INSERT OR IGNORE INTO device_pictures (device_id, url, position) VALUES (7, 'https://fdn2.gsmarena.com/vv/pics/apple/apple-iphone-17-pro-3.jpg', 4);
INSERT OR IGNORE INTO device_pictures (device_id, url, position) VALUES (7, 'https://fdn.gsmarena.com/imgroot/reviews/25/apple-iphone-17-pro/lifestyle/-1024w2/gsmarena_001.jpg', 5);
INSERT OR IGNORE INTO device_pictures (device_id, url, position) VALUES (7, 'https://fdn.gsmarena.com/imgroot/reviews/25/apple-iphone-17-pro/lifestyle/-1024w2/gsmarena_002.jpg', 6);
INSERT OR IGNORE INTO device_pictures (device_id, url, position) VALUES (7, 'https://fdn.gsmarena.com/imgroot/reviews/25/apple-iphone-17-pro/lifestyle/-1024w2/gsmarena_003.jpg', 7);
INSERT OR IGNORE INTO device_pictures (device_id, url, position) VALUES (7, 'https://fdn.gsmarena.com/imgroot/reviews/25/apple-iphone-17-pro/lifestyle/-1024w2/gsmarena_004.jpg', 8);
INSERT OR IGNORE INTO device_pictures (device_id, url, position) VALUES (7, 'https://fdn.gsmarena.com/imgroot/reviews/25/apple-iphone-17-pro/lifestyle/-1024w2/gsmarena_005.jpg', 9);
INSERT OR IGNORE INTO devices (id, brand_id, name, gsmarena_url, thumbnail_url, summary) VALUES (8, 1, 'iPhone Air', 'https://www.gsmarena.com/apple_iphone_17_air-13502.php', 'https://fdn2.gsmarena.com/vv/bigpic/apple-iphone-air.jpg', 'iPhone Air');
INSERT OR IGNORE INTO device_specs (device_id, announced, status, network, os, chipset, cpu, gpu, display_size, display_type, display_res, ram, storage, main_camera, selfie_camera, battery, charging, nfc, usb, bluetooth, wlan, colors, weight, dimensions, sim, sensors, popularity, fans, rating, full_specs_json) VALUES (8, '2025, September 09', 'Available. Released 2025, September 19', 'GSM / CDMA / HSPA / EVDO / LTE / 5G / 5G', 'iOS 26, upgradable to iOS 26.3', 'Apple A19 Pro (3 nm)', 'Hexa-core (2x4.26 GHz + 4x2.60 GHz)', 'Apple GPU (5-core graphics)', '6.5 inches, 104.9 cm 2 (~89.9% screen-to-body ratio)', 'LTPO Super Retina XDR OLED, 120Hz, HDR10, Dolby Vision, 1000 nits (typ), 1600 nits (HBM), 3000 nits (peak)', '1260 x 2736 pixels, 19.5:9 ratio (~460 ppi density)', '12GB', '256GB', '48 MP, f/1.6, 26mm (wide), 1/1.56", 1.0µm, dual pixel PDAF, sensor-shift OIS, Dual-LED dual-tone flash, HDR (photo/panorama)', '18 MP multi-aspect, f/1.9, 20mm (ultrawide), PDAF, 4K@24/25/30/60fps, 1080p@25/30/60/120fps, gyro-EIS', 'Li-Ion 3149 mAh', 'Wired, PD2.0, 50% in 30 min', 'Yes', 'USB Type-C 2.0', '6.0, A2DP, LE', 'Wi-Fi 802.11 a/b/g/n/ac/6e/7, tri-band, hotspot', 'Space Black, Cloud White, Light Gold, Sky Blue', '165 g (5.82 oz)', '156.2 x 74.7 x 5.6 mm (6.15 x 2.94 x 0.22 in)', 'eSIM + eSIM (8 or more, max 2 at a time)', 'Face ID, accelerometer, gyro, proximity, compass, barometer', '$ 799.99 / £ 669.00 / € 795.79', NULL, NULL, '[{"category":"Network","specs":[{"label":"Technology","value":"GSM / CDMA / HSPA / EVDO / LTE / 5G"},{"label":"2G bands","value":"GSM 850 / 900 / 1800 / 1900"},{"label":"3G bands","value":"HSDPA 850 / 900 / 1700(AWS) / 1900 / 2100"},{"label":"4G bands","value":"1, 2, 3, 4, 5, 7, 8, 12, 13, 17, 18, 19, 20, 25, 26, 28, 30, 32, 34, 38, 39, 40, 41, 42, 48, 53, 66 - A3517"},{"label":"5G bands","value":"1, 2, 3, 5, 7, 8, 12, 20, 25, 26, 28, 30, 38, 40, 41, 48, 53, 66, 70, 75, 77, 78, 79 SA/NSA/Sub6 - A3517"},{"label":"Speed","value":"HSPA, LTE, 5G, EV-DO Rev.A 3.1 Mbps"}]},{"category":"Launch","specs":[{"label":"Announced","value":"2025, September 09"},{"label":"Status","value":"Available. Released 2025, September 19"}]},{"category":"Body","specs":[{"label":"Dimensions","value":"156.2 x 74.7 x 5.6 mm (6.15 x 2.94 x 0.22 in)"},{"label":"Weight","value":"165 g (5.82 oz)"},{"label":"Build","value":"Glass front (Ceramic Shield 2), titanium frame (grade 5), glass back (Ceramic Shield)"},{"label":"SIM","value":"eSIM + eSIM (8 or more, max 2 at a time)"}]},{"category":"Display","specs":[{"label":"Type","value":"LTPO Super Retina XDR OLED, 120Hz, HDR10, Dolby Vision, 1000 nits (typ), 1600 nits (HBM), 3000 nits (peak)"},{"label":"Size","value":"6.5 inches, 104.9 cm 2 (~89.9% screen-to-body ratio)"},{"label":"Resolution","value":"1260 x 2736 pixels, 19.5:9 ratio (~460 ppi density)"},{"label":"Protection","value":"Ceramic Shield 2, Mohs level 5"}]},{"category":"Platform","specs":[{"label":"OS","value":"iOS 26, upgradable to iOS 26.3"},{"label":"Chipset","value":"Apple A19 Pro (3 nm)"},{"label":"CPU","value":"Hexa-core (2x4.26 GHz + 4x2.60 GHz)"},{"label":"GPU","value":"Apple GPU (5-core graphics)"}]},{"category":"Memory","specs":[{"label":"Card slot","value":"No"},{"label":"Internal","value":"256GB 12GB RAM, 512GB 12GB RAM, 1TB 12GB RAM"}]},{"category":"Main Camera","specs":[{"label":"Single","value":"48 MP, f/1.6, 26mm (wide), 1/1.56\\", 1.0µm, dual pixel PDAF, sensor-shift OIS"},{"label":"Features","value":"Dual-LED dual-tone flash, HDR (photo/panorama)"},{"label":"Video","value":"4K@24/25/30/60fps, 1080p@25/30/60/120/240fps, HDR, Dolby Vision HDR (up to 60fps), stereo sound rec."}]},{"category":"Selfie camera","specs":[{"label":"Single","value":"18 MP multi-aspect, f/1.9, 20mm (ultrawide), PDAF"},{"label":"Video","value":"4K@24/25/30/60fps, 1080p@25/30/60/120fps, gyro-EIS"},{"label":"Features","value":"HDR, Dolby Vision HDR, 3D (spatial) audio, stereo sound rec."}]},{"category":"Sound","specs":[{"label":"Loudspeaker","value":"Yes"},{"label":"3.5mm jack","value":"No"}]},{"category":"Comms","specs":[{"label":"WLAN","value":"Wi-Fi 802.11 a/b/g/n/ac/6e/7, tri-band, hotspot"},{"label":"Bluetooth","value":"6.0, A2DP, LE"},{"label":"Positioning","value":"GPS, GALILEO, GLONASS, QZSS, BDS, NavIC"},{"label":"NFC","value":"Yes"},{"label":"USB","value":"USB Type-C 2.0"},{"label":"Radio","value":"No"}]},{"category":"Features","specs":[{"label":"Sensors","value":"Face ID, accelerometer, gyro, proximity, compass, barometer"}]},{"category":"Battery","specs":[{"label":"Type","value":"Li-Ion 3149 mAh"},{"label":"Charging","value":"Wired, PD2.0, 50% in 30 min"}]},{"category":"Misc","specs":[{"label":"Colors","value":"Space Black, Cloud White, Light Gold, Sky Blue"},{"label":"Models","value":"iPhone18,4, A3517, A3260, A3518, A3516"},{"label":"SAR","value":"1.19 W/kg (head)     1.19 W/kg (body)"},{"label":"Price","value":"$ 799.99 / £ 669.00 / € 795.79"},{"label":"SAR EU","value":"1.49 W/kg (head)     1.49 W/kg (body)"}]}]');
INSERT OR IGNORE INTO device_pictures (device_id, url, position) VALUES (8, 'https://fdn2.gsmarena.com/vv/bigpic/apple-iphone-air.jpg', 0);
INSERT OR IGNORE INTO device_pictures (device_id, url, position) VALUES (8, 'https://fdn2.gsmarena.com/vv/pics/apple/apple-iphone-air-1.jpg', 1);
INSERT OR IGNORE INTO device_pictures (device_id, url, position) VALUES (8, 'https://fdn2.gsmarena.com/vv/pics/apple/apple-iphone-air-2.jpg', 2);
INSERT OR IGNORE INTO device_pictures (device_id, url, position) VALUES (8, 'https://fdn2.gsmarena.com/vv/pics/apple/apple-iphone-air-3.jpg', 3);
INSERT OR IGNORE INTO device_pictures (device_id, url, position) VALUES (8, 'https://fdn.gsmarena.com/imgroot/reviews/25/apple-iphone-air/lifestyle/-1024w2/gsmarena_008.jpg', 4);
INSERT OR IGNORE INTO device_pictures (device_id, url, position) VALUES (8, 'https://fdn.gsmarena.com/imgroot/reviews/25/apple-iphone-air/lifestyle/-1024w2/gsmarena_009.jpg', 5);
INSERT OR IGNORE INTO device_pictures (device_id, url, position) VALUES (8, 'https://fdn.gsmarena.com/imgroot/reviews/25/apple-iphone-air/lifestyle/-1024w2/gsmarena_010.jpg', 6);
INSERT OR IGNORE INTO device_pictures (device_id, url, position) VALUES (8, 'https://fdn.gsmarena.com/imgroot/reviews/25/apple-iphone-air/lifestyle/-1024w2/gsmarena_011.jpg', 7);
INSERT OR IGNORE INTO device_pictures (device_id, url, position) VALUES (8, 'https://fdn.gsmarena.com/imgroot/reviews/25/apple-iphone-air/lifestyle/-1024w2/gsmarena_012.jpg', 8);
INSERT OR IGNORE INTO device_pictures (device_id, url, position) VALUES (8, 'https://fdn.gsmarena.com/imgroot/reviews/25/apple-iphone-air/lifestyle/-1024w2/gsmarena_013.jpg', 9);
INSERT OR IGNORE INTO devices (id, brand_id, name, gsmarena_url, thumbnail_url, summary) VALUES (9, 1, 'iPhone 17', 'https://www.gsmarena.com/apple_iphone_17-14050.php', 'https://fdn2.gsmarena.com/vv/bigpic/apple-iphone-17.jpg', 'iPhone 17');
INSERT OR IGNORE INTO device_specs (device_id, announced, status, network, os, chipset, cpu, gpu, display_size, display_type, display_res, ram, storage, main_camera, selfie_camera, battery, charging, nfc, usb, bluetooth, wlan, colors, weight, dimensions, sim, sensors, popularity, fans, rating, full_specs_json) VALUES (9, '2025, September 09', 'Available. Released 2025, September 19', 'GSM / CDMA / HSPA / EVDO / LTE / 5G / 5G', 'iOS 26, upgradable to iOS 26.3', 'Apple A19 (3 nm)', 'Hexa-core (2x4.26 GHz + 4x2.60 GHz)', 'Apple GPU (5-core graphics)', '6.3 inches, 96.4 cm 2 (~90.1% screen-to-body ratio)', 'LTPO Super Retina XDR OLED, 120Hz, HDR10, Dolby Vision, 1000 nits (typ), 1600 nits (HBM), 3000 nits (peak)', '1206 x 2622 pixels, 19.5:9 ratio (~460 ppi density)', '8GB', '256GB', '48 MP, f/1.6, 26mm (wide), 1/1.56", 1.0µm, dual pixel PDAF, sensor-shift OIS, Dual-LED dual-tone flash, HDR (photo/panorama)', '18 MP multi-aspect, f/1.9, 20mm (ultrawide), PDAF, 4K@24/25/30/60fps, 1080p@25/30/60/120fps, gyro-EIS', 'Li-Ion 3692 mAh', 'Wired, PD3.2, AVS, 50% in 20 min', 'Yes', 'USB Type-C 2.0, DisplayPort', '6.0, A2DP, LE', 'Wi-Fi 802.11 a/b/g/n/ac/6/7, tri-band, hotspot', 'Black, White, Mist Blue, Sage, Lavender', '177 g (6.24 oz)', '149.6 x 71.5 x 8 mm (5.89 x 2.81 x 0.31 in)', '· Nano-SIM + eSIM + eSIM (max 2 at a time; International) · eSIM + eSIM (8 or more, max 2 at a time; USA) · Nano-SIM + Nano-SIM (China)', 'Face ID, accelerometer, gyro, proximity, compass, barometer', '₹ 82,900 / $ 782.00 / £ 703.99 / € 790.00', NULL, NULL, '[{"category":"Network","specs":[{"label":"Technology","value":"GSM / CDMA / HSPA / EVDO / LTE / 5G"},{"label":"2G bands","value":"GSM 850 / 900 / 1800 / 1900"},{"label":"3G bands","value":"HSDPA 850 / 900 / 1700(AWS) / 1900 / 2100"},{"label":"4G bands","value":"1, 2, 3, 4, 5, 7, 8, 12, 13, 17, 18, 19, 20, 25, 26, 28, 30, 32, 34, 38, 39, 40, 41, 42, 48, 53, 66 - A3520"},{"label":"5G bands","value":"1, 2, 3, 5, 7, 8, 12, 20, 25, 26, 28, 30, 38, 40, 41, 48, 53, 66, 70, 75, 77, 78, 79 SA/NSA/Sub6 - A3520"},{"label":"Speed","value":"HSPA, LTE, 5G, EV-DO Rev.A 3.1 Mbps"}]},{"category":"Launch","specs":[{"label":"Announced","value":"2025, September 09"},{"label":"Status","value":"Available. Released 2025, September 19"}]},{"category":"Body","specs":[{"label":"Dimensions","value":"149.6 x 71.5 x 8 mm (5.89 x 2.81 x 0.31 in)"},{"label":"Weight","value":"177 g (6.24 oz)"},{"label":"Build","value":"Glass front (Ceramic Shield 2), aluminum frame, glass back"},{"label":"SIM","value":"· Nano-SIM + eSIM + eSIM (max 2 at a time; International) · eSIM + eSIM (8 or more, max 2 at a time; USA) · Nano-SIM + Nano-SIM (China)"}]},{"category":"Display","specs":[{"label":"Type","value":"LTPO Super Retina XDR OLED, 120Hz, HDR10, Dolby Vision, 1000 nits (typ), 1600 nits (HBM), 3000 nits (peak)"},{"label":"Size","value":"6.3 inches, 96.4 cm 2 (~90.1% screen-to-body ratio)"},{"label":"Resolution","value":"1206 x 2622 pixels, 19.5:9 ratio (~460 ppi density)"},{"label":"Protection","value":"Ceramic Shield 2, Mohs level 5"}]},{"category":"Platform","specs":[{"label":"OS","value":"iOS 26, upgradable to iOS 26.3"},{"label":"Chipset","value":"Apple A19 (3 nm)"},{"label":"CPU","value":"Hexa-core (2x4.26 GHz + 4x2.60 GHz)"},{"label":"GPU","value":"Apple GPU (5-core graphics)"}]},{"category":"Memory","specs":[{"label":"Card slot","value":"No"},{"label":"Internal","value":"256GB 8GB RAM, 512GB 8GB RAM"}]},{"category":"Main Camera","specs":[{"label":"Dual","value":"48 MP, f/1.6, 26mm (wide), 1/1.56\\", 1.0µm, dual pixel PDAF, sensor-shift OIS"},{"label":"Features","value":"Dual-LED dual-tone flash, HDR (photo/panorama)"},{"label":"Video","value":"4K@24/25/30/60fps, 1080p@25/30/60/120/240fps, HDR, Dolby Vision HDR (up to 60fps), stereo sound rec."}]},{"category":"Selfie camera","specs":[{"label":"Single","value":"18 MP multi-aspect, f/1.9, 20mm (ultrawide), PDAF"},{"label":"Video","value":"4K@24/25/30/60fps, 1080p@25/30/60/120fps, gyro-EIS"},{"label":"Features","value":"HDR, Dolby Vision HDR, 3D (spatial) audio, stereo sound rec."}]},{"category":"Sound","specs":[{"label":"Loudspeaker","value":"Yes, with stereo speakers"},{"label":"3.5mm jack","value":"No"}]},{"category":"Comms","specs":[{"label":"WLAN","value":"Wi-Fi 802.11 a/b/g/n/ac/6/7, tri-band, hotspot"},{"label":"Bluetooth","value":"6.0, A2DP, LE"},{"label":"Positioning","value":"GPS (L1+L5), GLONASS, GALILEO, BDS, QZSS, NavIC"},{"label":"NFC","value":"Yes"},{"label":"USB","value":"USB Type-C 2.0, DisplayPort"},{"label":"Radio","value":"No"}]},{"category":"Features","specs":[{"label":"Sensors","value":"Face ID, accelerometer, gyro, proximity, compass, barometer"}]},{"category":"Battery","specs":[{"label":"Type","value":"Li-Ion 3692 mAh"},{"label":"Charging","value":"Wired, PD3.2, AVS, 50% in 20 min"}]},{"category":"Misc","specs":[{"label":"Colors","value":"Black, White, Mist Blue, Sage, Lavender"},{"label":"Models","value":"iPhone18,3, A3520, A3258, A3519, A3521"},{"label":"SAR","value":"1.19 W/kg (head)     1.19 W/kg (body)"},{"label":"Price","value":"₹ 82,900 / $ 782.00 / £ 703.99 / € 790.00"},{"label":"SAR EU","value":"1.49 W/kg (head)     1.49 W/kg (body)"}]}]');
INSERT OR IGNORE INTO device_pictures (device_id, url, position) VALUES (9, 'https://fdn2.gsmarena.com/vv/bigpic/apple-iphone-17.jpg', 0);
INSERT OR IGNORE INTO device_pictures (device_id, url, position) VALUES (9, 'https://fdn2.gsmarena.com/vv/pics/apple/apple-iphone-17-1.jpg', 1);
INSERT OR IGNORE INTO device_pictures (device_id, url, position) VALUES (9, 'https://fdn2.gsmarena.com/vv/pics/apple/apple-iphone-17-2.jpg', 2);
INSERT OR IGNORE INTO device_pictures (device_id, url, position) VALUES (9, 'https://fdn2.gsmarena.com/vv/pics/apple/apple-iphone-17-no-nano-sim.jpg', 3);
INSERT OR IGNORE INTO device_pictures (device_id, url, position) VALUES (9, 'https://fdn2.gsmarena.com/vv/pics/apple/apple-iphone-17-3.jpg', 4);
INSERT OR IGNORE INTO device_pictures (device_id, url, position) VALUES (9, 'https://fdn.gsmarena.com/imgroot/reviews/25/apple-iphone-17/lifestyle/-1024w2/gsmarena_001.jpg', 5);
INSERT OR IGNORE INTO device_pictures (device_id, url, position) VALUES (9, 'https://fdn.gsmarena.com/imgroot/reviews/25/apple-iphone-17/lifestyle/-1024w2/gsmarena_002.jpg', 6);
INSERT OR IGNORE INTO device_pictures (device_id, url, position) VALUES (9, 'https://fdn.gsmarena.com/imgroot/reviews/25/apple-iphone-17/lifestyle/-1024w2/gsmarena_003.jpg', 7);
INSERT OR IGNORE INTO device_pictures (device_id, url, position) VALUES (9, 'https://fdn.gsmarena.com/imgroot/reviews/25/apple-iphone-17/lifestyle/-1024w2/gsmarena_004.jpg', 8);
INSERT OR IGNORE INTO device_pictures (device_id, url, position) VALUES (9, 'https://fdn.gsmarena.com/imgroot/reviews/25/apple-iphone-17/lifestyle/-1024w2/gsmarena_005.jpg', 9);
INSERT OR IGNORE INTO devices (id, brand_id, name, gsmarena_url, thumbnail_url, summary) VALUES (10, 1, 'Watch Ultra 3', 'https://www.gsmarena.com/apple_watch_ultra_3-14130.php', 'https://fdn2.gsmarena.com/vv/bigpic/apple-watch-ultra3.jpg', 'Watch Ultra 3');
INSERT OR IGNORE INTO device_specs (device_id, announced, status, network, os, chipset, cpu, gpu, display_size, display_type, display_res, ram, storage, main_camera, selfie_camera, battery, charging, nfc, usb, bluetooth, wlan, colors, weight, dimensions, sim, sensors, popularity, fans, rating, full_specs_json) VALUES (10, '2025, September 09', 'Available. Released 2025, September 19', 'GSM / HSPA / LTE / 5G / 5G', 'watchOS 26, upgradable to watchOS 26.3', 'Apple S10', 'Dual-core', 'PowerVR', '1.98 inches', 'Retina LTPO3 OLED, 3000 nits (peak)', '514 x 422 pixels (~326 ppi density)', '64GB', '64GB', NULL, NULL, 'Li-Ion 599 mAh', 'Wireless, 0-80% in 45 min', 'Yes', 'No', '5.3, A2DP, LE', 'Wi-Fi 802.11 b/g/n, dual-band', 'Natural, Black', '61.6 g or 61.8 g (black) (2.15 oz)', '49 x 44 x 12 mm (1.93 x 1.73 x 0.47 in)', 'eSIM', 'Accelerometer, gyro, heart rate, barometer, always-on altimeter (-500m to 9000m), compass, SpO2, VO2max, temperature (body), temperature (water)', '€ 747.00', NULL, NULL, '[{"category":"Network","specs":[{"label":"Technology","value":"GSM / HSPA / LTE / 5G"},{"label":"2G bands","value":"GSM 850 / 900 / 1800 / 1900"},{"label":"3G bands","value":"HSDPA 850 / 900 / 1700(AWS) / 1900 / 2100 - International, China, HK"},{"label":"4G bands","value":"1, 2, 3, 4, 5, 6, 7, 8, 18, 19, 20, 25, 26, 28, 39, 40, 41, 66 - International, China, HK"},{"label":"5G bands","value":"SA/NSA"},{"label":"Speed","value":"HSPA, LTE, 5G"}]},{"category":"Launch","specs":[{"label":"Announced","value":"2025, September 09"},{"label":"Status","value":"Available. Released 2025, September 19"}]},{"category":"Body","specs":[{"label":"Dimensions","value":"49 x 44 x 12 mm (1.93 x 1.73 x 0.47 in)"},{"label":"Weight","value":"61.6 g or 61.8 g (black) (2.15 oz)"},{"label":"Build","value":"Sapphire crystal front, ceramic/sapphire crystal back, titanium frame (grade 5)"},{"label":"SIM","value":"eSIM"}]},{"category":"Display","specs":[{"label":"Type","value":"Retina LTPO3 OLED, 3000 nits (peak)"},{"label":"Size","value":"1.98 inches"},{"label":"Resolution","value":"514 x 422 pixels (~326 ppi density)"},{"label":"Protection","value":"Sapphire crystal glass"}]},{"category":"Platform","specs":[{"label":"OS","value":"watchOS 26, upgradable to watchOS 26.3"},{"label":"Chipset","value":"Apple S10"},{"label":"CPU","value":"Dual-core"},{"label":"GPU","value":"PowerVR"}]},{"category":"Memory","specs":[{"label":"Card slot","value":"No"},{"label":"Internal","value":"64GB"}]},{"category":"Sound","specs":[{"label":"Loudspeaker","value":"Yes, with dual speakers (86-decibel)"},{"label":"3.5mm jack","value":"No"}]},{"category":"Comms","specs":[{"label":"WLAN","value":"Wi-Fi 802.11 b/g/n, dual-band"},{"label":"Bluetooth","value":"5.3, A2DP, LE"},{"label":"Positioning","value":"GPS (L1+L5), GLONASS, GALILEO, BDS, QZSS"},{"label":"NFC","value":"Yes"},{"label":"USB","value":"No"},{"label":"Radio","value":"No"}]},{"category":"Features","specs":[{"label":"Sensors","value":"Accelerometer, gyro, heart rate, barometer, always-on altimeter (-500m to 9000m), compass, SpO2, VO2max, temperature (body), temperature (water)"}]},{"category":"Battery","specs":[{"label":"Type","value":"Li-Ion 599 mAh"},{"label":"Charging","value":"Wireless, 0-80% in 45 min"}]},{"category":"Misc","specs":[{"label":"Colors","value":"Natural, Black"},{"label":"Models","value":"A3281, A3282"},{"label":"SAR","value":"1.16 W/kg (head)"},{"label":"Price","value":"€ 747.00"},{"label":"SAR EU","value":"1.19 W/kg (head)"}]}]');
INSERT OR IGNORE INTO device_pictures (device_id, url, position) VALUES (10, 'https://fdn2.gsmarena.com/vv/bigpic/apple-watch-ultra3.jpg', 0);
INSERT OR IGNORE INTO device_pictures (device_id, url, position) VALUES (10, 'https://fdn2.gsmarena.com/vv/pics/apple/apple-watch-ultra3-1.jpg', 1);
INSERT OR IGNORE INTO device_pictures (device_id, url, position) VALUES (10, 'https://fdn2.gsmarena.com/vv/pics/apple/apple-watch-ultra3-2.jpg', 2);
INSERT OR IGNORE INTO device_pictures (device_id, url, position) VALUES (10, 'https://fdn2.gsmarena.com/vv/pics/apple/apple-watch-ultra3-3.jpg', 3);
INSERT OR IGNORE INTO device_pictures (device_id, url, position) VALUES (10, 'https://fdn2.gsmarena.com/vv/pics/apple/apple-watch-ultra3-4.jpg', 4);
INSERT OR IGNORE INTO device_pictures (device_id, url, position) VALUES (10, 'https://fdn2.gsmarena.com/vv/pics/apple/apple-watch-ultra3-5.jpg', 5);
INSERT OR IGNORE INTO devices (id, brand_id, name, gsmarena_url, thumbnail_url, summary) VALUES (11, 1, 'Watch Series 11', 'https://www.gsmarena.com/apple_watch_series_11-14131.php', 'https://fdn2.gsmarena.com/vv/bigpic/apple-watch11.jpg', 'Watch Series 11');
INSERT OR IGNORE INTO device_specs (device_id, announced, status, network, os, chipset, cpu, gpu, display_size, display_type, display_res, ram, storage, main_camera, selfie_camera, battery, charging, nfc, usb, bluetooth, wlan, colors, weight, dimensions, sim, sensors, popularity, fans, rating, full_specs_json) VALUES (11, '2025, September 09', 'Available. Released 2025, September 19', 'GSM / HSPA / LTE / 5G / 5G', 'watchOS 26, upgradable to watchOS 26.3', 'Apple S10', 'Dual-core', 'PowerVR', '1.96 inches', 'Retina LTPO3 OLED, 2000 nits (peak)', '496 x 416 pixels (~330 ppi density)', '64GB', '64GB', NULL, NULL, 'Li-Ion', 'Wireless, 0-80% in 30 min', 'Yes', 'No', '5.3, A2DP, LE', 'Wi-Fi 802.11 b/g/n, dual-band', 'Slate, Gold, Natural', '34.6 g (42mm), 43.1 g (46mm) (1.52 oz)', '46 x 39 x 9.7 mm (1.81 x 1.54 x 0.38 in)', 'eSIM', 'Accelerometer, gyro, heart rate, barometer, always-on altimeter, compass, SpO2, VO2max, temperature (body), temperature (water)', '€ 785.90', NULL, NULL, '[{"category":"Network","specs":[{"label":"Technology","value":"GSM / HSPA / LTE / 5G"},{"label":"2G bands","value":"GSM 850 / 900 / 1800 / 1900"},{"label":"3G bands","value":"HSDPA 850 / 900 / 1700(AWS) / 1900 / 2100 - International, China, HK"},{"label":"4G bands","value":"1, 2, 3, 4, 5, 6, 7, 8, 18, 19, 20, 25, 26, 28, 39, 40, 41, 66 - International, China, HK"},{"label":"5G bands","value":"SA/NSA"},{"label":"Speed","value":"HSPA, LTE, 5G"}]},{"category":"Launch","specs":[{"label":"Announced","value":"2025, September 09"},{"label":"Status","value":"Available. Released 2025, September 19"}]},{"category":"Body","specs":[{"label":"Dimensions","value":"46 x 39 x 9.7 mm (1.81 x 1.54 x 0.38 in)"},{"label":"Weight","value":"34.6 g (42mm), 43.1 g (46mm) (1.52 oz)"},{"label":"Build","value":"Sapphire crystal front, ceramic/sapphire crystal back, titanium frame (grade 5)"},{"label":"SIM","value":"eSIM"}]},{"category":"Display","specs":[{"label":"Type","value":"Retina LTPO3 OLED, 2000 nits (peak)"},{"label":"Size","value":"1.96 inches"},{"label":"Resolution","value":"496 x 416 pixels (~330 ppi density)"},{"label":"Protection","value":"Sapphire crystal glass"}]},{"category":"Platform","specs":[{"label":"OS","value":"watchOS 26, upgradable to watchOS 26.3"},{"label":"Chipset","value":"Apple S10"},{"label":"CPU","value":"Dual-core"},{"label":"GPU","value":"PowerVR"}]},{"category":"Memory","specs":[{"label":"Card slot","value":"No"},{"label":"Internal","value":"64GB"}]},{"category":"Sound","specs":[{"label":"Loudspeaker","value":"Yes"},{"label":"3.5mm jack","value":"No"}]},{"category":"Comms","specs":[{"label":"WLAN","value":"Wi-Fi 802.11 b/g/n, dual-band"},{"label":"Bluetooth","value":"5.3, A2DP, LE"},{"label":"Positioning","value":"GPS, GLONASS, GALILEO, QZSS, BDS"},{"label":"NFC","value":"Yes"},{"label":"USB","value":"No"},{"label":"Radio","value":"No"}]},{"category":"Features","specs":[{"label":"Sensors","value":"Accelerometer, gyro, heart rate, barometer, always-on altimeter, compass, SpO2, VO2max, temperature (body), temperature (water)"}]},{"category":"Battery","specs":[{"label":"Type","value":"Li-Ion"},{"label":"Charging","value":"Wireless, 0-80% in 30 min"}]},{"category":"Misc","specs":[{"label":"Colors","value":"Slate, Gold, Natural"},{"label":"Models","value":"A3335, A3337, A3452, A3453"},{"label":"SAR","value":"1.19 W/kg (head)"},{"label":"Price","value":"€ 785.90"},{"label":"SAR EU","value":"0.97 W/kg (head)"}]}]');
INSERT OR IGNORE INTO device_pictures (device_id, url, position) VALUES (11, 'https://fdn2.gsmarena.com/vv/bigpic/apple-watch11.jpg', 0);
INSERT OR IGNORE INTO device_pictures (device_id, url, position) VALUES (11, 'https://fdn2.gsmarena.com/vv/pics/apple/apple-watch11-1.jpg', 1);
INSERT OR IGNORE INTO device_pictures (device_id, url, position) VALUES (11, 'https://fdn2.gsmarena.com/vv/pics/apple/apple-watch11-2.jpg', 2);
INSERT OR IGNORE INTO device_pictures (device_id, url, position) VALUES (11, 'https://fdn2.gsmarena.com/vv/pics/apple/apple-watch11-3.jpg', 3);
INSERT OR IGNORE INTO devices (id, brand_id, name, gsmarena_url, thumbnail_url, summary) VALUES (12, 1, 'Watch Series 11 Aluminum', 'https://www.gsmarena.com/apple_watch_series_11_aluminum-14132.php', 'https://fdn2.gsmarena.com/vv/bigpic/apple-watch11-alu.jpg', 'Watch Series 11 Aluminum');
INSERT OR IGNORE INTO device_specs (device_id, announced, status, network, os, chipset, cpu, gpu, display_size, display_type, display_res, ram, storage, main_camera, selfie_camera, battery, charging, nfc, usb, bluetooth, wlan, colors, weight, dimensions, sim, sensors, popularity, fans, rating, full_specs_json) VALUES (12, '2025, September 09', 'Available. Released 2025, September 19', 'GSM / HSPA / LTE / 5G / 5G', 'watchOS 26, upgradable to watchOS 26.3', 'Apple S10', 'Dual-core', 'PowerVR', '1.96 inches', 'Retina LTPO3 OLED, 2000 nits (peak)', '496 x 416 pixels (~330 ppi density)', '64GB', '64GB', NULL, NULL, 'Li-Ion', 'Wireless, 0-80% in 30 min', 'Yes', 'No', '5.3, A2DP, LE', 'Wi-Fi 802.11 b/g/n, dual-band', 'Jet Black, Space Gray, Rose Gold, Silver', '29.7 g (42mm), 36.9 g (46mm) (1.06 oz)', '46 x 39 x 9.7 mm (1.81 x 1.54 x 0.38 in)', 'eSIM', 'Accelerometer, gyro, heart rate, barometer, always-on altimeter, compass, SpO2, VO2max, temperature (body), temperature (water)', '€ 375.00', NULL, NULL, '[{"category":"Network","specs":[{"label":"Technology","value":"GSM / HSPA / LTE / 5G"},{"label":"2G bands","value":"GSM 850 / 900 / 1800 / 1900"},{"label":"3G bands","value":"HSDPA 850 / 900 / 1700(AWS) / 1900 / 2100 - International, China, HK"},{"label":"4G bands","value":"1, 2, 3, 4, 5, 6, 7, 8, 18, 19, 20, 25, 26, 28, 39, 40, 41, 66 - International, China, HK"},{"label":"5G bands","value":"SA/NSA"},{"label":"Speed","value":"HSPA, LTE, 5G"}]},{"category":"Launch","specs":[{"label":"Announced","value":"2025, September 09"},{"label":"Status","value":"Available. Released 2025, September 19"}]},{"category":"Body","specs":[{"label":"Dimensions","value":"46 x 39 x 9.7 mm (1.81 x 1.54 x 0.38 in)"},{"label":"Weight","value":"29.7 g (42mm), 36.9 g (46mm) (1.06 oz)"},{"label":"Build","value":"Glass front, ceramic/sapphire crystal back, aluminum frame"},{"label":"SIM","value":"eSIM"}]},{"category":"Display","specs":[{"label":"Type","value":"Retina LTPO3 OLED, 2000 nits (peak)"},{"label":"Size","value":"1.96 inches"},{"label":"Resolution","value":"496 x 416 pixels (~330 ppi density)"},{"label":"Protection","value":"Ion-X strengthened glass (2025 gen)"}]},{"category":"Platform","specs":[{"label":"OS","value":"watchOS 26, upgradable to watchOS 26.3"},{"label":"Chipset","value":"Apple S10"},{"label":"CPU","value":"Dual-core"},{"label":"GPU","value":"PowerVR"}]},{"category":"Memory","specs":[{"label":"Card slot","value":"No"},{"label":"Internal","value":"64GB"}]},{"category":"Sound","specs":[{"label":"Loudspeaker","value":"Yes"},{"label":"3.5mm jack","value":"No"}]},{"category":"Comms","specs":[{"label":"WLAN","value":"Wi-Fi 802.11 b/g/n, dual-band"},{"label":"Bluetooth","value":"5.3, A2DP, LE"},{"label":"Positioning","value":"GPS, GLONASS, GALILEO, QZSS, BDS"},{"label":"NFC","value":"Yes"},{"label":"USB","value":"No"},{"label":"Radio","value":"No"}]},{"category":"Features","specs":[{"label":"Sensors","value":"Accelerometer, gyro, heart rate, barometer, always-on altimeter, compass, SpO2, VO2max, temperature (body), temperature (water)"}]},{"category":"Battery","specs":[{"label":"Type","value":"Li-Ion"},{"label":"Charging","value":"Wireless, 0-80% in 30 min"}]},{"category":"Misc","specs":[{"label":"Colors","value":"Jet Black, Space Gray, Rose Gold, Silver"},{"label":"Models","value":"A3333, A3331, A3335, A3337, A3450, A3451, A3452, A3453"},{"label":"SAR","value":"0.42 W/kg (head)"},{"label":"Price","value":"€ 375.00"},{"label":"SAR EU","value":"0.11 W/kg (head)"}]}]');
INSERT OR IGNORE INTO device_pictures (device_id, url, position) VALUES (12, 'https://fdn2.gsmarena.com/vv/bigpic/apple-watch11-alu.jpg', 0);
INSERT OR IGNORE INTO device_pictures (device_id, url, position) VALUES (12, 'https://fdn2.gsmarena.com/vv/pics/apple/apple-watch11-alu-1-.jpg', 1);
INSERT OR IGNORE INTO device_pictures (device_id, url, position) VALUES (12, 'https://fdn2.gsmarena.com/vv/pics/apple/apple-watch11-alu-2.jpg', 2);
INSERT OR IGNORE INTO device_pictures (device_id, url, position) VALUES (12, 'https://fdn2.gsmarena.com/vv/pics/apple/apple-watch11-3.jpg', 3);
INSERT OR IGNORE INTO devices (id, brand_id, name, gsmarena_url, thumbnail_url, summary) VALUES (13, 1, 'Watch SE 3', 'https://www.gsmarena.com/apple_watch_se_3-14133.php', 'https://fdn2.gsmarena.com/vv/bigpic/apple-watch-se3.jpg', 'Watch SE 3');
INSERT OR IGNORE INTO device_specs (device_id, announced, status, network, os, chipset, cpu, gpu, display_size, display_type, display_res, ram, storage, main_camera, selfie_camera, battery, charging, nfc, usb, bluetooth, wlan, colors, weight, dimensions, sim, sensors, popularity, fans, rating, full_specs_json) VALUES (13, '2025, September 09', 'Available. Released 2025, September 19', 'GSM / HSPA / LTE / 5G / 5G', 'watchOS 26, upgradable to watchOS 26.3', 'Apple S10', 'Dual-core', 'PowerVR', '1.78 inches', 'Retina LTPO OLED, 1000 nits (peak)', '448 x 368 pixels (~326 ppi density)', '64GB', '64GB', NULL, NULL, 'Li-Ion', 'Wireless, 80% in 45 min', 'Yes', 'No', '5.3, A2DP, LE', 'Wi-Fi 802.11 b/g/n', 'Midnight, Starlight', '26.4 g or 33 g (1.16 oz)', '44 x 38 x 10.7 mm (1.73 x 1.50 x 0.42 in)', 'eSIM', 'Accelerometer, gyro, heart rate (2nd gen), barometer, always-on altimeter, compass, temperature (body)', '€ 229.00', NULL, NULL, '[{"category":"Network","specs":[{"label":"Technology","value":"GSM / HSPA / LTE / 5G"},{"label":"2G bands","value":"GSM 850 / 900 / 1800 / 1900"},{"label":"3G bands","value":"HSDPA 850 / 900 / 1700(AWS) / 1900 / 2100 - International, China, HK"},{"label":"4G bands","value":"1, 2, 3, 4, 5, 6, 7, 8, 18, 19, 20, 25, 26, 28, 39, 40, 41, 66 - International, China, HK"},{"label":"5G bands","value":"SA/NSA"},{"label":"Speed","value":"HSPA, LTE, 5G"}]},{"category":"Launch","specs":[{"label":"Announced","value":"2025, September 09"},{"label":"Status","value":"Available. Released 2025, September 19"}]},{"category":"Body","specs":[{"label":"Dimensions","value":"44 x 38 x 10.7 mm (1.73 x 1.50 x 0.42 in)"},{"label":"Weight","value":"26.4 g or 33 g (1.16 oz)"},{"label":"Build","value":"Glass front, plastic/sapphire crystal back, aluminum frame"},{"label":"SIM","value":"eSIM"}]},{"category":"Display","specs":[{"label":"Type","value":"Retina LTPO OLED, 1000 nits (peak)"},{"label":"Size","value":"1.78 inches"},{"label":"Resolution","value":"448 x 368 pixels (~326 ppi density)"},{"label":"Protection","value":"Ion-X strengthened glass (2025 gen)"}]},{"category":"Platform","specs":[{"label":"OS","value":"watchOS 26, upgradable to watchOS 26.3"},{"label":"Chipset","value":"Apple S10"},{"label":"CPU","value":"Dual-core"},{"label":"GPU","value":"PowerVR"}]},{"category":"Memory","specs":[{"label":"Card slot","value":"No"},{"label":"Internal","value":"64GB"}]},{"category":"Sound","specs":[{"label":"Loudspeaker","value":"Yes"},{"label":"3.5mm jack","value":"No"}]},{"category":"Comms","specs":[{"label":"WLAN","value":"Wi-Fi 802.11 b/g/n"},{"label":"Bluetooth","value":"5.3, A2DP, LE"},{"label":"Positioning","value":"GPS, GLONASS, GALILEO, QZSS"},{"label":"NFC","value":"Yes"},{"label":"USB","value":"No"},{"label":"Radio","value":"No"}]},{"category":"Features","specs":[{"label":"Sensors","value":"Accelerometer, gyro, heart rate (2nd gen), barometer, always-on altimeter, compass, temperature (body)"}]},{"category":"Battery","specs":[{"label":"Type","value":"Li-Ion"},{"label":"Charging","value":"Wireless, 80% in 45 min"}]},{"category":"Misc","specs":[{"label":"Colors","value":"Midnight, Starlight"},{"label":"Models","value":"A3325, A3324, A3328, A3326, A3327, A3329, A3391, A3392"},{"label":"SAR","value":"1.18 W/kg (head)"},{"label":"Price","value":"€ 229.00"},{"label":"SAR EU","value":"0.42 W/kg (head)"}]}]');
INSERT OR IGNORE INTO device_pictures (device_id, url, position) VALUES (13, 'https://fdn2.gsmarena.com/vv/bigpic/apple-watch-se3.jpg', 0);
INSERT OR IGNORE INTO device_pictures (device_id, url, position) VALUES (13, 'https://fdn2.gsmarena.com/vv/pics/apple/apple-watch-se3-1.jpg', 1);
INSERT OR IGNORE INTO device_pictures (device_id, url, position) VALUES (13, 'https://fdn2.gsmarena.com/vv/pics/apple/apple-watch-se3-2.jpg', 2);
INSERT OR IGNORE INTO devices (id, brand_id, name, gsmarena_url, thumbnail_url, summary) VALUES (14, 1, 'iPad Air 13 (2025)', 'https://www.gsmarena.com/apple_ipad_air_13_(2025)-13704.php', 'https://fdn2.gsmarena.com/vv/bigpic/apple-ipad-air-13-2025.jpg', 'iPad Air 13 (2025)');
INSERT OR IGNORE INTO device_specs (device_id, announced, status, network, os, chipset, cpu, gpu, display_size, display_type, display_res, ram, storage, main_camera, selfie_camera, battery, charging, nfc, usb, bluetooth, wlan, colors, weight, dimensions, sim, sensors, popularity, fans, rating, full_specs_json) VALUES (14, '2025, March 04', 'Available. Released 2025, March 12', 'GSM / HSPA / LTE / 5G / 5G', 'iPadOS 18.3.2, upgradable to iPadOS 26.3', 'Apple M3', 'Octa-core (4 performance cores and 4 efficiency cores)', 'Apple GPU (9-core graphics)', '13.0 inches, 519.3 cm 2 (~86.1% screen-to-body ratio)', 'Liquid Retina IPS LCD, 600 nits (typ)', '2048 x 2732 pixels, 4:3 ratio (~264 ppi density)', '8GB', '128GB', '12 MP, f/1.8, (wide), 1/3.0", 1.22µm, dual pixel PDAF, HDR', '12 MP, f/2.0, 122˚ (ultrawide), 1080p@25/30/60fps; gyro-EIS', 'Li-Po 9705 mAh (36.59 Wh)', NULL, 'No', 'USB Type-C 3.1 Gen2, DisplayPort, magnetic connector', '5.3, A2DP, LE', 'Wi-Fi 802.11 a/b/g/n/ac/6e, dual-band, hotspot', 'Space Gray, Starlight, Purple, Blue', '616 g (Wi-Fi) / 617 g (5G) (1.36 lb)', '280.6 x 214.9 x 6.1 mm (11.05 x 8.46 x 0.24 in)', 'eSIM (cellular model only)', 'Fingerprint (top-mounted), accelerometer, gyro, compass, barometer', 'About 950 EUR', NULL, NULL, '[{"category":"Network","specs":[{"label":"Technology","value":"GSM / HSPA / LTE / 5G"},{"label":"2G bands","value":"GSM 850 / 900 / 1800 / 1900"},{"label":"3G bands","value":"HSDPA 850 / 900 / 1700(AWS) / 1900 / 2100"},{"label":"4G bands","value":"1, 2, 3, 4, 5, 7, 8, 11, 12, 13, 14, 17, 18, 19, 20, 21, 25, 26, 28, 29, 30, 32, 34, 38, 39, 40, 41, 42, 48, 66, 71 - A3269"},{"label":"5G bands","value":"1, 2, 3, 5, 7, 8, 12, 14, 20, 25, 26, 28, 29, 30, 38, 40, 41, 48, 66, 70, 71, 75, 76, 77, 78, 79 SA/NSA/Sub6 - A3269, A3271"},{"label":"Speed","value":"HSPA, LTE, 5G - cellular model only"}]},{"category":"Launch","specs":[{"label":"Announced","value":"2025, March 04"},{"label":"Status","value":"Available. Released 2025, March 12"}]},{"category":"Body","specs":[{"label":"Dimensions","value":"280.6 x 214.9 x 6.1 mm (11.05 x 8.46 x 0.24 in)"},{"label":"Weight","value":"616 g (Wi-Fi) / 617 g (5G) (1.36 lb)"},{"label":"Build","value":"Glass front, aluminum back, aluminum frame"},{"label":"SIM","value":"eSIM (cellular model only)"}]},{"category":"Display","specs":[{"label":"Type","value":"Liquid Retina IPS LCD, 600 nits (typ)"},{"label":"Size","value":"13.0 inches, 519.3 cm 2 (~86.1% screen-to-body ratio)"},{"label":"Resolution","value":"2048 x 2732 pixels, 4:3 ratio (~264 ppi density)"},{"label":"Protection","value":"Scratch-resistant glass, oleophobic coating, Mohs level 4"}]},{"category":"Platform","specs":[{"label":"OS","value":"iPadOS 18.3.2, upgradable to iPadOS 26.3"},{"label":"Chipset","value":"Apple M3"},{"label":"CPU","value":"Octa-core (4 performance cores and 4 efficiency cores)"},{"label":"GPU","value":"Apple GPU (9-core graphics)"}]},{"category":"Memory","specs":[{"label":"Card slot","value":"No"},{"label":"Internal","value":"128GB 8GB RAM, 256GB 8GB RAM, 512GB 8GB RAM, 1TB 8GB RAM"}]},{"category":"Main Camera","specs":[{"label":"Single","value":"12 MP, f/1.8, (wide), 1/3.0\\", 1.22µm, dual pixel PDAF"},{"label":"Features","value":"HDR"},{"label":"Video","value":"4K@24/25/30/60fps, 1080p@25/30/60/120/240fps; gyro-EIS"}]},{"category":"Selfie camera","specs":[{"label":"Single","value":"12 MP, f/2.0, 122˚ (ultrawide)"},{"label":"Video","value":"1080p@25/30/60fps; gyro-EIS"},{"label":"Features","value":"HDR"}]},{"category":"Sound","specs":[{"label":"Loudspeaker","value":"Yes, with stereo speakers"},{"label":"3.5mm jack","value":"No"}]},{"category":"Comms","specs":[{"label":"WLAN","value":"Wi-Fi 802.11 a/b/g/n/ac/6e, dual-band, hotspot"},{"label":"Bluetooth","value":"5.3, A2DP, LE"},{"label":"Positioning","value":"GPS, GLONASS (5G model only)"},{"label":"NFC","value":"No"},{"label":"USB","value":"USB Type-C 3.1 Gen2, DisplayPort, magnetic connector"},{"label":"Radio","value":"No"}]},{"category":"Features","specs":[{"label":"Sensors","value":"Fingerprint (top-mounted), accelerometer, gyro, compass, barometer"}]},{"category":"Battery","specs":[{"label":"Type","value":"Li-Po 9705 mAh (36.59 Wh)"}]},{"category":"Misc","specs":[{"label":"Colors","value":"Space Gray, Starlight, Purple, Blue"},{"label":"Models","value":"A3269, A3271, A3268, ipad15,5, ipad15,6"},{"label":"SAR","value":"1.09 W/kg (body)"},{"label":"Price","value":"About 950 EUR"},{"label":"SAR EU","value":"1.48 W/kg (body)"}]}]');
INSERT OR IGNORE INTO device_pictures (device_id, url, position) VALUES (14, 'https://fdn2.gsmarena.com/vv/bigpic/apple-ipad-air-13-2025.jpg', 0);
INSERT OR IGNORE INTO device_pictures (device_id, url, position) VALUES (14, 'https://fdn2.gsmarena.com/vv/pics/apple/apple-ipad-air-13-2024-2.jpg', 1);
INSERT OR IGNORE INTO device_pictures (device_id, url, position) VALUES (14, 'https://fdn2.gsmarena.com/vv/pics/apple/apple-ipad-air-2024-2.jpg', 2);
INSERT OR IGNORE INTO device_pictures (device_id, url, position) VALUES (14, 'https://fdn2.gsmarena.com/vv/pics/apple/apple-ipad-air-2024-3.jpg', 3);
INSERT OR IGNORE INTO device_pictures (device_id, url, position) VALUES (14, 'https://fdn2.gsmarena.com/vv/pics/apple/apple-ipad-air-13-2024-4.jpg', 4);
INSERT OR IGNORE INTO devices (id, brand_id, name, gsmarena_url, thumbnail_url, summary) VALUES (15, 1, 'iPad Air 11 (2025)', 'https://www.gsmarena.com/apple_ipad_air_11_(2025)-13703.php', 'https://fdn2.gsmarena.com/vv/bigpic/apple-ipad-air-11-2025.jpg', 'iPad Air 11 (2025)');
INSERT OR IGNORE INTO device_specs (device_id, announced, status, network, os, chipset, cpu, gpu, display_size, display_type, display_res, ram, storage, main_camera, selfie_camera, battery, charging, nfc, usb, bluetooth, wlan, colors, weight, dimensions, sim, sensors, popularity, fans, rating, full_specs_json) VALUES (15, '2025, March 04', 'Available. Released 2025, March 12', 'GSM / HSPA / LTE / 5G / 5G', 'iPadOS 18.3.2, upgradable to iPadOS 26.3', 'Apple M3', 'Octa-core (4 performance cores and 4 efficiency cores)', 'Apple GPU (9-core graphics)', '11.0 inches, 357.6 cm 2 (~80.9% screen-to-body ratio)', 'Liquid Retina IPS LCD, 500 nits (typ)', '1640 x 2360 pixels (~264 ppi density)', '8GB', '128GB', '12 MP, f/1.8, (wide), 1/3.0", 1.22µm, dual pixel PDAF, HDR', '12 MP, f/2.0, 122˚ (ultrawide), 1080p@25/30/60fps; gyro-EIS', 'Li-Po 7606 mAh (28.93 Wh)', NULL, 'No', 'USB Type-C 3.1 Gen2, DisplayPort, magnetic connector', '5.3, A2DP, LE', 'Wi-Fi 802.11 a/b/g/n/ac/6e, dual-band, hotspot', 'Space Gray, Starlight, Purple, Blue', '460 g (1.01 lb)', '247.6 x 178.5 x 6.1 mm (9.75 x 7.03 x 0.24 in)', 'eSIM (cellular model only)', 'Fingerprint (top-mounted), accelerometer, gyro, compass, barometer', 'About 700 EUR', NULL, NULL, '[{"category":"Network","specs":[{"label":"Technology","value":"GSM / HSPA / LTE / 5G"},{"label":"2G bands","value":"GSM 850 / 900 / 1800 / 1900"},{"label":"3G bands","value":"HSDPA 850 / 900 / 1700(AWS) / 1900 / 2100"},{"label":"4G bands","value":"1, 2, 3, 4, 5, 7, 8, 11, 12, 13, 14, 17, 18, 19, 20, 21, 25, 26, 28, 29, 30, 32, 34, 38, 39, 40, 41, 42, 48, 66, 71 - A3267"},{"label":"5G bands","value":"1, 2, 3, 5, 7, 8, 12, 14, 20, 25, 26, 28, 29, 30, 38, 40, 41, 48, 66, 70, 71, 75, 76, 77, 78, 79 SA/NSA/Sub6 - A3267, A3270"},{"label":"Speed","value":"HSPA, LTE, 5G - cellular model only"}]},{"category":"Launch","specs":[{"label":"Announced","value":"2025, March 04"},{"label":"Status","value":"Available. Released 2025, March 12"}]},{"category":"Body","specs":[{"label":"Dimensions","value":"247.6 x 178.5 x 6.1 mm (9.75 x 7.03 x 0.24 in)"},{"label":"Weight","value":"460 g (1.01 lb)"},{"label":"Build","value":"Glass front, aluminum back, aluminum frame"},{"label":"SIM","value":"eSIM (cellular model only)"}]},{"category":"Display","specs":[{"label":"Type","value":"Liquid Retina IPS LCD, 500 nits (typ)"},{"label":"Size","value":"11.0 inches, 357.6 cm 2 (~80.9% screen-to-body ratio)"},{"label":"Resolution","value":"1640 x 2360 pixels (~264 ppi density)"},{"label":"Protection","value":"Scratch-resistant glass, oleophobic coating, Mohs level 4"}]},{"category":"Platform","specs":[{"label":"OS","value":"iPadOS 18.3.2, upgradable to iPadOS 26.3"},{"label":"Chipset","value":"Apple M3"},{"label":"CPU","value":"Octa-core (4 performance cores and 4 efficiency cores)"},{"label":"GPU","value":"Apple GPU (9-core graphics)"}]},{"category":"Memory","specs":[{"label":"Card slot","value":"No"},{"label":"Internal","value":"128GB 8GB RAM, 256GB 8GB RAM, 512GB 8GB RAM, 1TB 8GB RAM"}]},{"category":"Main Camera","specs":[{"label":"Single","value":"12 MP, f/1.8, (wide), 1/3.0\\", 1.22µm, dual pixel PDAF"},{"label":"Features","value":"HDR"},{"label":"Video","value":"4K@24/25/30/60fps, 1080p@25/30/60/120/240fps; gyro-EIS"}]},{"category":"Selfie camera","specs":[{"label":"Single","value":"12 MP, f/2.0, 122˚ (ultrawide)"},{"label":"Video","value":"1080p@25/30/60fps; gyro-EIS"},{"label":"Features","value":"HDR"}]},{"category":"Sound","specs":[{"label":"Loudspeaker","value":"Yes, with stereo speakers"},{"label":"3.5mm jack","value":"No"}]},{"category":"Comms","specs":[{"label":"WLAN","value":"Wi-Fi 802.11 a/b/g/n/ac/6e, dual-band, hotspot"},{"label":"Bluetooth","value":"5.3, A2DP, LE"},{"label":"Positioning","value":"GPS, GLONASS (5G model only)"},{"label":"NFC","value":"No"},{"label":"USB","value":"USB Type-C 3.1 Gen2, DisplayPort, magnetic connector"},{"label":"Radio","value":"No"}]},{"category":"Features","specs":[{"label":"Sensors","value":"Fingerprint (top-mounted), accelerometer, gyro, compass, barometer"}]},{"category":"Battery","specs":[{"label":"Type","value":"Li-Po 7606 mAh (28.93 Wh)"}]},{"category":"Misc","specs":[{"label":"Colors","value":"Space Gray, Starlight, Purple, Blue"},{"label":"Models","value":"A3267, A3270, A3266, iPad17,1, iPad17,2"},{"label":"SAR","value":"1.10 W/kg (body)"},{"label":"Price","value":"About 700 EUR"},{"label":"SAR EU","value":"1.41 W/kg (body)"}]}]');
INSERT OR IGNORE INTO device_pictures (device_id, url, position) VALUES (15, 'https://fdn2.gsmarena.com/vv/bigpic/apple-ipad-air-11-2025.jpg', 0);
INSERT OR IGNORE INTO device_pictures (device_id, url, position) VALUES (15, 'https://fdn2.gsmarena.com/vv/pics/apple/apple-ipad-air-11-2024-2.jpg', 1);
INSERT OR IGNORE INTO device_pictures (device_id, url, position) VALUES (15, 'https://fdn2.gsmarena.com/vv/pics/apple/apple-ipad-air-2024-2.jpg', 2);
INSERT OR IGNORE INTO device_pictures (device_id, url, position) VALUES (15, 'https://fdn2.gsmarena.com/vv/pics/apple/apple-ipad-air-2024-3.jpg', 3);
INSERT OR IGNORE INTO device_pictures (device_id, url, position) VALUES (15, 'https://fdn2.gsmarena.com/vv/pics/apple/apple-ipad-air-11-2024-4.jpg', 4);
INSERT OR IGNORE INTO devices (id, brand_id, name, gsmarena_url, thumbnail_url, summary) VALUES (16, 1, 'iPad (2025)', 'https://www.gsmarena.com/apple_ipad_(2025)-13702.php', 'https://fdn2.gsmarena.com/vv/bigpic/apple-ipad-11-inch-2025.jpg', 'iPad (2025)');
INSERT OR IGNORE INTO device_specs (device_id, announced, status, network, os, chipset, cpu, gpu, display_size, display_type, display_res, ram, storage, main_camera, selfie_camera, battery, charging, nfc, usb, bluetooth, wlan, colors, weight, dimensions, sim, sensors, popularity, fans, rating, full_specs_json) VALUES (16, '2025, March 04', 'Available. Released 2025, March 12', 'GSM / HSPA / LTE / 5G / 5G', 'iPadOS 18.3.2, upgradable to iPadOS 26.3', 'Apple A16 Bionic (4 nm)', '5-core', 'Apple GPU (4-core graphics)', '11.0 inches, 357.6 cm 2 (~80.1% screen-to-body ratio)', 'Liquid Retina IPS LCD, 500 nits (typ)', '1640 x 2360 pixels (~264 ppi density)', '6GB', '128GB', '12 MP, f/1.8, (wide), PDAF, HDR, panorama', '12 MP, f/2.4, 122˚ (ultrawide), 1080p@25/30/60fps, gyro-EIS', 'Li-Po (28.93 Wh)', '45W wired, PD', 'No', 'USB Type-C 2.0, DisplayPort; magnetic connector', '5.3, A2DP, EDR, LE', 'Wi-Fi 802.11 a/b/g/n/ac/6, dual-band, hotspot', 'Silver, Blue, Pink, Yellow', '477 g (Wi-Fi) / 481 g (LTE) (1.05 lb)', '248.6 x 179.5 x 7 mm (9.79 x 7.07 x 0.28 in)', 'eSIM (cellular model only)', 'Fingerprint (top-mounted), accelerometer, gyro, compass, barometer', 'About 400 EUR', NULL, NULL, '[{"category":"Network","specs":[{"label":"Technology","value":"GSM / HSPA / LTE / 5G"},{"label":"2G bands","value":"GSM 850 / 900 / 1800 / 1900"},{"label":"3G bands","value":"HSDPA 850 / 900 / 1700(AWS) / 1900 / 2100"},{"label":"4G bands","value":"1, 2, 3, 4, 5, 7, 8, 11, 12, 13, 14, 17, 18, 19, 20, 21, 25, 26, 28, 29, 30, 32, 34, 38, 39, 40, 41, 42, 48, 66, 71 - A3355"},{"label":"5G bands","value":"1, 2, 3, 5, 7, 8, 12, 14, 20, 25, 26, 28, 29, 30, 38, 40, 41, 48, 66, 70, 71, 75, 76, 77, 78, 79 SA/NSA/Sub6 - A3355, A3356"},{"label":"Speed","value":"HSPA, LTE, 5G - cellular model only"}]},{"category":"Launch","specs":[{"label":"Announced","value":"2025, March 04"},{"label":"Status","value":"Available. Released 2025, March 12"}]},{"category":"Body","specs":[{"label":"Dimensions","value":"248.6 x 179.5 x 7 mm (9.79 x 7.07 x 0.28 in)"},{"label":"Weight","value":"477 g (Wi-Fi) / 481 g (LTE) (1.05 lb)"},{"label":"Build","value":"Glass front, aluminum back, aluminum frame"},{"label":"SIM","value":"eSIM (cellular model only)"}]},{"category":"Display","specs":[{"label":"Type","value":"Liquid Retina IPS LCD, 500 nits (typ)"},{"label":"Size","value":"11.0 inches, 357.6 cm 2 (~80.1% screen-to-body ratio)"},{"label":"Resolution","value":"1640 x 2360 pixels (~264 ppi density)"},{"label":"Protection","value":"Scratch-resistant glass, oleophobic coating, Mohs level 4"}]},{"category":"Platform","specs":[{"label":"OS","value":"iPadOS 18.3.2, upgradable to iPadOS 26.3"},{"label":"Chipset","value":"Apple A16 Bionic (4 nm)"},{"label":"CPU","value":"5-core"},{"label":"GPU","value":"Apple GPU (4-core graphics)"}]},{"category":"Memory","specs":[{"label":"Card slot","value":"No"},{"label":"Internal","value":"128GB 6GB RAM, 256GB 6GB RAM, 512GB 6GB RAM"}]},{"category":"Main Camera","specs":[{"label":"Single","value":"12 MP, f/1.8, (wide), PDAF"},{"label":"Features","value":"HDR, panorama"},{"label":"Video","value":"4K@24/25/30/60fps, 1080p@25/30/60/120/240fps, gyro-EIS"}]},{"category":"Selfie camera","specs":[{"label":"Single","value":"12 MP, f/2.4, 122˚ (ultrawide)"},{"label":"Video","value":"1080p@25/30/60fps, gyro-EIS"},{"label":"Features","value":"HDR"}]},{"category":"Sound","specs":[{"label":"Loudspeaker","value":"Yes, with stereo speakers"},{"label":"3.5mm jack","value":"No"}]},{"category":"Comms","specs":[{"label":"WLAN","value":"Wi-Fi 802.11 a/b/g/n/ac/6, dual-band, hotspot"},{"label":"Bluetooth","value":"5.3, A2DP, EDR, LE"},{"label":"Positioning","value":"GPS, GLONASS (Wi‑Fi + Cellular model only)"},{"label":"NFC","value":"No"},{"label":"USB","value":"USB Type-C 2.0, DisplayPort; magnetic connector"},{"label":"Radio","value":"No"}]},{"category":"Features","specs":[{"label":"Sensors","value":"Fingerprint (top-mounted), accelerometer, gyro, compass, barometer"}]},{"category":"Battery","specs":[{"label":"Type","value":"Li-Po (28.93 Wh)"},{"label":"Charging","value":"45W wired, PD"}]},{"category":"Misc","specs":[{"label":"Colors","value":"Silver, Blue, Pink, Yellow"},{"label":"Models","value":"A3355, A3356, A3354, ipad15,7, ipad15,8"},{"label":"SAR","value":"1.19 W/kg (body)"},{"label":"Price","value":"About 400 EUR"},{"label":"SAR EU","value":"1.47 W/kg (body)"}]}]');
INSERT OR IGNORE INTO device_pictures (device_id, url, position) VALUES (16, 'https://fdn2.gsmarena.com/vv/bigpic/apple-ipad-11-inch-2025.jpg', 0);
INSERT OR IGNORE INTO device_pictures (device_id, url, position) VALUES (16, 'https://fdn2.gsmarena.com/vv/pics/apple/apple-ipad-10-2022-0.jpg', 1);
INSERT OR IGNORE INTO device_pictures (device_id, url, position) VALUES (16, 'https://fdn2.gsmarena.com/vv/pics/apple/apple-ipad-10-2022-1.jpg', 2);
INSERT OR IGNORE INTO device_pictures (device_id, url, position) VALUES (16, 'https://fdn2.gsmarena.com/vv/pics/apple/apple-ipad-10-2022-2.jpg', 3);
INSERT OR IGNORE INTO devices (id, brand_id, name, gsmarena_url, thumbnail_url, summary) VALUES (17, 1, 'iPhone 16e', 'https://www.gsmarena.com/apple_iphone_16e-13395.php', 'https://fdn2.gsmarena.com/vv/bigpic/apple-iphone-16e.jpg', 'iPhone 16e');
INSERT OR IGNORE INTO device_specs (device_id, announced, status, network, os, chipset, cpu, gpu, display_size, display_type, display_res, ram, storage, main_camera, selfie_camera, battery, charging, nfc, usb, bluetooth, wlan, colors, weight, dimensions, sim, sensors, popularity, fans, rating, full_specs_json) VALUES (17, '2025, February 19', 'Available. Released 2025, February 28', 'GSM / HSPA / LTE / 5G / 5G', 'iOS 18.3.1, upgradable to iOS 26.3', 'Apple A18 (3 nm)', 'Hexa-core (2x4.04 GHz + 4x2.20 GHz)', 'Apple GPU (4-core graphics)', '6.1 inches, 90.2 cm 2 (~86.0% screen-to-body ratio)', 'Super Retina XDR OLED, HDR10, 800 nits (HBM), 1200 nits (peak)', '1170 x 2532 pixels, 19.5:9 ratio (~460 ppi density)', '8GB', '128GB', '48 MP, f/1.6, 26mm (wide), 1/2.55", 0.7µm, PDAF, OIS, Dual-LED dual-tone flash, HDR, panorama, 3D (spatial) audio', '12 MP, f/1.9, 23mm (wide), 1/3.6", 1.0µm, PDAF, 4K@24/25/30/60fps, 1080p@25/30/60/120fps, HDR', 'Li-Ion 4005 mAh', 'Wired, 50% in 30 min', 'Yes', 'USB Type-C 2.0', '5.3, A2DP, LE', 'Wi-Fi 802.11 a/b/g/n/ac/6, dual-band, hotspot', 'Black, White', '167 g (5.89 oz)', '146.7 x 71.5 x 7.8 mm (5.78 x 2.81 x 0.31 in)', '· Nano-SIM + eSIM + eSIM (max 2 at a time; International) · eSIM + eSIM (8 or more, max 2 at a time; USA) · Nano-SIM + Nano-SIM (China)', 'Face ID, accelerometer, gyro, proximity, compass, barometer', '$ 309.61 / £ 400.00 / € 460.00', NULL, NULL, '[{"category":"Network","specs":[{"label":"Technology","value":"GSM / HSPA / LTE / 5G"},{"label":"2G bands","value":"GSM 850 / 900 / 1800 / 1900"},{"label":"3G bands","value":"HSDPA 850 / 900 / 1700(AWS) / 1900 / 2100"},{"label":"4G bands","value":"1, 2, 3, 4, 5, 7, 8, 12, 13, 14, 17, 18, 19, 20, 25, 26, 28, 29, 30, 32, 34, 38, 39, 40, 41, 42, 48, 53, 66, 71 - A3212, A3408"},{"label":"5G bands","value":"1, 2, 3, 5, 7, 8, 12, 14, 20, 25, 26, 28, 29, 30, 38, 40, 41, 48, 53, 66, 70, 71, 75, 76, 77, 78, 79 SA/NSA/Sub6 - A3212, A3408"},{"label":"Speed","value":"HSPA, LTE, 5G"}]},{"category":"Launch","specs":[{"label":"Announced","value":"2025, February 19"},{"label":"Status","value":"Available. Released 2025, February 28"}]},{"category":"Body","specs":[{"label":"Dimensions","value":"146.7 x 71.5 x 7.8 mm (5.78 x 2.81 x 0.31 in)"},{"label":"Weight","value":"167 g (5.89 oz)"},{"label":"Build","value":"Glass front (Ceramic Shield), glass back, aluminum frame"},{"label":"SIM","value":"· Nano-SIM + eSIM + eSIM (max 2 at a time; International) · eSIM + eSIM (8 or more, max 2 at a time; USA) · Nano-SIM + Nano-SIM (China)"}]},{"category":"Display","specs":[{"label":"Type","value":"Super Retina XDR OLED, HDR10, 800 nits (HBM), 1200 nits (peak)"},{"label":"Size","value":"6.1 inches, 90.2 cm 2 (~86.0% screen-to-body ratio)"},{"label":"Resolution","value":"1170 x 2532 pixels, 19.5:9 ratio (~460 ppi density)"},{"label":"Protection","value":"Ceramic Shield glass, Mohs level 4"}]},{"category":"Platform","specs":[{"label":"OS","value":"iOS 18.3.1, upgradable to iOS 26.3"},{"label":"Chipset","value":"Apple A18 (3 nm)"},{"label":"CPU","value":"Hexa-core (2x4.04 GHz + 4x2.20 GHz)"},{"label":"GPU","value":"Apple GPU (4-core graphics)"}]},{"category":"Memory","specs":[{"label":"Card slot","value":"No"},{"label":"Internal","value":"128GB 8GB RAM, 256GB 8GB RAM, 512GB 8GB RAM"}]},{"category":"Main Camera","specs":[{"label":"Single","value":"48 MP, f/1.6, 26mm (wide), 1/2.55\\", 0.7µm, PDAF, OIS"},{"label":"Features","value":"Dual-LED dual-tone flash, HDR, panorama, 3D (spatial) audio"},{"label":"Video","value":"4K@24/25/30/60fps, 1080p@25/30/60/120/240fps, Dolby Vision HDR, OIS, stereo sound rec."}]},{"category":"Selfie camera","specs":[{"label":"Single","value":"12 MP, f/1.9, 23mm (wide), 1/3.6\\", 1.0µm, PDAF"},{"label":"Video","value":"4K@24/25/30/60fps, 1080p@25/30/60/120fps, HDR"},{"label":"Features","value":"HDR, Dolby Vision HDR, 3D (spatial) audio, stereo sound rec."}]},{"category":"Sound","specs":[{"label":"Loudspeaker","value":"Yes, with stereo speakers"},{"label":"3.5mm jack","value":"No"}]},{"category":"Comms","specs":[{"label":"WLAN","value":"Wi-Fi 802.11 a/b/g/n/ac/6, dual-band, hotspot"},{"label":"Bluetooth","value":"5.3, A2DP, LE"},{"label":"Positioning","value":"GPS, GLONASS, GALILEO, BDS, QZSS, NavIC"},{"label":"NFC","value":"Yes"},{"label":"USB","value":"USB Type-C 2.0"},{"label":"Radio","value":"No"}]},{"category":"Features","specs":[{"label":"Sensors","value":"Face ID, accelerometer, gyro, proximity, compass, barometer"}]},{"category":"Battery","specs":[{"label":"Type","value":"Li-Ion 4005 mAh"},{"label":"Charging","value":"Wired, 50% in 30 min"}]},{"category":"Misc","specs":[{"label":"Colors","value":"Black, White"},{"label":"Models","value":"A3212, A3409, A3410, A3408, iPhone17,5"},{"label":"SAR","value":"1.19 W/kg (head)     1.20 W/kg (body)"},{"label":"Price","value":"$ 309.61 / £ 400.00 / € 460.00"},{"label":"SAR EU","value":"1.48 W/kg (head)     1.49 W/kg (body)"}]}]');
INSERT OR IGNORE INTO device_pictures (device_id, url, position) VALUES (17, 'https://fdn2.gsmarena.com/vv/bigpic/apple-iphone-16e.jpg', 0);
INSERT OR IGNORE INTO device_pictures (device_id, url, position) VALUES (17, 'https://fdn2.gsmarena.com/vv/pics/apple/apple-iphone-16e-1.jpg', 1);
INSERT OR IGNORE INTO device_pictures (device_id, url, position) VALUES (17, 'https://fdn2.gsmarena.com/vv/pics/apple/apple-iphone-16e-2.jpg', 2);
INSERT OR IGNORE INTO device_pictures (device_id, url, position) VALUES (17, 'https://fdn2.gsmarena.com/vv/pics/apple/apple-iphone-16e-3.jpg', 3);
INSERT OR IGNORE INTO device_pictures (device_id, url, position) VALUES (17, 'https://fdn2.gsmarena.com/vv/pics/apple/apple-iphone-16e-4.jpg', 4);
INSERT OR IGNORE INTO device_pictures (device_id, url, position) VALUES (17, 'https://fdn.gsmarena.com/imgroot/reviews/25/apple-iphone-16e/lifestyle/-1024w2/gsmarena_001.jpg', 5);
INSERT OR IGNORE INTO device_pictures (device_id, url, position) VALUES (17, 'https://fdn.gsmarena.com/imgroot/reviews/25/apple-iphone-16e/lifestyle/-1024w2/gsmarena_002.jpg', 6);
INSERT OR IGNORE INTO device_pictures (device_id, url, position) VALUES (17, 'https://fdn.gsmarena.com/imgroot/reviews/25/apple-iphone-16e/lifestyle/-1024w2/gsmarena_003.jpg', 7);
INSERT OR IGNORE INTO device_pictures (device_id, url, position) VALUES (17, 'https://fdn.gsmarena.com/imgroot/reviews/25/apple-iphone-16e/lifestyle/-1024w2/gsmarena_004.jpg', 8);
INSERT OR IGNORE INTO device_pictures (device_id, url, position) VALUES (17, 'https://fdn.gsmarena.com/imgroot/reviews/25/apple-iphone-16e/lifestyle/-1024w2/gsmarena_005.jpg', 9);
INSERT OR IGNORE INTO devices (id, brand_id, name, gsmarena_url, thumbnail_url, summary) VALUES (18, 1, 'iPad mini (2024)', 'https://www.gsmarena.com/apple_ipad_mini_(2024)-13437.php', 'https://fdn2.gsmarena.com/vv/bigpic/apple-ipad-mini-2024.jpg', 'iPad mini (2024)');
INSERT OR IGNORE INTO device_specs (device_id, announced, status, network, os, chipset, cpu, gpu, display_size, display_type, display_res, ram, storage, main_camera, selfie_camera, battery, charging, nfc, usb, bluetooth, wlan, colors, weight, dimensions, sim, sensors, popularity, fans, rating, full_specs_json) VALUES (18, '2024, October 15', 'Available. Released 2024, October 23', 'GSM / HSPA / LTE / 5G / 5G', 'iPadOS 18, upgradable to iPadOS 26.3', 'Apple A17 Pro (3 nm)', 'Hexa-core (2x3.78 GHz performance cores and 4 efficiency cores)', 'Apple GPU (5-core graphics)', '8.3 inches, 203.9 cm 2 (~77.4% screen-to-body ratio)', 'Liquid Retina IPS LCD, 500 nits (typ)', '1488 x 2266 pixels, 3:2 ratio (~327 ppi density)', '8GB', '128GB', '12 MP, f/1.8, (wide), AF, Quad-LED dual-tone flash, HDR, panorama', '12 MP, f/2.4, 122˚ (ultrawide), 1080p@25/30/60fps, gyro-EIS', 'Li-Ion 5078 mAh (19.3 Wh)', NULL, 'No', 'USB Type-C 3.1 Gen2, DisplayPort', '5.3, A2DP', 'Wi-Fi 802.11 a/b/g/n/ac/6e, dual-band, hotspot', 'Space Gray, Blue, Purple, Starlight', '293 g (Wi-Fi) / 297 g (Wi-Fi + Cellular) (10.34 oz)', '195.4 x 134.8 x 6.3 mm (7.69 x 5.31 x 0.25 in)', 'eSIM (cellular model only)', 'Fingerprint (side-mounted), accelerometer, gyro, compass, barometer', 'About 600 EUR', NULL, NULL, '[{"category":"Network","specs":[{"label":"Technology","value":"GSM / HSPA / LTE / 5G"},{"label":"2G bands","value":"GSM 850 / 900 / 1800 / 1900"},{"label":"3G bands","value":"HSDPA 850 / 900 / 1700(AWS) / 1900 / 2100"},{"label":"4G bands","value":"1, 2, 3, 4, 5, 7, 8, 11, 12, 13, 14, 17, 18, 19, 20, 21, 25, 26, 28, 29, 30, 32, 34, 38, 39, 40, 41, 42, 48, 66, 71 - A2995"},{"label":"5G bands","value":"1, 2, 3, 5, 7, 8, 12, 14, 20, 25, 26, 28, 29, 30, 38, 40, 41, 48, 66, 70, 71, 75, 76, 77, 78, 79 SA/NSA - A2995, A2996"},{"label":"Speed","value":"HSPA, LTE, 5G - cellular model only"}]},{"category":"Launch","specs":[{"label":"Announced","value":"2024, October 15"},{"label":"Status","value":"Available. Released 2024, October 23"}]},{"category":"Body","specs":[{"label":"Dimensions","value":"195.4 x 134.8 x 6.3 mm (7.69 x 5.31 x 0.25 in)"},{"label":"Weight","value":"293 g (Wi-Fi) / 297 g (Wi-Fi + Cellular) (10.34 oz)"},{"label":"Build","value":"Glass front, aluminum back, aluminum frame"},{"label":"SIM","value":"eSIM (cellular model only)"}]},{"category":"Display","specs":[{"label":"Type","value":"Liquid Retina IPS LCD, 500 nits (typ)"},{"label":"Size","value":"8.3 inches, 203.9 cm 2 (~77.4% screen-to-body ratio)"},{"label":"Resolution","value":"1488 x 2266 pixels, 3:2 ratio (~327 ppi density)"},{"label":"Protection","value":"Scratch-resistant glass, oleophobic coating, Mohs level 4"}]},{"category":"Platform","specs":[{"label":"OS","value":"iPadOS 18, upgradable to iPadOS 26.3"},{"label":"Chipset","value":"Apple A17 Pro (3 nm)"},{"label":"CPU","value":"Hexa-core (2x3.78 GHz performance cores and 4 efficiency cores)"},{"label":"GPU","value":"Apple GPU (5-core graphics)"}]},{"category":"Memory","specs":[{"label":"Card slot","value":"No"},{"label":"Internal","value":"128GB 8GB RAM, 256GB 8GB RAM, 512GB 8GB RAM"}]},{"category":"Main Camera","specs":[{"label":"Single","value":"12 MP, f/1.8, (wide), AF"},{"label":"Features","value":"Quad-LED dual-tone flash, HDR, panorama"},{"label":"Video","value":"4K@24/25/30/60fps, 1080p@25/30/60/120/240fps; gyro-EIS"}]},{"category":"Selfie camera","specs":[{"label":"Single","value":"12 MP, f/2.4, 122˚ (ultrawide)"},{"label":"Video","value":"1080p@25/30/60fps, gyro-EIS"},{"label":"Features","value":"HDR"}]},{"category":"Sound","specs":[{"label":"Loudspeaker","value":"Yes, with stereo speakers"},{"label":"3.5mm jack","value":"No"}]},{"category":"Comms","specs":[{"label":"WLAN","value":"Wi-Fi 802.11 a/b/g/n/ac/6e, dual-band, hotspot"},{"label":"Bluetooth","value":"5.3, A2DP"},{"label":"Positioning","value":"GPS, GLONASS - cellular model only"},{"label":"NFC","value":"No"},{"label":"USB","value":"USB Type-C 3.1 Gen2, DisplayPort"},{"label":"Radio","value":"No"}]},{"category":"Features","specs":[{"label":"Sensors","value":"Fingerprint (side-mounted), accelerometer, gyro, compass, barometer"}]},{"category":"Battery","specs":[{"label":"Type","value":"Li-Ion 5078 mAh (19.3 Wh)"}]},{"category":"Misc","specs":[{"label":"Colors","value":"Space Gray, Blue, Purple, Starlight"},{"label":"Models","value":"A2993, A2995, A2996, iPad16,1, iPad16,2"},{"label":"Price","value":"About 600 EUR"}]}]');
INSERT OR IGNORE INTO device_pictures (device_id, url, position) VALUES (18, 'https://fdn2.gsmarena.com/vv/bigpic/apple-ipad-mini-2024.jpg', 0);
INSERT OR IGNORE INTO device_pictures (device_id, url, position) VALUES (18, 'https://fdn2.gsmarena.com/vv/pics/apple/apple-ipad-mini-2024-1.jpg', 1);
INSERT OR IGNORE INTO device_pictures (device_id, url, position) VALUES (18, 'https://fdn2.gsmarena.com/vv/pics/apple/apple-ipad-mini-2024-2.jpg', 2);
INSERT OR IGNORE INTO device_pictures (device_id, url, position) VALUES (18, 'https://fdn2.gsmarena.com/vv/pics/apple/apple-ipad-mini-2024-3.jpg', 3);
INSERT OR IGNORE INTO devices (id, brand_id, name, gsmarena_url, thumbnail_url, summary) VALUES (19, 1, 'iPhone 16 Pro Max', 'https://www.gsmarena.com/apple_iphone_16_pro_max-13123.php', 'https://fdn2.gsmarena.com/vv/bigpic/apple-iphone-16-pro-max.jpg', 'iPhone 16 Pro Max');
INSERT OR IGNORE INTO device_specs (device_id, announced, status, network, os, chipset, cpu, gpu, display_size, display_type, display_res, ram, storage, main_camera, selfie_camera, battery, charging, nfc, usb, bluetooth, wlan, colors, weight, dimensions, sim, sensors, popularity, fans, rating, full_specs_json) VALUES (19, '2024, September 09', 'Available. Released 2024, September 20', 'GSM / CDMA / HSPA / EVDO / LTE / 5G / 5G', 'iOS 18, upgradable to iOS 26.3', 'Apple A18 Pro (3 nm)', 'Hexa-core (2x4.05 GHz + 4x2.42 GHz)', 'Apple GPU (6-core graphics)', '6.9 inches, 115.6 cm 2 (~91.4% screen-to-body ratio)', 'LTPO Super Retina XDR OLED, 120Hz, HDR10, Dolby Vision, 1000 nits (typ), 2000 nits (HBM)', '1320 x 2868 pixels, 19.5:9 ratio (~460 ppi density)', '8GB', '256GB', '48 MP, f/1.8, 24mm (wide), 1/1.28", 1.22µm, dual pixel PDAF, sensor-shift OIS, Dual-LED dual-tone flash, HDR (photo/panorama)', '12 MP, f/1.9, 23mm (wide), 1/3.6", 1.0µm, PDAF, OIS, 4K@24/25/30/60fps, 1080p@25/30/60/120fps, gyro-EIS', 'Li-Ion 4685 mAh', 'Wired, PD2.0, 50% in 30 min', 'Yes', 'USB Type-C 3.2 Gen 2, DisplayPort', '5.3, A2DP, LE', 'Wi-Fi 802.11 a/b/g/n/ac/6e/7, tri-band, hotspot', 'Black Titanium, White Titanium, Natural Titanium, Desert Titanium', '227 g (8.01 oz)', '163 x 77.6 x 8.3 mm (6.42 x 3.06 x 0.33 in)', '· Nano-SIM + eSIM + eSIM (max 2 at a time; International) · eSIM + eSIM (8 or more, max 2 at a time; USA) · Nano-SIM + Nano-SIM (China)', 'Face ID, accelerometer, gyro, proximity, compass, barometer', '₹ 134,900 / $ 678.10 / £ 718.97 / € 860.00', NULL, NULL, '[{"category":"Network","specs":[{"label":"Technology","value":"GSM / CDMA / HSPA / EVDO / LTE / 5G"},{"label":"2G bands","value":"GSM 850 / 900 / 1800 / 1900"},{"label":"3G bands","value":"HSDPA 850 / 900 / 1700(AWS) / 1900 / 2100"},{"label":"4G bands","value":"1, 2, 3, 4, 5, 7, 8, 12, 13, 17, 18, 19, 20, 25, 26, 28, 30, 32, 34, 38, 39, 40, 41, 42, 48, 53, 66 - A3296"},{"label":"5G bands","value":"1, 2, 3, 5, 7, 8, 12, 20, 25, 26, 28, 30, 38, 40, 41, 48, 53, 66, 70, 75, 76, 77, 78, 79 SA/NSA/Sub6 - A3296"},{"label":"Speed","value":"HSPA, LTE, 5G, EV-DO Rev.A 3.1 Mbps"}]},{"category":"Launch","specs":[{"label":"Announced","value":"2024, September 09"},{"label":"Status","value":"Available. Released 2024, September 20"}]},{"category":"Body","specs":[{"label":"Dimensions","value":"163 x 77.6 x 8.3 mm (6.42 x 3.06 x 0.33 in)"},{"label":"Weight","value":"227 g (8.01 oz)"},{"label":"Build","value":"Glass front (Ceramic Shield), glass back, titanium frame (grade 5)"},{"label":"SIM","value":"· Nano-SIM + eSIM + eSIM (max 2 at a time; International) · eSIM + eSIM (8 or more, max 2 at a time; USA) · Nano-SIM + Nano-SIM (China)"}]},{"category":"Display","specs":[{"label":"Type","value":"LTPO Super Retina XDR OLED, 120Hz, HDR10, Dolby Vision, 1000 nits (typ), 2000 nits (HBM)"},{"label":"Size","value":"6.9 inches, 115.6 cm 2 (~91.4% screen-to-body ratio)"},{"label":"Resolution","value":"1320 x 2868 pixels, 19.5:9 ratio (~460 ppi density)"},{"label":"Protection","value":"Ceramic Shield glass (2024 gen), Mohs level 4"}]},{"category":"Platform","specs":[{"label":"OS","value":"iOS 18, upgradable to iOS 26.3"},{"label":"Chipset","value":"Apple A18 Pro (3 nm)"},{"label":"CPU","value":"Hexa-core (2x4.05 GHz + 4x2.42 GHz)"},{"label":"GPU","value":"Apple GPU (6-core graphics)"}]},{"category":"Memory","specs":[{"label":"Card slot","value":"No"},{"label":"Internal","value":"256GB 8GB RAM, 512GB 8GB RAM, 1TB 8GB RAM"}]},{"category":"Main Camera","specs":[{"label":"Triple","value":"48 MP, f/1.8, 24mm (wide), 1/1.28\\", 1.22µm, dual pixel PDAF, sensor-shift OIS"},{"label":"Features","value":"Dual-LED dual-tone flash, HDR (photo/panorama)"},{"label":"Video","value":"4K@24/25/30/60/100/120fps, 1080p@25/30/60/120/240fps, 10-bit HDR, Dolby Vision HDR (up to 60fps), ProRes, 3D (spatial) video/audio, stereo sound rec."}]},{"category":"Selfie camera","specs":[{"label":"Single","value":"12 MP, f/1.9, 23mm (wide), 1/3.6\\", 1.0µm, PDAF, OIS"},{"label":"Video","value":"4K@24/25/30/60fps, 1080p@25/30/60/120fps, gyro-EIS"},{"label":"Features","value":"HDR, Dolby Vision HDR, 3D (spatial) audio, stereo sound rec."}]},{"category":"Sound","specs":[{"label":"Loudspeaker","value":"Yes, with stereo speakers"},{"label":"3.5mm jack","value":"No"}]},{"category":"Comms","specs":[{"label":"WLAN","value":"Wi-Fi 802.11 a/b/g/n/ac/6e/7, tri-band, hotspot"},{"label":"Bluetooth","value":"5.3, A2DP, LE"},{"label":"Positioning","value":"GPS (L1+L5), GLONASS, GALILEO, BDS, QZSS, NavIC"},{"label":"NFC","value":"Yes"},{"label":"USB","value":"USB Type-C 3.2 Gen 2, DisplayPort"},{"label":"Radio","value":"No"}]},{"category":"Features","specs":[{"label":"Sensors","value":"Face ID, accelerometer, gyro, proximity, compass, barometer"}]},{"category":"Battery","specs":[{"label":"Type","value":"Li-Ion 4685 mAh"},{"label":"Charging","value":"Wired, PD2.0, 50% in 30 min"}]},{"category":"Misc","specs":[{"label":"Colors","value":"Black Titanium, White Titanium, Natural Titanium, Desert Titanium"},{"label":"Models","value":"A3296, A3084, A3295, A3297, iPhone17,2"},{"label":"SAR","value":"1.01 W/kg (head)     1.15 W/kg (body)"},{"label":"Price","value":"₹ 134,900 / $ 678.10 / £ 718.97 / € 860.00"},{"label":"SAR EU","value":"1.22 W/kg (head)     1.45 W/kg (body)"}]}]');
INSERT OR IGNORE INTO device_pictures (device_id, url, position) VALUES (19, 'https://fdn2.gsmarena.com/vv/bigpic/apple-iphone-16-pro-max.jpg', 0);
INSERT OR IGNORE INTO device_pictures (device_id, url, position) VALUES (19, 'https://fdn2.gsmarena.com/vv/pics/apple/apple-iphone-16-pro-max-1.jpg', 1);
INSERT OR IGNORE INTO device_pictures (device_id, url, position) VALUES (19, 'https://fdn2.gsmarena.com/vv/pics/apple/apple-iphone-16-pro-max-2.jpg', 2);
INSERT OR IGNORE INTO device_pictures (device_id, url, position) VALUES (19, 'https://fdn2.gsmarena.com/vv/pics/apple/apple-iphone-16-pro-max-3.jpg', 3);
INSERT OR IGNORE INTO device_pictures (device_id, url, position) VALUES (19, 'https://fdn.gsmarena.com/imgroot/reviews/24/apple-iphone-16-pro/lifestyle/-1024w2/gsmarena_001.jpg', 4);
INSERT OR IGNORE INTO device_pictures (device_id, url, position) VALUES (19, 'https://fdn.gsmarena.com/imgroot/reviews/24/apple-iphone-16-pro/lifestyle/-1024w2/gsmarena_002.jpg', 5);
INSERT OR IGNORE INTO device_pictures (device_id, url, position) VALUES (19, 'https://fdn.gsmarena.com/imgroot/reviews/24/apple-iphone-16-pro/lifestyle/-1024w2/gsmarena_003.jpg', 6);
INSERT OR IGNORE INTO device_pictures (device_id, url, position) VALUES (19, 'https://fdn.gsmarena.com/imgroot/reviews/24/apple-iphone-16-pro/lifestyle/-1024w2/gsmarena_004.jpg', 7);
INSERT OR IGNORE INTO device_pictures (device_id, url, position) VALUES (19, 'https://fdn.gsmarena.com/imgroot/reviews/24/apple-iphone-16-pro/lifestyle/-1024w2/gsmarena_005.jpg', 8);
INSERT OR IGNORE INTO device_pictures (device_id, url, position) VALUES (19, 'https://fdn.gsmarena.com/imgroot/reviews/24/apple-iphone-16-pro/lifestyle/-1024w2/gsmarena_006.jpg', 9);
INSERT OR IGNORE INTO devices (id, brand_id, name, gsmarena_url, thumbnail_url, summary) VALUES (20, 1, 'iPhone 16 Pro', 'https://www.gsmarena.com/apple_iphone_16_pro-13315.php', 'https://fdn2.gsmarena.com/vv/bigpic/apple-iphone-16-pro.jpg', 'iPhone 16 Pro');
INSERT OR IGNORE INTO device_specs (device_id, announced, status, network, os, chipset, cpu, gpu, display_size, display_type, display_res, ram, storage, main_camera, selfie_camera, battery, charging, nfc, usb, bluetooth, wlan, colors, weight, dimensions, sim, sensors, popularity, fans, rating, full_specs_json) VALUES (20, '2024, September 09', 'Available. Released 2024, September 20', 'GSM / CDMA / HSPA / EVDO / LTE / 5G / 5G', 'iOS 18, upgradable to iOS 26.3', 'Apple A18 Pro (3 nm)', 'Hexa-core (2x4.05 GHz + 4x2.42 GHz)', 'Apple GPU (6-core graphics)', '6.3 inches, 96.4 cm 2 (~90.1% screen-to-body ratio)', 'LTPO Super Retina XDR OLED, 120Hz, HDR10, Dolby Vision, 1000 nits (typ), 2000 nits (HBM)', '1206 x 2622 pixels, 19.5:9 ratio (~460 ppi density)', '8GB', '128GB', '48 MP, f/1.8, 24mm (wide), 1/1.28", 1.22µm, dual pixel PDAF, sensor-shift OIS, Dual-LED dual-tone flash, HDR (photo/panorama)', '12 MP, f/1.9, 23mm (wide), 1/3.6", 1.0µm, PDAF, OIS, 4K@24/25/30/60fps, 1080p@25/30/60/120fps, gyro-EIS', 'Li-Ion 3582 mAh', 'Wired, PD2.0, 50% in 30 min', 'Yes', 'USB Type-C 3.2 Gen 2, DisplayPort', '5.3, A2DP, LE', 'Wi-Fi 802.11 a/b/g/n/ac/6e/7, tri-band, hotspot', 'Black Titanium, White Titanium, Natural Titanium, Desert Titanium', '199 g (7.02 oz)', '149.6 x 71.5 x 8.3 mm (5.89 x 2.81 x 0.33 in)', '· Nano-SIM + eSIM + eSIM (max 2 at a time; International) · eSIM + eSIM (8 or more, max 2 at a time; USA) · Nano-SIM + Nano-SIM (China)', 'Face ID, accelerometer, gyro, proximity, compass, barometer', '$ 589.00 / £ 640.00 / € 742.93', NULL, NULL, '[{"category":"Network","specs":[{"label":"Technology","value":"GSM / CDMA / HSPA / EVDO / LTE / 5G"},{"label":"2G bands","value":"GSM 850 / 900 / 1800 / 1900"},{"label":"3G bands","value":"HSDPA 850 / 900 / 1700(AWS) / 1900 / 2100"},{"label":"4G bands","value":"1, 2, 3, 4, 5, 7, 8, 12, 13, 17, 18, 19, 20, 25, 26, 28, 30, 32, 34, 38, 39, 40, 41, 42, 48, 53, 66 - A3293"},{"label":"5G bands","value":"1, 2, 3, 5, 7, 8, 12, 20, 25, 26, 28, 30, 38, 40, 41, 48, 53, 66, 70, 75, 76, 77, 78, 79 SA/NSA/Sub6 - A3293"},{"label":"Speed","value":"HSPA, LTE, 5G, EV-DO Rev.A 3.1 Mbps"}]},{"category":"Launch","specs":[{"label":"Announced","value":"2024, September 09"},{"label":"Status","value":"Available. Released 2024, September 20"}]},{"category":"Body","specs":[{"label":"Dimensions","value":"149.6 x 71.5 x 8.3 mm (5.89 x 2.81 x 0.33 in)"},{"label":"Weight","value":"199 g (7.02 oz)"},{"label":"Build","value":"Glass front (Ceramic Shield), glass back, titanium frame (grade 5)"},{"label":"SIM","value":"· Nano-SIM + eSIM + eSIM (max 2 at a time; International) · eSIM + eSIM (8 or more, max 2 at a time; USA) · Nano-SIM + Nano-SIM (China)"}]},{"category":"Display","specs":[{"label":"Type","value":"LTPO Super Retina XDR OLED, 120Hz, HDR10, Dolby Vision, 1000 nits (typ), 2000 nits (HBM)"},{"label":"Size","value":"6.3 inches, 96.4 cm 2 (~90.1% screen-to-body ratio)"},{"label":"Resolution","value":"1206 x 2622 pixels, 19.5:9 ratio (~460 ppi density)"},{"label":"Protection","value":"Ceramic Shield glass (2024 gen), Mohs level 4"}]},{"category":"Platform","specs":[{"label":"OS","value":"iOS 18, upgradable to iOS 26.3"},{"label":"Chipset","value":"Apple A18 Pro (3 nm)"},{"label":"CPU","value":"Hexa-core (2x4.05 GHz + 4x2.42 GHz)"},{"label":"GPU","value":"Apple GPU (6-core graphics)"}]},{"category":"Memory","specs":[{"label":"Card slot","value":"No"},{"label":"Internal","value":"128GB 8GB RAM, 256GB 8GB RAM, 512GB 8GB RAM, 1TB 8GB RAM"}]},{"category":"Main Camera","specs":[{"label":"Triple","value":"48 MP, f/1.8, 24mm (wide), 1/1.28\\", 1.22µm, dual pixel PDAF, sensor-shift OIS"},{"label":"Features","value":"Dual-LED dual-tone flash, HDR (photo/panorama)"},{"label":"Video","value":"4K@24/25/30/60/100/120fps, 1080p@25/30/60/120/240fps, 10-bit HDR, Dolby Vision HDR (up to 60fps), ProRes, 3D (spatial) video/audio, stereo sound rec."}]},{"category":"Selfie camera","specs":[{"label":"Single","value":"12 MP, f/1.9, 23mm (wide), 1/3.6\\", 1.0µm, PDAF, OIS"},{"label":"Video","value":"4K@24/25/30/60fps, 1080p@25/30/60/120fps, gyro-EIS"},{"label":"Features","value":"HDR, Dolby Vision HDR, 3D (spatial) audio, stereo sound rec."}]},{"category":"Sound","specs":[{"label":"Loudspeaker","value":"Yes, with stereo speakers"},{"label":"3.5mm jack","value":"No"}]},{"category":"Comms","specs":[{"label":"WLAN","value":"Wi-Fi 802.11 a/b/g/n/ac/6e/7, tri-band, hotspot"},{"label":"Bluetooth","value":"5.3, A2DP, LE"},{"label":"Positioning","value":"GPS (L1+L5), GLONASS, GALILEO, BDS, QZSS, NavIC"},{"label":"NFC","value":"Yes"},{"label":"USB","value":"USB Type-C 3.2 Gen 2, DisplayPort"},{"label":"Radio","value":"No"}]},{"category":"Features","specs":[{"label":"Sensors","value":"Face ID, accelerometer, gyro, proximity, compass, barometer"}]},{"category":"Battery","specs":[{"label":"Type","value":"Li-Ion 3582 mAh"},{"label":"Charging","value":"Wired, PD2.0, 50% in 30 min"}]},{"category":"Misc","specs":[{"label":"Colors","value":"Black Titanium, White Titanium, Natural Titanium, Desert Titanium"},{"label":"Models","value":"A3293, A3083, A3292, A3294, iPhone17,1"},{"label":"SAR","value":"1.09 W/kg (head)     1.19 W/kg (body)"},{"label":"Price","value":"$ 589.00 / £ 640.00 / € 742.93"},{"label":"SAR EU","value":"1.24 W/kg (head)     1.48 W/kg (body)"}]}]');
INSERT OR IGNORE INTO device_pictures (device_id, url, position) VALUES (20, 'https://fdn2.gsmarena.com/vv/bigpic/apple-iphone-16-pro.jpg', 0);
INSERT OR IGNORE INTO device_pictures (device_id, url, position) VALUES (20, 'https://fdn2.gsmarena.com/vv/pics/apple/apple-iphone-16-pro-1.jpg', 1);
INSERT OR IGNORE INTO device_pictures (device_id, url, position) VALUES (20, 'https://fdn2.gsmarena.com/vv/pics/apple/apple-iphone-16-pro-2.jpg', 2);
INSERT OR IGNORE INTO device_pictures (device_id, url, position) VALUES (20, 'https://fdn2.gsmarena.com/vv/pics/apple/apple-iphone-16-pro-3.jpg', 3);
INSERT OR IGNORE INTO device_pictures (device_id, url, position) VALUES (20, 'https://fdn.gsmarena.com/imgroot/reviews/24/apple-iphone-16-pro/lifestyle/-1024w2/gsmarena_001.jpg', 4);
INSERT OR IGNORE INTO device_pictures (device_id, url, position) VALUES (20, 'https://fdn.gsmarena.com/imgroot/reviews/24/apple-iphone-16-pro/lifestyle/-1024w2/gsmarena_002.jpg', 5);
INSERT OR IGNORE INTO device_pictures (device_id, url, position) VALUES (20, 'https://fdn.gsmarena.com/imgroot/reviews/24/apple-iphone-16-pro/lifestyle/-1024w2/gsmarena_003.jpg', 6);
INSERT OR IGNORE INTO device_pictures (device_id, url, position) VALUES (20, 'https://fdn.gsmarena.com/imgroot/reviews/24/apple-iphone-16-pro/lifestyle/-1024w2/gsmarena_004.jpg', 7);
INSERT OR IGNORE INTO device_pictures (device_id, url, position) VALUES (20, 'https://fdn.gsmarena.com/imgroot/reviews/24/apple-iphone-16-pro/lifestyle/-1024w2/gsmarena_005.jpg', 8);
INSERT OR IGNORE INTO device_pictures (device_id, url, position) VALUES (20, 'https://fdn.gsmarena.com/imgroot/reviews/24/apple-iphone-16-pro/lifestyle/-1024w2/gsmarena_006.jpg', 9);
INSERT OR IGNORE INTO devices (id, brand_id, name, gsmarena_url, thumbnail_url, summary) VALUES (21, 1, 'iPhone 16 Plus', 'https://www.gsmarena.com/apple_iphone_16_plus-13316.php', 'https://fdn2.gsmarena.com/vv/bigpic/apple-iphone-16-plus.jpg', 'iPhone 16 Plus');
INSERT OR IGNORE INTO device_specs (device_id, announced, status, network, os, chipset, cpu, gpu, display_size, display_type, display_res, ram, storage, main_camera, selfie_camera, battery, charging, nfc, usb, bluetooth, wlan, colors, weight, dimensions, sim, sensors, popularity, fans, rating, full_specs_json) VALUES (21, '2024, September 09', 'Available. Released 2024, September 20', 'GSM / CDMA / HSPA / EVDO / LTE / 5G / 5G', 'iOS 18, upgradable to iOS 26.3', 'Apple A18 (3 nm)', 'Hexa-core (2x4.04 GHz + 4x2.20 GHz)', 'Apple GPU (5-core graphics)', '6.7 inches, 110.2 cm 2 (~88.0% screen-to-body ratio)', 'Super Retina XDR OLED, HDR10, Dolby Vision, 1000 nits (typ), 2000 nits (HBM)', '1290 x 2796 pixels, 19.5:9 ratio (~460 ppi density)', '8GB', '128GB', '48 MP, f/1.6, 26mm (wide), 1/1.56", 1.0µm, dual pixel PDAF, sensor-shift OIS, Dual-LED dual-tone flash, HDR (photo/panorama)', '12 MP, f/1.9, 23mm (wide), 1/3.6", 1.0µm, PDAF, 4K@24/25/30/60fps, 1080p@25/30/60/120fps, gyro-EIS', 'Li-Ion 4674 mAh', 'Wired, PD2.0, 50% in 30 min', 'Yes', 'USB Type-C 2.0, DisplayPort', '5.3, A2DP, LE', 'Wi-Fi 802.11 a/b/g/n/ac/6/7, tri-band, hotspot', 'Black, White, Pink, Teal, Ultramarine', '199 g (7.02 oz)', '160.9 x 77.8 x 7.8 mm (6.33 x 3.06 x 0.31 in)', '· Nano-SIM + eSIM + eSIM (max 2 at a time; International) · eSIM + eSIM (8 or more, max 2 at a time; USA) · Nano-SIM + Nano-SIM (China)', 'Face ID, accelerometer, gyro, proximity, compass, barometer', '$ 469.93 / £ 544.17 / € 669.00', NULL, NULL, '[{"category":"Network","specs":[{"label":"Technology","value":"GSM / CDMA / HSPA / EVDO / LTE / 5G"},{"label":"2G bands","value":"GSM 850 / 900 / 1800 / 1900"},{"label":"3G bands","value":"HSDPA 850 / 900 / 1700(AWS) / 1900 / 2100"},{"label":"4G bands","value":"1, 2, 3, 4, 5, 7, 8, 12, 13, 17, 18, 19, 20, 25, 26, 28, 30, 32, 34, 38, 39, 40, 41, 42, 48, 53, 66 - A3290"},{"label":"5G bands","value":"1, 2, 3, 5, 7, 8, 12, 20, 25, 26, 28, 30, 38, 40, 41, 48, 53, 66, 70, 75, 76, 77, 78, 79 SA/NSA/Sub6 - A3290"},{"label":"Speed","value":"HSPA, LTE, 5G, EV-DO Rev.A 3.1 Mbps"}]},{"category":"Launch","specs":[{"label":"Announced","value":"2024, September 09"},{"label":"Status","value":"Available. Released 2024, September 20"}]},{"category":"Body","specs":[{"label":"Dimensions","value":"160.9 x 77.8 x 7.8 mm (6.33 x 3.06 x 0.31 in)"},{"label":"Weight","value":"199 g (7.02 oz)"},{"label":"Build","value":"Glass front (Ceramic Shield), glass back, aluminum frame"},{"label":"SIM","value":"· Nano-SIM + eSIM + eSIM (max 2 at a time; International) · eSIM + eSIM (8 or more, max 2 at a time; USA) · Nano-SIM + Nano-SIM (China)"}]},{"category":"Display","specs":[{"label":"Type","value":"Super Retina XDR OLED, HDR10, Dolby Vision, 1000 nits (typ), 2000 nits (HBM)"},{"label":"Size","value":"6.7 inches, 110.2 cm 2 (~88.0% screen-to-body ratio)"},{"label":"Resolution","value":"1290 x 2796 pixels, 19.5:9 ratio (~460 ppi density)"},{"label":"Protection","value":"Ceramic Shield glass (2024 gen), Mohs level 4"}]},{"category":"Platform","specs":[{"label":"OS","value":"iOS 18, upgradable to iOS 26.3"},{"label":"Chipset","value":"Apple A18 (3 nm)"},{"label":"CPU","value":"Hexa-core (2x4.04 GHz + 4x2.20 GHz)"},{"label":"GPU","value":"Apple GPU (5-core graphics)"}]},{"category":"Memory","specs":[{"label":"Card slot","value":"No"},{"label":"Internal","value":"128GB 8GB RAM, 256GB 8GB RAM, 512GB 8GB RAM"}]},{"category":"Main Camera","specs":[{"label":"Dual","value":"48 MP, f/1.6, 26mm (wide), 1/1.56\\", 1.0µm, dual pixel PDAF, sensor-shift OIS"},{"label":"Features","value":"Dual-LED dual-tone flash, HDR (photo/panorama)"},{"label":"Video","value":"4K@24/25/30/60fps, 1080p@25/30/60/120/240fps, HDR, Dolby Vision HDR (up to 60fps), stereo sound rec."}]},{"category":"Selfie camera","specs":[{"label":"Single","value":"12 MP, f/1.9, 23mm (wide), 1/3.6\\", 1.0µm, PDAF"},{"label":"Video","value":"4K@24/25/30/60fps, 1080p@25/30/60/120fps, gyro-EIS"},{"label":"Features","value":"HDR, Dolby Vision HDR, 3D (spatial) audio, stereo sound rec."}]},{"category":"Sound","specs":[{"label":"Loudspeaker","value":"Yes, with stereo speakers"},{"label":"3.5mm jack","value":"No"}]},{"category":"Comms","specs":[{"label":"WLAN","value":"Wi-Fi 802.11 a/b/g/n/ac/6/7, tri-band, hotspot"},{"label":"Bluetooth","value":"5.3, A2DP, LE"},{"label":"Positioning","value":"GPS, GLONASS, GALILEO, BDS, QZSS"},{"label":"NFC","value":"Yes"},{"label":"USB","value":"USB Type-C 2.0, DisplayPort"},{"label":"Radio","value":"No"}]},{"category":"Features","specs":[{"label":"Sensors","value":"Face ID, accelerometer, gyro, proximity, compass, barometer"}]},{"category":"Battery","specs":[{"label":"Type","value":"Li-Ion 4674 mAh"},{"label":"Charging","value":"Wired, PD2.0, 50% in 30 min"}]},{"category":"Misc","specs":[{"label":"Colors","value":"Black, White, Pink, Teal, Ultramarine"},{"label":"Models","value":"A3290, A3082, A3289, A3291, iPhone17,4"},{"label":"SAR","value":"1.13 W/kg (head)     1.16 W/kg (body)"},{"label":"Price","value":"$ 469.93 / £ 544.17 / € 669.00"},{"label":"SAR EU","value":"1.24 W/kg (head)     1.33 W/kg (body)"}]}]');
INSERT OR IGNORE INTO device_pictures (device_id, url, position) VALUES (21, 'https://fdn2.gsmarena.com/vv/bigpic/apple-iphone-16-plus.jpg', 0);
INSERT OR IGNORE INTO device_pictures (device_id, url, position) VALUES (21, 'https://fdn2.gsmarena.com/vv/pics/apple/apple-iphone-16-plus-1.jpg', 1);
INSERT OR IGNORE INTO device_pictures (device_id, url, position) VALUES (21, 'https://fdn2.gsmarena.com/vv/pics/apple/apple-iphone-16-plus-2.jpg', 2);
INSERT OR IGNORE INTO device_pictures (device_id, url, position) VALUES (21, 'https://fdn2.gsmarena.com/vv/pics/apple/apple-iphone-16-plus-3.jpg', 3);
INSERT OR IGNORE INTO device_pictures (device_id, url, position) VALUES (21, 'https://fdn.gsmarena.com/imgroot/reviews/24/iphone-16-plus/lifestyle/-1024w2/gsmarena_001.jpg', 4);
INSERT OR IGNORE INTO device_pictures (device_id, url, position) VALUES (21, 'https://fdn.gsmarena.com/imgroot/reviews/24/iphone-16-plus/lifestyle/-1024w2/gsmarena_002.jpg', 5);
INSERT OR IGNORE INTO device_pictures (device_id, url, position) VALUES (21, 'https://fdn.gsmarena.com/imgroot/reviews/24/iphone-16-plus/lifestyle/-1024w2/gsmarena_003.jpg', 6);
INSERT OR IGNORE INTO device_pictures (device_id, url, position) VALUES (21, 'https://fdn.gsmarena.com/imgroot/reviews/24/iphone-16-plus/lifestyle/-1024w2/gsmarena_004.jpg', 7);
INSERT OR IGNORE INTO device_pictures (device_id, url, position) VALUES (21, 'https://fdn.gsmarena.com/imgroot/reviews/24/iphone-16-plus/lifestyle/-1024w2/gsmarena_005.jpg', 8);
INSERT OR IGNORE INTO device_pictures (device_id, url, position) VALUES (21, 'https://fdn.gsmarena.com/imgroot/reviews/24/iphone-16-plus/lifestyle/-1024w2/gsmarena_006.jpg', 9);
INSERT OR IGNORE INTO devices (id, brand_id, name, gsmarena_url, thumbnail_url, summary) VALUES (22, 1, 'iPhone 16', 'https://www.gsmarena.com/apple_iphone_16-13317.php', 'https://fdn2.gsmarena.com/vv/bigpic/apple-iphone-16.jpg', 'iPhone 16');
INSERT OR IGNORE INTO device_specs (device_id, announced, status, network, os, chipset, cpu, gpu, display_size, display_type, display_res, ram, storage, main_camera, selfie_camera, battery, charging, nfc, usb, bluetooth, wlan, colors, weight, dimensions, sim, sensors, popularity, fans, rating, full_specs_json) VALUES (22, '2024, September 09', 'Available. Released 2024, September 20', 'GSM / CDMA / HSPA / EVDO / LTE / 5G / 5G', 'iOS 18, upgradable to iOS 26.3', 'Apple A18 (3 nm)', 'Hexa-core (2x4.04 GHz + 4x2.20 GHz)', 'Apple GPU (5-core graphics)', '6.1 inches, 91.7 cm 2 (~86.8% screen-to-body ratio)', 'Super Retina XDR OLED, HDR10, Dolby Vision, 1000 nits (typ), 2000 nits (HBM)', '1179 x 2556 pixels, 19.5:9 ratio (~460 ppi density)', '8GB', '128GB', '48 MP, f/1.6, 26mm (wide), 1/1.56", 1.0µm, dual pixel PDAF, sensor-shift OIS, Dual-LED dual-tone flash, HDR (photo/panorama)', '12 MP, f/1.9, 23mm (wide), 1/3.6", 1.0µm, PDAF, 4K@24/25/30/60fps, 1080p@25/30/60/120fps, gyro-EIS', 'Li-Ion 3561 mAh', 'Wired, PD2.0, 50% in 30 min', 'Yes', 'USB Type-C 2.0, DisplayPort', '5.3, A2DP, LE', 'Wi-Fi 802.11 a/b/g/n/ac/6/7, tri-band, hotspot', 'Black, White, Pink, Teal, Ultramarine', '170 g (6.00 oz)', '147.6 x 71.6 x 7.8 mm (5.81 x 2.82 x 0.31 in)', '· Nano-SIM + eSIM + eSIM (max 2 at a time; International) · eSIM + eSIM (8 or more, max 2 at a time; USA) · Nano-SIM + Nano-SIM (China)', 'Face ID, accelerometer, gyro, proximity, compass, barometer', '$ 438.99 / £ 519.00 / € 590.00', NULL, NULL, '[{"category":"Network","specs":[{"label":"Technology","value":"GSM / CDMA / HSPA / EVDO / LTE / 5G"},{"label":"2G bands","value":"GSM 850 / 900 / 1800 / 1900"},{"label":"3G bands","value":"HSDPA 850 / 900 / 1700(AWS) / 1900 / 2100"},{"label":"4G bands","value":"1, 2, 3, 4, 5, 7, 8, 12, 13, 17, 18, 19, 20, 25, 26, 28, 30, 32, 34, 38, 39, 40, 41, 42, 48, 53, 66 - A3287"},{"label":"5G bands","value":"1, 2, 3, 5, 7, 8, 12, 20, 25, 26, 28, 30, 38, 40, 41, 48, 53, 66, 70, 75, 76, 77, 78, 79 SA/NSA/Sub6 - A3287"},{"label":"Speed","value":"HSPA, LTE, 5G, EV-DO Rev.A 3.1 Mbps"}]},{"category":"Launch","specs":[{"label":"Announced","value":"2024, September 09"},{"label":"Status","value":"Available. Released 2024, September 20"}]},{"category":"Body","specs":[{"label":"Dimensions","value":"147.6 x 71.6 x 7.8 mm (5.81 x 2.82 x 0.31 in)"},{"label":"Weight","value":"170 g (6.00 oz)"},{"label":"Build","value":"Glass front (Ceramic Shield), glass back, aluminum frame"},{"label":"SIM","value":"· Nano-SIM + eSIM + eSIM (max 2 at a time; International) · eSIM + eSIM (8 or more, max 2 at a time; USA) · Nano-SIM + Nano-SIM (China)"}]},{"category":"Display","specs":[{"label":"Type","value":"Super Retina XDR OLED, HDR10, Dolby Vision, 1000 nits (typ), 2000 nits (HBM)"},{"label":"Size","value":"6.1 inches, 91.7 cm 2 (~86.8% screen-to-body ratio)"},{"label":"Resolution","value":"1179 x 2556 pixels, 19.5:9 ratio (~460 ppi density)"},{"label":"Protection","value":"Ceramic Shield glass (2024 gen), Mohs level 4"}]},{"category":"Platform","specs":[{"label":"OS","value":"iOS 18, upgradable to iOS 26.3"},{"label":"Chipset","value":"Apple A18 (3 nm)"},{"label":"CPU","value":"Hexa-core (2x4.04 GHz + 4x2.20 GHz)"},{"label":"GPU","value":"Apple GPU (5-core graphics)"}]},{"category":"Memory","specs":[{"label":"Card slot","value":"No"},{"label":"Internal","value":"128GB 8GB RAM, 256GB 8GB RAM, 512GB 8GB RAM"}]},{"category":"Main Camera","specs":[{"label":"Dual","value":"48 MP, f/1.6, 26mm (wide), 1/1.56\\", 1.0µm, dual pixel PDAF, sensor-shift OIS"},{"label":"Features","value":"Dual-LED dual-tone flash, HDR (photo/panorama)"},{"label":"Video","value":"4K@24/25/30/60fps, 1080p@25/30/60/120/240fps, HDR, Dolby Vision HDR (up to 60fps), stereo sound rec."}]},{"category":"Selfie camera","specs":[{"label":"Single","value":"12 MP, f/1.9, 23mm (wide), 1/3.6\\", 1.0µm, PDAF"},{"label":"Video","value":"4K@24/25/30/60fps, 1080p@25/30/60/120fps, gyro-EIS"},{"label":"Features","value":"HDR, Dolby Vision HDR, 3D (spatial) audio, stereo sound rec."}]},{"category":"Sound","specs":[{"label":"Loudspeaker","value":"Yes, with stereo speakers"},{"label":"3.5mm jack","value":"No"}]},{"category":"Comms","specs":[{"label":"WLAN","value":"Wi-Fi 802.11 a/b/g/n/ac/6/7, tri-band, hotspot"},{"label":"Bluetooth","value":"5.3, A2DP, LE"},{"label":"Positioning","value":"GPS, GLONASS, GALILEO, BDS, QZSS"},{"label":"NFC","value":"Yes"},{"label":"USB","value":"USB Type-C 2.0, DisplayPort"},{"label":"Radio","value":"No"}]},{"category":"Features","specs":[{"label":"Sensors","value":"Face ID, accelerometer, gyro, proximity, compass, barometer"}]},{"category":"Battery","specs":[{"label":"Type","value":"Li-Ion 3561 mAh"},{"label":"Charging","value":"Wired, PD2.0, 50% in 30 min"}]},{"category":"Misc","specs":[{"label":"Colors","value":"Black, White, Pink, Teal, Ultramarine"},{"label":"Models","value":"A3287, A3081, A3286, A3288, iPhone17,3"},{"label":"SAR","value":"1.08 W/kg (head)     1.17 W/kg (body)"},{"label":"Price","value":"$ 438.99 / £ 519.00 / € 590.00"},{"label":"SAR EU","value":"1.24 W/kg (head)     1.41 W/kg (body)"}]}]');
INSERT OR IGNORE INTO device_pictures (device_id, url, position) VALUES (22, 'https://fdn2.gsmarena.com/vv/bigpic/apple-iphone-16.jpg', 0);
INSERT OR IGNORE INTO device_pictures (device_id, url, position) VALUES (22, 'https://fdn2.gsmarena.com/vv/pics/apple/apple-iphone-16-1.jpg', 1);
INSERT OR IGNORE INTO device_pictures (device_id, url, position) VALUES (22, 'https://fdn2.gsmarena.com/vv/pics/apple/apple-iphone-16-2.jpg', 2);
INSERT OR IGNORE INTO device_pictures (device_id, url, position) VALUES (22, 'https://fdn2.gsmarena.com/vv/pics/apple/apple-iphone-16-3.jpg', 3);
INSERT OR IGNORE INTO device_pictures (device_id, url, position) VALUES (22, 'https://fdn.gsmarena.com/imgroot/reviews/24/apple-iphone-16/lifestyle/-1024w2/gsmarena_001.jpg', 4);
INSERT OR IGNORE INTO device_pictures (device_id, url, position) VALUES (22, 'https://fdn.gsmarena.com/imgroot/reviews/24/apple-iphone-16/lifestyle/-1024w2/gsmarena_002.jpg', 5);
INSERT OR IGNORE INTO device_pictures (device_id, url, position) VALUES (22, 'https://fdn.gsmarena.com/imgroot/reviews/24/apple-iphone-16/lifestyle/-1024w2/gsmarena_003.jpg', 6);
INSERT OR IGNORE INTO device_pictures (device_id, url, position) VALUES (22, 'https://fdn.gsmarena.com/imgroot/reviews/24/apple-iphone-16/lifestyle/-1024w2/gsmarena_004.jpg', 7);
INSERT OR IGNORE INTO device_pictures (device_id, url, position) VALUES (22, 'https://fdn.gsmarena.com/imgroot/reviews/24/apple-iphone-16/lifestyle/-1024w2/gsmarena_005.jpg', 8);
INSERT OR IGNORE INTO device_pictures (device_id, url, position) VALUES (22, 'https://fdn.gsmarena.com/imgroot/reviews/24/apple-iphone-16/lifestyle/-1024w2/gsmarena_006.jpg', 9);
INSERT OR IGNORE INTO devices (id, brand_id, name, gsmarena_url, thumbnail_url, summary) VALUES (23, 1, 'Watch Series 10', 'https://www.gsmarena.com/apple_watch_series_10-13318.php', 'https://fdn2.gsmarena.com/vv/bigpic/apple-watch-series10.jpg', 'Watch Series 10');
INSERT OR IGNORE INTO device_specs (device_id, announced, status, network, os, chipset, cpu, gpu, display_size, display_type, display_res, ram, storage, main_camera, selfie_camera, battery, charging, nfc, usb, bluetooth, wlan, colors, weight, dimensions, sim, sensors, popularity, fans, rating, full_specs_json) VALUES (23, '2024, September 09', 'Available. Released 2024, September 20', 'GSM / HSPA / LTE / 4G/LTE', 'watchOS 11, upgradable to watchOS 26.3', 'Apple S10', 'Dual-core', 'PowerVR', '1.96 inches', 'Retina LTPO3 OLED, 2000 nits (peak)', '496 x 416 pixels (~330 ppi density)', '64GB', '64GB', NULL, NULL, 'Li-Ion 327 mAh', 'Wireless, 0-80% in 30 min', 'Yes', 'No', '5.3, A2DP, LE', 'Wi-Fi 802.11 b/g/n, dual-band', 'Slate, Gold, Natural', '34.4 g (42mm), 41.7 g (46mm) (1.48 oz)', '46 x 39 x 9.7 mm (1.81 x 1.54 x 0.38 in)', 'eSIM', 'Accelerometer, gyro, heart rate, barometer, always-on altimeter, compass, SpO2, VO2max, temperature (body), temperature (water)', '€ 519.00', NULL, NULL, '[{"category":"Network","specs":[{"label":"Technology","value":"GSM / HSPA / LTE"},{"label":"2G bands","value":"GSM 850 / 900 / 1800 / 1900"},{"label":"3G bands","value":"HSDPA 850 / 900 / 1700(AWS) / 1900 / 2100 - International, China, HK"},{"label":"4G bands","value":"1, 2, 3, 4, 5, 6, 7, 8, 18, 19, 20, 25, 26, 28, 39, 40, 41, 66 - International, China, HK"},{"label":"Speed","value":"HSPA, LTE"}]},{"category":"Launch","specs":[{"label":"Announced","value":"2024, September 09"},{"label":"Status","value":"Available. Released 2024, September 20"}]},{"category":"Body","specs":[{"label":"Dimensions","value":"46 x 39 x 9.7 mm (1.81 x 1.54 x 0.38 in)"},{"label":"Weight","value":"34.4 g (42mm), 41.7 g (46mm) (1.48 oz)"},{"label":"Build","value":"Sapphire crystal front, ceramic/sapphire crystal back, titanium frame (grade 5)"},{"label":"SIM","value":"eSIM"}]},{"category":"Display","specs":[{"label":"Type","value":"Retina LTPO3 OLED, 2000 nits (peak)"},{"label":"Size","value":"1.96 inches"},{"label":"Resolution","value":"496 x 416 pixels (~330 ppi density)"},{"label":"Protection","value":"Sapphire crystal glass"}]},{"category":"Platform","specs":[{"label":"OS","value":"watchOS 11, upgradable to watchOS 26.3"},{"label":"Chipset","value":"Apple S10"},{"label":"CPU","value":"Dual-core"},{"label":"GPU","value":"PowerVR"}]},{"category":"Memory","specs":[{"label":"Card slot","value":"No"},{"label":"Internal","value":"64GB"}]},{"category":"Sound","specs":[{"label":"Loudspeaker","value":"Yes"},{"label":"3.5mm jack","value":"No"}]},{"category":"Comms","specs":[{"label":"WLAN","value":"Wi-Fi 802.11 b/g/n, dual-band"},{"label":"Bluetooth","value":"5.3, A2DP, LE"},{"label":"Positioning","value":"GPS, GLONASS, GALILEO, QZSS, BDS"},{"label":"NFC","value":"Yes"},{"label":"USB","value":"No"},{"label":"Radio","value":"No"}]},{"category":"Features","specs":[{"label":"Sensors","value":"Accelerometer, gyro, heart rate, barometer, always-on altimeter, compass, SpO2, VO2max, temperature (body), temperature (water)"}]},{"category":"Battery","specs":[{"label":"Type","value":"Li-Ion 327 mAh"},{"label":"Charging","value":"Wireless, 0-80% in 30 min"}]},{"category":"Misc","specs":[{"label":"Colors","value":"Slate, Gold, Natural"},{"label":"Models","value":"A3001, A3002, A3003, A3206"},{"label":"SAR","value":"1.08 W/kg (head)"},{"label":"Price","value":"€ 519.00"},{"label":"SAR EU","value":"0.26 W/kg (head)     0.83 W/kg (body)"}]}]');
INSERT OR IGNORE INTO device_pictures (device_id, url, position) VALUES (23, 'https://fdn2.gsmarena.com/vv/bigpic/apple-watch-series10.jpg', 0);
INSERT OR IGNORE INTO device_pictures (device_id, url, position) VALUES (23, 'https://fdn2.gsmarena.com/vv/pics/apple/apple-watch-series10-1.jpg', 1);
INSERT OR IGNORE INTO device_pictures (device_id, url, position) VALUES (23, 'https://fdn2.gsmarena.com/vv/pics/apple/apple-watch-series10-2.jpg', 2);
INSERT OR IGNORE INTO device_pictures (device_id, url, position) VALUES (23, 'https://fdn2.gsmarena.com/vv/pics/apple/apple-watch-series10-3.jpg', 3);
INSERT OR IGNORE INTO device_pictures (device_id, url, position) VALUES (23, 'https://fdn2.gsmarena.com/vv/pics/apple/apple-watch-series10-4.jpg', 4);
INSERT OR IGNORE INTO devices (id, brand_id, name, gsmarena_url, thumbnail_url, summary) VALUES (24, 1, 'Watch Series 10 Aluminum', 'https://www.gsmarena.com/apple_watch_series_10_aluminum-13319.php', 'https://fdn2.gsmarena.com/vv/bigpic/apple-watch-series10-alumin.jpg', 'Watch Series 10 Aluminum');
INSERT OR IGNORE INTO device_specs (device_id, announced, status, network, os, chipset, cpu, gpu, display_size, display_type, display_res, ram, storage, main_camera, selfie_camera, battery, charging, nfc, usb, bluetooth, wlan, colors, weight, dimensions, sim, sensors, popularity, fans, rating, full_specs_json) VALUES (24, '2024, September 09', 'Available. Released 2024, September 20', 'GSM / HSPA / LTE / 4G/LTE', 'watchOS 11, upgradable to watchOS 26.3', 'Apple S10', 'Dual-core', 'PowerVR', '1.96 inches', 'Retina LTPO3 OLED, 2000 nits (peak)', '496 x 416 pixels (~330 ppi density)', '64GB', '64GB', NULL, NULL, 'Li-Ion 327 mAh', 'Wireless, 0-80% in 30 min', 'Yes', 'No', '5.3, A2DP, LE', 'Wi-Fi 802.11 b/g/n, dual-band', 'Jet Black, Rose Gold, Silver', '29.3 g (42mm), 35.3 g (46mm) (1.02 oz)', '46 x 39 x 9.7 mm (1.81 x 1.54 x 0.38 in)', 'eSIM', 'Accelerometer, gyro, heart rate, barometer, always-on altimeter, compass, SpO2, VO2max, temperature (body), temperature (water)', '€ 304.14', NULL, NULL, '[{"category":"Network","specs":[{"label":"Technology","value":"GSM / HSPA / LTE"},{"label":"2G bands","value":"GSM 850 / 900 / 1800 / 1900"},{"label":"3G bands","value":"HSDPA 850 / 900 / 1700(AWS) / 1900 / 2100 - International, China, HK"},{"label":"4G bands","value":"1, 2, 3, 4, 5, 6, 7, 8, 18, 19, 20, 25, 26, 28, 39, 40, 41, 66 - International, China, HK"},{"label":"Speed","value":"HSPA, LTE"}]},{"category":"Launch","specs":[{"label":"Announced","value":"2024, September 09"},{"label":"Status","value":"Available. Released 2024, September 20"}]},{"category":"Body","specs":[{"label":"Dimensions","value":"46 x 39 x 9.7 mm (1.81 x 1.54 x 0.38 in)"},{"label":"Weight","value":"29.3 g (42mm), 35.3 g (46mm) (1.02 oz)"},{"label":"Build","value":"Glass front, ceramic/sapphire crystal back, aluminum frame"},{"label":"SIM","value":"eSIM"}]},{"category":"Display","specs":[{"label":"Type","value":"Retina LTPO3 OLED, 2000 nits (peak)"},{"label":"Size","value":"1.96 inches"},{"label":"Resolution","value":"496 x 416 pixels (~330 ppi density)"},{"label":"Protection","value":"Ion-X strengthened glass"}]},{"category":"Platform","specs":[{"label":"OS","value":"watchOS 11, upgradable to watchOS 26.3"},{"label":"Chipset","value":"Apple S10"},{"label":"CPU","value":"Dual-core"},{"label":"GPU","value":"PowerVR"}]},{"category":"Memory","specs":[{"label":"Card slot","value":"No"},{"label":"Internal","value":"64GB"}]},{"category":"Sound","specs":[{"label":"Loudspeaker","value":"Yes"},{"label":"3.5mm jack","value":"No"}]},{"category":"Comms","specs":[{"label":"WLAN","value":"Wi-Fi 802.11 b/g/n, dual-band"},{"label":"Bluetooth","value":"5.3, A2DP, LE"},{"label":"Positioning","value":"GPS, GLONASS, GALILEO, QZSS, BDS"},{"label":"NFC","value":"Yes"},{"label":"USB","value":"No"},{"label":"Radio","value":"No"}]},{"category":"Features","specs":[{"label":"Sensors","value":"Accelerometer, gyro, heart rate, barometer, always-on altimeter, compass, SpO2, VO2max, temperature (body), temperature (water)"}]},{"category":"Battery","specs":[{"label":"Type","value":"Li-Ion 327 mAh"},{"label":"Charging","value":"Wireless, 0-80% in 30 min"}]},{"category":"Misc","specs":[{"label":"Colors","value":"Jet Black, Rose Gold, Silver"},{"label":"Models","value":"A3001, A3002, A3003, A3206, A2997, A2998, A2999, A3000"},{"label":"SAR","value":"1.08 W/kg (head)"},{"label":"Price","value":"€ 304.14"},{"label":"SAR EU","value":"0.26 W/kg (head)     0.83 W/kg (body)"}]}]');
INSERT OR IGNORE INTO device_pictures (device_id, url, position) VALUES (24, 'https://fdn2.gsmarena.com/vv/bigpic/apple-watch-series10-alumin.jpg', 0);
INSERT OR IGNORE INTO device_pictures (device_id, url, position) VALUES (24, 'https://fdn2.gsmarena.com/vv/pics/apple/apple-watch-series10-alumin-1.jpg', 1);
INSERT OR IGNORE INTO device_pictures (device_id, url, position) VALUES (24, 'https://fdn2.gsmarena.com/vv/pics/apple/apple-watch-series10-alumin-4.jpg', 2);
INSERT OR IGNORE INTO device_pictures (device_id, url, position) VALUES (24, 'https://fdn2.gsmarena.com/vv/pics/apple/apple-watch-series10-alumin-2.jpg', 3);
INSERT OR IGNORE INTO device_pictures (device_id, url, position) VALUES (24, 'https://fdn2.gsmarena.com/vv/pics/apple/apple-watch-series10-alumin-3.jpg', 4);
INSERT OR IGNORE INTO devices (id, brand_id, name, gsmarena_url, thumbnail_url, summary) VALUES (25, 1, 'iPad Pro 13 (2024)', 'https://www.gsmarena.com/apple_ipad_pro_13_(2024)-12987.php', 'https://fdn2.gsmarena.com/vv/bigpic/apple-ipad-pro-13-2024.jpg', 'iPad Pro 13 (2024)');
INSERT OR IGNORE INTO device_specs (device_id, announced, status, network, os, chipset, cpu, gpu, display_size, display_type, display_res, ram, storage, main_camera, selfie_camera, battery, charging, nfc, usb, bluetooth, wlan, colors, weight, dimensions, sim, sensors, popularity, fans, rating, full_specs_json) VALUES (25, '2024, May 07', 'Available. Released 2024, May 15', 'GSM / HSPA / LTE / 5G / 5G', 'iPadOS 17.5.1, upgradable to iPadOS 26.3', 'Apple M4', '9-core 4.4 GHz (3 performance cores, 6 efficiency cores) - 256/512GB models 10-core 4.4 GHz (4 performance cores, 6 efficiency cores) - 1/2TB models', 'Apple GPU (10-core graphics)', '13.0 inches, 527.3 cm 2 (~86.9% screen-to-body ratio)', 'Ultra Retina Tandem OLED, 120Hz, HDR10, Dolby Vision, 1000 nits (HBM), 1600 nits (peak)', '2064 x 2752 pixels, 4:3 ratio (~264 ppi density)', '8GB', '256GB', '12 MP, f/1.8, (wide), dual pixel PDAF, Quad-LED dual-tone flash, HDR', '12 MP, f/2.4, 122˚ (ultrawide), 1080p@25/30/60fps, gyro-EIS, HDR', 'Li-Po 10290 mAh', NULL, 'No', 'USB Type-C 4 (Thunderbolt 3), DisplayPort, magnetic connector', '5.3, A2DP, LE, EDR', 'Wi-Fi 802.11 a/b/g/n/ac/6e, dual-band, hotspot', 'Silver, Space Black', '579 g (Wi-Fi), 582 g (5G) (1.28 lb)', '281.6 x 215.5 x 5.1 mm (11.09 x 8.48 x 0.20 in)', 'eSIM', 'Face ID, accelerometer, gyro, compass, barometer', 'About 1550 EUR', NULL, NULL, '[{"category":"Network","specs":[{"label":"Technology","value":"GSM / HSPA / LTE / 5G"},{"label":"2G bands","value":"GSM 850 / 900 / 1800 / 1900"},{"label":"3G bands","value":"HSDPA 850 / 900 / 1700(AWS) / 1900 / 2100"},{"label":"4G bands","value":"1, 2, 3, 4, 5, 7, 8, 11, 12, 13, 14, 17, 18, 19, 20, 21, 25, 26, 28, 29, 30, 32, 34, 38, 39, 40, 41, 42, 48, 66, 71 - A2926"},{"label":"5G bands","value":"1, 2, 3, 5, 7, 8, 12, 14, 20, 25, 26, 28, 29, 30, 38, 40, 41, 48, 66, 70, 71, 75, 76, 77, 78, 79 - A2926, A3007"},{"label":"Speed","value":"HSPA, LTE, 5G"}]},{"category":"Launch","specs":[{"label":"Announced","value":"2024, May 07"},{"label":"Status","value":"Available. Released 2024, May 15"}]},{"category":"Body","specs":[{"label":"Dimensions","value":"281.6 x 215.5 x 5.1 mm (11.09 x 8.48 x 0.20 in)"},{"label":"Weight","value":"579 g (Wi-Fi), 582 g (5G) (1.28 lb)"},{"label":"Build","value":"Glass front, aluminum back, aluminum frame"},{"label":"SIM","value":"eSIM"}]},{"category":"Display","specs":[{"label":"Type","value":"Ultra Retina Tandem OLED, 120Hz, HDR10, Dolby Vision, 1000 nits (HBM), 1600 nits (peak)"},{"label":"Size","value":"13.0 inches, 527.3 cm 2 (~86.9% screen-to-body ratio)"},{"label":"Resolution","value":"2064 x 2752 pixels, 4:3 ratio (~264 ppi density)"},{"label":"Protection","value":"Scratch-resistant glass, oleophobic coating, Mohs level 4"}]},{"category":"Platform","specs":[{"label":"OS","value":"iPadOS 17.5.1, upgradable to iPadOS 26.3"},{"label":"Chipset","value":"Apple M4"},{"label":"CPU","value":"9-core 4.4 GHz (3 performance cores, 6 efficiency cores) - 256/512GB models 10-core 4.4 GHz (4 performance cores, 6 efficiency cores) - 1/2TB models"},{"label":"GPU","value":"Apple GPU (10-core graphics)"}]},{"category":"Memory","specs":[{"label":"Card slot","value":"No"},{"label":"Internal","value":"256GB 8GB RAM, 512GB 8GB RAM, 1TB 16GB RAM, 2TB 16GB RAM"}]},{"category":"Main Camera","specs":[{"label":"Single","value":"12 MP, f/1.8, (wide), dual pixel PDAF"},{"label":"Features","value":"Quad-LED dual-tone flash, HDR"},{"label":"Video","value":"4K@24/25/30/60fps, 1080p@25/30/60/120/240fps; gyro-EIS, ProRes (4K, 1080p)"}]},{"category":"Selfie camera","specs":[{"label":"Single","value":"12 MP, f/2.4, 122˚ (ultrawide)"},{"label":"Video","value":"1080p@25/30/60fps, gyro-EIS, HDR"},{"label":"Features","value":"Face detection, HDR, panorama"}]},{"category":"Sound","specs":[{"label":"Loudspeaker","value":"Yes, with stereo speakers (4 speakers)"},{"label":"3.5mm jack","value":"No"}]},{"category":"Comms","specs":[{"label":"WLAN","value":"Wi-Fi 802.11 a/b/g/n/ac/6e, dual-band, hotspot"},{"label":"Bluetooth","value":"5.3, A2DP, LE, EDR"},{"label":"Positioning","value":"GPS, GLONASS, GALILEO, QZSS (Wi‑Fi + Cellular model only)"},{"label":"NFC","value":"No"},{"label":"USB","value":"USB Type-C 4 (Thunderbolt 3), DisplayPort, magnetic connector"},{"label":"Radio","value":"No"}]},{"category":"Features","specs":[{"label":"Sensors","value":"Face ID, accelerometer, gyro, compass, barometer"}]},{"category":"Battery","specs":[{"label":"Type","value":"Li-Po 10290 mAh"}]},{"category":"Misc","specs":[{"label":"Colors","value":"Silver, Space Black"},{"label":"Models","value":"A2925, A2926, A3007, iPad16,5, iPad16,6"},{"label":"Price","value":"About 1550 EUR"}]}]');
INSERT OR IGNORE INTO device_pictures (device_id, url, position) VALUES (25, 'https://fdn2.gsmarena.com/vv/bigpic/apple-ipad-pro-13-2024.jpg', 0);
INSERT OR IGNORE INTO device_pictures (device_id, url, position) VALUES (25, 'https://fdn2.gsmarena.com/vv/pics/apple/apple-ipad-pro-13-2024-2.jpg', 1);
INSERT OR IGNORE INTO device_pictures (device_id, url, position) VALUES (25, 'https://fdn2.gsmarena.com/vv/pics/apple/apple-ipad-pro-2024-3.jpg', 2);
INSERT OR IGNORE INTO device_pictures (device_id, url, position) VALUES (25, 'https://fdn2.gsmarena.com/vv/pics/apple/apple-ipad-pro-2024-4.jpg', 3);
INSERT OR IGNORE INTO device_pictures (device_id, url, position) VALUES (25, 'https://fdn2.gsmarena.com/vv/pics/apple/apple-ipad-pro-13-2024-5.jpg', 4);
INSERT OR IGNORE INTO devices (id, brand_id, name, gsmarena_url, thumbnail_url, summary) VALUES (26, 1, 'iPad Pro 11 (2024)', 'https://www.gsmarena.com/apple_ipad_pro_11_(2024)-12986.php', 'https://fdn2.gsmarena.com/vv/bigpic/apple-ipad-pro-11-2024.jpg', 'iPad Pro 11 (2024)');
INSERT OR IGNORE INTO device_specs (device_id, announced, status, network, os, chipset, cpu, gpu, display_size, display_type, display_res, ram, storage, main_camera, selfie_camera, battery, charging, nfc, usb, bluetooth, wlan, colors, weight, dimensions, sim, sensors, popularity, fans, rating, full_specs_json) VALUES (26, '2024, May 07', 'Available. Released 2024, May 15', 'GSM / HSPA / LTE / 5G / 5G', 'iPadOS 17.5.1, upgradable to iPadOS 26.3', 'Apple M4', '9-core 4.4 GHz (3 performance cores, 6 efficiency cores) - 256/512GB models 10-core 4.4 GHz (4 performance cores, 6 efficiency cores) - 1/2TB models', 'Apple GPU (10-core graphics)', '11.0 inches, 373.1 cm 2 (~84.2% screen-to-body ratio)', 'Ultra Retina Tandem OLED, 120Hz, HDR10, Dolby Vision, 1000 nits (HBM), 1600 nits (peak)', '1668 x 2420 pixels, 3:2 ratio (~264 ppi density)', '8GB', '256GB', '12 MP, f/1.8, (wide), dual pixel PDAF, Quad-LED dual-tone flash, HDR', '12 MP, f/2.4, 122˚ (ultrawide), 1080p@25/30/60fps, gyro-EIS, HDR', 'Li-Po 8160 mAh', NULL, 'No', 'USB Type-C 4 (Thunderbolt 3), DisplayPort, magnetic connector', '5.3, A2DP, LE, EDR', 'Wi-Fi 802.11 a/b/g/n/ac/6e, dual-band, hotspot', 'Silver, Space Black', '444 g (Wi-Fi), 446 g (5G) (1.03 lb)', '249.7 x 177.5 x 5.3 mm (9.83 x 6.99 x 0.21 in)', 'eSIM', 'Face ID, accelerometer, gyro, compass, barometer', 'About 1200 EUR', NULL, NULL, '[{"category":"Network","specs":[{"label":"Technology","value":"GSM / HSPA / LTE / 5G"},{"label":"2G bands","value":"GSM 850 / 900 / 1800 / 1900"},{"label":"3G bands","value":"HSDPA 850 / 900 / 1700(AWS) / 1900 / 2100"},{"label":"4G bands","value":"1, 2, 3, 4, 5, 7, 8, 11, 12, 13, 14, 17, 18, 19, 20, 21, 25, 26, 28, 29, 30, 32, 34, 38, 39, 40, 41, 42, 48, 66, 71 - A2837"},{"label":"5G bands","value":"1, 2, 3, 5, 7, 8, 12, 14, 20, 25, 26, 28, 29, 30, 38, 40, 41, 48, 66, 70, 71, 75, 76, 77, 78, 79 SA/NSA - A2837, A3006"},{"label":"Speed","value":"HSPA, LTE, 5G"}]},{"category":"Launch","specs":[{"label":"Announced","value":"2024, May 07"},{"label":"Status","value":"Available. Released 2024, May 15"}]},{"category":"Body","specs":[{"label":"Dimensions","value":"249.7 x 177.5 x 5.3 mm (9.83 x 6.99 x 0.21 in)"},{"label":"Weight","value":"444 g (Wi-Fi), 446 g (5G) (1.03 lb)"},{"label":"Build","value":"Glass front, aluminum back, aluminum frame"},{"label":"SIM","value":"eSIM"}]},{"category":"Display","specs":[{"label":"Type","value":"Ultra Retina Tandem OLED, 120Hz, HDR10, Dolby Vision, 1000 nits (HBM), 1600 nits (peak)"},{"label":"Size","value":"11.0 inches, 373.1 cm 2 (~84.2% screen-to-body ratio)"},{"label":"Resolution","value":"1668 x 2420 pixels, 3:2 ratio (~264 ppi density)"},{"label":"Protection","value":"Scratch-resistant glass, oleophobic coating, Mohs level 4"}]},{"category":"Platform","specs":[{"label":"OS","value":"iPadOS 17.5.1, upgradable to iPadOS 26.3"},{"label":"Chipset","value":"Apple M4"},{"label":"CPU","value":"9-core 4.4 GHz (3 performance cores, 6 efficiency cores) - 256/512GB models 10-core 4.4 GHz (4 performance cores, 6 efficiency cores) - 1/2TB models"},{"label":"GPU","value":"Apple GPU (10-core graphics)"}]},{"category":"Memory","specs":[{"label":"Card slot","value":"No"},{"label":"Internal","value":"256GB 8GB RAM, 512GB 8GB RAM, 1TB 16GB RAM, 2TB 16GB RAM"}]},{"category":"Main Camera","specs":[{"label":"Single","value":"12 MP, f/1.8, (wide), dual pixel PDAF"},{"label":"Features","value":"Quad-LED dual-tone flash, HDR"},{"label":"Video","value":"4K@24/25/30/60fps, 1080p@25/30/60/120/240fps; gyro-EIS, ProRes (4K, 1080p)"}]},{"category":"Selfie camera","specs":[{"label":"Single","value":"12 MP, f/2.4, 122˚ (ultrawide)"},{"label":"Video","value":"1080p@25/30/60fps, gyro-EIS, HDR"},{"label":"Features","value":"Face detection, HDR, panorama"}]},{"category":"Sound","specs":[{"label":"Loudspeaker","value":"Yes, with stereo speakers (4 speakers)"},{"label":"3.5mm jack","value":"No"}]},{"category":"Comms","specs":[{"label":"WLAN","value":"Wi-Fi 802.11 a/b/g/n/ac/6e, dual-band, hotspot"},{"label":"Bluetooth","value":"5.3, A2DP, LE, EDR"},{"label":"Positioning","value":"GPS, GLONASS, GALILEO, QZSS (Wi‑Fi + Cellular model only)"},{"label":"NFC","value":"No"},{"label":"USB","value":"USB Type-C 4 (Thunderbolt 3), DisplayPort, magnetic connector"},{"label":"Radio","value":"No"}]},{"category":"Features","specs":[{"label":"Sensors","value":"Face ID, accelerometer, gyro, compass, barometer"}]},{"category":"Battery","specs":[{"label":"Type","value":"Li-Po 8160 mAh"}]},{"category":"Misc","specs":[{"label":"Colors","value":"Silver, Space Black"},{"label":"Models","value":"A2836, A2837, A3006, iPad16,3, iPad16,4"},{"label":"Price","value":"About 1200 EUR"}]}]');
INSERT OR IGNORE INTO device_pictures (device_id, url, position) VALUES (26, 'https://fdn2.gsmarena.com/vv/bigpic/apple-ipad-pro-11-2024.jpg', 0);
INSERT OR IGNORE INTO device_pictures (device_id, url, position) VALUES (26, 'https://fdn2.gsmarena.com/vv/pics/apple/apple-ipad-pro-11-2024-2.jpg', 1);
INSERT OR IGNORE INTO device_pictures (device_id, url, position) VALUES (26, 'https://fdn2.gsmarena.com/vv/pics/apple/apple-ipad-pro-2024-3.jpg', 2);
INSERT OR IGNORE INTO device_pictures (device_id, url, position) VALUES (26, 'https://fdn2.gsmarena.com/vv/pics/apple/apple-ipad-pro-2024-4.jpg', 3);
INSERT OR IGNORE INTO device_pictures (device_id, url, position) VALUES (26, 'https://fdn2.gsmarena.com/vv/pics/apple/apple-ipad-pro-11-2024-5.jpg', 4);
INSERT OR IGNORE INTO device_pictures (device_id, url, position) VALUES (26, 'https://fdn.gsmarena.com/imgroot/reviews/24/apple-ipad-pro-11-2024/lifestyle/-1024w2/gsmarena_001.jpg', 5);
INSERT OR IGNORE INTO device_pictures (device_id, url, position) VALUES (26, 'https://fdn.gsmarena.com/imgroot/reviews/24/apple-ipad-pro-11-2024/lifestyle/-1024w2/gsmarena_002.jpg', 6);
INSERT OR IGNORE INTO device_pictures (device_id, url, position) VALUES (26, 'https://fdn.gsmarena.com/imgroot/reviews/24/apple-ipad-pro-11-2024/lifestyle/-1024w2/gsmarena_003.jpg', 7);
INSERT OR IGNORE INTO device_pictures (device_id, url, position) VALUES (26, 'https://fdn.gsmarena.com/imgroot/reviews/24/apple-ipad-pro-11-2024/lifestyle/-1024w2/gsmarena_004.jpg', 8);
INSERT OR IGNORE INTO device_pictures (device_id, url, position) VALUES (26, 'https://fdn.gsmarena.com/imgroot/reviews/24/apple-ipad-pro-11-2024/lifestyle/-1024w2/gsmarena_005.jpg', 9);
INSERT OR IGNORE INTO devices (id, brand_id, name, gsmarena_url, thumbnail_url, summary) VALUES (27, 1, 'iPad Air 13 (2024)', 'https://www.gsmarena.com/apple_ipad_air_13_(2024)-12985.php', 'https://fdn2.gsmarena.com/vv/bigpic/apple-ipad-air-13-2024.jpg', 'iPad Air 13 (2024)');
INSERT OR IGNORE INTO device_specs (device_id, announced, status, network, os, chipset, cpu, gpu, display_size, display_type, display_res, ram, storage, main_camera, selfie_camera, battery, charging, nfc, usb, bluetooth, wlan, colors, weight, dimensions, sim, sensors, popularity, fans, rating, full_specs_json) VALUES (27, '2024, May 07', 'Available. Released 2024, May 15', 'GSM / HSPA / LTE / 5G / 5G', 'iPadOS 17.5.1, upgradable to iPadOS 26.3', 'Apple M2', 'Octa-core (4x3.46 GHz performance cores and 4 efficiency cores)', 'Apple GPU (9-core graphics)', '13.0 inches, 519.3 cm 2 (~86.1% screen-to-body ratio)', 'Liquid Retina IPS LCD, 600 nits (typ)', '2048 x 2732 pixels, 4:3 ratio (~264 ppi density)', '8GB', '128GB', '12 MP, f/1.8, (wide), 1/3.0", 1.22µm, dual pixel PDAF, HDR', '12 MP, f/2.0, 122˚ (ultrawide), 1080p@25/30/60fps; gyro-EIS', 'Li-Po 9705 mAh (36.59 Wh)', '45W wired', 'No', 'USB Type-C 3.1 Gen2, DisplayPort, magnetic connector', '5.3, A2DP, LE', 'Wi-Fi 802.11 a/b/g/n/ac/6e, dual-band, hotspot', 'Space Gray, Starlight, Purple, Blue', '617 g (Wi-Fi) / 618 g (5G) (1.36 lb)', '280.6 x 214.9 x 6.1 mm (11.05 x 8.46 x 0.24 in)', 'eSIM (cellular model only)', 'Fingerprint (top-mounted), accelerometer, gyro, compass, barometer', 'About 950 EUR', NULL, NULL, '[{"category":"Network","specs":[{"label":"Technology","value":"GSM / HSPA / LTE / 5G"},{"label":"2G bands","value":"GSM 850 / 900 / 1800 / 1900"},{"label":"3G bands","value":"HSDPA 850 / 900 / 1700(AWS) / 1900 / 2100"},{"label":"4G bands","value":"1, 2, 3, 4, 5, 7, 8, 11, 12, 13, 14, 17, 18, 19, 20, 21, 25, 26, 28, 29, 30, 32, 34, 38, 39, 40, 41, 42, 48, 66, 71 - A2899"},{"label":"5G bands","value":"1, 2, 3, 5, 7, 8, 12, 14, 20, 25, 26, 28, 29, 30, 38, 40, 41, 48, 66, 70, 71, 75, 76, 77, 78, 79 SA/NSA/Sub6 - A2899, A2900"},{"label":"Speed","value":"HSPA, LTE, 5G - cellular model only"}]},{"category":"Launch","specs":[{"label":"Announced","value":"2024, May 07"},{"label":"Status","value":"Available. Released 2024, May 15"}]},{"category":"Body","specs":[{"label":"Dimensions","value":"280.6 x 214.9 x 6.1 mm (11.05 x 8.46 x 0.24 in)"},{"label":"Weight","value":"617 g (Wi-Fi) / 618 g (5G) (1.36 lb)"},{"label":"Build","value":"Glass front, aluminum back, aluminum frame"},{"label":"SIM","value":"eSIM (cellular model only)"}]},{"category":"Display","specs":[{"label":"Type","value":"Liquid Retina IPS LCD, 600 nits (typ)"},{"label":"Size","value":"13.0 inches, 519.3 cm 2 (~86.1% screen-to-body ratio)"},{"label":"Resolution","value":"2048 x 2732 pixels, 4:3 ratio (~264 ppi density)"},{"label":"Protection","value":"Scratch-resistant glass, oleophobic coating"}]},{"category":"Platform","specs":[{"label":"OS","value":"iPadOS 17.5.1, upgradable to iPadOS 26.3"},{"label":"Chipset","value":"Apple M2"},{"label":"CPU","value":"Octa-core (4x3.46 GHz performance cores and 4 efficiency cores)"},{"label":"GPU","value":"Apple GPU (9-core graphics)"}]},{"category":"Memory","specs":[{"label":"Card slot","value":"No"},{"label":"Internal","value":"128GB 8GB RAM, 256GB 8GB RAM, 512GB 8GB RAM, 1TB 8GB RAM"}]},{"category":"Main Camera","specs":[{"label":"Single","value":"12 MP, f/1.8, (wide), 1/3.0\\", 1.22µm, dual pixel PDAF"},{"label":"Features","value":"HDR"},{"label":"Video","value":"4K@24/25/30/60fps, 1080p@25/30/60/120/240fps; gyro-EIS"}]},{"category":"Selfie camera","specs":[{"label":"Single","value":"12 MP, f/2.0, 122˚ (ultrawide)"},{"label":"Video","value":"1080p@25/30/60fps; gyro-EIS"},{"label":"Features","value":"HDR"}]},{"category":"Sound","specs":[{"label":"Loudspeaker","value":"Yes, with stereo speakers"},{"label":"3.5mm jack","value":"No"}]},{"category":"Comms","specs":[{"label":"WLAN","value":"Wi-Fi 802.11 a/b/g/n/ac/6e, dual-band, hotspot"},{"label":"Bluetooth","value":"5.3, A2DP, LE"},{"label":"Positioning","value":"GPS, GLONASS (5G model only)"},{"label":"NFC","value":"No"},{"label":"USB","value":"USB Type-C 3.1 Gen2, DisplayPort, magnetic connector"},{"label":"Radio","value":"No"}]},{"category":"Features","specs":[{"label":"Sensors","value":"Fingerprint (top-mounted), accelerometer, gyro, compass, barometer"}]},{"category":"Battery","specs":[{"label":"Type","value":"Li-Po 9705 mAh (36.59 Wh)"},{"label":"Charging","value":"45W wired"}]},{"category":"Misc","specs":[{"label":"Colors","value":"Space Gray, Starlight, Purple, Blue"},{"label":"Models","value":"A2898, A2899, A2900, iPad14,10, iPad14,11"},{"label":"Price","value":"About 950 EUR"}]}]');
INSERT OR IGNORE INTO device_pictures (device_id, url, position) VALUES (27, 'https://fdn2.gsmarena.com/vv/bigpic/apple-ipad-air-13-2024.jpg', 0);
INSERT OR IGNORE INTO device_pictures (device_id, url, position) VALUES (27, 'https://fdn2.gsmarena.com/vv/pics/apple/apple-ipad-air-13-2024-2.jpg', 1);
INSERT OR IGNORE INTO device_pictures (device_id, url, position) VALUES (27, 'https://fdn2.gsmarena.com/vv/pics/apple/apple-ipad-air-2024-2.jpg', 2);
INSERT OR IGNORE INTO device_pictures (device_id, url, position) VALUES (27, 'https://fdn2.gsmarena.com/vv/pics/apple/apple-ipad-air-2024-3.jpg', 3);
INSERT OR IGNORE INTO device_pictures (device_id, url, position) VALUES (27, 'https://fdn2.gsmarena.com/vv/pics/apple/apple-ipad-air-13-2024-4.jpg', 4);
INSERT OR IGNORE INTO devices (id, brand_id, name, gsmarena_url, thumbnail_url, summary) VALUES (28, 1, 'iPad Air 11 (2024)', 'https://www.gsmarena.com/apple_ipad_air_11_(2024)-12984.php', 'https://fdn2.gsmarena.com/vv/bigpic/apple-ipad-air-11-2024.jpg', 'iPad Air 11 (2024)');
INSERT OR IGNORE INTO device_specs (device_id, announced, status, network, os, chipset, cpu, gpu, display_size, display_type, display_res, ram, storage, main_camera, selfie_camera, battery, charging, nfc, usb, bluetooth, wlan, colors, weight, dimensions, sim, sensors, popularity, fans, rating, full_specs_json) VALUES (28, '2024, May 07', 'Available. Released 2024, May 15', 'GSM / HSPA / LTE / 5G / 5G', 'iPadOS 17.4, upgradable to iPadOS 26.3', 'Apple M2', 'Octa-core (4x3.48 GHz performance cores and 4 efficiency cores)', 'Apple GPU (9-core graphics)', '11.0 inches, 357.6 cm 2 (~80.9% screen-to-body ratio)', 'Liquid Retina IPS LCD, 500 nits (typ)', '1640 x 2360 pixels (~264 ppi density)', '8GB', '128GB', '12 MP, f/1.8, (wide), 1/3.0", 1.22µm, dual pixel PDAF, HDR', '12 MP, f/2.0, 122˚ (ultrawide), 1080p@25/30/60fps; gyro-EIS', 'Li-Po 7606 mAh (28.93 Wh)', '45W wired', 'No', 'USB Type-C 3.1 Gen2, DisplayPort, magnetic connector', '5.3, A2DP, LE', 'Wi-Fi 802.11 a/b/g/n/ac/6e, dual-band, hotspot', 'Space Gray, Starlight, Purple, Blue', '462 g (1.02 lb)', '247.6 x 178.5 x 6.1 mm (9.75 x 7.03 x 0.24 in)', 'eSIM (cellular model only)', 'Fingerprint (top-mounted), accelerometer, gyro, compass, barometer', 'About 700 EUR', NULL, NULL, '[{"category":"Network","specs":[{"label":"Technology","value":"GSM / HSPA / LTE / 5G"},{"label":"2G bands","value":"GSM 850 / 900 / 1800 / 1900"},{"label":"3G bands","value":"HSDPA 850 / 900 / 1700(AWS) / 1900 / 2100"},{"label":"4G bands","value":"1, 2, 3, 4, 5, 7, 8, 11, 12, 13, 14, 17, 18, 19, 20, 21, 25, 26, 28, 29, 30, 32, 34, 38, 39, 40, 41, 42, 48, 66, 71 - A2903"},{"label":"5G bands","value":"1, 2, 3, 5, 7, 8, 12, 14, 20, 25, 26, 28, 29, 30, 38, 40, 41, 48, 66, 70, 71, 75, 76, 77, 78, 79 SA/NSA/Sub6 - A2903, A2904"},{"label":"Speed","value":"HSPA, LTE, 5G - cellular model only"}]},{"category":"Launch","specs":[{"label":"Announced","value":"2024, May 07"},{"label":"Status","value":"Available. Released 2024, May 15"}]},{"category":"Body","specs":[{"label":"Dimensions","value":"247.6 x 178.5 x 6.1 mm (9.75 x 7.03 x 0.24 in)"},{"label":"Weight","value":"462 g (1.02 lb)"},{"label":"Build","value":"Glass front, aluminum back, aluminum frame"},{"label":"SIM","value":"eSIM (cellular model only)"}]},{"category":"Display","specs":[{"label":"Type","value":"Liquid Retina IPS LCD, 500 nits (typ)"},{"label":"Size","value":"11.0 inches, 357.6 cm 2 (~80.9% screen-to-body ratio)"},{"label":"Resolution","value":"1640 x 2360 pixels (~264 ppi density)"},{"label":"Protection","value":"Scratch-resistant glass, oleophobic coating"}]},{"category":"Platform","specs":[{"label":"OS","value":"iPadOS 17.4, upgradable to iPadOS 26.3"},{"label":"Chipset","value":"Apple M2"},{"label":"CPU","value":"Octa-core (4x3.48 GHz performance cores and 4 efficiency cores)"},{"label":"GPU","value":"Apple GPU (9-core graphics)"}]},{"category":"Memory","specs":[{"label":"Card slot","value":"No"},{"label":"Internal","value":"128GB 8GB RAM, 256GB 8GB RAM, 512GB 8GB RAM, 1TB 8GB RAM"}]},{"category":"Main Camera","specs":[{"label":"Single","value":"12 MP, f/1.8, (wide), 1/3.0\\", 1.22µm, dual pixel PDAF"},{"label":"Features","value":"HDR"},{"label":"Video","value":"4K@24/25/30/60fps, 1080p@25/30/60/120/240fps; gyro-EIS"}]},{"category":"Selfie camera","specs":[{"label":"Single","value":"12 MP, f/2.0, 122˚ (ultrawide)"},{"label":"Video","value":"1080p@25/30/60fps; gyro-EIS"},{"label":"Features","value":"HDR"}]},{"category":"Sound","specs":[{"label":"Loudspeaker","value":"Yes, with stereo speakers"},{"label":"3.5mm jack","value":"No"}]},{"category":"Comms","specs":[{"label":"WLAN","value":"Wi-Fi 802.11 a/b/g/n/ac/6e, dual-band, hotspot"},{"label":"Bluetooth","value":"5.3, A2DP, LE"},{"label":"Positioning","value":"GPS, GLONASS (cellular model only)"},{"label":"NFC","value":"No"},{"label":"USB","value":"USB Type-C 3.1 Gen2, DisplayPort, magnetic connector"},{"label":"Radio","value":"No"}]},{"category":"Features","specs":[{"label":"Sensors","value":"Fingerprint (top-mounted), accelerometer, gyro, compass, barometer"}]},{"category":"Battery","specs":[{"label":"Type","value":"Li-Po 7606 mAh (28.93 Wh)"},{"label":"Charging","value":"45W wired"}]},{"category":"Misc","specs":[{"label":"Colors","value":"Space Gray, Starlight, Purple, Blue"},{"label":"Models","value":"A2902, A2903, A2904, iPad14,8, iPad14,9"},{"label":"Price","value":"About 700 EUR"}]}]');
INSERT OR IGNORE INTO device_pictures (device_id, url, position) VALUES (28, 'https://fdn2.gsmarena.com/vv/bigpic/apple-ipad-air-11-2024.jpg', 0);
INSERT OR IGNORE INTO device_pictures (device_id, url, position) VALUES (28, 'https://fdn2.gsmarena.com/vv/pics/apple/apple-ipad-air-11-2024-2.jpg', 1);
INSERT OR IGNORE INTO device_pictures (device_id, url, position) VALUES (28, 'https://fdn2.gsmarena.com/vv/pics/apple/apple-ipad-air-2024-2.jpg', 2);
INSERT OR IGNORE INTO device_pictures (device_id, url, position) VALUES (28, 'https://fdn2.gsmarena.com/vv/pics/apple/apple-ipad-air-2024-3.jpg', 3);
INSERT OR IGNORE INTO device_pictures (device_id, url, position) VALUES (28, 'https://fdn2.gsmarena.com/vv/pics/apple/apple-ipad-air-11-2024-4.jpg', 4);
INSERT OR IGNORE INTO devices (id, brand_id, name, gsmarena_url, thumbnail_url, summary) VALUES (29, 1, 'iPhone 15 Pro Max', 'https://www.gsmarena.com/apple_iphone_15_pro_max-12548.php', 'https://fdn2.gsmarena.com/vv/bigpic/apple-iphone-15-pro-max.jpg', 'iPhone 15 Pro Max');
INSERT OR IGNORE INTO device_specs (device_id, announced, status, network, os, chipset, cpu, gpu, display_size, display_type, display_res, ram, storage, main_camera, selfie_camera, battery, charging, nfc, usb, bluetooth, wlan, colors, weight, dimensions, sim, sensors, popularity, fans, rating, full_specs_json) VALUES (29, '2023, September 12', 'Available. Released 2023, September 22', 'GSM / CDMA / HSPA / EVDO / LTE / 5G / 5G', 'iOS 17, upgradable to iOS 26.3', 'Apple A17 Pro (3 nm)', 'Hexa-core (2x3.78 GHz + 4x2.11 GHz)', 'Apple GPU (6-core graphics)', '6.7 inches, 110.2 cm 2 (~89.8% screen-to-body ratio)', 'LTPO Super Retina XDR OLED, 120Hz, HDR10, Dolby Vision, 1000 nits (typ), 2000 nits (HBM)', '1290 x 2796 pixels, 19.5:9 ratio (~460 ppi density)', '8GB', '256GB', '48 MP, f/1.8, 24mm (wide), 1/1.28", 1.22µm, dual pixel PDAF, sensor-shift OIS, Dual-LED dual-tone flash, HDR (photo/panorama)', '12 MP, f/1.9, 23mm (wide), 1/3.6", 1.0µm, PDAF, OIS, 4K@24/25/30/60fps, 1080p@25/30/60/120fps, gyro-EIS', 'Li-Ion 4441 mAh', 'Wired, PD2.0, 50% in 30 min', 'Yes', 'USB Type-C 3.2 Gen 2, DisplayPort', '5.3, A2DP, LE', 'Wi-Fi 802.11 a/b/g/n/ac/6e, tri-band, hotspot', 'Black Titanium, White Titanium, Blue Titanium, Natural Titanium', '221 g (7.80 oz)', '159.9 x 76.7 x 8.3 mm (6.30 x 3.02 x 0.33 in)', '· Nano-SIM + eSIM + eSIM (max 2 at a time; International) · eSIM + eSIM (8 or more, max 2 at a time; USA) · Nano-SIM + Nano-SIM (China)', 'Face ID, accelerometer, gyro, proximity, compass, barometer', '$ 548.96 / £ 548.00 / € 661.99', NULL, NULL, '[{"category":"Network","specs":[{"label":"Technology","value":"GSM / CDMA / HSPA / EVDO / LTE / 5G"},{"label":"2G bands","value":"GSM 850 / 900 / 1800 / 1900"},{"label":"3G bands","value":"HSDPA 850 / 900 / 1700(AWS) / 1900 / 2100"},{"label":"4G bands","value":"1, 2, 3, 4, 5, 7, 8, 12, 13, 17, 18, 19, 20, 25, 26, 28, 30, 32, 34, 38, 39, 40, 41, 42, 46, 48, 53, 66 - A3106"},{"label":"5G bands","value":"1, 2, 3, 5, 7, 8, 12, 20, 25, 26, 28, 30, 38, 40, 41, 48, 53, 66, 70, 77, 78, 79 SA/NSA/Sub6 - A3106"},{"label":"Speed","value":"HSPA, LTE, 5G, EV-DO Rev.A 3.1 Mbps"}]},{"category":"Launch","specs":[{"label":"Announced","value":"2023, September 12"},{"label":"Status","value":"Available. Released 2023, September 22"}]},{"category":"Body","specs":[{"label":"Dimensions","value":"159.9 x 76.7 x 8.3 mm (6.30 x 3.02 x 0.33 in)"},{"label":"Weight","value":"221 g (7.80 oz)"},{"label":"Build","value":"Glass front, glass back, titanium frame (grade 5)"},{"label":"SIM","value":"· Nano-SIM + eSIM + eSIM (max 2 at a time; International) · eSIM + eSIM (8 or more, max 2 at a time; USA) · Nano-SIM + Nano-SIM (China)"}]},{"category":"Display","specs":[{"label":"Type","value":"LTPO Super Retina XDR OLED, 120Hz, HDR10, Dolby Vision, 1000 nits (typ), 2000 nits (HBM)"},{"label":"Size","value":"6.7 inches, 110.2 cm 2 (~89.8% screen-to-body ratio)"},{"label":"Resolution","value":"1290 x 2796 pixels, 19.5:9 ratio (~460 ppi density)"},{"label":"Protection","value":"Ceramic Shield glass"}]},{"category":"Platform","specs":[{"label":"OS","value":"iOS 17, upgradable to iOS 26.3"},{"label":"Chipset","value":"Apple A17 Pro (3 nm)"},{"label":"CPU","value":"Hexa-core (2x3.78 GHz + 4x2.11 GHz)"},{"label":"GPU","value":"Apple GPU (6-core graphics)"}]},{"category":"Memory","specs":[{"label":"Card slot","value":"No"},{"label":"Internal","value":"256GB 8GB RAM, 512GB 8GB RAM, 1TB 8GB RAM"}]},{"category":"Main Camera","specs":[{"label":"Triple","value":"48 MP, f/1.8, 24mm (wide), 1/1.28\\", 1.22µm, dual pixel PDAF, sensor-shift OIS"},{"label":"Features","value":"Dual-LED dual-tone flash, HDR (photo/panorama)"},{"label":"Video","value":"4K@24/25/30/60fps, 1080p@25/30/60/120/240fps, 10-bit HDR, Dolby Vision HDR (up to 60fps), ProRes, 3D (spatial) video, stereo sound rec."}]},{"category":"Selfie camera","specs":[{"label":"Single","value":"12 MP, f/1.9, 23mm (wide), 1/3.6\\", 1.0µm, PDAF, OIS"},{"label":"Video","value":"4K@24/25/30/60fps, 1080p@25/30/60/120fps, gyro-EIS"},{"label":"Features","value":"HDR, Dolby Vision HDR"}]},{"category":"Sound","specs":[{"label":"Loudspeaker","value":"Yes, with stereo speakers"},{"label":"3.5mm jack","value":"No"}]},{"category":"Comms","specs":[{"label":"WLAN","value":"Wi-Fi 802.11 a/b/g/n/ac/6e, tri-band, hotspot"},{"label":"Bluetooth","value":"5.3, A2DP, LE"},{"label":"Positioning","value":"GPS (L1+L5), GLONASS, GALILEO, BDS, QZSS, NavIC"},{"label":"NFC","value":"Yes"},{"label":"USB","value":"USB Type-C 3.2 Gen 2, DisplayPort"},{"label":"Radio","value":"No"}]},{"category":"Features","specs":[{"label":"Sensors","value":"Face ID, accelerometer, gyro, proximity, compass, barometer"}]},{"category":"Battery","specs":[{"label":"Type","value":"Li-Ion 4441 mAh"},{"label":"Charging","value":"Wired, PD2.0, 50% in 30 min"}]},{"category":"Misc","specs":[{"label":"Colors","value":"Black Titanium, White Titanium, Blue Titanium, Natural Titanium"},{"label":"Models","value":"A2849, A3105, A3106, A3108, iPhone16,2"},{"label":"SAR","value":"1.07 W/kg (head)     1.11 W/kg (body)"},{"label":"Price","value":"$ 548.96 / £ 548.00 / € 661.99"},{"label":"SAR EU","value":"0.98 W/kg (head)     0.98 W/kg (body)"}]}]');
INSERT OR IGNORE INTO device_pictures (device_id, url, position) VALUES (29, 'https://fdn2.gsmarena.com/vv/bigpic/apple-iphone-15-pro-max.jpg', 0);
INSERT OR IGNORE INTO device_pictures (device_id, url, position) VALUES (29, 'https://fdn2.gsmarena.com/vv/pics/apple/apple-iphone-15-pro-max-1.jpg', 1);
INSERT OR IGNORE INTO device_pictures (device_id, url, position) VALUES (29, 'https://fdn2.gsmarena.com/vv/pics/apple/apple-iphone-15-pro-max-2.jpg', 2);
INSERT OR IGNORE INTO device_pictures (device_id, url, position) VALUES (29, 'https://fdn2.gsmarena.com/vv/pics/apple/apple-iphone-15-pro-max-3.jpg', 3);
INSERT OR IGNORE INTO device_pictures (device_id, url, position) VALUES (29, 'https://fdn2.gsmarena.com/vv/pics/apple/apple-iphone-15-pro-max-4.jpg', 4);
INSERT OR IGNORE INTO device_pictures (device_id, url, position) VALUES (29, 'https://fdn.gsmarena.com/imgroot/reviews/23/apple-iphone-15-pro-max/lifestyle/-1024w2/gsmarena_001.jpg', 5);
INSERT OR IGNORE INTO device_pictures (device_id, url, position) VALUES (29, 'https://fdn.gsmarena.com/imgroot/reviews/23/apple-iphone-15-pro-max/lifestyle/-1024w2/gsmarena_002.jpg', 6);
INSERT OR IGNORE INTO device_pictures (device_id, url, position) VALUES (29, 'https://fdn.gsmarena.com/imgroot/reviews/23/apple-iphone-15-pro-max/lifestyle/-1024w2/gsmarena_003.jpg', 7);
INSERT OR IGNORE INTO device_pictures (device_id, url, position) VALUES (29, 'https://fdn.gsmarena.com/imgroot/reviews/23/apple-iphone-15-pro-max/lifestyle/-1024w2/gsmarena_004.jpg', 8);
INSERT OR IGNORE INTO device_pictures (device_id, url, position) VALUES (29, 'https://fdn.gsmarena.com/imgroot/reviews/23/apple-iphone-15-pro-max/lifestyle/-1024w2/gsmarena_005.jpg', 9);
INSERT OR IGNORE INTO devices (id, brand_id, name, gsmarena_url, thumbnail_url, summary) VALUES (30, 1, 'iPhone 15 Pro', 'https://www.gsmarena.com/apple_iphone_15_pro-12557.php', 'https://fdn2.gsmarena.com/vv/bigpic/apple-iphone-15-pro.jpg', 'iPhone 15 Pro');
INSERT OR IGNORE INTO device_specs (device_id, announced, status, network, os, chipset, cpu, gpu, display_size, display_type, display_res, ram, storage, main_camera, selfie_camera, battery, charging, nfc, usb, bluetooth, wlan, colors, weight, dimensions, sim, sensors, popularity, fans, rating, full_specs_json) VALUES (30, '2023, September 12', 'Available. Released 2023, September 22', 'GSM / CDMA / HSPA / EVDO / LTE / 5G / 5G', 'iOS 17, upgradable to iOS 26.3', 'Apple A17 Pro (3 nm)', 'Hexa-core (2x3.78 GHz + 4x2.11 GHz)', 'Apple GPU (6-core graphics)', '6.1 inches, 91.3 cm 2 (~88.2% screen-to-body ratio)', 'LTPO Super Retina XDR OLED, 120Hz, HDR10, Dolby Vision, 1000 nits (typ), 2000 nits (HBM)', '1179 x 2556 pixels, 19.5:9 ratio (~461 ppi density)', '8GB', '128GB', '48 MP, f/1.8, 24mm (wide), 1/1.28", 1.22µm, dual pixel PDAF, sensor-shift OIS, Dual-LED dual-tone flash, HDR (photo/panorama)', '12 MP, f/1.9, 23mm (wide), 1/3.6", 1.0µm, PDAF, OIS, 4K@24/25/30/60fps, 1080p@25/30/60/120fps, gyro-EIS', 'Li-Ion 3274 mAh', 'Wired, PD2.0, 50% in 30 min', 'Yes', 'USB Type-C 3.2 Gen 2, DisplayPort', '5.3, A2DP, LE', 'Wi-Fi 802.11 a/b/g/n/ac/6e, tri-band, hotspot', 'Black Titanium, White Titanium, Blue Titanium, Natural Titanium', '187 g (6.60 oz)', '146.6 x 70.6 x 8.3 mm (5.77 x 2.78 x 0.33 in)', '· Nano-SIM + eSIM + eSIM (max 2 at a time; International) · eSIM + eSIM (8 or more, max 2 at a time; USA) · Nano-SIM + Nano-SIM (China)', 'Face ID, accelerometer, gyro, proximity, compass, barometer', '$ 438.88 / £ 430.00 / € 550.00', NULL, NULL, '[{"category":"Network","specs":[{"label":"Technology","value":"GSM / CDMA / HSPA / EVDO / LTE / 5G"},{"label":"2G bands","value":"GSM 850 / 900 / 1800 / 1900"},{"label":"3G bands","value":"HSDPA 850 / 900 / 1700(AWS) / 1900 / 2100"},{"label":"4G bands","value":"1, 2, 3, 4, 5, 7, 8, 12, 13, 17, 18, 19, 20, 25, 26, 28, 30, 32, 34, 38, 39, 40, 41, 42, 46, 48, 53, 66 - A3102"},{"label":"5G bands","value":"1, 2, 3, 5, 7, 8, 12, 20, 25, 26, 28, 30, 38, 40, 41, 48, 53, 66, 70, 77, 78, 79 SA/NSA/Sub6 - A3102"},{"label":"Speed","value":"HSPA, LTE, 5G, EV-DO Rev.A 3.1 Mbps"}]},{"category":"Launch","specs":[{"label":"Announced","value":"2023, September 12"},{"label":"Status","value":"Available. Released 2023, September 22"}]},{"category":"Body","specs":[{"label":"Dimensions","value":"146.6 x 70.6 x 8.3 mm (5.77 x 2.78 x 0.33 in)"},{"label":"Weight","value":"187 g (6.60 oz)"},{"label":"Build","value":"Glass front, glass back, titanium frame (grade 5)"},{"label":"SIM","value":"· Nano-SIM + eSIM + eSIM (max 2 at a time; International) · eSIM + eSIM (8 or more, max 2 at a time; USA) · Nano-SIM + Nano-SIM (China)"}]},{"category":"Display","specs":[{"label":"Type","value":"LTPO Super Retina XDR OLED, 120Hz, HDR10, Dolby Vision, 1000 nits (typ), 2000 nits (HBM)"},{"label":"Size","value":"6.1 inches, 91.3 cm 2 (~88.2% screen-to-body ratio)"},{"label":"Resolution","value":"1179 x 2556 pixels, 19.5:9 ratio (~461 ppi density)"},{"label":"Protection","value":"Ceramic Shield glass"}]},{"category":"Platform","specs":[{"label":"OS","value":"iOS 17, upgradable to iOS 26.3"},{"label":"Chipset","value":"Apple A17 Pro (3 nm)"},{"label":"CPU","value":"Hexa-core (2x3.78 GHz + 4x2.11 GHz)"},{"label":"GPU","value":"Apple GPU (6-core graphics)"}]},{"category":"Memory","specs":[{"label":"Card slot","value":"No"},{"label":"Internal","value":"128GB 8GB RAM, 256GB 8GB RAM, 512GB 8GB RAM, 1TB 8GB RAM"}]},{"category":"Main Camera","specs":[{"label":"Triple","value":"48 MP, f/1.8, 24mm (wide), 1/1.28\\", 1.22µm, dual pixel PDAF, sensor-shift OIS"},{"label":"Features","value":"Dual-LED dual-tone flash, HDR (photo/panorama)"},{"label":"Video","value":"4K@24/25/30/60fps, 1080p@25/30/60/120/240fps, 10-bit HDR, Dolby Vision HDR (up to 60fps), ProRes, 3D (spatial) video, stereo sound rec."}]},{"category":"Selfie camera","specs":[{"label":"Single","value":"12 MP, f/1.9, 23mm (wide), 1/3.6\\", 1.0µm, PDAF, OIS"},{"label":"Video","value":"4K@24/25/30/60fps, 1080p@25/30/60/120fps, gyro-EIS"},{"label":"Features","value":"HDR, Dolby Vision HDR"}]},{"category":"Sound","specs":[{"label":"Loudspeaker","value":"Yes, with stereo speakers"},{"label":"3.5mm jack","value":"No"}]},{"category":"Comms","specs":[{"label":"WLAN","value":"Wi-Fi 802.11 a/b/g/n/ac/6e, tri-band, hotspot"},{"label":"Bluetooth","value":"5.3, A2DP, LE"},{"label":"Positioning","value":"GPS (L1+L5), GLONASS, GALILEO, BDS, QZSS, NavIC"},{"label":"NFC","value":"Yes"},{"label":"USB","value":"USB Type-C 3.2 Gen 2, DisplayPort"},{"label":"Radio","value":"No"}]},{"category":"Features","specs":[{"label":"Sensors","value":"Face ID, accelerometer, gyro, proximity, compass, barometer"}]},{"category":"Battery","specs":[{"label":"Type","value":"Li-Ion 3274 mAh"},{"label":"Charging","value":"Wired, PD2.0, 50% in 30 min"}]},{"category":"Misc","specs":[{"label":"Colors","value":"Black Titanium, White Titanium, Blue Titanium, Natural Titanium"},{"label":"Models","value":"A2848, A3101, A3102, A3104, iPhone16,1"},{"label":"SAR","value":"1.14 W/kg (head)     1.16 W/kg (body)"},{"label":"Price","value":"$ 438.88 / £ 430.00 / € 550.00"},{"label":"SAR EU","value":"0.98 W/kg (head)     0.98 W/kg (body)"}]}]');
INSERT OR IGNORE INTO device_pictures (device_id, url, position) VALUES (30, 'https://fdn2.gsmarena.com/vv/bigpic/apple-iphone-15-pro.jpg', 0);
INSERT OR IGNORE INTO device_pictures (device_id, url, position) VALUES (30, 'https://fdn2.gsmarena.com/vv/pics/apple/apple-iphone-15-pro-1.jpg', 1);
INSERT OR IGNORE INTO device_pictures (device_id, url, position) VALUES (30, 'https://fdn2.gsmarena.com/vv/pics/apple/apple-iphone-15-pro-2.jpg', 2);
INSERT OR IGNORE INTO device_pictures (device_id, url, position) VALUES (30, 'https://fdn2.gsmarena.com/vv/pics/apple/apple-iphone-15-pro-3.jpg', 3);
INSERT OR IGNORE INTO device_pictures (device_id, url, position) VALUES (30, 'https://fdn2.gsmarena.com/vv/pics/apple/apple-iphone-15-pro-4.jpg', 4);
INSERT OR IGNORE INTO device_pictures (device_id, url, position) VALUES (30, 'https://fdn.gsmarena.com/imgroot/reviews/23/apple-iphone-15-pro/lifestyle/-1024w2/gsmarena_001.jpg', 5);
INSERT OR IGNORE INTO device_pictures (device_id, url, position) VALUES (30, 'https://fdn.gsmarena.com/imgroot/reviews/23/apple-iphone-15-pro/lifestyle/-1024w2/gsmarena_002.jpg', 6);
INSERT OR IGNORE INTO device_pictures (device_id, url, position) VALUES (30, 'https://fdn.gsmarena.com/imgroot/reviews/23/apple-iphone-15-pro/lifestyle/-1024w2/gsmarena_003.jpg', 7);
INSERT OR IGNORE INTO device_pictures (device_id, url, position) VALUES (30, 'https://fdn.gsmarena.com/imgroot/reviews/23/apple-iphone-15-pro/lifestyle/-1024w2/gsmarena_004.jpg', 8);
INSERT OR IGNORE INTO device_pictures (device_id, url, position) VALUES (30, 'https://fdn.gsmarena.com/imgroot/reviews/23/apple-iphone-15-pro/lifestyle/-1024w2/gsmarena_005.jpg', 9);
INSERT OR IGNORE INTO devices (id, brand_id, name, gsmarena_url, thumbnail_url, summary) VALUES (31, 1, 'iPhone 15 Plus', 'https://www.gsmarena.com/apple_iphone_15_plus-12558.php', 'https://fdn2.gsmarena.com/vv/bigpic/apple-iphone-15-plus-.jpg', 'iPhone 15 Plus');
INSERT OR IGNORE INTO device_specs (device_id, announced, status, network, os, chipset, cpu, gpu, display_size, display_type, display_res, ram, storage, main_camera, selfie_camera, battery, charging, nfc, usb, bluetooth, wlan, colors, weight, dimensions, sim, sensors, popularity, fans, rating, full_specs_json) VALUES (31, '2023, September 12', 'Available. Released 2023, September 22', 'GSM / CDMA / HSPA / EVDO / LTE / 5G / 5G', 'iOS 17, upgradable to iOS 26.3', 'Apple A16 Bionic (4 nm)', 'Hexa-core (2x3.46 GHz Everest + 4x2.02 GHz Sawtooth)', 'Apple GPU (5-core graphics)', '6.7 inches, 110.2 cm 2 (~88.0% screen-to-body ratio)', 'Super Retina XDR OLED, HDR10, Dolby Vision, 1000 nits (HBM), 2000 nits (peak)', '1290 x 2796 pixels, 19.5:9 ratio (~460 ppi density)', '6GB', '128GB', '48 MP, f/1.6, 26mm (wide), 1/1.56", 1.0µm, dual pixel PDAF, sensor-shift OIS, Dual-LED dual-tone flash, HDR (photo/panorama)', '12 MP, f/1.9, 23mm (wide), 1/3.6", 1.0µm, PDAF, 4K@24/25/30/60fps, 1080p@25/30/60/120fps, gyro-EIS', 'Li-Ion 4383 mAh', 'Wired, PD2.0, 50% in 30 min', 'Yes', 'USB Type-C 2.0, DisplayPort', '5.3, A2DP, LE', 'Wi-Fi 802.11 a/b/g/n/ac/6, dual-band, hotspot', 'Black, Blue, Green, Yellow, Pink', '201 g (7.09 oz)', '160.9 x 77.8 x 7.8 mm (6.33 x 3.06 x 0.31 in)', '· Nano-SIM + eSIM + eSIM (max 2 at a time; International) · eSIM + eSIM (8 or more, max 2 at a time; USA) · Nano-SIM + Nano-SIM (China)', 'Face ID, accelerometer, gyro, proximity, compass, barometer', '$ 369.95 / £ 390.00 / € 487.98', NULL, NULL, '[{"category":"Network","specs":[{"label":"Technology","value":"GSM / CDMA / HSPA / EVDO / LTE / 5G"},{"label":"2G bands","value":"GSM 850 / 900 / 1800 / 1900"},{"label":"3G bands","value":"HSDPA 850 / 900 / 1700(AWS) / 1900 / 2100"},{"label":"4G bands","value":"1, 2, 3, 4, 5, 7, 8, 12, 13, 17, 18, 19, 20, 25, 26, 28, 30, 32, 34, 38, 39, 40, 41, 42, 46, 48, 53, 66 - A3094"},{"label":"5G bands","value":"1, 2, 3, 5, 7, 8, 12, 20, 25, 26, 28, 30, 38, 40, 41, 48, 53, 66, 70, 77, 78, 79 SA/NSA/Sub6 - A3094"},{"label":"Speed","value":"HSPA, LTE, 5G, EV-DO Rev.A 3.1 Mbps"}]},{"category":"Launch","specs":[{"label":"Announced","value":"2023, September 12"},{"label":"Status","value":"Available. Released 2023, September 22"}]},{"category":"Body","specs":[{"label":"Dimensions","value":"160.9 x 77.8 x 7.8 mm (6.33 x 3.06 x 0.31 in)"},{"label":"Weight","value":"201 g (7.09 oz)"},{"label":"Build","value":"Glass front, glass back, aluminum frame"},{"label":"SIM","value":"· Nano-SIM + eSIM + eSIM (max 2 at a time; International) · eSIM + eSIM (8 or more, max 2 at a time; USA) · Nano-SIM + Nano-SIM (China)"}]},{"category":"Display","specs":[{"label":"Type","value":"Super Retina XDR OLED, HDR10, Dolby Vision, 1000 nits (HBM), 2000 nits (peak)"},{"label":"Size","value":"6.7 inches, 110.2 cm 2 (~88.0% screen-to-body ratio)"},{"label":"Resolution","value":"1290 x 2796 pixels, 19.5:9 ratio (~460 ppi density)"},{"label":"Protection","value":"Ceramic Shield glass"}]},{"category":"Platform","specs":[{"label":"OS","value":"iOS 17, upgradable to iOS 26.3"},{"label":"Chipset","value":"Apple A16 Bionic (4 nm)"},{"label":"CPU","value":"Hexa-core (2x3.46 GHz Everest + 4x2.02 GHz Sawtooth)"},{"label":"GPU","value":"Apple GPU (5-core graphics)"}]},{"category":"Memory","specs":[{"label":"Card slot","value":"No"},{"label":"Internal","value":"128GB 6GB RAM, 256GB 6GB RAM, 512GB 6GB RAM"}]},{"category":"Main Camera","specs":[{"label":"Dual","value":"48 MP, f/1.6, 26mm (wide), 1/1.56\\", 1.0µm, dual pixel PDAF, sensor-shift OIS"},{"label":"Features","value":"Dual-LED dual-tone flash, HDR (photo/panorama)"},{"label":"Video","value":"4K@24/25/30/60fps, 1080p@25/30/60/120/240fps, HDR, Dolby Vision HDR (up to 60fps), stereo sound rec."}]},{"category":"Selfie camera","specs":[{"label":"Single","value":"12 MP, f/1.9, 23mm (wide), 1/3.6\\", 1.0µm, PDAF"},{"label":"Video","value":"4K@24/25/30/60fps, 1080p@25/30/60/120fps, gyro-EIS"},{"label":"Features","value":"HDR, Dolby Vision HDR"}]},{"category":"Sound","specs":[{"label":"Loudspeaker","value":"Yes, with stereo speakers"},{"label":"3.5mm jack","value":"No"}]},{"category":"Comms","specs":[{"label":"WLAN","value":"Wi-Fi 802.11 a/b/g/n/ac/6, dual-band, hotspot"},{"label":"Bluetooth","value":"5.3, A2DP, LE"},{"label":"Positioning","value":"GPS, GLONASS, GALILEO, BDS, QZSS"},{"label":"NFC","value":"Yes"},{"label":"USB","value":"USB Type-C 2.0, DisplayPort"},{"label":"Radio","value":"No"}]},{"category":"Features","specs":[{"label":"Sensors","value":"Face ID, accelerometer, gyro, proximity, compass, barometer"}]},{"category":"Battery","specs":[{"label":"Type","value":"Li-Ion 4383 mAh"},{"label":"Charging","value":"Wired, PD2.0, 50% in 30 min"}]},{"category":"Misc","specs":[{"label":"Colors","value":"Black, Blue, Green, Yellow, Pink"},{"label":"Models","value":"A3094, A2847, A3093, A3096, iPhone15,5"},{"label":"SAR","value":"1.01 W/kg (head)     1.12 W/kg (body)"},{"label":"Price","value":"$ 369.95 / £ 390.00 / € 487.98"},{"label":"SAR EU","value":"0.98 W/kg (head)     0.98 W/kg (body)"}]}]');
INSERT OR IGNORE INTO device_pictures (device_id, url, position) VALUES (31, 'https://fdn2.gsmarena.com/vv/bigpic/apple-iphone-15-plus-.jpg', 0);
INSERT OR IGNORE INTO device_pictures (device_id, url, position) VALUES (31, 'https://fdn2.gsmarena.com/vv/pics/apple/apple-iphone-15-plus-1.jpg', 1);
INSERT OR IGNORE INTO device_pictures (device_id, url, position) VALUES (31, 'https://fdn2.gsmarena.com/vv/pics/apple/apple-iphone-15-plus-2.jpg', 2);
INSERT OR IGNORE INTO device_pictures (device_id, url, position) VALUES (31, 'https://fdn2.gsmarena.com/vv/pics/apple/apple-iphone-15-plus-3.jpg', 3);
INSERT OR IGNORE INTO device_pictures (device_id, url, position) VALUES (31, 'https://fdn2.gsmarena.com/vv/pics/apple/apple-iphone-15-plus-4.jpg', 4);
INSERT OR IGNORE INTO device_pictures (device_id, url, position) VALUES (31, 'https://fdn.gsmarena.com/imgroot/reviews/23/iphone-15-plus/lifestyle/-1024w2/gsmarena_001.jpg', 5);
INSERT OR IGNORE INTO device_pictures (device_id, url, position) VALUES (31, 'https://fdn.gsmarena.com/imgroot/reviews/23/iphone-15-plus/lifestyle/-1024w2/gsmarena_003.jpg', 6);
INSERT OR IGNORE INTO device_pictures (device_id, url, position) VALUES (31, 'https://fdn.gsmarena.com/imgroot/reviews/23/iphone-15-plus/lifestyle/-1024w2/gsmarena_007.jpg', 7);
INSERT OR IGNORE INTO device_pictures (device_id, url, position) VALUES (31, 'https://fdn.gsmarena.com/imgroot/reviews/23/iphone-15-plus/lifestyle/-1024w2/gsmarena_010.jpg', 8);
INSERT OR IGNORE INTO device_pictures (device_id, url, position) VALUES (31, 'https://fdn.gsmarena.com/imgroot/reviews/23/iphone-15-plus/lifestyle/-1024w2/gsmarena_011.jpg', 9);
INSERT OR IGNORE INTO devices (id, brand_id, name, gsmarena_url, thumbnail_url, summary) VALUES (32, 1, 'iPhone 15', 'https://www.gsmarena.com/apple_iphone_15-12559.php', 'https://fdn2.gsmarena.com/vv/bigpic/apple-iphone-15.jpg', 'iPhone 15');
INSERT OR IGNORE INTO device_specs (device_id, announced, status, network, os, chipset, cpu, gpu, display_size, display_type, display_res, ram, storage, main_camera, selfie_camera, battery, charging, nfc, usb, bluetooth, wlan, colors, weight, dimensions, sim, sensors, popularity, fans, rating, full_specs_json) VALUES (32, '2023, September 12', 'Available. Released 2023, September 22', 'GSM / CDMA / HSPA / EVDO / LTE / 5G / 5G', 'iOS 17, upgradable to iOS 26.3', 'Apple A16 Bionic (4 nm)', 'Hexa-core (2x3.46 GHz Everest + 4x2.02 GHz Sawtooth)', 'Apple GPU (5-core graphics)', '6.1 inches, 91.3 cm 2 (~86.4% screen-to-body ratio)', 'Super Retina XDR OLED, HDR10, Dolby Vision, 1000 nits (HBM), 2000 nits (peak)', '1179 x 2556 pixels, 19.5:9 ratio (~461 ppi density)', '6GB', '128GB', '48 MP, f/1.6, 26mm (wide), 1/1.56", 1.0µm, dual pixel PDAF, sensor-shift OIS, Dual-LED dual-tone flash, HDR (photo/panorama)', '12 MP, f/1.9, 23mm (wide), 1/3.6", 1.0µm, PDAF, 4K@24/25/30/60fps, 1080p@25/30/60/120fps, gyro-EIS', 'Li-Ion 3349 mAh', 'Wired, PD2.0, 50% in 30 min', 'Yes', 'USB Type-C 2.0, DisplayPort', '5.3, A2DP, LE', 'Wi-Fi 802.11 a/b/g/n/ac/6, dual-band, hotspot', 'Black, Blue, Green, Yellow, Pink', '171 g (6.03 oz)', '147.6 x 71.6 x 7.8 mm (5.81 x 2.82 x 0.31 in)', '· Nano-SIM + eSIM + eSIM (max 2 at a time; International) · eSIM + eSIM (8 or more, max 2 at a time; USA) · Nano-SIM + Nano-SIM (China)', 'Face ID, accelerometer, gyro, proximity, compass, barometer', '$ 348.88 / £ 362.98 / € 448.15', NULL, NULL, '[{"category":"Network","specs":[{"label":"Technology","value":"GSM / CDMA / HSPA / EVDO / LTE / 5G"},{"label":"2G bands","value":"GSM 850 / 900 / 1800 / 1900"},{"label":"3G bands","value":"HSDPA 850 / 900 / 1700(AWS) / 1900 / 2100"},{"label":"4G bands","value":"1, 2, 3, 4, 5, 7, 8, 12, 13, 17, 18, 19, 20, 25, 26, 28, 30, 32, 34, 38, 39, 40, 41, 42, 46, 48, 53, 66 - A3090"},{"label":"5G bands","value":"1, 2, 3, 5, 7, 8, 12, 20, 25, 26, 28, 30, 38, 40, 41, 48, 53, 66, 70, 77, 78, 79 SA/NSA/Sub6 - A3090"},{"label":"Speed","value":"HSPA, LTE, 5G, EV-DO Rev.A 3.1 Mbps"}]},{"category":"Launch","specs":[{"label":"Announced","value":"2023, September 12"},{"label":"Status","value":"Available. Released 2023, September 22"}]},{"category":"Body","specs":[{"label":"Dimensions","value":"147.6 x 71.6 x 7.8 mm (5.81 x 2.82 x 0.31 in)"},{"label":"Weight","value":"171 g (6.03 oz)"},{"label":"Build","value":"Glass front, glass back, aluminum frame"},{"label":"SIM","value":"· Nano-SIM + eSIM + eSIM (max 2 at a time; International) · eSIM + eSIM (8 or more, max 2 at a time; USA) · Nano-SIM + Nano-SIM (China)"}]},{"category":"Display","specs":[{"label":"Type","value":"Super Retina XDR OLED, HDR10, Dolby Vision, 1000 nits (HBM), 2000 nits (peak)"},{"label":"Size","value":"6.1 inches, 91.3 cm 2 (~86.4% screen-to-body ratio)"},{"label":"Resolution","value":"1179 x 2556 pixels, 19.5:9 ratio (~461 ppi density)"},{"label":"Protection","value":"Ceramic Shield glass"}]},{"category":"Platform","specs":[{"label":"OS","value":"iOS 17, upgradable to iOS 26.3"},{"label":"Chipset","value":"Apple A16 Bionic (4 nm)"},{"label":"CPU","value":"Hexa-core (2x3.46 GHz Everest + 4x2.02 GHz Sawtooth)"},{"label":"GPU","value":"Apple GPU (5-core graphics)"}]},{"category":"Memory","specs":[{"label":"Card slot","value":"No"},{"label":"Internal","value":"128GB 6GB RAM, 256GB 6GB RAM, 512GB 6GB RAM"}]},{"category":"Main Camera","specs":[{"label":"Dual","value":"48 MP, f/1.6, 26mm (wide), 1/1.56\\", 1.0µm, dual pixel PDAF, sensor-shift OIS"},{"label":"Features","value":"Dual-LED dual-tone flash, HDR (photo/panorama)"},{"label":"Video","value":"4K@24/25/30/60fps, 1080p@25/30/60/120/240fps, HDR, Dolby Vision HDR (up to 60fps), stereo sound rec."}]},{"category":"Selfie camera","specs":[{"label":"Single","value":"12 MP, f/1.9, 23mm (wide), 1/3.6\\", 1.0µm, PDAF"},{"label":"Video","value":"4K@24/25/30/60fps, 1080p@25/30/60/120fps, gyro-EIS"},{"label":"Features","value":"HDR, Dolby Vision HDR"}]},{"category":"Sound","specs":[{"label":"Loudspeaker","value":"Yes, with stereo speakers"},{"label":"3.5mm jack","value":"No"}]},{"category":"Comms","specs":[{"label":"WLAN","value":"Wi-Fi 802.11 a/b/g/n/ac/6, dual-band, hotspot"},{"label":"Bluetooth","value":"5.3, A2DP, LE"},{"label":"Positioning","value":"GPS, GLONASS, GALILEO, BDS, QZSS"},{"label":"NFC","value":"Yes"},{"label":"USB","value":"USB Type-C 2.0, DisplayPort"},{"label":"Radio","value":"No"}]},{"category":"Features","specs":[{"label":"Sensors","value":"Face ID, accelerometer, gyro, proximity, compass, barometer"}]},{"category":"Battery","specs":[{"label":"Type","value":"Li-Ion 3349 mAh"},{"label":"Charging","value":"Wired, PD2.0, 50% in 30 min"}]},{"category":"Misc","specs":[{"label":"Colors","value":"Black, Blue, Green, Yellow, Pink"},{"label":"Models","value":"A3090, A2846, A3089, A3092, iPhone15,4"},{"label":"SAR","value":"1.12 W/kg (head)     1.14 W/kg (body)"},{"label":"Price","value":"$ 348.88 / £ 362.98 / € 448.15"},{"label":"SAR EU","value":"0.98 W/kg (head)     0.98 W/kg (body)"}]}]');
INSERT OR IGNORE INTO device_pictures (device_id, url, position) VALUES (32, 'https://fdn2.gsmarena.com/vv/bigpic/apple-iphone-15.jpg', 0);
INSERT OR IGNORE INTO device_pictures (device_id, url, position) VALUES (32, 'https://fdn2.gsmarena.com/vv/pics/apple/apple-iphone-15-1.jpg', 1);
INSERT OR IGNORE INTO device_pictures (device_id, url, position) VALUES (32, 'https://fdn2.gsmarena.com/vv/pics/apple/apple-iphone-15-2.jpg', 2);
INSERT OR IGNORE INTO device_pictures (device_id, url, position) VALUES (32, 'https://fdn2.gsmarena.com/vv/pics/apple/apple-iphone-15-3.jpg', 3);
INSERT OR IGNORE INTO device_pictures (device_id, url, position) VALUES (32, 'https://fdn2.gsmarena.com/vv/pics/apple/apple-iphone-15-4.jpg', 4);
INSERT OR IGNORE INTO device_pictures (device_id, url, position) VALUES (32, 'https://fdn.gsmarena.com/imgroot/reviews/23/iphone-15/lifestyle/-1024w2/gsmarena_001.jpg', 5);
INSERT OR IGNORE INTO device_pictures (device_id, url, position) VALUES (32, 'https://fdn.gsmarena.com/imgroot/reviews/23/iphone-15/lifestyle/-1024w2/gsmarena_002.jpg', 6);
INSERT OR IGNORE INTO device_pictures (device_id, url, position) VALUES (32, 'https://fdn.gsmarena.com/imgroot/reviews/23/iphone-15/lifestyle/-1024w2/gsmarena_003.jpg', 7);
INSERT OR IGNORE INTO device_pictures (device_id, url, position) VALUES (32, 'https://fdn.gsmarena.com/imgroot/reviews/23/iphone-15/lifestyle/-1024w2/gsmarena_004.jpg', 8);
INSERT OR IGNORE INTO device_pictures (device_id, url, position) VALUES (32, 'https://fdn.gsmarena.com/imgroot/reviews/23/iphone-15/lifestyle/-1024w2/gsmarena_005.jpg', 9);
INSERT OR IGNORE INTO devices (id, brand_id, name, gsmarena_url, thumbnail_url, summary) VALUES (33, 1, 'Watch Ultra 2', 'https://www.gsmarena.com/apple_watch_ultra_2-12560.php', 'https://fdn2.gsmarena.com/vv/bigpic/apple-watch-ultra2-black.jpg', 'Watch Ultra 2');
INSERT OR IGNORE INTO device_specs (device_id, announced, status, network, os, chipset, cpu, gpu, display_size, display_type, display_res, ram, storage, main_camera, selfie_camera, battery, charging, nfc, usb, bluetooth, wlan, colors, weight, dimensions, sim, sensors, popularity, fans, rating, full_specs_json) VALUES (33, '2023, September 12', 'Available. Released 2023, September 22', 'GSM / HSPA / LTE / 4G/LTE', 'watchOS 10, upgradable to watchOS 26.3', 'Apple S9', 'Dual-core', 'PowerVR', '1.92 inches', 'Retina LTPO2 OLED, 3000 nits (peak)', '502 x 410 pixels (~338 ppi density)', '64GB', '64GB', NULL, NULL, 'Li-Ion 564 mAh', 'Wireless, 0-80% in 60 min', 'Yes', 'No', '5.3, A2DP, LE', 'Wi-Fi 802.11 b/g/n, dual-band', 'Titanium, Black', '61.4 g or 61.8 g (black) (2.15 oz)', '49 x 44 x 14.4 mm (1.93 x 1.73 x 0.57 in)', 'eSIM', 'Accelerometer, gyro, heart rate, barometer, always-on altimeter (-500m to 9000m), compass, SpO2, VO2max, temperature (body), temperature (water)', '$ 444.71 / € 500.00', NULL, NULL, '[{"category":"Network","specs":[{"label":"Technology","value":"GSM / HSPA / LTE"},{"label":"2G bands","value":"GSM 850 / 900 / 1800 / 1900"},{"label":"3G bands","value":"HSDPA 850 / 900 / 1700(AWS) / 1900 / 2100 - International, China, HK"},{"label":"4G bands","value":"1, 2, 3, 4, 5, 6, 7, 8, 18, 19, 20, 25, 26, 28, 39, 40, 41, 66 - International, China, HK"},{"label":"Speed","value":"HSPA, LTE"}]},{"category":"Launch","specs":[{"label":"Announced","value":"2023, September 12"},{"label":"Status","value":"Available. Released 2023, September 22"}]},{"category":"Body","specs":[{"label":"Dimensions","value":"49 x 44 x 14.4 mm (1.93 x 1.73 x 0.57 in)"},{"label":"Weight","value":"61.4 g or 61.8 g (black) (2.15 oz)"},{"label":"Build","value":"Sapphire crystal front, ceramic/sapphire crystal back, titanium frame"},{"label":"SIM","value":"eSIM"}]},{"category":"Display","specs":[{"label":"Type","value":"Retina LTPO2 OLED, 3000 nits (peak)"},{"label":"Size","value":"1.92 inches"},{"label":"Resolution","value":"502 x 410 pixels (~338 ppi density)"},{"label":"Protection","value":"Sapphire crystal glass"}]},{"category":"Platform","specs":[{"label":"OS","value":"watchOS 10, upgradable to watchOS 26.3"},{"label":"Chipset","value":"Apple S9"},{"label":"CPU","value":"Dual-core"},{"label":"GPU","value":"PowerVR"}]},{"category":"Memory","specs":[{"label":"Card slot","value":"No"},{"label":"Internal","value":"64GB"}]},{"category":"Sound","specs":[{"label":"Loudspeaker","value":"Yes, with dual speakers (86-decibel)"},{"label":"3.5mm jack","value":"No"}]},{"category":"Comms","specs":[{"label":"WLAN","value":"Wi-Fi 802.11 b/g/n, dual-band"},{"label":"Bluetooth","value":"5.3, A2DP, LE"},{"label":"Positioning","value":"GPS (L1+L5), GLONASS, GALILEO, BDS"},{"label":"NFC","value":"Yes"},{"label":"USB","value":"No"},{"label":"Radio","value":"No"}]},{"category":"Features","specs":[{"label":"Sensors","value":"Accelerometer, gyro, heart rate, barometer, always-on altimeter (-500m to 9000m), compass, SpO2, VO2max, temperature (body), temperature (water)"}]},{"category":"Battery","specs":[{"label":"Type","value":"Li-Ion 564 mAh"},{"label":"Charging","value":"Wireless, 0-80% in 60 min"}]},{"category":"Misc","specs":[{"label":"Colors","value":"Titanium, Black"},{"label":"Models","value":"A2986, A2987, Watch7,5"},{"label":"SAR","value":"0.88 W/kg (head)"},{"label":"Price","value":"$ 444.71 / € 500.00"},{"label":"SAR EU","value":"0.22 W/kg (head)"}]}]');
INSERT OR IGNORE INTO device_pictures (device_id, url, position) VALUES (33, 'https://fdn2.gsmarena.com/vv/bigpic/apple-watch-ultra2-black.jpg', 0);
INSERT OR IGNORE INTO device_pictures (device_id, url, position) VALUES (33, 'https://fdn2.gsmarena.com/vv/pics/apple/apple-watch-ultra2-black.jpg', 1);
INSERT OR IGNORE INTO device_pictures (device_id, url, position) VALUES (33, 'https://fdn2.gsmarena.com/vv/pics/apple/apple-watch-ultra2-1.jpg', 2);
INSERT OR IGNORE INTO device_pictures (device_id, url, position) VALUES (33, 'https://fdn2.gsmarena.com/vv/pics/apple/apple-watch-ultra2-3.jpg', 3);
INSERT OR IGNORE INTO device_pictures (device_id, url, position) VALUES (33, 'https://fdn2.gsmarena.com/vv/pics/apple/apple-watch-ultra2-4.jpg', 4);
INSERT OR IGNORE INTO devices (id, brand_id, name, gsmarena_url, thumbnail_url, summary) VALUES (34, 1, 'Watch Series 9', 'https://www.gsmarena.com/apple_watch_series_9-12561.php', 'https://fdn2.gsmarena.com/vv/bigpic/apple-watch-series9.jpg', 'Watch Series 9');
INSERT OR IGNORE INTO device_specs (device_id, announced, status, network, os, chipset, cpu, gpu, display_size, display_type, display_res, ram, storage, main_camera, selfie_camera, battery, charging, nfc, usb, bluetooth, wlan, colors, weight, dimensions, sim, sensors, popularity, fans, rating, full_specs_json) VALUES (34, '2023, September 12', 'Available. Released 2023, September 22', 'GSM / HSPA / LTE / 4G/LTE', 'watchOS 10, upgradable to watchOS 26.3', 'Apple S9', 'Dual-core', 'PowerVR', '1.9 inches', 'Retina LTPO OLED, 2000 nits (peak)', '484 x 396 pixels (~326 ppi density)', '64GB', '64GB', NULL, NULL, 'Li-Ion 308 mAh', 'Wireless, 0-80% in 45 min', 'Yes', 'No', '5.3, A2DP, LE', 'Wi-Fi 802.11 b/g/n, dual-band', 'Graphite, Silver, Gold, Red', '42.3 g (41mm), 51.5 g (45mm) (1.48 oz)', '45 x 38 x 10.7 mm (1.77 x 1.50 x 0.42 in)', 'eSIM', 'Accelerometer, gyro, heart rate, barometer, always-on altimeter, compass, SpO2, VO2max, temperature (body)', 'About 630 EUR', NULL, NULL, '[{"category":"Network","specs":[{"label":"Technology","value":"GSM / HSPA / LTE"},{"label":"2G bands","value":"GSM 850 / 900 / 1800 / 1900"},{"label":"3G bands","value":"HSDPA 850 / 900 / 1700(AWS) / 1900 / 2100 - International, China, HK"},{"label":"4G bands","value":"1, 2, 3, 4, 5, 6, 7, 8, 18, 19, 20, 25, 26, 28, 39, 40, 41, 66 - International, China, HK"},{"label":"Speed","value":"HSPA, LTE"}]},{"category":"Launch","specs":[{"label":"Announced","value":"2023, September 12"},{"label":"Status","value":"Available. Released 2023, September 22"}]},{"category":"Body","specs":[{"label":"Dimensions","value":"45 x 38 x 10.7 mm (1.77 x 1.50 x 0.42 in)"},{"label":"Weight","value":"42.3 g (41mm), 51.5 g (45mm) (1.48 oz)"},{"label":"Build","value":"Sapphire crystal front, ceramic/sapphire crystal back, stainless steel frame"},{"label":"SIM","value":"eSIM"}]},{"category":"Display","specs":[{"label":"Type","value":"Retina LTPO OLED, 2000 nits (peak)"},{"label":"Size","value":"1.9 inches"},{"label":"Resolution","value":"484 x 396 pixels (~326 ppi density)"},{"label":"Protection","value":"Sapphire crystal glass"}]},{"category":"Platform","specs":[{"label":"OS","value":"watchOS 10, upgradable to watchOS 26.3"},{"label":"Chipset","value":"Apple S9"},{"label":"CPU","value":"Dual-core"},{"label":"GPU","value":"PowerVR"}]},{"category":"Memory","specs":[{"label":"Card slot","value":"No"},{"label":"Internal","value":"64GB"}]},{"category":"Sound","specs":[{"label":"Loudspeaker","value":"Yes"},{"label":"3.5mm jack","value":"No"}]},{"category":"Comms","specs":[{"label":"WLAN","value":"Wi-Fi 802.11 b/g/n, dual-band"},{"label":"Bluetooth","value":"5.3, A2DP, LE"},{"label":"Positioning","value":"GPS, GLONASS, GALILEO, QZSS, BDS"},{"label":"NFC","value":"Yes"},{"label":"USB","value":"No"},{"label":"Radio","value":"No"}]},{"category":"Features","specs":[{"label":"Sensors","value":"Accelerometer, gyro, heart rate, barometer, always-on altimeter, compass, SpO2, VO2max, temperature (body)"}]},{"category":"Battery","specs":[{"label":"Type","value":"Li-Ion 308 mAh"},{"label":"Charging","value":"Wireless, 0-80% in 45 min"}]},{"category":"Misc","specs":[{"label":"Colors","value":"Graphite, Silver, Gold, Red"},{"label":"Models","value":"A2982, A2984, A2983, A2985, Watch7,3, Watch7,4"},{"label":"SAR","value":"1.02 W/kg (head)"},{"label":"Price","value":"About 630 EUR"},{"label":"SAR EU","value":"0.64 W/kg (head)"}]}]');
INSERT OR IGNORE INTO device_pictures (device_id, url, position) VALUES (34, 'https://fdn2.gsmarena.com/vv/bigpic/apple-watch-series9.jpg', 0);
INSERT OR IGNORE INTO device_pictures (device_id, url, position) VALUES (34, 'https://fdn2.gsmarena.com/vv/pics/apple/apple-watch-series9-1.jpg', 1);
INSERT OR IGNORE INTO device_pictures (device_id, url, position) VALUES (34, 'https://fdn2.gsmarena.com/vv/pics/apple/apple-watch-series9-2.jpg', 2);
INSERT OR IGNORE INTO devices (id, brand_id, name, gsmarena_url, thumbnail_url, summary) VALUES (35, 1, 'Watch Series 9 Aluminum', 'https://www.gsmarena.com/apple_watch_series_9_aluminum-12562.php', 'https://fdn2.gsmarena.com/vv/bigpic/apple-watch-series9-aluminum.jpg', 'Watch Series 9 Aluminum');
INSERT OR IGNORE INTO device_specs (device_id, announced, status, network, os, chipset, cpu, gpu, display_size, display_type, display_res, ram, storage, main_camera, selfie_camera, battery, charging, nfc, usb, bluetooth, wlan, colors, weight, dimensions, sim, sensors, popularity, fans, rating, full_specs_json) VALUES (35, '2023, September 12', 'Available. Released 2023, September 22', 'GSM / HSPA / LTE / 4G/LTE', 'watchOS 10, upgradable to watchOS 26.3', 'Apple S9', 'Dual-core', 'PowerVR', '1.9 inches', 'Retina LTPO OLED, 2000 nits (peak)', '484 x 396 pixels (~326 ppi density)', '64GB', '64GB', NULL, NULL, 'Li-Ion 308 mAh', 'Wireless, 0-80% in 45 min', 'Yes', 'No', '5.3, A2DP, LE', 'Wi-Fi 802.11 b/g/n, dual-band', 'Midnight, Starlight, Silver, Pink, Red', '31.9 g (41mm), 38.7 g (45mm) (1.13 oz)', '45 x 38 x 10.7 mm (1.77 x 1.50 x 0.42 in)', 'eSIM', 'Accelerometer, gyro, heart rate, barometer, always-on altimeter, compass, SpO2, VO2max, temperature (body)', 'About 340 EUR', NULL, NULL, '[{"category":"Network","specs":[{"label":"Technology","value":"GSM / HSPA / LTE"},{"label":"2G bands","value":"GSM 850 / 900 / 1800 / 1900"},{"label":"3G bands","value":"HSDPA 850 / 900 / 1700(AWS) / 1900 / 2100 - International, China, HK"},{"label":"4G bands","value":"1, 2, 3, 4, 5, 6, 7, 8, 18, 19, 20, 25, 26, 28, 39, 40, 41, 66 - International, China, HK"},{"label":"Speed","value":"HSPA, LTE"}]},{"category":"Launch","specs":[{"label":"Announced","value":"2023, September 12"},{"label":"Status","value":"Available. Released 2023, September 22"}]},{"category":"Body","specs":[{"label":"Dimensions","value":"45 x 38 x 10.7 mm (1.77 x 1.50 x 0.42 in)"},{"label":"Weight","value":"31.9 g (41mm), 38.7 g (45mm) (1.13 oz)"},{"label":"Build","value":"Glass front, ceramic/sapphire crystal back, aluminum frame"},{"label":"SIM","value":"eSIM"}]},{"category":"Display","specs":[{"label":"Type","value":"Retina LTPO OLED, 2000 nits (peak)"},{"label":"Size","value":"1.9 inches"},{"label":"Resolution","value":"484 x 396 pixels (~326 ppi density)"},{"label":"Protection","value":"Ion-X strengthened glass"}]},{"category":"Platform","specs":[{"label":"OS","value":"watchOS 10, upgradable to watchOS 26.3"},{"label":"Chipset","value":"Apple S9"},{"label":"CPU","value":"Dual-core"},{"label":"GPU","value":"PowerVR"}]},{"category":"Memory","specs":[{"label":"Card slot","value":"No"},{"label":"Internal","value":"64GB"}]},{"category":"Sound","specs":[{"label":"Loudspeaker","value":"Yes"},{"label":"3.5mm jack","value":"No"}]},{"category":"Comms","specs":[{"label":"WLAN","value":"Wi-Fi 802.11 b/g/n, dual-band"},{"label":"Bluetooth","value":"5.3, A2DP, LE"},{"label":"Positioning","value":"GPS, GLONASS, GALILEO, QZSS, BDS"},{"label":"NFC","value":"Yes"},{"label":"USB","value":"No"},{"label":"Radio","value":"No"}]},{"category":"Features","specs":[{"label":"Sensors","value":"Accelerometer, gyro, heart rate, barometer, always-on altimeter, compass, SpO2, VO2max, temperature (body)"}]},{"category":"Battery","specs":[{"label":"Type","value":"Li-Ion 308 mAh"},{"label":"Charging","value":"Wireless, 0-80% in 45 min"}]},{"category":"Misc","specs":[{"label":"Colors","value":"Midnight, Starlight, Silver, Pink, Red"},{"label":"Models","value":"A2982, A2984, A2983, A2985, Watch7,1, Watch7,2, Watch7,3, Watch7,4"},{"label":"SAR","value":"1.02 W/kg (head)"},{"label":"Price","value":"About 340 EUR"},{"label":"SAR EU","value":"0.64 W/kg (head)"}]}]');
INSERT OR IGNORE INTO device_pictures (device_id, url, position) VALUES (35, 'https://fdn2.gsmarena.com/vv/bigpic/apple-watch-series9-aluminum.jpg', 0);
INSERT OR IGNORE INTO device_pictures (device_id, url, position) VALUES (35, 'https://fdn2.gsmarena.com/vv/pics/apple/apple-watch-series9-aluminum-1.jpg', 1);
INSERT OR IGNORE INTO device_pictures (device_id, url, position) VALUES (35, 'https://fdn2.gsmarena.com/vv/pics/apple/apple-watch-series9-aluminum-2.jpg', 2);
INSERT OR IGNORE INTO device_pictures (device_id, url, position) VALUES (35, 'https://fdn2.gsmarena.com/vv/pics/apple/apple-watch-series9-aluminum-3.jpg', 3);
INSERT OR IGNORE INTO device_pictures (device_id, url, position) VALUES (35, 'https://fdn.gsmarena.com/imgroot/reviews/23/apple-watch-series-9/lifestyle/-1024w2/gsmarena_001.jpg', 4);
INSERT OR IGNORE INTO device_pictures (device_id, url, position) VALUES (35, 'https://fdn.gsmarena.com/imgroot/reviews/23/apple-watch-series-9/lifestyle/-1024w2/gsmarena_002.jpg', 5);
INSERT OR IGNORE INTO device_pictures (device_id, url, position) VALUES (35, 'https://fdn.gsmarena.com/imgroot/reviews/23/apple-watch-series-9/lifestyle/-1024w2/gsmarena_003.jpg', 6);
INSERT OR IGNORE INTO device_pictures (device_id, url, position) VALUES (35, 'https://fdn.gsmarena.com/imgroot/reviews/23/apple-watch-series-9/lifestyle/-1024w2/gsmarena_004.jpg', 7);
INSERT OR IGNORE INTO device_pictures (device_id, url, position) VALUES (35, 'https://fdn.gsmarena.com/imgroot/reviews/23/apple-watch-series-9/lifestyle/-1024w2/gsmarena_005.jpg', 8);
INSERT OR IGNORE INTO device_pictures (device_id, url, position) VALUES (35, 'https://fdn.gsmarena.com/imgroot/reviews/23/apple-watch-series-9/lifestyle/-1024w2/gsmarena_006.jpg', 9);
INSERT OR IGNORE INTO devices (id, brand_id, name, gsmarena_url, thumbnail_url, summary) VALUES (36, 1, 'iPad Pro 12.9 (2022)', 'https://www.gsmarena.com/apple_ipad_pro_12_9_(2022)-11939.php', 'https://fdn2.gsmarena.com/vv/bigpic/apple-ipad-pro-129-2022.jpg', 'iPad Pro 12.9 (2022)');
INSERT OR IGNORE INTO device_specs (device_id, announced, status, network, os, chipset, cpu, gpu, display_size, display_type, display_res, ram, storage, main_camera, selfie_camera, battery, charging, nfc, usb, bluetooth, wlan, colors, weight, dimensions, sim, sensors, popularity, fans, rating, full_specs_json) VALUES (36, '2022, October 18', 'Available. Released 2022, October 26', 'GSM / HSPA / LTE / 5G / 5G', 'iPadOS 16.1, upgradable to iPadOS 26.3', 'Apple M2', 'Octa-core (4x3.49 GHz performance cores, 4 efficiency cores)', 'Apple GPU (10-core graphics)', '12.9 inches, 515.3 cm 2 (~85.4% screen-to-body ratio)', 'Liquid Retina XDR mini-LED LCD, 120Hz, HDR10, Dolby Vision, 1000 nits (typ), 1600 nits (peak)', '2048 x 2732 pixels, 4:3 ratio (~265 ppi density)', '8GB', '128GB', '12 MP, f/1.8, (wide), 1/3.0", 1.22µm, dual pixel PDAF, Quad-LED dual-tone flash, HDR', '12 MP, f/2.4, 122˚ (ultrawide), 1080p@25/30/60fps, gyro-EIS, HDR', 'Li-Po 10758 mAh (40.88 Wh)', NULL, 'No', 'USB Type-C 4 (Thunderbolt 3), DisplayPort, magnetic connector', '5.3, A2DP, LE, EDR', 'Wi-Fi 802.11 a/b/g/n/ac/6e, dual-band, hotspot', 'Silver, Space Gray', '682 g (Wi-Fi), 685 g (5G) (1.50 lb)', '280.6 x 214.9 x 6.4 mm (11.05 x 8.46 x 0.25 in)', 'Nano-SIM + eSIM', 'Face ID, accelerometer, gyro, compass, barometer', 'About 1450 EUR', NULL, NULL, '[{"category":"Network","specs":[{"label":"Technology","value":"GSM / HSPA / LTE / 5G"},{"label":"2G bands","value":"GSM 850 / 900 / 1800 / 1900"},{"label":"3G bands","value":"HSDPA 850 / 900 / 1700(AWS) / 1900 / 2100"},{"label":"4G bands","value":"1, 2, 3, 4, 5, 7, 8, 11, 12, 13, 14, 17, 18, 19, 20, 21, 25, 26, 28, 29, 30, 32, 34, 38, 39, 40, 41, 42, 46, 48, 66, 71 - A2764, A2437"},{"label":"5G bands","value":"1, 2, 3, 5, 7, 8, 12, 14, 20, 25, 26, 28, 29, 30, 38, 40, 41, 48, 66, 70, 71, 77, 78, 79, 258, 260, 261 SA/NSA/Sub6/mmWave - A2764"},{"label":"Speed","value":"HSPA, LTE, 5G"}]},{"category":"Launch","specs":[{"label":"Announced","value":"2022, October 18"},{"label":"Status","value":"Available. Released 2022, October 26"}]},{"category":"Body","specs":[{"label":"Dimensions","value":"280.6 x 214.9 x 6.4 mm (11.05 x 8.46 x 0.25 in)"},{"label":"Weight","value":"682 g (Wi-Fi), 685 g (5G) (1.50 lb)"},{"label":"Build","value":"Glass front, aluminum back, aluminum frame"},{"label":"SIM","value":"Nano-SIM + eSIM"}]},{"category":"Display","specs":[{"label":"Type","value":"Liquid Retina XDR mini-LED LCD, 120Hz, HDR10, Dolby Vision, 1000 nits (typ), 1600 nits (peak)"},{"label":"Size","value":"12.9 inches, 515.3 cm 2 (~85.4% screen-to-body ratio)"},{"label":"Resolution","value":"2048 x 2732 pixels, 4:3 ratio (~265 ppi density)"},{"label":"Protection","value":"Scratch-resistant glass, oleophobic coating"}]},{"category":"Platform","specs":[{"label":"OS","value":"iPadOS 16.1, upgradable to iPadOS 26.3"},{"label":"Chipset","value":"Apple M2"},{"label":"CPU","value":"Octa-core (4x3.49 GHz performance cores, 4 efficiency cores)"},{"label":"GPU","value":"Apple GPU (10-core graphics)"}]},{"category":"Memory","specs":[{"label":"Card slot","value":"No"},{"label":"Internal","value":"128GB 8GB RAM, 256GB 8GB RAM, 512GB 8GB RAM, 1TB 16GB RAM, 2TB 16GB RAM"}]},{"category":"Main Camera","specs":[{"label":"Dual","value":"12 MP, f/1.8, (wide), 1/3.0\\", 1.22µm, dual pixel PDAF"},{"label":"Features","value":"Quad-LED dual-tone flash, HDR"},{"label":"Video","value":"4K@24/25/30/60fps, 1080p@25/30/60/120/240fps; gyro-EIS, ProRes"}]},{"category":"Selfie camera","specs":[{"label":"Single","value":"12 MP, f/2.4, 122˚ (ultrawide)"},{"label":"Video","value":"1080p@25/30/60fps, gyro-EIS, HDR"},{"label":"Features","value":"Face detection, HDR, panorama"}]},{"category":"Sound","specs":[{"label":"Loudspeaker","value":"Yes, with stereo speakers (4 speakers)"},{"label":"3.5mm jack","value":"No"}]},{"category":"Comms","specs":[{"label":"WLAN","value":"Wi-Fi 802.11 a/b/g/n/ac/6e, dual-band, hotspot"},{"label":"Bluetooth","value":"5.3, A2DP, LE, EDR"},{"label":"Positioning","value":"GPS, GLONASS, GALILEO, QZSS (Wi‑Fi + Cellular model only)"},{"label":"NFC","value":"No"},{"label":"USB","value":"USB Type-C 4 (Thunderbolt 3), DisplayPort, magnetic connector"},{"label":"Radio","value":"No"}]},{"category":"Features","specs":[{"label":"Sensors","value":"Face ID, accelerometer, gyro, compass, barometer"}]},{"category":"Battery","specs":[{"label":"Type","value":"Li-Po 10758 mAh (40.88 Wh)"}]},{"category":"Misc","specs":[{"label":"Colors","value":"Silver, Space Gray"},{"label":"Models","value":"A2764, A2437, A2766, A2436, iPad14,5, iPad14,6"},{"label":"Price","value":"About 1450 EUR"}]}]');
INSERT OR IGNORE INTO device_pictures (device_id, url, position) VALUES (36, 'https://fdn2.gsmarena.com/vv/bigpic/apple-ipad-pro-129-2022.jpg', 0);
INSERT OR IGNORE INTO device_pictures (device_id, url, position) VALUES (36, 'https://fdn2.gsmarena.com/vv/pics/apple/apple-ipad-pro-129-2022-1.jpg', 1);
INSERT OR IGNORE INTO device_pictures (device_id, url, position) VALUES (36, 'https://fdn2.gsmarena.com/vv/pics/apple/apple-ipad-pro-129-2022-2.jpg', 2);
INSERT OR IGNORE INTO device_pictures (device_id, url, position) VALUES (36, 'https://fdn2.gsmarena.com/vv/pics/apple/apple-ipad-pro-2022.jpg', 3);
INSERT OR IGNORE INTO devices (id, brand_id, name, gsmarena_url, thumbnail_url, summary) VALUES (37, 1, 'iPad Pro 11 (2022)', 'https://www.gsmarena.com/apple_ipad_pro_11_(2022)-11940.php', 'https://fdn2.gsmarena.com/vv/bigpic/apple-ipad-pro-11-2022.jpg', 'iPad Pro 11 (2022)');
INSERT OR IGNORE INTO device_specs (device_id, announced, status, network, os, chipset, cpu, gpu, display_size, display_type, display_res, ram, storage, main_camera, selfie_camera, battery, charging, nfc, usb, bluetooth, wlan, colors, weight, dimensions, sim, sensors, popularity, fans, rating, full_specs_json) VALUES (37, '2022, October 18', 'Available. Released 2022, October 26', 'GSM / HSPA / LTE / 5G / 5G', 'iPadOS 16.1, upgradable to iPadOS 26.3', 'Apple M2', 'Octa-core (4x3.49 GHz performance cores, 4 efficiency cores)', 'Apple GPU (10-core graphics)', '11.0 inches, 366.5 cm 2 (~82.9% screen-to-body ratio)', 'Liquid Retina IPS LCD, 120Hz, HDR10, Dolby Vision, 600 nits (typ)', '1668 x 2388 pixels (~265 ppi density)', '8GB', '128GB', '12 MP, f/1.8, (wide), 1/3.0", 1.22µm, dual pixel PDAF, Quad-LED dual-tone flash, HDR', '12 MP, f/2.4, 122˚ (ultrawide), 1080p@25/30/60fps, gyro-EIS, HDR', 'Li-Po 7538 mAh (28.65 Wh)', NULL, 'No', 'USB Type-C 4 (Thunderbolt 3), DisplayPort, magnetic connector', '5.3, A2DP, LE, EDR', 'Wi-Fi 802.11 a/b/g/n/ac/6e, dual-band, hotspot', 'Silver, Space Gray', '466 g (Wi-Fi), 470 g (5G) (1.03 lb)', '247.6 x 178.5 x 5.9 mm (9.75 x 7.03 x 0.23 in)', 'Nano-SIM + eSIM (cellular model only)', 'Face ID, accelerometer, gyro, compass, barometer', 'About 1050 EUR', NULL, NULL, '[{"category":"Network","specs":[{"label":"Technology","value":"GSM / HSPA / LTE / 5G"},{"label":"2G bands","value":"GSM 850 / 900 / 1800 / 1900"},{"label":"3G bands","value":"HSDPA 850 / 900 / 1700(AWS) / 1900 / 2100"},{"label":"4G bands","value":"1, 2, 3, 4, 5, 7, 8, 11, 12, 13, 14, 17, 18, 19, 20, 21, 25, 26, 28, 29, 30, 32, 34, 38, 39, 40, 41, 42, 46, 48, 66, 71 - A2435, A2761"},{"label":"5G bands","value":"1, 2, 3, 5, 7, 8, 12, 14, 20, 25, 26, 28, 29, 30, 38, 40, 41, 48, 66, 70, 71, 77, 78, 79, 258, 260, 261 SA/NSA/Sub6/mmWave - A2435"},{"label":"Speed","value":"HSPA, LTE, 5G - cellular model only"}]},{"category":"Launch","specs":[{"label":"Announced","value":"2022, October 18"},{"label":"Status","value":"Available. Released 2022, October 26"}]},{"category":"Body","specs":[{"label":"Dimensions","value":"247.6 x 178.5 x 5.9 mm (9.75 x 7.03 x 0.23 in)"},{"label":"Weight","value":"466 g (Wi-Fi), 470 g (5G) (1.03 lb)"},{"label":"Build","value":"Glass front, aluminum back, aluminum frame"},{"label":"SIM","value":"Nano-SIM + eSIM (cellular model only)"}]},{"category":"Display","specs":[{"label":"Type","value":"Liquid Retina IPS LCD, 120Hz, HDR10, Dolby Vision, 600 nits (typ)"},{"label":"Size","value":"11.0 inches, 366.5 cm 2 (~82.9% screen-to-body ratio)"},{"label":"Resolution","value":"1668 x 2388 pixels (~265 ppi density)"},{"label":"Protection","value":"Scratch-resistant glass, oleophobic coating"}]},{"category":"Platform","specs":[{"label":"OS","value":"iPadOS 16.1, upgradable to iPadOS 26.3"},{"label":"Chipset","value":"Apple M2"},{"label":"CPU","value":"Octa-core (4x3.49 GHz performance cores, 4 efficiency cores)"},{"label":"GPU","value":"Apple GPU (10-core graphics)"}]},{"category":"Memory","specs":[{"label":"Card slot","value":"No"},{"label":"Internal","value":"128GB 8GB RAM, 256GB 8GB RAM, 512GB 8GB RAM, 1TB 16GB RAM, 2TB 16GB RAM"}]},{"category":"Main Camera","specs":[{"label":"Dual","value":"12 MP, f/1.8, (wide), 1/3.0\\", 1.22µm, dual pixel PDAF"},{"label":"Features","value":"Quad-LED dual-tone flash, HDR"},{"label":"Video","value":"4K@24/25/30/60fps, 1080p@25/30/60/120/240fps; gyro-EIS, ProRes"}]},{"category":"Selfie camera","specs":[{"label":"Single","value":"12 MP, f/2.4, 122˚ (ultrawide)"},{"label":"Video","value":"1080p@25/30/60fps, gyro-EIS, HDR"},{"label":"Features","value":"Face detection, HDR, panorama"}]},{"category":"Sound","specs":[{"label":"Loudspeaker","value":"Yes, with stereo speakers (4 speakers)"},{"label":"3.5mm jack","value":"No"}]},{"category":"Comms","specs":[{"label":"WLAN","value":"Wi-Fi 802.11 a/b/g/n/ac/6e, dual-band, hotspot"},{"label":"Bluetooth","value":"5.3, A2DP, LE, EDR"},{"label":"Positioning","value":"GPS, GLONASS, GALILEO, QZSS (cellular model only)"},{"label":"NFC","value":"No"},{"label":"USB","value":"USB Type-C 4 (Thunderbolt 3), DisplayPort, magnetic connector"},{"label":"Radio","value":"No"}]},{"category":"Features","specs":[{"label":"Sensors","value":"Face ID, accelerometer, gyro, compass, barometer"}]},{"category":"Battery","specs":[{"label":"Type","value":"Li-Po 7538 mAh (28.65 Wh)"}]},{"category":"Misc","specs":[{"label":"Colors","value":"Silver, Space Gray"},{"label":"Models","value":"A2435, A2761, A2762, A2759, iPad8,9, iPad8,10, iPad14,3, iPad14,4"},{"label":"Price","value":"About 1050 EUR"}]}]');
INSERT OR IGNORE INTO device_pictures (device_id, url, position) VALUES (37, 'https://fdn2.gsmarena.com/vv/bigpic/apple-ipad-pro-11-2022.jpg', 0);
INSERT OR IGNORE INTO device_pictures (device_id, url, position) VALUES (37, 'https://fdn2.gsmarena.com/vv/pics/apple/apple-ipad-pro-11-2022-1.jpg', 1);
INSERT OR IGNORE INTO device_pictures (device_id, url, position) VALUES (37, 'https://fdn2.gsmarena.com/vv/pics/apple/apple-ipad-pro-11-2022-2.jpg', 2);
INSERT OR IGNORE INTO device_pictures (device_id, url, position) VALUES (37, 'https://fdn2.gsmarena.com/vv/pics/apple/apple-ipad-pro-2022.jpg', 3);
INSERT OR IGNORE INTO devices (id, brand_id, name, gsmarena_url, thumbnail_url, summary) VALUES (38, 1, 'iPad (2022)', 'https://www.gsmarena.com/apple_ipad_(2022)-11941.php', 'https://fdn2.gsmarena.com/vv/bigpic/apple-ipad-10-2022.jpg', 'iPad (2022)');
INSERT OR IGNORE INTO device_specs (device_id, announced, status, network, os, chipset, cpu, gpu, display_size, display_type, display_res, ram, storage, main_camera, selfie_camera, battery, charging, nfc, usb, bluetooth, wlan, colors, weight, dimensions, sim, sensors, popularity, fans, rating, full_specs_json) VALUES (38, '2022, October 18', 'Available. Released 2022, October 26', 'GSM / HSPA / LTE / 5G / 5G', 'iPadOS 16.1, upgradable to iPadOS 26.3', 'Apple A14 Bionic (5 nm)', 'Hexa-core (2x3.0 GHz Firestorm + 4x1.8 GHz Icestorm)', 'Apple GPU (4-core graphics)', '10.9 inches, 359.2 cm 2 (~80.5% screen-to-body ratio)', 'Liquid Retina IPS LCD, 500 nits (typ)', '1640 x 2360 pixels (~264 ppi density)', '4GB', '64GB', '12 MP, f/1.8, (wide), PDAF, HDR, panorama', '12 MP, f/2.4, 122˚ (ultrawide), 1080p@25/30/60fps, gyro-EIS', 'Li-Po 7606 mAh (28.6 Wh)', NULL, 'No', 'USB Type-C 2.0, DisplayPort; magnetic connector', '5.2, A2DP, EDR, LE', 'Wi-Fi 802.11 a/b/g/n/ac/6, dual-band, hotspot', 'Silver, Blue, Pink, Yellow', '477 g (Wi-Fi) / 481 g (LTE) (1.05 lb)', '248.6 x 179.5 x 7 mm (9.79 x 7.07 x 0.28 in)', 'Nano-SIM + eSIM (cellular model only)', 'Fingerprint (top-mounted), accelerometer, gyro, compass, barometer', 'About 430 EUR', NULL, NULL, '[{"category":"Network","specs":[{"label":"Technology","value":"GSM / HSPA / LTE / 5G"},{"label":"2G bands","value":"GSM 850 / 900 / 1800 / 1900"},{"label":"3G bands","value":"HSDPA 850 / 900 / 1700(AWS) / 1900 / 2100 - A2757"},{"label":"4G bands","value":"1, 2, 3, 4, 5, 7, 8, 11, 12, 13, 14, 17, 18, 19, 20, 21, 25, 26, 28, 29, 30, 32, 34, 38, 39, 40, 41, 42, 46, 48, 66, 71 - A2757"},{"label":"5G bands","value":"1, 2, 3, 5, 7, 8, 12, 20, 25, 28, 29, 30, 38, 40, 41, 48, 66, 71, 77, 78, 79 SA/NSA/Sub6 - A2757, A2777"},{"label":"Speed","value":"HSPA, LTE, 5G - cellular model only"}]},{"category":"Launch","specs":[{"label":"Announced","value":"2022, October 18"},{"label":"Status","value":"Available. Released 2022, October 26"}]},{"category":"Body","specs":[{"label":"Dimensions","value":"248.6 x 179.5 x 7 mm (9.79 x 7.07 x 0.28 in)"},{"label":"Weight","value":"477 g (Wi-Fi) / 481 g (LTE) (1.05 lb)"},{"label":"Build","value":"Glass front, aluminum back, aluminum frame"},{"label":"SIM","value":"Nano-SIM + eSIM (cellular model only)"}]},{"category":"Display","specs":[{"label":"Type","value":"Liquid Retina IPS LCD, 500 nits (typ)"},{"label":"Size","value":"10.9 inches, 359.2 cm 2 (~80.5% screen-to-body ratio)"},{"label":"Resolution","value":"1640 x 2360 pixels (~264 ppi density)"},{"label":"Protection","value":"Scratch-resistant glass, oleophobic coating"}]},{"category":"Platform","specs":[{"label":"OS","value":"iPadOS 16.1, upgradable to iPadOS 26.3"},{"label":"Chipset","value":"Apple A14 Bionic (5 nm)"},{"label":"CPU","value":"Hexa-core (2x3.0 GHz Firestorm + 4x1.8 GHz Icestorm)"},{"label":"GPU","value":"Apple GPU (4-core graphics)"}]},{"category":"Memory","specs":[{"label":"Card slot","value":"No"},{"label":"Internal","value":"64GB 4GB RAM, 256GB 4GB RAM"}]},{"category":"Main Camera","specs":[{"label":"Single","value":"12 MP, f/1.8, (wide), PDAF"},{"label":"Features","value":"HDR, panorama"},{"label":"Video","value":"4K@24/25/30/60fps, 1080p@25/30/60/120/240fps"}]},{"category":"Selfie camera","specs":[{"label":"Single","value":"12 MP, f/2.4, 122˚ (ultrawide)"},{"label":"Video","value":"1080p@25/30/60fps, gyro-EIS"},{"label":"Features","value":"HDR"}]},{"category":"Sound","specs":[{"label":"Loudspeaker","value":"Yes, with stereo speakers"},{"label":"3.5mm jack","value":"No"}]},{"category":"Comms","specs":[{"label":"WLAN","value":"Wi-Fi 802.11 a/b/g/n/ac/6, dual-band, hotspot"},{"label":"Bluetooth","value":"5.2, A2DP, EDR, LE"},{"label":"Positioning","value":"GPS, GLONASS (Wi‑Fi + Cellular model only)"},{"label":"NFC","value":"No"},{"label":"USB","value":"USB Type-C 2.0, DisplayPort; magnetic connector"},{"label":"Radio","value":"No"}]},{"category":"Features","specs":[{"label":"Sensors","value":"Fingerprint (top-mounted), accelerometer, gyro, compass, barometer"}]},{"category":"Battery","specs":[{"label":"Type","value":"Li-Po 7606 mAh (28.6 Wh)"}]},{"category":"Misc","specs":[{"label":"Colors","value":"Silver, Blue, Pink, Yellow"},{"label":"Models","value":"A3162, A2757, A2777, A2696, iPad13,18, iPad13,19"},{"label":"Price","value":"About 430 EUR"}]}]');
INSERT OR IGNORE INTO device_pictures (device_id, url, position) VALUES (38, 'https://fdn2.gsmarena.com/vv/bigpic/apple-ipad-10-2022.jpg', 0);
INSERT OR IGNORE INTO device_pictures (device_id, url, position) VALUES (38, 'https://fdn2.gsmarena.com/vv/pics/apple/apple-ipad-10-2022-0.jpg', 1);
INSERT OR IGNORE INTO device_pictures (device_id, url, position) VALUES (38, 'https://fdn2.gsmarena.com/vv/pics/apple/apple-ipad-10-2022-1.jpg', 2);
INSERT OR IGNORE INTO device_pictures (device_id, url, position) VALUES (38, 'https://fdn2.gsmarena.com/vv/pics/apple/apple-ipad-10-2022-2.jpg', 3);
INSERT OR IGNORE INTO devices (id, brand_id, name, gsmarena_url, thumbnail_url, summary) VALUES (39, 1, 'iPhone 14 Pro Max', 'https://www.gsmarena.com/apple_iphone_14_pro_max-11773.php', 'https://fdn2.gsmarena.com/vv/bigpic/apple-iphone-14-pro-max-.jpg', 'iPhone 14 Pro Max');
INSERT OR IGNORE INTO device_specs (device_id, announced, status, network, os, chipset, cpu, gpu, display_size, display_type, display_res, ram, storage, main_camera, selfie_camera, battery, charging, nfc, usb, bluetooth, wlan, colors, weight, dimensions, sim, sensors, popularity, fans, rating, full_specs_json) VALUES (39, '2022, September 07', 'Available. Released 2022, September 16', 'GSM / CDMA / HSPA / EVDO / LTE / 5G / 5G', 'iOS 16, upgradable to iOS 26.3', 'Apple A16 Bionic (4 nm)', 'Hexa-core (2x3.46 GHz Everest + 4x2.02 GHz Sawtooth)', 'Apple GPU (5-core graphics)', '6.7 inches, 110.2 cm 2 (~88.3% screen-to-body ratio)', 'LTPO Super Retina XDR OLED, 120Hz, HDR10, Dolby Vision, 1000 nits (typ), 2000 nits (HBM)', '1290 x 2796 pixels, 19.5:9 ratio (~460 ppi density)', '6GB', '128GB', '48 MP, f/1.8, 24mm (wide), 1/1.28", 1.22µm, dual pixel PDAF, sensor-shift OIS, Dual-LED dual-tone flash, HDR (photo/panorama)', '12 MP, f/1.9, 23mm (wide), 1/3.6", 1.0µm, PDAF, OIS, 4K@24/25/30/60fps, 1080p@25/30/60/120fps, gyro-EIS', 'Li-Ion 4323 mAh (16.68 Wh)', 'Wired, PD2.0, 50% in 30 min', 'Yes', 'Lightning, USB 2.0', '5.3, A2DP, LE', 'Wi-Fi 802.11 a/b/g/n/ac/6, dual-band, hotspot', 'Space Black, Silver, Gold, Deep Purple', '240 g (8.47 oz)', '160.7 x 77.6 x 7.9 mm (6.33 x 3.06 x 0.31 in)', '· Nano-SIM + eSIM + eSIM (max 2 at a time; International) · eSIM + eSIM (8 or more, max 2 at a time; USA) · Nano-SIM + Nano-SIM (China)', 'Face ID, accelerometer, gyro, proximity, compass, barometer', '$ 449.00 / £ 373.99 / € 492.99', NULL, NULL, '[{"category":"Network","specs":[{"label":"Technology","value":"GSM / CDMA / HSPA / EVDO / LTE / 5G"},{"label":"2G bands","value":"GSM 850 / 900 / 1800 / 1900"},{"label":"3G bands","value":"HSDPA 850 / 900 / 1700(AWS) / 1900 / 2100"},{"label":"4G bands","value":"1, 2, 3, 4, 5, 7, 8, 12, 13, 17, 18, 19, 20, 25, 26, 28, 30, 32, 34, 38, 39, 40, 41, 42, 46, 48, 66 - A2894, A2896"},{"label":"5G bands","value":"1, 2, 3, 5, 7, 8, 12, 20, 25, 26, 28, 30, 38, 40, 41, 48, 66, 70, 77, 78, 79 SA/NSA/Sub6 - A2894, A2896"},{"label":"Speed","value":"HSPA, LTE, 5G, EV-DO Rev.A 3.1 Mbps"}]},{"category":"Launch","specs":[{"label":"Announced","value":"2022, September 07"},{"label":"Status","value":"Available. Released 2022, September 16"}]},{"category":"Body","specs":[{"label":"Dimensions","value":"160.7 x 77.6 x 7.9 mm (6.33 x 3.06 x 0.31 in)"},{"label":"Weight","value":"240 g (8.47 oz)"},{"label":"Build","value":"Glass front, glass back, stainless steel frame"},{"label":"SIM","value":"· Nano-SIM + eSIM + eSIM (max 2 at a time; International) · eSIM + eSIM (8 or more, max 2 at a time; USA) · Nano-SIM + Nano-SIM (China)"}]},{"category":"Display","specs":[{"label":"Type","value":"LTPO Super Retina XDR OLED, 120Hz, HDR10, Dolby Vision, 1000 nits (typ), 2000 nits (HBM)"},{"label":"Size","value":"6.7 inches, 110.2 cm 2 (~88.3% screen-to-body ratio)"},{"label":"Resolution","value":"1290 x 2796 pixels, 19.5:9 ratio (~460 ppi density)"},{"label":"Protection","value":"Ceramic Shield glass"}]},{"category":"Platform","specs":[{"label":"OS","value":"iOS 16, upgradable to iOS 26.3"},{"label":"Chipset","value":"Apple A16 Bionic (4 nm)"},{"label":"CPU","value":"Hexa-core (2x3.46 GHz Everest + 4x2.02 GHz Sawtooth)"},{"label":"GPU","value":"Apple GPU (5-core graphics)"}]},{"category":"Memory","specs":[{"label":"Card slot","value":"No"},{"label":"Internal","value":"128GB 6GB RAM, 256GB 6GB RAM, 512GB 6GB RAM, 1TB 6GB RAM"}]},{"category":"Main Camera","specs":[{"label":"Triple","value":"48 MP, f/1.8, 24mm (wide), 1/1.28\\", 1.22µm, dual pixel PDAF, sensor-shift OIS"},{"label":"Features","value":"Dual-LED dual-tone flash, HDR (photo/panorama)"},{"label":"Video","value":"4K@24/25/30/60fps, 1080p@25/30/60/120/240fps, 10-bit HDR, Dolby Vision HDR (up to 60fps), ProRes, stereo sound rec."}]},{"category":"Selfie camera","specs":[{"label":"Single","value":"12 MP, f/1.9, 23mm (wide), 1/3.6\\", 1.0µm, PDAF, OIS"},{"label":"Video","value":"4K@24/25/30/60fps, 1080p@25/30/60/120fps, gyro-EIS"},{"label":"Features","value":"HDR"}]},{"category":"Sound","specs":[{"label":"Loudspeaker","value":"Yes, with stereo speakers"},{"label":"3.5mm jack","value":"No"}]},{"category":"Comms","specs":[{"label":"WLAN","value":"Wi-Fi 802.11 a/b/g/n/ac/6, dual-band, hotspot"},{"label":"Bluetooth","value":"5.3, A2DP, LE"},{"label":"Positioning","value":"GPS (L1+L5), GLONASS, GALILEO, BDS, QZSS"},{"label":"NFC","value":"Yes"},{"label":"USB","value":"Lightning, USB 2.0"},{"label":"Radio","value":"No"}]},{"category":"Features","specs":[{"label":"Sensors","value":"Face ID, accelerometer, gyro, proximity, compass, barometer"}]},{"category":"Battery","specs":[{"label":"Type","value":"Li-Ion 4323 mAh (16.68 Wh)"},{"label":"Charging","value":"Wired, PD2.0, 50% in 30 min"}]},{"category":"Misc","specs":[{"label":"Colors","value":"Space Black, Silver, Gold, Deep Purple"},{"label":"Models","value":"A2894, A2651, A2893, A2895, A2896, iphone15,3"},{"label":"SAR","value":"1.15 W/kg (head)     1.07 W/kg (body)"},{"label":"Price","value":"$ 449.00 / £ 373.99 / € 492.99"},{"label":"SAR EU","value":"0.99 W/kg (head)     0.98 W/kg (body)"}]}]');
INSERT OR IGNORE INTO device_pictures (device_id, url, position) VALUES (39, 'https://fdn2.gsmarena.com/vv/bigpic/apple-iphone-14-pro-max-.jpg', 0);
INSERT OR IGNORE INTO device_pictures (device_id, url, position) VALUES (39, 'https://fdn2.gsmarena.com/vv/pics/apple/apple-iphone-14-pro-max-1.jpg', 1);
INSERT OR IGNORE INTO device_pictures (device_id, url, position) VALUES (39, 'https://fdn2.gsmarena.com/vv/pics/apple/apple-iphone-14-pro-4.jpg', 2);
INSERT OR IGNORE INTO device_pictures (device_id, url, position) VALUES (39, 'https://fdn2.gsmarena.com/vv/pics/apple/apple-iphone-14-pro-5.jpg', 3);
INSERT OR IGNORE INTO device_pictures (device_id, url, position) VALUES (39, 'https://fdn.gsmarena.com/imgroot/reviews/22/apple-iphone-14-pro-max/lifestyle/-1024w2/gsmarena_001.jpg', 4);
INSERT OR IGNORE INTO device_pictures (device_id, url, position) VALUES (39, 'https://fdn.gsmarena.com/imgroot/reviews/22/apple-iphone-14-pro-max/lifestyle/-1024w2/gsmarena_002.jpg', 5);
INSERT OR IGNORE INTO device_pictures (device_id, url, position) VALUES (39, 'https://fdn.gsmarena.com/imgroot/reviews/22/apple-iphone-14-pro-max/lifestyle/-1024w2/gsmarena_003.jpg', 6);
INSERT OR IGNORE INTO device_pictures (device_id, url, position) VALUES (39, 'https://fdn.gsmarena.com/imgroot/reviews/22/apple-iphone-14-pro-max/lifestyle/-1024w2/gsmarena_004.jpg', 7);
INSERT OR IGNORE INTO device_pictures (device_id, url, position) VALUES (39, 'https://fdn.gsmarena.com/imgroot/reviews/22/apple-iphone-14-pro-max/lifestyle/-1024w2/gsmarena_005.jpg', 8);
INSERT OR IGNORE INTO device_pictures (device_id, url, position) VALUES (39, 'https://fdn.gsmarena.com/imgroot/reviews/22/apple-iphone-14-pro-max/lifestyle/-1024w2/gsmarena_006.jpg', 9);
INSERT OR IGNORE INTO devices (id, brand_id, name, gsmarena_url, thumbnail_url, summary) VALUES (40, 1, 'iPhone 14 Pro', 'https://www.gsmarena.com/apple_iphone_14_pro-11860.php', 'https://fdn2.gsmarena.com/vv/bigpic/apple-iphone-14-pro.jpg', 'iPhone 14 Pro');
INSERT OR IGNORE INTO device_specs (device_id, announced, status, network, os, chipset, cpu, gpu, display_size, display_type, display_res, ram, storage, main_camera, selfie_camera, battery, charging, nfc, usb, bluetooth, wlan, colors, weight, dimensions, sim, sensors, popularity, fans, rating, full_specs_json) VALUES (40, '2022, September 07', 'Available. Released 2022, September 16', 'GSM / CDMA / HSPA / EVDO / LTE / 5G / 5G', 'iOS 16, upgradable to iOS 26.3', 'Apple A16 Bionic (4 nm)', 'Hexa-core (2x3.46 GHz Everest + 4x2.02 GHz Sawtooth)', 'Apple GPU (5-core graphics)', '6.1 inches, 91.7 cm 2 (~87.0% screen-to-body ratio)', 'LTPO Super Retina XDR OLED, 120Hz, HDR10, Dolby Vision, 1000 nits (typ), 2000 nits (HBM)', '1179 x 2556 pixels, 19.5:9 ratio (~460 ppi density)', '6GB', '128GB', '48 MP, f/1.8, 24mm (wide), 1/1.28", 1.22µm, dual pixel PDAF, sensor-shift OIS, Dual-LED dual-tone flash, HDR (photo/panorama)', '12 MP, f/1.9, 23mm (wide), 1/3.6", 1.0µm, PDAF, OIS, 4K@24/25/30/60fps, 1080p@25/30/60/120fps, gyro-EIS', 'Li-Ion 3200 mAh (12.38 Wh)', 'Wired, PD2.0, 50% in 30 min', 'Yes', 'Lightning, USB 2.0', '5.3, A2DP, LE', 'Wi-Fi 802.11 a/b/g/n/ac/6, dual-band, hotspot', 'Space Black, Silver, Gold, Deep Purple', '206 g (7.27 oz)', '147.5 x 71.5 x 7.9 mm (5.81 x 2.81 x 0.31 in)', '· Nano-SIM + eSIM + eSIM (max 2 at a time; International) · eSIM + eSIM (8 or more, max 2 at a time; USA) · Nano-SIM + Nano-SIM (China)', 'Face ID, accelerometer, gyro, proximity, compass, barometer', '$ 378.04 / £ 353.85 / € 439.51', NULL, NULL, '[{"category":"Network","specs":[{"label":"Technology","value":"GSM / CDMA / HSPA / EVDO / LTE / 5G"},{"label":"2G bands","value":"GSM 850 / 900 / 1800 / 1900"},{"label":"3G bands","value":"HSDPA 850 / 900 / 1700(AWS) / 1900 / 2100"},{"label":"4G bands","value":"1, 2, 3, 4, 5, 7, 8, 12, 13, 17, 18, 19, 20, 25, 26, 28, 30, 32, 34, 38, 39, 40, 41, 42, 46, 48, 66 - A2890, A2892"},{"label":"5G bands","value":"1, 2, 3, 5, 7, 8, 12, 20, 25, 26, 28, 30, 38, 40, 41, 48, 66, 70, 77, 78, 79 SA/NSA/Sub6 - A2890, A2892"},{"label":"Speed","value":"HSPA, LTE, 5G, EV-DO Rev.A 3.1 Mbps"}]},{"category":"Launch","specs":[{"label":"Announced","value":"2022, September 07"},{"label":"Status","value":"Available. Released 2022, September 16"}]},{"category":"Body","specs":[{"label":"Dimensions","value":"147.5 x 71.5 x 7.9 mm (5.81 x 2.81 x 0.31 in)"},{"label":"Weight","value":"206 g (7.27 oz)"},{"label":"Build","value":"Glass front, glass back, stainless steel frame"},{"label":"SIM","value":"· Nano-SIM + eSIM + eSIM (max 2 at a time; International) · eSIM + eSIM (8 or more, max 2 at a time; USA) · Nano-SIM + Nano-SIM (China)"}]},{"category":"Display","specs":[{"label":"Type","value":"LTPO Super Retina XDR OLED, 120Hz, HDR10, Dolby Vision, 1000 nits (typ), 2000 nits (HBM)"},{"label":"Size","value":"6.1 inches, 91.7 cm 2 (~87.0% screen-to-body ratio)"},{"label":"Resolution","value":"1179 x 2556 pixels, 19.5:9 ratio (~460 ppi density)"},{"label":"Protection","value":"Ceramic Shield glass"}]},{"category":"Platform","specs":[{"label":"OS","value":"iOS 16, upgradable to iOS 26.3"},{"label":"Chipset","value":"Apple A16 Bionic (4 nm)"},{"label":"CPU","value":"Hexa-core (2x3.46 GHz Everest + 4x2.02 GHz Sawtooth)"},{"label":"GPU","value":"Apple GPU (5-core graphics)"}]},{"category":"Memory","specs":[{"label":"Card slot","value":"No"},{"label":"Internal","value":"128GB 6GB RAM, 256GB 6GB RAM, 512GB 6GB RAM, 1TB 6GB RAM"}]},{"category":"Main Camera","specs":[{"label":"Triple","value":"48 MP, f/1.8, 24mm (wide), 1/1.28\\", 1.22µm, dual pixel PDAF, sensor-shift OIS"},{"label":"Features","value":"Dual-LED dual-tone flash, HDR (photo/panorama)"},{"label":"Video","value":"4K@24/25/30/60fps, 1080p@25/30/60/120/240fps, 10-bit HDR, Dolby Vision HDR (up to 60fps), ProRes, stereo sound rec."}]},{"category":"Selfie camera","specs":[{"label":"Single","value":"12 MP, f/1.9, 23mm (wide), 1/3.6\\", 1.0µm, PDAF, OIS"},{"label":"Video","value":"4K@24/25/30/60fps, 1080p@25/30/60/120fps, gyro-EIS"},{"label":"Features","value":"HDR"}]},{"category":"Sound","specs":[{"label":"Loudspeaker","value":"Yes, with stereo speakers"},{"label":"3.5mm jack","value":"No"}]},{"category":"Comms","specs":[{"label":"WLAN","value":"Wi-Fi 802.11 a/b/g/n/ac/6, dual-band, hotspot"},{"label":"Bluetooth","value":"5.3, A2DP, LE"},{"label":"Positioning","value":"GPS (L1+L5), GLONASS, GALILEO, BDS, QZSS"},{"label":"NFC","value":"Yes"},{"label":"USB","value":"Lightning, USB 2.0"},{"label":"Radio","value":"No"}]},{"category":"Features","specs":[{"label":"Sensors","value":"Face ID, accelerometer, gyro, proximity, compass, barometer"}]},{"category":"Battery","specs":[{"label":"Type","value":"Li-Ion 3200 mAh (12.38 Wh)"},{"label":"Charging","value":"Wired, PD2.0, 50% in 30 min"}]},{"category":"Misc","specs":[{"label":"Colors","value":"Space Black, Silver, Gold, Deep Purple"},{"label":"Models","value":"A2890, A2650, A2889, A2892, iphone15,2"},{"label":"SAR","value":"1.15 W/kg (head)     1.15 W/kg (body)"},{"label":"Price","value":"$ 378.04 / £ 353.85 / € 439.51"},{"label":"SAR EU","value":"0.98 W/kg (head)     0.98 W/kg (body)"}]}]');
INSERT OR IGNORE INTO device_pictures (device_id, url, position) VALUES (40, 'https://fdn2.gsmarena.com/vv/bigpic/apple-iphone-14-pro.jpg', 0);
INSERT OR IGNORE INTO device_pictures (device_id, url, position) VALUES (40, 'https://fdn2.gsmarena.com/vv/pics/apple/apple-iphone-14-pro-3.jpg', 1);
INSERT OR IGNORE INTO device_pictures (device_id, url, position) VALUES (40, 'https://fdn2.gsmarena.com/vv/pics/apple/apple-iphone-14-pro-4.jpg', 2);
INSERT OR IGNORE INTO device_pictures (device_id, url, position) VALUES (40, 'https://fdn2.gsmarena.com/vv/pics/apple/apple-iphone-14-pro-5.jpg', 3);
INSERT OR IGNORE INTO device_pictures (device_id, url, position) VALUES (40, 'https://fdn.gsmarena.com/imgroot/reviews/22/apple-iphone-14-pro/lifestyle/-1024w2/gsmarena_001.jpg', 4);
INSERT OR IGNORE INTO device_pictures (device_id, url, position) VALUES (40, 'https://fdn.gsmarena.com/imgroot/reviews/22/apple-iphone-14-pro/lifestyle/-1024w2/gsmarena_002.jpg', 5);
INSERT OR IGNORE INTO device_pictures (device_id, url, position) VALUES (40, 'https://fdn.gsmarena.com/imgroot/reviews/22/apple-iphone-14-pro/lifestyle/-1024w2/gsmarena_003.jpg', 6);
INSERT OR IGNORE INTO device_pictures (device_id, url, position) VALUES (40, 'https://fdn.gsmarena.com/imgroot/reviews/22/apple-iphone-14-pro/lifestyle/-1024w2/gsmarena_004.jpg', 7);
INSERT OR IGNORE INTO device_pictures (device_id, url, position) VALUES (40, 'https://fdn.gsmarena.com/imgroot/reviews/22/apple-iphone-14-pro/lifestyle/-1024w2/gsmarena_005.jpg', 8);
INSERT OR IGNORE INTO device_pictures (device_id, url, position) VALUES (40, 'https://fdn.gsmarena.com/imgroot/reviews/22/apple-iphone-14-pro/lifestyle/-1024w2/gsmarena_006.jpg', 9);
INSERT OR IGNORE INTO devices (id, brand_id, name, gsmarena_url, thumbnail_url, summary) VALUES (41, 1, 'iPhone 14 Plus', 'https://www.gsmarena.com/apple_iphone_14_plus-11862.php', 'https://fdn2.gsmarena.com/vv/bigpic/apple-iphone-14-plus.jpg', 'iPhone 14 Plus');
INSERT OR IGNORE INTO device_specs (device_id, announced, status, network, os, chipset, cpu, gpu, display_size, display_type, display_res, ram, storage, main_camera, selfie_camera, battery, charging, nfc, usb, bluetooth, wlan, colors, weight, dimensions, sim, sensors, popularity, fans, rating, full_specs_json) VALUES (41, '2022, September 07', 'Available. Released 2022, October 07', 'GSM / CDMA / HSPA / EVDO / LTE / 5G / 5G', 'iOS 16, upgradable to iOS 26.3', 'Apple A15 Bionic (5 nm)', 'Hexa-core (2x3.23 GHz Avalanche + 4x1.82 GHz Blizzard)', 'Apple GPU (5-core graphics)', '6.7 inches, 109.8 cm 2 (~87.4% screen-to-body ratio)', 'Super Retina XDR OLED, HDR10, Dolby Vision, 800 nits (HBM), 1200 nits (peak)', '1284 x 2778 pixels, 19.5:9 ratio (~458 ppi density)', '6GB', '128GB', '12 MP, f/1.5, 26mm (wide), 1/1.7", 1.9µm, dual pixel PDAF, sensor-shift OIS, Dual-LED dual-tone flash, HDR (photo/panorama)', '12 MP, f/1.9, 23mm (wide), 1/3.6", 1.0µm, PDAF, 4K@24/25/30/60fps, 1080p@25/30/60/120fps, gyro-EIS', 'Li-Ion 4323 mAh (16.68 Wh)', 'Wired, PD2.0, 50% in 30 min', 'Yes', 'Lightning, USB 2.0', '5.3, A2DP, LE', 'Wi-Fi 802.11 a/b/g/n/ac/6, dual-band, hotspot', 'Midnight, Purple, Starlight, Blue, Red, Yellow', '203 g (7.16 oz)', '160.8 x 78.1 x 7.8 mm (6.33 x 3.07 x 0.31 in)', '· Nano-SIM + eSIM + eSIM (max 2 at a time; International) · eSIM + eSIM (8 or more, max 2 at a time; USA) · Nano-SIM + Nano-SIM (China)', 'Face ID, accelerometer, gyro, proximity, compass, barometer', '₹ 99,900 / $ 304.00 / £ 275.00 / € 359.00', NULL, NULL, '[{"category":"Network","specs":[{"label":"Technology","value":"GSM / CDMA / HSPA / EVDO / LTE / 5G"},{"label":"2G bands","value":"GSM 850 / 900 / 1800 / 1900"},{"label":"3G bands","value":"HSDPA 850 / 900 / 1700(AWS) / 1900 / 2100"},{"label":"4G bands","value":"1, 2, 3, 4, 5, 7, 8, 12, 13, 17, 18, 19, 20, 25, 26, 28, 30, 32, 34, 38, 39, 40, 41, 42, 46, 48, 66 - A2886, A2888"},{"label":"5G bands","value":"1, 2, 3, 5, 7, 8, 12, 20, 25, 26, 28, 30, 38, 40, 41, 48, 66, 70, 77, 78, 79 SA/NSA/Sub6 - A2886, A2888"},{"label":"Speed","value":"HSPA, LTE, 5G, EV-DO Rev.A 3.1 Mbps"}]},{"category":"Launch","specs":[{"label":"Announced","value":"2022, September 07"},{"label":"Status","value":"Available. Released 2022, October 07"}]},{"category":"Body","specs":[{"label":"Dimensions","value":"160.8 x 78.1 x 7.8 mm (6.33 x 3.07 x 0.31 in)"},{"label":"Weight","value":"203 g (7.16 oz)"},{"label":"Build","value":"Glass front, glass back, aluminum frame"},{"label":"SIM","value":"· Nano-SIM + eSIM + eSIM (max 2 at a time; International) · eSIM + eSIM (8 or more, max 2 at a time; USA) · Nano-SIM + Nano-SIM (China)"}]},{"category":"Display","specs":[{"label":"Type","value":"Super Retina XDR OLED, HDR10, Dolby Vision, 800 nits (HBM), 1200 nits (peak)"},{"label":"Size","value":"6.7 inches, 109.8 cm 2 (~87.4% screen-to-body ratio)"},{"label":"Resolution","value":"1284 x 2778 pixels, 19.5:9 ratio (~458 ppi density)"},{"label":"Protection","value":"Ceramic Shield glass"}]},{"category":"Platform","specs":[{"label":"OS","value":"iOS 16, upgradable to iOS 26.3"},{"label":"Chipset","value":"Apple A15 Bionic (5 nm)"},{"label":"CPU","value":"Hexa-core (2x3.23 GHz Avalanche + 4x1.82 GHz Blizzard)"},{"label":"GPU","value":"Apple GPU (5-core graphics)"}]},{"category":"Memory","specs":[{"label":"Card slot","value":"No"},{"label":"Internal","value":"128GB 6GB RAM, 256GB 6GB RAM, 512GB 6GB RAM"}]},{"category":"Main Camera","specs":[{"label":"Dual","value":"12 MP, f/1.5, 26mm (wide), 1/1.7\\", 1.9µm, dual pixel PDAF, sensor-shift OIS"},{"label":"Features","value":"Dual-LED dual-tone flash, HDR (photo/panorama)"},{"label":"Video","value":"4K@24/25/30/60fps, 1080p@25/30/60/120/240fps, HDR, Dolby Vision HDR (up to 60fps), stereo sound rec."}]},{"category":"Selfie camera","specs":[{"label":"Single","value":"12 MP, f/1.9, 23mm (wide), 1/3.6\\", 1.0µm, PDAF"},{"label":"Video","value":"4K@24/25/30/60fps, 1080p@25/30/60/120fps, gyro-EIS"},{"label":"Features","value":"HDR"}]},{"category":"Sound","specs":[{"label":"Loudspeaker","value":"Yes, with stereo speakers"},{"label":"3.5mm jack","value":"No"}]},{"category":"Comms","specs":[{"label":"WLAN","value":"Wi-Fi 802.11 a/b/g/n/ac/6, dual-band, hotspot"},{"label":"Bluetooth","value":"5.3, A2DP, LE"},{"label":"Positioning","value":"GPS, GLONASS, GALILEO, BDS, QZSS"},{"label":"NFC","value":"Yes"},{"label":"USB","value":"Lightning, USB 2.0"},{"label":"Radio","value":"No"}]},{"category":"Features","specs":[{"label":"Sensors","value":"Face ID, accelerometer, gyro, proximity, compass, barometer"}]},{"category":"Battery","specs":[{"label":"Type","value":"Li-Ion 4323 mAh (16.68 Wh)"},{"label":"Charging","value":"Wired, PD2.0, 50% in 30 min"}]},{"category":"Misc","specs":[{"label":"Colors","value":"Midnight, Purple, Starlight, Blue, Red, Yellow"},{"label":"Models","value":"A2886, A2632, A2885, A2888, A2887, iphone14,8"},{"label":"SAR","value":"1.14 W/kg (head)     1.15 W/kg (body)"},{"label":"Price","value":"₹ 99,900 / $ 304.00 / £ 275.00 / € 359.00"},{"label":"SAR EU","value":"0.99 W/kg (head)     0.98 W/kg (body)"}]}]');
INSERT OR IGNORE INTO device_pictures (device_id, url, position) VALUES (41, 'https://fdn2.gsmarena.com/vv/bigpic/apple-iphone-14-plus.jpg', 0);
INSERT OR IGNORE INTO device_pictures (device_id, url, position) VALUES (41, 'https://fdn2.gsmarena.com/vv/pics/apple/apple-iphone-14-plus-3.jpg', 1);
INSERT OR IGNORE INTO device_pictures (device_id, url, position) VALUES (41, 'https://fdn2.gsmarena.com/vv/pics/apple/apple-iphone-14-plus-4.jpg', 2);
INSERT OR IGNORE INTO device_pictures (device_id, url, position) VALUES (41, 'https://fdn2.gsmarena.com/vv/pics/apple/apple-iphone-14-plus-5.jpg', 3);
INSERT OR IGNORE INTO device_pictures (device_id, url, position) VALUES (41, 'https://fdn2.gsmarena.com/vv/pics/apple/iphone-14-plus-yellow.jpg', 4);
INSERT OR IGNORE INTO devices (id, brand_id, name, gsmarena_url, thumbnail_url, summary) VALUES (42, 1, 'iPhone 14', 'https://www.gsmarena.com/apple_iphone_14-11861.php', 'https://fdn2.gsmarena.com/vv/bigpic/apple-iphone-14.jpg', 'iPhone 14');
INSERT OR IGNORE INTO device_specs (device_id, announced, status, network, os, chipset, cpu, gpu, display_size, display_type, display_res, ram, storage, main_camera, selfie_camera, battery, charging, nfc, usb, bluetooth, wlan, colors, weight, dimensions, sim, sensors, popularity, fans, rating, full_specs_json) VALUES (42, '2022, September 07', 'Available. Released 2022, September 16', 'GSM / CDMA / HSPA / EVDO / LTE / 5G / 5G', 'iOS 16, upgradable to iOS 26.3', 'Apple A15 Bionic (5 nm)', 'Hexa-core (2x3.23 GHz Avalanche + 4x1.82 GHz Blizzard)', 'Apple GPU (5-core graphics)', '6.1 inches, 90.2 cm 2 (~86.0% screen-to-body ratio)', 'Super Retina XDR OLED, HDR10, Dolby Vision, 800 nits (HBM), 1200 nits (peak)', '1170 x 2532 pixels, 19.5:9 ratio (~460 ppi density)', '6GB', '128GB', '12 MP, f/1.5, 26mm (wide), 1/1.7", 1.9µm, dual pixel PDAF, sensor-shift OIS, Dual-LED dual-tone flash, HDR (photo/panorama)', '12 MP, f/1.9, 23mm (wide), 1/3.6", 1.0µm, PDAF, 4K@24/25/30/60fps, 1080p@25/30/60/120fps, gyro-EIS', 'Li-Ion 3279 mAh (12.68 Wh)', 'Wired, PD2.0, 50% in 30 min', 'Yes', 'Lightning, USB 2.0', '5.3, A2DP, LE', 'Wi-Fi 802.11 a/b/g/n/ac/6, dual-band, hotspot', 'Midnight, Purple, Starlight, Blue, Red, Yellow', '172 g (6.07 oz)', '146.7 x 71.5 x 7.8 mm (5.78 x 2.81 x 0.31 in)', '· Nano-SIM + eSIM + eSIM (max 2 at a time; International) · eSIM + eSIM (8 or more, max 2 at a time; USA) · Nano-SIM + Nano-SIM (China)', 'Face ID, accelerometer, gyro, proximity, compass, barometer', '$ 264.30 / £ 260.00 / € 319.00', NULL, NULL, '[{"category":"Network","specs":[{"label":"Technology","value":"GSM / CDMA / HSPA / EVDO / LTE / 5G"},{"label":"2G bands","value":"GSM 850 / 900 / 1800 / 1900"},{"label":"3G bands","value":"HSDPA 850 / 900 / 1700(AWS) / 1900 / 2100"},{"label":"4G bands","value":"1, 2, 3, 4, 5, 7, 8, 12, 13, 17, 18, 19, 20, 25, 26, 28, 30, 32, 34, 38, 39, 40, 41, 42, 46, 48, 66 - A2882, A2884"},{"label":"5G bands","value":"1, 2, 3, 5, 7, 8, 12, 20, 25, 26, 28, 30, 38, 40, 41, 48, 66, 70, 77, 78, 79 SA/NSA/Sub6 - A2882, A2884"},{"label":"Speed","value":"HSPA, LTE, 5G, EV-DO Rev.A 3.1 Mbps"}]},{"category":"Launch","specs":[{"label":"Announced","value":"2022, September 07"},{"label":"Status","value":"Available. Released 2022, September 16"}]},{"category":"Body","specs":[{"label":"Dimensions","value":"146.7 x 71.5 x 7.8 mm (5.78 x 2.81 x 0.31 in)"},{"label":"Weight","value":"172 g (6.07 oz)"},{"label":"Build","value":"Glass front, glass back, aluminum frame"},{"label":"SIM","value":"· Nano-SIM + eSIM + eSIM (max 2 at a time; International) · eSIM + eSIM (8 or more, max 2 at a time; USA) · Nano-SIM + Nano-SIM (China)"}]},{"category":"Display","specs":[{"label":"Type","value":"Super Retina XDR OLED, HDR10, Dolby Vision, 800 nits (HBM), 1200 nits (peak)"},{"label":"Size","value":"6.1 inches, 90.2 cm 2 (~86.0% screen-to-body ratio)"},{"label":"Resolution","value":"1170 x 2532 pixels, 19.5:9 ratio (~460 ppi density)"},{"label":"Protection","value":"Ceramic Shield glass"}]},{"category":"Platform","specs":[{"label":"OS","value":"iOS 16, upgradable to iOS 26.3"},{"label":"Chipset","value":"Apple A15 Bionic (5 nm)"},{"label":"CPU","value":"Hexa-core (2x3.23 GHz Avalanche + 4x1.82 GHz Blizzard)"},{"label":"GPU","value":"Apple GPU (5-core graphics)"}]},{"category":"Memory","specs":[{"label":"Card slot","value":"No"},{"label":"Internal","value":"128GB 6GB RAM, 256GB 6GB RAM, 512GB 6GB RAM"}]},{"category":"Main Camera","specs":[{"label":"Dual","value":"12 MP, f/1.5, 26mm (wide), 1/1.7\\", 1.9µm, dual pixel PDAF, sensor-shift OIS"},{"label":"Features","value":"Dual-LED dual-tone flash, HDR (photo/panorama)"},{"label":"Video","value":"4K@24/25/30/60fps, 1080p@25/30/60/120/240fps, HDR, Dolby Vision HDR (up to 60fps), stereo sound rec."}]},{"category":"Selfie camera","specs":[{"label":"Single","value":"12 MP, f/1.9, 23mm (wide), 1/3.6\\", 1.0µm, PDAF"},{"label":"Video","value":"4K@24/25/30/60fps, 1080p@25/30/60/120fps, gyro-EIS"},{"label":"Features","value":"HDR"}]},{"category":"Sound","specs":[{"label":"Loudspeaker","value":"Yes, with stereo speakers"},{"label":"3.5mm jack","value":"No"}]},{"category":"Comms","specs":[{"label":"WLAN","value":"Wi-Fi 802.11 a/b/g/n/ac/6, dual-band, hotspot"},{"label":"Bluetooth","value":"5.3, A2DP, LE"},{"label":"Positioning","value":"GPS, GLONASS, GALILEO, BDS, QZSS"},{"label":"NFC","value":"Yes"},{"label":"USB","value":"Lightning, USB 2.0"},{"label":"Radio","value":"No"}]},{"category":"Features","specs":[{"label":"Sensors","value":"Face ID, accelerometer, gyro, proximity, compass, barometer"}]},{"category":"Battery","specs":[{"label":"Type","value":"Li-Ion 3279 mAh (12.68 Wh)"},{"label":"Charging","value":"Wired, PD2.0, 50% in 30 min"}]},{"category":"Misc","specs":[{"label":"Colors","value":"Midnight, Purple, Starlight, Blue, Red, Yellow"},{"label":"Models","value":"A2882, A2649, A2881, A2884, A2883, iphone14,7"},{"label":"SAR","value":"1.15 W/kg (head)     1.16 W/kg (body)"},{"label":"Price","value":"$ 264.30 / £ 260.00 / € 319.00"},{"label":"SAR EU","value":"0.98 W/kg (head)     0.98 W/kg (body)"}]}]');
INSERT OR IGNORE INTO device_pictures (device_id, url, position) VALUES (42, 'https://fdn2.gsmarena.com/vv/bigpic/apple-iphone-14.jpg', 0);
INSERT OR IGNORE INTO device_pictures (device_id, url, position) VALUES (42, 'https://fdn2.gsmarena.com/vv/pics/apple/apple-iphone-14-3.jpg', 1);
INSERT OR IGNORE INTO device_pictures (device_id, url, position) VALUES (42, 'https://fdn2.gsmarena.com/vv/pics/apple/apple-iphone-14-2.jpg', 2);
INSERT OR IGNORE INTO device_pictures (device_id, url, position) VALUES (42, 'https://fdn2.gsmarena.com/vv/pics/apple/iphone-14-plus-yellow.jpg', 3);
INSERT OR IGNORE INTO device_pictures (device_id, url, position) VALUES (42, 'https://fdn.gsmarena.com/imgroot/reviews/22/apple-iphone-14/lifestyle/-1024w2/gsmarena_001.jpg', 4);
INSERT OR IGNORE INTO device_pictures (device_id, url, position) VALUES (42, 'https://fdn.gsmarena.com/imgroot/reviews/22/apple-iphone-14/lifestyle/-1024w2/gsmarena_002.jpg', 5);
INSERT OR IGNORE INTO device_pictures (device_id, url, position) VALUES (42, 'https://fdn.gsmarena.com/imgroot/reviews/22/apple-iphone-14/lifestyle/-1024w2/gsmarena_003.jpg', 6);
INSERT OR IGNORE INTO device_pictures (device_id, url, position) VALUES (42, 'https://fdn.gsmarena.com/imgroot/reviews/22/apple-iphone-14/lifestyle/-1024w2/gsmarena_004.jpg', 7);
INSERT OR IGNORE INTO device_pictures (device_id, url, position) VALUES (42, 'https://fdn.gsmarena.com/imgroot/reviews/22/apple-iphone-14/lifestyle/-1024w2/gsmarena_005.jpg', 8);
INSERT OR IGNORE INTO device_pictures (device_id, url, position) VALUES (42, 'https://fdn.gsmarena.com/imgroot/reviews/22/apple-iphone-14/lifestyle/-1024w2/gsmarena_006.jpg', 9);
INSERT OR IGNORE INTO devices (id, brand_id, name, gsmarena_url, thumbnail_url, summary) VALUES (43, 1, 'Watch Ultra', 'https://www.gsmarena.com/apple_watch_ultra-11827.php', 'https://fdn2.gsmarena.com/vv/bigpic/apple-watch-ultra.jpg', 'Watch Ultra');
INSERT OR IGNORE INTO device_specs (device_id, announced, status, network, os, chipset, cpu, gpu, display_size, display_type, display_res, ram, storage, main_camera, selfie_camera, battery, charging, nfc, usb, bluetooth, wlan, colors, weight, dimensions, sim, sensors, popularity, fans, rating, full_specs_json) VALUES (43, '2022, September 07', 'Available. Released 2022, September 23', 'GSM / HSPA / LTE / 4G/LTE', 'watchOS 9.0, upgradable to watchOS 26.3', 'Apple S8', 'Dual-core', 'PowerVR', '1.92 inches', 'Retina LTPO OLED, 2000 nits (peak)', '502 x 410 pixels (~338 ppi density)', '32GB', '32GB', NULL, NULL, 'Li-Ion 542 mAh', 'Wireless, 0-80% in 60 min', 'Yes', 'No', '5.3, A2DP, LE', 'Wi-Fi 802.11 b/g/n, dual-band', 'Titanium', '61.3 g (2.15 oz)', '49 x 44 x 14.4 mm (1.93 x 1.73 x 0.57 in)', 'eSIM', 'Accelerometer, gyro, heart rate, barometer, always-on altimeter, compass, SpO2, VO2max, temperature (body), temperature (water)', 'About 550 EUR', NULL, NULL, '[{"category":"Network","specs":[{"label":"Technology","value":"GSM / HSPA / LTE"},{"label":"2G bands","value":"GSM 850 / 900 / 1800 / 1900"},{"label":"3G bands","value":"HSDPA 850 / 900 / 1700(AWS) / 1900 / 2100 - International, China, HK"},{"label":"4G bands","value":"1, 2, 3, 4, 5, 6, 7, 8, 18, 19, 20, 25, 26, 28, 39, 40, 41, 66 - International, China, HK"},{"label":"Speed","value":"HSPA, LTE"}]},{"category":"Launch","specs":[{"label":"Announced","value":"2022, September 07"},{"label":"Status","value":"Available. Released 2022, September 23"}]},{"category":"Body","specs":[{"label":"Dimensions","value":"49 x 44 x 14.4 mm (1.93 x 1.73 x 0.57 in)"},{"label":"Weight","value":"61.3 g (2.15 oz)"},{"label":"Build","value":"Sapphire crystal front, ceramic/sapphire crystal back, titanium frame"},{"label":"SIM","value":"eSIM"}]},{"category":"Display","specs":[{"label":"Type","value":"Retina LTPO OLED, 2000 nits (peak)"},{"label":"Size","value":"1.92 inches"},{"label":"Resolution","value":"502 x 410 pixels (~338 ppi density)"},{"label":"Protection","value":"Sapphire crystal glass"}]},{"category":"Platform","specs":[{"label":"OS","value":"watchOS 9.0, upgradable to watchOS 26.3"},{"label":"Chipset","value":"Apple S8"},{"label":"CPU","value":"Dual-core"},{"label":"GPU","value":"PowerVR"}]},{"category":"Memory","specs":[{"label":"Card slot","value":"No"},{"label":"Internal","value":"32GB"}]},{"category":"Sound","specs":[{"label":"Loudspeaker","value":"Yes, with dual speakers (86-decibel)"},{"label":"3.5mm jack","value":"No"}]},{"category":"Comms","specs":[{"label":"WLAN","value":"Wi-Fi 802.11 b/g/n, dual-band"},{"label":"Bluetooth","value":"5.3, A2DP, LE"},{"label":"Positioning","value":"GPS (L1+L5), GLONASS, GALILEO, BDS"},{"label":"NFC","value":"Yes"},{"label":"USB","value":"No"},{"label":"Radio","value":"No"}]},{"category":"Features","specs":[{"label":"Sensors","value":"Accelerometer, gyro, heart rate, barometer, always-on altimeter, compass, SpO2, VO2max, temperature (body), temperature (water)"}]},{"category":"Battery","specs":[{"label":"Type","value":"Li-Ion 542 mAh"},{"label":"Charging","value":"Wireless, 0-80% in 60 min"}]},{"category":"Misc","specs":[{"label":"Colors","value":"Titanium"},{"label":"Models","value":"A2684, A2622, A2859, watch6,18"},{"label":"Price","value":"About 550 EUR"},{"label":"SAR EU","value":"0.35 W/kg (head)     0.60 W/kg (body)"}]}]');
INSERT OR IGNORE INTO device_pictures (device_id, url, position) VALUES (43, 'https://fdn2.gsmarena.com/vv/bigpic/apple-watch-ultra.jpg', 0);
INSERT OR IGNORE INTO device_pictures (device_id, url, position) VALUES (43, 'https://fdn2.gsmarena.com/vv/pics/apple/apple-watch-ultra-1.jpg', 1);
INSERT OR IGNORE INTO device_pictures (device_id, url, position) VALUES (43, 'https://fdn2.gsmarena.com/vv/pics/apple/apple-watch-ultra-2.jpg', 2);
INSERT OR IGNORE INTO device_pictures (device_id, url, position) VALUES (43, 'https://fdn2.gsmarena.com/vv/pics/apple/apple-watch-ultra-3.jpg', 3);
INSERT OR IGNORE INTO device_pictures (device_id, url, position) VALUES (43, 'https://fdn2.gsmarena.com/vv/pics/apple/apple-watch-ultra-4.jpg', 4);
INSERT OR IGNORE INTO device_pictures (device_id, url, position) VALUES (43, 'https://fdn2.gsmarena.com/vv/pics/apple/apple-watch-ultra-5.jpg', 5);
INSERT OR IGNORE INTO devices (id, brand_id, name, gsmarena_url, thumbnail_url, summary) VALUES (44, 1, 'Watch Series 8', 'https://www.gsmarena.com/apple_watch_series_8-11866.php', 'https://fdn2.gsmarena.com/vv/bigpic/apple-watch-8.jpg', 'Watch Series 8');
INSERT OR IGNORE INTO device_specs (device_id, announced, status, network, os, chipset, cpu, gpu, display_size, display_type, display_res, ram, storage, main_camera, selfie_camera, battery, charging, nfc, usb, bluetooth, wlan, colors, weight, dimensions, sim, sensors, popularity, fans, rating, full_specs_json) VALUES (44, '2022, September 07', 'Available. Released 2022, September 16', 'GSM / HSPA / LTE / 4G/LTE', 'watchOS 9.0, upgradable to watchOS 26.3', 'Apple S8', 'Dual-core', 'PowerVR', '1.9 inches', 'Retina LTPO OLED, 1000 nits (peak)', '484 x 396 pixels (~326 ppi density)', '1GB', '32GB', NULL, NULL, 'Li-Ion 308 mAh', 'Wireless, 0-80% in 45 min', 'Yes', 'No', '5.3, A2DP, LE', 'Wi-Fi 802.11 b/g/n, dual-band', 'Graphite, Silver, Gold', '42.3 g (41mm), 51.5 g (45mm) (1.48 oz)', '45 x 38 x 10.7 mm (1.77 x 1.50 x 0.42 in)', 'eSIM', 'Accelerometer, gyro, heart rate, barometer, always-on altimeter, compass, SpO2, VO2max, temperature (body)', 'About 330 EUR', NULL, NULL, '[{"category":"Network","specs":[{"label":"Technology","value":"GSM / HSPA / LTE"},{"label":"2G bands","value":"GSM 850 / 900 / 1800 / 1900"},{"label":"3G bands","value":"HSDPA 850 / 900 / 1700(AWS) / 1900 / 2100 - International, China, HK"},{"label":"4G bands","value":"1, 2, 3, 4, 5, 6, 7, 8, 18, 19, 20, 25, 26, 28, 39, 40, 41, 66 - International, China, HK"},{"label":"Speed","value":"HSPA, LTE"}]},{"category":"Launch","specs":[{"label":"Announced","value":"2022, September 07"},{"label":"Status","value":"Available. Released 2022, September 16"}]},{"category":"Body","specs":[{"label":"Dimensions","value":"45 x 38 x 10.7 mm (1.77 x 1.50 x 0.42 in)"},{"label":"Weight","value":"42.3 g (41mm), 51.5 g (45mm) (1.48 oz)"},{"label":"Build","value":"Sapphire crystal front, ceramic/sapphire crystal back, stainless steel frame"},{"label":"SIM","value":"eSIM"}]},{"category":"Display","specs":[{"label":"Type","value":"Retina LTPO OLED, 1000 nits (peak)"},{"label":"Size","value":"1.9 inches"},{"label":"Resolution","value":"484 x 396 pixels (~326 ppi density)"},{"label":"Protection","value":"Sapphire crystal glass"}]},{"category":"Platform","specs":[{"label":"OS","value":"watchOS 9.0, upgradable to watchOS 26.3"},{"label":"Chipset","value":"Apple S8"},{"label":"CPU","value":"Dual-core"},{"label":"GPU","value":"PowerVR"}]},{"category":"Memory","specs":[{"label":"Card slot","value":"No"},{"label":"Internal","value":"32GB 1GB RAM"}]},{"category":"Sound","specs":[{"label":"Loudspeaker","value":"Yes"},{"label":"3.5mm jack","value":"No"}]},{"category":"Comms","specs":[{"label":"WLAN","value":"Wi-Fi 802.11 b/g/n, dual-band"},{"label":"Bluetooth","value":"5.3, A2DP, LE"},{"label":"Positioning","value":"GPS, GLONASS, GALILEO, QZSS, BDS"},{"label":"NFC","value":"Yes"},{"label":"USB","value":"No"},{"label":"Radio","value":"No"}]},{"category":"Features","specs":[{"label":"Sensors","value":"Accelerometer, gyro, heart rate, barometer, always-on altimeter, compass, SpO2, VO2max, temperature (body)"}]},{"category":"Battery","specs":[{"label":"Type","value":"Li-Ion 308 mAh"},{"label":"Charging","value":"Wireless, 0-80% in 45 min"}]},{"category":"Misc","specs":[{"label":"Colors","value":"Graphite, Silver, Gold"},{"label":"Models","value":"A2773, A2775, A2772, A2774, A2857, A2858, watch6,16, watch6,17"},{"label":"SAR","value":"0.31 W/kg (head)     0.55 W/kg (body)"},{"label":"Price","value":"About 330 EUR"},{"label":"SAR EU","value":"0.31 W/kg (head)     0.55 W/kg (body)"}]}]');
INSERT OR IGNORE INTO device_pictures (device_id, url, position) VALUES (44, 'https://fdn2.gsmarena.com/vv/bigpic/apple-watch-8.jpg', 0);
INSERT OR IGNORE INTO device_pictures (device_id, url, position) VALUES (44, 'https://fdn2.gsmarena.com/vv/pics/apple/apple-watch-8-1.jpg', 1);
INSERT OR IGNORE INTO device_pictures (device_id, url, position) VALUES (44, 'https://fdn2.gsmarena.com/vv/pics/apple/apple-watch-8-2.jpg', 2);
INSERT OR IGNORE INTO devices (id, brand_id, name, gsmarena_url, thumbnail_url, summary) VALUES (45, 1, 'Watch Series 8 Aluminum', 'https://www.gsmarena.com/apple_watch_series_8_aluminum-11864.php', 'https://fdn2.gsmarena.com/vv/bigpic/apple-watch-8-aluminum.jpg', 'Watch Series 8 Aluminum');
INSERT OR IGNORE INTO device_specs (device_id, announced, status, network, os, chipset, cpu, gpu, display_size, display_type, display_res, ram, storage, main_camera, selfie_camera, battery, charging, nfc, usb, bluetooth, wlan, colors, weight, dimensions, sim, sensors, popularity, fans, rating, full_specs_json) VALUES (45, '2022, September 07', 'Available. Released 2022, September 16', 'GSM / HSPA / LTE / 4G/LTE', 'watchOS 9.0, upgradable to watchOS 26.3', 'Apple S8', 'Dual-core', 'PowerVR', '1.9 inches', 'Retina LTPO OLED, 1000 nits (peak)', '484 x 396 pixels (~326 ppi density)', '1GB', '32GB', NULL, NULL, 'Li-Ion 308 mAh', 'Wireless, 0-80% in 45 min', 'Yes', 'No', '5.3, A2DP, LE', 'Wi-Fi 802.11 b/g/n, dual-band', 'Midnight, Starlight, Silver, Red', '32 g (41mm), 38.8 g (45mm) (1.13 oz)', '45 x 38 x 10.7 mm (1.77 x 1.50 x 0.42 in)', 'eSIM', 'Accelerometer, gyro, heart rate, barometer, always-on altimeter, compass, SpO2, VO2max, temperature (body)', 'About 340 EUR', NULL, NULL, '[{"category":"Network","specs":[{"label":"Technology","value":"GSM / HSPA / LTE"},{"label":"2G bands","value":"GSM 850 / 900 / 1800 / 1900"},{"label":"3G bands","value":"HSDPA 850 / 900 / 1700(AWS) / 1900 / 2100 - International, China, HK"},{"label":"4G bands","value":"1, 2, 3, 4, 5, 6, 7, 8, 18, 19, 20, 25, 26, 28, 39, 40, 41, 66 - International, China, HK"},{"label":"Speed","value":"HSPA, LTE"}]},{"category":"Launch","specs":[{"label":"Announced","value":"2022, September 07"},{"label":"Status","value":"Available. Released 2022, September 16"}]},{"category":"Body","specs":[{"label":"Dimensions","value":"45 x 38 x 10.7 mm (1.77 x 1.50 x 0.42 in)"},{"label":"Weight","value":"32 g (41mm), 38.8 g (45mm) (1.13 oz)"},{"label":"Build","value":"Glass front, ceramic/sapphire crystal back, aluminum frame"},{"label":"SIM","value":"eSIM"}]},{"category":"Display","specs":[{"label":"Type","value":"Retina LTPO OLED, 1000 nits (peak)"},{"label":"Size","value":"1.9 inches"},{"label":"Resolution","value":"484 x 396 pixels (~326 ppi density)"},{"label":"Protection","value":"Ion-X strengthened glass"}]},{"category":"Platform","specs":[{"label":"OS","value":"watchOS 9.0, upgradable to watchOS 26.3"},{"label":"Chipset","value":"Apple S8"},{"label":"CPU","value":"Dual-core"},{"label":"GPU","value":"PowerVR"}]},{"category":"Memory","specs":[{"label":"Card slot","value":"No"},{"label":"Internal","value":"32GB 1GB RAM"}]},{"category":"Sound","specs":[{"label":"Loudspeaker","value":"Yes"},{"label":"3.5mm jack","value":"No"}]},{"category":"Comms","specs":[{"label":"WLAN","value":"Wi-Fi 802.11 b/g/n, dual-band"},{"label":"Bluetooth","value":"5.3, A2DP, LE"},{"label":"Positioning","value":"GPS, GLONASS, GALILEO, QZSS, BDS"},{"label":"NFC","value":"Yes"},{"label":"USB","value":"No"},{"label":"Radio","value":"No"}]},{"category":"Features","specs":[{"label":"Sensors","value":"Accelerometer, gyro, heart rate, barometer, always-on altimeter, compass, SpO2, VO2max, temperature (body)"}]},{"category":"Battery","specs":[{"label":"Type","value":"Li-Ion 308 mAh"},{"label":"Charging","value":"Wireless, 0-80% in 45 min"}]},{"category":"Misc","specs":[{"label":"Colors","value":"Midnight, Starlight, Silver, Red"},{"label":"Models","value":"A2773, A2775, A2772, A2774, A2857, A2858, A2770, A2771, watch6,14, watch6,15, watch6,16, watch6,17"},{"label":"SAR","value":"0.31 W/kg (head)     0.55 W/kg (body)"},{"label":"Price","value":"About 340 EUR"},{"label":"SAR EU","value":"0.31 W/kg (head)     0.55 W/kg (body)"}]}]');
INSERT OR IGNORE INTO device_pictures (device_id, url, position) VALUES (45, 'https://fdn2.gsmarena.com/vv/bigpic/apple-watch-8-aluminum.jpg', 0);
INSERT OR IGNORE INTO device_pictures (device_id, url, position) VALUES (45, 'https://fdn2.gsmarena.com/vv/pics/apple/apple-watch-8-aluminum-1.jpg', 1);
INSERT OR IGNORE INTO device_pictures (device_id, url, position) VALUES (45, 'https://fdn2.gsmarena.com/vv/pics/apple/apple-watch-8-aluminum-2.jpg', 2);
INSERT OR IGNORE INTO devices (id, brand_id, name, gsmarena_url, thumbnail_url, summary) VALUES (46, 1, 'Watch SE 2', 'https://www.gsmarena.com/apple_watch_se_(2022)-11865.php', 'https://fdn2.gsmarena.com/vv/bigpic/apple-watch-8se-2022.jpg', 'Watch SE 2');
INSERT OR IGNORE INTO device_specs (device_id, announced, status, network, os, chipset, cpu, gpu, display_size, display_type, display_res, ram, storage, main_camera, selfie_camera, battery, charging, nfc, usb, bluetooth, wlan, colors, weight, dimensions, sim, sensors, popularity, fans, rating, full_specs_json) VALUES (46, '2022, September 07', 'Available. Released 2022, September 16', 'GSM / HSPA / LTE / 4G/LTE', 'watchOS 9.0, upgradable to watchOS 26.3', 'Apple S8', 'Dual-core', 'PowerVR', '1.78 inches', 'Retina LTPO OLED, 1000 nits (peak)', '448 x 368 pixels (~326 ppi density)', '1GB', '32GB', NULL, NULL, 'Li-Ion 296 mAh', 'Wireless', 'Yes', 'No', '5.3, A2DP, LE', 'Wi-Fi 802.11 b/g/n', 'Midnight, Starlight, Silver', '33 g (1.16 oz)', '44 x 38 x 10.7 mm (1.73 x 1.50 x 0.42 in)', 'eSIM', 'Accelerometer, gyro, heart rate (2nd gen), barometer, always-on altimeter, compass', 'About 190 EUR', NULL, NULL, '[{"category":"Network","specs":[{"label":"Technology","value":"GSM / HSPA / LTE"},{"label":"2G bands","value":"GSM 850 / 900 / 1800 / 1900"},{"label":"3G bands","value":"HSDPA 850 / 900 / 1700(AWS) / 1900 / 2100 - International, China, HK"},{"label":"4G bands","value":"1, 2, 3, 4, 5, 6, 7, 8, 18, 19, 20, 25, 26, 28, 39, 40, 41, 66 - International, China, HK"},{"label":"Speed","value":"HSPA, LTE"}]},{"category":"Launch","specs":[{"label":"Announced","value":"2022, September 07"},{"label":"Status","value":"Available. Released 2022, September 16"}]},{"category":"Body","specs":[{"label":"Dimensions","value":"44 x 38 x 10.7 mm (1.73 x 1.50 x 0.42 in)"},{"label":"Weight","value":"33 g (1.16 oz)"},{"label":"Build","value":"Glass front, plastic/sapphire crystal back, aluminum frame"},{"label":"SIM","value":"eSIM"}]},{"category":"Display","specs":[{"label":"Type","value":"Retina LTPO OLED, 1000 nits (peak)"},{"label":"Size","value":"1.78 inches"},{"label":"Resolution","value":"448 x 368 pixels (~326 ppi density)"},{"label":"Protection","value":"Ion-X strengthened glass"}]},{"category":"Platform","specs":[{"label":"OS","value":"watchOS 9.0, upgradable to watchOS 26.3"},{"label":"Chipset","value":"Apple S8"},{"label":"CPU","value":"Dual-core"},{"label":"GPU","value":"PowerVR"}]},{"category":"Memory","specs":[{"label":"Card slot","value":"No"},{"label":"Internal","value":"32GB 1GB RAM"}]},{"category":"Sound","specs":[{"label":"Loudspeaker","value":"Yes"},{"label":"3.5mm jack","value":"No"}]},{"category":"Comms","specs":[{"label":"WLAN","value":"Wi-Fi 802.11 b/g/n"},{"label":"Bluetooth","value":"5.3, A2DP, LE"},{"label":"Positioning","value":"GPS, GLONASS, GALILEO, QZSS"},{"label":"NFC","value":"Yes"},{"label":"USB","value":"No"},{"label":"Radio","value":"No"}]},{"category":"Features","specs":[{"label":"Sensors","value":"Accelerometer, gyro, heart rate (2nd gen), barometer, always-on altimeter, compass"}]},{"category":"Battery","specs":[{"label":"Type","value":"Li-Ion 296 mAh"},{"label":"Charging","value":"Wireless"}]},{"category":"Misc","specs":[{"label":"Colors","value":"Midnight, Starlight, Silver"},{"label":"Models","value":"A2722, A2723, A2724, A2727, A2856, A2725, A2726, A2855, watch6,10, watch6,11, watch6,12, watch6,13"},{"label":"SAR","value":"0.27 W/kg (head)     1.96 W/kg (body)"},{"label":"Price","value":"About 190 EUR"},{"label":"SAR EU","value":"0.27 W/kg (head)     1.96 W/kg (body)"}]}]');
INSERT OR IGNORE INTO device_pictures (device_id, url, position) VALUES (46, 'https://fdn2.gsmarena.com/vv/bigpic/apple-watch-8se-2022.jpg', 0);
INSERT OR IGNORE INTO device_pictures (device_id, url, position) VALUES (46, 'https://fdn2.gsmarena.com/vv/pics/apple/apple-watch-8se-2022-1.jpg', 1);
INSERT OR IGNORE INTO device_pictures (device_id, url, position) VALUES (46, 'https://fdn2.gsmarena.com/vv/pics/apple/apple-watch-8se-2022-2.jpg', 2);
INSERT OR IGNORE INTO devices (id, brand_id, name, gsmarena_url, thumbnail_url, summary) VALUES (47, 1, 'iPhone SE (2022)', 'https://www.gsmarena.com/apple_iphone_se_(2022)-11410.php', 'https://fdn2.gsmarena.com/vv/bigpic/apple-iphone-se-2022.jpg', 'iPhone SE (2022)');
INSERT OR IGNORE INTO device_specs (device_id, announced, status, network, os, chipset, cpu, gpu, display_size, display_type, display_res, ram, storage, main_camera, selfie_camera, battery, charging, nfc, usb, bluetooth, wlan, colors, weight, dimensions, sim, sensors, popularity, fans, rating, full_specs_json) VALUES (47, '2022, March 08', 'Available. Released 2022, March 18', 'GSM / CDMA / HSPA / EVDO / LTE / 5G / 5G', 'iOS 15.4, upgradable to iOS 26.3', 'Apple A15 Bionic (5 nm)', 'Hexa-core (2x3.22 GHz Avalanche + 4x1.82 GHz Blizzard)', 'Apple GPU (4-core graphics)', '4.7 inches, 60.9 cm 2 (~65.4% screen-to-body ratio)', 'Retina IPS LCD, 625 nits (typ)', '750 x 1334 pixels, 16:9 ratio (~326 ppi density)', '4GB', '64GB', '12 MP, f/1.8 (wide), PDAF, OIS, Quad-LED dual-tone flash, HDR, panorama', '7 MP, f/2.2, 1080p@30/120fps; gyro-EIS', 'Li-Ion 2018 mAh (6.96 Wh)', '20W wired, 50% in 30 min', 'Yes', 'Lightning, USB 2.0', '5.0, A2DP, LE', 'Wi-Fi 802.11 a/b/g/n/ac/6, dual-band, hotspot', 'Midnight, Starlight, Red', '144 g (5.08 oz)', '138.4 x 67.3 x 7.3 mm (5.45 x 2.65 x 0.29 in)', 'Nano-SIM + eSIM', 'Fingerprint (front-mounted), accelerometer, proximity, gyro, compass, barometer', '$ 138.00 / £ 114.00 / € 152.00', NULL, NULL, '[{"category":"Network","specs":[{"label":"Technology","value":"GSM / CDMA / HSPA / EVDO / LTE / 5G"},{"label":"2G bands","value":"GSM 850 / 900 / 1800 / 1900"},{"label":"3G bands","value":"HSDPA 850 / 900 / 1700(AWS) / 1900 / 2100"},{"label":"4G bands","value":"1, 2, 3, 4, 5, 7, 8, 12, 13, 17, 18, 19, 20, 25, 26, 28, 30, 32, 34, 38, 39, 40, 41, 42, 46, 48, 66 - A2783, A2784, A2785"},{"label":"5G bands","value":"1, 2, 3, 5, 7, 8, 12, 20, 25, 28, 30, 38, 40, 41, 48, 66, 77, 78, 79 SA/NSA/Sub6 - A2783, A2784, A2785, A2782"},{"label":"Speed","value":"HSPA, LTE, 5G, EV-DO Rev.A 3.1 Mbps"}]},{"category":"Launch","specs":[{"label":"Announced","value":"2022, March 08"},{"label":"Status","value":"Available. Released 2022, March 18"}]},{"category":"Body","specs":[{"label":"Dimensions","value":"138.4 x 67.3 x 7.3 mm (5.45 x 2.65 x 0.29 in)"},{"label":"Weight","value":"144 g (5.08 oz)"},{"label":"Build","value":"Glass front, glass back, aluminum frame"},{"label":"SIM","value":"Nano-SIM + eSIM"}]},{"category":"Display","specs":[{"label":"Type","value":"Retina IPS LCD, 625 nits (typ)"},{"label":"Size","value":"4.7 inches, 60.9 cm 2 (~65.4% screen-to-body ratio)"},{"label":"Resolution","value":"750 x 1334 pixels, 16:9 ratio (~326 ppi density)"},{"label":"Protection","value":"Ion-strengthened glass"}]},{"category":"Platform","specs":[{"label":"OS","value":"iOS 15.4, upgradable to iOS 26.3"},{"label":"Chipset","value":"Apple A15 Bionic (5 nm)"},{"label":"CPU","value":"Hexa-core (2x3.22 GHz Avalanche + 4x1.82 GHz Blizzard)"},{"label":"GPU","value":"Apple GPU (4-core graphics)"}]},{"category":"Memory","specs":[{"label":"Card slot","value":"No"},{"label":"Internal","value":"64GB 4GB RAM, 128GB 4GB RAM, 256GB 4GB RAM"}]},{"category":"Main Camera","specs":[{"label":"Single","value":"12 MP, f/1.8 (wide), PDAF, OIS"},{"label":"Features","value":"Quad-LED dual-tone flash, HDR, panorama"},{"label":"Video","value":"4K@24/30/60fps, 1080p@30/60/120/240fps, HDR, OIS, stereo sound rec."}]},{"category":"Selfie camera","specs":[{"label":"Single","value":"7 MP, f/2.2"},{"label":"Video","value":"1080p@30/120fps; gyro-EIS"},{"label":"Features","value":"HDR"}]},{"category":"Sound","specs":[{"label":"Loudspeaker","value":"Yes, with stereo speakers"},{"label":"3.5mm jack","value":"No"}]},{"category":"Comms","specs":[{"label":"WLAN","value":"Wi-Fi 802.11 a/b/g/n/ac/6, dual-band, hotspot"},{"label":"Bluetooth","value":"5.0, A2DP, LE"},{"label":"Positioning","value":"GPS, GLONASS, GALILEO, BDS, QZSS"},{"label":"NFC","value":"Yes"},{"label":"USB","value":"Lightning, USB 2.0"},{"label":"Radio","value":"No"}]},{"category":"Features","specs":[{"label":"Sensors","value":"Fingerprint (front-mounted), accelerometer, proximity, gyro, compass, barometer"}]},{"category":"Battery","specs":[{"label":"Type","value":"Li-Ion 2018 mAh (6.96 Wh)"},{"label":"Charging","value":"20W wired, 50% in 30 min"}]},{"category":"Misc","specs":[{"label":"Colors","value":"Midnight, Starlight, Red"},{"label":"Models","value":"A2783, A2595, A2785, A2782, A2784, iphone14,6"},{"label":"SAR","value":"0.98 W/kg (head)     0.99 W/kg (body)"},{"label":"Price","value":"$ 138.00 / £ 114.00 / € 152.00"},{"label":"SAR EU","value":"1.20 W/kg (head)     1.19 W/kg (body)"}]}]');
INSERT OR IGNORE INTO device_pictures (device_id, url, position) VALUES (47, 'https://fdn2.gsmarena.com/vv/bigpic/apple-iphone-se-2022.jpg', 0);
INSERT OR IGNORE INTO device_pictures (device_id, url, position) VALUES (47, 'https://fdn2.gsmarena.com/vv/pics/apple/apple-iphone-se-2022-0.jpg', 1);
INSERT OR IGNORE INTO device_pictures (device_id, url, position) VALUES (47, 'https://fdn2.gsmarena.com/vv/pics/apple/apple-iphone-se-2022-1.jpg', 2);
INSERT OR IGNORE INTO device_pictures (device_id, url, position) VALUES (47, 'https://fdn2.gsmarena.com/vv/pics/apple/apple-iphone-se-2022-2.jpg', 3);
INSERT OR IGNORE INTO device_pictures (device_id, url, position) VALUES (47, 'https://fdn.gsmarena.com/imgroot/reviews/22/apple-iphone-se-2022/lifestyle/-1024w2/gsmarena_001.jpg', 4);
INSERT OR IGNORE INTO device_pictures (device_id, url, position) VALUES (47, 'https://fdn.gsmarena.com/imgroot/reviews/22/apple-iphone-se-2022/lifestyle/-1024w2/gsmarena_002.jpg', 5);
INSERT OR IGNORE INTO device_pictures (device_id, url, position) VALUES (47, 'https://fdn.gsmarena.com/imgroot/reviews/22/apple-iphone-se-2022/lifestyle/-1024w2/gsmarena_003.jpg', 6);
INSERT OR IGNORE INTO device_pictures (device_id, url, position) VALUES (47, 'https://fdn.gsmarena.com/imgroot/reviews/22/apple-iphone-se-2022/lifestyle/-1024w2/gsmarena_004.jpg', 7);
INSERT OR IGNORE INTO device_pictures (device_id, url, position) VALUES (47, 'https://fdn.gsmarena.com/imgroot/reviews/22/apple-iphone-se-2022/lifestyle/-1024w2/gsmarena_005.jpg', 8);
INSERT OR IGNORE INTO device_pictures (device_id, url, position) VALUES (47, 'https://fdn.gsmarena.com/imgroot/reviews/22/apple-iphone-se-2022/lifestyle/-1024w2/gsmarena_006.jpg', 9);
INSERT OR IGNORE INTO devices (id, brand_id, name, gsmarena_url, thumbnail_url, summary) VALUES (48, 1, 'iPad Air (2022)', 'https://www.gsmarena.com/apple_ipad_air_(2022)-11411.php', 'https://fdn2.gsmarena.com/vv/bigpic/apple-ipad-air-2022-new.jpg', 'iPad Air (2022)');
INSERT OR IGNORE INTO device_specs (device_id, announced, status, network, os, chipset, cpu, gpu, display_size, display_type, display_res, ram, storage, main_camera, selfie_camera, battery, charging, nfc, usb, bluetooth, wlan, colors, weight, dimensions, sim, sensors, popularity, fans, rating, full_specs_json) VALUES (48, '2022, March 08', 'Available. Released 2022, March 18', 'GSM / HSPA / LTE / 5G / 5G', 'iPadOS 15.4, upgradable to iPadOS 26.3', 'Apple M1', 'Octa-core (4x3.2 GHz & 4xX.X GHz)', 'Apple GPU (8-core graphics)', '10.9 inches, 359.2 cm 2 (~81.3% screen-to-body ratio)', 'Liquid Retina IPS LCD, 500 nits (typ)', '1640 x 2360 pixels (~264 ppi density)', '8GB', '256GB', '12 MP, f/1.8, (wide), 1/3.0", 1.22µm, dual pixel PDAF, HDR', '12 MP, f/2.4, 122˚ (ultrawide), 1080p@30/60fps', 'Li-Ion 7600 mAh (28.6 Wh)', NULL, 'No', 'USB Type-C 3.1 Gen2, DisplayPort, magnetic connector', '5.0, A2DP, EDR', 'Wi-Fi 802.11 a/b/g/n/ac/6, dual-band, hotspot', 'Space Gray, Starlight, Pink, Purple, Blue', '461 g (Wi-Fi) / 462 g (5G) (1.02 lb)', '247.6 x 178.5 x 6.1 mm (9.75 x 7.03 x 0.24 in)', 'Nano-SIM + eSIM', 'Fingerprint (top-mounted), accelerometer, gyro, compass, barometer', 'About 550 EUR', NULL, NULL, '[{"category":"Network","specs":[{"label":"Technology","value":"GSM / HSPA / LTE / 5G"},{"label":"2G bands","value":"GSM 850 / 900 / 1800 / 1900"},{"label":"3G bands","value":"HSDPA 850 / 900 / 1700(AWS) / 1900 / 2100"},{"label":"4G bands","value":"1, 2, 3, 4, 5, 7, 8, 11, 12, 13, 14, 17, 18, 19, 20, 21, 25, 26, 28, 29, 30, 32, 34, 38, 39, 40, 41, 42, 46, 48, 66, 71 - A2589"},{"label":"5G bands","value":"1, 2, 3, 5, 7, 8, 12, 20, 25, 28, 29, 30, 38, 40, 41, 48, 66, 71, 77, 78, 79 SA/NSA/Sub6 - A2589, A2591"},{"label":"Speed","value":"HSPA, LTE, 5G"}]},{"category":"Launch","specs":[{"label":"Announced","value":"2022, March 08"},{"label":"Status","value":"Available. Released 2022, March 18"}]},{"category":"Body","specs":[{"label":"Dimensions","value":"247.6 x 178.5 x 6.1 mm (9.75 x 7.03 x 0.24 in)"},{"label":"Weight","value":"461 g (Wi-Fi) / 462 g (5G) (1.02 lb)"},{"label":"Build","value":"Glass front, aluminum back, aluminum frame"},{"label":"SIM","value":"Nano-SIM + eSIM"}]},{"category":"Display","specs":[{"label":"Type","value":"Liquid Retina IPS LCD, 500 nits (typ)"},{"label":"Size","value":"10.9 inches, 359.2 cm 2 (~81.3% screen-to-body ratio)"},{"label":"Resolution","value":"1640 x 2360 pixels (~264 ppi density)"},{"label":"Protection","value":"Scratch-resistant glass, oleophobic coating"}]},{"category":"Platform","specs":[{"label":"OS","value":"iPadOS 15.4, upgradable to iPadOS 26.3"},{"label":"Chipset","value":"Apple M1"},{"label":"CPU","value":"Octa-core (4x3.2 GHz & 4xX.X GHz)"},{"label":"GPU","value":"Apple GPU (8-core graphics)"}]},{"category":"Memory","specs":[{"label":"Card slot","value":"No"},{"label":"Internal","value":"64GB, 256GB 8GB RAM"}]},{"category":"Main Camera","specs":[{"label":"Single","value":"12 MP, f/1.8, (wide), 1/3.0\\", 1.22µm, dual pixel PDAF"},{"label":"Features","value":"HDR"},{"label":"Video","value":"4K@24/25/30/60fps, 1080p@25/30/60/120/240fps; gyro-EIS"}]},{"category":"Selfie camera","specs":[{"label":"Single","value":"12 MP, f/2.4, 122˚ (ultrawide)"},{"label":"Video","value":"1080p@30/60fps"},{"label":"Features","value":"HDR"}]},{"category":"Sound","specs":[{"label":"Loudspeaker","value":"Yes, with stereo speakers"},{"label":"3.5mm jack","value":"No"}]},{"category":"Comms","specs":[{"label":"WLAN","value":"Wi-Fi 802.11 a/b/g/n/ac/6, dual-band, hotspot"},{"label":"Bluetooth","value":"5.0, A2DP, EDR"},{"label":"Positioning","value":"GPS, GLONASS (5G model only)"},{"label":"NFC","value":"No"},{"label":"USB","value":"USB Type-C 3.1 Gen2, DisplayPort, magnetic connector"},{"label":"Radio","value":"No"}]},{"category":"Features","specs":[{"label":"Sensors","value":"Fingerprint (top-mounted), accelerometer, gyro, compass, barometer"}]},{"category":"Battery","specs":[{"label":"Type","value":"Li-Ion 7600 mAh (28.6 Wh)"}]},{"category":"Misc","specs":[{"label":"Colors","value":"Space Gray, Starlight, Pink, Purple, Blue"},{"label":"Models","value":"A2588, A2589, A2591, iPad13,16, iPad13,17"},{"label":"Price","value":"About 550 EUR"}]}]');
INSERT OR IGNORE INTO device_pictures (device_id, url, position) VALUES (48, 'https://fdn2.gsmarena.com/vv/bigpic/apple-ipad-air-2022-new.jpg', 0);
INSERT OR IGNORE INTO device_pictures (device_id, url, position) VALUES (48, 'https://fdn2.gsmarena.com/vv/pics/apple/apple-ipad-air-2022-1.jpg', 1);
INSERT OR IGNORE INTO device_pictures (device_id, url, position) VALUES (48, 'https://fdn2.gsmarena.com/vv/pics/apple/apple-ipad-air-2022-2.jpg', 2);
INSERT OR IGNORE INTO device_pictures (device_id, url, position) VALUES (48, 'https://fdn2.gsmarena.com/vv/pics/apple/apple-ipad-air-2022-3.jpg', 3);
INSERT OR IGNORE INTO device_pictures (device_id, url, position) VALUES (48, 'https://fdn2.gsmarena.com/vv/pics/apple/apple-ipad-air-2022-4.jpg', 4);
INSERT OR IGNORE INTO devices (id, brand_id, name, gsmarena_url, thumbnail_url, summary) VALUES (49, 1, 'iPhone 13 Pro Max', 'https://www.gsmarena.com/apple_iphone_13_pro_max-11089.php', 'https://fdn2.gsmarena.com/vv/bigpic/apple-iphone-13-pro-max.jpg', 'iPhone 13 Pro Max');
INSERT OR IGNORE INTO device_specs (device_id, announced, status, network, os, chipset, cpu, gpu, display_size, display_type, display_res, ram, storage, main_camera, selfie_camera, battery, charging, nfc, usb, bluetooth, wlan, colors, weight, dimensions, sim, sensors, popularity, fans, rating, full_specs_json) VALUES (49, '2021, September 14', 'Available. Released 2021, September 24', 'GSM / CDMA / HSPA / EVDO / LTE / 5G / 5G', 'iOS 15, upgradable to iOS 26.3', 'Apple A15 Bionic (5 nm)', 'Hexa-core (2x3.23 GHz Avalanche + 4x1.82 GHz Blizzard)', 'Apple GPU (5-core graphics)', '6.7 inches, 109.8 cm 2 (~87.4% screen-to-body ratio)', 'Super Retina XDR OLED, 120Hz, HDR10, Dolby Vision, 1000 nits (HBM), 1200 nits (peak)', '1284 x 2778 pixels, 19.5:9 ratio (~458 ppi density)', '6GB', '128GB', '12 MP, f/1.5, 26mm (wide), 1/1.7", 1.9µm, dual pixel PDAF, sensor-shift OIS, Dual-LED dual-tone flash, HDR (photo/panorama)', '12 MP, f/2.2, 23mm (wide), 1/3.6", 1.0µm, 4K@24/25/30/60fps, 1080p@25/30/60/120fps, gyro-EIS', 'Li-Ion 4352 mAh (16.75 Wh)', 'Wired, PD2.0, 50% in 30 min', 'Yes', 'Lightning, USB 2.0', '5.0, A2DP, LE', 'Wi-Fi 802.11 a/b/g/n/ac/6, dual-band, hotspot', 'Graphite, Gold, Silver, Sierra Blue, Alpine Green', '240 g (8.47 oz)', '160.8 x 78.1 x 7.7 mm (6.33 x 3.07 x 0.30 in)', '· Nano-SIM + eSIM · Nano-SIM + Nano-SIM', 'Face ID, accelerometer, gyro, proximity, compass, barometer', '$ 399.00 / £ 325.00 / € 411.91', NULL, NULL, '[{"category":"Network","specs":[{"label":"Technology","value":"GSM / CDMA / HSPA / EVDO / LTE / 5G"},{"label":"2G bands","value":"GSM 850 / 900 / 1800 / 1900"},{"label":"3G bands","value":"HSDPA 850 / 900 / 1700(AWS) / 1900 / 2100"},{"label":"4G bands","value":"1, 2, 3, 4, 5, 7, 8, 12, 13, 17, 18, 19, 20, 25, 26, 28, 30, 32, 34, 38, 39, 40, 41, 42, 46, 48, 66 - A2643, A2644, A2645"},{"label":"5G bands","value":"1, 2, 3, 5, 7, 8, 12, 20, 25, 28, 30, 38, 40, 41, 48, 66, 77, 78, 79 SA/NSA/Sub6 - A2643, A2644"},{"label":"Speed","value":"HSPA, LTE, 5G, EV-DO Rev.A 3.1 Mbps"}]},{"category":"Launch","specs":[{"label":"Announced","value":"2021, September 14"},{"label":"Status","value":"Available. Released 2021, September 24"}]},{"category":"Body","specs":[{"label":"Dimensions","value":"160.8 x 78.1 x 7.7 mm (6.33 x 3.07 x 0.30 in)"},{"label":"Weight","value":"240 g (8.47 oz)"},{"label":"Build","value":"Glass front, glass back, stainless steel frame"},{"label":"SIM","value":"· Nano-SIM + eSIM · Nano-SIM + Nano-SIM"}]},{"category":"Display","specs":[{"label":"Type","value":"Super Retina XDR OLED, 120Hz, HDR10, Dolby Vision, 1000 nits (HBM), 1200 nits (peak)"},{"label":"Size","value":"6.7 inches, 109.8 cm 2 (~87.4% screen-to-body ratio)"},{"label":"Resolution","value":"1284 x 2778 pixels, 19.5:9 ratio (~458 ppi density)"},{"label":"Protection","value":"Ceramic Shield glass"}]},{"category":"Platform","specs":[{"label":"OS","value":"iOS 15, upgradable to iOS 26.3"},{"label":"Chipset","value":"Apple A15 Bionic (5 nm)"},{"label":"CPU","value":"Hexa-core (2x3.23 GHz Avalanche + 4x1.82 GHz Blizzard)"},{"label":"GPU","value":"Apple GPU (5-core graphics)"}]},{"category":"Memory","specs":[{"label":"Card slot","value":"No"},{"label":"Internal","value":"128GB 6GB RAM, 256GB 6GB RAM, 512GB 6GB RAM, 1TB 6GB RAM"}]},{"category":"Main Camera","specs":[{"label":"Triple","value":"12 MP, f/1.5, 26mm (wide), 1/1.7\\", 1.9µm, dual pixel PDAF, sensor-shift OIS"},{"label":"Features","value":"Dual-LED dual-tone flash, HDR (photo/panorama)"},{"label":"Video","value":"4K@24/25/30/60fps, 1080p@25/30/60/120/240fps, 10-bit HDR, Dolby Vision HDR (up to 60fps), ProRes, stereo sound rec."}]},{"category":"Selfie camera","specs":[{"label":"Single","value":"12 MP, f/2.2, 23mm (wide), 1/3.6\\", 1.0µm"},{"label":"Video","value":"4K@24/25/30/60fps, 1080p@25/30/60/120fps, gyro-EIS"},{"label":"Features","value":"HDR"}]},{"category":"Sound","specs":[{"label":"Loudspeaker","value":"Yes, with stereo speakers"},{"label":"3.5mm jack","value":"No"}]},{"category":"Comms","specs":[{"label":"WLAN","value":"Wi-Fi 802.11 a/b/g/n/ac/6, dual-band, hotspot"},{"label":"Bluetooth","value":"5.0, A2DP, LE"},{"label":"Positioning","value":"GPS, GLONASS, GALILEO, BDS, QZSS"},{"label":"NFC","value":"Yes"},{"label":"USB","value":"Lightning, USB 2.0"},{"label":"Radio","value":"No"}]},{"category":"Features","specs":[{"label":"Sensors","value":"Face ID, accelerometer, gyro, proximity, compass, barometer"}]},{"category":"Battery","specs":[{"label":"Type","value":"Li-Ion 4352 mAh (16.75 Wh)"},{"label":"Charging","value":"Wired, PD2.0, 50% in 30 min"}]},{"category":"Misc","specs":[{"label":"Colors","value":"Graphite, Gold, Silver, Sierra Blue, Alpine Green"},{"label":"Models","value":"A2643, A2484, A2641, A2644, A2645, iphone14,3"},{"label":"SAR","value":"1.18 W/kg (head)     1.20 W/kg (body)"},{"label":"Price","value":"$ 399.00 / £ 325.00 / € 411.91"},{"label":"SAR EU","value":"0.99 W/kg (head)     0.98 W/kg (body)"}]}]');
INSERT OR IGNORE INTO device_pictures (device_id, url, position) VALUES (49, 'https://fdn2.gsmarena.com/vv/bigpic/apple-iphone-13-pro-max.jpg', 0);
INSERT OR IGNORE INTO device_pictures (device_id, url, position) VALUES (49, 'https://fdn2.gsmarena.com/vv/pics/apple/apple-iphone-13-pro-max-01.jpg', 1);
INSERT OR IGNORE INTO device_pictures (device_id, url, position) VALUES (49, 'https://fdn2.gsmarena.com/vv/pics/apple/apple-iphone-13-pro-max-1.jpg', 2);
INSERT OR IGNORE INTO device_pictures (device_id, url, position) VALUES (49, 'https://fdn2.gsmarena.com/vv/pics/apple/apple-iphone-13-pro-max-5.jpg', 3);
INSERT OR IGNORE INTO device_pictures (device_id, url, position) VALUES (49, 'https://fdn2.gsmarena.com/vv/pics/apple/apple-iphone-13-pro-max-2.jpg', 4);
INSERT OR IGNORE INTO device_pictures (device_id, url, position) VALUES (49, 'https://fdn2.gsmarena.com/vv/pics/apple/apple-iphone-13-pro-max-3.jpg', 5);
INSERT OR IGNORE INTO device_pictures (device_id, url, position) VALUES (49, 'https://fdn2.gsmarena.com/vv/pics/apple/apple-iphone-13-pro-max-4.jpg', 6);
INSERT OR IGNORE INTO device_pictures (device_id, url, position) VALUES (49, 'https://fdn.gsmarena.com/imgroot/reviews/21/apple-iphone-13-pro-max/lifestyle/-1024w2/gsmarena_002.jpg', 7);
INSERT OR IGNORE INTO device_pictures (device_id, url, position) VALUES (49, 'https://fdn.gsmarena.com/imgroot/reviews/21/apple-iphone-13-pro-max/lifestyle/-1024w2/gsmarena_003.jpg', 8);
INSERT OR IGNORE INTO device_pictures (device_id, url, position) VALUES (49, 'https://fdn.gsmarena.com/imgroot/reviews/21/apple-iphone-13-pro-max/lifestyle/-1024w2/gsmarena_004.jpg', 9);
INSERT OR IGNORE INTO devices (id, brand_id, name, gsmarena_url, thumbnail_url, summary) VALUES (50, 1, 'iPhone 13 Pro', 'https://www.gsmarena.com/apple_iphone_13_pro-11102.php', 'https://fdn2.gsmarena.com/vv/bigpic/apple-iphone-13-pro.jpg', 'iPhone 13 Pro');
INSERT OR IGNORE INTO device_specs (device_id, announced, status, network, os, chipset, cpu, gpu, display_size, display_type, display_res, ram, storage, main_camera, selfie_camera, battery, charging, nfc, usb, bluetooth, wlan, colors, weight, dimensions, sim, sensors, popularity, fans, rating, full_specs_json) VALUES (50, '2021, September 14', 'Available. Released 2021, September 24', 'GSM / CDMA / HSPA / EVDO / LTE / 5G / 5G', 'iOS 15, upgradable to iOS 26.3', 'Apple A15 Bionic (5 nm)', 'Hexa-core (2x3.23 GHz Avalanche + 4x1.82 GHz Blizzard)', 'Apple GPU (5-core graphics)', '6.1 inches, 90.2 cm 2 (~86.0% screen-to-body ratio)', 'Super Retina XDR OLED, 120Hz, HDR10, Dolby Vision, 1000 nits (HBM), 1200 nits (peak)', '1170 x 2532 pixels, 19.5:9 ratio (~460 ppi density)', '6GB', '128GB', '12 MP, f/1.5, 26mm (wide), 1/1.7", 1.9µm, dual pixel PDAF, sensor-shift OIS, Dual-LED dual-tone flash, HDR (photo/panorama)', '12 MP, f/2.2, 23mm (wide), 1/3.6", 1.0µm, 4K@24/25/30/60fps, 1080p@25/30/60/120fps, gyro-EIS', 'Li-Ion 3095 mAh (12.11 Wh)', 'Wired, PD2.0, 50% in 30 min', 'Yes', 'Lightning, USB 2.0', '5.0, A2DP, LE', 'Wi-Fi 802.11 a/b/g/n/ac/6, dual-band, hotspot', 'Graphite, Gold, Silver, Sierra Blue, Alpine Green', '204 g (7.20 oz)', '146.7 x 71.5 x 7.7 mm (5.78 x 2.81 x 0.30 in)', '· Nano-SIM + eSIM · Nano-SIM + Nano-SIM', 'Face ID, accelerometer, gyro, proximity, compass, barometer', '$ 332.00 / £ 264.00 / € 366.56', NULL, NULL, '[{"category":"Network","specs":[{"label":"Technology","value":"GSM / CDMA / HSPA / EVDO / LTE / 5G"},{"label":"2G bands","value":"GSM 850 / 900 / 1800 / 1900"},{"label":"3G bands","value":"HSDPA 850 / 900 / 1700(AWS) / 1900 / 2100"},{"label":"4G bands","value":"1, 2, 3, 4, 5, 7, 8, 12, 13, 17, 18, 19, 20, 25, 26, 28, 30, 32, 34, 38, 39, 40, 41, 42, 46, 48, 66 - A2638, A2639, A2640"},{"label":"5G bands","value":"1, 2, 3, 5, 7, 8, 12, 20, 25, 28, 30, 38, 40, 41, 48, 66, 77, 78, 79 SA/NSA/Sub6 - A2638, A2639"},{"label":"Speed","value":"HSPA, LTE, 5G, EV-DO Rev.A 3.1 Mbps"}]},{"category":"Launch","specs":[{"label":"Announced","value":"2021, September 14"},{"label":"Status","value":"Available. Released 2021, September 24"}]},{"category":"Body","specs":[{"label":"Dimensions","value":"146.7 x 71.5 x 7.7 mm (5.78 x 2.81 x 0.30 in)"},{"label":"Weight","value":"204 g (7.20 oz)"},{"label":"Build","value":"Glass front, glass back, stainless steel frame"},{"label":"SIM","value":"· Nano-SIM + eSIM · Nano-SIM + Nano-SIM"}]},{"category":"Display","specs":[{"label":"Type","value":"Super Retina XDR OLED, 120Hz, HDR10, Dolby Vision, 1000 nits (HBM), 1200 nits (peak)"},{"label":"Size","value":"6.1 inches, 90.2 cm 2 (~86.0% screen-to-body ratio)"},{"label":"Resolution","value":"1170 x 2532 pixels, 19.5:9 ratio (~460 ppi density)"},{"label":"Protection","value":"Ceramic Shield glass"}]},{"category":"Platform","specs":[{"label":"OS","value":"iOS 15, upgradable to iOS 26.3"},{"label":"Chipset","value":"Apple A15 Bionic (5 nm)"},{"label":"CPU","value":"Hexa-core (2x3.23 GHz Avalanche + 4x1.82 GHz Blizzard)"},{"label":"GPU","value":"Apple GPU (5-core graphics)"}]},{"category":"Memory","specs":[{"label":"Card slot","value":"No"},{"label":"Internal","value":"128GB 6GB RAM, 256GB 6GB RAM, 512GB 6GB RAM, 1TB 6GB RAM"}]},{"category":"Main Camera","specs":[{"label":"Triple","value":"12 MP, f/1.5, 26mm (wide), 1/1.7\\", 1.9µm, dual pixel PDAF, sensor-shift OIS"},{"label":"Features","value":"Dual-LED dual-tone flash, HDR (photo/panorama)"},{"label":"Video","value":"4K@24/25/30/60fps, 1080p@25/30/60/120/240fps, 10‑bit HDR, Dolby Vision HDR (up to 60fps), ProRes, stereo sound rec."}]},{"category":"Selfie camera","specs":[{"label":"Single","value":"12 MP, f/2.2, 23mm (wide), 1/3.6\\", 1.0µm"},{"label":"Video","value":"4K@24/25/30/60fps, 1080p@25/30/60/120fps, gyro-EIS"},{"label":"Features","value":"HDR"}]},{"category":"Sound","specs":[{"label":"Loudspeaker","value":"Yes, with stereo speakers"},{"label":"3.5mm jack","value":"No"}]},{"category":"Comms","specs":[{"label":"WLAN","value":"Wi-Fi 802.11 a/b/g/n/ac/6, dual-band, hotspot"},{"label":"Bluetooth","value":"5.0, A2DP, LE"},{"label":"Positioning","value":"GPS, GLONASS, GALILEO, BDS, QZSS"},{"label":"NFC","value":"Yes"},{"label":"USB","value":"Lightning, USB 2.0"},{"label":"Radio","value":"No"}]},{"category":"Features","specs":[{"label":"Sensors","value":"Face ID, accelerometer, gyro, proximity, compass, barometer"}]},{"category":"Battery","specs":[{"label":"Type","value":"Li-Ion 3095 mAh (12.11 Wh)"},{"label":"Charging","value":"Wired, PD2.0, 50% in 30 min"}]},{"category":"Misc","specs":[{"label":"Colors","value":"Graphite, Gold, Silver, Sierra Blue, Alpine Green"},{"label":"Models","value":"A2638, A2483, A2636, A2639, A2640, iPhone14,2"},{"label":"SAR","value":"1.20 W/kg (head)     1.19 W/kg (body)"},{"label":"Price","value":"$ 332.00 / £ 264.00 / € 366.56"},{"label":"SAR EU","value":"0.99 W/kg (head)     0.98 W/kg (body)"}]}]');
INSERT OR IGNORE INTO device_pictures (device_id, url, position) VALUES (50, 'https://fdn2.gsmarena.com/vv/bigpic/apple-iphone-13-pro.jpg', 0);
INSERT OR IGNORE INTO device_pictures (device_id, url, position) VALUES (50, 'https://fdn2.gsmarena.com/vv/pics/apple/apple-iphone-13-pro-01.jpg', 1);
INSERT OR IGNORE INTO device_pictures (device_id, url, position) VALUES (50, 'https://fdn2.gsmarena.com/vv/pics/apple/apple-iphone-13-pro-max-1.jpg', 2);
INSERT OR IGNORE INTO device_pictures (device_id, url, position) VALUES (50, 'https://fdn2.gsmarena.com/vv/pics/apple/apple-iphone-13-pro-3.jpg', 3);
INSERT OR IGNORE INTO device_pictures (device_id, url, position) VALUES (50, 'https://fdn2.gsmarena.com/vv/pics/apple/apple-iphone-13-pro-2.jpg', 4);
INSERT OR IGNORE INTO device_pictures (device_id, url, position) VALUES (50, 'https://fdn2.gsmarena.com/vv/pics/apple/apple-iphone-13-pro-max-3.jpg', 5);
INSERT OR IGNORE INTO device_pictures (device_id, url, position) VALUES (50, 'https://fdn2.gsmarena.com/vv/pics/apple/apple-iphone-13-pro-max-4.jpg', 6);
INSERT OR IGNORE INTO device_pictures (device_id, url, position) VALUES (50, 'https://fdn.gsmarena.com/imgroot/reviews/21/apple-iphone-13-pro/lifestyle/-1024w2/gsmarena_001.jpg', 7);
INSERT OR IGNORE INTO device_pictures (device_id, url, position) VALUES (50, 'https://fdn.gsmarena.com/imgroot/reviews/21/apple-iphone-13-pro/lifestyle/-1024w2/gsmarena_002.jpg', 8);
INSERT OR IGNORE INTO device_pictures (device_id, url, position) VALUES (50, 'https://fdn.gsmarena.com/imgroot/reviews/21/apple-iphone-13-pro/lifestyle/-1024w2/gsmarena_003.jpg', 9);
INSERT OR IGNORE INTO devices (id, brand_id, name, gsmarena_url, thumbnail_url, summary) VALUES (51, 1, 'iPhone 13', 'https://www.gsmarena.com/apple_iphone_13-11103.php', 'https://fdn2.gsmarena.com/vv/bigpic/apple-iphone-13.jpg', 'iPhone 13');
INSERT OR IGNORE INTO device_specs (device_id, announced, status, network, os, chipset, cpu, gpu, display_size, display_type, display_res, ram, storage, main_camera, selfie_camera, battery, charging, nfc, usb, bluetooth, wlan, colors, weight, dimensions, sim, sensors, popularity, fans, rating, full_specs_json) VALUES (51, '2021, September 14', 'Available. Released 2021, September 24', 'GSM / CDMA / HSPA / EVDO / LTE / 5G / 5G', 'iOS 15, upgradable to iOS 26.3', 'Apple A15 Bionic (5 nm)', 'Hexa-core (2x3.23 GHz Avalanche + 4x1.82 GHz Blizzard)', 'Apple GPU (4-core graphics)', '6.1 inches, 90.2 cm 2 (~86.0% screen-to-body ratio)', 'Super Retina XDR OLED, HDR10, Dolby Vision, 800 nits (HBM), 1200 nits (peak)', '1170 x 2532 pixels, 19.5:9 ratio (~460 ppi density)', '4GB', '128GB', '12 MP, f/1.6, 26mm (wide), 1/1.9", 1.7µm, dual pixel PDAF, sensor-shift OIS, Dual-LED dual-tone flash, HDR (photo/panorama)', '12 MP, f/2.2, 23mm (wide), 1/3.6", 1.0µm, 4K@24/25/30/60fps, 1080p@25/30/60/120fps, gyro-EIS', 'Li-Ion 3240 mAh (12.41 Wh)', 'Wired, PD2.0, 50% in 30 min', 'Yes', 'Lightning, USB 2.0', '5.0, A2DP, LE', 'Wi-Fi 802.11 a/b/g/n/ac/6, dual-band, hotspot', 'Starlight, Midnight, Blue, Pink, Red, Green', '174 g (6.14 oz)', '146.7 x 71.5 x 7.7 mm (5.78 x 2.81 x 0.30 in)', '· Nano-SIM + eSIM · Nano-SIM + Nano-SIM', 'Face ID, accelerometer, gyro, proximity, compass, barometer', '$ 251.53 / £ 214.93 / € 263.63', NULL, NULL, '[{"category":"Network","specs":[{"label":"Technology","value":"GSM / CDMA / HSPA / EVDO / LTE / 5G"},{"label":"2G bands","value":"GSM 850 / 900 / 1800 / 1900"},{"label":"3G bands","value":"HSDPA 850 / 900 / 1700(AWS) / 1900 / 2100"},{"label":"4G bands","value":"1, 2, 3, 4, 5, 7, 8, 12, 13, 17, 18, 19, 20, 25, 26, 28, 30, 32, 34, 38, 39, 40, 41, 42, 46, 48, 66 - A2633, A2634, A2635"},{"label":"5G bands","value":"1, 2, 3, 5, 7, 8, 12, 20, 25, 28, 29, 30, 38, 40, 41, 48, 66, 71, 77, 78, 79 Sub6/mmWave - A2633"},{"label":"Speed","value":"HSPA, LTE, 5G, EV-DO Rev.A 3.1 Mbps"}]},{"category":"Launch","specs":[{"label":"Announced","value":"2021, September 14"},{"label":"Status","value":"Available. Released 2021, September 24"}]},{"category":"Body","specs":[{"label":"Dimensions","value":"146.7 x 71.5 x 7.7 mm (5.78 x 2.81 x 0.30 in)"},{"label":"Weight","value":"174 g (6.14 oz)"},{"label":"Build","value":"Glass front, glass back, aluminum frame"},{"label":"SIM","value":"· Nano-SIM + eSIM · Nano-SIM + Nano-SIM"}]},{"category":"Display","specs":[{"label":"Type","value":"Super Retina XDR OLED, HDR10, Dolby Vision, 800 nits (HBM), 1200 nits (peak)"},{"label":"Size","value":"6.1 inches, 90.2 cm 2 (~86.0% screen-to-body ratio)"},{"label":"Resolution","value":"1170 x 2532 pixels, 19.5:9 ratio (~460 ppi density)"},{"label":"Protection","value":"Ceramic Shield glass"}]},{"category":"Platform","specs":[{"label":"OS","value":"iOS 15, upgradable to iOS 26.3"},{"label":"Chipset","value":"Apple A15 Bionic (5 nm)"},{"label":"CPU","value":"Hexa-core (2x3.23 GHz Avalanche + 4x1.82 GHz Blizzard)"},{"label":"GPU","value":"Apple GPU (4-core graphics)"}]},{"category":"Memory","specs":[{"label":"Card slot","value":"No"},{"label":"Internal","value":"128GB 4GB RAM, 256GB 4GB RAM, 512GB 4GB RAM"}]},{"category":"Main Camera","specs":[{"label":"Dual","value":"12 MP, f/1.6, 26mm (wide), 1/1.9\\", 1.7µm, dual pixel PDAF, sensor-shift OIS"},{"label":"Features","value":"Dual-LED dual-tone flash, HDR (photo/panorama)"},{"label":"Video","value":"4K@24/25/30/60fps, 1080p@25/30/60/120/240fps, HDR, Dolby Vision HDR (up to 60fps), stereo sound rec."}]},{"category":"Selfie camera","specs":[{"label":"Single","value":"12 MP, f/2.2, 23mm (wide), 1/3.6\\", 1.0µm"},{"label":"Video","value":"4K@24/25/30/60fps, 1080p@25/30/60/120fps, gyro-EIS"},{"label":"Features","value":"HDR"}]},{"category":"Sound","specs":[{"label":"Loudspeaker","value":"Yes, with stereo speakers"},{"label":"3.5mm jack","value":"No"}]},{"category":"Comms","specs":[{"label":"WLAN","value":"Wi-Fi 802.11 a/b/g/n/ac/6, dual-band, hotspot"},{"label":"Bluetooth","value":"5.0, A2DP, LE"},{"label":"Positioning","value":"GPS, GLONASS, GALILEO, BDS, QZSS"},{"label":"NFC","value":"Yes"},{"label":"USB","value":"Lightning, USB 2.0"},{"label":"Radio","value":"No"}]},{"category":"Features","specs":[{"label":"Sensors","value":"Face ID, accelerometer, gyro, proximity, compass, barometer"}]},{"category":"Battery","specs":[{"label":"Type","value":"Li-Ion 3240 mAh (12.41 Wh)"},{"label":"Charging","value":"Wired, PD2.0, 50% in 30 min"}]},{"category":"Misc","specs":[{"label":"Colors","value":"Starlight, Midnight, Blue, Pink, Red, Green"},{"label":"Models","value":"A2633, A2482, A2631, A2634, A2635, iphone14,5"},{"label":"SAR","value":"1.18 W/kg (head)     1.19 W/kg (body)"},{"label":"Price","value":"$ 251.53 / £ 214.93 / € 263.63"},{"label":"SAR EU","value":"0.99 W/kg (head)     0.98 W/kg (body)"}]}]');
INSERT OR IGNORE INTO device_pictures (device_id, url, position) VALUES (51, 'https://fdn2.gsmarena.com/vv/bigpic/apple-iphone-13.jpg', 0);
INSERT OR IGNORE INTO device_pictures (device_id, url, position) VALUES (51, 'https://fdn2.gsmarena.com/vv/pics/apple/apple-iphone-13-01.jpg', 1);
INSERT OR IGNORE INTO device_pictures (device_id, url, position) VALUES (51, 'https://fdn2.gsmarena.com/vv/pics/apple/apple-iphone-13-2.jpg', 2);
INSERT OR IGNORE INTO device_pictures (device_id, url, position) VALUES (51, 'https://fdn2.gsmarena.com/vv/pics/apple/apple-iphone-13-5.jpg', 3);
INSERT OR IGNORE INTO device_pictures (device_id, url, position) VALUES (51, 'https://fdn2.gsmarena.com/vv/pics/apple/apple-iphone-13-3.jpg', 4);
INSERT OR IGNORE INTO device_pictures (device_id, url, position) VALUES (51, 'https://fdn2.gsmarena.com/vv/pics/apple/apple-iphone-13-4.jpg', 5);
INSERT OR IGNORE INTO device_pictures (device_id, url, position) VALUES (51, 'https://fdn.gsmarena.com/imgroot/reviews/21/apple-iphone-13/lifestyle/-1024w2/gsmarena_001.jpg', 6);
INSERT OR IGNORE INTO device_pictures (device_id, url, position) VALUES (51, 'https://fdn.gsmarena.com/imgroot/reviews/21/apple-iphone-13/lifestyle/-1024w2/gsmarena_002.jpg', 7);
INSERT OR IGNORE INTO device_pictures (device_id, url, position) VALUES (51, 'https://fdn.gsmarena.com/imgroot/reviews/21/apple-iphone-13/lifestyle/-1024w2/gsmarena_003.jpg', 8);
INSERT OR IGNORE INTO device_pictures (device_id, url, position) VALUES (51, 'https://fdn.gsmarena.com/imgroot/reviews/21/apple-iphone-13/lifestyle/-1024w2/gsmarena_004.jpg', 9);
INSERT OR IGNORE INTO devices (id, brand_id, name, gsmarena_url, thumbnail_url, summary) VALUES (52, 1, 'iPhone 13 mini', 'https://www.gsmarena.com/apple_iphone_13_mini-11104.php', 'https://fdn2.gsmarena.com/vv/bigpic/apple-iphone-13-mini.jpg', 'iPhone 13 mini');
INSERT OR IGNORE INTO device_specs (device_id, announced, status, network, os, chipset, cpu, gpu, display_size, display_type, display_res, ram, storage, main_camera, selfie_camera, battery, charging, nfc, usb, bluetooth, wlan, colors, weight, dimensions, sim, sensors, popularity, fans, rating, full_specs_json) VALUES (52, '2021, September 14', 'Available. Released 2021, September 24', 'GSM / CDMA / HSPA / EVDO / LTE / 5G / 5G', 'iOS 15, upgradable to iOS 26.3', 'Apple A15 Bionic (5 nm)', 'Hexa-core (2x3.23 GHz Avalanche + 4x1.82 GHz Blizzard)', 'Apple GPU (4-core graphics)', '5.4 inches, 71.9 cm 2 (~85.1% screen-to-body ratio)', 'Super Retina XDR OLED, HDR10, Dolby Vision, 800 nits (HBM), 1200 nits (peak)', '1080 x 2340 pixels, 19.5:9 ratio (~476 ppi density)', '4GB', '128GB', '12 MP, f/1.6, 26mm (wide), 1/1.9", 1.7µm, dual pixel PDAF, sensor-shift OIS, Dual-LED dual-tone flash, HDR (photo/panorama)', '12 MP, f/2.2, 23mm (wide), 1/3.6", 1.0µm, 4K@24/25/30/60fps, 1080p@25/30/60/120fps, gyro-EIS', 'Li-Ion 2438 mAh (9.34 Wh)', 'Wired, PD2.0, 50% in 30 min', 'Yes', 'Lightning, USB 2.0', '5.0, A2DP, LE', 'Wi-Fi 802.11 a/b/g/n/ac/6, dual-band, hotspot', 'Starlight, Midnight, Blue, Pink, Red, Green', '141 g (4.97 oz)', '131.5 x 64.2 x 7.7 mm (5.18 x 2.53 x 0.30 in)', '· Nano-SIM + eSIM · Nano-SIM + Nano-SIM', 'Face ID, accelerometer, gyro, proximity, compass, barometer', '$ 235.00 / £ 195.00 / € 253.00', NULL, NULL, '[{"category":"Network","specs":[{"label":"Technology","value":"GSM / CDMA / HSPA / EVDO / LTE / 5G"},{"label":"2G bands","value":"GSM 850 / 900 / 1800 / 1900"},{"label":"3G bands","value":"HSDPA 850 / 900 / 1700(AWS) / 1900 / 2100"},{"label":"4G bands","value":"1, 2, 3, 4, 5, 7, 8, 12, 13, 17, 18, 19, 20, 25, 26, 28, 30, 32, 34, 38, 39, 40, 41, 42, 46, 48, 66 - A2628, A2629, A2630"},{"label":"5G bands","value":"1, 2, 3, 5, 7, 8, 12, 20, 25, 28, 29, 30, 38, 40, 41, 48, 66, 71, 77, 78, 79 Sub6/mmWave - A2628"},{"label":"Speed","value":"HSPA, LTE, 5G, EV-DO Rev.A 3.1 Mbps"}]},{"category":"Launch","specs":[{"label":"Announced","value":"2021, September 14"},{"label":"Status","value":"Available. Released 2021, September 24"}]},{"category":"Body","specs":[{"label":"Dimensions","value":"131.5 x 64.2 x 7.7 mm (5.18 x 2.53 x 0.30 in)"},{"label":"Weight","value":"141 g (4.97 oz)"},{"label":"Build","value":"Glass front, glass back, aluminum frame"},{"label":"SIM","value":"· Nano-SIM + eSIM · Nano-SIM + Nano-SIM"}]},{"category":"Display","specs":[{"label":"Type","value":"Super Retina XDR OLED, HDR10, Dolby Vision, 800 nits (HBM), 1200 nits (peak)"},{"label":"Size","value":"5.4 inches, 71.9 cm 2 (~85.1% screen-to-body ratio)"},{"label":"Resolution","value":"1080 x 2340 pixels, 19.5:9 ratio (~476 ppi density)"},{"label":"Protection","value":"Ceramic Shield glass"}]},{"category":"Platform","specs":[{"label":"OS","value":"iOS 15, upgradable to iOS 26.3"},{"label":"Chipset","value":"Apple A15 Bionic (5 nm)"},{"label":"CPU","value":"Hexa-core (2x3.23 GHz Avalanche + 4x1.82 GHz Blizzard)"},{"label":"GPU","value":"Apple GPU (4-core graphics)"}]},{"category":"Memory","specs":[{"label":"Card slot","value":"No"},{"label":"Internal","value":"128GB 4GB RAM, 256GB 4GB RAM, 512GB 4GB RAM"}]},{"category":"Main Camera","specs":[{"label":"Dual","value":"12 MP, f/1.6, 26mm (wide), 1/1.9\\", 1.7µm, dual pixel PDAF, sensor-shift OIS"},{"label":"Features","value":"Dual-LED dual-tone flash, HDR (photo/panorama)"},{"label":"Video","value":"4K@24/25/30/60fps, 1080p@25/30/60/120/240fps, HDR, Dolby Vision HDR (up to 60fps), stereo sound rec."}]},{"category":"Selfie camera","specs":[{"label":"Single","value":"12 MP, f/2.2, 23mm (wide), 1/3.6\\", 1.0µm"},{"label":"Video","value":"4K@24/25/30/60fps, 1080p@25/30/60/120fps, gyro-EIS"},{"label":"Features","value":"HDR"}]},{"category":"Sound","specs":[{"label":"Loudspeaker","value":"Yes, with stereo speakers"},{"label":"3.5mm jack","value":"No"}]},{"category":"Comms","specs":[{"label":"WLAN","value":"Wi-Fi 802.11 a/b/g/n/ac/6, dual-band, hotspot"},{"label":"Bluetooth","value":"5.0, A2DP, LE"},{"label":"Positioning","value":"GPS, GLONASS, GALILEO, BDS, QZSS"},{"label":"NFC","value":"Yes"},{"label":"USB","value":"Lightning, USB 2.0"},{"label":"Radio","value":"No"}]},{"category":"Features","specs":[{"label":"Sensors","value":"Face ID, accelerometer, gyro, proximity, compass, barometer"}]},{"category":"Battery","specs":[{"label":"Type","value":"Li-Ion 2438 mAh (9.34 Wh)"},{"label":"Charging","value":"Wired, PD2.0, 50% in 30 min"}]},{"category":"Misc","specs":[{"label":"Colors","value":"Starlight, Midnight, Blue, Pink, Red, Green"},{"label":"Models","value":"A2628, A2481, A2626, A2629, A2630, iphone14,4"},{"label":"SAR","value":"1.19 W/kg (head)     1.19 W/kg (body)"},{"label":"Price","value":"$ 235.00 / £ 195.00 / € 253.00"},{"label":"SAR EU","value":"0.97 W/kg (head)     0.98 W/kg (body)"}]}]');
INSERT OR IGNORE INTO device_pictures (device_id, url, position) VALUES (52, 'https://fdn2.gsmarena.com/vv/bigpic/apple-iphone-13-mini.jpg', 0);
INSERT OR IGNORE INTO device_pictures (device_id, url, position) VALUES (52, 'https://fdn2.gsmarena.com/vv/pics/apple/apple-iphone-13-mini-01.jpg', 1);
INSERT OR IGNORE INTO device_pictures (device_id, url, position) VALUES (52, 'https://fdn2.gsmarena.com/vv/pics/apple/apple-iphone-13-mini-2.jpg', 2);
INSERT OR IGNORE INTO device_pictures (device_id, url, position) VALUES (52, 'https://fdn2.gsmarena.com/vv/pics/apple/apple-iphone-13-mini-3.jpg', 3);
INSERT OR IGNORE INTO device_pictures (device_id, url, position) VALUES (52, 'https://fdn2.gsmarena.com/vv/pics/apple/apple-iphone-13-3.jpg', 4);
INSERT OR IGNORE INTO device_pictures (device_id, url, position) VALUES (52, 'https://fdn2.gsmarena.com/vv/pics/apple/apple-iphone-13-4.jpg', 5);
INSERT OR IGNORE INTO device_pictures (device_id, url, position) VALUES (52, 'https://fdn.gsmarena.com/imgroot/reviews/21/apple-iphone-13-mini/lifestyle/-1024w2/gsmarena_001.jpg', 6);
INSERT OR IGNORE INTO device_pictures (device_id, url, position) VALUES (52, 'https://fdn.gsmarena.com/imgroot/reviews/21/apple-iphone-13-mini/lifestyle/-1024w2/gsmarena_002.jpg', 7);
INSERT OR IGNORE INTO device_pictures (device_id, url, position) VALUES (52, 'https://fdn.gsmarena.com/imgroot/reviews/21/apple-iphone-13-mini/lifestyle/-1024w2/gsmarena_003.jpg', 8);
INSERT OR IGNORE INTO device_pictures (device_id, url, position) VALUES (52, 'https://fdn.gsmarena.com/imgroot/reviews/21/apple-iphone-13-mini/lifestyle/-1024w2/gsmarena_004.jpg', 9);
INSERT OR IGNORE INTO devices (id, brand_id, name, gsmarena_url, thumbnail_url, summary) VALUES (53, 1, 'iPad mini (2021)', 'https://www.gsmarena.com/apple_ipad_mini_(2021)-11105.php', 'https://fdn2.gsmarena.com/vv/bigpic/apple-ipad-mini-2021.jpg', 'iPad mini (2021)');
INSERT OR IGNORE INTO device_specs (device_id, announced, status, network, os, chipset, cpu, gpu, display_size, display_type, display_res, ram, storage, main_camera, selfie_camera, battery, charging, nfc, usb, bluetooth, wlan, colors, weight, dimensions, sim, sensors, popularity, fans, rating, full_specs_json) VALUES (53, '2021, September 14', 'Available. Released 2021, September 24', 'GSM / HSPA / LTE / 5G / 5G', 'iPadOS 15, upgradable to iPadOS 26.3', 'Apple A15 Bionic (5 nm)', 'Hexa-core (2x2.93 GHz + 4xX.X GHz)', 'Apple GPU (5-core)', '8.3 inches, 203.9 cm 2 (~77.4% screen-to-body ratio)', 'Liquid Retina IPS LCD, 500 nits (typ)', '1488 x 2266 pixels, 3:2 ratio (~327 ppi density)', '4GB', '64GB', '12 MP, f/1.8, (wide), AF, Quad-LED dual-tone flash, HDR, panorama', '12 MP, f/2.4, 122˚ (ultrawide), 1080p@25/30/60fps, gyro-EIS', 'Li-Ion 5078 mAh (19.3 Wh)', NULL, 'No', 'USB Type-C 3.1, DisplayPort', '5.0, A2DP', 'Wi-Fi 802.11 a/b/g/n/ac/6, dual-band, hotspot', 'Space Gray, Pink, Purple, Starlight', '293 g (Wi-Fi) / 297 g (Wi-Fi + Cellular) (10.34 oz)', '195.4 x 134.8 x 6.3 mm (7.69 x 5.31 x 0.25 in)', 'Nano-SIM + eSIM (cellular model only)', 'Fingerprint (side-mounted), accelerometer, gyro, compass, barometer', 'About 550 EUR', NULL, NULL, '[{"category":"Network","specs":[{"label":"Technology","value":"GSM / HSPA / LTE / 5G"},{"label":"2G bands","value":"GSM 850 / 900 / 1800 / 1900"},{"label":"3G bands","value":"HSDPA 850 / 900 / 1700(AWS) / 1900 / 2100"},{"label":"4G bands","value":"1, 2, 3, 4, 5, 7, 8, 11, 12, 13, 14, 17, 18, 19, 20, 21, 25, 26, 28, 29, 30, 32, 34, 38, 39, 40, 41, 46, 48, 66, 71"},{"label":"5G bands","value":"1, 2, 3, 5, 7, 8, 12, 20, 25, 28, 29, 30, 38, 40, 41, 48, 66, 71, 77, 78, 79 SA/NSA"},{"label":"Speed","value":"HSPA, LTE, 5G - cellular model only"}]},{"category":"Launch","specs":[{"label":"Announced","value":"2021, September 14"},{"label":"Status","value":"Available. Released 2021, September 24"}]},{"category":"Body","specs":[{"label":"Dimensions","value":"195.4 x 134.8 x 6.3 mm (7.69 x 5.31 x 0.25 in)"},{"label":"Weight","value":"293 g (Wi-Fi) / 297 g (Wi-Fi + Cellular) (10.34 oz)"},{"label":"Build","value":"Glass front, aluminum back, aluminum frame"},{"label":"SIM","value":"Nano-SIM + eSIM (cellular model only)"}]},{"category":"Display","specs":[{"label":"Type","value":"Liquid Retina IPS LCD, 500 nits (typ)"},{"label":"Size","value":"8.3 inches, 203.9 cm 2 (~77.4% screen-to-body ratio)"},{"label":"Resolution","value":"1488 x 2266 pixels, 3:2 ratio (~327 ppi density)"},{"label":"Protection","value":"Scratch-resistant glass, oleophobic coating"}]},{"category":"Platform","specs":[{"label":"OS","value":"iPadOS 15, upgradable to iPadOS 26.3"},{"label":"Chipset","value":"Apple A15 Bionic (5 nm)"},{"label":"CPU","value":"Hexa-core (2x2.93 GHz + 4xX.X GHz)"},{"label":"GPU","value":"Apple GPU (5-core)"}]},{"category":"Memory","specs":[{"label":"Card slot","value":"No"},{"label":"Internal","value":"64GB 4GB RAM, 256GB 4GB RAM"}]},{"category":"Main Camera","specs":[{"label":"Single","value":"12 MP, f/1.8, (wide), AF"},{"label":"Features","value":"Quad-LED dual-tone flash, HDR, panorama"},{"label":"Video","value":"4K@24/25/30/60fps, 1080p@25/30/60/120/240fps; gyro-EIS"}]},{"category":"Selfie camera","specs":[{"label":"Single","value":"12 MP, f/2.4, 122˚ (ultrawide)"},{"label":"Video","value":"1080p@25/30/60fps, gyro-EIS"},{"label":"Features","value":"HDR"}]},{"category":"Sound","specs":[{"label":"Loudspeaker","value":"Yes, with stereo speakers"},{"label":"3.5mm jack","value":"No"}]},{"category":"Comms","specs":[{"label":"WLAN","value":"Wi-Fi 802.11 a/b/g/n/ac/6, dual-band, hotspot"},{"label":"Bluetooth","value":"5.0, A2DP"},{"label":"Positioning","value":"GPS, GLONASS - cellular model only"},{"label":"NFC","value":"No"},{"label":"USB","value":"USB Type-C 3.1, DisplayPort"},{"label":"Radio","value":"No"}]},{"category":"Features","specs":[{"label":"Sensors","value":"Fingerprint (side-mounted), accelerometer, gyro, compass, barometer"}]},{"category":"Battery","specs":[{"label":"Type","value":"Li-Ion 5078 mAh (19.3 Wh)"}]},{"category":"Misc","specs":[{"label":"Colors","value":"Space Gray, Pink, Purple, Starlight"},{"label":"Models","value":"A2568, iPad14,1, iPad14,2"},{"label":"Price","value":"About 550 EUR"}]}]');
INSERT OR IGNORE INTO device_pictures (device_id, url, position) VALUES (53, 'https://fdn2.gsmarena.com/vv/bigpic/apple-ipad-mini-2021.jpg', 0);
INSERT OR IGNORE INTO device_pictures (device_id, url, position) VALUES (53, 'https://fdn2.gsmarena.com/vv/pics/apple/apple-ipad-mini-2021-2.jpg', 1);
INSERT OR IGNORE INTO devices (id, brand_id, name, gsmarena_url, thumbnail_url, summary) VALUES (54, 1, 'iPad 10.2 (2021)', 'https://www.gsmarena.com/apple_ipad_10_2_(2021)-11106.php', 'https://fdn2.gsmarena.com/vv/bigpic/apple-ipad-102-2021-.jpg', 'iPad 10.2 (2021)');
INSERT OR IGNORE INTO device_specs (device_id, announced, status, network, os, chipset, cpu, gpu, display_size, display_type, display_res, ram, storage, main_camera, selfie_camera, battery, charging, nfc, usb, bluetooth, wlan, colors, weight, dimensions, sim, sensors, popularity, fans, rating, full_specs_json) VALUES (54, '2021, September 14', 'Available. Released 2021, September 24', 'GSM / HSPA / LTE / 4G/LTE', 'iPadOS 15, upgradable to iPadOS 26.3', 'Apple A13 Bionic (7 nm+)', 'Hexa-core (2x2.65 GHz Lightning + 4x1.8 GHz Thunder)', 'Apple GPU (4-core graphics)', '10.2 inches, 322.2 cm 2 (~73.8% screen-to-body ratio)', 'Retina IPS LCD, 500 nits (typ)', '1620 x 2160 pixels, 4:3 ratio (~265 ppi density)', '3GB', '64GB', '8 MP, f/2.4, 31mm (standard), 1.12µm, AF, HDR, panorama', '12 MP, f/2.4, 122˚ (ultrawide), 1080p@25/30/60fps, gyro-EIS', 'Li-Ion 8557 mAh (32.4 Wh)', NULL, 'No', 'Lightning, USB 2.0; magnetic connector', '4.2, A2DP, EDR, LE', 'Wi-Fi 802.11 a/b/g/n/ac, dual-band, hotspot', 'Silver, Space Gray', '487 g (Wi-Fi) / 498 g (LTE) (1.07 lb)', '250.6 x 174.1 x 7.5 mm (9.87 x 6.85 x 0.30 in)', 'Nano-SIM + eSIM (cellular model only)', 'Fingerprint (front-mounted), accelerometer, gyro, compass, barometer', 'About 430 EUR', NULL, NULL, '[{"category":"Network","specs":[{"label":"Technology","value":"GSM / HSPA / LTE"},{"label":"2G bands","value":"GSM 850 / 900 / 1800 / 1900"},{"label":"3G bands","value":"HSDPA 800 / 850 / 900 / 1700(AWS) / 1900 / 2100"},{"label":"4G bands","value":"1, 2, 3, 4, 5, 7, 8, 11, 12, 13, 14, 17, 18, 19, 20, 21, 25, 26, 29, 30, 34, 38, 39, 40, 41, 66, 71 - A2603"},{"label":"Speed","value":"HSPA, LTE - cellular model only"}]},{"category":"Launch","specs":[{"label":"Announced","value":"2021, September 14"},{"label":"Status","value":"Available. Released 2021, September 24"}]},{"category":"Body","specs":[{"label":"Dimensions","value":"250.6 x 174.1 x 7.5 mm (9.87 x 6.85 x 0.30 in)"},{"label":"Weight","value":"487 g (Wi-Fi) / 498 g (LTE) (1.07 lb)"},{"label":"Build","value":"Glass front, aluminum back, aluminum frame"},{"label":"SIM","value":"Nano-SIM + eSIM (cellular model only)"}]},{"category":"Display","specs":[{"label":"Type","value":"Retina IPS LCD, 500 nits (typ)"},{"label":"Size","value":"10.2 inches, 322.2 cm 2 (~73.8% screen-to-body ratio)"},{"label":"Resolution","value":"1620 x 2160 pixels, 4:3 ratio (~265 ppi density)"},{"label":"Protection","value":"Scratch-resistant glass, oleophobic coating"}]},{"category":"Platform","specs":[{"label":"OS","value":"iPadOS 15, upgradable to iPadOS 26.3"},{"label":"Chipset","value":"Apple A13 Bionic (7 nm+)"},{"label":"CPU","value":"Hexa-core (2x2.65 GHz Lightning + 4x1.8 GHz Thunder)"},{"label":"GPU","value":"Apple GPU (4-core graphics)"}]},{"category":"Memory","specs":[{"label":"Card slot","value":"No"},{"label":"Internal","value":"64GB 3GB RAM, 256GB 3GB RAM"}]},{"category":"Main Camera","specs":[{"label":"Single","value":"8 MP, f/2.4, 31mm (standard), 1.12µm, AF"},{"label":"Features","value":"HDR, panorama"},{"label":"Video","value":"1080p@25/30fps, 720p@120fps; gyro-EIS"}]},{"category":"Selfie camera","specs":[{"label":"Single","value":"12 MP, f/2.4, 122˚ (ultrawide)"},{"label":"Video","value":"1080p@25/30/60fps, gyro-EIS"},{"label":"Features","value":"HDR"}]},{"category":"Sound","specs":[{"label":"Loudspeaker","value":"Yes, with stereo speakers"},{"label":"3.5mm jack","value":"Yes"}]},{"category":"Comms","specs":[{"label":"WLAN","value":"Wi-Fi 802.11 a/b/g/n/ac, dual-band, hotspot"},{"label":"Bluetooth","value":"4.2, A2DP, EDR, LE"},{"label":"Positioning","value":"GPS, GLONASS - cellular model only"},{"label":"NFC","value":"No"},{"label":"USB","value":"Lightning, USB 2.0; magnetic connector"},{"label":"Radio","value":"No"}]},{"category":"Features","specs":[{"label":"Sensors","value":"Fingerprint (front-mounted), accelerometer, gyro, compass, barometer"}]},{"category":"Battery","specs":[{"label":"Type","value":"Li-Ion 8557 mAh (32.4 Wh)"}]},{"category":"Misc","specs":[{"label":"Colors","value":"Silver, Space Gray"},{"label":"Models","value":"A2603, A2604, iPad12,1, iPad12,2"},{"label":"Price","value":"About 430 EUR"}]}]');
INSERT OR IGNORE INTO device_pictures (device_id, url, position) VALUES (54, 'https://fdn2.gsmarena.com/vv/bigpic/apple-ipad-102-2021-.jpg', 0);
INSERT OR IGNORE INTO device_pictures (device_id, url, position) VALUES (54, 'https://fdn2.gsmarena.com/vv/pics/apple/apple-ipad-102-2021-1.jpg', 1);
INSERT OR IGNORE INTO device_pictures (device_id, url, position) VALUES (54, 'https://fdn.gsmarena.com/imgroot/reviews/21/apple-ipad-10-2-2021/lifestyle/-1024w2/gsmarena_001.jpg', 2);
INSERT OR IGNORE INTO device_pictures (device_id, url, position) VALUES (54, 'https://fdn.gsmarena.com/imgroot/reviews/21/apple-ipad-10-2-2021/lifestyle/-1024w2/gsmarena_002.jpg', 3);
INSERT OR IGNORE INTO device_pictures (device_id, url, position) VALUES (54, 'https://fdn.gsmarena.com/imgroot/reviews/21/apple-ipad-10-2-2021/lifestyle/-1024w2/gsmarena_003.jpg', 4);
INSERT OR IGNORE INTO device_pictures (device_id, url, position) VALUES (54, 'https://fdn.gsmarena.com/imgroot/reviews/21/apple-ipad-10-2-2021/lifestyle/-1024w2/gsmarena_004.jpg', 5);
INSERT OR IGNORE INTO device_pictures (device_id, url, position) VALUES (54, 'https://fdn.gsmarena.com/imgroot/reviews/21/apple-ipad-10-2-2021/lifestyle/-1024w2/gsmarena_005.jpg', 6);
INSERT OR IGNORE INTO device_pictures (device_id, url, position) VALUES (54, 'https://fdn.gsmarena.com/imgroot/reviews/21/apple-ipad-10-2-2021/lifestyle/-1024w2/gsmarena_006.jpg', 7);
INSERT OR IGNORE INTO device_pictures (device_id, url, position) VALUES (54, 'https://fdn.gsmarena.com/imgroot/reviews/21/apple-ipad-10-2-2021/lifestyle/-1024w2/gsmarena_007.jpg', 8);
INSERT OR IGNORE INTO device_pictures (device_id, url, position) VALUES (54, 'https://fdn.gsmarena.com/imgroot/reviews/21/apple-ipad-10-2-2021/lifestyle/-1024w2/gsmarena_008.jpg', 9);
INSERT OR IGNORE INTO devices (id, brand_id, name, gsmarena_url, thumbnail_url, summary) VALUES (55, 1, 'Watch Edition Series 7', 'https://www.gsmarena.com/apple_watch_edition_series_7-11147.php', 'https://fdn2.gsmarena.com/vv/bigpic/apple-watch-series-7-titanium.jpg', 'Watch Edition Series 7');
INSERT OR IGNORE INTO device_specs (device_id, announced, status, network, os, chipset, cpu, gpu, display_size, display_type, display_res, ram, storage, main_camera, selfie_camera, battery, charging, nfc, usb, bluetooth, wlan, colors, weight, dimensions, sim, sensors, popularity, fans, rating, full_specs_json) VALUES (55, '2021, September 14', 'Available. Released 2021, October 15', 'GSM / HSPA / LTE / 4G/LTE', 'watchOS 8.0, upgradable to watchOS 26.3', 'Apple S7', 'Dual-core', 'PowerVR', '1.9 inches', 'Retina LTPO OLED, 1000 nits (peak)', '484 x 396 pixels (~326 ppi density)', '1GB', '32GB', NULL, NULL, 'Li-Ion 309 mAh (1.19 Wh)', 'Wireless, 0-80% in 45 min', 'Yes', 'No', '5.0, A2DP, LE', 'Wi-Fi 802.11 b/g/n, dual-band', 'Space Black, Titanium', '37 g (41mm), 45.1 g (45mm) (1.31 oz)', '45 x 38 x 10.7 mm (1.77 x 1.50 x 0.42 in)', 'eSIM', 'Accelerometer, gyro, heart rate, barometer, always-on altimeter, compass, SpO2, VO2max', 'About 830 EUR', NULL, NULL, '[{"category":"Network","specs":[{"label":"Technology","value":"GSM / HSPA / LTE"},{"label":"2G bands","value":"GSM 850 / 900 / 1800 / 1900"},{"label":"3G bands","value":"HSDPA 850 / 900 / 1700(AWS) / 1900 / 2100 - International"},{"label":"4G bands","value":"1, 2, 3, 4, 5, 7, 8, 18, 19, 20, 25, 26, 28, 39, 40, 41, 66 - International"},{"label":"Speed","value":"HSPA, LTE"}]},{"category":"Launch","specs":[{"label":"Announced","value":"2021, September 14"},{"label":"Status","value":"Available. Released 2021, October 15"}]},{"category":"Body","specs":[{"label":"Dimensions","value":"45 x 38 x 10.7 mm (1.77 x 1.50 x 0.42 in)"},{"label":"Weight","value":"37 g (41mm), 45.1 g (45mm) (1.31 oz)"},{"label":"Build","value":"Sapphire crystal front, ceramic/sapphire crystal back, titanium frame"},{"label":"SIM","value":"eSIM"}]},{"category":"Display","specs":[{"label":"Type","value":"Retina LTPO OLED, 1000 nits (peak)"},{"label":"Size","value":"1.9 inches"},{"label":"Resolution","value":"484 x 396 pixels (~326 ppi density)"},{"label":"Protection","value":"Sapphire crystal glass"}]},{"category":"Platform","specs":[{"label":"OS","value":"watchOS 8.0, upgradable to watchOS 26.3"},{"label":"Chipset","value":"Apple S7"},{"label":"CPU","value":"Dual-core"},{"label":"GPU","value":"PowerVR"}]},{"category":"Memory","specs":[{"label":"Card slot","value":"No"},{"label":"Internal","value":"32GB 1GB RAM"}]},{"category":"Sound","specs":[{"label":"Loudspeaker","value":"Yes"},{"label":"3.5mm jack","value":"No"}]},{"category":"Comms","specs":[{"label":"WLAN","value":"Wi-Fi 802.11 b/g/n, dual-band"},{"label":"Bluetooth","value":"5.0, A2DP, LE"},{"label":"Positioning","value":"GPS, GLONASS, GALILEO, QZSS, BDS"},{"label":"NFC","value":"Yes"},{"label":"USB","value":"No"},{"label":"Radio","value":"No"}]},{"category":"Features","specs":[{"label":"Sensors","value":"Accelerometer, gyro, heart rate, barometer, always-on altimeter, compass, SpO2, VO2max"}]},{"category":"Battery","specs":[{"label":"Type","value":"Li-Ion 309 mAh (1.19 Wh)"},{"label":"Charging","value":"Wireless, 0-80% in 45 min"}]},{"category":"Misc","specs":[{"label":"Colors","value":"Space Black, Titanium"},{"label":"Models","value":"A2475, A2476, A2477, A2478, watch6,8, watch6,9"},{"label":"SAR","value":"1.10 W/kg (head)"},{"label":"Price","value":"About 830 EUR"},{"label":"SAR EU","value":"0.70 W/kg (head)     1.50 W/kg (body)"}]}]');
INSERT OR IGNORE INTO device_pictures (device_id, url, position) VALUES (55, 'https://fdn2.gsmarena.com/vv/bigpic/apple-watch-series-7-titanium.jpg', 0);
INSERT OR IGNORE INTO device_pictures (device_id, url, position) VALUES (55, 'https://fdn2.gsmarena.com/vv/pics/apple/apple-watch-series-7-titanium-1.jpg', 1);
INSERT OR IGNORE INTO device_pictures (device_id, url, position) VALUES (55, 'https://fdn2.gsmarena.com/vv/pics/apple/apple-watch-series-7-titanium-2.jpg', 2);
INSERT OR IGNORE INTO devices (id, brand_id, name, gsmarena_url, thumbnail_url, summary) VALUES (56, 1, 'Watch Series 7', 'https://www.gsmarena.com/apple_watch_series_7-11146.php', 'https://fdn2.gsmarena.com/vv/bigpic/apple-watch-series-7-stainless-steel.jpg', 'Watch Series 7');
INSERT OR IGNORE INTO device_specs (device_id, announced, status, network, os, chipset, cpu, gpu, display_size, display_type, display_res, ram, storage, main_camera, selfie_camera, battery, charging, nfc, usb, bluetooth, wlan, colors, weight, dimensions, sim, sensors, popularity, fans, rating, full_specs_json) VALUES (56, '2021, September 14', 'Available. Released 2021, October 15', 'GSM / HSPA / LTE / 4G/LTE', 'watchOS 8.0, upgradable to watchOS 26.3', 'Apple S7', 'Dual-core', 'PowerVR', '1.9 inches', 'Retina LTPO OLED, 1000 nits (peak)', '484 x 396 pixels (~326 ppi density)', '1GB', '32GB', NULL, NULL, 'Li-Ion 309 mAh (1.19 Wh)', 'Wireless, 0-80% in 45 min', 'Yes', 'No', '5.0, A2DP, LE', 'Wi-Fi 802.11 b/g/n, dual-band', 'Graphite, Gold, Silver', '42.3 g (41mm), 51.5 g (45mm) (1.48 oz)', '45 x 38 x 10.7 mm (1.77 x 1.50 x 0.42 in)', 'eSIM', 'Accelerometer, gyro, heart rate, barometer, always-on altimeter, compass, SpO2, VO2max', 'About 310 EUR', NULL, NULL, '[{"category":"Network","specs":[{"label":"Technology","value":"GSM / HSPA / LTE"},{"label":"2G bands","value":"GSM 850 / 900 / 1800 / 1900"},{"label":"3G bands","value":"HSDPA 850 / 900 / 1700(AWS) / 1900 / 2100 - International"},{"label":"4G bands","value":"1, 2, 3, 4, 5, 7, 8, 18, 19, 20, 25, 26, 28, 39, 40, 41, 66 - International"},{"label":"Speed","value":"HSPA, LTE"}]},{"category":"Launch","specs":[{"label":"Announced","value":"2021, September 14"},{"label":"Status","value":"Available. Released 2021, October 15"}]},{"category":"Body","specs":[{"label":"Dimensions","value":"45 x 38 x 10.7 mm (1.77 x 1.50 x 0.42 in)"},{"label":"Weight","value":"42.3 g (41mm), 51.5 g (45mm) (1.48 oz)"},{"label":"Build","value":"Sapphire crystal front, ceramic/sapphire crystal back, stainless steel frame"},{"label":"SIM","value":"eSIM"}]},{"category":"Display","specs":[{"label":"Type","value":"Retina LTPO OLED, 1000 nits (peak)"},{"label":"Size","value":"1.9 inches"},{"label":"Resolution","value":"484 x 396 pixels (~326 ppi density)"},{"label":"Protection","value":"Sapphire crystal glass"}]},{"category":"Platform","specs":[{"label":"OS","value":"watchOS 8.0, upgradable to watchOS 26.3"},{"label":"Chipset","value":"Apple S7"},{"label":"CPU","value":"Dual-core"},{"label":"GPU","value":"PowerVR"}]},{"category":"Memory","specs":[{"label":"Card slot","value":"No"},{"label":"Internal","value":"32GB 1GB RAM"}]},{"category":"Sound","specs":[{"label":"Loudspeaker","value":"Yes"},{"label":"3.5mm jack","value":"No"}]},{"category":"Comms","specs":[{"label":"WLAN","value":"Wi-Fi 802.11 b/g/n, dual-band"},{"label":"Bluetooth","value":"5.0, A2DP, LE"},{"label":"Positioning","value":"GPS, GLONASS, GALILEO, QZSS, BDS"},{"label":"NFC","value":"Yes"},{"label":"USB","value":"No"},{"label":"Radio","value":"No"}]},{"category":"Features","specs":[{"label":"Sensors","value":"Accelerometer, gyro, heart rate, barometer, always-on altimeter, compass, SpO2, VO2max"}]},{"category":"Battery","specs":[{"label":"Type","value":"Li-Ion 309 mAh (1.19 Wh)"},{"label":"Charging","value":"Wireless, 0-80% in 45 min"}]},{"category":"Misc","specs":[{"label":"Colors","value":"Graphite, Gold, Silver"},{"label":"Models","value":"A2475, A2476, A2477, A2478, watch6,8, watch6,9"},{"label":"SAR","value":"1.10 W/kg (head)"},{"label":"Price","value":"About 310 EUR"},{"label":"SAR EU","value":"0.70 W/kg (head)     1.50 W/kg (body)"}]}]');
INSERT OR IGNORE INTO device_pictures (device_id, url, position) VALUES (56, 'https://fdn2.gsmarena.com/vv/bigpic/apple-watch-series-7-stainless-steel.jpg', 0);
INSERT OR IGNORE INTO device_pictures (device_id, url, position) VALUES (56, 'https://fdn2.gsmarena.com/vv/pics/apple/apple-watch-series-7-stainless-steel-1.jpg', 1);
INSERT OR IGNORE INTO device_pictures (device_id, url, position) VALUES (56, 'https://fdn2.gsmarena.com/vv/pics/apple/apple-watch-series-7-stainless-steel-2.jpg', 2);
INSERT OR IGNORE INTO devices (id, brand_id, name, gsmarena_url, thumbnail_url, summary) VALUES (57, 1, 'Watch Series 7 Aluminum', 'https://www.gsmarena.com/apple_watch_series_7_aluminum-11107.php', 'https://fdn2.gsmarena.com/vv/bigpic/apple-watch-series-7-aluminum.jpg', 'Watch Series 7 Aluminum');
INSERT OR IGNORE INTO device_specs (device_id, announced, status, network, os, chipset, cpu, gpu, display_size, display_type, display_res, ram, storage, main_camera, selfie_camera, battery, charging, nfc, usb, bluetooth, wlan, colors, weight, dimensions, sim, sensors, popularity, fans, rating, full_specs_json) VALUES (57, '2021, September 14', 'Available. Released 2021, October 15', 'GSM / HSPA / LTE / 4G/LTE', 'watchOS 8.0, upgradable to watchOS 26.3', 'Apple S7', 'Dual-core', 'PowerVR', '1.9 inches', 'Retina LTPO OLED, 1000 nits (peak)', '484 x 396 pixels (~326 ppi density)', '1GB', '32GB', NULL, NULL, 'Li-Ion 309 mAh (1.19 Wh)', 'Wireless, 0-80% in 45 min', 'Yes', 'No', '5.0, A2DP, LE', 'Wi-Fi 802.11 b/g/n, dual-band', 'Starlight, Midnight, Blue, Green, Red', '32 g (41mm), 38.8 g (45mm) (1.13 oz)', '45 x 38 x 10.7 mm (1.77 x 1.50 x 0.42 in)', 'eSIM', 'Accelerometer, gyro, heart rate, barometer, always-on altimeter, compass, SpO2, VO2max', 'About 500 EUR', NULL, NULL, '[{"category":"Network","specs":[{"label":"Technology","value":"GSM / HSPA / LTE"},{"label":"2G bands","value":"GSM 850 / 900 / 1800 / 1900"},{"label":"3G bands","value":"HSDPA 850 / 900 / 1700(AWS) / 1900 / 2100 - International"},{"label":"4G bands","value":"1, 2, 3, 4, 5, 7, 8, 18, 19, 20, 25, 26, 28, 39, 40, 41, 66 - International"},{"label":"Speed","value":"HSPA, LTE"}]},{"category":"Launch","specs":[{"label":"Announced","value":"2021, September 14"},{"label":"Status","value":"Available. Released 2021, October 15"}]},{"category":"Body","specs":[{"label":"Dimensions","value":"45 x 38 x 10.7 mm (1.77 x 1.50 x 0.42 in)"},{"label":"Weight","value":"32 g (41mm), 38.8 g (45mm) (1.13 oz)"},{"label":"Build","value":"Glass front, ceramic/sapphire crystal back, aluminum frame"},{"label":"SIM","value":"eSIM"}]},{"category":"Display","specs":[{"label":"Type","value":"Retina LTPO OLED, 1000 nits (peak)"},{"label":"Size","value":"1.9 inches"},{"label":"Resolution","value":"484 x 396 pixels (~326 ppi density)"},{"label":"Protection","value":"Ion-X strengthened glass"}]},{"category":"Platform","specs":[{"label":"OS","value":"watchOS 8.0, upgradable to watchOS 26.3"},{"label":"Chipset","value":"Apple S7"},{"label":"CPU","value":"Dual-core"},{"label":"GPU","value":"PowerVR"}]},{"category":"Memory","specs":[{"label":"Card slot","value":"No"},{"label":"Internal","value":"32GB 1GB RAM"}]},{"category":"Sound","specs":[{"label":"Loudspeaker","value":"Yes"},{"label":"3.5mm jack","value":"No"}]},{"category":"Comms","specs":[{"label":"WLAN","value":"Wi-Fi 802.11 b/g/n, dual-band"},{"label":"Bluetooth","value":"5.0, A2DP, LE"},{"label":"Positioning","value":"GPS, GLONASS, GALILEO, QZSS, BDS"},{"label":"NFC","value":"Yes"},{"label":"USB","value":"No"},{"label":"Radio","value":"No"}]},{"category":"Features","specs":[{"label":"Sensors","value":"Accelerometer, gyro, heart rate, barometer, always-on altimeter, compass, SpO2, VO2max"}]},{"category":"Battery","specs":[{"label":"Type","value":"Li-Ion 309 mAh (1.19 Wh)"},{"label":"Charging","value":"Wireless, 0-80% in 45 min"}]},{"category":"Misc","specs":[{"label":"Colors","value":"Starlight, Midnight, Blue, Green, Red"},{"label":"Models","value":"A2473, A2474, A2475, A2476, A2477, A2478, watch6,6, watch6,7, watch6,8, watch6,9"},{"label":"SAR","value":"1.10 W/kg (head)"},{"label":"Price","value":"About 500 EUR"},{"label":"SAR EU","value":"0.70 W/kg (head)     1.50 W/kg (body)"}]}]');
INSERT OR IGNORE INTO device_pictures (device_id, url, position) VALUES (57, 'https://fdn2.gsmarena.com/vv/bigpic/apple-watch-series-7-aluminum.jpg', 0);
INSERT OR IGNORE INTO device_pictures (device_id, url, position) VALUES (57, 'https://fdn2.gsmarena.com/vv/pics/apple/apple-watch-series-7-aluminum-1.jpg', 1);
INSERT OR IGNORE INTO device_pictures (device_id, url, position) VALUES (57, 'https://fdn2.gsmarena.com/vv/pics/apple/apple-watch-series-7-aluminum-2.jpg', 2);
INSERT OR IGNORE INTO devices (id, brand_id, name, gsmarena_url, thumbnail_url, summary) VALUES (58, 1, 'iPad Pro 12.9 (2021)', 'https://www.gsmarena.com/apple_ipad_pro_12_9_(2021)-10864.php', 'https://fdn2.gsmarena.com/vv/bigpic/apple-ipad-pro-129-2021.jpg', 'iPad Pro 12.9 (2021)');
INSERT OR IGNORE INTO device_specs (device_id, announced, status, network, os, chipset, cpu, gpu, display_size, display_type, display_res, ram, storage, main_camera, selfie_camera, battery, charging, nfc, usb, bluetooth, wlan, colors, weight, dimensions, sim, sensors, popularity, fans, rating, full_specs_json) VALUES (58, '2021, April 20', 'Available. Released 2021, May 21', 'GSM / CDMA / HSPA / EVDO / LTE / 5G / 5G', 'iPadOS 14.5.1, upgradable to iPadOS 26.3', 'Apple M1', 'Octa-core (4x3.2 GHz & 4xX.X GHz)', 'Apple GPU (8-core graphics)', '12.9 inches, 515.3 cm 2 (~85.4% screen-to-body ratio)', 'Liquid Retina XDR mini-LED LCD, 120Hz, HDR10, Dolby Vision, 1000 nits (typ), 1600 nits (peak)', '2048 x 2732 pixels, 4:3 ratio (~265 ppi density)', '8GB', '128GB', '12 MP, f/1.8, (wide), 1/3.0", 1.22µm, dual pixel PDAF, Quad-LED dual-tone flash, HDR', '12 MP, f/2.4, 122˚ (ultrawide), 1080p@25/30/60fps, gyro-EIS', 'Li-Po 10758 mAh (40.88 Wh)', NULL, 'No', 'USB Type-C 4 (Thunderbolt 4), DisplayPort, magnetic connector', '5.0, A2DP, LE, EDR', 'Wi-Fi 802.11 a/b/g/n/ac/6, dual-band, hotspot', 'Silver, Space Gray', '682 g (Wi-Fi), 685 g (5G) (1.50 lb)', '280.6 x 214.9 x 6.4 mm (11.05 x 8.46 x 0.25 in)', 'Nano-SIM + eSIM', 'Face ID, accelerometer, gyro, barometer', 'About 1200 EUR', NULL, NULL, '[{"category":"Network","specs":[{"label":"Technology","value":"GSM / CDMA / HSPA / EVDO / LTE / 5G"},{"label":"2G bands","value":"GSM 850 / 900 / 1800 / 1900"},{"label":"3G bands","value":"HSDPA 850 / 900 / 1700(AWS) / 1900 / 2100"},{"label":"4G bands","value":"1, 2, 3, 4, 5, 7, 8, 11, 12, 13, 14, 17, 18, 19, 20, 21, 25, 26, 28, 29, 30, 32, 34, 38, 39, 40, 41, 42, 46, 48, 66, 71 - A2379, A2461, A2462"},{"label":"5G bands","value":"1, 2, 3, 5, 7, 8, 12, 20, 25, 28, 38, 40, 41, 66, 71, 77, 78, 79, 260, 261 SA/NSA/Sub6/mmWave - A2379"},{"label":"Speed","value":"HSPA, LTE, EV-DO Rev.A 3.1 Mbps, 5G"}]},{"category":"Launch","specs":[{"label":"Announced","value":"2021, April 20"},{"label":"Status","value":"Available. Released 2021, May 21"}]},{"category":"Body","specs":[{"label":"Dimensions","value":"280.6 x 214.9 x 6.4 mm (11.05 x 8.46 x 0.25 in)"},{"label":"Weight","value":"682 g (Wi-Fi), 685 g (5G) (1.50 lb)"},{"label":"Build","value":"Glass front, aluminum back, aluminum frame"},{"label":"SIM","value":"Nano-SIM + eSIM"}]},{"category":"Display","specs":[{"label":"Type","value":"Liquid Retina XDR mini-LED LCD, 120Hz, HDR10, Dolby Vision, 1000 nits (typ), 1600 nits (peak)"},{"label":"Size","value":"12.9 inches, 515.3 cm 2 (~85.4% screen-to-body ratio)"},{"label":"Resolution","value":"2048 x 2732 pixels, 4:3 ratio (~265 ppi density)"},{"label":"Protection","value":"Scratch-resistant glass, oleophobic coating"}]},{"category":"Platform","specs":[{"label":"OS","value":"iPadOS 14.5.1, upgradable to iPadOS 26.3"},{"label":"Chipset","value":"Apple M1"},{"label":"CPU","value":"Octa-core (4x3.2 GHz & 4xX.X GHz)"},{"label":"GPU","value":"Apple GPU (8-core graphics)"}]},{"category":"Memory","specs":[{"label":"Card slot","value":"No"},{"label":"Internal","value":"128GB 8GB RAM, 256GB 8GB RAM, 512GB 8GB RAM, 1TB 16GB RAM, 2TB 16GB RAM"}]},{"category":"Main Camera","specs":[{"label":"Dual","value":"12 MP, f/1.8, (wide), 1/3.0\\", 1.22µm, dual pixel PDAF"},{"label":"Features","value":"Quad-LED dual-tone flash, HDR"},{"label":"Video","value":"4K@24/25/30/60fps, 1080p@25/30/60/120/240fps; gyro-EIS"}]},{"category":"Selfie camera","specs":[{"label":"Single","value":"12 MP, f/2.4, 122˚ (ultrawide)"},{"label":"Video","value":"1080p@25/30/60fps, gyro-EIS"},{"label":"Features","value":"Face detection, HDR, panorama"}]},{"category":"Sound","specs":[{"label":"Loudspeaker","value":"Yes, with stereo speakers (4 speakers)"},{"label":"3.5mm jack","value":"No"}]},{"category":"Comms","specs":[{"label":"WLAN","value":"Wi-Fi 802.11 a/b/g/n/ac/6, dual-band, hotspot"},{"label":"Bluetooth","value":"5.0, A2DP, LE, EDR"},{"label":"Positioning","value":"GPS, GLONASS, GALILEO, QZSS (Wi‑Fi + Cellular model only)"},{"label":"NFC","value":"No"},{"label":"USB","value":"USB Type-C 4 (Thunderbolt 4), DisplayPort, magnetic connector"},{"label":"Radio","value":"No"}]},{"category":"Features","specs":[{"label":"Sensors","value":"Face ID, accelerometer, gyro, barometer"}]},{"category":"Battery","specs":[{"label":"Type","value":"Li-Po 10758 mAh (40.88 Wh)"}]},{"category":"Misc","specs":[{"label":"Colors","value":"Silver, Space Gray"},{"label":"Models","value":"A2379, A2461, A2462, iPad13,8, iPad13,9, iPad13,10, iPad13,11"},{"label":"Price","value":"About 1200 EUR"}]}]');
INSERT OR IGNORE INTO device_pictures (device_id, url, position) VALUES (58, 'https://fdn2.gsmarena.com/vv/bigpic/apple-ipad-pro-129-2021.jpg', 0);
INSERT OR IGNORE INTO device_pictures (device_id, url, position) VALUES (58, 'https://fdn2.gsmarena.com/vv/pics/apple/apple-ipad-pro-129-2021-1.jpg', 1);
INSERT OR IGNORE INTO device_pictures (device_id, url, position) VALUES (58, 'https://fdn2.gsmarena.com/vv/pics/apple/apple-ipad-pro-129-2021-2.jpg', 2);
INSERT OR IGNORE INTO devices (id, brand_id, name, gsmarena_url, thumbnail_url, summary) VALUES (59, 1, 'iPad Pro 11 (2021)', 'https://www.gsmarena.com/apple_ipad_pro_11_(2021)-10865.php', 'https://fdn2.gsmarena.com/vv/bigpic/apple-ipad-pro-11-2021.jpg', 'iPad Pro 11 (2021)');
INSERT OR IGNORE INTO device_specs (device_id, announced, status, network, os, chipset, cpu, gpu, display_size, display_type, display_res, ram, storage, main_camera, selfie_camera, battery, charging, nfc, usb, bluetooth, wlan, colors, weight, dimensions, sim, sensors, popularity, fans, rating, full_specs_json) VALUES (59, '2021, April 20', 'Available. Released 2021, May 21', 'GSM / CDMA / HSPA / EVDO / LTE / 5G / 5G', 'iPadOS 14.5.1, upgradable to iPadOS 26.3', 'Apple M1', 'Octa-core (4x3.2 GHz & 4xX.X GHz)', 'Apple GPU (8-core graphics)', '11.0 inches, 366.5 cm 2 (~82.9% screen-to-body ratio)', 'Liquid Retina IPS LCD, 120Hz, HDR10, Dolby Vision, 600 nits (typ)', '1668 x 2388 pixels (~265 ppi density)', '8GB', '128GB', '12 MP, f/1.8, (wide), 1/3.0", 1.22µm, dual pixel PDAF, Quad-LED dual-tone flash, HDR', '12 MP, f/2.4, 122˚ (ultrawide), 1080p@25/30/60fps, gyro-EIS', 'Li-Po 7538 mAh (28.65 Wh)', NULL, 'No', 'USB Type-C 4 (Thunderbolt 4), DisplayPort, magnetic connector', '5.0, A2DP, LE, EDR', 'Wi-Fi 802.11 a/b/g/n/ac/6, dual-band, hotspot', 'Silver, Space Gray', '466 g (Wi-Fi), 470 g (5G) (1.03 lb)', '247.6 x 178.5 x 5.9 mm (9.75 x 7.03 x 0.23 in)', 'Nano-SIM + eSIM', 'Face ID, accelerometer, gyro, barometer', 'About 870 EUR', NULL, NULL, '[{"category":"Network","specs":[{"label":"Technology","value":"GSM / CDMA / HSPA / EVDO / LTE / 5G"},{"label":"2G bands","value":"GSM 850 / 900 / 1800 / 1900"},{"label":"3G bands","value":"HSDPA 850 / 900 / 1700(AWS) / 1900 / 2100"},{"label":"4G bands","value":"1, 2, 3, 4, 5, 7, 8, 11, 12, 13, 14, 17, 18, 19, 20, 21, 25, 26, 28, 29, 30, 32, 34, 38, 39, 40, 41, 42, 46, 48, 66, 71 - A2301, A2459, A2460"},{"label":"5G bands","value":"1, 2, 3, 5, 7, 8, 12, 20, 25, 28, 38, 40, 41, 66, 71, 77, 78, 79, 260, 261 SA/NSA/Sub6/mmWave - A2301"},{"label":"Speed","value":"HSPA, LTE, EV-DO Rev.A 3.1 Mbps, 5G"}]},{"category":"Launch","specs":[{"label":"Announced","value":"2021, April 20"},{"label":"Status","value":"Available. Released 2021, May 21"}]},{"category":"Body","specs":[{"label":"Dimensions","value":"247.6 x 178.5 x 5.9 mm (9.75 x 7.03 x 0.23 in)"},{"label":"Weight","value":"466 g (Wi-Fi), 470 g (5G) (1.03 lb)"},{"label":"Build","value":"Glass front, aluminum back, aluminum frame"},{"label":"SIM","value":"Nano-SIM + eSIM"}]},{"category":"Display","specs":[{"label":"Type","value":"Liquid Retina IPS LCD, 120Hz, HDR10, Dolby Vision, 600 nits (typ)"},{"label":"Size","value":"11.0 inches, 366.5 cm 2 (~82.9% screen-to-body ratio)"},{"label":"Resolution","value":"1668 x 2388 pixels (~265 ppi density)"},{"label":"Protection","value":"Scratch-resistant glass, oleophobic coating"}]},{"category":"Platform","specs":[{"label":"OS","value":"iPadOS 14.5.1, upgradable to iPadOS 26.3"},{"label":"Chipset","value":"Apple M1"},{"label":"CPU","value":"Octa-core (4x3.2 GHz & 4xX.X GHz)"},{"label":"GPU","value":"Apple GPU (8-core graphics)"}]},{"category":"Memory","specs":[{"label":"Card slot","value":"No"},{"label":"Internal","value":"128GB 8GB RAM, 256GB 8GB RAM, 512GB 8GB RAM, 1TB 16GB RAM, 2TB 16GB RAM"}]},{"category":"Main Camera","specs":[{"label":"Dual","value":"12 MP, f/1.8, (wide), 1/3.0\\", 1.22µm, dual pixel PDAF"},{"label":"Features","value":"Quad-LED dual-tone flash, HDR"},{"label":"Video","value":"4K@24/25/30/60fps, 1080p@25/30/60/120/240fps; gyro-EIS"}]},{"category":"Selfie camera","specs":[{"label":"Single","value":"12 MP, f/2.4, 122˚ (ultrawide)"},{"label":"Video","value":"1080p@25/30/60fps, gyro-EIS"},{"label":"Features","value":"Face detection, HDR, panorama"}]},{"category":"Sound","specs":[{"label":"Loudspeaker","value":"Yes, with stereo speakers (4 speakers)"},{"label":"3.5mm jack","value":"No"}]},{"category":"Comms","specs":[{"label":"WLAN","value":"Wi-Fi 802.11 a/b/g/n/ac/6, dual-band, hotspot"},{"label":"Bluetooth","value":"5.0, A2DP, LE, EDR"},{"label":"Positioning","value":"GPS, GLONASS, GALILEO, QZSS (Wi‑Fi + Cellular model only)"},{"label":"NFC","value":"No"},{"label":"USB","value":"USB Type-C 4 (Thunderbolt 4), DisplayPort, magnetic connector"},{"label":"Radio","value":"No"}]},{"category":"Features","specs":[{"label":"Sensors","value":"Face ID, accelerometer, gyro, barometer"}]},{"category":"Battery","specs":[{"label":"Type","value":"Li-Po 7538 mAh (28.65 Wh)"}]},{"category":"Misc","specs":[{"label":"Colors","value":"Silver, Space Gray"},{"label":"Models","value":"A2301, A2459, A2460, iPad13,4, iPad13,5, iPad13,6, iPad13,7"},{"label":"Price","value":"About 870 EUR"}]}]');
INSERT OR IGNORE INTO device_pictures (device_id, url, position) VALUES (59, 'https://fdn2.gsmarena.com/vv/bigpic/apple-ipad-pro-11-2021.jpg', 0);
INSERT OR IGNORE INTO device_pictures (device_id, url, position) VALUES (59, 'https://fdn2.gsmarena.com/vv/pics/apple/apple-ipad-pro-11-2021-1.jpg', 1);
INSERT OR IGNORE INTO device_pictures (device_id, url, position) VALUES (59, 'https://fdn2.gsmarena.com/vv/pics/apple/apple-ipad-pro-11-2021-2.jpg', 2);
INSERT OR IGNORE INTO devices (id, brand_id, name, gsmarena_url, thumbnail_url, summary) VALUES (60, 1, 'iPhone 12 Pro Max', 'https://www.gsmarena.com/apple_iphone_12_pro_max-10237.php', 'https://fdn2.gsmarena.com/vv/bigpic/apple-iphone-12-pro-max-.jpg', 'iPhone 12 Pro Max');
INSERT OR IGNORE INTO device_specs (device_id, announced, status, network, os, chipset, cpu, gpu, display_size, display_type, display_res, ram, storage, main_camera, selfie_camera, battery, charging, nfc, usb, bluetooth, wlan, colors, weight, dimensions, sim, sensors, popularity, fans, rating, full_specs_json) VALUES (60, '2020, October 13', 'Available. Released 2020, November 13', 'GSM / CDMA / HSPA / EVDO / LTE / 5G / 5G', 'iOS 14.1, upgradable to iOS 26.3', 'Apple A14 Bionic (5 nm)', 'Hexa-core (2x3.1 GHz Firestorm + 4x1.8 GHz Icestorm)', 'Apple GPU (4-core graphics)', '6.7 inches, 109.8 cm 2 (~87.4% screen-to-body ratio)', 'Super Retina XDR OLED, HDR10, Dolby Vision, 800 nits (HBM), 1200 nits (peak)', '1284 x 2778 pixels, 19.5:9 ratio (~458 ppi density)', '6GB', '128GB', '12 MP, f/1.6, 26mm (wide), 1/1.9", 1.7µm, dual pixel PDAF, sensor-shift OIS, Dual-LED dual-tone flash, HDR (photo/panorama)', '12 MP, f/2.2, 23mm (wide), 1/3.6", 1.0µm, 4K@24/25/30/60fps, 1080p@25/30/60/120fps, gyro-EIS', 'Li-Ion 3687 mAh (14.13 Wh)', 'Wired, PD2.0, 50% in 30 min', 'Yes', 'Lightning, USB 2.0', '5.0, A2DP, LE', 'Wi-Fi 802.11 a/b/g/n/ac/6, dual-band, hotspot', 'Silver, Graphite, Gold, Pacific Blue', '228 g (8.04 oz)', '160.8 x 78.1 x 7.4 mm (6.33 x 3.07 x 0.29 in)', '· Nano-SIM + eSIM · Nano-SIM + Nano-SIM (China)', 'Face ID, accelerometer, gyro, proximity, compass, barometer', '$ 300.00 / £ 250.00 / € 330.00', NULL, NULL, '[{"category":"Network","specs":[{"label":"Technology","value":"GSM / CDMA / HSPA / EVDO / LTE / 5G"},{"label":"2G bands","value":"GSM 850 / 900 / 1800 / 1900"},{"label":"3G bands","value":"HSDPA 850 / 900 / 1700(AWS) / 1900 / 2100"},{"label":"4G bands","value":"1, 2, 3, 4, 5, 7, 8, 12, 13, 14, 17, 18, 19, 20, 25, 26, 28, 29, 30, 32, 34, 38, 39, 40, 41, 42, 46, 48, 66, 71 - A2342"},{"label":"5G bands","value":"1, 2, 3, 5, 7, 8, 12, 20, 25, 28, 38, 40, 41, 66, 71, 77, 78, 79, 260, 261 Sub6/mmWave - A2342"},{"label":"Speed","value":"HSPA, LTE, 5G, EV-DO Rev.A 3.1 Mbps"}]},{"category":"Launch","specs":[{"label":"Announced","value":"2020, October 13"},{"label":"Status","value":"Available. Released 2020, November 13"}]},{"category":"Body","specs":[{"label":"Dimensions","value":"160.8 x 78.1 x 7.4 mm (6.33 x 3.07 x 0.29 in)"},{"label":"Weight","value":"228 g (8.04 oz)"},{"label":"Build","value":"Glass front, glass back, stainless steel frame"},{"label":"SIM","value":"· Nano-SIM + eSIM · Nano-SIM + Nano-SIM (China)"}]},{"category":"Display","specs":[{"label":"Type","value":"Super Retina XDR OLED, HDR10, Dolby Vision, 800 nits (HBM), 1200 nits (peak)"},{"label":"Size","value":"6.7 inches, 109.8 cm 2 (~87.4% screen-to-body ratio)"},{"label":"Resolution","value":"1284 x 2778 pixels, 19.5:9 ratio (~458 ppi density)"},{"label":"Protection","value":"Ceramic Shield glass"}]},{"category":"Platform","specs":[{"label":"OS","value":"iOS 14.1, upgradable to iOS 26.3"},{"label":"Chipset","value":"Apple A14 Bionic (5 nm)"},{"label":"CPU","value":"Hexa-core (2x3.1 GHz Firestorm + 4x1.8 GHz Icestorm)"},{"label":"GPU","value":"Apple GPU (4-core graphics)"}]},{"category":"Memory","specs":[{"label":"Card slot","value":"No"},{"label":"Internal","value":"128GB 6GB RAM, 256GB 6GB RAM, 512GB 6GB RAM"}]},{"category":"Main Camera","specs":[{"label":"Triple","value":"12 MP, f/1.6, 26mm (wide), 1/1.9\\", 1.7µm, dual pixel PDAF, sensor-shift OIS"},{"label":"Features","value":"Dual-LED dual-tone flash, HDR (photo/panorama)"},{"label":"Video","value":"4K@24/25/30/60fps, 1080p@25/30/60/120/240fps, 10‑bit HDR, Dolby Vision HDR (up to 60fps), stereo sound rec."}]},{"category":"Selfie camera","specs":[{"label":"Single","value":"12 MP, f/2.2, 23mm (wide), 1/3.6\\", 1.0µm"},{"label":"Video","value":"4K@24/25/30/60fps, 1080p@25/30/60/120fps, gyro-EIS"},{"label":"Features","value":"HDR"}]},{"category":"Sound","specs":[{"label":"Loudspeaker","value":"Yes, with stereo speakers"},{"label":"3.5mm jack","value":"No"}]},{"category":"Comms","specs":[{"label":"WLAN","value":"Wi-Fi 802.11 a/b/g/n/ac/6, dual-band, hotspot"},{"label":"Bluetooth","value":"5.0, A2DP, LE"},{"label":"Positioning","value":"GPS, GLONASS, GALILEO, QZSS"},{"label":"NFC","value":"Yes"},{"label":"USB","value":"Lightning, USB 2.0"},{"label":"Radio","value":"No"}]},{"category":"Features","specs":[{"label":"Sensors","value":"Face ID, accelerometer, gyro, proximity, compass, barometer"}]},{"category":"Battery","specs":[{"label":"Type","value":"Li-Ion 3687 mAh (14.13 Wh)"},{"label":"Charging","value":"Wired, PD2.0, 50% in 30 min"}]},{"category":"Misc","specs":[{"label":"Colors","value":"Silver, Graphite, Gold, Pacific Blue"},{"label":"Models","value":"A2411, A2342, A2410, A2412, iPhone13,4"},{"label":"Price","value":"$ 300.00 / £ 250.00 / € 330.00"},{"label":"SAR EU","value":"0.99 W/kg (head)     0.99 W/kg (body)"}]}]');
INSERT OR IGNORE INTO device_pictures (device_id, url, position) VALUES (60, 'https://fdn2.gsmarena.com/vv/bigpic/apple-iphone-12-pro-max-.jpg', 0);
INSERT OR IGNORE INTO device_pictures (device_id, url, position) VALUES (60, 'https://fdn2.gsmarena.com/vv/pics/apple/apple-iphone-12-pro-max-1.jpg', 1);
INSERT OR IGNORE INTO device_pictures (device_id, url, position) VALUES (60, 'https://fdn2.gsmarena.com/vv/pics/apple/apple-iphone-12-pro-max-2.jpg', 2);
INSERT OR IGNORE INTO device_pictures (device_id, url, position) VALUES (60, 'https://fdn2.gsmarena.com/vv/pics/apple/apple-iphone-12-pro-max-3.jpg', 3);
INSERT OR IGNORE INTO device_pictures (device_id, url, position) VALUES (60, 'https://fdn2.gsmarena.com/vv/pics/apple/apple-iphone-12-pro-max-4.jpg', 4);
INSERT OR IGNORE INTO device_pictures (device_id, url, position) VALUES (60, 'https://fdn2.gsmarena.com/vv/pics/apple/apple-iphone-12-pro-max-6.jpg', 5);
INSERT OR IGNORE INTO device_pictures (device_id, url, position) VALUES (60, 'https://fdn.gsmarena.com/imgroot/reviews/20/apple-iphone-12-pro-max/lifestyle/-1024w2/gsmarena_001.jpg', 6);
INSERT OR IGNORE INTO device_pictures (device_id, url, position) VALUES (60, 'https://fdn.gsmarena.com/imgroot/reviews/20/apple-iphone-12-pro-max/lifestyle/-1024w2/gsmarena_002.jpg', 7);
INSERT OR IGNORE INTO device_pictures (device_id, url, position) VALUES (60, 'https://fdn.gsmarena.com/imgroot/reviews/20/apple-iphone-12-pro-max/lifestyle/-1024w2/gsmarena_003.jpg', 8);
INSERT OR IGNORE INTO device_pictures (device_id, url, position) VALUES (60, 'https://fdn.gsmarena.com/imgroot/reviews/20/apple-iphone-12-pro-max/lifestyle/-1024w2/gsmarena_004.jpg', 9);
INSERT OR IGNORE INTO devices (id, brand_id, name, gsmarena_url, thumbnail_url, summary) VALUES (61, 1, 'iPhone 12 Pro', 'https://www.gsmarena.com/apple_iphone_12_pro-10508.php', 'https://fdn2.gsmarena.com/vv/bigpic/apple-iphone-12-pro--.jpg', 'iPhone 12 Pro');
INSERT OR IGNORE INTO device_specs (device_id, announced, status, network, os, chipset, cpu, gpu, display_size, display_type, display_res, ram, storage, main_camera, selfie_camera, battery, charging, nfc, usb, bluetooth, wlan, colors, weight, dimensions, sim, sensors, popularity, fans, rating, full_specs_json) VALUES (61, '2020, October 13', 'Available. Released 2020, October 23', 'GSM / CDMA / HSPA / EVDO / LTE / 5G / 5G', 'iOS 14.1, upgradable to iOS 26.3', 'Apple A14 Bionic (5 nm)', 'Hexa-core (2x3.1 GHz Firestorm + 4x1.8 GHz Icestorm)', 'Apple GPU (4-core graphics)', '6.1 inches, 90.2 cm 2 (~86.0% screen-to-body ratio)', 'Super Retina XDR OLED, HDR10, Dolby Vision, 800 nits (HBM), 1200 nits (peak)', '1170 x 2532 pixels, 19.5:9 ratio (~460 ppi density)', '6GB', '128GB', '12 MP, f/1.6, 26mm (wide), 1/2.55", 1.4µm, dual pixel PDAF, OIS, Dual-LED dual-tone flash, HDR (photo/panorama)', '12 MP, f/2.2, 23mm (wide), 1/3.6", 1.0µm, 4K@24/25/30/60fps, 1080p@25/30/60/120fps, gyro-EIS', 'Li-Ion 2815 mAh (10.78 Wh)', 'Wired, PD2.0, 50% in 30 min', 'Yes', 'Lightning, USB 2.0', '5.0, A2DP, LE', 'Wi-Fi 802.11 a/b/g/n/ac/6, dual-band, hotspot', 'Silver, Graphite, Gold, Pacific Blue', '189 g (6.67 oz)', '146.7 x 71.5 x 7.4 mm (5.78 x 2.81 x 0.29 in)', '· Nano-SIM + eSIM · Nano-SIM + Nano-SIM (China)', 'Face ID, accelerometer, gyro, proximity, compass, barometer', '$ 263.95 / £ 209.00 / € 272.25', NULL, NULL, '[{"category":"Network","specs":[{"label":"Technology","value":"GSM / CDMA / HSPA / EVDO / LTE / 5G"},{"label":"2G bands","value":"GSM 850 / 900 / 1800 / 1900"},{"label":"3G bands","value":"HSDPA 850 / 900 / 1700(AWS) / 1900 / 2100"},{"label":"4G bands","value":"1, 2, 3, 4, 5, 7, 8, 12, 13, 14, 17, 18, 19, 20, 25, 26, 28, 29, 30, 32, 34, 38, 39, 40, 41, 42, 46, 48, 66, 71 - A2341"},{"label":"5G bands","value":"1, 2, 3, 5, 7, 8, 12, 20, 25, 28, 38, 40, 41, 66, 71, 77, 78, 79, 260, 261 Sub6/mmWave - A2341"},{"label":"Speed","value":"HSPA, LTE, 5G, EV-DO Rev.A 3.1 Mbps"}]},{"category":"Launch","specs":[{"label":"Announced","value":"2020, October 13"},{"label":"Status","value":"Available. Released 2020, October 23"}]},{"category":"Body","specs":[{"label":"Dimensions","value":"146.7 x 71.5 x 7.4 mm (5.78 x 2.81 x 0.29 in)"},{"label":"Weight","value":"189 g (6.67 oz)"},{"label":"Build","value":"Glass front, glass back, stainless steel frame"},{"label":"SIM","value":"· Nano-SIM + eSIM · Nano-SIM + Nano-SIM (China)"}]},{"category":"Display","specs":[{"label":"Type","value":"Super Retina XDR OLED, HDR10, Dolby Vision, 800 nits (HBM), 1200 nits (peak)"},{"label":"Size","value":"6.1 inches, 90.2 cm 2 (~86.0% screen-to-body ratio)"},{"label":"Resolution","value":"1170 x 2532 pixels, 19.5:9 ratio (~460 ppi density)"},{"label":"Protection","value":"Ceramic Shield glass"}]},{"category":"Platform","specs":[{"label":"OS","value":"iOS 14.1, upgradable to iOS 26.3"},{"label":"Chipset","value":"Apple A14 Bionic (5 nm)"},{"label":"CPU","value":"Hexa-core (2x3.1 GHz Firestorm + 4x1.8 GHz Icestorm)"},{"label":"GPU","value":"Apple GPU (4-core graphics)"}]},{"category":"Memory","specs":[{"label":"Card slot","value":"No"},{"label":"Internal","value":"128GB 6GB RAM, 256GB 6GB RAM, 512GB 6GB RAM"}]},{"category":"Main Camera","specs":[{"label":"Triple","value":"12 MP, f/1.6, 26mm (wide), 1/2.55\\", 1.4µm, dual pixel PDAF, OIS"},{"label":"Features","value":"Dual-LED dual-tone flash, HDR (photo/panorama)"},{"label":"Video","value":"4K@24/25/30/60fps, 1080p@25/30/60/120/240fps, 10‑bit HDR, Dolby Vision HDR (up to 60fps), stereo sound rec."}]},{"category":"Selfie camera","specs":[{"label":"Single","value":"12 MP, f/2.2, 23mm (wide), 1/3.6\\", 1.0µm"},{"label":"Video","value":"4K@24/25/30/60fps, 1080p@25/30/60/120fps, gyro-EIS"},{"label":"Features","value":"HDR"}]},{"category":"Sound","specs":[{"label":"Loudspeaker","value":"Yes, with stereo speakers"},{"label":"3.5mm jack","value":"No"}]},{"category":"Comms","specs":[{"label":"WLAN","value":"Wi-Fi 802.11 a/b/g/n/ac/6, dual-band, hotspot"},{"label":"Bluetooth","value":"5.0, A2DP, LE"},{"label":"Positioning","value":"GPS, GLONASS, GALILEO, QZSS"},{"label":"NFC","value":"Yes"},{"label":"USB","value":"Lightning, USB 2.0"},{"label":"Radio","value":"No"}]},{"category":"Features","specs":[{"label":"Sensors","value":"Face ID, accelerometer, gyro, proximity, compass, barometer"}]},{"category":"Battery","specs":[{"label":"Type","value":"Li-Ion 2815 mAh (10.78 Wh)"},{"label":"Charging","value":"Wired, PD2.0, 50% in 30 min"}]},{"category":"Misc","specs":[{"label":"Colors","value":"Silver, Graphite, Gold, Pacific Blue"},{"label":"Models","value":"A2407, A2341, A2406, A2408, iPhone13,3"},{"label":"Price","value":"$ 263.95 / £ 209.00 / € 272.25"},{"label":"SAR EU","value":"0.99 W/kg (head)     0.99 W/kg (body)"}]}]');
INSERT OR IGNORE INTO device_pictures (device_id, url, position) VALUES (61, 'https://fdn2.gsmarena.com/vv/bigpic/apple-iphone-12-pro--.jpg', 0);
INSERT OR IGNORE INTO device_pictures (device_id, url, position) VALUES (61, 'https://fdn2.gsmarena.com/vv/pics/apple/apple-iphone-12-pro-r1.jpg', 1);
INSERT OR IGNORE INTO device_pictures (device_id, url, position) VALUES (61, 'https://fdn2.gsmarena.com/vv/pics/apple/apple-iphone-12-pro-2.jpg', 2);
INSERT OR IGNORE INTO device_pictures (device_id, url, position) VALUES (61, 'https://fdn2.gsmarena.com/vv/pics/apple/apple-iphone-12-pro-max-3.jpg', 3);
INSERT OR IGNORE INTO device_pictures (device_id, url, position) VALUES (61, 'https://fdn2.gsmarena.com/vv/pics/apple/apple-iphone-12-pro-max-4.jpg', 4);
INSERT OR IGNORE INTO device_pictures (device_id, url, position) VALUES (61, 'https://fdn2.gsmarena.com/vv/pics/apple/apple-iphone-12-pro-max-6.jpg', 5);
INSERT OR IGNORE INTO device_pictures (device_id, url, position) VALUES (61, 'https://fdn.gsmarena.com/imgroot/reviews/20/apple-iphone-12-pro/lifestyle/-1024w2/gsmarena_001.jpg', 6);
INSERT OR IGNORE INTO device_pictures (device_id, url, position) VALUES (61, 'https://fdn.gsmarena.com/imgroot/reviews/20/apple-iphone-12-pro/lifestyle/-1024w2/gsmarena_002.jpg', 7);
INSERT OR IGNORE INTO device_pictures (device_id, url, position) VALUES (61, 'https://fdn.gsmarena.com/imgroot/reviews/20/apple-iphone-12-pro/lifestyle/-1024w2/gsmarena_003.jpg', 8);
INSERT OR IGNORE INTO device_pictures (device_id, url, position) VALUES (61, 'https://fdn.gsmarena.com/imgroot/reviews/20/apple-iphone-12-pro/lifestyle/-1024w2/gsmarena_004.jpg', 9);
INSERT OR IGNORE INTO devices (id, brand_id, name, gsmarena_url, thumbnail_url, summary) VALUES (62, 1, 'iPhone 12', 'https://www.gsmarena.com/apple_iphone_12-10509.php', 'https://fdn2.gsmarena.com/vv/bigpic/apple-iphone-12.jpg', 'iPhone 12');
INSERT OR IGNORE INTO device_specs (device_id, announced, status, network, os, chipset, cpu, gpu, display_size, display_type, display_res, ram, storage, main_camera, selfie_camera, battery, charging, nfc, usb, bluetooth, wlan, colors, weight, dimensions, sim, sensors, popularity, fans, rating, full_specs_json) VALUES (62, '2020, October 13', 'Available. Released 2020, October 23', 'GSM / CDMA / HSPA / EVDO / LTE / 5G / 5G', 'iOS 14.1, upgradable to iOS 26.3', 'Apple A14 Bionic (5 nm)', 'Hexa-core (2x3.1 GHz Firestorm + 4x1.8 GHz Icestorm)', 'Apple GPU (4-core graphics)', '6.1 inches, 90.2 cm 2 (~86.0% screen-to-body ratio)', 'Super Retina XDR OLED, HDR10, Dolby Vision, 625 nits (HBM), 1200 nits (peak)', '1170 x 2532 pixels, 19.5:9 ratio (~460 ppi density)', '4GB', '64GB', '12 MP, f/1.6, 26mm (wide), 1.4µm, dual pixel PDAF, OIS, Dual-LED dual-tone flash, HDR (photo/panorama)', '12 MP, f/2.2, 23mm (wide), 1/3.6", 1.0µm, 4K@24/25/30/60fps, 1080p@25/30/60/120fps, gyro-EIS', 'Li-Ion 2815 mAh (10.78 Wh)', 'Wired, PD2.0, 50% in 30 min', 'Yes', 'Lightning, USB 2.0', '5.0, A2DP, LE', 'Wi-Fi 802.11 a/b/g/n/ac/6, dual-band, hotspot', 'Black, White, Red, Green, Blue, Purple', '164 g (5.78 oz)', '146.7 x 71.5 x 7.4 mm (5.78 x 2.81 x 0.29 in)', '· Nano-SIM + eSIM · Nano-SIM + Nano-SIM (China)', 'Face ID, accelerometer, gyro, proximity, compass, barometer', '$ 192.85 / £ 154.75 / € 195.00', NULL, NULL, '[{"category":"Network","specs":[{"label":"Technology","value":"GSM / CDMA / HSPA / EVDO / LTE / 5G"},{"label":"2G bands","value":"GSM 850 / 900 / 1800 / 1900"},{"label":"3G bands","value":"HSDPA 850 / 900 / 1700(AWS) / 1900 / 2100"},{"label":"4G bands","value":"1, 2, 3, 4, 5, 7, 8, 12, 13, 14, 17, 18, 19, 20, 25, 26, 28, 29, 30, 32, 34, 38, 39, 40, 41, 42, 46, 48, 66, 71 - A2172"},{"label":"5G bands","value":"1, 2, 3, 5, 7, 8, 12, 20, 25, 28, 38, 40, 41, 66, 71, 77, 78, 79, 260, 261 Sub6/mmWave - A2172"},{"label":"Speed","value":"HSPA, LTE, 5G, EV-DO Rev.A 3.1 Mbps"}]},{"category":"Launch","specs":[{"label":"Announced","value":"2020, October 13"},{"label":"Status","value":"Available. Released 2020, October 23"}]},{"category":"Body","specs":[{"label":"Dimensions","value":"146.7 x 71.5 x 7.4 mm (5.78 x 2.81 x 0.29 in)"},{"label":"Weight","value":"164 g (5.78 oz)"},{"label":"Build","value":"Glass front, glass back, aluminum frame"},{"label":"SIM","value":"· Nano-SIM + eSIM · Nano-SIM + Nano-SIM (China)"}]},{"category":"Display","specs":[{"label":"Type","value":"Super Retina XDR OLED, HDR10, Dolby Vision, 625 nits (HBM), 1200 nits (peak)"},{"label":"Size","value":"6.1 inches, 90.2 cm 2 (~86.0% screen-to-body ratio)"},{"label":"Resolution","value":"1170 x 2532 pixels, 19.5:9 ratio (~460 ppi density)"},{"label":"Protection","value":"Ceramic Shield glass"}]},{"category":"Platform","specs":[{"label":"OS","value":"iOS 14.1, upgradable to iOS 26.3"},{"label":"Chipset","value":"Apple A14 Bionic (5 nm)"},{"label":"CPU","value":"Hexa-core (2x3.1 GHz Firestorm + 4x1.8 GHz Icestorm)"},{"label":"GPU","value":"Apple GPU (4-core graphics)"}]},{"category":"Memory","specs":[{"label":"Card slot","value":"No"},{"label":"Internal","value":"64GB 4GB RAM, 128GB 4GB RAM, 256GB 4GB RAM"}]},{"category":"Main Camera","specs":[{"label":"Dual","value":"12 MP, f/1.6, 26mm (wide), 1.4µm, dual pixel PDAF, OIS"},{"label":"Features","value":"Dual-LED dual-tone flash, HDR (photo/panorama)"},{"label":"Video","value":"4K@24/25/30/60fps, 1080p@25/30/60/120/240fps, HDR, Dolby Vision HDR (up to 30fps), stereo sound rec."}]},{"category":"Selfie camera","specs":[{"label":"Single","value":"12 MP, f/2.2, 23mm (wide), 1/3.6\\", 1.0µm"},{"label":"Video","value":"4K@24/25/30/60fps, 1080p@25/30/60/120fps, gyro-EIS"},{"label":"Features","value":"HDR"}]},{"category":"Sound","specs":[{"label":"Loudspeaker","value":"Yes, with stereo speakers"},{"label":"3.5mm jack","value":"No"}]},{"category":"Comms","specs":[{"label":"WLAN","value":"Wi-Fi 802.11 a/b/g/n/ac/6, dual-band, hotspot"},{"label":"Bluetooth","value":"5.0, A2DP, LE"},{"label":"Positioning","value":"GPS, GLONASS, GALILEO, QZSS"},{"label":"NFC","value":"Yes"},{"label":"USB","value":"Lightning, USB 2.0"},{"label":"Radio","value":"No"}]},{"category":"Features","specs":[{"label":"Sensors","value":"Face ID, accelerometer, gyro, proximity, compass, barometer"}]},{"category":"Battery","specs":[{"label":"Type","value":"Li-Ion 2815 mAh (10.78 Wh)"},{"label":"Charging","value":"Wired, PD2.0, 50% in 30 min"}]},{"category":"Misc","specs":[{"label":"Colors","value":"Black, White, Red, Green, Blue, Purple"},{"label":"Models","value":"A2403, A2172, A2402, A2404, iPhone13,2"},{"label":"Price","value":"$ 192.85 / £ 154.75 / € 195.00"},{"label":"SAR EU","value":"0.99 W/kg (head)     0.99 W/kg (body)"}]}]');
INSERT OR IGNORE INTO device_pictures (device_id, url, position) VALUES (62, 'https://fdn2.gsmarena.com/vv/bigpic/apple-iphone-12.jpg', 0);
INSERT OR IGNORE INTO device_pictures (device_id, url, position) VALUES (62, 'https://fdn2.gsmarena.com/vv/pics/apple/apple-iphone-12-r1.jpg', 1);
INSERT OR IGNORE INTO device_pictures (device_id, url, position) VALUES (62, 'https://fdn2.gsmarena.com/vv/pics/apple/apple-iphone-12-2.jpg', 2);
INSERT OR IGNORE INTO device_pictures (device_id, url, position) VALUES (62, 'https://fdn2.gsmarena.com/vv/pics/apple/apple-iphone-12-3.jpg', 3);
INSERT OR IGNORE INTO device_pictures (device_id, url, position) VALUES (62, 'https://fdn2.gsmarena.com/vv/pics/apple/apple-iphone-12-4.jpg', 4);
INSERT OR IGNORE INTO device_pictures (device_id, url, position) VALUES (62, 'https://fdn.gsmarena.com/imgroot/reviews/20/apple-iphone-12/lifestyle/-1024w2/gsmarena_001.jpg', 5);
INSERT OR IGNORE INTO device_pictures (device_id, url, position) VALUES (62, 'https://fdn.gsmarena.com/imgroot/reviews/20/apple-iphone-12/lifestyle/-1024w2/gsmarena_002.jpg', 6);
INSERT OR IGNORE INTO device_pictures (device_id, url, position) VALUES (62, 'https://fdn.gsmarena.com/imgroot/reviews/20/apple-iphone-12/lifestyle/-1024w2/gsmarena_003.jpg', 7);
INSERT OR IGNORE INTO device_pictures (device_id, url, position) VALUES (62, 'https://fdn.gsmarena.com/imgroot/reviews/20/apple-iphone-12/lifestyle/-1024w2/gsmarena_004.jpg', 8);
INSERT OR IGNORE INTO device_pictures (device_id, url, position) VALUES (62, 'https://fdn.gsmarena.com/imgroot/reviews/20/apple-iphone-12/lifestyle/-1024w2/gsmarena_005.jpg', 9);
INSERT OR IGNORE INTO devices (id, brand_id, name, gsmarena_url, thumbnail_url, summary) VALUES (63, 1, 'iPhone 12 mini', 'https://www.gsmarena.com/apple_iphone_12_mini-10510.php', 'https://fdn2.gsmarena.com/vv/bigpic/apple-iphone-12-mini.jpg', 'iPhone 12 mini');
INSERT OR IGNORE INTO device_specs (device_id, announced, status, network, os, chipset, cpu, gpu, display_size, display_type, display_res, ram, storage, main_camera, selfie_camera, battery, charging, nfc, usb, bluetooth, wlan, colors, weight, dimensions, sim, sensors, popularity, fans, rating, full_specs_json) VALUES (63, '2020, October 13', 'Available. Released 2020, November 13', 'GSM / CDMA / HSPA / EVDO / LTE / 5G / 5G', 'iOS 14.1, upgradable to iOS 26.3', 'Apple A14 Bionic (5 nm)', 'Hexa-core (2x3.1 GHz Firestorm + 4x1.8 GHz Icestorm)', 'Apple GPU (4-core graphics)', '5.4 inches, 71.9 cm 2 (~85.1% screen-to-body ratio)', 'Super Retina XDR OLED, HDR10, Dolby Vision, 625 nits (HBM), 1200 nits (peak)', '1080 x 2340 pixels, 19.5:9 ratio (~476 ppi density)', '4GB', '64GB', '12 MP, f/1.6, 26mm (wide), 1.4µm, dual pixel PDAF, OIS, Dual-LED dual-tone flash, HDR (photo/panorama)', '12 MP, f/2.2, 23mm (wide), 1/3.6", 1.0µm, 4K@24/25/30/60fps, 1080p@25/30/60/120fps, gyro-EIS', 'Li-Ion 2227 mAh (8.57 Wh)', 'Wired, PD2.0, 50% in 30 min', 'Yes', 'Lightning, USB 2.0', '5.0, A2DP, LE', 'Wi-Fi 802.11 a/b/g/n/ac/6, dual-band, hotspot', 'Black, White, Red, Green, Blue, Purple', '135 g (4.76 oz)', '131.5 x 64.2 x 7.4 mm (5.18 x 2.53 x 0.29 in)', '· Nano-SIM + eSIM · Nano-SIM + Nano-SIM', 'Face ID, accelerometer, gyro, proximity, compass, barometer', '$ 170.95 / £ 137.75 / € 168.00', NULL, NULL, '[{"category":"Network","specs":[{"label":"Technology","value":"GSM / CDMA / HSPA / EVDO / LTE / 5G"},{"label":"2G bands","value":"GSM 850 / 900 / 1800 / 1900"},{"label":"3G bands","value":"HSDPA 850 / 900 / 1700(AWS) / 1900 / 2100"},{"label":"4G bands","value":"1, 2, 3, 4, 5, 7, 8, 12, 13, 14, 17, 18, 19, 20, 25, 26, 28, 29, 30, 32, 34, 38, 39, 40, 41, 42, 46, 48, 66, 71 - A2176"},{"label":"5G bands","value":"1, 2, 3, 5, 7, 8, 12, 20, 25, 28, 38, 40, 41, 66, 71, 77, 78, 79, 260, 261 Sub6/mmWave - A2176"},{"label":"Speed","value":"HSPA, LTE, 5G, EV-DO Rev.A 3.1 Mbps"}]},{"category":"Launch","specs":[{"label":"Announced","value":"2020, October 13"},{"label":"Status","value":"Available. Released 2020, November 13"}]},{"category":"Body","specs":[{"label":"Dimensions","value":"131.5 x 64.2 x 7.4 mm (5.18 x 2.53 x 0.29 in)"},{"label":"Weight","value":"135 g (4.76 oz)"},{"label":"Build","value":"Glass front, glass back, aluminum frame"},{"label":"SIM","value":"· Nano-SIM + eSIM · Nano-SIM + Nano-SIM"}]},{"category":"Display","specs":[{"label":"Type","value":"Super Retina XDR OLED, HDR10, Dolby Vision, 625 nits (HBM), 1200 nits (peak)"},{"label":"Size","value":"5.4 inches, 71.9 cm 2 (~85.1% screen-to-body ratio)"},{"label":"Resolution","value":"1080 x 2340 pixels, 19.5:9 ratio (~476 ppi density)"},{"label":"Protection","value":"Ceramic Shield glass"}]},{"category":"Platform","specs":[{"label":"OS","value":"iOS 14.1, upgradable to iOS 26.3"},{"label":"Chipset","value":"Apple A14 Bionic (5 nm)"},{"label":"CPU","value":"Hexa-core (2x3.1 GHz Firestorm + 4x1.8 GHz Icestorm)"},{"label":"GPU","value":"Apple GPU (4-core graphics)"}]},{"category":"Memory","specs":[{"label":"Card slot","value":"No"},{"label":"Internal","value":"64GB 4GB RAM, 128GB 4GB RAM, 256GB 4GB RAM"}]},{"category":"Main Camera","specs":[{"label":"Dual","value":"12 MP, f/1.6, 26mm (wide), 1.4µm, dual pixel PDAF, OIS"},{"label":"Features","value":"Dual-LED dual-tone flash, HDR (photo/panorama)"},{"label":"Video","value":"4K@24/25/30/60fps, 1080p@25/30/60/120/240fps, HDR, Dolby Vision HDR (up to 30fps), stereo sound rec."}]},{"category":"Selfie camera","specs":[{"label":"Single","value":"12 MP, f/2.2, 23mm (wide), 1/3.6\\", 1.0µm"},{"label":"Video","value":"4K@24/25/30/60fps, 1080p@25/30/60/120fps, gyro-EIS"},{"label":"Features","value":"HDR"}]},{"category":"Sound","specs":[{"label":"Loudspeaker","value":"Yes, with stereo speakers"},{"label":"3.5mm jack","value":"No"}]},{"category":"Comms","specs":[{"label":"WLAN","value":"Wi-Fi 802.11 a/b/g/n/ac/6, dual-band, hotspot"},{"label":"Bluetooth","value":"5.0, A2DP, LE"},{"label":"Positioning","value":"GPS, GLONASS, GALILEO, QZSS"},{"label":"NFC","value":"Yes"},{"label":"USB","value":"Lightning, USB 2.0"},{"label":"Radio","value":"No"}]},{"category":"Features","specs":[{"label":"Sensors","value":"Face ID, accelerometer, gyro, proximity, compass, barometer"}]},{"category":"Battery","specs":[{"label":"Type","value":"Li-Ion 2227 mAh (8.57 Wh)"},{"label":"Charging","value":"Wired, PD2.0, 50% in 30 min"}]},{"category":"Misc","specs":[{"label":"Colors","value":"Black, White, Red, Green, Blue, Purple"},{"label":"Models","value":"A2399, A2176, A2398, A2400, A2399, iPhone13,1"},{"label":"Price","value":"$ 170.95 / £ 137.75 / € 168.00"},{"label":"SAR EU","value":"0.99 W/kg (head)     0.99 W/kg (body)"}]}]');
INSERT OR IGNORE INTO device_pictures (device_id, url, position) VALUES (63, 'https://fdn2.gsmarena.com/vv/bigpic/apple-iphone-12-mini.jpg', 0);
INSERT OR IGNORE INTO device_pictures (device_id, url, position) VALUES (63, 'https://fdn2.gsmarena.com/vv/pics/apple/apple-iphone-12-mini-r1.jpg', 1);
INSERT OR IGNORE INTO device_pictures (device_id, url, position) VALUES (63, 'https://fdn2.gsmarena.com/vv/pics/apple/apple-iphone-12-mini-2.jpg', 2);
INSERT OR IGNORE INTO device_pictures (device_id, url, position) VALUES (63, 'https://fdn2.gsmarena.com/vv/pics/apple/apple-iphone-12-3.jpg', 3);
INSERT OR IGNORE INTO device_pictures (device_id, url, position) VALUES (63, 'https://fdn2.gsmarena.com/vv/pics/apple/apple-iphone-12-4.jpg', 4);
INSERT OR IGNORE INTO device_pictures (device_id, url, position) VALUES (63, 'https://fdn.gsmarena.com/imgroot/reviews/20/apple-iphone-12-mini/lifestyle/-1024w2/gsmarena_001.jpg', 5);
INSERT OR IGNORE INTO device_pictures (device_id, url, position) VALUES (63, 'https://fdn.gsmarena.com/imgroot/reviews/20/apple-iphone-12-mini/lifestyle/-1024w2/gsmarena_002.jpg', 6);
INSERT OR IGNORE INTO device_pictures (device_id, url, position) VALUES (63, 'https://fdn.gsmarena.com/imgroot/reviews/20/apple-iphone-12-mini/lifestyle/-1024w2/gsmarena_003.jpg', 7);
INSERT OR IGNORE INTO device_pictures (device_id, url, position) VALUES (63, 'https://fdn.gsmarena.com/imgroot/reviews/20/apple-iphone-12-mini/lifestyle/-1024w2/gsmarena_004.jpg', 8);
INSERT OR IGNORE INTO device_pictures (device_id, url, position) VALUES (63, 'https://fdn.gsmarena.com/imgroot/reviews/20/apple-iphone-12-mini/lifestyle/-1024w2/gsmarena_005.jpg', 9);
INSERT OR IGNORE INTO devices (id, brand_id, name, gsmarena_url, thumbnail_url, summary) VALUES (64, 1, 'iPad Air (2020)', 'https://www.gsmarena.com/apple_ipad_air_(2020)-10444.php', 'https://fdn2.gsmarena.com/vv/bigpic/apple-ipad-air4-2020.jpg', 'iPad Air (2020)');
INSERT OR IGNORE INTO device_specs (device_id, announced, status, network, os, chipset, cpu, gpu, display_size, display_type, display_res, ram, storage, main_camera, selfie_camera, battery, charging, nfc, usb, bluetooth, wlan, colors, weight, dimensions, sim, sensors, popularity, fans, rating, full_specs_json) VALUES (64, '2020, September 15', 'Available. Released 2020, October 23', 'GSM / HSPA / LTE / 4G/LTE', 'iPadOS 14.1, upgradable to iPadOS 26.3', 'Apple A14 Bionic (5 nm)', 'Hexa-core (2x3.0 GHz Firestorm + 4x1.8 GHz Icestorm)', 'Apple GPU (4-core graphics)', '10.9 inches, 359.2 cm 2 (~81.3% screen-to-body ratio)', 'Liquid Retina IPS LCD, 500 nits (typ)', '1640 x 2360 pixels (~264 ppi density)', '4GB', '64GB', '12 MP, f/1.8, (wide), 1/3.0", 1.22µm, dual pixel PDAF, HDR', '7 MP, f/2.0, 31mm (standard), 1080p@30/60fps', 'Li-Ion 7606 mAh (28.93 Wh)', NULL, 'No', 'USB Type-C, magnetic connector', '5.0, A2DP, EDR', 'Wi-Fi 802.11 a/b/g/n/ac/6, dual-band, hotspot', 'Space Gray, Silver, Rose Gold, Green, Sky Blue', '458 g (Wi-Fi) / 460 g (3G/LTE) (1.01 lb)', '247.6 x 178.5 x 6.1 mm (9.75 x 7.03 x 0.24 in)', 'Nano-SIM + eSIM', 'Fingerprint (top-mounted), accelerometer, gyro, compass, barometer', 'About 640 EUR', NULL, NULL, '[{"category":"Network","specs":[{"label":"Technology","value":"GSM / HSPA / LTE"},{"label":"2G bands","value":"GSM 850 / 900 / 1800 / 1900"},{"label":"3G bands","value":"HSDPA 850 / 900 / 1700(AWS) / 1900 / 2100"},{"label":"4G bands","value":"1, 2, 3, 4, 5, 7, 8, 11, 12, 13, 14, 17, 18, 19, 20, 21, 25, 26, 29, 30, 34, 38, 39, 40, 41, 46, 48, 66, 71 - A2324"},{"label":"Speed","value":"HSPA, LTE"}]},{"category":"Launch","specs":[{"label":"Announced","value":"2020, September 15"},{"label":"Status","value":"Available. Released 2020, October 23"}]},{"category":"Body","specs":[{"label":"Dimensions","value":"247.6 x 178.5 x 6.1 mm (9.75 x 7.03 x 0.24 in)"},{"label":"Weight","value":"458 g (Wi-Fi) / 460 g (3G/LTE) (1.01 lb)"},{"label":"Build","value":"Glass front, aluminum back, aluminum frame"},{"label":"SIM","value":"Nano-SIM + eSIM"}]},{"category":"Display","specs":[{"label":"Type","value":"Liquid Retina IPS LCD, 500 nits (typ)"},{"label":"Size","value":"10.9 inches, 359.2 cm 2 (~81.3% screen-to-body ratio)"},{"label":"Resolution","value":"1640 x 2360 pixels (~264 ppi density)"},{"label":"Protection","value":"Scratch-resistant glass, oleophobic coating"}]},{"category":"Platform","specs":[{"label":"OS","value":"iPadOS 14.1, upgradable to iPadOS 26.3"},{"label":"Chipset","value":"Apple A14 Bionic (5 nm)"},{"label":"CPU","value":"Hexa-core (2x3.0 GHz Firestorm + 4x1.8 GHz Icestorm)"},{"label":"GPU","value":"Apple GPU (4-core graphics)"}]},{"category":"Memory","specs":[{"label":"Card slot","value":"No"},{"label":"Internal","value":"64GB 4GB RAM,  256GB 4GB RAM"}]},{"category":"Main Camera","specs":[{"label":"Single","value":"12 MP, f/1.8, (wide), 1/3.0\\", 1.22µm, dual pixel PDAF"},{"label":"Features","value":"HDR"},{"label":"Video","value":"4K@24/30/60fps, 1080p@30/60/120/240fps; gyro-EIS"}]},{"category":"Selfie camera","specs":[{"label":"Single","value":"7 MP, f/2.0, 31mm (standard)"},{"label":"Video","value":"1080p@30/60fps"},{"label":"Features","value":"HDR"}]},{"category":"Sound","specs":[{"label":"Loudspeaker","value":"Yes, with stereo speakers"},{"label":"3.5mm jack","value":"No"}]},{"category":"Comms","specs":[{"label":"WLAN","value":"Wi-Fi 802.11 a/b/g/n/ac/6, dual-band, hotspot"},{"label":"Bluetooth","value":"5.0, A2DP, EDR"},{"label":"Positioning","value":"GPS, GLONASS (LTE model only)"},{"label":"NFC","value":"No"},{"label":"USB","value":"USB Type-C, magnetic connector"},{"label":"Radio","value":"No"}]},{"category":"Features","specs":[{"label":"Sensors","value":"Fingerprint (top-mounted), accelerometer, gyro, compass, barometer"}]},{"category":"Battery","specs":[{"label":"Type","value":"Li-Ion 7606 mAh (28.93 Wh)"}]},{"category":"Misc","specs":[{"label":"Colors","value":"Space Gray, Silver, Rose Gold, Green, Sky Blue"},{"label":"Models","value":"A2324, A2072, A2325, A2316, iPad13,1, iPad13,2"},{"label":"Price","value":"About 640 EUR"}]}]');
INSERT OR IGNORE INTO device_pictures (device_id, url, position) VALUES (64, 'https://fdn2.gsmarena.com/vv/bigpic/apple-ipad-air4-2020.jpg', 0);
INSERT OR IGNORE INTO device_pictures (device_id, url, position) VALUES (64, 'https://fdn2.gsmarena.com/vv/pics/apple/apple-ipad-air4-2020-01.jpg', 1);
INSERT OR IGNORE INTO device_pictures (device_id, url, position) VALUES (64, 'https://fdn2.gsmarena.com/vv/pics/apple/apple-ipad-air4-2020-2.jpg', 2);
INSERT OR IGNORE INTO device_pictures (device_id, url, position) VALUES (64, 'https://fdn2.gsmarena.com/vv/pics/apple/apple-ipad-air4-2020-3.jpg', 3);
INSERT OR IGNORE INTO device_pictures (device_id, url, position) VALUES (64, 'https://fdn2.gsmarena.com/vv/pics/apple/apple-ipad-air4-2020-4.jpg', 4);
INSERT OR IGNORE INTO device_pictures (device_id, url, position) VALUES (64, 'https://fdn2.gsmarena.com/vv/pics/apple/apple-ipad-air4-2020-5.jpg', 5);
INSERT OR IGNORE INTO devices (id, brand_id, name, gsmarena_url, thumbnail_url, summary) VALUES (65, 1, 'iPad 10.2 (2020)', 'https://www.gsmarena.com/apple_ipad_10_2_(2020)-10445.php', 'https://fdn2.gsmarena.com/vv/bigpic/apple-ipad8-102-inches-2020.jpg', 'iPad 10.2 (2020)');
INSERT OR IGNORE INTO device_specs (device_id, announced, status, network, os, chipset, cpu, gpu, display_size, display_type, display_res, ram, storage, main_camera, selfie_camera, battery, charging, nfc, usb, bluetooth, wlan, colors, weight, dimensions, sim, sensors, popularity, fans, rating, full_specs_json) VALUES (65, '2020, September 15', 'Available. Released 2020, September 18', 'GSM / HSPA / LTE / 4G/LTE', 'iPadOS 14, upgradable to iPadOS 26.3', 'Apple A12 Bionic (7 nm)', 'Hexa-core (2x2.5 GHz Vortex + 4x1.6 GHz Tempest)', 'Apple GPU (4-core graphics)', '10.2 inches, 324.6 cm 2 (~74.4% screen-to-body ratio)', 'Retina IPS LCD, 500 nits (typ)', '1620 x 2160 pixels, 4:3 ratio (~264 ppi density)', '3GB', '32GB', '8 MP, f/2.4, 31mm (standard), 1.12µm, AF, HDR, panorama', '1.2 MP, f/2.2, 31mm (standard), 720p@30fps', 'Li-Ion 8827 mAh (32.4 Wh)', NULL, 'No', 'Lightning, USB 2.0; magnetic connector', '4.2, A2DP, EDR, LE', 'Wi-Fi 802.11 a/b/g/n/ac, dual-band, hotspot', 'Silver, Gold, Space Gray', '490 g (Wi-Fi) / 495 g (LTE) (1.08 lb)', '250.6 x 174.1 x 7.5 mm (9.87 x 6.85 x 0.30 in)', 'Nano-SIM + eSIM', 'Fingerprint (front-mounted), accelerometer, gyro, compass, barometer', 'About 370 EUR', NULL, NULL, '[{"category":"Network","specs":[{"label":"Technology","value":"GSM / HSPA / LTE"},{"label":"2G bands","value":"GSM 850 / 900 / 1800 / 1900"},{"label":"3G bands","value":"HSDPA 800 / 850 / 900 / 1700(AWS) / 1900 / 2100"},{"label":"4G bands","value":"1, 2, 3, 4, 5, 7, 8, 11, 12, 13, 14, 17, 18, 19, 20, 21, 25, 26, 29, 30, 34, 38, 39, 40, 41, 66, 71 - A2428"},{"label":"Speed","value":"HSPA, LTE"}]},{"category":"Launch","specs":[{"label":"Announced","value":"2020, September 15"},{"label":"Status","value":"Available. Released 2020, September 18"}]},{"category":"Body","specs":[{"label":"Dimensions","value":"250.6 x 174.1 x 7.5 mm (9.87 x 6.85 x 0.30 in)"},{"label":"Weight","value":"490 g (Wi-Fi) / 495 g (LTE) (1.08 lb)"},{"label":"Build","value":"Glass front, aluminum back, aluminum frame"},{"label":"SIM","value":"Nano-SIM + eSIM"}]},{"category":"Display","specs":[{"label":"Type","value":"Retina IPS LCD, 500 nits (typ)"},{"label":"Size","value":"10.2 inches, 324.6 cm 2 (~74.4% screen-to-body ratio)"},{"label":"Resolution","value":"1620 x 2160 pixels, 4:3 ratio (~264 ppi density)"},{"label":"Protection","value":"Scratch-resistant glass, oleophobic coating"}]},{"category":"Platform","specs":[{"label":"OS","value":"iPadOS 14, upgradable to iPadOS 26.3"},{"label":"Chipset","value":"Apple A12 Bionic (7 nm)"},{"label":"CPU","value":"Hexa-core (2x2.5 GHz Vortex + 4x1.6 GHz Tempest)"},{"label":"GPU","value":"Apple GPU (4-core graphics)"}]},{"category":"Memory","specs":[{"label":"Card slot","value":"No"},{"label":"Internal","value":"32GB 3GB RAM, 128GB 3GB RAM"}]},{"category":"Main Camera","specs":[{"label":"Single","value":"8 MP, f/2.4, 31mm (standard), 1.12µm, AF"},{"label":"Features","value":"HDR, panorama"},{"label":"Video","value":"1080p@30fps, 720p@120fps, HDR"}]},{"category":"Selfie camera","specs":[{"label":"Single","value":"1.2 MP, f/2.2, 31mm (standard)"},{"label":"Video","value":"720p@30fps"},{"label":"Features","value":"HDR"}]},{"category":"Sound","specs":[{"label":"Loudspeaker","value":"Yes, with stereo speakers"},{"label":"3.5mm jack","value":"Yes"}]},{"category":"Comms","specs":[{"label":"WLAN","value":"Wi-Fi 802.11 a/b/g/n/ac, dual-band, hotspot"},{"label":"Bluetooth","value":"4.2, A2DP, EDR, LE"},{"label":"Positioning","value":"GPS, GLONASS (Wi‑Fi + Cellular model only)"},{"label":"NFC","value":"No"},{"label":"USB","value":"Lightning, USB 2.0; magnetic connector"},{"label":"Radio","value":"No"}]},{"category":"Features","specs":[{"label":"Sensors","value":"Fingerprint (front-mounted), accelerometer, gyro, compass, barometer"}]},{"category":"Battery","specs":[{"label":"Type","value":"Li-Ion 8827 mAh (32.4 Wh)"}]},{"category":"Misc","specs":[{"label":"Colors","value":"Silver, Gold, Space Gray"},{"label":"Models","value":"A2428, A2429, A2270, A2430, iPad11,6, iPad11,7"},{"label":"Price","value":"About 370 EUR"}]}]');
INSERT OR IGNORE INTO device_pictures (device_id, url, position) VALUES (65, 'https://fdn2.gsmarena.com/vv/bigpic/apple-ipad8-102-inches-2020.jpg', 0);
INSERT OR IGNORE INTO device_pictures (device_id, url, position) VALUES (65, 'https://fdn2.gsmarena.com/vv/pics/apple/apple-ipad8-102-inches-2020-01.jpg', 1);
INSERT OR IGNORE INTO device_pictures (device_id, url, position) VALUES (65, 'https://fdn2.gsmarena.com/vv/pics/apple/apple-ipad8-102-inches-2020-2.jpg', 2);
INSERT OR IGNORE INTO device_pictures (device_id, url, position) VALUES (65, 'https://fdn2.gsmarena.com/vv/pics/apple/apple-ipad8-102-inches-2020-3.jpg', 3);
INSERT OR IGNORE INTO device_pictures (device_id, url, position) VALUES (65, 'https://fdn2.gsmarena.com/vv/pics/apple/apple-ipad8-102-inches-2020-4.jpg', 4);
INSERT OR IGNORE INTO devices (id, brand_id, name, gsmarena_url, thumbnail_url, summary) VALUES (66, 1, 'Watch SE', 'https://www.gsmarena.com/apple_watch_se-10446.php', 'https://fdn2.gsmarena.com/vv/bigpic/apple-watch-se.jpg', 'Watch SE');
INSERT OR IGNORE INTO device_specs (device_id, announced, status, network, os, chipset, cpu, gpu, display_size, display_type, display_res, ram, storage, main_camera, selfie_camera, battery, charging, nfc, usb, bluetooth, wlan, colors, weight, dimensions, sim, sensors, popularity, fans, rating, full_specs_json) VALUES (66, '2020, September 15', 'Available. Released 2020, September 18', 'GSM / HSPA / LTE / 4G/LTE', 'watchOS 7.0, upgradable to watchOS 10.6.1', 'Apple S5', 'Dual-core', 'PowerVR', '1.78 inches', 'Retina LTPO OLED, 1000 nits (peak)', '448 x 368 pixels (~326 ppi density)', '1GB', '32GB', NULL, NULL, 'Li-Ion', 'Wireless', 'Yes', 'No', '5.0, A2DP, LE', 'Wi-Fi 802.11 b/g/n', 'Silver, Gold, Space Gray', '36.4 g (1.27 oz)', '44 x 38 x 10.4 mm (1.73 x 1.50 x 0.41 in)', 'eSIM', 'Accelerometer, gyro, heart rate (2nd gen), barometer, always-on altimeter, compass', 'About 290 EUR', NULL, NULL, '[{"category":"Network","specs":[{"label":"Technology","value":"GSM / HSPA / LTE"},{"label":"2G bands","value":"GSM 850 / 900 / 1800 / 1900"},{"label":"3G bands","value":"HSDPA 850 / 1700(AWS) / 1900 / 2100 - USA, LATAM, Canada"},{"label":"4G bands","value":"1, 2, 3, 4, 5, 7, 12, 13, 17, 18, 19, 25, 26, 39, 40, 41, 66 - USA, LATAM, Canada"},{"label":"Speed","value":"HSPA, LTE"}]},{"category":"Launch","specs":[{"label":"Announced","value":"2020, September 15"},{"label":"Status","value":"Available. Released 2020, September 18"}]},{"category":"Body","specs":[{"label":"Dimensions","value":"44 x 38 x 10.4 mm (1.73 x 1.50 x 0.41 in)"},{"label":"Weight","value":"36.4 g (1.27 oz)"},{"label":"Build","value":"Glass front, ceramic/sapphire crystal back, aluminum frame"},{"label":"SIM","value":"eSIM"}]},{"category":"Display","specs":[{"label":"Type","value":"Retina LTPO OLED, 1000 nits (peak)"},{"label":"Size","value":"1.78 inches"},{"label":"Resolution","value":"448 x 368 pixels (~326 ppi density)"},{"label":"Protection","value":"Ion-X strengthened glass"}]},{"category":"Platform","specs":[{"label":"OS","value":"watchOS 7.0, upgradable to watchOS 10.6.1"},{"label":"Chipset","value":"Apple S5"},{"label":"CPU","value":"Dual-core"},{"label":"GPU","value":"PowerVR"}]},{"category":"Memory","specs":[{"label":"Card slot","value":"No"},{"label":"Internal","value":"32GB 1GB RAM"}]},{"category":"Sound","specs":[{"label":"Loudspeaker","value":"Yes"},{"label":"3.5mm jack","value":"No"}]},{"category":"Comms","specs":[{"label":"WLAN","value":"Wi-Fi 802.11 b/g/n"},{"label":"Bluetooth","value":"5.0, A2DP, LE"},{"label":"Positioning","value":"GPS, GLONASS"},{"label":"NFC","value":"Yes"},{"label":"USB","value":"No"},{"label":"Radio","value":"No"}]},{"category":"Features","specs":[{"label":"Sensors","value":"Accelerometer, gyro, heart rate (2nd gen), barometer, always-on altimeter, compass"}]},{"category":"Battery","specs":[{"label":"Type","value":"Li-Ion"},{"label":"Charging","value":"Wireless"}]},{"category":"Misc","specs":[{"label":"Colors","value":"Silver, Gold, Space Gray"},{"label":"Models","value":"A2353, A2354, A2355, A2356, A2351, A2352"},{"label":"Price","value":"About 290 EUR"}]}]');
INSERT OR IGNORE INTO device_pictures (device_id, url, position) VALUES (66, 'https://fdn2.gsmarena.com/vv/bigpic/apple-watch-se.jpg', 0);
INSERT OR IGNORE INTO device_pictures (device_id, url, position) VALUES (66, 'https://fdn2.gsmarena.com/vv/pics/apple/apple-watch-se-2.jpg', 1);
INSERT OR IGNORE INTO device_pictures (device_id, url, position) VALUES (66, 'https://fdn2.gsmarena.com/vv/pics/apple/apple-watch-se-3.jpg', 2);
INSERT OR IGNORE INTO device_pictures (device_id, url, position) VALUES (66, 'https://fdn2.gsmarena.com/vv/pics/apple/apple-watch-se-4.jpg', 3);
INSERT OR IGNORE INTO device_pictures (device_id, url, position) VALUES (66, 'https://fdn2.gsmarena.com/vv/pics/apple/apple-watch-se-5.jpg', 4);
INSERT OR IGNORE INTO device_pictures (device_id, url, position) VALUES (66, 'https://fdn2.gsmarena.com/vv/pics/apple/apple-watch-se-6.jpg', 5);
INSERT OR IGNORE INTO device_pictures (device_id, url, position) VALUES (66, 'https://fdn2.gsmarena.com/vv/pics/apple/apple-watch-se-7.jpg', 6);
INSERT OR IGNORE INTO device_pictures (device_id, url, position) VALUES (66, 'https://fdn2.gsmarena.com/vv/pics/apple/apple-watch-se-8.jpg', 7);
INSERT OR IGNORE INTO devices (id, brand_id, name, gsmarena_url, thumbnail_url, summary) VALUES (67, 1, 'Watch Series 6 Aluminum', 'https://www.gsmarena.com/apple_watch_series_6_aluminum-10447.php', 'https://fdn2.gsmarena.com/vv/bigpic/apple-watch-s6.jpg', 'Watch Series 6 Aluminum');
INSERT OR IGNORE INTO device_specs (device_id, announced, status, network, os, chipset, cpu, gpu, display_size, display_type, display_res, ram, storage, main_camera, selfie_camera, battery, charging, nfc, usb, bluetooth, wlan, colors, weight, dimensions, sim, sensors, popularity, fans, rating, full_specs_json) VALUES (67, '2020, September 15', 'Available. Released 2020, September 18', 'GSM / HSPA / LTE / 4G/LTE', 'watchOS 7.0, upgradable to watchOS 26.3', 'Apple S6', 'Dual-core', 'PowerVR', '1.78 inches', 'Retina LTPO OLED, 1000 nits (peak)', '448 x 368 pixels (~326 ppi density)', '1GB', '32GB', NULL, NULL, 'Li-Ion 303.8 mAh', 'Wireless', 'Yes', 'No', '5.0, A2DP, LE', 'Wi-Fi 802.11 b/g/n, dual-band', 'Silver, Gold, Space Gray, Blue, Red', '36.5 g (1.31 oz)', '44 x 38 x 10.7 mm (1.73 x 1.50 x 0.42 in)', 'eSIM', 'Accelerometer, gyro, heart rate, barometer, always-on altimeter, compass, SpO2, VO2max', 'About 420 EUR', NULL, NULL, '[{"category":"Network","specs":[{"label":"Technology","value":"GSM / HSPA / LTE"},{"label":"2G bands","value":"GSM 850 / 900 / 1800 / 1900"},{"label":"3G bands","value":"HSDPA 850 / 1700(AWS) / 1900 / 2100 - USA, LATAM, Canada"},{"label":"4G bands","value":"1, 2, 3, 4, 5, 7, 12, 13, 17, 18, 19, 25, 26, 39, 40, 41, 66 - USA, LATAM, Canada"},{"label":"Speed","value":"HSPA, LTE"}]},{"category":"Launch","specs":[{"label":"Announced","value":"2020, September 15"},{"label":"Status","value":"Available. Released 2020, September 18"}]},{"category":"Body","specs":[{"label":"Dimensions","value":"44 x 38 x 10.7 mm (1.73 x 1.50 x 0.42 in)"},{"label":"Weight","value":"36.5 g (1.31 oz)"},{"label":"Build","value":"Glass front, ceramic/sapphire crystal back, aluminum frame"},{"label":"SIM","value":"eSIM"}]},{"category":"Display","specs":[{"label":"Type","value":"Retina LTPO OLED, 1000 nits (peak)"},{"label":"Size","value":"1.78 inches"},{"label":"Resolution","value":"448 x 368 pixels (~326 ppi density)"},{"label":"Protection","value":"Ion-X strengthened glass"}]},{"category":"Platform","specs":[{"label":"OS","value":"watchOS 7.0, upgradable to watchOS 26.3"},{"label":"Chipset","value":"Apple S6"},{"label":"CPU","value":"Dual-core"},{"label":"GPU","value":"PowerVR"}]},{"category":"Memory","specs":[{"label":"Card slot","value":"No"},{"label":"Internal","value":"32GB 1GB RAM"}]},{"category":"Sound","specs":[{"label":"Loudspeaker","value":"Yes"},{"label":"3.5mm jack","value":"No"}]},{"category":"Comms","specs":[{"label":"WLAN","value":"Wi-Fi 802.11 b/g/n, dual-band"},{"label":"Bluetooth","value":"5.0, A2DP, LE"},{"label":"Positioning","value":"GPS, GLONASS, GALILEO, QZSS"},{"label":"NFC","value":"Yes"},{"label":"USB","value":"No"},{"label":"Radio","value":"No"}]},{"category":"Features","specs":[{"label":"Sensors","value":"Accelerometer, gyro, heart rate, barometer, always-on altimeter, compass, SpO2, VO2max"}]},{"category":"Battery","specs":[{"label":"Type","value":"Li-Ion 303.8 mAh"},{"label":"Charging","value":"Wireless"}]},{"category":"Misc","specs":[{"label":"Colors","value":"Silver, Gold, Space Gray, Blue, Red"},{"label":"Models","value":"A2293, A2294, A2375, A2376, A2291, A2292"},{"label":"Price","value":"About 420 EUR"}]}]');
INSERT OR IGNORE INTO device_pictures (device_id, url, position) VALUES (67, 'https://fdn2.gsmarena.com/vv/bigpic/apple-watch-s6.jpg', 0);
INSERT OR IGNORE INTO device_pictures (device_id, url, position) VALUES (67, 'https://fdn2.gsmarena.com/vv/pics/apple/apple-watch-s6-1.jpg', 1);
INSERT OR IGNORE INTO device_pictures (device_id, url, position) VALUES (67, 'https://fdn2.gsmarena.com/vv/pics/apple/apple-watch-s6-2.jpg', 2);
INSERT OR IGNORE INTO devices (id, brand_id, name, gsmarena_url, thumbnail_url, summary) VALUES (68, 1, 'Watch Series 6', 'https://www.gsmarena.com/apple_watch_series_6-10448.php', 'https://fdn2.gsmarena.com/vv/bigpic/apple-watch-s6-steel.jpg', 'Watch Series 6');
INSERT OR IGNORE INTO device_specs (device_id, announced, status, network, os, chipset, cpu, gpu, display_size, display_type, display_res, ram, storage, main_camera, selfie_camera, battery, charging, nfc, usb, bluetooth, wlan, colors, weight, dimensions, sim, sensors, popularity, fans, rating, full_specs_json) VALUES (68, '2020, September 15', 'Available. Released 2020, September 18', 'GSM / HSPA / LTE / 4G/LTE', 'watchOS 7.0, upgradable to watchOS 26.3', 'Apple S6', 'Dual-core', 'PowerVR', '1.78 inches', 'Retina LTPO OLED, 1000 nits (peak)', '448 x 368 pixels (~326 ppi density)', '1GB', '32GB', NULL, NULL, 'Li-Ion 303.8 mAh', 'Wireless', 'Yes', 'No', '5.0, A2DP, LE', 'Wi-Fi 802.11 b/g/n, dual-band', 'Silver, Graphite (DLC), Gold (PVD)', '47.1 g (1.66 oz)', '44 x 38 x 10.7 mm (1.73 x 1.50 x 0.42 in)', 'eSIM', 'Accelerometer, gyro, heart rate, barometer, always-on altimeter, compass, SpO2, VO2max', 'About 710 EUR', NULL, NULL, '[{"category":"Network","specs":[{"label":"Technology","value":"GSM / HSPA / LTE"},{"label":"2G bands","value":"GSM 850 / 900 / 1800 / 1900"},{"label":"3G bands","value":"HSDPA 850 / 1700(AWS) / 1900 / 2100 - USA, LATAM, Canada"},{"label":"4G bands","value":"1, 2, 3, 4, 5, 7, 12, 13, 17, 18, 19, 25, 26, 39, 40, 41, 66 - USA, LATAM, Canada"},{"label":"Speed","value":"HSPA, LTE"}]},{"category":"Launch","specs":[{"label":"Announced","value":"2020, September 15"},{"label":"Status","value":"Available. Released 2020, September 18"}]},{"category":"Body","specs":[{"label":"Dimensions","value":"44 x 38 x 10.7 mm (1.73 x 1.50 x 0.42 in)"},{"label":"Weight","value":"47.1 g (1.66 oz)"},{"label":"Build","value":"Glass front (Sapphire crystal), ceramic/sapphire crystal back, stainless steel frame"},{"label":"SIM","value":"eSIM"}]},{"category":"Display","specs":[{"label":"Type","value":"Retina LTPO OLED, 1000 nits (peak)"},{"label":"Size","value":"1.78 inches"},{"label":"Resolution","value":"448 x 368 pixels (~326 ppi density)"},{"label":"Protection","value":"Sapphire crystal glass"}]},{"category":"Platform","specs":[{"label":"OS","value":"watchOS 7.0, upgradable to watchOS 26.3"},{"label":"Chipset","value":"Apple S6"},{"label":"CPU","value":"Dual-core"},{"label":"GPU","value":"PowerVR"}]},{"category":"Memory","specs":[{"label":"Card slot","value":"No"},{"label":"Internal","value":"32GB 1GB RAM"}]},{"category":"Sound","specs":[{"label":"Loudspeaker","value":"Yes"},{"label":"3.5mm jack","value":"No"}]},{"category":"Comms","specs":[{"label":"WLAN","value":"Wi-Fi 802.11 b/g/n, dual-band"},{"label":"Bluetooth","value":"5.0, A2DP, LE"},{"label":"Positioning","value":"GPS, GLONASS, GALILEO, QZSS"},{"label":"NFC","value":"Yes"},{"label":"USB","value":"No"},{"label":"Radio","value":"No"}]},{"category":"Features","specs":[{"label":"Sensors","value":"Accelerometer, gyro, heart rate, barometer, always-on altimeter, compass, SpO2, VO2max"}]},{"category":"Battery","specs":[{"label":"Type","value":"Li-Ion 303.8 mAh"},{"label":"Charging","value":"Wireless"}]},{"category":"Misc","specs":[{"label":"Colors","value":"Silver, Graphite (DLC), Gold (PVD)"},{"label":"Models","value":"A2293, A2294, A2375, A2376"},{"label":"Price","value":"About 710 EUR"}]}]');
INSERT OR IGNORE INTO device_pictures (device_id, url, position) VALUES (68, 'https://fdn2.gsmarena.com/vv/bigpic/apple-watch-s6-steel.jpg', 0);
INSERT OR IGNORE INTO device_pictures (device_id, url, position) VALUES (68, 'https://fdn2.gsmarena.com/vv/pics/apple/apple-watch-s6-steel-1.jpg', 1);
INSERT OR IGNORE INTO device_pictures (device_id, url, position) VALUES (68, 'https://fdn2.gsmarena.com/vv/pics/apple/apple-watch-s6-3.jpg', 2);
INSERT OR IGNORE INTO device_pictures (device_id, url, position) VALUES (68, 'https://fdn2.gsmarena.com/vv/pics/apple/apple-watch-s6-4.jpg', 3);
INSERT OR IGNORE INTO devices (id, brand_id, name, gsmarena_url, thumbnail_url, summary) VALUES (69, 1, 'Watch Edition Series 6', 'https://www.gsmarena.com/apple_watch_edition_series_6-10449.php', 'https://fdn2.gsmarena.com/vv/bigpic/apple-watch-s6-titanium.jpg', 'Watch Edition Series 6');
INSERT OR IGNORE INTO device_specs (device_id, announced, status, network, os, chipset, cpu, gpu, display_size, display_type, display_res, ram, storage, main_camera, selfie_camera, battery, charging, nfc, usb, bluetooth, wlan, colors, weight, dimensions, sim, sensors, popularity, fans, rating, full_specs_json) VALUES (69, '2020, September 15', 'Available. Released 2020, September 18', 'GSM / HSPA / LTE / 4G/LTE', 'watchOS 7.0, upgradable to watchOS 26.3', 'Apple S6', 'Dual-core', 'PowerVR', '1.78 inches', 'Retina LTPO OLED, 1000 nits (peak)', '448 x 368 pixels (~326 ppi density)', '1GB', '32GB', NULL, NULL, 'Li-Ion 303.8 mAh', 'Wireless', 'Yes', 'No', '5.0, A2DP, LE', 'Wi-Fi 802.11 b/g/n, dual-band', 'Titanium, Space Black', '41.3 g (1.45 oz)', '44 x 38 x 10.7 mm (1.73 x 1.50 x 0.42 in)', 'eSIM', 'Accelerometer, gyro, heart rate, barometer, always-on altimeter, compass, SpO2, VO2max', 'About 810 EUR', NULL, NULL, '[{"category":"Network","specs":[{"label":"Technology","value":"GSM / HSPA / LTE"},{"label":"2G bands","value":"GSM 850 / 900 / 1800 / 1900"},{"label":"3G bands","value":"HSDPA 850 / 1700(AWS) / 1900 / 2100 - USA, LATAM, Canada"},{"label":"4G bands","value":"1, 2, 3, 4, 5, 7, 12, 13, 17, 18, 19, 25, 26, 39, 40, 41, 66 - USA, LATAM, Canada"},{"label":"Speed","value":"HSPA, LTE"}]},{"category":"Launch","specs":[{"label":"Announced","value":"2020, September 15"},{"label":"Status","value":"Available. Released 2020, September 18"}]},{"category":"Body","specs":[{"label":"Dimensions","value":"44 x 38 x 10.7 mm (1.73 x 1.50 x 0.42 in)"},{"label":"Weight","value":"41.3 g (1.45 oz)"},{"label":"Build","value":"Glass front (Sapphire crystal), ceramic/sapphire crystal back, titanium frame"},{"label":"SIM","value":"eSIM"}]},{"category":"Display","specs":[{"label":"Type","value":"Retina LTPO OLED, 1000 nits (peak)"},{"label":"Size","value":"1.78 inches"},{"label":"Resolution","value":"448 x 368 pixels (~326 ppi density)"},{"label":"Protection","value":"Sapphire crystal glass"}]},{"category":"Platform","specs":[{"label":"OS","value":"watchOS 7.0, upgradable to watchOS 26.3"},{"label":"Chipset","value":"Apple S6"},{"label":"CPU","value":"Dual-core"},{"label":"GPU","value":"PowerVR"}]},{"category":"Memory","specs":[{"label":"Card slot","value":"No"},{"label":"Internal","value":"32GB 1GB RAM"}]},{"category":"Sound","specs":[{"label":"Loudspeaker","value":"Yes"},{"label":"3.5mm jack","value":"No"}]},{"category":"Comms","specs":[{"label":"WLAN","value":"Wi-Fi 802.11 b/g/n, dual-band"},{"label":"Bluetooth","value":"5.0, A2DP, LE"},{"label":"Positioning","value":"GPS, GLONASS, GALILEO, QZSS"},{"label":"NFC","value":"Yes"},{"label":"USB","value":"No"},{"label":"Radio","value":"No"}]},{"category":"Features","specs":[{"label":"Sensors","value":"Accelerometer, gyro, heart rate, barometer, always-on altimeter, compass, SpO2, VO2max"}]},{"category":"Battery","specs":[{"label":"Type","value":"Li-Ion 303.8 mAh"},{"label":"Charging","value":"Wireless"}]},{"category":"Misc","specs":[{"label":"Colors","value":"Titanium, Space Black"},{"label":"Models","value":"A2293, A2294, A2375, A2376"},{"label":"Price","value":"About 810 EUR"}]}]');
