INSERT OR IGNORE INTO device_pictures (device_id, url, position) VALUES (69, 'https://fdn2.gsmarena.com/vv/bigpic/apple-watch-s6-titanium.jpg', 0);
INSERT OR IGNORE INTO device_pictures (device_id, url, position) VALUES (69, 'https://fdn2.gsmarena.com/vv/pics/apple/apple-watch-s6-titanium-1.jpg', 1);
INSERT OR IGNORE INTO device_pictures (device_id, url, position) VALUES (69, 'https://fdn2.gsmarena.com/vv/pics/apple/apple-watch-s6-titanium-2.jpg', 2);
INSERT OR IGNORE INTO devices (id, brand_id, name, gsmarena_url, thumbnail_url, summary) VALUES (70, 1, 'iPhone SE (2020)', 'https://www.gsmarena.com/apple_iphone_se_(2020)-10170.php', 'https://fdn2.gsmarena.com/vv/bigpic/apple-iphone-se-2020.jpg', 'iPhone SE (2020)');
INSERT OR IGNORE INTO device_specs (device_id, announced, status, network, os, chipset, cpu, gpu, display_size, display_type, display_res, ram, storage, main_camera, selfie_camera, battery, charging, nfc, usb, bluetooth, wlan, colors, weight, dimensions, sim, sensors, popularity, fans, rating, full_specs_json) VALUES (70, '2020, April 15', 'Available. Released 2020, April 24', 'GSM / CDMA / HSPA / EVDO / LTE / 4G/LTE', 'iOS 13, upgradable to iOS 26.3', 'Apple A13 Bionic (7 nm+)', 'Hexa-core (2x2.65 GHz Lightning + 4x1.8 GHz Thunder)', 'Apple GPU (4-core graphics)', '4.7 inches, 60.9 cm 2 (~65.4% screen-to-body ratio)', 'Retina IPS LCD, 625 nits (typ)', '750 x 1334 pixels, 16:9 ratio (~326 ppi density)', '3GB', '64GB', '12 MP, f/1.8 (wide), PDAF, OIS, Quad-LED dual-tone flash, HDR, panorama', '7 MP, f/2.2, 1080p@30fps; gyro-EIS', 'Li-Ion 1821 mAh (6.91 Wh)', '18W wired, 50% in 30 min', 'Yes', 'Lightning, USB 2.0', '5.0, A2DP, LE', 'Wi-Fi 802.11 a/b/g/n/ac/6, dual-band, hotspot', 'Black, White, Red', '148 g (5.22 oz)', '138.4 x 67.3 x 7.3 mm (5.45 x 2.65 x 0.29 in)', 'Nano-SIM + eSIM', 'Fingerprint (front-mounted), accelerometer, proximity, gyro, compass, barometer', '$ 115.45 / £ 75.00 / € 98.89', NULL, NULL, '[{"category":"Network","specs":[{"label":"Technology","value":"GSM / CDMA / HSPA / EVDO / LTE"},{"label":"2G bands","value":"GSM 850 / 900 / 1800 / 1900"},{"label":"3G bands","value":"HSDPA 850 / 900 / 1700(AWS) / 1900 / 2100"},{"label":"4G bands","value":"1, 2, 3, 4, 5, 7, 8, 11, 12, 13, 17, 18, 19, 20, 21, 25, 26, 28, 29, 30, 32, 34, 38, 39, 40, 41, 42, 46, 48, 66 - A2296"},{"label":"Speed","value":"HSPA 42.2/5.76 Mbps, LTE (5CA) Cat16 1024/150 Mbps, EV-DO Rev.A 3.1 Mbps"}]},{"category":"Launch","specs":[{"label":"Announced","value":"2020, April 15"},{"label":"Status","value":"Available. Released 2020, April 24"}]},{"category":"Body","specs":[{"label":"Dimensions","value":"138.4 x 67.3 x 7.3 mm (5.45 x 2.65 x 0.29 in)"},{"label":"Weight","value":"148 g (5.22 oz)"},{"label":"Build","value":"Glass front, glass back, aluminum frame"},{"label":"SIM","value":"Nano-SIM + eSIM"}]},{"category":"Display","specs":[{"label":"Type","value":"Retina IPS LCD, 625 nits (typ)"},{"label":"Size","value":"4.7 inches, 60.9 cm 2 (~65.4% screen-to-body ratio)"},{"label":"Resolution","value":"750 x 1334 pixels, 16:9 ratio (~326 ppi density)"},{"label":"Protection","value":"Ion-strengthened glass"}]},{"category":"Platform","specs":[{"label":"OS","value":"iOS 13, upgradable to iOS 26.3"},{"label":"Chipset","value":"Apple A13 Bionic (7 nm+)"},{"label":"CPU","value":"Hexa-core (2x2.65 GHz Lightning + 4x1.8 GHz Thunder)"},{"label":"GPU","value":"Apple GPU (4-core graphics)"}]},{"category":"Memory","specs":[{"label":"Card slot","value":"No"},{"label":"Internal","value":"64GB 3GB RAM, 128GB 3GB RAM, 256GB 3GB RAM"}]},{"category":"Main Camera","specs":[{"label":"Single","value":"12 MP, f/1.8 (wide), PDAF, OIS"},{"label":"Features","value":"Quad-LED dual-tone flash, HDR, panorama"},{"label":"Video","value":"4K@24/30/60fps, 1080p@30/60/120/240fps, HDR, OIS, stereo sound rec."}]},{"category":"Selfie camera","specs":[{"label":"Single","value":"7 MP, f/2.2"},{"label":"Video","value":"1080p@30fps; gyro-EIS"},{"label":"Features","value":"HDR"}]},{"category":"Sound","specs":[{"label":"Loudspeaker","value":"Yes, with stereo speakers"},{"label":"3.5mm jack","value":"No"}]},{"category":"Comms","specs":[{"label":"WLAN","value":"Wi-Fi 802.11 a/b/g/n/ac/6, dual-band, hotspot"},{"label":"Bluetooth","value":"5.0, A2DP, LE"},{"label":"Positioning","value":"GPS, GLONASS"},{"label":"NFC","value":"Yes"},{"label":"USB","value":"Lightning, USB 2.0"},{"label":"Radio","value":"No"}]},{"category":"Features","specs":[{"label":"Sensors","value":"Fingerprint (front-mounted), accelerometer, proximity, gyro, compass, barometer"}]},{"category":"Battery","specs":[{"label":"Type","value":"Li-Ion 1821 mAh (6.91 Wh)"},{"label":"Charging","value":"18W wired, 50% in 30 min"}]},{"category":"Misc","specs":[{"label":"Colors","value":"Black, White, Red"},{"label":"Models","value":"A2275, A2296, A2298, iPhone12,8"},{"label":"SAR","value":"1.17 W/kg (head)     1.16 W/kg (body)"},{"label":"Price","value":"$ 115.45 / £ 75.00 / € 98.89"},{"label":"SAR EU","value":"0.98 W/kg (head)     0.99 W/kg (body)"}]}]');
INSERT OR IGNORE INTO device_pictures (device_id, url, position) VALUES (70, 'https://fdn2.gsmarena.com/vv/bigpic/apple-iphone-se-2020.jpg', 0);
INSERT OR IGNORE INTO device_pictures (device_id, url, position) VALUES (70, 'https://fdn2.gsmarena.com/vv/pics/apple/apple-iphone-se-2020-2.jpg', 1);
INSERT OR IGNORE INTO device_pictures (device_id, url, position) VALUES (70, 'https://fdn2.gsmarena.com/vv/pics/apple/apple-iphone-se-2020-1.jpg', 2);
INSERT OR IGNORE INTO device_pictures (device_id, url, position) VALUES (70, 'https://fdn2.gsmarena.com/vv/pics/apple/apple-iphone-se-2020-3.jpg', 3);
INSERT OR IGNORE INTO device_pictures (device_id, url, position) VALUES (70, 'https://fdn.gsmarena.com/imgroot/reviews/20/apple-iphone-se-2020/lifestyle/-1024w2/gsmarena_001.jpg', 4);
INSERT OR IGNORE INTO device_pictures (device_id, url, position) VALUES (70, 'https://fdn.gsmarena.com/imgroot/reviews/20/apple-iphone-se-2020/lifestyle/-1024w2/gsmarena_002.jpg', 5);
INSERT OR IGNORE INTO device_pictures (device_id, url, position) VALUES (70, 'https://fdn.gsmarena.com/imgroot/reviews/20/apple-iphone-se-2020/lifestyle/-1024w2/gsmarena_003.jpg', 6);
INSERT OR IGNORE INTO device_pictures (device_id, url, position) VALUES (70, 'https://fdn.gsmarena.com/imgroot/reviews/20/apple-iphone-se-2020/lifestyle/-1024w2/gsmarena_004.jpg', 7);
INSERT OR IGNORE INTO device_pictures (device_id, url, position) VALUES (70, 'https://fdn.gsmarena.com/imgroot/reviews/20/apple-iphone-se-2020/lifestyle/-1024w2/gsmarena_005.jpg', 8);
INSERT OR IGNORE INTO device_pictures (device_id, url, position) VALUES (70, 'https://fdn.gsmarena.com/imgroot/reviews/20/apple-iphone-se-2020/lifestyle/-1024w2/gsmarena_006.jpg', 9);
INSERT OR IGNORE INTO devices (id, brand_id, name, gsmarena_url, thumbnail_url, summary) VALUES (71, 1, 'iPad Pro 12.9 (2020)', 'https://www.gsmarena.com/apple_ipad_pro_12_9_(2020)-10136.php', 'https://fdn2.gsmarena.com/vv/bigpic/apple-ipad-pro-12-2020.jpg', 'iPad Pro 12.9 (2020)');
INSERT OR IGNORE INTO device_specs (device_id, announced, status, network, os, chipset, cpu, gpu, display_size, display_type, display_res, ram, storage, main_camera, selfie_camera, battery, charging, nfc, usb, bluetooth, wlan, colors, weight, dimensions, sim, sensors, popularity, fans, rating, full_specs_json) VALUES (71, '2020, March 18', 'Available. Released 2020, March 19', 'GSM / CDMA / HSPA / EVDO / LTE / 4G/LTE', 'iPadOS 13.4, upgradable to iPadOS 26.3', 'Apple A12Z Bionic', 'Octa-core (4x2.5 GHz Vortex + 4x1.6 GHz Tempest)', 'Apple GPU (8-core graphics)', '12.9 inches, 515.3 cm 2 (~85.4% screen-to-body ratio)', 'IPS LCD, 120Hz, 600 nits (typ)', '2048 x 2732 pixels, 4:3 ratio (~265 ppi density)', '6GB', '128GB', '12 MP, f/1.8, (wide), 1/3.0", 1.22µm,  dual pixel PDAF, Quad-LED dual-tone flash, HDR', '7 MP, f/2.2, 1080p@30/60fps', 'Li-Po 9720 mAh (36.71 Wh)', NULL, 'No', 'USB Type-C 3.1, magnetic connector', '5.0, A2DP, LE, EDR', 'Wi-Fi 802.11 a/b/g/n/ac/6, dual-band, hotspot', 'Silver, Space Gray', '641 g (Wi-Fi), 643 g (LTE) (1.41 lb)', '280.6 x 214.9 x 5.9 mm (11.05 x 8.46 x 0.23 in)', 'Nano-SIM + eSIM', 'Face ID, accelerometer, gyro, proximity, barometer', 'About 1000 EUR', NULL, NULL, '[{"category":"Network","specs":[{"label":"Technology","value":"GSM / CDMA / HSPA / EVDO / LTE"},{"label":"2G bands","value":"GSM 850 / 900 / 1800 / 1900"},{"label":"3G bands","value":"HSDPA 850 / 900 / 1700(AWS) / 1900 / 2100"},{"label":"4G bands","value":"1, 2, 3, 4, 5, 7, 8, 11, 12, 13, 14, 17, 18, 19, 20, 21, 25, 26, 29, 30, 34, 38, 39, 40, 41, 46, 48, 66, 71"},{"label":"Speed","value":"HSPA, LTE, EV-DO Rev.A 3.1 Mbps"}]},{"category":"Launch","specs":[{"label":"Announced","value":"2020, March 18"},{"label":"Status","value":"Available. Released 2020, March 19"}]},{"category":"Body","specs":[{"label":"Dimensions","value":"280.6 x 214.9 x 5.9 mm (11.05 x 8.46 x 0.23 in)"},{"label":"Weight","value":"641 g (Wi-Fi), 643 g (LTE) (1.41 lb)"},{"label":"Build","value":"Glass front, aluminum back, aluminum frame"},{"label":"SIM","value":"Nano-SIM + eSIM"}]},{"category":"Display","specs":[{"label":"Type","value":"IPS LCD, 120Hz, 600 nits (typ)"},{"label":"Size","value":"12.9 inches, 515.3 cm 2 (~85.4% screen-to-body ratio)"},{"label":"Resolution","value":"2048 x 2732 pixels, 4:3 ratio (~265 ppi density)"},{"label":"Protection","value":"Scratch-resistant glass, oleophobic coating"}]},{"category":"Platform","specs":[{"label":"OS","value":"iPadOS 13.4, upgradable to iPadOS 26.3"},{"label":"Chipset","value":"Apple A12Z Bionic"},{"label":"CPU","value":"Octa-core (4x2.5 GHz Vortex + 4x1.6 GHz Tempest)"},{"label":"GPU","value":"Apple GPU (8-core graphics)"}]},{"category":"Memory","specs":[{"label":"Card slot","value":"No"},{"label":"Internal","value":"128GB 6GB RAM, 256GB 6GB RAM, 512GB 6GB RAM, 1TB 6GB RAM"}]},{"category":"Main Camera","specs":[{"label":"Dual","value":"12 MP, f/1.8, (wide), 1/3.0\\", 1.22µm,  dual pixel PDAF"},{"label":"Features","value":"Quad-LED dual-tone flash, HDR"},{"label":"Video","value":"4K@24/30/60fps, 1080p@30/60/120/240fps; gyro-EIS"}]},{"category":"Selfie camera","specs":[{"label":"Single","value":"7 MP, f/2.2"},{"label":"Video","value":"1080p@30/60fps"},{"label":"Features","value":"Face detection, HDR, panorama"}]},{"category":"Sound","specs":[{"label":"Loudspeaker","value":"Yes, with stereo speakers (4 speakers)"},{"label":"3.5mm jack","value":"No"}]},{"category":"Comms","specs":[{"label":"WLAN","value":"Wi-Fi 802.11 a/b/g/n/ac/6, dual-band, hotspot"},{"label":"Bluetooth","value":"5.0, A2DP, LE, EDR"},{"label":"Positioning","value":"GPS, GLONASS, GALILEO, QZSS (Wi‑Fi + Cellular model only)"},{"label":"NFC","value":"No"},{"label":"USB","value":"USB Type-C 3.1, magnetic connector"},{"label":"Radio","value":"No"}]},{"category":"Features","specs":[{"label":"Sensors","value":"Face ID, accelerometer, gyro, proximity, barometer"}]},{"category":"Battery","specs":[{"label":"Type","value":"Li-Po 9720 mAh (36.71 Wh)"}]},{"category":"Misc","specs":[{"label":"Colors","value":"Silver, Space Gray"},{"label":"Models","value":"A2069, A2232, A2233, A2229, iPad8,11, iPad8,12"},{"label":"Price","value":"About 1000 EUR"}]}]');
INSERT OR IGNORE INTO device_pictures (device_id, url, position) VALUES (71, 'https://fdn2.gsmarena.com/vv/bigpic/apple-ipad-pro-12-2020.jpg', 0);
INSERT OR IGNORE INTO device_pictures (device_id, url, position) VALUES (71, 'https://fdn2.gsmarena.com/vv/pics/apple/apple-ipad-pro-12-2020-1.jpg', 1);
INSERT OR IGNORE INTO device_pictures (device_id, url, position) VALUES (71, 'https://fdn2.gsmarena.com/vv/pics/apple/apple-ipad-pro-2020-1.jpg', 2);
INSERT OR IGNORE INTO device_pictures (device_id, url, position) VALUES (71, 'https://fdn2.gsmarena.com/vv/pics/apple/apple-ipad-pro-2020-2.jpg', 3);
INSERT OR IGNORE INTO devices (id, brand_id, name, gsmarena_url, thumbnail_url, summary) VALUES (72, 1, 'iPad Pro 11 (2020)', 'https://www.gsmarena.com/apple_ipad_pro_11_(2020)-10137.php', 'https://fdn2.gsmarena.com/vv/bigpic/apple-ipad-pro-11-2020.jpg', 'iPad Pro 11 (2020)');
INSERT OR IGNORE INTO device_specs (device_id, announced, status, network, os, chipset, cpu, gpu, display_size, display_type, display_res, ram, storage, main_camera, selfie_camera, battery, charging, nfc, usb, bluetooth, wlan, colors, weight, dimensions, sim, sensors, popularity, fans, rating, full_specs_json) VALUES (72, '2020, March 18', 'Available. Released 2020, March 19', 'GSM / CDMA / HSPA / EVDO / LTE / 4G/LTE', 'iPadOS 13.4, upgradable to iPadOS 26.3', 'Apple A12Z Bionic', 'Octa-core (4x2.5 GHz Vortex + 4x1.6 GHz Tempest)', 'Apple GPU (8-core graphics)', '11.0 inches, 366.5 cm 2 (~82.9% screen-to-body ratio)', 'IPS LCD, 120Hz, 600 nits (typ)', '1668 x 2388 pixels (~265 ppi density)', '6GB', '128GB', '12 MP, f/1.8, (wide), 1/3.0", 1.22µm,  dual pixel PDAF, Quad-LED dual-tone flash, HDR', '7 MP, f/2.2, 1080p@30/60fps', 'Li-Po 7538 mAh (28.65 Wh)', NULL, 'No', 'USB Type-C 3.1, magnetic connector', '5.0, A2DP, LE, EDR', 'Wi-Fi 802.11 a/b/g/n/ac/6, dual-band, hotspot', 'Silver, Space Gray', '471 g (Wi-Fi), 473 g (LTE) (1.04 lb)', '247.6 x 178.5 x 5.9 mm (9.75 x 7.03 x 0.23 in)', 'Nano-SIM + eSIM', 'Face ID, accelerometer, gyro, proximity, barometer', 'About 800 EUR', NULL, NULL, '[{"category":"Network","specs":[{"label":"Technology","value":"GSM / CDMA / HSPA / EVDO / LTE"},{"label":"2G bands","value":"GSM 850 / 900 / 1800 / 1900"},{"label":"3G bands","value":"HSDPA 850 / 900 / 1700(AWS) / 1900 / 2100"},{"label":"4G bands","value":"1, 2, 3, 4, 5, 7, 8, 11, 12, 13, 14, 17, 18, 19, 20, 21, 25, 26, 29, 30, 34, 38, 39, 40, 41, 46, 48, 66, 71"},{"label":"Speed","value":"HSPA, LTE, EV-DO Rev.A 3.1 Mbps"}]},{"category":"Launch","specs":[{"label":"Announced","value":"2020, March 18"},{"label":"Status","value":"Available. Released 2020, March 19"}]},{"category":"Body","specs":[{"label":"Dimensions","value":"247.6 x 178.5 x 5.9 mm (9.75 x 7.03 x 0.23 in)"},{"label":"Weight","value":"471 g (Wi-Fi), 473 g (LTE) (1.04 lb)"},{"label":"Build","value":"Glass front, aluminum back, aluminum frame"},{"label":"SIM","value":"Nano-SIM + eSIM"}]},{"category":"Display","specs":[{"label":"Type","value":"IPS LCD, 120Hz, 600 nits (typ)"},{"label":"Size","value":"11.0 inches, 366.5 cm 2 (~82.9% screen-to-body ratio)"},{"label":"Resolution","value":"1668 x 2388 pixels (~265 ppi density)"},{"label":"Protection","value":"Scratch-resistant glass, oleophobic coating"}]},{"category":"Platform","specs":[{"label":"OS","value":"iPadOS 13.4, upgradable to iPadOS 26.3"},{"label":"Chipset","value":"Apple A12Z Bionic"},{"label":"CPU","value":"Octa-core (4x2.5 GHz Vortex + 4x1.6 GHz Tempest)"},{"label":"GPU","value":"Apple GPU (8-core graphics)"}]},{"category":"Memory","specs":[{"label":"Card slot","value":"No"},{"label":"Internal","value":"128GB 6GB RAM, 256GB 6GB RAM, 512GB 6GB RAM, 1TB 6GB RAM"}]},{"category":"Main Camera","specs":[{"label":"Dual","value":"12 MP, f/1.8, (wide), 1/3.0\\", 1.22µm,  dual pixel PDAF"},{"label":"Features","value":"Quad-LED dual-tone flash, HDR"},{"label":"Video","value":"4K@24/30/60fps, 1080p@30/60/120/240fps; gyro-EIS"}]},{"category":"Selfie camera","specs":[{"label":"Single","value":"7 MP, f/2.2"},{"label":"Video","value":"1080p@30/60fps"},{"label":"Features","value":"Face detection, HDR, panorama"}]},{"category":"Sound","specs":[{"label":"Loudspeaker","value":"Yes, with stereo speakers (4 speakers)"},{"label":"3.5mm jack","value":"No"}]},{"category":"Comms","specs":[{"label":"WLAN","value":"Wi-Fi 802.11 a/b/g/n/ac/6, dual-band, hotspot"},{"label":"Bluetooth","value":"5.0, A2DP, LE, EDR"},{"label":"Positioning","value":"GPS, GLONASS, GALILEO, QZSS (Wi‑Fi + Cellular model only)"},{"label":"NFC","value":"No"},{"label":"USB","value":"USB Type-C 3.1, magnetic connector"},{"label":"Radio","value":"No"}]},{"category":"Features","specs":[{"label":"Sensors","value":"Face ID, accelerometer, gyro, proximity, barometer"}]},{"category":"Battery","specs":[{"label":"Type","value":"Li-Po 7538 mAh (28.65 Wh)"}]},{"category":"Misc","specs":[{"label":"Colors","value":"Silver, Space Gray"},{"label":"Models","value":"A2068, A2230, A2228, A2231, iPad8,9, iPad8,10"},{"label":"Price","value":"About 800 EUR"}]}]');
INSERT OR IGNORE INTO device_pictures (device_id, url, position) VALUES (72, 'https://fdn2.gsmarena.com/vv/bigpic/apple-ipad-pro-11-2020.jpg', 0);
INSERT OR IGNORE INTO device_pictures (device_id, url, position) VALUES (72, 'https://fdn2.gsmarena.com/vv/pics/apple/apple-ipad-pro-11-2020-1.jpg', 1);
INSERT OR IGNORE INTO device_pictures (device_id, url, position) VALUES (72, 'https://fdn2.gsmarena.com/vv/pics/apple/apple-ipad-pro-2020-1.jpg', 2);
INSERT OR IGNORE INTO device_pictures (device_id, url, position) VALUES (72, 'https://fdn2.gsmarena.com/vv/pics/apple/apple-ipad-pro-2020-2.jpg', 3);
INSERT OR IGNORE INTO devices (id, brand_id, name, gsmarena_url, thumbnail_url, summary) VALUES (73, 1, 'iPhone 11 Pro Max', 'https://www.gsmarena.com/apple_iphone_11_pro_max-9846.php', 'https://fdn2.gsmarena.com/vv/bigpic/apple-iphone-11-pro.jpg', 'iPhone 11 Pro Max');
INSERT OR IGNORE INTO device_specs (device_id, announced, status, network, os, chipset, cpu, gpu, display_size, display_type, display_res, ram, storage, main_camera, selfie_camera, battery, charging, nfc, usb, bluetooth, wlan, colors, weight, dimensions, sim, sensors, popularity, fans, rating, full_specs_json) VALUES (73, '2019, September 10', 'Available. Released 2019, September 20', 'GSM / CDMA / HSPA / EVDO / LTE / 4G/LTE', 'iOS 13, upgradable to iOS 26.3', 'Apple A13 Bionic (7 nm+)', 'Hexa-core (2x2.65 GHz Lightning + 4x1.8 GHz Thunder)', 'Apple GPU (4-core graphics)', '6.5 inches, 102.9 cm 2 (~83.7% screen-to-body ratio)', 'Super Retina XDR OLED, HDR10, Dolby Vision, 800 nits (HBM), 1200 nits (peak)', '1242 x 2688 pixels, 19.5:9 ratio (~458 ppi density)', '4GB', '64GB', '12 MP, f/1.8, 26mm (wide), 1/2.55", 1.4µm, dual pixel PDAF, OIS, Dual-LED dual-tone flash, HDR (photo/panorama)', '12 MP, f/2.2, 23mm (wide), 1/3.6", 1.0µm, 4K@24/25/30/60fps, 1080p@25/30/60/120fps, gyro-EIS', 'Li-Ion 3969 mAh, non-removable (15.04 Wh)', 'Wired, PD2.0, 50% in 30 min', 'Yes', 'Lightning, USB 2.0', '5.0, A2DP, LE', 'Wi-Fi 802.11 a/b/g/n/ac/6, dual-band, hotspot', 'Matte Space Gray, Matte Silver, Matte Gold, Matte Midnight Green', '226 g (7.97 oz)', '158 x 77.8 x 8.1 mm (6.22 x 3.06 x 0.32 in)', '· Nano-SIM + eSIM · Nano-SIM + Nano-SIM (China)', 'Face ID, accelerometer, gyro, proximity, compass, barometer', '$ 220.29 / £ 175.00 / € 210.05', NULL, NULL, '[{"category":"Network","specs":[{"label":"Technology","value":"GSM / CDMA / HSPA / EVDO / LTE"},{"label":"2G bands","value":"GSM 850 / 900 / 1800 / 1900"},{"label":"3G bands","value":"HSDPA 850 / 900 / 1700(AWS) / 1900 / 2100"},{"label":"4G bands","value":"1, 2, 3, 4, 5, 7, 8, 11, 12, 13, 17, 18, 19, 20, 21, 25, 26, 28, 29, 30, 32, 34, 38, 39, 40, 41, 42, 46, 48, 66 - A2218"},{"label":"Speed","value":"HSPA, LTE 1.6 Gbps DL, EV-DO Rev.A 3.1 Mbps"}]},{"category":"Launch","specs":[{"label":"Announced","value":"2019, September 10"},{"label":"Status","value":"Available. Released 2019, September 20"}]},{"category":"Body","specs":[{"label":"Dimensions","value":"158 x 77.8 x 8.1 mm (6.22 x 3.06 x 0.32 in)"},{"label":"Weight","value":"226 g (7.97 oz)"},{"label":"Build","value":"Glass front (Corning-made glass), glass back (Corning-made glass), stainless steel frame"},{"label":"SIM","value":"· Nano-SIM + eSIM · Nano-SIM + Nano-SIM (China)"}]},{"category":"Display","specs":[{"label":"Type","value":"Super Retina XDR OLED, HDR10, Dolby Vision, 800 nits (HBM), 1200 nits (peak)"},{"label":"Size","value":"6.5 inches, 102.9 cm 2 (~83.7% screen-to-body ratio)"},{"label":"Resolution","value":"1242 x 2688 pixels, 19.5:9 ratio (~458 ppi density)"},{"label":"Protection","value":"Scratch-resistant glass"}]},{"category":"Platform","specs":[{"label":"OS","value":"iOS 13, upgradable to iOS 26.3"},{"label":"Chipset","value":"Apple A13 Bionic (7 nm+)"},{"label":"CPU","value":"Hexa-core (2x2.65 GHz Lightning + 4x1.8 GHz Thunder)"},{"label":"GPU","value":"Apple GPU (4-core graphics)"}]},{"category":"Memory","specs":[{"label":"Card slot","value":"No"},{"label":"Internal","value":"64GB 4GB RAM, 256GB 4GB RAM, 512GB 4GB RAM"}]},{"category":"Main Camera","specs":[{"label":"Triple","value":"12 MP, f/1.8, 26mm (wide), 1/2.55\\", 1.4µm, dual pixel PDAF, OIS"},{"label":"Features","value":"Dual-LED dual-tone flash, HDR (photo/panorama)"},{"label":"Video","value":"4K@24/25/30/60fps, 1080p@25/30/60/120/240fps, HDR, stereo sound rec."}]},{"category":"Selfie camera","specs":[{"label":"Single","value":"12 MP, f/2.2, 23mm (wide), 1/3.6\\", 1.0µm"},{"label":"Video","value":"4K@24/25/30/60fps, 1080p@25/30/60/120fps, gyro-EIS"},{"label":"Features","value":"HDR"}]},{"category":"Sound","specs":[{"label":"Loudspeaker","value":"Yes, with stereo speakers"},{"label":"3.5mm jack","value":"No"}]},{"category":"Comms","specs":[{"label":"WLAN","value":"Wi-Fi 802.11 a/b/g/n/ac/6, dual-band, hotspot"},{"label":"Bluetooth","value":"5.0, A2DP, LE"},{"label":"Positioning","value":"GPS, GLONASS, GALILEO, QZSS"},{"label":"NFC","value":"Yes"},{"label":"USB","value":"Lightning, USB 2.0"},{"label":"Radio","value":"No"}]},{"category":"Features","specs":[{"label":"Sensors","value":"Face ID, accelerometer, gyro, proximity, compass, barometer"}]},{"category":"Battery","specs":[{"label":"Type","value":"Li-Ion 3969 mAh, non-removable (15.04 Wh)"},{"label":"Charging","value":"Wired, PD2.0, 50% in 30 min"}]},{"category":"Misc","specs":[{"label":"Colors","value":"Matte Space Gray, Matte Silver, Matte Gold, Matte Midnight Green"},{"label":"Models","value":"A2218, A2161, A2220, iPhone12,5"},{"label":"SAR","value":"1.16 W/kg (head)     1.17 W/kg (body)"},{"label":"Price","value":"$ 220.29 / £ 175.00 / € 210.05"},{"label":"SAR EU","value":"0.95 W/kg (head)     0.99 W/kg (body)"}]}]');
INSERT OR IGNORE INTO device_pictures (device_id, url, position) VALUES (73, 'https://fdn2.gsmarena.com/vv/bigpic/apple-iphone-11-pro.jpg', 0);
INSERT OR IGNORE INTO device_pictures (device_id, url, position) VALUES (73, 'https://fdn2.gsmarena.com/vv/pics/apple/apple-iphone-pro-10.jpg', 1);
INSERT OR IGNORE INTO device_pictures (device_id, url, position) VALUES (73, 'https://fdn2.gsmarena.com/vv/pics/apple/apple-iphone-11-pro-max-4.jpg', 2);
INSERT OR IGNORE INTO device_pictures (device_id, url, position) VALUES (73, 'https://fdn2.gsmarena.com/vv/pics/apple/apple-iphone-11-pro-max-5.jpg', 3);
INSERT OR IGNORE INTO device_pictures (device_id, url, position) VALUES (73, 'https://fdn2.gsmarena.com/vv/pics/apple/apple-iphone-11-pro-max-6.jpg', 4);
INSERT OR IGNORE INTO device_pictures (device_id, url, position) VALUES (73, 'https://fdn.gsmarena.com/imgroot/reviews/19/apple-iphone-11-pro-max/lifestyle/-1024w2/gsmarena_001.jpg', 5);
INSERT OR IGNORE INTO device_pictures (device_id, url, position) VALUES (73, 'https://fdn.gsmarena.com/imgroot/reviews/19/apple-iphone-11-pro-max/lifestyle/-1024w2/gsmarena_002.jpg', 6);
INSERT OR IGNORE INTO device_pictures (device_id, url, position) VALUES (73, 'https://fdn.gsmarena.com/imgroot/reviews/19/apple-iphone-11-pro-max/lifestyle/-1024w2/gsmarena_003.jpg', 7);
INSERT OR IGNORE INTO device_pictures (device_id, url, position) VALUES (73, 'https://fdn.gsmarena.com/imgroot/reviews/19/apple-iphone-11-pro-max/lifestyle/-1024w2/gsmarena_004.jpg', 8);
INSERT OR IGNORE INTO device_pictures (device_id, url, position) VALUES (73, 'https://fdn.gsmarena.com/imgroot/reviews/19/apple-iphone-11-pro-max/lifestyle/-1024w2/gsmarena_005.jpg', 9);
INSERT OR IGNORE INTO devices (id, brand_id, name, gsmarena_url, thumbnail_url, summary) VALUES (74, 1, 'iPhone 11 Pro', 'https://www.gsmarena.com/apple_iphone_11_pro-9847.php', 'https://fdn2.gsmarena.com/vv/bigpic/apple-iphone-11-pro-max-.jpg', 'iPhone 11 Pro');
INSERT OR IGNORE INTO device_specs (device_id, announced, status, network, os, chipset, cpu, gpu, display_size, display_type, display_res, ram, storage, main_camera, selfie_camera, battery, charging, nfc, usb, bluetooth, wlan, colors, weight, dimensions, sim, sensors, popularity, fans, rating, full_specs_json) VALUES (74, '2019, September 10', 'Available. Released 2019, September 20', 'GSM / CDMA / HSPA / EVDO / LTE / 4G/LTE', 'iOS 13, upgradable to iOS 26.3', 'Apple A13 Bionic (7 nm+)', 'Hexa-core (2x2.65 GHz Lightning + 4x1.8 GHz Thunder)', 'Apple GPU (4-core graphics)', '5.8 inches, 84.4 cm 2 (~82.1% screen-to-body ratio)', 'Super Retina XDR OLED, HDR10, Dolby Vision, 800 nits (HBM), 1200 nits (peak)', '1125 x 2436 pixels, 19.5:9 ratio (~458 ppi density)', '4GB', '64GB', '12 MP, f/1.8, 26mm (wide), 1/2.55", 1.4µm, dual pixel PDAF, OIS, Dual-LED dual-tone flash, HDR (photo/panorama)', '12 MP, f/2.2, 23mm (wide), 1/3.6", 1.0µm, 4K@24/25/30/60fps, 1080p@25/30/60/120fps, gyro-EIS', 'Li-Ion 3046 mAh, non-removable (11.67 Wh)', 'Wired, PD2.0, 50% in 30 min', 'Yes', 'Lightning, USB 2.0', '5.0, A2DP, LE', 'Wi-Fi 802.11 a/b/g/n/ac/6, dual-band, hotspot', 'Matte Space Gray, Matte Silver, Matte Gold, Matte Midnight Green', '188 g (6.63 oz)', '144 x 71.4 x 8.1 mm (5.67 x 2.81 x 0.32 in)', '· Nano-SIM + eSIM · Nano-SIM + Nano-SIM (China)', 'Face ID, accelerometer, gyro, proximity, compass, barometer', 'About 240 EUR', NULL, NULL, '[{"category":"Network","specs":[{"label":"Technology","value":"GSM / CDMA / HSPA / EVDO / LTE"},{"label":"2G bands","value":"GSM 850 / 900 / 1800 / 1900"},{"label":"3G bands","value":"HSDPA 850 / 900 / 1700(AWS) / 1900 / 2100"},{"label":"4G bands","value":"1, 2, 3, 4, 5, 7, 8, 11, 12, 13, 17, 18, 19, 20, 21, 25, 26, 28, 29, 30, 32, 34, 38, 39, 40, 41, 42, 46, 48, 66 - A2215"},{"label":"Speed","value":"HSPA, LTE 1.6 Gbps DL, EV-DO Rev.A 3.1 Mbps"}]},{"category":"Launch","specs":[{"label":"Announced","value":"2019, September 10"},{"label":"Status","value":"Available. Released 2019, September 20"}]},{"category":"Body","specs":[{"label":"Dimensions","value":"144 x 71.4 x 8.1 mm (5.67 x 2.81 x 0.32 in)"},{"label":"Weight","value":"188 g (6.63 oz)"},{"label":"Build","value":"Glass front (Corning-made glass), glass back (Corning-made glass), stainless steel frame"},{"label":"SIM","value":"· Nano-SIM + eSIM · Nano-SIM + Nano-SIM (China)"}]},{"category":"Display","specs":[{"label":"Type","value":"Super Retina XDR OLED, HDR10, Dolby Vision, 800 nits (HBM), 1200 nits (peak)"},{"label":"Size","value":"5.8 inches, 84.4 cm 2 (~82.1% screen-to-body ratio)"},{"label":"Resolution","value":"1125 x 2436 pixels, 19.5:9 ratio (~458 ppi density)"},{"label":"Protection","value":"Scratch-resistant glass"}]},{"category":"Platform","specs":[{"label":"OS","value":"iOS 13, upgradable to iOS 26.3"},{"label":"Chipset","value":"Apple A13 Bionic (7 nm+)"},{"label":"CPU","value":"Hexa-core (2x2.65 GHz Lightning + 4x1.8 GHz Thunder)"},{"label":"GPU","value":"Apple GPU (4-core graphics)"}]},{"category":"Memory","specs":[{"label":"Card slot","value":"No"},{"label":"Internal","value":"64GB 4GB RAM, 256GB 4GB RAM, 512GB 4GB RAM"}]},{"category":"Main Camera","specs":[{"label":"Triple","value":"12 MP, f/1.8, 26mm (wide), 1/2.55\\", 1.4µm, dual pixel PDAF, OIS"},{"label":"Features","value":"Dual-LED dual-tone flash, HDR (photo/panorama)"},{"label":"Video","value":"4K@24/25/30/60fps, 1080p@25/30/60/120/240fps, HDR, stereo sound rec."}]},{"category":"Selfie camera","specs":[{"label":"Single","value":"12 MP, f/2.2, 23mm (wide), 1/3.6\\", 1.0µm"},{"label":"Video","value":"4K@24/25/30/60fps, 1080p@25/30/60/120fps, gyro-EIS"},{"label":"Features","value":"HDR"}]},{"category":"Sound","specs":[{"label":"Loudspeaker","value":"Yes, with stereo speakers"},{"label":"3.5mm jack","value":"No"}]},{"category":"Comms","specs":[{"label":"WLAN","value":"Wi-Fi 802.11 a/b/g/n/ac/6, dual-band, hotspot"},{"label":"Bluetooth","value":"5.0, A2DP, LE"},{"label":"Positioning","value":"GPS, GLONASS, GALILEO, QZSS"},{"label":"NFC","value":"Yes"},{"label":"USB","value":"Lightning, USB 2.0"},{"label":"Radio","value":"No"}]},{"category":"Features","specs":[{"label":"Sensors","value":"Face ID, accelerometer, gyro, proximity, compass, barometer"}]},{"category":"Battery","specs":[{"label":"Type","value":"Li-Ion 3046 mAh, non-removable (11.67 Wh)"},{"label":"Charging","value":"Wired, PD2.0, 50% in 30 min"}]},{"category":"Misc","specs":[{"label":"Colors","value":"Matte Space Gray, Matte Silver, Matte Gold, Matte Midnight Green"},{"label":"Models","value":"A2215, A2160, A2217, iPhone12,3"},{"label":"SAR","value":"1.18 W/kg (head)     1.16 W/kg (body)"},{"label":"Price","value":"About 240 EUR"},{"label":"SAR EU","value":"0.99 W/kg (head)     0.99 W/kg (body)"}]}]');
INSERT OR IGNORE INTO device_pictures (device_id, url, position) VALUES (74, 'https://fdn2.gsmarena.com/vv/bigpic/apple-iphone-11-pro-max-.jpg', 0);
INSERT OR IGNORE INTO device_pictures (device_id, url, position) VALUES (74, 'https://fdn2.gsmarena.com/vv/pics/apple/apple-iphone-pro-10.jpg', 1);
INSERT OR IGNORE INTO device_pictures (device_id, url, position) VALUES (74, 'https://fdn2.gsmarena.com/vv/pics/apple/apple-iphone-11-pro-max-4.jpg', 2);
INSERT OR IGNORE INTO device_pictures (device_id, url, position) VALUES (74, 'https://fdn2.gsmarena.com/vv/pics/apple/apple-iphone-11-pro-max-5.jpg', 3);
INSERT OR IGNORE INTO device_pictures (device_id, url, position) VALUES (74, 'https://fdn2.gsmarena.com/vv/pics/apple/apple-iphone-11-pro-max-6.jpg', 4);
INSERT OR IGNORE INTO device_pictures (device_id, url, position) VALUES (74, 'https://fdn.gsmarena.com/imgroot/reviews/19/apple-iphone-11-pro-max/lifestyle/-1024w2/gsmarena_001.jpg', 5);
INSERT OR IGNORE INTO device_pictures (device_id, url, position) VALUES (74, 'https://fdn.gsmarena.com/imgroot/reviews/19/apple-iphone-11-pro-max/lifestyle/-1024w2/gsmarena_002.jpg', 6);
INSERT OR IGNORE INTO device_pictures (device_id, url, position) VALUES (74, 'https://fdn.gsmarena.com/imgroot/reviews/19/apple-iphone-11-pro-max/lifestyle/-1024w2/gsmarena_003.jpg', 7);
INSERT OR IGNORE INTO device_pictures (device_id, url, position) VALUES (74, 'https://fdn.gsmarena.com/imgroot/reviews/19/apple-iphone-11-pro-max/lifestyle/-1024w2/gsmarena_004.jpg', 8);
INSERT OR IGNORE INTO device_pictures (device_id, url, position) VALUES (74, 'https://fdn.gsmarena.com/imgroot/reviews/19/apple-iphone-11-pro-max/lifestyle/-1024w2/gsmarena_005.jpg', 9);
INSERT OR IGNORE INTO devices (id, brand_id, name, gsmarena_url, thumbnail_url, summary) VALUES (75, 1, 'iPhone 11', 'https://www.gsmarena.com/apple_iphone_11-9848.php', 'https://fdn2.gsmarena.com/vv/bigpic/apple-iphone-11.jpg', 'iPhone 11');
INSERT OR IGNORE INTO device_specs (device_id, announced, status, network, os, chipset, cpu, gpu, display_size, display_type, display_res, ram, storage, main_camera, selfie_camera, battery, charging, nfc, usb, bluetooth, wlan, colors, weight, dimensions, sim, sensors, popularity, fans, rating, full_specs_json) VALUES (75, '2019, September 10', 'Available. Released 2019, September 20', 'GSM / CDMA / HSPA / EVDO / LTE / 4G/LTE', 'iOS 13, upgradable to iOS 26.3', 'Apple A13 Bionic (7 nm+)', 'Hexa-core (2x2.65 GHz Lightning + 4x1.8 GHz Thunder)', 'Apple GPU (4-core graphics)', '6.1 inches, 90.3 cm 2 (~79.0% screen-to-body ratio)', 'Liquid Retina IPS LCD, 625 nits (typ)', '828 x 1792 pixels, 19.5:9 ratio (~326 ppi density)', '4GB', '64GB', '12 MP, f/1.8, 26mm (wide), 1/2.55", 1.4µm, dual pixel PDAF, OIS, Dual-LED dual-tone flash, HDR (photo/panorama)', '12 MP, f/2.2, 23mm (wide), 1/3.6", 1.0µm, 4K@24/25/30/60fps, 1080p@25/30/60/120fps, gyro-EIS', 'Li-Ion 3110 mAh, non-removable (11.91 Wh)', 'Wired, PD2.0, 50% in 30 min', 'Yes', 'Lightning, USB 2.0', '5.0, A2DP, LE', 'Wi-Fi 802.11 a/b/g/n/ac/6, dual-band, hotspot', 'Black, Green, Yellow, Purple, Red, White', '194 g (6.84 oz)', '150.9 x 75.7 x 8.3 mm (5.94 x 2.98 x 0.33 in)', '· Nano-SIM + eSIM · Nano-SIM + Nano-SIM (China)', 'Face ID, accelerometer, gyro, proximity, compass, barometer', '$ 174.64 / £ 132.00 / € 169.00', NULL, NULL, '[{"category":"Network","specs":[{"label":"Technology","value":"GSM / CDMA / HSPA / EVDO / LTE"},{"label":"2G bands","value":"GSM 850 / 900 / 1800 / 1900"},{"label":"3G bands","value":"HSDPA 850 / 900 / 1700(AWS) / 1900 / 2100"},{"label":"4G bands","value":"1, 2, 3, 4, 5, 7, 8, 11, 12, 13, 17, 18, 19, 20, 21, 25, 26, 28, 29, 30, 32, 34, 38, 39, 40, 41, 42, 46, 48, 66 - A2221"},{"label":"Speed","value":"HSPA 42.2/5.76 Mbps, LTE Cat16 1024/150 Mbps, EV-DO Rev.A 3.1 Mbps"}]},{"category":"Launch","specs":[{"label":"Announced","value":"2019, September 10"},{"label":"Status","value":"Available. Released 2019, September 20"}]},{"category":"Body","specs":[{"label":"Dimensions","value":"150.9 x 75.7 x 8.3 mm (5.94 x 2.98 x 0.33 in)"},{"label":"Weight","value":"194 g (6.84 oz)"},{"label":"Build","value":"Glass front (Corning-made glass), glass back (Corning-made glass), aluminum frame (7000 series)"},{"label":"SIM","value":"· Nano-SIM + eSIM · Nano-SIM + Nano-SIM (China)"}]},{"category":"Display","specs":[{"label":"Type","value":"Liquid Retina IPS LCD, 625 nits (typ)"},{"label":"Size","value":"6.1 inches, 90.3 cm 2 (~79.0% screen-to-body ratio)"},{"label":"Resolution","value":"828 x 1792 pixels, 19.5:9 ratio (~326 ppi density)"},{"label":"Protection","value":"Scratch-resistant glass"}]},{"category":"Platform","specs":[{"label":"OS","value":"iOS 13, upgradable to iOS 26.3"},{"label":"Chipset","value":"Apple A13 Bionic (7 nm+)"},{"label":"CPU","value":"Hexa-core (2x2.65 GHz Lightning + 4x1.8 GHz Thunder)"},{"label":"GPU","value":"Apple GPU (4-core graphics)"}]},{"category":"Memory","specs":[{"label":"Card slot","value":"No"},{"label":"Internal","value":"64GB 4GB RAM, 128GB 4GB RAM, 256GB 4GB RAM"}]},{"category":"Main Camera","specs":[{"label":"Dual","value":"12 MP, f/1.8, 26mm (wide), 1/2.55\\", 1.4µm, dual pixel PDAF, OIS"},{"label":"Features","value":"Dual-LED dual-tone flash, HDR (photo/panorama)"},{"label":"Video","value":"4K@24/25/30/60fps, 1080p@25/30/60/120/240fps, HDR, stereo sound rec."}]},{"category":"Selfie camera","specs":[{"label":"Single","value":"12 MP, f/2.2, 23mm (wide), 1/3.6\\", 1.0µm"},{"label":"Video","value":"4K@24/25/30/60fps, 1080p@25/30/60/120fps, gyro-EIS"},{"label":"Features","value":"HDR"}]},{"category":"Sound","specs":[{"label":"Loudspeaker","value":"Yes, with stereo speakers"},{"label":"3.5mm jack","value":"No"}]},{"category":"Comms","specs":[{"label":"WLAN","value":"Wi-Fi 802.11 a/b/g/n/ac/6, dual-band, hotspot"},{"label":"Bluetooth","value":"5.0, A2DP, LE"},{"label":"Positioning","value":"GPS, GLONASS, GALILEO, QZSS"},{"label":"NFC","value":"Yes"},{"label":"USB","value":"Lightning, USB 2.0"},{"label":"Radio","value":"No"}]},{"category":"Features","specs":[{"label":"Sensors","value":"Face ID, accelerometer, gyro, proximity, compass, barometer"}]},{"category":"Battery","specs":[{"label":"Type","value":"Li-Ion 3110 mAh, non-removable (11.91 Wh)"},{"label":"Charging","value":"Wired, PD2.0, 50% in 30 min"}]},{"category":"Misc","specs":[{"label":"Colors","value":"Black, Green, Yellow, Purple, Red, White"},{"label":"Models","value":"A2221, A2111, A2223, iPhone12,1"},{"label":"SAR","value":"1.09 W/kg (head)     1.18 W/kg (body)"},{"label":"Price","value":"$ 174.64 / £ 132.00 / € 169.00"},{"label":"SAR EU","value":"0.95 W/kg (head)     0.99 W/kg (body)"}]}]');
INSERT OR IGNORE INTO device_pictures (device_id, url, position) VALUES (75, 'https://fdn2.gsmarena.com/vv/bigpic/apple-iphone-11.jpg', 0);
INSERT OR IGNORE INTO device_pictures (device_id, url, position) VALUES (75, 'https://fdn2.gsmarena.com/vv/pics/apple/apple-iphone-11-1.jpg', 1);
INSERT OR IGNORE INTO device_pictures (device_id, url, position) VALUES (75, 'https://fdn2.gsmarena.com/vv/pics/apple/apple-iphone-11-3.jpg', 2);
INSERT OR IGNORE INTO device_pictures (device_id, url, position) VALUES (75, 'https://fdn2.gsmarena.com/vv/pics/apple/apple-iphone-11-2.jpg', 3);
INSERT OR IGNORE INTO device_pictures (device_id, url, position) VALUES (75, 'https://fdn2.gsmarena.com/vv/pics/apple/apple-iphone-11-9.jpg', 4);
INSERT OR IGNORE INTO device_pictures (device_id, url, position) VALUES (75, 'https://fdn.gsmarena.com/imgroot/reviews/19/apple-iphone-11/lifestyle/-1024w2/gsmarena_001.jpg', 5);
INSERT OR IGNORE INTO device_pictures (device_id, url, position) VALUES (75, 'https://fdn.gsmarena.com/imgroot/reviews/19/apple-iphone-11/lifestyle/-1024w2/gsmarena_002.jpg', 6);
INSERT OR IGNORE INTO device_pictures (device_id, url, position) VALUES (75, 'https://fdn.gsmarena.com/imgroot/reviews/19/apple-iphone-11/lifestyle/-1024w2/gsmarena_003.jpg', 7);
INSERT OR IGNORE INTO device_pictures (device_id, url, position) VALUES (75, 'https://fdn.gsmarena.com/imgroot/reviews/19/apple-iphone-11/lifestyle/-1024w2/gsmarena_004.jpg', 8);
INSERT OR IGNORE INTO device_pictures (device_id, url, position) VALUES (75, 'https://fdn.gsmarena.com/imgroot/reviews/19/apple-iphone-11/lifestyle/-1024w2/gsmarena_005.jpg', 9);
INSERT OR IGNORE INTO devices (id, brand_id, name, gsmarena_url, thumbnail_url, summary) VALUES (76, 1, 'iPad 10.2 (2019)', 'https://www.gsmarena.com/apple_ipad_10_2_(2019)-9857.php', 'https://fdn2.gsmarena.com/vv/bigpic/apple-ipad7-102-inches.jpg', 'iPad 10.2 (2019)');
INSERT OR IGNORE INTO device_specs (device_id, announced, status, network, os, chipset, cpu, gpu, display_size, display_type, display_res, ram, storage, main_camera, selfie_camera, battery, charging, nfc, usb, bluetooth, wlan, colors, weight, dimensions, sim, sensors, popularity, fans, rating, full_specs_json) VALUES (76, '2019, September 12. Released 2019, September 21', 'Discontinued', 'GSM / CDMA / HSPA / EVDO / LTE / 4G/LTE', 'iOS 13, upgradable to iPadOS 18.7', 'Apple A10 Fusion (16 nm)', 'Quad-core 2.34 GHz (2x Hurricane + 2x Zephyr)', 'PowerVR Series7XT Plus (six-core graphics)', '10.2 inches, 324.6 cm 2 (~74.4% screen-to-body ratio)', 'IPS LCD', '1620 x 2160 pixels, 4:3 ratio (~264 ppi density)', '3GB', '32GB', '8 MP, f/2.4, 31mm (standard), 1.12µm, AF, HDR', '1.2 MP, f/2.2, 31mm (standard), 720p@30fps', 'Li-Po 8827 mAh, non-removable (32.9 Wh)', NULL, 'No', 'Lightning, USB 2.0; magnetic connector', '4.2, A2DP, EDR, LE', 'Wi-Fi 802.11 a/b/g/n/ac, dual-band, hotspot', 'Silver, Gold, Space Gray', '483 g (Wi-Fi) / 493 g (LTE) (1.06 lb)', '250.6 x 174.1 x 7.5 mm (9.87 x 6.85 x 0.30 in)', 'Nano-SIM + eSIM', 'Fingerprint (front-mounted), accelerometer, gyro, compass, barometer', 'About 350 EUR', NULL, NULL, '[{"category":"Network","specs":[{"label":"Technology","value":"GSM / CDMA / HSPA / EVDO / LTE"},{"label":"2G bands","value":"GSM 850 / 900 / 1800 / 1900"},{"label":"3G bands","value":"HSDPA 800 / 850 / 900 / 1700(AWS) / 1900 / 2100"},{"label":"4G bands","value":"1, 2, 3, 4, 5, 7, 8, 11, 12, 13, 14, 17, 18, 19, 20, 21, 25, 26, 29, 30, 34, 38, 39, 40, 41, 66, 71 - A2200"},{"label":"Speed","value":"HSPA 42.2/5.76 Mbps, LTE Cat16 1024/150 Mbps, EV-DO Rev.A 3.1 Mbps"}]},{"category":"Launch","specs":[{"label":"Announced","value":"2019, September 12. Released 2019, September 21"},{"label":"Status","value":"Discontinued"}]},{"category":"Body","specs":[{"label":"Dimensions","value":"250.6 x 174.1 x 7.5 mm (9.87 x 6.85 x 0.30 in)"},{"label":"Weight","value":"483 g (Wi-Fi) / 493 g (LTE) (1.06 lb)"},{"label":"Build","value":"Glass front, aluminum back, aluminum frame"},{"label":"SIM","value":"Nano-SIM + eSIM"}]},{"category":"Display","specs":[{"label":"Type","value":"IPS LCD"},{"label":"Size","value":"10.2 inches, 324.6 cm 2 (~74.4% screen-to-body ratio)"},{"label":"Resolution","value":"1620 x 2160 pixels, 4:3 ratio (~264 ppi density)"},{"label":"Protection","value":"Scratch-resistant glass, oleophobic coating"}]},{"category":"Platform","specs":[{"label":"OS","value":"iOS 13, upgradable to iPadOS 18.7"},{"label":"Chipset","value":"Apple A10 Fusion (16 nm)"},{"label":"CPU","value":"Quad-core 2.34 GHz (2x Hurricane + 2x Zephyr)"},{"label":"GPU","value":"PowerVR Series7XT Plus (six-core graphics)"}]},{"category":"Memory","specs":[{"label":"Card slot","value":"No"},{"label":"Internal","value":"32GB 3GB RAM, 128GB 3GB RAM"}]},{"category":"Main Camera","specs":[{"label":"Single","value":"8 MP, f/2.4, 31mm (standard), 1.12µm, AF"},{"label":"Features","value":"HDR"},{"label":"Video","value":"1080p@30fps, 720p@120fps, HDR"}]},{"category":"Selfie camera","specs":[{"label":"Single","value":"1.2 MP, f/2.2, 31mm (standard)"},{"label":"Video","value":"720p@30fps"},{"label":"Features","value":"HDR"}]},{"category":"Sound","specs":[{"label":"Loudspeaker","value":"Yes, with stereo speakers"},{"label":"3.5mm jack","value":"Yes"}]},{"category":"Comms","specs":[{"label":"WLAN","value":"Wi-Fi 802.11 a/b/g/n/ac, dual-band, hotspot"},{"label":"Bluetooth","value":"4.2, A2DP, EDR, LE"},{"label":"Positioning","value":"GPS, GLONASS (Wi‑Fi + Cellular model only)"},{"label":"NFC","value":"No"},{"label":"USB","value":"Lightning, USB 2.0; magnetic connector"},{"label":"Radio","value":"No"}]},{"category":"Features","specs":[{"label":"Sensors","value":"Fingerprint (front-mounted), accelerometer, gyro, compass, barometer"}]},{"category":"Battery","specs":[{"label":"Type","value":"Li-Po 8827 mAh, non-removable (32.9 Wh)"},{"label":"Talk time","value":"Up to 10 h (multimedia)"}]},{"category":"Misc","specs":[{"label":"Colors","value":"Silver, Gold, Space Gray"},{"label":"Models","value":"A2197, A2200, A2198, iPad7,11, iPad7,12"},{"label":"Price","value":"About 350 EUR"}]}]');
INSERT OR IGNORE INTO device_pictures (device_id, url, position) VALUES (76, 'https://fdn2.gsmarena.com/vv/bigpic/apple-ipad7-102-inches.jpg', 0);
INSERT OR IGNORE INTO device_pictures (device_id, url, position) VALUES (76, 'https://fdn2.gsmarena.com/vv/pics/apple/apple-ipad7-1.jpg', 1);
INSERT OR IGNORE INTO device_pictures (device_id, url, position) VALUES (76, 'https://fdn2.gsmarena.com/vv/pics/apple/apple-ipad7-2.jpg', 2);
INSERT OR IGNORE INTO devices (id, brand_id, name, gsmarena_url, thumbnail_url, summary) VALUES (77, 1, 'Watch Edition Series 5', 'https://www.gsmarena.com/apple_watch_edition_series_5-9860.php', 'https://fdn2.gsmarena.com/vv/bigpic/apple-watch-edition-series-5.jpg', 'Watch Edition Series 5');
INSERT OR IGNORE INTO device_specs (device_id, announced, status, network, os, chipset, cpu, gpu, display_size, display_type, display_res, ram, storage, main_camera, selfie_camera, battery, charging, nfc, usb, bluetooth, wlan, colors, weight, dimensions, sim, sensors, popularity, fans, rating, full_specs_json) VALUES (77, '2019, September. Released 2019, September', 'Discontinued', 'GSM / HSPA / LTE / 4G/LTE', 'watchOS 6.0, upgradable to watchOS 10.6.1', 'Apple S5', 'Dual-core', 'PowerVR', '1.78 inches', 'Retina LTPO OLED, 1000 nits (peak)', '448 x 368 pixels (~326 ppi density)', '1GB', '32GB', NULL, NULL, 'Li-Po 296 mAh (1.13 Wh), non-removable', 'Wireless', 'Yes', 'No', '5.0, A2DP, LE', 'Wi-Fi 802.11 b/g/n', 'Titanium frame: Space Black, Titanium Ceramic frame: White', '47.8 g (1.69 oz)', '44 x 38 x 10.7 mm (1.73 x 1.50 x 0.42 in)', 'eSIM', 'Accelerometer, gyro, heart rate, barometer, compass', 'About 850 EUR', NULL, NULL, '[{"category":"Network","specs":[{"label":"Technology","value":"GSM / HSPA / LTE"},{"label":"2G bands","value":"GSM 850 / 900 / 1800 / 1900"},{"label":"3G bands","value":"HSDPA 850 / 900 / 1700(AWS) / 1800 / 1900 / 2100"},{"label":"4G bands","value":"1, 2, 3, 4, 5, 7, 8, 18, 19, 20, 25, 26, 39, 40, 41, 66 - Global"},{"label":"Speed","value":"HSPA, LTE"}]},{"category":"Launch","specs":[{"label":"Announced","value":"2019, September. Released 2019, September"},{"label":"Status","value":"Discontinued"}]},{"category":"Body","specs":[{"label":"Dimensions","value":"44 x 38 x 10.7 mm (1.73 x 1.50 x 0.42 in)"},{"label":"Weight","value":"47.8 g (1.69 oz)"},{"label":"Build","value":"Glass front (Sapphire crystal), ceramic/sapphire crystal back, titanium frame Glass front (Sapphire crystal), ceramic/sapphire crystal back, ceramic frame"},{"label":"SIM","value":"eSIM"}]},{"category":"Display","specs":[{"label":"Type","value":"Retina LTPO OLED, 1000 nits (peak)"},{"label":"Size","value":"1.78 inches"},{"label":"Resolution","value":"448 x 368 pixels (~326 ppi density)"},{"label":"Protection","value":"Sapphire crystal glass"}]},{"category":"Platform","specs":[{"label":"OS","value":"watchOS 6.0, upgradable to watchOS 10.6.1"},{"label":"Chipset","value":"Apple S5"},{"label":"CPU","value":"Dual-core"},{"label":"GPU","value":"PowerVR"}]},{"category":"Memory","specs":[{"label":"Card slot","value":"No"},{"label":"Internal","value":"32GB 1GB RAM"}]},{"category":"Sound","specs":[{"label":"Loudspeaker","value":"Yes"},{"label":"3.5mm jack","value":"No"}]},{"category":"Comms","specs":[{"label":"WLAN","value":"Wi-Fi 802.11 b/g/n"},{"label":"Bluetooth","value":"5.0, A2DP, LE"},{"label":"Positioning","value":"GPS, GLONASS, GALILEO, QZSS"},{"label":"NFC","value":"Yes"},{"label":"USB","value":"No"},{"label":"Radio","value":"No"}]},{"category":"Features","specs":[{"label":"Sensors","value":"Accelerometer, gyro, heart rate, barometer, compass"}]},{"category":"Battery","specs":[{"label":"Type","value":"Li-Po 296 mAh (1.13 Wh), non-removable"},{"label":"Charging","value":"Wireless"}]},{"category":"Misc","specs":[{"label":"Colors","value":"Titanium frame: Space Black, Titanium Ceramic frame: White"},{"label":"Models","value":"A2156, A2157, A2094, A2095"},{"label":"Price","value":"About 850 EUR"}]}]');
INSERT OR IGNORE INTO device_pictures (device_id, url, position) VALUES (77, 'https://fdn2.gsmarena.com/vv/bigpic/apple-watch-edition-series-5.jpg', 0);
INSERT OR IGNORE INTO device_pictures (device_id, url, position) VALUES (77, 'https://fdn2.gsmarena.com/vv/pics/apple/apple-watch-5-cc1.jpg', 1);
INSERT OR IGNORE INTO device_pictures (device_id, url, position) VALUES (77, 'https://fdn2.gsmarena.com/vv/pics/apple/apple-watch-5-cc2.jpg', 2);
INSERT OR IGNORE INTO devices (id, brand_id, name, gsmarena_url, thumbnail_url, summary) VALUES (78, 1, 'Watch Series 5', 'https://www.gsmarena.com/apple_watch_series_5-9859.php', 'https://fdn2.gsmarena.com/vv/bigpic/apple-watch-series-5.jpg', 'Watch Series 5');
INSERT OR IGNORE INTO device_specs (device_id, announced, status, network, os, chipset, cpu, gpu, display_size, display_type, display_res, ram, storage, main_camera, selfie_camera, battery, charging, nfc, usb, bluetooth, wlan, colors, weight, dimensions, sim, sensors, popularity, fans, rating, full_specs_json) VALUES (78, '2019, September. Released 2019, September', 'Discontinued', 'GSM / HSPA / LTE / 4G/LTE', 'watchOS 6.0, upgradable to watchOS 10.6.1', 'Apple S5', 'Dual-core', 'PowerVR', '1.78 inches', 'Retina LTPO OLED, 1000 nits (peak)', '448 x 368 pixels (~326 ppi density)', '1GB', '32GB', NULL, NULL, 'Li-Po 296 mAh (1.13 Wh), non-removable', 'Wireless', 'Yes', 'No', '5.0, A2DP, LE', 'Wi-Fi 802.11 b/g/n', 'Space Black, Silver, Gold', '47.8 g (1.69 oz)', '44 x 38 x 10.7 mm (1.73 x 1.50 x 0.42 in)', 'eSIM', 'Accelerometer, gyro, heart rate, barometer, compass', 'About 750 EUR', NULL, NULL, '[{"category":"Network","specs":[{"label":"Technology","value":"GSM / HSPA / LTE"},{"label":"2G bands","value":"GSM 850 / 900 / 1800 / 1900"},{"label":"3G bands","value":"HSDPA 850 / 900 / 1700(AWS) / 1900 / 2100"},{"label":"4G bands","value":"1, 2, 3, 4, 5, 7, 8, 18, 19, 20, 25, 26, 39, 40, 41, 66 - Global"},{"label":"Speed","value":"HSPA, LTE"}]},{"category":"Launch","specs":[{"label":"Announced","value":"2019, September. Released 2019, September"},{"label":"Status","value":"Discontinued"}]},{"category":"Body","specs":[{"label":"Dimensions","value":"44 x 38 x 10.7 mm (1.73 x 1.50 x 0.42 in)"},{"label":"Weight","value":"47.8 g (1.69 oz)"},{"label":"Build","value":"Glass front (Sapphire crystal), ceramic/sapphire crystal back, stainless steel frame"},{"label":"SIM","value":"eSIM"}]},{"category":"Display","specs":[{"label":"Type","value":"Retina LTPO OLED, 1000 nits (peak)"},{"label":"Size","value":"1.78 inches"},{"label":"Resolution","value":"448 x 368 pixels (~326 ppi density)"},{"label":"Protection","value":"Sapphire crystal glass"}]},{"category":"Platform","specs":[{"label":"OS","value":"watchOS 6.0, upgradable to watchOS 10.6.1"},{"label":"Chipset","value":"Apple S5"},{"label":"CPU","value":"Dual-core"},{"label":"GPU","value":"PowerVR"}]},{"category":"Memory","specs":[{"label":"Card slot","value":"No"},{"label":"Internal","value":"32GB 1GB RAM"}]},{"category":"Sound","specs":[{"label":"Loudspeaker","value":"Yes"},{"label":"3.5mm jack","value":"No"}]},{"category":"Comms","specs":[{"label":"WLAN","value":"Wi-Fi 802.11 b/g/n"},{"label":"Bluetooth","value":"5.0, A2DP, LE"},{"label":"Positioning","value":"GPS, GLONASS, GALILEO, QZSS"},{"label":"NFC","value":"Yes"},{"label":"USB","value":"No"},{"label":"Radio","value":"No"}]},{"category":"Features","specs":[{"label":"Sensors","value":"Accelerometer, gyro, heart rate, barometer, compass"}]},{"category":"Battery","specs":[{"label":"Type","value":"Li-Po 296 mAh (1.13 Wh), non-removable"},{"label":"Charging","value":"Wireless"}]},{"category":"Misc","specs":[{"label":"Colors","value":"Space Black, Silver, Gold"},{"label":"Models","value":"A2156, A2157, A2094, A2095"},{"label":"Price","value":"About 750 EUR"}]}]');
INSERT OR IGNORE INTO device_pictures (device_id, url, position) VALUES (78, 'https://fdn2.gsmarena.com/vv/bigpic/apple-watch-series-5.jpg', 0);
INSERT OR IGNORE INTO device_pictures (device_id, url, position) VALUES (78, 'https://fdn2.gsmarena.com/vv/pics/apple/apple-watch-5-ss.jpg', 1);
INSERT OR IGNORE INTO devices (id, brand_id, name, gsmarena_url, thumbnail_url, summary) VALUES (79, 1, 'Watch Series 5 Aluminum', 'https://www.gsmarena.com/apple_watch_series_5_aluminum-9858.php', 'https://fdn2.gsmarena.com/vv/bigpic/apple-watch-aluminum-series-5.jpg', 'Watch Series 5 Aluminum');
INSERT OR IGNORE INTO device_specs (device_id, announced, status, network, os, chipset, cpu, gpu, display_size, display_type, display_res, ram, storage, main_camera, selfie_camera, battery, charging, nfc, usb, bluetooth, wlan, colors, weight, dimensions, sim, sensors, popularity, fans, rating, full_specs_json) VALUES (79, '2019, September. Released 2019, September', 'Discontinued', 'GSM / HSPA / LTE / 4G/LTE', 'watchOS 6.0, upgradable to watchOS 10.6.1', 'Apple S5', 'Dual-core', 'PowerVR', '1.78 inches', 'Retina LTPO OLED, 1000 nits (peak)', '448 x 368 pixels (~326 ppi density)', '1GB', '32GB', NULL, NULL, 'Li-Po 296 mAh (1.13 Wh), non-removable', 'Wireless', 'Yes', 'No', '5.0, A2DP, LE', 'Wi-Fi 802.11 b/g/n', 'Silver, Gold, Space Gray', '36.7 g (1.31 oz)', '44 x 38 x 10.7 mm (1.73 x 1.50 x 0.42 in)', 'eSIM', 'Accelerometer, gyro, heart rate, barometer, compass', 'About 450 EUR', NULL, NULL, '[{"category":"Network","specs":[{"label":"Technology","value":"GSM / HSPA / LTE"},{"label":"2G bands","value":"GSM 850 / 900 / 1800 / 1900"},{"label":"3G bands","value":"HSDPA 850 / 900 / 1700(AWS) / 1900 / 2100"},{"label":"4G bands","value":"1, 2, 3, 4, 5, 7, 8, 18, 19, 20, 25, 26, 39, 40, 41, 66 - Global"},{"label":"Speed","value":"HSPA, LTE"}]},{"category":"Launch","specs":[{"label":"Announced","value":"2019, September. Released 2019, September"},{"label":"Status","value":"Discontinued"}]},{"category":"Body","specs":[{"label":"Dimensions","value":"44 x 38 x 10.7 mm (1.73 x 1.50 x 0.42 in)"},{"label":"Weight","value":"36.7 g (1.31 oz)"},{"label":"Build","value":"Glass front, ceramic/sapphire crystal back, aluminum frame"},{"label":"SIM","value":"eSIM"}]},{"category":"Display","specs":[{"label":"Type","value":"Retina LTPO OLED, 1000 nits (peak)"},{"label":"Size","value":"1.78 inches"},{"label":"Resolution","value":"448 x 368 pixels (~326 ppi density)"},{"label":"Protection","value":"Ion-X strengthened glass"}]},{"category":"Platform","specs":[{"label":"OS","value":"watchOS 6.0, upgradable to watchOS 10.6.1"},{"label":"Chipset","value":"Apple S5"},{"label":"CPU","value":"Dual-core"},{"label":"GPU","value":"PowerVR"}]},{"category":"Memory","specs":[{"label":"Card slot","value":"No"},{"label":"Internal","value":"32GB 1GB RAM"}]},{"category":"Sound","specs":[{"label":"Loudspeaker","value":"Yes"},{"label":"3.5mm jack","value":"No"}]},{"category":"Comms","specs":[{"label":"WLAN","value":"Wi-Fi 802.11 b/g/n"},{"label":"Bluetooth","value":"5.0, A2DP, LE"},{"label":"Positioning","value":"GPS, GLONASS, GALILEO, QZSS"},{"label":"NFC","value":"Yes"},{"label":"USB","value":"No"},{"label":"Radio","value":"No"}]},{"category":"Features","specs":[{"label":"Sensors","value":"Accelerometer, gyro, heart rate, barometer, compass"}]},{"category":"Battery","specs":[{"label":"Type","value":"Li-Po 296 mAh (1.13 Wh), non-removable"},{"label":"Charging","value":"Wireless"}]},{"category":"Misc","specs":[{"label":"Colors","value":"Silver, Gold, Space Gray"},{"label":"Models","value":"A2156, A2157, A2094, A2095, A2092, A2093"},{"label":"Price","value":"About 450 EUR"}]}]');
INSERT OR IGNORE INTO device_pictures (device_id, url, position) VALUES (79, 'https://fdn2.gsmarena.com/vv/bigpic/apple-watch-aluminum-series-5.jpg', 0);
INSERT OR IGNORE INTO device_pictures (device_id, url, position) VALUES (79, 'https://fdn2.gsmarena.com/vv/pics/apple/apple-watch-5-10.jpg', 1);
INSERT OR IGNORE INTO devices (id, brand_id, name, gsmarena_url, thumbnail_url, summary) VALUES (80, 1, 'iPad Air (2019)', 'https://www.gsmarena.com/apple_ipad_air_(2019)-9638.php', 'https://fdn2.gsmarena.com/vv/bigpic/apple-ipad-air3-2019.jpg', 'iPad Air (2019)');
INSERT OR IGNORE INTO device_specs (device_id, announced, status, network, os, chipset, cpu, gpu, display_size, display_type, display_res, ram, storage, main_camera, selfie_camera, battery, charging, nfc, usb, bluetooth, wlan, colors, weight, dimensions, sim, sensors, popularity, fans, rating, full_specs_json) VALUES (80, '2019, March 18. Released 2019, March 18', 'Discontinued', 'GSM / HSPA / LTE / 4G/LTE', 'iOS 12.1.3, upgradable to iPadOS 26.3', 'Apple A12 Bionic (7 nm)', 'Hexa-core (2x2.5 GHz Vortex + 4x1.6 GHz Tempest)', 'Apple GPU (4-core graphics)', '10.5 inches, 341.4 cm 2 (~78.3% screen-to-body ratio)', 'IPS LCD', '1668 x 2224 pixels, 4:3 ratio (~265 ppi density)', '3GB', '64GB', '8 MP, f/2.4, 31mm (standard), 1.12µm, AF, HDR', '7 MP, f/2.2, 31mm (standard), 1080p@30fps', 'Li-Po 8134 mAh, non-removable (30.8 Wh)', NULL, 'No', 'Lightning, USB 2.0', '5.0, A2DP, EDR', 'Wi-Fi 802.11 a/b/g/n/ac, dual-band, hotspot', 'Space Gray, Silver, Gold', '456 g (Wi-Fi) / 464 g (3G/LTE) (1.01 lb)', '250.6 x 174.1 x 6.1 mm (9.87 x 6.85 x 0.24 in)', 'Nano-SIM + eSIM', 'Fingerprint (front-mounted), accelerometer, gyro, compass, barometer', 'About 550 EUR', NULL, NULL, '[{"category":"Network","specs":[{"label":"Technology","value":"GSM / HSPA / LTE"},{"label":"2G bands","value":"GSM 850 / 900 / 1800 / 1900"},{"label":"3G bands","value":"HSDPA 850 / 900 / 1700(AWS) / 1900 / 2100"},{"label":"4G bands","value":"1, 2, 3, 4, 5, 7, 8, 11, 12, 13, 14, 17, 18, 19, 20, 21, 25, 26, 29, 30, 34, 38, 39, 40, 41, 46, 66, 71 - A2153"},{"label":"Speed","value":"HSPA 42.2/5.76 Mbps, LTE Cat16 1024/150 Mbps"}]},{"category":"Launch","specs":[{"label":"Announced","value":"2019, March 18. Released 2019, March 18"},{"label":"Status","value":"Discontinued"}]},{"category":"Body","specs":[{"label":"Dimensions","value":"250.6 x 174.1 x 6.1 mm (9.87 x 6.85 x 0.24 in)"},{"label":"Weight","value":"456 g (Wi-Fi) / 464 g (3G/LTE) (1.01 lb)"},{"label":"Build","value":"Glass front, aluminum back, aluminum frame"},{"label":"SIM","value":"Nano-SIM + eSIM"}]},{"category":"Display","specs":[{"label":"Type","value":"IPS LCD"},{"label":"Size","value":"10.5 inches, 341.4 cm 2 (~78.3% screen-to-body ratio)"},{"label":"Resolution","value":"1668 x 2224 pixels, 4:3 ratio (~265 ppi density)"},{"label":"Protection","value":"Scratch-resistant glass, oleophobic coating"}]},{"category":"Platform","specs":[{"label":"OS","value":"iOS 12.1.3, upgradable to iPadOS 26.3"},{"label":"Chipset","value":"Apple A12 Bionic (7 nm)"},{"label":"CPU","value":"Hexa-core (2x2.5 GHz Vortex + 4x1.6 GHz Tempest)"},{"label":"GPU","value":"Apple GPU (4-core graphics)"}]},{"category":"Memory","specs":[{"label":"Card slot","value":"No"},{"label":"Internal","value":"64GB 3GB RAM, 256GB 3GB RAM"}]},{"category":"Main Camera","specs":[{"label":"Single","value":"8 MP, f/2.4, 31mm (standard), 1.12µm, AF"},{"label":"Features","value":"HDR"},{"label":"Video","value":"1080p@30fps"}]},{"category":"Selfie camera","specs":[{"label":"Single","value":"7 MP, f/2.2, 31mm (standard)"},{"label":"Video","value":"1080p@30fps"},{"label":"Features","value":"HDR"}]},{"category":"Sound","specs":[{"label":"Loudspeaker","value":"Yes, with stereo speakers"},{"label":"3.5mm jack","value":"Yes"}]},{"category":"Comms","specs":[{"label":"WLAN","value":"Wi-Fi 802.11 a/b/g/n/ac, dual-band, hotspot"},{"label":"Bluetooth","value":"5.0, A2DP, EDR"},{"label":"Positioning","value":"GPS, GLONASS (LTE model only)"},{"label":"NFC","value":"No"},{"label":"USB","value":"Lightning, USB 2.0"},{"label":"Radio","value":"No"}]},{"category":"Features","specs":[{"label":"Sensors","value":"Fingerprint (front-mounted), accelerometer, gyro, compass, barometer"}]},{"category":"Battery","specs":[{"label":"Type","value":"Li-Po 8134 mAh, non-removable (30.8 Wh)"},{"label":"Talk time","value":"Up to 10 h (multimedia)"}]},{"category":"Misc","specs":[{"label":"Colors","value":"Space Gray, Silver, Gold"},{"label":"Models","value":"A2153, A2123, A2154, A2152, iPad11,3, iPad11,4"},{"label":"SAR","value":"1.19 W/kg (body)"},{"label":"Price","value":"About 550 EUR"},{"label":"SAR EU","value":"0.99 W/kg (body)"}]}]');
INSERT OR IGNORE INTO device_pictures (device_id, url, position) VALUES (80, 'https://fdn2.gsmarena.com/vv/bigpic/apple-ipad-air3-2019.jpg', 0);
INSERT OR IGNORE INTO device_pictures (device_id, url, position) VALUES (80, 'https://fdn2.gsmarena.com/vv/pics/apple/apple-ipad-air3-2019-1.jpg', 1);
INSERT OR IGNORE INTO device_pictures (device_id, url, position) VALUES (80, 'https://fdn2.gsmarena.com/vv/pics/apple/apple-ipad-air3-2019-2.jpg', 2);
INSERT OR IGNORE INTO device_pictures (device_id, url, position) VALUES (80, 'https://fdn2.gsmarena.com/vv/pics/apple/apple-ipad-air3-2019-3.jpg', 3);
INSERT OR IGNORE INTO devices (id, brand_id, name, gsmarena_url, thumbnail_url, summary) VALUES (81, 1, 'iPad mini (2019)', 'https://www.gsmarena.com/apple_ipad_mini_(2019)-9637.php', 'https://fdn2.gsmarena.com/vv/bigpic/apple-ipad-mini-2019.jpg', 'iPad mini (2019)');
INSERT OR IGNORE INTO device_specs (device_id, announced, status, network, os, chipset, cpu, gpu, display_size, display_type, display_res, ram, storage, main_camera, selfie_camera, battery, charging, nfc, usb, bluetooth, wlan, colors, weight, dimensions, sim, sensors, popularity, fans, rating, full_specs_json) VALUES (81, '2019, March 18. Released 2019, March 18', 'Discontinued', 'GSM / HSPA / LTE / 4G/LTE', 'iOS 12.1.3, upgradable to iPadOS 26.3', 'Apple A12 Bionic (7 nm)', 'Hexa-core (2x2.5 GHz Vortex + 4x1.6 GHz Tempest)', 'Apple GPU (4-core graphics)', '7.9 inches, 193.3 cm 2 (~70.6% screen-to-body ratio)', 'IPS LCD', '1536 x 2048 pixels, 4:3 ratio (~324 ppi density)', '3GB', '64GB', '8 MP, f/2.4, 32mm (standard), 1.12µm, AF, HDR', '7 MP, f/2.2, 31mm (standard), 1080p@30fps', 'Li-Ion 5124 mAh, non-removable (19.1 Wh)', NULL, 'No', 'Lightning, USB 2.0', '5.0, A2DP, EDR', 'Wi-Fi 802.11 a/b/g/n/ac, dual-band, hotspot', 'Space Gray, Silver, Gold', '300.5 g (Wi-Fi) / 308.2 g (3G/LTE) (10.86 oz)', '203.2 x 134.8 x 6.1 mm (8.0 x 5.31 x 0.24 in)', 'Nano-SIM + eSIM', 'Fingerprint (front-mounted), accelerometer, gyro, compass, barometer', 'About 450 EUR', NULL, NULL, '[{"category":"Network","specs":[{"label":"Technology","value":"GSM / HSPA / LTE"},{"label":"2G bands","value":"GSM 850 / 900 / 1800 / 1900"},{"label":"3G bands","value":"HSDPA 850 / 900 / 1700(AWS) / 1900 / 2100"},{"label":"4G bands","value":"1, 2, 3, 4, 5, 7, 8, 11, 12, 13, 14, 17, 18, 19, 20, 21, 25, 26, 29, 30, 34, 38, 39, 40, 41, 46, 66, 71 - A2126"},{"label":"Speed","value":"HSPA 42.2/5.76 Mbps, LTE Cat16 1024/150 Mbps"}]},{"category":"Launch","specs":[{"label":"Announced","value":"2019, March 18. Released 2019, March 18"},{"label":"Status","value":"Discontinued"}]},{"category":"Body","specs":[{"label":"Dimensions","value":"203.2 x 134.8 x 6.1 mm (8.0 x 5.31 x 0.24 in)"},{"label":"Weight","value":"300.5 g (Wi-Fi) / 308.2 g (3G/LTE) (10.86 oz)"},{"label":"Build","value":"Glass front, aluminum back, aluminum frame"},{"label":"SIM","value":"Nano-SIM + eSIM"}]},{"category":"Display","specs":[{"label":"Type","value":"IPS LCD"},{"label":"Size","value":"7.9 inches, 193.3 cm 2 (~70.6% screen-to-body ratio)"},{"label":"Resolution","value":"1536 x 2048 pixels, 4:3 ratio (~324 ppi density)"},{"label":"Protection","value":"Scratch-resistant glass, oleophobic coating"}]},{"category":"Platform","specs":[{"label":"OS","value":"iOS 12.1.3, upgradable to iPadOS 26.3"},{"label":"Chipset","value":"Apple A12 Bionic (7 nm)"},{"label":"CPU","value":"Hexa-core (2x2.5 GHz Vortex + 4x1.6 GHz Tempest)"},{"label":"GPU","value":"Apple GPU (4-core graphics)"}]},{"category":"Memory","specs":[{"label":"Card slot","value":"No"},{"label":"Internal","value":"64GB 3GB RAM, 256GB 3GB RAM"}]},{"category":"Main Camera","specs":[{"label":"Single","value":"8 MP, f/2.4, 32mm (standard), 1.12µm, AF"},{"label":"Features","value":"HDR"},{"label":"Video","value":"1080p@30fps"}]},{"category":"Selfie camera","specs":[{"label":"Single","value":"7 MP, f/2.2, 31mm (standard)"},{"label":"Video","value":"1080p@30fps"},{"label":"Features","value":"HDR"}]},{"category":"Sound","specs":[{"label":"Loudspeaker","value":"Yes, with stereo speakers"},{"label":"3.5mm jack","value":"Yes"}]},{"category":"Comms","specs":[{"label":"WLAN","value":"Wi-Fi 802.11 a/b/g/n/ac, dual-band, hotspot"},{"label":"Bluetooth","value":"5.0, A2DP, EDR"},{"label":"Positioning","value":"GPS, GLONASS (Wi‑Fi + Cellular model only)"},{"label":"NFC","value":"No"},{"label":"USB","value":"Lightning, USB 2.0"},{"label":"Radio","value":"No"}]},{"category":"Features","specs":[{"label":"Sensors","value":"Fingerprint (front-mounted), accelerometer, gyro, compass, barometer"}]},{"category":"Battery","specs":[{"label":"Type","value":"Li-Ion 5124 mAh, non-removable (19.1 Wh)"},{"label":"Talk time","value":"Up to 10 h (multimedia)"}]},{"category":"Misc","specs":[{"label":"Colors","value":"Space Gray, Silver, Gold"},{"label":"Models","value":"A2126, A2124, A2133, A2125, iPad11,1, iPad11,2"},{"label":"SAR","value":"1.19 W/kg (body)"},{"label":"Price","value":"About 450 EUR"},{"label":"SAR EU","value":"0.99 W/kg (body)"}]}]');
INSERT OR IGNORE INTO device_pictures (device_id, url, position) VALUES (81, 'https://fdn2.gsmarena.com/vv/bigpic/apple-ipad-mini-2019.jpg', 0);
INSERT OR IGNORE INTO device_pictures (device_id, url, position) VALUES (81, 'https://fdn2.gsmarena.com/vv/pics/apple/apple-ipad-mini-2019-1.jpg', 1);
INSERT OR IGNORE INTO device_pictures (device_id, url, position) VALUES (81, 'https://fdn2.gsmarena.com/vv/pics/apple/apple-ipad-mini-2019-2.jpg', 2);
INSERT OR IGNORE INTO device_pictures (device_id, url, position) VALUES (81, 'https://fdn2.gsmarena.com/vv/pics/apple/apple-ipad-mini-2019-3.jpg', 3);
INSERT OR IGNORE INTO device_pictures (device_id, url, position) VALUES (81, 'https://fdn2.gsmarena.com/vv/pics/apple/apple-ipad-mini-2019-4.jpg', 4);
INSERT OR IGNORE INTO devices (id, brand_id, name, gsmarena_url, thumbnail_url, summary) VALUES (82, 1, 'iPad Pro 12.9 (2018)', 'https://www.gsmarena.com/apple_ipad_pro_12_9_(2018)-9387.php', 'https://fdn2.gsmarena.com/vv/bigpic/apple-ipad-pro-129-2018.jpg', 'iPad Pro 12.9 (2018)');
INSERT OR IGNORE INTO device_specs (device_id, announced, status, network, os, chipset, cpu, gpu, display_size, display_type, display_res, ram, storage, main_camera, selfie_camera, battery, charging, nfc, usb, bluetooth, wlan, colors, weight, dimensions, sim, sensors, popularity, fans, rating, full_specs_json) VALUES (82, '2018, October. Released 2018, November', 'Discontinued', 'GSM / CDMA / HSPA / EVDO / LTE / 4G/LTE', 'iOS 12, upgradable to iPadOS 26.3', 'Apple A12X Bionic (7 nm)', 'Octa-core (4x2.5 GHz Vortex + 4x1.6 GHz Tempest)', 'Apple GPU (7-core graphics)', '12.9 inches, 515.3 cm 2 (~85.4% screen-to-body ratio)', 'IPS LCD, 120Hz', '2048 x 2732 pixels, 4:3 ratio (~265 ppi density)', '4GB', '64GB', '12 MP, f/1.8, 29mm (standard), 1/3.0", 1.22µm, PDAF, Quad-LED dual-tone flash, HDR', '7 MP, f/2.2, 32mm (standard), 1080p@30fps', 'Li-Po 9720 mAh, non-removable (36.71 Wh)', NULL, 'No', 'USB Type-C 3.1, magnetic connector', '5.0, A2DP, LE, EDR', 'Wi-Fi 802.11 a/b/g/n/ac, dual-band, hotspot', 'Silver, Space Gray', '631 g (Wi-Fi), 633 g (LTE) (1.39 lb)', '280.6 x 214.9 x 5.9 mm (11.05 x 8.46 x 0.23 in)', 'Nano-SIM + eSIM', 'Face ID, accelerometer, gyro, proximity, barometer', 'About 1100 EUR', NULL, NULL, '[{"category":"Network","specs":[{"label":"Technology","value":"GSM / CDMA / HSPA / EVDO / LTE"},{"label":"2G bands","value":"GSM 850 / 900 / 1800 / 1900"},{"label":"3G bands","value":"HSDPA 850 / 900 / 1700(AWS) / 1900 / 2100"},{"label":"4G bands","value":"1, 2, 3, 4, 5, 7, 8, 11, 12, 13, 14, 17, 18, 19, 20, 21, 25, 26, 29, 30, 34, 38, 39, 40, 41, 46, 66, 71 - A2014"},{"label":"Speed","value":"HSPA 42.2/5.76 Mbps, LTE (4CA) Cat16 1024/150 Mbps, EV-DO Rev.A 3.1 Mbps"}]},{"category":"Launch","specs":[{"label":"Announced","value":"2018, October. Released 2018, November"},{"label":"Status","value":"Discontinued"}]},{"category":"Body","specs":[{"label":"Dimensions","value":"280.6 x 214.9 x 5.9 mm (11.05 x 8.46 x 0.23 in)"},{"label":"Weight","value":"631 g (Wi-Fi), 633 g (LTE) (1.39 lb)"},{"label":"Build","value":"Glass front, aluminum back, aluminum frame"},{"label":"SIM","value":"Nano-SIM + eSIM"}]},{"category":"Display","specs":[{"label":"Type","value":"IPS LCD, 120Hz"},{"label":"Size","value":"12.9 inches, 515.3 cm 2 (~85.4% screen-to-body ratio)"},{"label":"Resolution","value":"2048 x 2732 pixels, 4:3 ratio (~265 ppi density)"},{"label":"Protection","value":"Scratch-resistant glass, oleophobic coating"}]},{"category":"Platform","specs":[{"label":"OS","value":"iOS 12, upgradable to iPadOS 26.3"},{"label":"Chipset","value":"Apple A12X Bionic (7 nm)"},{"label":"CPU","value":"Octa-core (4x2.5 GHz Vortex + 4x1.6 GHz Tempest)"},{"label":"GPU","value":"Apple GPU (7-core graphics)"}]},{"category":"Memory","specs":[{"label":"Card slot","value":"No"},{"label":"Internal","value":"64GB 4GB RAM, 256GB 4GB RAM, 512GB 4GB RAM, 1TB 6GB RAM"}]},{"category":"Main Camera","specs":[{"label":"Single","value":"12 MP, f/1.8, 29mm (standard), 1/3.0\\", 1.22µm, PDAF"},{"label":"Features","value":"Quad-LED dual-tone flash, HDR"},{"label":"Video","value":"4K@30/60fps, 1080p@30/60/120fps, 720p@240fps"}]},{"category":"Selfie camera","specs":[{"label":"Single","value":"7 MP, f/2.2, 32mm (standard)"},{"label":"Video","value":"1080p@30fps"},{"label":"Features","value":"Face detection, HDR, panorama"}]},{"category":"Sound","specs":[{"label":"Loudspeaker","value":"Yes, with stereo speakers (4 speakers)"},{"label":"3.5mm jack","value":"No"}]},{"category":"Comms","specs":[{"label":"WLAN","value":"Wi-Fi 802.11 a/b/g/n/ac, dual-band, hotspot"},{"label":"Bluetooth","value":"5.0, A2DP, LE, EDR"},{"label":"Positioning","value":"GPS, GLONASS, GALILEO, QZSS (Wi‑Fi + Cellular model only)"},{"label":"NFC","value":"No"},{"label":"USB","value":"USB Type-C 3.1, magnetic connector"},{"label":"Radio","value":"No"}]},{"category":"Features","specs":[{"label":"Sensors","value":"Face ID, accelerometer, gyro, proximity, barometer"}]},{"category":"Battery","specs":[{"label":"Type","value":"Li-Po 9720 mAh, non-removable (36.71 Wh)"}]},{"category":"Misc","specs":[{"label":"Colors","value":"Silver, Space Gray"},{"label":"Models","value":"A2014, A1895, A1876, A1983, iPad8,5, iPad8,6, iPad8,7, iPad8,8"},{"label":"SAR","value":"1.19 W/kg (body)"},{"label":"Price","value":"About 1100 EUR"},{"label":"SAR EU","value":"0.99 W/kg (body)"}]}]');
INSERT OR IGNORE INTO device_pictures (device_id, url, position) VALUES (82, 'https://fdn2.gsmarena.com/vv/bigpic/apple-ipad-pro-129-2018.jpg', 0);
INSERT OR IGNORE INTO device_pictures (device_id, url, position) VALUES (82, 'https://fdn2.gsmarena.com/vv/pics/apple/apple-ipad-pro-129-2018-1.jpg', 1);
INSERT OR IGNORE INTO device_pictures (device_id, url, position) VALUES (82, 'https://fdn2.gsmarena.com/vv/pics/apple/apple-ipad-pro-1.jpg', 2);
INSERT OR IGNORE INTO device_pictures (device_id, url, position) VALUES (82, 'https://fdn2.gsmarena.com/vv/pics/apple/apple-ipad-pro-000.jpg', 3);
INSERT OR IGNORE INTO device_pictures (device_id, url, position) VALUES (82, 'https://fdn2.gsmarena.com/vv/pics/apple/apple-ipad-pro-0.jpg', 4);
INSERT OR IGNORE INTO devices (id, brand_id, name, gsmarena_url, thumbnail_url, summary) VALUES (83, 1, 'iPad Pro 11 (2018)', 'https://www.gsmarena.com/apple_ipad_pro_11_(2018)-9386.php', 'https://fdn2.gsmarena.com/vv/bigpic/apple-ipad-pro-11-2018.jpg', 'iPad Pro 11 (2018)');
INSERT OR IGNORE INTO device_specs (device_id, announced, status, network, os, chipset, cpu, gpu, display_size, display_type, display_res, ram, storage, main_camera, selfie_camera, battery, charging, nfc, usb, bluetooth, wlan, colors, weight, dimensions, sim, sensors, popularity, fans, rating, full_specs_json) VALUES (83, '2018, October. Released 2018, November', 'Discontinued', 'GSM / CDMA / HSPA / EVDO / LTE / 4G/LTE', 'iOS 12, upgradable to iPadOS 26.3', 'Apple A12X Bionic (7 nm)', 'Octa-core (4x2.5 GHz Vortex + 4x1.6 GHz Tempest)', 'Apple GPU (7-core graphics)', '11.0 inches, 366.5 cm 2 (~82.9% screen-to-body ratio)', 'IPS LCD, 120Hz', '1668 x 2388 pixels (~265 ppi density)', '4GB', '64GB', '12 MP, f/1.8, 29mm (standard), 1/3.0", 1.22µm, PDAF, Quad-LED dual-tone flash, HDR', '7 MP, f/2.2, 32mm (standard), 1080p@30fps', 'Li-Po 7812 mAh, non-removable (29.45 Wh)', NULL, 'No', 'USB Type-C 3.1, magnetic connector', '5.0, A2DP, LE, EDR', 'Wi-Fi 802.11 a/b/g/n/ac, dual-band, hotspot', 'Silver, Space Gray', '468 g (1.03 lb)', '247.6 x 178.5 x 5.9 mm (9.75 x 7.03 x 0.23 in)', 'Nano-SIM + eSIM', 'Face ID, accelerometer, gyro, proximity, barometer', 'About 880 EUR', NULL, NULL, '[{"category":"Network","specs":[{"label":"Technology","value":"GSM / CDMA / HSPA / EVDO / LTE"},{"label":"2G bands","value":"GSM 850 / 900 / 1800 / 1900"},{"label":"3G bands","value":"HSDPA 850 / 900 / 1700(AWS) / 1900 / 2100"},{"label":"4G bands","value":"1, 2, 3, 4, 5, 7, 8, 11, 12, 13, 14, 17, 18, 19, 20, 21, 25, 26, 29, 30, 34, 38, 39, 40, 41, 46, 66, 71 - A2013"},{"label":"Speed","value":"HSPA 42.2/5.76 Mbps, LTE (4CA) Cat16 1024/150 Mbps, EV-DO Rev.A 3.1 Mbps"}]},{"category":"Launch","specs":[{"label":"Announced","value":"2018, October. Released 2018, November"},{"label":"Status","value":"Discontinued"}]},{"category":"Body","specs":[{"label":"Dimensions","value":"247.6 x 178.5 x 5.9 mm (9.75 x 7.03 x 0.23 in)"},{"label":"Weight","value":"468 g (1.03 lb)"},{"label":"Build","value":"Glass front, aluminum back, aluminum frame"},{"label":"SIM","value":"Nano-SIM + eSIM"}]},{"category":"Display","specs":[{"label":"Type","value":"IPS LCD, 120Hz"},{"label":"Size","value":"11.0 inches, 366.5 cm 2 (~82.9% screen-to-body ratio)"},{"label":"Resolution","value":"1668 x 2388 pixels (~265 ppi density)"},{"label":"Protection","value":"Scratch-resistant glass, oleophobic coating"}]},{"category":"Platform","specs":[{"label":"OS","value":"iOS 12, upgradable to iPadOS 26.3"},{"label":"Chipset","value":"Apple A12X Bionic (7 nm)"},{"label":"CPU","value":"Octa-core (4x2.5 GHz Vortex + 4x1.6 GHz Tempest)"},{"label":"GPU","value":"Apple GPU (7-core graphics)"}]},{"category":"Memory","specs":[{"label":"Card slot","value":"No"},{"label":"Internal","value":"64GB 4GB RAM, 256GB 4GB RAM, 512GB 4GB RAM, 1TB 6GB RAM"}]},{"category":"Main Camera","specs":[{"label":"Single","value":"12 MP, f/1.8, 29mm (standard), 1/3.0\\", 1.22µm, PDAF"},{"label":"Features","value":"Quad-LED dual-tone flash, HDR"},{"label":"Video","value":"4K@30/60fps, 1080p@30/60/120fps, 720p@240fps"}]},{"category":"Selfie camera","specs":[{"label":"Single","value":"7 MP, f/2.2, 32mm (standard)"},{"label":"Video","value":"1080p@30fps"},{"label":"Features","value":"Face detection, HDR, panorama"}]},{"category":"Sound","specs":[{"label":"Loudspeaker","value":"Yes, with stereo speakers (4 speakers)"},{"label":"3.5mm jack","value":"No"}]},{"category":"Comms","specs":[{"label":"WLAN","value":"Wi-Fi 802.11 a/b/g/n/ac, dual-band, hotspot"},{"label":"Bluetooth","value":"5.0, A2DP, LE, EDR"},{"label":"Positioning","value":"GPS, GLONASS, GALILEO, QZSS (Wi‑Fi + Cellular model only)"},{"label":"NFC","value":"No"},{"label":"USB","value":"USB Type-C 3.1, magnetic connector"},{"label":"Radio","value":"No"}]},{"category":"Features","specs":[{"label":"Sensors","value":"Face ID, accelerometer, gyro, proximity, barometer"}]},{"category":"Battery","specs":[{"label":"Type","value":"Li-Po 7812 mAh, non-removable (29.45 Wh)"}]},{"category":"Misc","specs":[{"label":"Colors","value":"Silver, Space Gray"},{"label":"Models","value":"A2013, A1934, A1980, A1979, iPad8,1, iPad8,2, iPad8,3, iPad8,4"},{"label":"SAR","value":"1.19 W/kg (body)"},{"label":"Price","value":"About 880 EUR"},{"label":"SAR EU","value":"0.99 W/kg (body)"}]}]');
INSERT OR IGNORE INTO device_pictures (device_id, url, position) VALUES (83, 'https://fdn2.gsmarena.com/vv/bigpic/apple-ipad-pro-11-2018.jpg', 0);
INSERT OR IGNORE INTO device_pictures (device_id, url, position) VALUES (83, 'https://fdn2.gsmarena.com/vv/pics/apple/apple-ipad-pro-11-2018-1.jpg', 1);
INSERT OR IGNORE INTO device_pictures (device_id, url, position) VALUES (83, 'https://fdn2.gsmarena.com/vv/pics/apple/apple-ipad-pro-1.jpg', 2);
INSERT OR IGNORE INTO device_pictures (device_id, url, position) VALUES (83, 'https://fdn2.gsmarena.com/vv/pics/apple/apple-ipad-pro-000.jpg', 3);
INSERT OR IGNORE INTO device_pictures (device_id, url, position) VALUES (83, 'https://fdn2.gsmarena.com/vv/pics/apple/apple-ipad-pro-0.jpg', 4);
INSERT OR IGNORE INTO devices (id, brand_id, name, gsmarena_url, thumbnail_url, summary) VALUES (84, 1, 'iPhone XS Max', 'https://www.gsmarena.com/apple_iphone_xs_max-9319.php', 'https://fdn2.gsmarena.com/vv/bigpic/apple-iphone-xs-max-new1.jpg', 'iPhone XS Max');
INSERT OR IGNORE INTO device_specs (device_id, announced, status, network, os, chipset, cpu, gpu, display_size, display_type, display_res, ram, storage, main_camera, selfie_camera, battery, charging, nfc, usb, bluetooth, wlan, colors, weight, dimensions, sim, sensors, popularity, fans, rating, full_specs_json) VALUES (84, '2018, September 12. Released 2018, September 21', 'Discontinued', 'GSM / CDMA / HSPA / EVDO / LTE / 4G/LTE', 'iOS 12, upgradable to iOS 18.7', 'Apple A12 Bionic (7 nm)', 'Hexa-core (2x2.5 GHz Vortex + 4x1.6 GHz Tempest)', 'Apple GPU (4-core graphics)', '6.5 inches, 102.9 cm 2 (~84.4% screen-to-body ratio)', 'Super Retina OLED, HDR10, Dolby Vision, 625 nits (HBM)', '1242 x 2688 pixels, 19.5:9 ratio (~458 ppi density)', '4GB', '64GB', '12 MP, f/1.8, 26mm (wide), 1/2.55", 1.4µm, dual pixel PDAF, OIS, Quad-LED dual-tone flash, HDR (photo/panorama)', '7 MP, f/2.2, 32mm (standard), 1080p@30/60fps, gyro-EIS', 'Li-Ion 3174 mAh, non-removable (12.08 Wh)', '15W wired, PD2.0, 50% in 30 min', 'Yes', 'Lightning, USB 2.0', '5.0, A2DP, LE', 'Wi-Fi 802.11 a/b/g/n/ac, dual-band, hotspot', 'Space Gray, Silver, Gold', '208 g (7.34 oz)', '157.5 x 77.4 x 7.7 mm (6.20 x 3.05 x 0.30 in)', '· Nano-SIM + eSIM · Nano-SIM + Nano-SIM (China)', 'Face ID, accelerometer, gyro, proximity, compass, barometer', 'About 210 EUR', NULL, NULL, '[{"category":"Network","specs":[{"label":"Technology","value":"GSM / CDMA / HSPA / EVDO / LTE"},{"label":"2G bands","value":"GSM 850 / 900 / 1800 / 1900"},{"label":"3G bands","value":"HSDPA 850 / 900 / 1700(AWS) / 1900 / 2100"},{"label":"4G bands","value":"1, 2, 3, 4, 5, 7, 8, 12, 13, 14, 17, 18, 19, 20, 25, 26, 28, 29, 30, 32, 34, 38, 39, 40, 41, 46, 66 - A2101"},{"label":"Speed","value":"HSPA 42.2/5.76 Mbps, LTE (4CA) Cat16 1024/150 Mbps, EV-DO Rev.A 3.1 Mbps"}]},{"category":"Launch","specs":[{"label":"Announced","value":"2018, September 12. Released 2018, September 21"},{"label":"Status","value":"Discontinued"}]},{"category":"Body","specs":[{"label":"Dimensions","value":"157.5 x 77.4 x 7.7 mm (6.20 x 3.05 x 0.30 in)"},{"label":"Weight","value":"208 g (7.34 oz)"},{"label":"Build","value":"Glass front (Corning-made glass), glass back (Corning-made glass), stainless steel frame"},{"label":"SIM","value":"· Nano-SIM + eSIM · Nano-SIM + Nano-SIM (China)"}]},{"category":"Display","specs":[{"label":"Type","value":"Super Retina OLED, HDR10, Dolby Vision, 625 nits (HBM)"},{"label":"Size","value":"6.5 inches, 102.9 cm 2 (~84.4% screen-to-body ratio)"},{"label":"Resolution","value":"1242 x 2688 pixels, 19.5:9 ratio (~458 ppi density)"},{"label":"Protection","value":"Scratch-resistant glass"}]},{"category":"Platform","specs":[{"label":"OS","value":"iOS 12, upgradable to iOS 18.7"},{"label":"Chipset","value":"Apple A12 Bionic (7 nm)"},{"label":"CPU","value":"Hexa-core (2x2.5 GHz Vortex + 4x1.6 GHz Tempest)"},{"label":"GPU","value":"Apple GPU (4-core graphics)"}]},{"category":"Memory","specs":[{"label":"Card slot","value":"No"},{"label":"Internal","value":"64GB 4GB RAM, 256GB 4GB RAM, 512GB 4GB RAM"}]},{"category":"Main Camera","specs":[{"label":"Dual","value":"12 MP, f/1.8, 26mm (wide), 1/2.55\\", 1.4µm, dual pixel PDAF, OIS"},{"label":"Features","value":"Quad-LED dual-tone flash, HDR (photo/panorama)"},{"label":"Video","value":"4K@24/30/60fps, 1080p@30/60/120/240fps, HDR, stereo sound rec."}]},{"category":"Selfie camera","specs":[{"label":"Single","value":"7 MP, f/2.2, 32mm (standard)"},{"label":"Video","value":"1080p@30/60fps, gyro-EIS"},{"label":"Features","value":"HDR"}]},{"category":"Sound","specs":[{"label":"Loudspeaker","value":"Yes, with stereo speakers"},{"label":"3.5mm jack","value":"No"}]},{"category":"Comms","specs":[{"label":"WLAN","value":"Wi-Fi 802.11 a/b/g/n/ac, dual-band, hotspot"},{"label":"Bluetooth","value":"5.0, A2DP, LE"},{"label":"Positioning","value":"GPS, GLONASS, GALILEO, QZSS"},{"label":"NFC","value":"Yes"},{"label":"USB","value":"Lightning, USB 2.0"},{"label":"Radio","value":"No"}]},{"category":"Features","specs":[{"label":"Sensors","value":"Face ID, accelerometer, gyro, proximity, compass, barometer"}]},{"category":"Battery","specs":[{"label":"Type","value":"Li-Ion 3174 mAh, non-removable (12.08 Wh)"},{"label":"Charging","value":"15W wired, PD2.0, 50% in 30 min"}]},{"category":"Misc","specs":[{"label":"Colors","value":"Space Gray, Silver, Gold"},{"label":"Models","value":"A1921, A2101, A2102, A2104, iPhone11,6"},{"label":"SAR","value":"1.16 W/kg (head)     1.17 W/kg (body)"},{"label":"Price","value":"About 210 EUR"},{"label":"SAR EU","value":"0.99 W/kg (head)     0.99 W/kg (body)"}]}]');
INSERT OR IGNORE INTO device_pictures (device_id, url, position) VALUES (84, 'https://fdn2.gsmarena.com/vv/bigpic/apple-iphone-xs-max-new1.jpg', 0);
INSERT OR IGNORE INTO device_pictures (device_id, url, position) VALUES (84, 'https://fdn2.gsmarena.com/vv/pics/apple/apple-iphone-xs-max-5.jpg', 1);
INSERT OR IGNORE INTO device_pictures (device_id, url, position) VALUES (84, 'https://fdn2.gsmarena.com/vv/pics/apple/apple-iphone-xs-max-3.jpg', 2);
INSERT OR IGNORE INTO device_pictures (device_id, url, position) VALUES (84, 'https://fdn2.gsmarena.com/vv/pics/apple/apple-iphone-xs-max-4.jpg', 3);
INSERT OR IGNORE INTO device_pictures (device_id, url, position) VALUES (84, 'https://fdn.gsmarena.com/imgroot/reviews/18/apple-iphone-xs-max/gal/-1024w2/gsmarena_012.jpg', 4);
INSERT OR IGNORE INTO device_pictures (device_id, url, position) VALUES (84, 'https://fdn.gsmarena.com/imgroot/reviews/18/apple-iphone-xs-max/gal/-1024w2/gsmarena_013.jpg', 5);
INSERT OR IGNORE INTO device_pictures (device_id, url, position) VALUES (84, 'https://fdn.gsmarena.com/imgroot/reviews/18/apple-iphone-xs-max/gal/-1024w2/gsmarena_014.jpg', 6);
INSERT OR IGNORE INTO device_pictures (device_id, url, position) VALUES (84, 'https://fdn.gsmarena.com/imgroot/reviews/18/apple-iphone-xs-max/gal/-1024w2/gsmarena_015.jpg', 7);
INSERT OR IGNORE INTO device_pictures (device_id, url, position) VALUES (84, 'https://fdn.gsmarena.com/imgroot/reviews/18/apple-iphone-xs-max/gal/-1024w2/gsmarena_011.jpg', 8);
INSERT OR IGNORE INTO device_pictures (device_id, url, position) VALUES (84, 'https://fdn.gsmarena.com/imgroot/reviews/18/apple-iphone-xs-max/gal/-1024w2/gsmarena_016.jpg', 9);
INSERT OR IGNORE INTO devices (id, brand_id, name, gsmarena_url, thumbnail_url, summary) VALUES (85, 1, 'iPhone XS', 'https://www.gsmarena.com/apple_iphone_xs-9318.php', 'https://fdn2.gsmarena.com/vv/bigpic/apple-iphone-xs-new.jpg', 'iPhone XS');
INSERT OR IGNORE INTO device_specs (device_id, announced, status, network, os, chipset, cpu, gpu, display_size, display_type, display_res, ram, storage, main_camera, selfie_camera, battery, charging, nfc, usb, bluetooth, wlan, colors, weight, dimensions, sim, sensors, popularity, fans, rating, full_specs_json) VALUES (85, '2018, September 12. Released 2018, September 21', 'Discontinued', 'GSM / CDMA / HSPA / EVDO / LTE / 4G/LTE', 'iOS 12, upgradable to iOS 18.7', 'Apple A12 Bionic (7 nm)', 'Hexa-core (2x2.5 GHz Vortex + 4x1.6 GHz Tempest)', 'Apple GPU (4-core graphics)', '5.8 inches, 84.4 cm 2 (~82.9% screen-to-body ratio)', 'Super Retina OLED, HDR10, Dolby Vision, 625 nits (HBM)', '1125 x 2436 pixels, 19.5:9 ratio (~458 ppi density)', '4GB', '64GB', '12 MP, f/1.8, 26mm (wide), 1/2.55", 1.4µm, dual pixel PDAF, OIS, Quad-LED dual-tone flash, HDR (photo/panorama)', '7 MP, f/2.2, 32mm (standard), 1080p@30/60fps, gyro-EIS', 'Li-Ion 2658 mAh, non-removable (10.13 Wh)', '15W wired, PD2.0, 50% in 30 min', 'Yes', 'Lightning, USB 2.0', '5.0, A2DP, LE', 'Wi-Fi 802.11 a/b/g/n/ac, dual-band, hotspot', 'Space Gray, Silver, Gold', '177 g (6.24 oz)', '143.6 x 70.9 x 7.7 mm (5.65 x 2.79 x 0.30 in)', 'Nano-SIM + eSIM', 'Face ID, accelerometer, gyro, proximity, compass, barometer', 'About 190 EUR', NULL, NULL, '[{"category":"Network","specs":[{"label":"Technology","value":"GSM / CDMA / HSPA / EVDO / LTE"},{"label":"2G bands","value":"GSM 850 / 900 / 1800 / 1900"},{"label":"3G bands","value":"HSDPA 850 / 900 / 1700(AWS) / 1900 / 2100"},{"label":"4G bands","value":"1, 2, 3, 4, 5, 7, 8, 12, 13, 14, 17, 18, 19, 20, 25, 26, 28, 29, 30, 32, 34, 38, 39, 40, 41, 46, 66 - A2097"},{"label":"Speed","value":"HSPA 42.2/5.76 Mbps, LTE (4CA) Cat16 1024/150 Mbps, EV-DO Rev.A 3.1 Mbps"}]},{"category":"Launch","specs":[{"label":"Announced","value":"2018, September 12. Released 2018, September 21"},{"label":"Status","value":"Discontinued"}]},{"category":"Body","specs":[{"label":"Dimensions","value":"143.6 x 70.9 x 7.7 mm (5.65 x 2.79 x 0.30 in)"},{"label":"Weight","value":"177 g (6.24 oz)"},{"label":"Build","value":"Glass front (Corning-made glass), glass back (Corning-made glass), stainless steel frame"},{"label":"SIM","value":"Nano-SIM + eSIM"}]},{"category":"Display","specs":[{"label":"Type","value":"Super Retina OLED, HDR10, Dolby Vision, 625 nits (HBM)"},{"label":"Size","value":"5.8 inches, 84.4 cm 2 (~82.9% screen-to-body ratio)"},{"label":"Resolution","value":"1125 x 2436 pixels, 19.5:9 ratio (~458 ppi density)"},{"label":"Protection","value":"Scratch-resistant glass"}]},{"category":"Platform","specs":[{"label":"OS","value":"iOS 12, upgradable to iOS 18.7"},{"label":"Chipset","value":"Apple A12 Bionic (7 nm)"},{"label":"CPU","value":"Hexa-core (2x2.5 GHz Vortex + 4x1.6 GHz Tempest)"},{"label":"GPU","value":"Apple GPU (4-core graphics)"}]},{"category":"Memory","specs":[{"label":"Card slot","value":"No"},{"label":"Internal","value":"64GB 4GB RAM, 256GB 4GB RAM, 512GB 4GB RAM"}]},{"category":"Main Camera","specs":[{"label":"Dual","value":"12 MP, f/1.8, 26mm (wide), 1/2.55\\", 1.4µm, dual pixel PDAF, OIS"},{"label":"Features","value":"Quad-LED dual-tone flash, HDR (photo/panorama)"},{"label":"Video","value":"4K@24/30/60fps, 1080p@30/60/120/240fps, HDR, stereo sound rec."}]},{"category":"Selfie camera","specs":[{"label":"Single","value":"7 MP, f/2.2, 32mm (standard)"},{"label":"Video","value":"1080p@30/60fps, gyro-EIS"},{"label":"Features","value":"HDR"}]},{"category":"Sound","specs":[{"label":"Loudspeaker","value":"Yes, with stereo speakers"},{"label":"3.5mm jack","value":"No"}]},{"category":"Comms","specs":[{"label":"WLAN","value":"Wi-Fi 802.11 a/b/g/n/ac, dual-band, hotspot"},{"label":"Bluetooth","value":"5.0, A2DP, LE"},{"label":"Positioning","value":"GPS, GLONASS, GALILEO, QZSS"},{"label":"NFC","value":"Yes"},{"label":"USB","value":"Lightning, USB 2.0"},{"label":"Radio","value":"No"}]},{"category":"Features","specs":[{"label":"Sensors","value":"Face ID, accelerometer, gyro, proximity, compass, barometer"}]},{"category":"Battery","specs":[{"label":"Type","value":"Li-Ion 2658 mAh, non-removable (10.13 Wh)"},{"label":"Charging","value":"15W wired, PD2.0, 50% in 30 min"}]},{"category":"Misc","specs":[{"label":"Colors","value":"Space Gray, Silver, Gold"},{"label":"Models","value":"A2097, A1920, A2100, A2098, iPhone11,2"},{"label":"SAR","value":"1.19 W/kg (head)     1.18 W/kg (body)"},{"label":"Price","value":"About 190 EUR"},{"label":"SAR EU","value":"0.99 W/kg (head)     0.99 W/kg (body)"}]}]');
INSERT OR IGNORE INTO device_pictures (device_id, url, position) VALUES (85, 'https://fdn2.gsmarena.com/vv/bigpic/apple-iphone-xs-new.jpg', 0);
INSERT OR IGNORE INTO device_pictures (device_id, url, position) VALUES (85, 'https://fdn2.gsmarena.com/vv/pics/apple/apple-iphone-xs-max-5.jpg', 1);
INSERT OR IGNORE INTO device_pictures (device_id, url, position) VALUES (85, 'https://fdn2.gsmarena.com/vv/pics/apple/apple-iphone-xs-max-3.jpg', 2);
INSERT OR IGNORE INTO device_pictures (device_id, url, position) VALUES (85, 'https://fdn2.gsmarena.com/vv/pics/apple/apple-iphone-xs-max-4.jpg', 3);
INSERT OR IGNORE INTO device_pictures (device_id, url, position) VALUES (85, 'https://fdn.gsmarena.com/imgroot/reviews/18/apple-iphone-xs/gal/-1024w2/gsmarena_011.jpg', 4);
INSERT OR IGNORE INTO device_pictures (device_id, url, position) VALUES (85, 'https://fdn.gsmarena.com/imgroot/reviews/18/apple-iphone-xs/gal/-1024w2/gsmarena_012.jpg', 5);
INSERT OR IGNORE INTO device_pictures (device_id, url, position) VALUES (85, 'https://fdn.gsmarena.com/imgroot/reviews/18/apple-iphone-xs/gal/-1024w2/gsmarena_013.jpg', 6);
INSERT OR IGNORE INTO device_pictures (device_id, url, position) VALUES (85, 'https://fdn.gsmarena.com/imgroot/reviews/18/apple-iphone-xs/gal/-1024w2/gsmarena_014.jpg', 7);
INSERT OR IGNORE INTO device_pictures (device_id, url, position) VALUES (85, 'https://fdn.gsmarena.com/imgroot/reviews/18/apple-iphone-xs/gal/-1024w2/gsmarena_015.jpg', 8);
INSERT OR IGNORE INTO device_pictures (device_id, url, position) VALUES (85, 'https://fdn.gsmarena.com/imgroot/reviews/18/apple-iphone-xs/gal/-1024w2/gsmarena_016.jpg', 9);
INSERT OR IGNORE INTO devices (id, brand_id, name, gsmarena_url, thumbnail_url, summary) VALUES (86, 1, 'iPhone XR', 'https://www.gsmarena.com/apple_iphone_xr-9320.php', 'https://fdn2.gsmarena.com/vv/bigpic/apple-iphone-xr-new.jpg', 'iPhone XR');
INSERT OR IGNORE INTO device_specs (device_id, announced, status, network, os, chipset, cpu, gpu, display_size, display_type, display_res, ram, storage, main_camera, selfie_camera, battery, charging, nfc, usb, bluetooth, wlan, colors, weight, dimensions, sim, sensors, popularity, fans, rating, full_specs_json) VALUES (86, '2018, September 12. Released 2018, October 26', 'Discontinued', 'GSM / CDMA / HSPA / EVDO / LTE / 4G/LTE', 'iOS 12, upgradable to iOS 18.7', 'Apple A12 Bionic (7 nm)', 'Hexa-core (2x2.5 GHz Vortex + 4x1.6 GHz Tempest)', 'Apple GPU (4-core graphics)', '6.1 inches, 90.3 cm 2 (~79.0% screen-to-body ratio)', 'Liquid Retina IPS LCD, 625 nits (HBM)', '828 x 1792 pixels, 19.5:9 ratio (~326 ppi density)', '3GB', '64GB', '12 MP, f/1.8, 26mm (wide), 1/2.55", 1.4µm, PDAF, OIS, Quad-LED dual-tone flash, HDR (photo/panorama)', '7 MP, f/2.2, 32mm (standard), 1080p@60fps', 'Li-Ion 2942 mAh, non-removable (11.16 Wh)', '15W wired, PD2.0, 50% in 30 min', 'Yes', 'Lightning, USB 2.0', '5.0, A2DP, LE', 'Wi-Fi 802.11 a/b/g/n/ac, dual-band, hotspot', 'Black, Red, Yellow, Blue, Coral, White', '194 g (6.84 oz)', '150.9 x 75.7 x 8.3 mm (5.94 x 2.98 x 0.33 in)', '· Nano-SIM + eSIM · Nano-SIM + Nano-SIM (China)', 'Face ID, accelerometer, gyro, proximity, compass, barometer', 'About 150 EUR', NULL, NULL, '[{"category":"Network","specs":[{"label":"Technology","value":"GSM / CDMA / HSPA / EVDO / LTE"},{"label":"2G bands","value":"GSM 850 / 900 / 1800 / 1900"},{"label":"3G bands","value":"HSDPA 850 / 900 / 1700(AWS) / 1900 / 2100"},{"label":"4G bands","value":"1, 2, 3, 4, 5, 7, 8, 12, 13, 14, 17, 18, 19, 20, 25, 26, 29, 30, 32, 34, 38, 39, 40, 41, 66, 71"},{"label":"Speed","value":"HSPA, LTE, EV-DO Rev.A 3.1 Mbps"}]},{"category":"Launch","specs":[{"label":"Announced","value":"2018, September 12. Released 2018, October 26"},{"label":"Status","value":"Discontinued"}]},{"category":"Body","specs":[{"label":"Dimensions","value":"150.9 x 75.7 x 8.3 mm (5.94 x 2.98 x 0.33 in)"},{"label":"Weight","value":"194 g (6.84 oz)"},{"label":"Build","value":"Glass front (Corning-made glass), glass back (Corning-made glass), aluminum frame (7000 series)"},{"label":"SIM","value":"· Nano-SIM + eSIM · Nano-SIM + Nano-SIM (China)"}]},{"category":"Display","specs":[{"label":"Type","value":"Liquid Retina IPS LCD, 625 nits (HBM)"},{"label":"Size","value":"6.1 inches, 90.3 cm 2 (~79.0% screen-to-body ratio)"},{"label":"Resolution","value":"828 x 1792 pixels, 19.5:9 ratio (~326 ppi density)"},{"label":"Protection","value":"Scratch-resistant glass"}]},{"category":"Platform","specs":[{"label":"OS","value":"iOS 12, upgradable to iOS 18.7"},{"label":"Chipset","value":"Apple A12 Bionic (7 nm)"},{"label":"CPU","value":"Hexa-core (2x2.5 GHz Vortex + 4x1.6 GHz Tempest)"},{"label":"GPU","value":"Apple GPU (4-core graphics)"}]},{"category":"Memory","specs":[{"label":"Card slot","value":"No"},{"label":"Internal","value":"64GB 3GB RAM, 128GB 3GB RAM, 256GB 3GB RAM"}]},{"category":"Main Camera","specs":[{"label":"Single","value":"12 MP, f/1.8, 26mm (wide), 1/2.55\\", 1.4µm, PDAF, OIS"},{"label":"Features","value":"Quad-LED dual-tone flash, HDR (photo/panorama)"},{"label":"Video","value":"4K@24/30/60fps, 1080p@30/60/120/240fps, HDR, stereo sound rec."}]},{"category":"Selfie camera","specs":[{"label":"Single","value":"7 MP, f/2.2, 32mm (standard)"},{"label":"Video","value":"1080p@60fps"},{"label":"Features","value":"HDR"}]},{"category":"Sound","specs":[{"label":"Loudspeaker","value":"Yes, with stereo speakers"},{"label":"3.5mm jack","value":"No"}]},{"category":"Comms","specs":[{"label":"WLAN","value":"Wi-Fi 802.11 a/b/g/n/ac, dual-band, hotspot"},{"label":"Bluetooth","value":"5.0, A2DP, LE"},{"label":"Positioning","value":"GPS, GLONASS, GALILEO, QZSS"},{"label":"NFC","value":"Yes"},{"label":"USB","value":"Lightning, USB 2.0"},{"label":"Radio","value":"No"}]},{"category":"Features","specs":[{"label":"Sensors","value":"Face ID, accelerometer, gyro, proximity, compass, barometer"}]},{"category":"Battery","specs":[{"label":"Type","value":"Li-Ion 2942 mAh, non-removable (11.16 Wh)"},{"label":"Charging","value":"15W wired, PD2.0, 50% in 30 min"}]},{"category":"Misc","specs":[{"label":"Colors","value":"Black, Red, Yellow, Blue, Coral, White"},{"label":"Models","value":"A2105, A1984, A2107, A2108, A2106, iPhone11,8"},{"label":"SAR","value":"1.13 W/kg (head)     1.16 W/kg (body)"},{"label":"Price","value":"About 150 EUR"},{"label":"SAR EU","value":"0.99 W/kg (head)     0.99 W/kg (body)"}]}]');
INSERT OR IGNORE INTO device_pictures (device_id, url, position) VALUES (86, 'https://fdn2.gsmarena.com/vv/bigpic/apple-iphone-xr-new.jpg', 0);
INSERT OR IGNORE INTO device_pictures (device_id, url, position) VALUES (86, 'https://fdn2.gsmarena.com/vv/pics/apple/apple-iphone-xr-1.jpg', 1);
INSERT OR IGNORE INTO device_pictures (device_id, url, position) VALUES (86, 'https://fdn2.gsmarena.com/vv/pics/apple/apple-iphone-xr-6.jpg', 2);
INSERT OR IGNORE INTO device_pictures (device_id, url, position) VALUES (86, 'https://fdn2.gsmarena.com/vv/pics/apple/apple-iphone-xr-3.jpg', 3);
INSERT OR IGNORE INTO device_pictures (device_id, url, position) VALUES (86, 'https://fdn2.gsmarena.com/vv/pics/apple/apple-iphone-xr-4.jpg', 4);
INSERT OR IGNORE INTO device_pictures (device_id, url, position) VALUES (86, 'https://fdn2.gsmarena.com/vv/pics/apple/apple-iphone-xr-5.jpg', 5);
INSERT OR IGNORE INTO device_pictures (device_id, url, position) VALUES (86, 'https://fdn.gsmarena.com/imgroot/reviews/18/iphone-xr/gal/-1024w2/gsmarena_001.jpg', 6);
INSERT OR IGNORE INTO device_pictures (device_id, url, position) VALUES (86, 'https://fdn.gsmarena.com/imgroot/reviews/18/iphone-xr/gal/-1024w2/gsmarena_002.jpg', 7);
INSERT OR IGNORE INTO device_pictures (device_id, url, position) VALUES (86, 'https://fdn.gsmarena.com/imgroot/reviews/18/iphone-xr/gal/-1024w2/gsmarena_003.jpg', 8);
INSERT OR IGNORE INTO device_pictures (device_id, url, position) VALUES (86, 'https://fdn.gsmarena.com/imgroot/reviews/18/iphone-xr/gal/-1024w2/gsmarena_004.jpg', 9);
INSERT OR IGNORE INTO devices (id, brand_id, name, gsmarena_url, thumbnail_url, summary) VALUES (87, 1, 'Watch Series 4', 'https://www.gsmarena.com/apple_watch_series_4-9321.php', 'https://fdn2.gsmarena.com/vv/bigpic/apple-watch-series-4-steel.jpg', 'Watch Series 4');
INSERT OR IGNORE INTO device_specs (device_id, announced, status, network, os, chipset, cpu, gpu, display_size, display_type, display_res, ram, storage, main_camera, selfie_camera, battery, charging, nfc, usb, bluetooth, wlan, colors, weight, dimensions, sim, sensors, popularity, fans, rating, full_specs_json) VALUES (87, '2018, September. Released 2018, September', 'Discontinued', 'GSM / HSPA / LTE / 4G/LTE', 'watchOS 5.0, upgradable to watchOS 10.6.1', 'Apple S4', 'Dual-core', 'PowerVR', '1.78 inches', 'Retina LTPO OLED, 1000 nits (peak)', '448 x 368 pixels (~326 ppi density)', '1GB', '16GB', NULL, NULL, 'Li-Ion 292 mAh (1.12 Wh), non-removable', 'Wireless', 'Yes', 'No', '5.0, A2DP, LE', 'Wi-Fi 802.11 b/g/n', 'Space Black, Silver, Gold', '48 g (1.69 oz)', '44 x 38 x 10.7 mm (1.73 x 1.50 x 0.42 in)', 'eSIM', 'Accelerometer, gyro, heart rate, barometer', 'About 700 EUR', NULL, NULL, '[{"category":"Network","specs":[{"label":"Technology","value":"GSM / HSPA / LTE"},{"label":"2G bands","value":"GSM 850 / 900 / 1800 / 1900"},{"label":"3G bands","value":"HSDPA 850 / 900 / 2100 / 800 - Europe, Australia"},{"label":"4G bands","value":"1, 3, 5, 7, 8, 18, 19, 20, 26 - Europe, Australia"},{"label":"Speed","value":"HSPA, LTE"}]},{"category":"Launch","specs":[{"label":"Announced","value":"2018, September. Released 2018, September"},{"label":"Status","value":"Discontinued"}]},{"category":"Body","specs":[{"label":"Dimensions","value":"44 x 38 x 10.7 mm (1.73 x 1.50 x 0.42 in)"},{"label":"Weight","value":"48 g (1.69 oz)"},{"label":"Build","value":"Glass front (Sapphire crystal), ceramic/sapphire crystal back, stainless steel frame"},{"label":"SIM","value":"eSIM"}]},{"category":"Display","specs":[{"label":"Type","value":"Retina LTPO OLED, 1000 nits (peak)"},{"label":"Size","value":"1.78 inches"},{"label":"Resolution","value":"448 x 368 pixels (~326 ppi density)"},{"label":"Protection","value":"Sapphire crystal glass"}]},{"category":"Platform","specs":[{"label":"OS","value":"watchOS 5.0, upgradable to watchOS 10.6.1"},{"label":"Chipset","value":"Apple S4"},{"label":"CPU","value":"Dual-core"},{"label":"GPU","value":"PowerVR"}]},{"category":"Memory","specs":[{"label":"Card slot","value":"No"},{"label":"Internal","value":"16GB 1GB RAM"}]},{"category":"Sound","specs":[{"label":"Loudspeaker","value":"Yes"},{"label":"3.5mm jack","value":"No"}]},{"category":"Comms","specs":[{"label":"WLAN","value":"Wi-Fi 802.11 b/g/n"},{"label":"Bluetooth","value":"5.0, A2DP, LE"},{"label":"Positioning","value":"GPS, GLONASS, GALILEO, QZSS"},{"label":"NFC","value":"Yes"},{"label":"USB","value":"No"},{"label":"Radio","value":"No"}]},{"category":"Features","specs":[{"label":"Sensors","value":"Accelerometer, gyro, heart rate, barometer"}]},{"category":"Battery","specs":[{"label":"Type","value":"Li-Ion 292 mAh (1.12 Wh), non-removable"},{"label":"Charging","value":"Wireless"}]},{"category":"Misc","specs":[{"label":"Colors","value":"Space Black, Silver, Gold"},{"label":"Models","value":"A1975, A1976, A2007, A2008"},{"label":"Price","value":"About 700 EUR"}]}]');
INSERT OR IGNORE INTO device_pictures (device_id, url, position) VALUES (87, 'https://fdn2.gsmarena.com/vv/bigpic/apple-watch-series-4-steel.jpg', 0);
INSERT OR IGNORE INTO device_pictures (device_id, url, position) VALUES (87, 'https://fdn2.gsmarena.com/vv/pics/apple/apple-watch-series-4-steel-1.jpg', 1);
INSERT OR IGNORE INTO device_pictures (device_id, url, position) VALUES (87, 'https://fdn2.gsmarena.com/vv/pics/apple/apple-watch-series-4-steel-2.jpg', 2);
INSERT OR IGNORE INTO device_pictures (device_id, url, position) VALUES (87, 'https://fdn2.gsmarena.com/vv/pics/apple/apple-watch-series-4-steel-3.jpg', 3);
INSERT OR IGNORE INTO device_pictures (device_id, url, position) VALUES (87, 'https://fdn2.gsmarena.com/vv/pics/apple/apple-watch-series-4-cellular.jpg', 4);
INSERT OR IGNORE INTO devices (id, brand_id, name, gsmarena_url, thumbnail_url, summary) VALUES (88, 1, 'Watch Series 4 Aluminum', 'https://www.gsmarena.com/apple_watch_series_4_aluminum-9322.php', 'https://fdn2.gsmarena.com/vv/bigpic/apple-watch-series-4-aluminum.jpg', 'Watch Series 4 Aluminum');
INSERT OR IGNORE INTO device_specs (device_id, announced, status, network, os, chipset, cpu, gpu, display_size, display_type, display_res, ram, storage, main_camera, selfie_camera, battery, charging, nfc, usb, bluetooth, wlan, colors, weight, dimensions, sim, sensors, popularity, fans, rating, full_specs_json) VALUES (88, '2018, September. Released 2018, September', 'Discontinued', 'GSM / HSPA / LTE / 4G/LTE', 'watchOS 5.0, upgradable to watchOS 10.6.1', 'Apple S4', 'Dual-core', 'PowerVR', '1.78 inches', 'Retina LTPO OLED, 1000 nits (peak)', '448 x 368 pixels (~326 ppi density)', '1GB', '16GB', NULL, NULL, 'Li-Ion 292 mAh (1.12 Wh), non-removable', 'Wireless', 'Yes', 'No', '5.0, A2DP, LE', 'Wi-Fi 802.11 b/g/n', 'Silver, Gold, Space Gray', '36.7 g (1.31 oz)', '44 x 38 x 10.7 mm (1.73 x 1.50 x 0.42 in)', 'eSIM', 'Accelerometer, gyro, heart rate, barometer', 'About 430 EUR', NULL, NULL, '[{"category":"Network","specs":[{"label":"Technology","value":"GSM / HSPA / LTE"},{"label":"2G bands","value":"GSM 850 / 900 / 1800 / 1900"},{"label":"3G bands","value":"HSDPA 850 / 900 / 2100 / 800 - Europe, Australia"},{"label":"4G bands","value":"1, 3, 5, 7, 8, 18, 19, 20, 26 - Europe, Australia"},{"label":"Speed","value":"HSPA, LTE"}]},{"category":"Launch","specs":[{"label":"Announced","value":"2018, September. Released 2018, September"},{"label":"Status","value":"Discontinued"}]},{"category":"Body","specs":[{"label":"Dimensions","value":"44 x 38 x 10.7 mm (1.73 x 1.50 x 0.42 in)"},{"label":"Weight","value":"36.7 g (1.31 oz)"},{"label":"Build","value":"Glass front, ceramic/sapphire crystal back, aluminum frame"},{"label":"SIM","value":"eSIM"}]},{"category":"Display","specs":[{"label":"Type","value":"Retina LTPO OLED, 1000 nits (peak)"},{"label":"Size","value":"1.78 inches"},{"label":"Resolution","value":"448 x 368 pixels (~326 ppi density)"},{"label":"Protection","value":"Ion-X strengthened glass"}]},{"category":"Platform","specs":[{"label":"OS","value":"watchOS 5.0, upgradable to watchOS 10.6.1"},{"label":"Chipset","value":"Apple S4"},{"label":"CPU","value":"Dual-core"},{"label":"GPU","value":"PowerVR"}]},{"category":"Memory","specs":[{"label":"Card slot","value":"No"},{"label":"Internal","value":"16GB 1GB RAM"}]},{"category":"Sound","specs":[{"label":"Loudspeaker","value":"Yes"},{"label":"3.5mm jack","value":"No"}]},{"category":"Comms","specs":[{"label":"WLAN","value":"Wi-Fi 802.11 b/g/n"},{"label":"Bluetooth","value":"5.0, A2DP, LE"},{"label":"Positioning","value":"GPS, GLONASS, GALILEO, QZSS"},{"label":"NFC","value":"Yes"},{"label":"USB","value":"No"},{"label":"Radio","value":"No"}]},{"category":"Features","specs":[{"label":"Sensors","value":"Accelerometer, gyro, heart rate, barometer"}]},{"category":"Battery","specs":[{"label":"Type","value":"Li-Ion 292 mAh (1.12 Wh), non-removable"},{"label":"Charging","value":"Wireless"}]},{"category":"Misc","specs":[{"label":"Colors","value":"Silver, Gold, Space Gray"},{"label":"Models","value":"A1975, A1976, A2007, A2008, A1977, A1978"},{"label":"Price","value":"About 430 EUR"}]}]');
INSERT OR IGNORE INTO device_pictures (device_id, url, position) VALUES (88, 'https://fdn2.gsmarena.com/vv/bigpic/apple-watch-series-4-aluminum.jpg', 0);
INSERT OR IGNORE INTO device_pictures (device_id, url, position) VALUES (88, 'https://fdn2.gsmarena.com/vv/pics/apple/apple-watch-series-4-aluminum-1.jpg', 1);
INSERT OR IGNORE INTO device_pictures (device_id, url, position) VALUES (88, 'https://fdn2.gsmarena.com/vv/pics/apple/apple-watch-series-4-aluminum-2.jpg', 2);
INSERT OR IGNORE INTO device_pictures (device_id, url, position) VALUES (88, 'https://fdn2.gsmarena.com/vv/pics/apple/apple-watch-series-4-aluminum-3.jpg', 3);
INSERT OR IGNORE INTO devices (id, brand_id, name, gsmarena_url, thumbnail_url, summary) VALUES (89, 1, 'iPad 9.7 (2018)', 'https://www.gsmarena.com/apple_ipad_9_7_(2018)-9142.php', 'https://fdn2.gsmarena.com/vv/bigpic/apple-ipad-97-2018.jpg', 'iPad 9.7 (2018)');
INSERT OR IGNORE INTO device_specs (device_id, announced, status, network, os, chipset, cpu, gpu, display_size, display_type, display_res, ram, storage, main_camera, selfie_camera, battery, charging, nfc, usb, bluetooth, wlan, colors, weight, dimensions, sim, sensors, popularity, fans, rating, full_specs_json) VALUES (89, '2018, March 27. Released 2018, March 27', 'Discontinued', 'GSM / CDMA / HSPA / EVDO / LTE / 4G/LTE', 'iOS 11.3, upgradable to iPadOS 17.6.1', 'Apple A10 Fusion (16 nm)', 'Quad-core 2.34 GHz (2x Hurricane + 2x Zephyr)', 'PowerVR Series7XT Plus (six-core graphics)', '9.7 inches, 291.4 cm 2 (~71.6% screen-to-body ratio)', 'IPS LCD', '1536 x 2048 pixels, 4:3 ratio (~264 ppi density)', '2GB', '32GB', '8 MP, f/2.4, 31mm (standard), 1.12µm, AF, HDR', '1.2 MP, f/2.2, 31mm (standard), 720p@30fps', 'Li-Po 8827 mAh, non-removable (32.9 Wh)', NULL, 'No', 'Lightning, USB 2.0', '4.2, A2DP, EDR, LE', 'Wi-Fi 802.11 a/b/g/n/ac, dual-band, hotspot', 'Silver, Gold, Space Gray', '469 g (Wi-Fi) / 478 g (LTE) (1.05 lb)', '240 x 169.5 x 7.5 mm (9.45 x 6.67 x 0.30 in)', 'Nano-SIM + eSIM', 'Fingerprint (front-mounted), accelerometer, gyro, compass, barometer', 'About 350 EUR', NULL, NULL, '[{"category":"Network","specs":[{"label":"Technology","value":"GSM / CDMA / HSPA / EVDO / LTE"},{"label":"2G bands","value":"GSM 850 / 900 / 1800 / 1900"},{"label":"3G bands","value":"HSDPA 800 / 850 / 900 / 1700(AWS) / 1900 / 2100"},{"label":"4G bands","value":"1, 2, 3, 4, 5, 7, 8, 12, 13, 17, 18, 19, 20, 25, 26, 27, 28, 29, 30, 38, 39, 40, 41 - A1954"},{"label":"Speed","value":"HSPA 42.2/5.76 Mbps, LTE Cat6 300/50 Mbps, EV-DO Rev.A 3.1 Mbps"}]},{"category":"Launch","specs":[{"label":"Announced","value":"2018, March 27. Released 2018, March 27"},{"label":"Status","value":"Discontinued"}]},{"category":"Body","specs":[{"label":"Dimensions","value":"240 x 169.5 x 7.5 mm (9.45 x 6.67 x 0.30 in)"},{"label":"Weight","value":"469 g (Wi-Fi) / 478 g (LTE) (1.05 lb)"},{"label":"Build","value":"Glass front, aluminum back, aluminum frame"},{"label":"SIM","value":"Nano-SIM + eSIM"}]},{"category":"Display","specs":[{"label":"Type","value":"IPS LCD"},{"label":"Size","value":"9.7 inches, 291.4 cm 2 (~71.6% screen-to-body ratio)"},{"label":"Resolution","value":"1536 x 2048 pixels, 4:3 ratio (~264 ppi density)"},{"label":"Protection","value":"Scratch-resistant glass, oleophobic coating"}]},{"category":"Platform","specs":[{"label":"OS","value":"iOS 11.3, upgradable to iPadOS 17.6.1"},{"label":"Chipset","value":"Apple A10 Fusion (16 nm)"},{"label":"CPU","value":"Quad-core 2.34 GHz (2x Hurricane + 2x Zephyr)"},{"label":"GPU","value":"PowerVR Series7XT Plus (six-core graphics)"}]},{"category":"Memory","specs":[{"label":"Card slot","value":"No"},{"label":"Internal","value":"32GB 2GB RAM, 128GB 2GB RAM"}]},{"category":"Main Camera","specs":[{"label":"Single","value":"8 MP, f/2.4, 31mm (standard), 1.12µm, AF"},{"label":"Features","value":"HDR"},{"label":"Video","value":"1080p@30fps, 720p@120fps, HDR, stereo sound rec."}]},{"category":"Selfie camera","specs":[{"label":"Single","value":"1.2 MP, f/2.2, 31mm (standard)"},{"label":"Video","value":"720p@30fps"},{"label":"Features","value":"Face detection, HDR, panorama"}]},{"category":"Sound","specs":[{"label":"Loudspeaker","value":"Yes, with stereo speakers"},{"label":"3.5mm jack","value":"Yes"}]},{"category":"Comms","specs":[{"label":"WLAN","value":"Wi-Fi 802.11 a/b/g/n/ac, dual-band, hotspot"},{"label":"Bluetooth","value":"4.2, A2DP, EDR, LE"},{"label":"Positioning","value":"GPS, GLONASS (Wi‑Fi + Cellular model only)"},{"label":"NFC","value":"No"},{"label":"USB","value":"Lightning, USB 2.0"},{"label":"Radio","value":"No"}]},{"category":"Features","specs":[{"label":"Sensors","value":"Fingerprint (front-mounted), accelerometer, gyro, compass, barometer"}]},{"category":"Battery","specs":[{"label":"Type","value":"Li-Po 8827 mAh, non-removable (32.9 Wh)"},{"label":"Talk time","value":"Up to 10 h (multimedia)"}]},{"category":"Misc","specs":[{"label":"Colors","value":"Silver, Gold, Space Gray"},{"label":"Models","value":"A1893, A1954, iPad7,5, iPad7,6"},{"label":"SAR","value":"1.18 W/kg (body)"},{"label":"Price","value":"About 350 EUR"},{"label":"SAR EU","value":"0.99 W/kg (body)"}]}]');
INSERT OR IGNORE INTO device_pictures (device_id, url, position) VALUES (89, 'https://fdn2.gsmarena.com/vv/bigpic/apple-ipad-97-2018.jpg', 0);
INSERT OR IGNORE INTO device_pictures (device_id, url, position) VALUES (89, 'https://fdn2.gsmarena.com/vv/pics/apple/apple-ipad-97-2018-1.jpg', 1);
INSERT OR IGNORE INTO device_pictures (device_id, url, position) VALUES (89, 'https://fdn2.gsmarena.com/vv/pics/apple/apple-ipad-97-2018-2.jpg', 2);
INSERT OR IGNORE INTO device_pictures (device_id, url, position) VALUES (89, 'https://fdn2.gsmarena.com/vv/pics/apple/apple-ipad-97-2018-3.jpg', 3);
INSERT OR IGNORE INTO devices (id, brand_id, name, gsmarena_url, thumbnail_url, summary) VALUES (90, 1, 'iPhone X', 'https://www.gsmarena.com/apple_iphone_x-8858.php', 'https://fdn2.gsmarena.com/vv/bigpic/apple-iphone-x.jpg', 'iPhone X');
INSERT OR IGNORE INTO device_specs (device_id, announced, status, network, os, chipset, cpu, gpu, display_size, display_type, display_res, ram, storage, main_camera, selfie_camera, battery, charging, nfc, usb, bluetooth, wlan, colors, weight, dimensions, sim, sensors, popularity, fans, rating, full_specs_json) VALUES (90, '2017, September 12. Released 2017, November 03', 'Discontinued', 'GSM / HSPA / LTE / 4G/LTE', 'iOS 11.1.1, up to iOS 16.7.12', 'Apple A11 Bionic (10 nm)', 'Hexa-core 2.39 GHz (2x Monsoon + 4x Mistral)', 'Apple GPU (three-core graphics)', '5.8 inches, 84.4 cm 2 (~82.9% screen-to-body ratio)', 'Super Retina OLED, HDR10, Dolby Vision, 625 nits (HBM)', '1125 x 2436 pixels, 19.5:9 ratio (~458 ppi density)', '3GB', '64GB', '12 MP, f/1.8, 28mm (wide), 1/3.0", 1.22µm, dual pixel PDAF, OIS, Quad-LED dual-tone flash, HDR (photo/panorama), panorama, HDR', '7 MP, f/2.2, 32mm (standard), 1080p@30fps', 'Li-Ion 2716 mAh, non-removable (10.35 Wh)', '15W wired, PD2.0, 50% in 30 min', 'Yes', 'Lightning, USB 2.0', '5.0, A2DP, LE', 'Wi-Fi 802.11 a/b/g/n/ac, dual-band, hotspot', 'Space Gray, Silver', '174 g (6.14 oz)', '143.6 x 70.9 x 7.7 mm (5.65 x 2.79 x 0.30 in)', 'Nano-SIM', 'Face ID, accelerometer, gyro, proximity, compass, barometer', 'About 100 EUR', NULL, NULL, '[{"category":"Network","specs":[{"label":"Technology","value":"GSM / HSPA / LTE"},{"label":"2G bands","value":"GSM 850 / 900 / 1800 / 1900"},{"label":"3G bands","value":"HSDPA 850 / 900 / 1700(AWS) / 1900 / 2100"},{"label":"4G bands","value":"1, 2, 3, 4, 5, 7, 8, 12, 13, 17, 18, 19, 20, 25, 26, 28, 29, 30, 34, 38, 39, 40, 41, 66"},{"label":"Speed","value":"HSPA 42.2/5.76 Mbps, LTE (3CA) Cat12 600/150 Mbps, EV-DO Rev.A 3.1 Mbps"}]},{"category":"Launch","specs":[{"label":"Announced","value":"2017, September 12. Released 2017, November 03"},{"label":"Status","value":"Discontinued"}]},{"category":"Body","specs":[{"label":"Dimensions","value":"143.6 x 70.9 x 7.7 mm (5.65 x 2.79 x 0.30 in)"},{"label":"Weight","value":"174 g (6.14 oz)"},{"label":"Build","value":"Glass front (Corning-made glass), glass back (Corning-made glass), stainless steel frame"},{"label":"SIM","value":"Nano-SIM"}]},{"category":"Display","specs":[{"label":"Type","value":"Super Retina OLED, HDR10, Dolby Vision, 625 nits (HBM)"},{"label":"Size","value":"5.8 inches, 84.4 cm 2 (~82.9% screen-to-body ratio)"},{"label":"Resolution","value":"1125 x 2436 pixels, 19.5:9 ratio (~458 ppi density)"},{"label":"Protection","value":"Scratch-resistant glass"}]},{"category":"Platform","specs":[{"label":"OS","value":"iOS 11.1.1, up to iOS 16.7.12"},{"label":"Chipset","value":"Apple A11 Bionic (10 nm)"},{"label":"CPU","value":"Hexa-core 2.39 GHz (2x Monsoon + 4x Mistral)"},{"label":"GPU","value":"Apple GPU (three-core graphics)"}]},{"category":"Memory","specs":[{"label":"Card slot","value":"No"},{"label":"Internal","value":"64GB 3GB RAM, 256GB 3GB RAM"}]},{"category":"Main Camera","specs":[{"label":"Dual","value":"12 MP, f/1.8, 28mm (wide), 1/3.0\\", 1.22µm, dual pixel PDAF, OIS"},{"label":"Features","value":"Quad-LED dual-tone flash, HDR (photo/panorama), panorama, HDR"},{"label":"Video","value":"4K@24/30/60fps, 1080p@30/60/120/240fps"}]},{"category":"Selfie camera","specs":[{"label":"Single","value":"7 MP, f/2.2, 32mm (standard)"},{"label":"Video","value":"1080p@30fps"},{"label":"Features","value":"HDR"}]},{"category":"Sound","specs":[{"label":"Loudspeaker","value":"Yes, with stereo speakers"},{"label":"3.5mm jack","value":"No"}]},{"category":"Comms","specs":[{"label":"WLAN","value":"Wi-Fi 802.11 a/b/g/n/ac, dual-band, hotspot"},{"label":"Bluetooth","value":"5.0, A2DP, LE"},{"label":"Positioning","value":"GPS, GLONASS, GALILEO, QZSS"},{"label":"NFC","value":"Yes"},{"label":"USB","value":"Lightning, USB 2.0"},{"label":"Radio","value":"No"}]},{"category":"Features","specs":[{"label":"Sensors","value":"Face ID, accelerometer, gyro, proximity, compass, barometer"}]},{"category":"Battery","specs":[{"label":"Type","value":"Li-Ion 2716 mAh, non-removable (10.35 Wh)"},{"label":"Charging","value":"15W wired, PD2.0, 50% in 30 min"},{"label":"Talk time","value":"Up to 21 h (3G)"}]},{"category":"Misc","specs":[{"label":"Colors","value":"Space Gray, Silver"},{"label":"Models","value":"A1865, A1901, A1902, A1903, iPhone10,3, iPhone10,6"},{"label":"SAR","value":"1.09 W/kg (head)     1.17 W/kg (body)"},{"label":"Price","value":"About 100 EUR"}]}]');
INSERT OR IGNORE INTO device_pictures (device_id, url, position) VALUES (90, 'https://fdn2.gsmarena.com/vv/bigpic/apple-iphone-x.jpg', 0);
INSERT OR IGNORE INTO device_pictures (device_id, url, position) VALUES (90, 'https://fdn2.gsmarena.com/vv/pics/apple/apple-iphone-x-new-1.jpg', 1);
INSERT OR IGNORE INTO device_pictures (device_id, url, position) VALUES (90, 'https://fdn2.gsmarena.com/vv/pics/apple/apple-iphone-x-new-2.jpg', 2);
INSERT OR IGNORE INTO device_pictures (device_id, url, position) VALUES (90, 'https://fdn2.gsmarena.com/vv/pics/apple/apple-iphone-x-4.jpg', 3);
INSERT OR IGNORE INTO device_pictures (device_id, url, position) VALUES (90, 'https://fdn.gsmarena.com/imgroot//reviews/17/apple-iphone-x/lifestyle/-728w2/gsmarena_009.jpg', 4);
INSERT OR IGNORE INTO device_pictures (device_id, url, position) VALUES (90, 'https://fdn.gsmarena.com/imgroot//reviews/17/apple-iphone-x/lifestyle/-728w2/gsmarena_010.jpg', 5);
INSERT OR IGNORE INTO device_pictures (device_id, url, position) VALUES (90, 'https://fdn.gsmarena.com/imgroot//reviews/17/apple-iphone-x/lifestyle/-728w2/gsmarena_017.jpg', 6);
INSERT OR IGNORE INTO device_pictures (device_id, url, position) VALUES (90, 'https://fdn.gsmarena.com/imgroot//reviews/17/apple-iphone-x/lifestyle/-728w2/gsmarena_019.jpg', 7);
INSERT OR IGNORE INTO device_pictures (device_id, url, position) VALUES (90, 'https://fdn.gsmarena.com/imgroot//reviews/17/apple-iphone-x/lifestyle/-728w2/gsmarena_022.jpg', 8);
INSERT OR IGNORE INTO device_pictures (device_id, url, position) VALUES (90, 'https://fdn.gsmarena.com/imgroot//reviews/17/apple-iphone-x/lifestyle/-728w2/gsmarena_024.jpg', 9);
INSERT OR IGNORE INTO devices (id, brand_id, name, gsmarena_url, thumbnail_url, summary) VALUES (91, 1, 'iPhone 8 Plus', 'https://www.gsmarena.com/apple_iphone_8_plus-8131.php', 'https://fdn2.gsmarena.com/vv/bigpic/apple-iphone-8-plus-new.jpg', 'iPhone 8 Plus');
INSERT OR IGNORE INTO device_specs (device_id, announced, status, network, os, chipset, cpu, gpu, display_size, display_type, display_res, ram, storage, main_camera, selfie_camera, battery, charging, nfc, usb, bluetooth, wlan, colors, weight, dimensions, sim, sensors, popularity, fans, rating, full_specs_json) VALUES (91, '2017, September 12. Released 2017, September 22', 'Discontinued', 'GSM / HSPA / LTE / 4G/LTE', 'iOS 11, up to iOS 16.7.12', 'Apple A11 Bionic (10 nm)', 'Hexa-core (2x Monsoon + 4x Mistral)', 'Apple GPU (three-core graphics)', '5.5 inches, 83.4 cm 2 (~67.4% screen-to-body ratio)', 'Retina IPS LCD, 625 nits (typ)', '1080 x 1920 pixels, 16:9 ratio (~401 ppi density)', '3GB', '64GB', '12 MP, f/1.8, 28mm (wide), PDAF, OIS, Quad-LED dual-tone flash, HDR', '7 MP, f/2.2, 32mm (standard), 1080p@30fps', 'Li-Ion 2691 mAh, non-removable (10.28 Wh)', '15W wired, PD2.0, 50% in 30 min', 'Yes', 'Lightning, USB 2.0', '5.0, A2DP, LE', 'Wi-Fi 802.11 a/b/g/n/ac, dual-band, hotspot', 'Gold, Space Gray, Silver, Red', '202 g (7.13 oz)', '158.4 x 78.1 x 7.5 mm (6.24 x 3.07 x 0.30 in)', 'Nano-SIM', 'Fingerprint (front-mounted), accelerometer, gyro, proximity, compass, barometer', 'About 340 EUR', NULL, NULL, '[{"category":"Network","specs":[{"label":"Technology","value":"GSM / HSPA / LTE"},{"label":"2G bands","value":"GSM 850 / 900 / 1800 / 1900"},{"label":"3G bands","value":"HSDPA 850 / 900 / 1700(AWS) / 1900 / 2100"},{"label":"4G bands","value":"1, 2, 3, 4, 5, 7, 8, 12, 13, 17, 18, 19, 20, 25, 26, 28, 29, 30, 34, 38, 39, 40, 41, 66"},{"label":"Speed","value":"HSPA 42.2/5.76 Mbps, LTE (3CA) Cat12 600/150 Mbps, EV-DO Rev.A 3.1 Mbps"}]},{"category":"Launch","specs":[{"label":"Announced","value":"2017, September 12. Released 2017, September 22"},{"label":"Status","value":"Discontinued"}]},{"category":"Body","specs":[{"label":"Dimensions","value":"158.4 x 78.1 x 7.5 mm (6.24 x 3.07 x 0.30 in)"},{"label":"Weight","value":"202 g (7.13 oz)"},{"label":"Build","value":"Glass front (Corning-made glass), glass back (Corning-made glass), aluminum frame"},{"label":"SIM","value":"Nano-SIM"}]},{"category":"Display","specs":[{"label":"Type","value":"Retina IPS LCD, 625 nits (typ)"},{"label":"Size","value":"5.5 inches, 83.4 cm 2 (~67.4% screen-to-body ratio)"},{"label":"Resolution","value":"1080 x 1920 pixels, 16:9 ratio (~401 ppi density)"},{"label":"Protection","value":"Ion-strengthened glass"}]},{"category":"Platform","specs":[{"label":"OS","value":"iOS 11, up to iOS 16.7.12"},{"label":"Chipset","value":"Apple A11 Bionic (10 nm)"},{"label":"CPU","value":"Hexa-core (2x Monsoon + 4x Mistral)"},{"label":"GPU","value":"Apple GPU (three-core graphics)"}]},{"category":"Memory","specs":[{"label":"Card slot","value":"No"},{"label":"Internal","value":"64GB 3GB RAM, 128GB 3GB RAM, 256GB 3GB RAM"}]},{"category":"Main Camera","specs":[{"label":"Dual","value":"12 MP, f/1.8, 28mm (wide), PDAF, OIS"},{"label":"Features","value":"Quad-LED dual-tone flash, HDR"},{"label":"Video","value":"4K@24/30/60fps, 1080p@30/60/120/240fps"}]},{"category":"Selfie camera","specs":[{"label":"Single","value":"7 MP, f/2.2, 32mm (standard)"},{"label":"Video","value":"1080p@30fps"},{"label":"Features","value":"Face detection, HDR"}]},{"category":"Sound","specs":[{"label":"Loudspeaker","value":"Yes, with stereo speakers"},{"label":"3.5mm jack","value":"No"}]},{"category":"Comms","specs":[{"label":"WLAN","value":"Wi-Fi 802.11 a/b/g/n/ac, dual-band, hotspot"},{"label":"Bluetooth","value":"5.0, A2DP, LE"},{"label":"Positioning","value":"GPS, GLONASS, GALILEO, QZSS"},{"label":"NFC","value":"Yes"},{"label":"USB","value":"Lightning, USB 2.0"},{"label":"Radio","value":"No"}]},{"category":"Features","specs":[{"label":"Sensors","value":"Fingerprint (front-mounted), accelerometer, gyro, proximity, compass, barometer"}]},{"category":"Battery","specs":[{"label":"Type","value":"Li-Ion 2691 mAh, non-removable (10.28 Wh)"},{"label":"Charging","value":"15W wired, PD2.0, 50% in 30 min"},{"label":"Talk time","value":"Up to 21 h (3G)"}]},{"category":"Misc","specs":[{"label":"Colors","value":"Gold, Space Gray, Silver, Red"},{"label":"Models","value":"A1864, A1897, A1898, , A1899, iPhone10,2, iPhone10,5"},{"label":"SAR","value":"1.19 W/kg (head)     1.19 W/kg (body)"},{"label":"Price","value":"About 340 EUR"},{"label":"SAR EU","value":"0.99 W/kg (head)     0.99 W/kg (body)"}]}]');
INSERT OR IGNORE INTO device_pictures (device_id, url, position) VALUES (91, 'https://fdn2.gsmarena.com/vv/bigpic/apple-iphone-8-plus-new.jpg', 0);
INSERT OR IGNORE INTO device_pictures (device_id, url, position) VALUES (91, 'https://fdn2.gsmarena.com/vv/pics/apple/apple-iphone-8-plus-0.jpg', 1);
INSERT OR IGNORE INTO device_pictures (device_id, url, position) VALUES (91, 'https://fdn2.gsmarena.com/vv/pics/apple/apple-iphone-8-plus-1.jpg', 2);
INSERT OR IGNORE INTO device_pictures (device_id, url, position) VALUES (91, 'https://fdn2.gsmarena.com/vv/pics/apple/apple-iphone-8-plus-2.jpg', 3);
INSERT OR IGNORE INTO device_pictures (device_id, url, position) VALUES (91, 'https://fdn2.gsmarena.com/vv/pics/apple/apple-iphone-8-plus-3.jpg', 4);
INSERT OR IGNORE INTO device_pictures (device_id, url, position) VALUES (91, 'https://fdn.gsmarena.com/imgroot/reviews/17/apple-iphone-8-plus/lifestyle/-728w2/gsmarena_015.jpg', 5);
INSERT OR IGNORE INTO device_pictures (device_id, url, position) VALUES (91, 'https://fdn.gsmarena.com/imgroot/reviews/17/apple-iphone-8-plus/lifestyle/-728w2/gsmarena_012.jpg', 6);
INSERT OR IGNORE INTO device_pictures (device_id, url, position) VALUES (91, 'https://fdn.gsmarena.com/imgroot/reviews/17/apple-iphone-8-plus/lifestyle/-728w2/gsmarena_008.jpg', 7);
INSERT OR IGNORE INTO device_pictures (device_id, url, position) VALUES (91, 'https://fdn.gsmarena.com/imgroot/reviews/17/apple-iphone-8-plus/lifestyle/-728w2/gsmarena_009.jpg', 8);
INSERT OR IGNORE INTO device_pictures (device_id, url, position) VALUES (91, 'https://fdn.gsmarena.com/imgroot/reviews/17/apple-iphone-8-plus/lifestyle/-728w2/gsmarena_014.jpg', 9);
INSERT OR IGNORE INTO devices (id, brand_id, name, gsmarena_url, thumbnail_url, summary) VALUES (92, 1, 'iPhone 8', 'https://www.gsmarena.com/apple_iphone_8-8573.php', 'https://fdn2.gsmarena.com/vv/bigpic/apple-iphone-8-new.jpg', 'iPhone 8');
INSERT OR IGNORE INTO device_specs (device_id, announced, status, network, os, chipset, cpu, gpu, display_size, display_type, display_res, ram, storage, main_camera, selfie_camera, battery, charging, nfc, usb, bluetooth, wlan, colors, weight, dimensions, sim, sensors, popularity, fans, rating, full_specs_json) VALUES (92, '2017, September 12. Released 2017, September 22', 'Discontinued', 'GSM / HSPA / LTE / 4G/LTE', 'iOS 11, up to iOS 16.7.12', 'Apple A11 Bionic (10 nm)', 'Hexa-core (2x Monsoon + 4x Mistral)', 'Apple GPU (three-core graphics)', '4.7 inches, 60.9 cm 2 (~65.4% screen-to-body ratio)', 'Retina IPS LCD, 625 nits (typ)', '750 x 1334 pixels, 16:9 ratio (~326 ppi density)', '2GB', '64GB', '12 MP, f/1.8, 28mm (wide), PDAF, OIS, Quad-LED dual-tone flash, HDR', '7 MP, f/2.2, 1080p@30fps', 'Li-Ion 1821 mAh, non-removable (6.96 Wh)', '15W wired, PD2.0, 50% in 30 min', 'Yes', 'Lightning, USB 2.0', '5.0, A2DP, LE', 'Wi-Fi 802.11 a/b/g/n/ac, dual-band, hotspot', 'Silver, Space Gray, Gold, Red', '148 g (5.22 oz)', '138.4 x 67.3 x 7.3 mm (5.45 x 2.65 x 0.29 in)', 'Nano-SIM', 'Fingerprint (front-mounted), accelerometer, gyro, proximity, compass, barometer', 'About 210 EUR', NULL, NULL, '[{"category":"Network","specs":[{"label":"Technology","value":"GSM / HSPA / LTE"},{"label":"2G bands","value":"GSM 850 / 900 / 1800 / 1900"},{"label":"3G bands","value":"HSDPA 850 / 900 / 1700(AWS) / 1900 / 2100"},{"label":"4G bands","value":"1, 2, 3, 4, 5, 7, 8, 12, 13, 17, 18, 19, 20, 25, 26, 28, 29, 30, 34, 38, 39, 40, 41, 66"},{"label":"Speed","value":"HSPA 42.2/5.76 Mbps, LTE (3CA) Cat12 600/150 Mbps, EV-DO Rev.A 3.1 Mbps"}]},{"category":"Launch","specs":[{"label":"Announced","value":"2017, September 12. Released 2017, September 22"},{"label":"Status","value":"Discontinued"}]},{"category":"Body","specs":[{"label":"Dimensions","value":"138.4 x 67.3 x 7.3 mm (5.45 x 2.65 x 0.29 in)"},{"label":"Weight","value":"148 g (5.22 oz)"},{"label":"Build","value":"Glass front (Corning-made glass), glass back (Corning-made glass), aluminum frame"},{"label":"SIM","value":"Nano-SIM"}]},{"category":"Display","specs":[{"label":"Type","value":"Retina IPS LCD, 625 nits (typ)"},{"label":"Size","value":"4.7 inches, 60.9 cm 2 (~65.4% screen-to-body ratio)"},{"label":"Resolution","value":"750 x 1334 pixels, 16:9 ratio (~326 ppi density)"},{"label":"Protection","value":"Ion-strengthened glass"}]},{"category":"Platform","specs":[{"label":"OS","value":"iOS 11, up to iOS 16.7.12"},{"label":"Chipset","value":"Apple A11 Bionic (10 nm)"},{"label":"CPU","value":"Hexa-core (2x Monsoon + 4x Mistral)"},{"label":"GPU","value":"Apple GPU (three-core graphics)"}]},{"category":"Memory","specs":[{"label":"Card slot","value":"No"},{"label":"Internal","value":"64GB 2GB RAM, 128GB 2GB RAM, 256GB 2GB RAM"}]},{"category":"Main Camera","specs":[{"label":"Single","value":"12 MP, f/1.8, 28mm (wide), PDAF, OIS"},{"label":"Features","value":"Quad-LED dual-tone flash, HDR"},{"label":"Video","value":"4K@24/30/60fps, 1080p@30/60/120/240fps"}]},{"category":"Selfie camera","specs":[{"label":"Single","value":"7 MP, f/2.2"},{"label":"Video","value":"1080p@30fps"},{"label":"Features","value":"Face detection, HDR, panorama"}]},{"category":"Sound","specs":[{"label":"Loudspeaker","value":"Yes, with stereo speakers"},{"label":"3.5mm jack","value":"No"}]},{"category":"Comms","specs":[{"label":"WLAN","value":"Wi-Fi 802.11 a/b/g/n/ac, dual-band, hotspot"},{"label":"Bluetooth","value":"5.0, A2DP, LE"},{"label":"Positioning","value":"GPS, GLONASS, GALILEO, QZSS"},{"label":"NFC","value":"Yes"},{"label":"USB","value":"Lightning, USB 2.0"},{"label":"Radio","value":"No"}]},{"category":"Features","specs":[{"label":"Sensors","value":"Fingerprint (front-mounted), accelerometer, gyro, proximity, compass, barometer"}]},{"category":"Battery","specs":[{"label":"Type","value":"Li-Ion 1821 mAh, non-removable (6.96 Wh)"},{"label":"Charging","value":"15W wired, PD2.0, 50% in 30 min"},{"label":"Talk time","value":"Up to 14 h (3G)"}]},{"category":"Misc","specs":[{"label":"Colors","value":"Silver, Space Gray, Gold, Red"},{"label":"Models","value":"A1863, A1905, A1906, A1907, iPhone10,1, iPhone10,4"},{"label":"SAR","value":"1.32 W/kg (head)     1.36 W/kg (body)"},{"label":"Price","value":"About 210 EUR"},{"label":"SAR EU","value":"1.19 W/kg (head)     1.17 W/kg (body)"}]}]');
INSERT OR IGNORE INTO device_pictures (device_id, url, position) VALUES (92, 'https://fdn2.gsmarena.com/vv/bigpic/apple-iphone-8-new.jpg', 0);
INSERT OR IGNORE INTO device_pictures (device_id, url, position) VALUES (92, 'https://fdn2.gsmarena.com/vv/pics/apple/apple-iphone-8-new-1.jpg', 1);
INSERT OR IGNORE INTO device_pictures (device_id, url, position) VALUES (92, 'https://fdn2.gsmarena.com/vv/pics/apple/apple-iphone-8-3.jpg', 2);
INSERT OR IGNORE INTO device_pictures (device_id, url, position) VALUES (92, 'https://fdn2.gsmarena.com/vv/pics/apple/apple-iphone-8-5.jpg', 3);
INSERT OR IGNORE INTO device_pictures (device_id, url, position) VALUES (92, 'https://fdn2.gsmarena.com/vv/pics/apple/apple-iphone-8-4.jpg', 4);
INSERT OR IGNORE INTO device_pictures (device_id, url, position) VALUES (92, 'https://fdn.gsmarena.com/imgroot/reviews/17/apple-iphone-8/lifestyle/-728w2/gsmarena_005.jpg', 5);
INSERT OR IGNORE INTO device_pictures (device_id, url, position) VALUES (92, 'https://fdn.gsmarena.com/imgroot/reviews/17/apple-iphone-8/lifestyle/-728w2/gsmarena_006.jpg', 6);
INSERT OR IGNORE INTO device_pictures (device_id, url, position) VALUES (92, 'https://fdn.gsmarena.com/imgroot/reviews/17/apple-iphone-8/lifestyle/-728w2/gsmarena_007.jpg', 7);
INSERT OR IGNORE INTO device_pictures (device_id, url, position) VALUES (92, 'https://fdn.gsmarena.com/imgroot/reviews/17/apple-iphone-8/lifestyle/-728w2/gsmarena_008.jpg', 8);
INSERT OR IGNORE INTO device_pictures (device_id, url, position) VALUES (92, 'https://fdn.gsmarena.com/imgroot/reviews/17/apple-iphone-8/lifestyle/-728w2/gsmarena_014.jpg', 9);
INSERT OR IGNORE INTO devices (id, brand_id, name, gsmarena_url, thumbnail_url, summary) VALUES (93, 1, 'Watch Edition Series 3', 'https://www.gsmarena.com/apple_watch_edition_series_3-8861.php', 'https://fdn2.gsmarena.com/vv/bigpic/apple-watch-edition-series3.jpg', 'Watch Edition Series 3');
INSERT OR IGNORE INTO device_specs (device_id, announced, status, network, os, chipset, cpu, gpu, display_size, display_type, display_res, ram, storage, main_camera, selfie_camera, battery, charging, nfc, usb, bluetooth, wlan, colors, weight, dimensions, sim, sensors, popularity, fans, rating, full_specs_json) VALUES (93, '2017, September. Released 2017, September', 'Discontinued', 'GSM / HSPA / LTE / 4G/LTE', 'watchOS 4.0, upgradable to watchOS 8.7', 'Apple S3', 'Dual-core', 'PowerVR', '1.65 inches', 'Retina OLED, 1000 nits (peak)', '390 x 312 pixels (~303 ppi density)', NULL, '16GB', NULL, NULL, 'Li-Ion 341 mAh (1.34 Wh), non-removable', 'Wireless', 'Yes', 'No', '4.2, A2DP, LE', 'Wi-Fi 802.11 b/g/n', 'White, Gray', '46.4 g (1.62 oz)', '42.6 x 36.5 x 11.4 mm (1.68 x 1.44 x 0.45 in)', 'eSIM', 'Accelerometer, gyro, heart rate, barometer', 'About 1450 EUR', NULL, NULL, '[{"category":"Network","specs":[{"label":"Technology","value":"GSM / HSPA / LTE"},{"label":"2G bands","value":"GSM 850 / 900 / 1800 / 1900"},{"label":"3G bands","value":"HSDPA 850 / 900 / 2100 / 800 - Europe, Australia (A1891)"},{"label":"4G bands","value":"1, 3, 5, 7, 8, 18, 19, 20, 26 - Europe, Australia (A1891)"},{"label":"Speed","value":"HSPA, LTE"}]},{"category":"Launch","specs":[{"label":"Announced","value":"2017, September. Released 2017, September"},{"label":"Status","value":"Discontinued"}]},{"category":"Body","specs":[{"label":"Dimensions","value":"42.6 x 36.5 x 11.4 mm (1.68 x 1.44 x 0.45 in)"},{"label":"Weight","value":"46.4 g (1.62 oz)"},{"label":"Build","value":"Glass front (Sapphire crystal), ceramic back, ceramic frame"},{"label":"SIM","value":"eSIM"}]},{"category":"Display","specs":[{"label":"Type","value":"Retina OLED, 1000 nits (peak)"},{"label":"Size","value":"1.65 inches"},{"label":"Resolution","value":"390 x 312 pixels (~303 ppi density)"},{"label":"Protection","value":"Sapphire crystal glass"}]},{"category":"Platform","specs":[{"label":"OS","value":"watchOS 4.0, upgradable to watchOS 8.7"},{"label":"Chipset","value":"Apple S3"},{"label":"CPU","value":"Dual-core"},{"label":"GPU","value":"PowerVR"}]},{"category":"Memory","specs":[{"label":"Card slot","value":"No"},{"label":"Internal","value":"16GB 768MB RAM"}]},{"category":"Sound","specs":[{"label":"Loudspeaker","value":"Yes"},{"label":"3.5mm jack","value":"No"}]},{"category":"Comms","specs":[{"label":"WLAN","value":"Wi-Fi 802.11 b/g/n"},{"label":"Bluetooth","value":"4.2, A2DP, LE"},{"label":"Positioning","value":"GPS, GLONASS"},{"label":"NFC","value":"Yes"},{"label":"USB","value":"No"},{"label":"Radio","value":"No"}]},{"category":"Features","specs":[{"label":"Sensors","value":"Accelerometer, gyro, heart rate, barometer"}]},{"category":"Battery","specs":[{"label":"Type","value":"Li-Ion 341 mAh (1.34 Wh), non-removable"},{"label":"Charging","value":"Wireless"}]},{"category":"Misc","specs":[{"label":"Colors","value":"White, Gray"},{"label":"Models","value":"A1860, A1861, A1889, A1891, A1890, A1892"},{"label":"SAR","value":"0.35 W/kg (head)     0.18 W/kg (body)"},{"label":"Price","value":"About 1450 EUR"}]}]');
INSERT OR IGNORE INTO device_pictures (device_id, url, position) VALUES (93, 'https://fdn2.gsmarena.com/vv/bigpic/apple-watch-edition-series3.jpg', 0);
INSERT OR IGNORE INTO device_pictures (device_id, url, position) VALUES (93, 'https://fdn2.gsmarena.com/vv/pics/apple/apple-watch-edition-series3-1.jpg', 1);
INSERT OR IGNORE INTO device_pictures (device_id, url, position) VALUES (93, 'https://fdn2.gsmarena.com/vv/pics/apple/apple-watch-edition-series3-2.jpg', 2);
INSERT OR IGNORE INTO device_pictures (device_id, url, position) VALUES (93, 'https://fdn2.gsmarena.com/vv/pics/apple/apple-watch-edition-series3-3.jpg', 3);
INSERT OR IGNORE INTO device_pictures (device_id, url, position) VALUES (93, 'https://fdn2.gsmarena.com/vv/pics/apple/apple-watch-edition-series3-4.jpg', 4);
INSERT OR IGNORE INTO device_pictures (device_id, url, position) VALUES (93, 'https://fdn2.gsmarena.com/vv/pics/apple/apple-watch-edition-series3-5.jpg', 5);
INSERT OR IGNORE INTO devices (id, brand_id, name, gsmarena_url, thumbnail_url, summary) VALUES (94, 1, 'Watch Series 3', 'https://www.gsmarena.com/apple_watch_series_3-8860.php', 'https://fdn2.gsmarena.com/vv/bigpic/apple-watch-series3-.jpg', 'Watch Series 3');
INSERT OR IGNORE INTO device_specs (device_id, announced, status, network, os, chipset, cpu, gpu, display_size, display_type, display_res, ram, storage, main_camera, selfie_camera, battery, charging, nfc, usb, bluetooth, wlan, colors, weight, dimensions, sim, sensors, popularity, fans, rating, full_specs_json) VALUES (94, '2017, September. Released 2017, September', 'Discontinued', 'GSM / HSPA / LTE / 4G/LTE', 'watchOS 4.0, upgradable to watchOS 8.7', 'Apple S3', 'Dual-core', 'PowerVR', '1.65 inches', 'Retina OLED, 1000 nits (peak)', '390 x 312 pixels (~303 ppi density)', NULL, '16GB', NULL, NULL, 'Li-Ion 341 mAh (1.34 Wh), non-removable', 'Wireless', 'Yes', 'No', '4.2, A2DP, LE', 'Wi-Fi 802.11 b/g/n', 'Space Black, Silver', '52.8 g (1.87 oz)', '42.5 x 36.4 x 11.4 mm (1.67 x 1.43 x 0.45 in)', 'eSIM', 'Accelerometer, gyro, heart rate, barometer', 'About 700 EUR', NULL, NULL, '[{"category":"Network","specs":[{"label":"Technology","value":"GSM / HSPA / LTE"},{"label":"2G bands","value":"GSM 850 / 900 / 1800 / 1900"},{"label":"3G bands","value":"HSDPA 850 / 900 / 2100 / 800 - Europe, Australia (A1891)"},{"label":"4G bands","value":"1, 3, 5, 7, 8, 18, 19, 20, 26 - Europe, Australia (A1891)"},{"label":"Speed","value":"HSPA, LTE"}]},{"category":"Launch","specs":[{"label":"Announced","value":"2017, September. Released 2017, September"},{"label":"Status","value":"Discontinued"}]},{"category":"Body","specs":[{"label":"Dimensions","value":"42.5 x 36.4 x 11.4 mm (1.67 x 1.43 x 0.45 in)"},{"label":"Weight","value":"52.8 g (1.87 oz)"},{"label":"Build","value":"Glass front (Sapphire crystal), ceramic/sapphire crystal back, stainless steel frame"},{"label":"SIM","value":"eSIM"}]},{"category":"Display","specs":[{"label":"Type","value":"Retina OLED, 1000 nits (peak)"},{"label":"Size","value":"1.65 inches"},{"label":"Resolution","value":"390 x 312 pixels (~303 ppi density)"},{"label":"Protection","value":"Sapphire crystal glass"}]},{"category":"Platform","specs":[{"label":"OS","value":"watchOS 4.0, upgradable to watchOS 8.7"},{"label":"Chipset","value":"Apple S3"},{"label":"CPU","value":"Dual-core"},{"label":"GPU","value":"PowerVR"}]},{"category":"Memory","specs":[{"label":"Card slot","value":"No"},{"label":"Internal","value":"16GB 768MB RAM"}]},{"category":"Sound","specs":[{"label":"Loudspeaker","value":"Yes"},{"label":"3.5mm jack","value":"No"}]},{"category":"Comms","specs":[{"label":"WLAN","value":"Wi-Fi 802.11 b/g/n"},{"label":"Bluetooth","value":"4.2, A2DP, LE"},{"label":"Positioning","value":"GPS, GLONASS"},{"label":"NFC","value":"Yes"},{"label":"USB","value":"No"},{"label":"Radio","value":"No"}]},{"category":"Features","specs":[{"label":"Sensors","value":"Accelerometer, gyro, heart rate, barometer"}]},{"category":"Battery","specs":[{"label":"Type","value":"Li-Ion 341 mAh (1.34 Wh), non-removable"},{"label":"Charging","value":"Wireless"}]},{"category":"Misc","specs":[{"label":"Colors","value":"Space Black, Silver"},{"label":"Models","value":"A1860, A1861, A1889, A1891, A1890, A1892"},{"label":"SAR","value":"0.35 W/kg (head)     0.18 W/kg (body)"},{"label":"Price","value":"About 700 EUR"}]}]');
INSERT OR IGNORE INTO device_pictures (device_id, url, position) VALUES (94, 'https://fdn2.gsmarena.com/vv/bigpic/apple-watch-series3-.jpg', 0);
INSERT OR IGNORE INTO device_pictures (device_id, url, position) VALUES (94, 'https://fdn2.gsmarena.com/vv/pics/apple/apple-watch-series3-0.jpg', 1);
INSERT OR IGNORE INTO device_pictures (device_id, url, position) VALUES (94, 'https://fdn2.gsmarena.com/vv/pics/apple/apple-watch-series3-1.jpg', 2);
INSERT OR IGNORE INTO device_pictures (device_id, url, position) VALUES (94, 'https://fdn2.gsmarena.com/vv/pics/apple/apple-watch-series3-2.jpg', 3);
INSERT OR IGNORE INTO devices (id, brand_id, name, gsmarena_url, thumbnail_url, summary) VALUES (95, 1, 'Watch Series 3 Aluminum', 'https://www.gsmarena.com/apple_watch_series_3_aluminum-8859.php', 'https://fdn2.gsmarena.com/vv/bigpic/apple-watch-series3-sport-.jpg', 'Watch Series 3 Aluminum');
INSERT OR IGNORE INTO device_specs (device_id, announced, status, network, os, chipset, cpu, gpu, display_size, display_type, display_res, ram, storage, main_camera, selfie_camera, battery, charging, nfc, usb, bluetooth, wlan, colors, weight, dimensions, sim, sensors, popularity, fans, rating, full_specs_json) VALUES (95, '2017, September. Released 2017, September', 'Discontinued', 'GSM / HSPA / LTE / 4G/LTE', 'watchOS 4.0, upgradable to watchOS 8.7', 'Apple S3', 'Dual-core', 'PowerVR', '1.65 inches', 'Retina OLED, 1000 nits (peak)', '390 x 312 pixels (~303 ppi density)', NULL, '8GB', NULL, NULL, 'Li-Ion 341 mAh (1.34 Wh), non-removable', 'Wireless', 'Yes', 'No', '4.2, A2DP, LE', 'Wi-Fi 802.11 b/g/n', 'Silver, Gold, Space Gray', '34.9 g (1.23 oz)', '42.5 x 36.4 x 11.4 mm (1.67 x 1.43 x 0.45 in)', 'eSIM', 'Accelerometer, gyro, heart rate, barometer', 'About 480 EUR', NULL, NULL, '[{"category":"Network","specs":[{"label":"Technology","value":"GSM / HSPA / LTE"},{"label":"2G bands","value":"GSM 850 / 900 / 1800 / 1900"},{"label":"3G bands","value":"HSDPA 850 / 900 / 2100 / 800 - Europe, Australia (A1891)"},{"label":"4G bands","value":"1, 3, 5, 7, 8, 18, 19, 20, 26 - Europe, Australia (A1891)"},{"label":"Speed","value":"HSPA, LTE"}]},{"category":"Launch","specs":[{"label":"Announced","value":"2017, September. Released 2017, September"},{"label":"Status","value":"Discontinued"}]},{"category":"Body","specs":[{"label":"Dimensions","value":"42.5 x 36.4 x 11.4 mm (1.67 x 1.43 x 0.45 in)"},{"label":"Weight","value":"34.9 g (1.23 oz)"},{"label":"Build","value":"Glass front, ceramic back, aluminum frame"},{"label":"SIM","value":"eSIM"}]},{"category":"Display","specs":[{"label":"Type","value":"Retina OLED, 1000 nits (peak)"},{"label":"Size","value":"1.65 inches"},{"label":"Resolution","value":"390 x 312 pixels (~303 ppi density)"},{"label":"Protection","value":"Ion-X strengthened glass"}]},{"category":"Platform","specs":[{"label":"OS","value":"watchOS 4.0, upgradable to watchOS 8.7"},{"label":"Chipset","value":"Apple S3"},{"label":"CPU","value":"Dual-core"},{"label":"GPU","value":"PowerVR"}]},{"category":"Memory","specs":[{"label":"Card slot","value":"No"},{"label":"Internal","value":"8GB 768MB RAM, 16GB 768MB RAM"}]},{"category":"Sound","specs":[{"label":"Loudspeaker","value":"Yes"},{"label":"3.5mm jack","value":"No"}]},{"category":"Comms","specs":[{"label":"WLAN","value":"Wi-Fi 802.11 b/g/n"},{"label":"Bluetooth","value":"4.2, A2DP, LE"},{"label":"Positioning","value":"GPS, GLONASS"},{"label":"NFC","value":"Yes"},{"label":"USB","value":"No"},{"label":"Radio","value":"No"}]},{"category":"Features","specs":[{"label":"Sensors","value":"Accelerometer, gyro, heart rate, barometer"}]},{"category":"Battery","specs":[{"label":"Type","value":"Li-Ion 341 mAh (1.34 Wh), non-removable"},{"label":"Charging","value":"Wireless"}]},{"category":"Misc","specs":[{"label":"Colors","value":"Silver, Gold, Space Gray"},{"label":"Models","value":"A1860, A1861, A1889, A1891, A1890, A1892, A1858, A1859"},{"label":"SAR","value":"0.52 W/kg (head)     0.34 W/kg (body)"},{"label":"Price","value":"About 480 EUR"}]}]');
INSERT OR IGNORE INTO device_pictures (device_id, url, position) VALUES (95, 'https://fdn2.gsmarena.com/vv/bigpic/apple-watch-series3-sport-.jpg', 0);
INSERT OR IGNORE INTO device_pictures (device_id, url, position) VALUES (95, 'https://fdn2.gsmarena.com/vv/pics/apple/apple-watch-series3-sport-1.jpg', 1);
INSERT OR IGNORE INTO device_pictures (device_id, url, position) VALUES (95, 'https://fdn2.gsmarena.com/vv/pics/apple/apple-watch-series3-sport-3.jpg', 2);
INSERT OR IGNORE INTO device_pictures (device_id, url, position) VALUES (95, 'https://fdn2.gsmarena.com/vv/pics/apple/apple-watch-series3-sport-2.jpg', 3);
INSERT OR IGNORE INTO devices (id, brand_id, name, gsmarena_url, thumbnail_url, summary) VALUES (96, 1, 'iPad Pro 12.9 (2017)', 'https://www.gsmarena.com/apple_ipad_pro_12_9_(2017)-8717.php', 'https://fdn2.gsmarena.com/vv/bigpic/apple-ipad-pro-129-2017.jpg', 'iPad Pro 12.9 (2017)');
INSERT OR IGNORE INTO device_specs (device_id, announced, status, network, os, chipset, cpu, gpu, display_size, display_type, display_res, ram, storage, main_camera, selfie_camera, battery, charging, nfc, usb, bluetooth, wlan, colors, weight, dimensions, sim, sensors, popularity, fans, rating, full_specs_json) VALUES (96, '2017, June. Released 2017, June', 'Discontinued', 'GSM / CDMA / HSPA / EVDO / LTE / 4G/LTE', 'iOS 10.3.2, upgradable to iPadOS 17.7.10', 'Apple A10X Fusion (10 nm)', 'Hexa-core 2.38 GHz (3x Hurricane & 3x Zephyr)', 'PowerVR Series 7 (12-core graphics)', '12.9 inches, 515.3 cm 2 (~76.4% screen-to-body ratio)', 'IPS LCD, 120Hz', '2732 x 2048 pixels, 4:3 ratio (~265 ppi density)', '4GB', '64GB', '12 MP, f/1.8, 1/3.0", PDAF, OIS, Quad-LED dual-tone flash, HDR', '7 MP, f/2.2, 32mm (standard), 1080p@30fps', 'Li-Ion 10,891 mAh, non-removable (41 Wh)', NULL, 'Yes', 'Lightning, USB 3.0; magnetic connector', '4.2, A2DP, EDR', 'Wi-Fi 802.11 a/b/g/n/ac, dual-band, hotspot', 'Space Gray, Gold, Silver', '677 g (Wi-Fi) / 692 g (LTE) (1.49 lb)', '305.7 x 220.6 x 6.9 mm (12.04 x 8.69 x 0.27 in)', 'Nano-SIM + eSIM', 'Fingerprint (front-mounted), accelerometer, gyro, compass, barometer', 'About 900 EUR', NULL, NULL, '[{"category":"Network","specs":[{"label":"Technology","value":"GSM / CDMA / HSPA / EVDO / LTE"},{"label":"2G bands","value":"GSM 850 / 900 / 1800 / 1900"},{"label":"3G bands","value":"HSDPA 850 / 900 / 1700(AWS) / 1900 / 2100"},{"label":"4G bands","value":"1, 2, 3, 4, 5, 7, 8, 11, 12, 13, 17, 18, 19, 20, 21, 25, 26, 27, 28, 29, 30, 38, 39, 40, 41"},{"label":"Speed","value":"HSPA 42.2/5.76 Mbps, LTE (3CA) Cat9 450/50 Mbps, EV-DO Rev.A 3.1 Mbps"}]},{"category":"Launch","specs":[{"label":"Announced","value":"2017, June. Released 2017, June"},{"label":"Status","value":"Discontinued"}]},{"category":"Body","specs":[{"label":"Dimensions","value":"305.7 x 220.6 x 6.9 mm (12.04 x 8.69 x 0.27 in)"},{"label":"Weight","value":"677 g (Wi-Fi) / 692 g (LTE) (1.49 lb)"},{"label":"SIM","value":"Nano-SIM + eSIM"}]},{"category":"Display","specs":[{"label":"Type","value":"IPS LCD, 120Hz"},{"label":"Size","value":"12.9 inches, 515.3 cm 2 (~76.4% screen-to-body ratio)"},{"label":"Resolution","value":"2732 x 2048 pixels, 4:3 ratio (~265 ppi density)"},{"label":"Protection","value":"Scratch-resistant glass, oleophobic coating"}]},{"category":"Platform","specs":[{"label":"OS","value":"iOS 10.3.2, upgradable to iPadOS 17.7.10"},{"label":"Chipset","value":"Apple A10X Fusion (10 nm)"},{"label":"CPU","value":"Hexa-core 2.38 GHz (3x Hurricane & 3x Zephyr)"},{"label":"GPU","value":"PowerVR Series 7 (12-core graphics)"}]},{"category":"Memory","specs":[{"label":"Card slot","value":"No"},{"label":"Internal","value":"64GB 4GB RAM, 256GB 4GB RAM, 512GB 4GB RAM"}]},{"category":"Main Camera","specs":[{"label":"Single","value":"12 MP, f/1.8, 1/3.0\\", PDAF, OIS"},{"label":"Features","value":"Quad-LED dual-tone flash, HDR"},{"label":"Video","value":"4K@30fps, 1080p@30/60fps, 1080p@120fps, 720p@240fps"}]},{"category":"Selfie camera","specs":[{"label":"Single","value":"7 MP, f/2.2, 32mm (standard)"},{"label":"Video","value":"1080p@30fps"},{"label":"Features","value":"Face detection, HDR, panorama"}]},{"category":"Sound","specs":[{"label":"Loudspeaker","value":"Yes, with stereo speakers (4 speakers)"},{"label":"3.5mm jack","value":"Yes"}]},{"category":"Comms","specs":[{"label":"WLAN","value":"Wi-Fi 802.11 a/b/g/n/ac, dual-band, hotspot"},{"label":"Bluetooth","value":"4.2, A2DP, EDR"},{"label":"Positioning","value":"GPS, GLONASS (Wi‑Fi + Cellular model only)"},{"label":"NFC","value":"Yes"},{"label":"USB","value":"Lightning, USB 3.0; magnetic connector"},{"label":"Radio","value":"No"}]},{"category":"Features","specs":[{"label":"Sensors","value":"Fingerprint (front-mounted), accelerometer, gyro, compass, barometer"}]},{"category":"Battery","specs":[{"label":"Type","value":"Li-Ion 10,891 mAh, non-removable (41 Wh)"},{"label":"Talk time","value":"Up to 10 h (multimedia)"}]},{"category":"Misc","specs":[{"label":"Colors","value":"Space Gray, Gold, Silver"},{"label":"Models","value":"A1670, A1671, A1821, iPad7,1, iPad7,2"},{"label":"SAR","value":"1.19 W/kg (body)"},{"label":"Price","value":"About 900 EUR"},{"label":"SAR EU","value":"0.97 W/kg (body)"}]}]');
INSERT OR IGNORE INTO device_pictures (device_id, url, position) VALUES (96, 'https://fdn2.gsmarena.com/vv/bigpic/apple-ipad-pro-129-2017.jpg', 0);
INSERT OR IGNORE INTO device_pictures (device_id, url, position) VALUES (96, 'https://fdn2.gsmarena.com/vv/pics/apple/apple-ipad-pro-129-2017-1.jpg', 1);
INSERT OR IGNORE INTO device_pictures (device_id, url, position) VALUES (96, 'https://fdn2.gsmarena.com/vv/pics/apple/apple-ipad-pro-129-2017-2.jpg', 2);
INSERT OR IGNORE INTO devices (id, brand_id, name, gsmarena_url, thumbnail_url, summary) VALUES (97, 1, 'iPad Pro 10.5 (2017)', 'https://www.gsmarena.com/apple_ipad_pro_10_5_(2017)-8716.php', 'https://fdn2.gsmarena.com/vv/bigpic/apple-ipad-pro-105-2017.jpg', 'iPad Pro 10.5 (2017)');
INSERT OR IGNORE INTO device_specs (device_id, announced, status, network, os, chipset, cpu, gpu, display_size, display_type, display_res, ram, storage, main_camera, selfie_camera, battery, charging, nfc, usb, bluetooth, wlan, colors, weight, dimensions, sim, sensors, popularity, fans, rating, full_specs_json) VALUES (97, '2017, June. Released 2017, June', 'Discontinued', 'GSM / CDMA / HSPA / EVDO / LTE / 4G/LTE', 'iOS 10.3.2, upgradable to iPadOS 17.7.10', 'Apple A10X Fusion (10 nm)', 'Hexa-core 2.38 GHz (3x Hurricane & 3x Zephyr)', 'PowerVR Series 7 (12-core graphics)', '10.5 inches, 341.4 cm 2 (~78.3% screen-to-body ratio)', 'IPS LCD, 120Hz', '1668 x 2224 pixels, 4:3 ratio (~265 ppi density)', '4GB', '64GB', '12 MP, f/1.8, 1/3.0", PDAF, OIS, Quad-LED dual-tone flash, HDR', '7 MP, f/2.2, 32mm (standard), 1080p@30fps', 'Li-Ion 8134 mAh, non-removable (30.8 Wh)', NULL, 'Yes', 'Lightning, USB 3.0; magnetic connector', '4.2, A2DP, EDR', 'Wi-Fi 802.11 a/b/g/n/ac, dual-band, hotspot', 'Space Gray, Rose Gold, Gold, Silver', '469 g (Wi-Fi) / 477 g (LTE) (1.03 lb)', '250.6 x 174.1 x 6.1 mm (9.87 x 6.85 x 0.24 in)', 'Nano-SIM + eSIM', 'Fingerprint (front-mounted), accelerometer, gyro, compass, barometer', 'About 730 EUR', NULL, NULL, '[{"category":"Network","specs":[{"label":"Technology","value":"GSM / CDMA / HSPA / EVDO / LTE"},{"label":"2G bands","value":"GSM 850 / 900 / 1800 / 1900"},{"label":"3G bands","value":"HSDPA 850 / 900 / 1700(AWS) / 1900 / 2100"},{"label":"4G bands","value":"1, 2, 3, 4, 5, 7, 8, 11, 12, 13, 17, 18, 19, 20, 21, 25, 26, 27, 28, 29, 30, 38, 39, 40, 41"},{"label":"Speed","value":"HSPA 42.2/5.76 Mbps, LTE (3CA) Cat9 450/50 Mbps, EV-DO Rev.A 3.1 Mbps"}]},{"category":"Launch","specs":[{"label":"Announced","value":"2017, June. Released 2017, June"},{"label":"Status","value":"Discontinued"}]},{"category":"Body","specs":[{"label":"Dimensions","value":"250.6 x 174.1 x 6.1 mm (9.87 x 6.85 x 0.24 in)"},{"label":"Weight","value":"469 g (Wi-Fi) / 477 g (LTE) (1.03 lb)"},{"label":"Build","value":"Glass front, aluminum back, aluminum frame"},{"label":"SIM","value":"Nano-SIM + eSIM"}]},{"category":"Display","specs":[{"label":"Type","value":"IPS LCD, 120Hz"},{"label":"Size","value":"10.5 inches, 341.4 cm 2 (~78.3% screen-to-body ratio)"},{"label":"Resolution","value":"1668 x 2224 pixels, 4:3 ratio (~265 ppi density)"},{"label":"Protection","value":"Scratch-resistant glass, oleophobic coating"}]},{"category":"Platform","specs":[{"label":"OS","value":"iOS 10.3.2, upgradable to iPadOS 17.7.10"},{"label":"Chipset","value":"Apple A10X Fusion (10 nm)"},{"label":"CPU","value":"Hexa-core 2.38 GHz (3x Hurricane & 3x Zephyr)"},{"label":"GPU","value":"PowerVR Series 7 (12-core graphics)"}]},{"category":"Memory","specs":[{"label":"Card slot","value":"No"},{"label":"Internal","value":"64GB 4GB RAM, 256GB 4GB RAM, 512GB 4GB RAM"}]},{"category":"Main Camera","specs":[{"label":"Single","value":"12 MP, f/1.8, 1/3.0\\", PDAF, OIS"},{"label":"Features","value":"Quad-LED dual-tone flash, HDR"},{"label":"Video","value":"4K@30fps, 1080p@30/60fps, 1080p@120fps, 720p@240fps"}]},{"category":"Selfie camera","specs":[{"label":"Single","value":"7 MP, f/2.2, 32mm (standard)"},{"label":"Video","value":"1080p@30fps"},{"label":"Features","value":"Face detection, HDR, panorama"}]},{"category":"Sound","specs":[{"label":"Loudspeaker","value":"Yes, with stereo speakers (4 speakers)"},{"label":"3.5mm jack","value":"Yes"}]},{"category":"Comms","specs":[{"label":"WLAN","value":"Wi-Fi 802.11 a/b/g/n/ac, dual-band, hotspot"},{"label":"Bluetooth","value":"4.2, A2DP, EDR"},{"label":"Positioning","value":"GPS, GLONASS (Wi‑Fi + Cellular model only)"},{"label":"NFC","value":"Yes"},{"label":"USB","value":"Lightning, USB 3.0; magnetic connector"},{"label":"Radio","value":"No"}]},{"category":"Features","specs":[{"label":"Sensors","value":"Fingerprint (front-mounted), accelerometer, gyro, compass, barometer"}]},{"category":"Battery","specs":[{"label":"Type","value":"Li-Ion 8134 mAh, non-removable (30.8 Wh)"},{"label":"Talk time","value":"Up to 10 h (multimedia)"}]},{"category":"Misc","specs":[{"label":"Colors","value":"Space Gray, Rose Gold, Gold, Silver"},{"label":"Models","value":"A1701, A1709, A1852, iPad7,3, iPad7,4"},{"label":"SAR","value":"1.19 W/kg (body)"},{"label":"Price","value":"About 730 EUR"},{"label":"SAR EU","value":"0.93 W/kg (body)"}]}]');
INSERT OR IGNORE INTO device_pictures (device_id, url, position) VALUES (97, 'https://fdn2.gsmarena.com/vv/bigpic/apple-ipad-pro-105-2017.jpg', 0);
INSERT OR IGNORE INTO device_pictures (device_id, url, position) VALUES (97, 'https://fdn2.gsmarena.com/vv/pics/apple/apple-ipad-pro-105-2017-1.jpg', 1);
INSERT OR IGNORE INTO device_pictures (device_id, url, position) VALUES (97, 'https://fdn2.gsmarena.com/vv/pics/apple/apple-ipad-pro-2017.jpg', 2);
INSERT OR IGNORE INTO device_pictures (device_id, url, position) VALUES (97, 'https://fdn2.gsmarena.com/vv/pics/apple/apple-ipad-pro-105-2017-2.jpg', 3);
INSERT OR IGNORE INTO devices (id, brand_id, name, gsmarena_url, thumbnail_url, summary) VALUES (98, 1, 'iPad 9.7 (2017)', 'https://www.gsmarena.com/apple_ipad_9_7_(2017)-8620.php', 'https://fdn2.gsmarena.com/vv/bigpic/apple-ipad-97-2017.jpg', 'iPad 9.7 (2017)');
INSERT OR IGNORE INTO device_specs (device_id, announced, status, network, os, chipset, cpu, gpu, display_size, display_type, display_res, ram, storage, main_camera, selfie_camera, battery, charging, nfc, usb, bluetooth, wlan, colors, weight, dimensions, sim, sensors, popularity, fans, rating, full_specs_json) VALUES (98, '2017, March. Released 2017, March', 'Discontinued', 'GSM / CDMA / HSPA / EVDO / LTE / 4G/LTE', 'iOS 10.3, upgradable to iPadOS 16.7.12', 'Apple A9 (14 nm)', 'Dual-core 1.84 GHz (Twister)', 'PowerVR GT7600 (six-core graphics)', '9.7 inches, 291.4 cm 2 (~71.6% screen-to-body ratio)', 'IPS LCD', '1536 x 2048 pixels, 4:3 ratio (~264 ppi density)', '2GB', '32GB', '8 MP, f/2.4, 31mm (standard), 1.12µm, AF, HDR', '1.2 MP, f/2.2, 31mm (standard), 720p@30fps', 'Li-Po 8827 mAh, non-removable (32.9 Wh)', NULL, 'No', 'Lightning, USB 2.0', '4.2, A2DP, EDR, LE', 'Wi-Fi 802.11 a/b/g/n/ac, dual-band, hotspot', 'Silver, Gold, Space Gray', '469 g (Wi-Fi) / 478 g (LTE) (1.03 lb)', '240 x 169.5 x 7.5 mm (9.45 x 6.67 x 0.30 in)', 'Nano-SIM + eSIM', 'Fingerprint (front-mounted), accelerometer, gyro, compass, barometer', 'About 390 EUR', NULL, NULL, '[{"category":"Network","specs":[{"label":"Technology","value":"GSM / CDMA / HSPA / EVDO / LTE"},{"label":"2G bands","value":"GSM 850 / 900 / 1800 / 1900"},{"label":"3G bands","value":"HSDPA 800 / 850 / 900 / 1700(AWS) / 1900 / 2100"},{"label":"4G bands","value":"1, 2, 3, 4, 5, 7, 8, 12, 13, 17, 18, 19, 20, 25, 26, 28, 29, 38, 39, 40, 41"},{"label":"Speed","value":"HSPA 42.2/5.76 Mbps, LTE Cat4 150/50 Mbps, EV-DO Rev.A 3.1 Mbps"}]},{"category":"Launch","specs":[{"label":"Announced","value":"2017, March. Released 2017, March"},{"label":"Status","value":"Discontinued"}]},{"category":"Body","specs":[{"label":"Dimensions","value":"240 x 169.5 x 7.5 mm (9.45 x 6.67 x 0.30 in)"},{"label":"Weight","value":"469 g (Wi-Fi) / 478 g (LTE) (1.03 lb)"},{"label":"Build","value":"Glass front, aluminum back, aluminum frame"},{"label":"SIM","value":"Nano-SIM + eSIM"}]},{"category":"Display","specs":[{"label":"Type","value":"IPS LCD"},{"label":"Size","value":"9.7 inches, 291.4 cm 2 (~71.6% screen-to-body ratio)"},{"label":"Resolution","value":"1536 x 2048 pixels, 4:3 ratio (~264 ppi density)"},{"label":"Protection","value":"Scratch-resistant glass, oleophobic coating"}]},{"category":"Platform","specs":[{"label":"OS","value":"iOS 10.3, upgradable to iPadOS 16.7.12"},{"label":"Chipset","value":"Apple A9 (14 nm)"},{"label":"CPU","value":"Dual-core 1.84 GHz (Twister)"},{"label":"GPU","value":"PowerVR GT7600 (six-core graphics)"}]},{"category":"Memory","specs":[{"label":"Card slot","value":"No"},{"label":"Internal","value":"32GB 2GB RAM, 128GB 2GB RAM"}]},{"category":"Main Camera","specs":[{"label":"Single","value":"8 MP, f/2.4, 31mm (standard), 1.12µm, AF"},{"label":"Features","value":"HDR"},{"label":"Video","value":"1080p@30fps, 720p@120fps, HDR, stereo sound rec."}]},{"category":"Selfie camera","specs":[{"label":"Single","value":"1.2 MP, f/2.2, 31mm (standard)"},{"label":"Video","value":"720p@30fps"},{"label":"Features","value":"Face detection, HDR, panorama"}]},{"category":"Sound","specs":[{"label":"Loudspeaker","value":"Yes, with stereo speakers"},{"label":"3.5mm jack","value":"Yes"}]},{"category":"Comms","specs":[{"label":"WLAN","value":"Wi-Fi 802.11 a/b/g/n/ac, dual-band, hotspot"},{"label":"Bluetooth","value":"4.2, A2DP, EDR, LE"},{"label":"Positioning","value":"GPS, GLONASS (Wi‑Fi + Cellular model only)"},{"label":"NFC","value":"No"},{"label":"USB","value":"Lightning, USB 2.0"},{"label":"Radio","value":"No"}]},{"category":"Features","specs":[{"label":"Sensors","value":"Fingerprint (front-mounted), accelerometer, gyro, compass, barometer"}]},{"category":"Battery","specs":[{"label":"Type","value":"Li-Po 8827 mAh, non-removable (32.9 Wh)"},{"label":"Talk time","value":"Up to 10 h (multimedia)"}]},{"category":"Misc","specs":[{"label":"Colors","value":"Silver, Gold, Space Gray"},{"label":"Models","value":"A1822, A1823, iPad6,11, iPad6,12"},{"label":"SAR","value":"1.18 W/kg (body)"},{"label":"Price","value":"About 390 EUR"},{"label":"SAR EU","value":"0.99 W/kg (body)"}]}]');
INSERT OR IGNORE INTO device_pictures (device_id, url, position) VALUES (98, 'https://fdn2.gsmarena.com/vv/bigpic/apple-ipad-97-2017.jpg', 0);
INSERT OR IGNORE INTO device_pictures (device_id, url, position) VALUES (98, 'https://fdn2.gsmarena.com/vv/pics/apple/apple-ipad-97-2017-1.jpg', 1);
INSERT OR IGNORE INTO device_pictures (device_id, url, position) VALUES (98, 'https://fdn2.gsmarena.com/vv/pics/apple/apple-ipad-97-2017-2.jpg', 2);
INSERT OR IGNORE INTO device_pictures (device_id, url, position) VALUES (98, 'https://fdn2.gsmarena.com/vv/pics/apple/apple-ipad-97-2017-3.jpg', 3);
INSERT OR IGNORE INTO devices (id, brand_id, name, gsmarena_url, thumbnail_url, summary) VALUES (99, 1, 'Watch Edition Series 2 42mm', 'https://www.gsmarena.com/apple_watch_edition_series_2_42mm-8331.php', 'https://fdn2.gsmarena.com/vv/bigpic/apple-watch2-edition-42mm.jpg', 'Watch Edition Series 2 42mm');
INSERT OR IGNORE INTO device_specs (device_id, announced, status, network, os, chipset, cpu, gpu, display_size, display_type, display_res, ram, storage, main_camera, selfie_camera, battery, charging, nfc, usb, bluetooth, wlan, colors, weight, dimensions, sim, sensors, popularity, fans, rating, full_specs_json) VALUES (99, '2016, September. Released 2016, December', 'Discontinued', 'No cellular connectivity', 'watchOS 3.0, upgradable to watchOS 6.2.8', 'Apple S2 (16 nm)', 'Dual-core 780 MHz Cortex-A7', 'PowerVR G6200', '1.65 inches', 'Retina OLED, 1000 nits (peak)', '390 x 312 pixels (~303 ppi density)', NULL, '8GB', NULL, NULL, 'Li-Ion 334 mAh (1.27 Wh), non-removable', 'Wireless', 'Yes', 'No', '4.0, LE', 'Wi-Fi 802.11 b/g/n', 'Sport Band/White', '45.6 g body (1.62 oz)', '42.6 x 36.5 x 11.4 mm (1.68 x 1.44 x 0.45 in)', 'No', 'Accelerometer, gyro, heart rate', 'About 1500 EUR', NULL, NULL, '[{"category":"Network","specs":[{"label":"Technology","value":"No cellular connectivity"},{"label":"2G bands","value":"N/A"},{"label":"GPRS","value":"No"},{"label":"EDGE","value":"No"}]},{"category":"Launch","specs":[{"label":"Announced","value":"2016, September. Released 2016, December"},{"label":"Status","value":"Discontinued"}]},{"category":"Body","specs":[{"label":"Dimensions","value":"42.6 x 36.5 x 11.4 mm (1.68 x 1.44 x 0.45 in)"},{"label":"Weight","value":"45.6 g body (1.62 oz)"},{"label":"Build","value":"Glass front (Sapphire crystal), ceramic back, ceramic frame"},{"label":"SIM","value":"No"}]},{"category":"Display","specs":[{"label":"Type","value":"Retina OLED, 1000 nits (peak)"},{"label":"Size","value":"1.65 inches"},{"label":"Resolution","value":"390 x 312 pixels (~303 ppi density)"},{"label":"Protection","value":"Sapphire crystal glass"}]},{"category":"Platform","specs":[{"label":"OS","value":"watchOS 3.0, upgradable to watchOS 6.2.8"},{"label":"Chipset","value":"Apple S2 (16 nm)"},{"label":"CPU","value":"Dual-core 780 MHz Cortex-A7"},{"label":"GPU","value":"PowerVR G6200"}]},{"category":"Memory","specs":[{"label":"Card slot","value":"No"},{"label":"Internal","value":"8GB 512MB RAM"}]},{"category":"Sound","specs":[{"label":"Loudspeaker","value":"Yes"},{"label":"3.5mm jack","value":"No"}]},{"category":"Comms","specs":[{"label":"WLAN","value":"Wi-Fi 802.11 b/g/n"},{"label":"Bluetooth","value":"4.0, LE"},{"label":"Positioning","value":"GPS, GLONASS"},{"label":"NFC","value":"Yes"},{"label":"USB","value":"No"},{"label":"Radio","value":"No"}]},{"category":"Features","specs":[{"label":"Sensors","value":"Accelerometer, gyro, heart rate"}]},{"category":"Battery","specs":[{"label":"Type","value":"Li-Ion 334 mAh (1.27 Wh), non-removable"},{"label":"Charging","value":"Wireless"}]},{"category":"Misc","specs":[{"label":"Colors","value":"Sport Band/White"},{"label":"Models","value":"A1817"},{"label":"Price","value":"About 1500 EUR"}]}]');
INSERT OR IGNORE INTO device_pictures (device_id, url, position) VALUES (99, 'https://fdn2.gsmarena.com/vv/bigpic/apple-watch2-edition-42mm.jpg', 0);
INSERT OR IGNORE INTO device_pictures (device_id, url, position) VALUES (99, 'https://fdn2.gsmarena.com/vv/pics/apple/apple-watch2-edition-42mm1.jpg', 1);
INSERT OR IGNORE INTO device_pictures (device_id, url, position) VALUES (99, 'https://fdn2.gsmarena.com/vv/pics/apple/apple-watch2-edition-42mm2.jpg', 2);
INSERT OR IGNORE INTO devices (id, brand_id, name, gsmarena_url, thumbnail_url, summary) VALUES (100, 1, 'Watch Edition Series 2 38mm', 'https://www.gsmarena.com/apple_watch_edition_series_2_38mm-8332.php', 'https://fdn2.gsmarena.com/vv/bigpic/apple-watch2-s2-edition-38mm.jpg', 'Watch Edition Series 2 38mm');
INSERT OR IGNORE INTO device_specs (device_id, announced, status, network, os, chipset, cpu, gpu, display_size, display_type, display_res, ram, storage, main_camera, selfie_camera, battery, charging, nfc, usb, bluetooth, wlan, colors, weight, dimensions, sim, sensors, popularity, fans, rating, full_specs_json) VALUES (100, '2016, September. Released 2016, December', 'Discontinued', 'No cellular connectivity', 'watchOS 3.0, upgradable to watchOS 6.2.8', 'Apple S2 (16 nm)', 'Dual-core 780 MHz Cortex-A7', 'PowerVR G6200', '1.5 inches', 'Retina OLED, 1000 nits (peak)', '340 x 272 pixels (~290 ppi density)', NULL, '8GB', NULL, NULL, 'Li-Ion 273 mAh (1.03 Wh), non-removable', 'Wireless', 'Yes', 'No', '4.0, LE', 'Wi-Fi 802.11 b/g/n', 'Sport Band/White', '39.6 g body (1.41 oz)', '39.2 x 34 x 11.8 mm (1.54 x 1.34 x 0.46 in)', 'No', 'Accelerometer, gyro, heart rate', 'About 1450 EUR', NULL, NULL, '[{"category":"Network","specs":[{"label":"Technology","value":"No cellular connectivity"},{"label":"2G bands","value":"N/A"},{"label":"GPRS","value":"No"},{"label":"EDGE","value":"No"}]},{"category":"Launch","specs":[{"label":"Announced","value":"2016, September. Released 2016, December"},{"label":"Status","value":"Discontinued"}]},{"category":"Body","specs":[{"label":"Dimensions","value":"39.2 x 34 x 11.8 mm (1.54 x 1.34 x 0.46 in)"},{"label":"Weight","value":"39.6 g body (1.41 oz)"},{"label":"Build","value":"Glass front (Sapphire crystal), ceramic back, ceramic frame"},{"label":"SIM","value":"No"}]},{"category":"Display","specs":[{"label":"Type","value":"Retina OLED, 1000 nits (peak)"},{"label":"Size","value":"1.5 inches"},{"label":"Resolution","value":"340 x 272 pixels (~290 ppi density)"},{"label":"Protection","value":"Sapphire crystal glass"}]},{"category":"Platform","specs":[{"label":"OS","value":"watchOS 3.0, upgradable to watchOS 6.2.8"},{"label":"Chipset","value":"Apple S2 (16 nm)"},{"label":"CPU","value":"Dual-core 780 MHz Cortex-A7"},{"label":"GPU","value":"PowerVR G6200"}]},{"category":"Memory","specs":[{"label":"Card slot","value":"No"},{"label":"Internal","value":"8GB 512MB RAM"}]},{"category":"Sound","specs":[{"label":"Loudspeaker","value":"Yes"},{"label":"3.5mm jack","value":"No"}]},{"category":"Comms","specs":[{"label":"WLAN","value":"Wi-Fi 802.11 b/g/n"},{"label":"Bluetooth","value":"4.0, LE"},{"label":"Positioning","value":"GPS, GLONASS"},{"label":"NFC","value":"Yes"},{"label":"USB","value":"No"},{"label":"Radio","value":"No"}]},{"category":"Features","specs":[{"label":"Sensors","value":"Accelerometer, gyro, heart rate"}]},{"category":"Battery","specs":[{"label":"Type","value":"Li-Ion 273 mAh (1.03 Wh), non-removable"},{"label":"Charging","value":"Wireless"}]},{"category":"Misc","specs":[{"label":"Colors","value":"Sport Band/White"},{"label":"Models","value":"A1816"},{"label":"Price","value":"About 1450 EUR"}]}]');
INSERT OR IGNORE INTO device_pictures (device_id, url, position) VALUES (100, 'https://fdn2.gsmarena.com/vv/bigpic/apple-watch2-s2-edition-38mm.jpg', 0);
INSERT OR IGNORE INTO device_pictures (device_id, url, position) VALUES (100, 'https://fdn2.gsmarena.com/vv/pics/apple/apple-watch2-edition-42mm1.jpg', 1);
INSERT OR IGNORE INTO device_pictures (device_id, url, position) VALUES (100, 'https://fdn2.gsmarena.com/vv/pics/apple/apple-watch2-edition-42mm2.jpg', 2);
INSERT OR IGNORE INTO devices (id, brand_id, name, gsmarena_url, thumbnail_url, summary) VALUES (101, 1, 'Watch Series 2 42mm', 'https://www.gsmarena.com/apple_watch_series_2_42mm-8329.php', 'https://fdn2.gsmarena.com/vv/bigpic/apple-watch2-s2-42mm.jpg', 'Watch Series 2 42mm');
INSERT OR IGNORE INTO device_specs (device_id, announced, status, network, os, chipset, cpu, gpu, display_size, display_type, display_res, ram, storage, main_camera, selfie_camera, battery, charging, nfc, usb, bluetooth, wlan, colors, weight, dimensions, sim, sensors, popularity, fans, rating, full_specs_json) VALUES (101, '2016, September. Released 2016, December', 'Discontinued', 'No cellular connectivity', 'watchOS 3.0, upgradable to watchOS 6.2.8', 'Apple S2 (16 nm)', 'Dual-core 780 MHz Cortex-A7', 'PowerVR G6200', '1.65 inches', 'Retina OLED, 1000 nits (peak)', '390 x 312 pixels (~303 ppi density)', NULL, '8GB', NULL, NULL, 'Li-Ion 334 mAh (1.27 Wh), non-removable', 'Wireless', 'Yes', 'No', '4.0, A2DP', 'Wi-Fi 802.11 b/g/n', 'Sport band: silver case/white, black case/black Leather band: silver case/blue, brown, orange Stainless Steel band: silver case/silver, black case/black', '52.4 g body (1.83 oz)', '42.5 x 36.4 x 11.4 mm (1.67 x 1.43 x 0.45 in)', 'No', 'Accelerometer, gyro, heart rate', 'About 700 EUR', NULL, NULL, '[{"category":"Network","specs":[{"label":"Technology","value":"No cellular connectivity"},{"label":"2G bands","value":"N/A"},{"label":"GPRS","value":"No"},{"label":"EDGE","value":"No"}]},{"category":"Launch","specs":[{"label":"Announced","value":"2016, September. Released 2016, December"},{"label":"Status","value":"Discontinued"}]},{"category":"Body","specs":[{"label":"Dimensions","value":"42.5 x 36.4 x 11.4 mm (1.67 x 1.43 x 0.45 in)"},{"label":"Weight","value":"52.4 g body (1.83 oz)"},{"label":"Build","value":"Glass front (Sapphire crystal), ceramic/sapphire crystal back, stainless steel frame"},{"label":"SIM","value":"No"}]},{"category":"Display","specs":[{"label":"Type","value":"Retina OLED, 1000 nits (peak)"},{"label":"Size","value":"1.65 inches"},{"label":"Resolution","value":"390 x 312 pixels (~303 ppi density)"},{"label":"Protection","value":"Sapphire crystal glass"}]},{"category":"Platform","specs":[{"label":"OS","value":"watchOS 3.0, upgradable to watchOS 6.2.8"},{"label":"Chipset","value":"Apple S2 (16 nm)"},{"label":"CPU","value":"Dual-core 780 MHz Cortex-A7"},{"label":"GPU","value":"PowerVR G6200"}]},{"category":"Memory","specs":[{"label":"Card slot","value":"No"},{"label":"Internal","value":"8GB 512MB RAM"}]},{"category":"Sound","specs":[{"label":"Loudspeaker","value":"Yes"},{"label":"3.5mm jack","value":"No"}]},{"category":"Comms","specs":[{"label":"WLAN","value":"Wi-Fi 802.11 b/g/n"},{"label":"Bluetooth","value":"4.0, A2DP"},{"label":"Positioning","value":"GPS, GLONASS"},{"label":"NFC","value":"Yes"},{"label":"USB","value":"No"},{"label":"Radio","value":"No"}]},{"category":"Features","specs":[{"label":"Sensors","value":"Accelerometer, gyro, heart rate"}]},{"category":"Battery","specs":[{"label":"Type","value":"Li-Ion 334 mAh (1.27 Wh), non-removable"},{"label":"Charging","value":"Wireless"}]},{"category":"Misc","specs":[{"label":"Colors","value":"Sport band: silver case/white, black case/black Leather band: silver case/blue, brown, orange Stainless Steel band: silver case/silver, black case/black"},{"label":"Models","value":"A1758"},{"label":"Price","value":"About 700 EUR"}]}]');
INSERT OR IGNORE INTO device_pictures (device_id, url, position) VALUES (101, 'https://fdn2.gsmarena.com/vv/bigpic/apple-watch2-s2-42mm.jpg', 0);
INSERT OR IGNORE INTO device_pictures (device_id, url, position) VALUES (101, 'https://fdn2.gsmarena.com/vv/pics/apple/apple-watch2-s2-42mm1.jpg', 1);
INSERT OR IGNORE INTO device_pictures (device_id, url, position) VALUES (101, 'https://fdn2.gsmarena.com/vv/pics/apple/apple-watch2-s2-42mm2.jpg', 2);
INSERT OR IGNORE INTO device_pictures (device_id, url, position) VALUES (101, 'https://fdn2.gsmarena.com/vv/pics/apple/apple-watch2-s2-42mm3.jpg', 3);
INSERT OR IGNORE INTO devices (id, brand_id, name, gsmarena_url, thumbnail_url, summary) VALUES (102, 1, 'Watch Series 2 38mm', 'https://www.gsmarena.com/apple_watch_series_2_38mm-8330.php', 'https://fdn2.gsmarena.com/vv/bigpic/apple-watch2-s2-38mm.jpg', 'Watch Series 2 38mm');
INSERT OR IGNORE INTO device_specs (device_id, announced, status, network, os, chipset, cpu, gpu, display_size, display_type, display_res, ram, storage, main_camera, selfie_camera, battery, charging, nfc, usb, bluetooth, wlan, colors, weight, dimensions, sim, sensors, popularity, fans, rating, full_specs_json) VALUES (102, '2016, September. Released 2016, December', 'Discontinued', 'No cellular connectivity', 'watchOS 3.0, upgradable to watchOS 6.2.8', 'Apple S2 (16 nm)', 'Dual-core 780 MHz Cortex-A7', 'PowerVR G6200', '1.5 inches', 'Retina OLED, 1000 nits (peak)', '340 x 272 pixels (~290 ppi density)', NULL, '8GB', NULL, NULL, 'Li-Ion 273 mAh (1.03 Wh), non-removable', 'Wireless', 'Yes', 'No', '4.0, A2DP', 'Wi-Fi 802.11 b/g/n', 'Sport band: silver case/white, black case/black Leather band: silver case/blue, brown, gray, red Stainless Steel band: silver case/silver, black case/black', '41.9 g body (1.48 oz)', '38.6 x 33.3 x 11.4 mm (1.52 x 1.31 x 0.45 in)', 'No', 'Accelerometer, gyro, heart rate', 'About 650 EUR', NULL, NULL, '[{"category":"Network","specs":[{"label":"Technology","value":"No cellular connectivity"},{"label":"2G bands","value":"N/A"},{"label":"GPRS","value":"No"},{"label":"EDGE","value":"No"}]},{"category":"Launch","specs":[{"label":"Announced","value":"2016, September. Released 2016, December"},{"label":"Status","value":"Discontinued"}]},{"category":"Body","specs":[{"label":"Dimensions","value":"38.6 x 33.3 x 11.4 mm (1.52 x 1.31 x 0.45 in)"},{"label":"Weight","value":"41.9 g body (1.48 oz)"},{"label":"Build","value":"Glass front (Sapphire crystal), ceramic/sapphire crystal back, stainless steel frame"},{"label":"SIM","value":"No"}]},{"category":"Display","specs":[{"label":"Type","value":"Retina OLED, 1000 nits (peak)"},{"label":"Size","value":"1.5 inches"},{"label":"Resolution","value":"340 x 272 pixels (~290 ppi density)"},{"label":"Protection","value":"Sapphire crystal glass"}]},{"category":"Platform","specs":[{"label":"OS","value":"watchOS 3.0, upgradable to watchOS 6.2.8"},{"label":"Chipset","value":"Apple S2 (16 nm)"},{"label":"CPU","value":"Dual-core 780 MHz Cortex-A7"},{"label":"GPU","value":"PowerVR G6200"}]},{"category":"Memory","specs":[{"label":"Card slot","value":"No"},{"label":"Internal","value":"8GB 512MB RAM"}]},{"category":"Sound","specs":[{"label":"Loudspeaker","value":"Yes"},{"label":"3.5mm jack","value":"No"}]},{"category":"Comms","specs":[{"label":"WLAN","value":"Wi-Fi 802.11 b/g/n"},{"label":"Bluetooth","value":"4.0, A2DP"},{"label":"Positioning","value":"GPS, GLONASS"},{"label":"NFC","value":"Yes"},{"label":"USB","value":"No"},{"label":"Radio","value":"No"}]},{"category":"Features","specs":[{"label":"Sensors","value":"Accelerometer, gyro, heart rate"}]},{"category":"Battery","specs":[{"label":"Type","value":"Li-Ion 273 mAh (1.03 Wh), non-removable"},{"label":"Charging","value":"Wireless"}]},{"category":"Misc","specs":[{"label":"Colors","value":"Sport band: silver case/white, black case/black Leather band: silver case/blue, brown, gray, red Stainless Steel band: silver case/silver, black case/black"},{"label":"Models","value":"A1757"},{"label":"Price","value":"About 650 EUR"}]}]');
INSERT OR IGNORE INTO device_pictures (device_id, url, position) VALUES (102, 'https://fdn2.gsmarena.com/vv/bigpic/apple-watch2-s2-38mm.jpg', 0);
INSERT OR IGNORE INTO device_pictures (device_id, url, position) VALUES (102, 'https://fdn2.gsmarena.com/vv/pics/apple/apple-watch2-s2-38mm1.jpg', 1);
INSERT OR IGNORE INTO device_pictures (device_id, url, position) VALUES (102, 'https://fdn2.gsmarena.com/vv/pics/apple/apple-watch2-s2-38mm2.jpg', 2);
INSERT OR IGNORE INTO device_pictures (device_id, url, position) VALUES (102, 'https://fdn2.gsmarena.com/vv/pics/apple/apple-watch2-s2-38mm3.jpg', 3);
INSERT OR IGNORE INTO devices (id, brand_id, name, gsmarena_url, thumbnail_url, summary) VALUES (103, 1, 'Watch Series 2 Aluminum 42mm', 'https://www.gsmarena.com/apple_watch_series_2_aluminum_42mm-8328.php', 'https://fdn2.gsmarena.com/vv/bigpic/apple-watch2-s2-sport-42mm.jpg', 'Watch Series 2 Aluminum 42mm');
INSERT OR IGNORE INTO device_specs (device_id, announced, status, network, os, chipset, cpu, gpu, display_size, display_type, display_res, ram, storage, main_camera, selfie_camera, battery, charging, nfc, usb, bluetooth, wlan, colors, weight, dimensions, sim, sensors, popularity, fans, rating, full_specs_json) VALUES (103, '2016, September. Released 2016, December', 'Discontinued', 'No cellular connectivity', 'watchOS 3.0, upgradable to watchOS 6.2.8', 'Apple S2 (16 nm)', 'Dual-core 780 MHz Cortex-A7', 'PowerVR G6200', '1.65 inches', 'Retina OLED, 1000 nits (peak)', '390 x 312 pixels (~303 ppi density)', NULL, '8GB', NULL, NULL, 'Li-Ion 334 mAh (1.27 Wh), non-removable', 'Wireless', 'Yes', 'No', '4.0, A2DP', 'Wi-Fi 802.11 b/g/n', 'Case colors: silver, gold, rose gold, gray Band colors: gray, white, blue, brown, orange, black Band types: sport, woven nylon', '34.2 g body (1.20 oz)', '42.5 x 36.4 x 11.4 mm (1.67 x 1.43 x 0.45 in)', 'No', 'Accelerometer, gyro, heart rate', 'About 450 EUR', NULL, NULL, '[{"category":"Network","specs":[{"label":"Technology","value":"No cellular connectivity"},{"label":"2G bands","value":"N/A"},{"label":"GPRS","value":"No"},{"label":"EDGE","value":"No"}]},{"category":"Launch","specs":[{"label":"Announced","value":"2016, September. Released 2016, December"},{"label":"Status","value":"Discontinued"}]},{"category":"Body","specs":[{"label":"Dimensions","value":"42.5 x 36.4 x 11.4 mm (1.67 x 1.43 x 0.45 in)"},{"label":"Weight","value":"34.2 g body (1.20 oz)"},{"label":"Build","value":"Glass front, ceramic back, aluminum frame"},{"label":"SIM","value":"No"}]},{"category":"Display","specs":[{"label":"Type","value":"Retina OLED, 1000 nits (peak)"},{"label":"Size","value":"1.65 inches"},{"label":"Resolution","value":"390 x 312 pixels (~303 ppi density)"},{"label":"Protection","value":"Ion-X strengthened glass"}]},{"category":"Platform","specs":[{"label":"OS","value":"watchOS 3.0, upgradable to watchOS 6.2.8"},{"label":"Chipset","value":"Apple S2 (16 nm)"},{"label":"CPU","value":"Dual-core 780 MHz Cortex-A7"},{"label":"GPU","value":"PowerVR G6200"}]},{"category":"Memory","specs":[{"label":"Card slot","value":"No"},{"label":"Internal","value":"8GB 512MB RAM"}]},{"category":"Sound","specs":[{"label":"Loudspeaker","value":"Yes"},{"label":"3.5mm jack","value":"No"}]},{"category":"Comms","specs":[{"label":"WLAN","value":"Wi-Fi 802.11 b/g/n"},{"label":"Bluetooth","value":"4.0, A2DP"},{"label":"Positioning","value":"GPS, GLONASS"},{"label":"NFC","value":"Yes"},{"label":"USB","value":"No"},{"label":"Radio","value":"No"}]},{"category":"Features","specs":[{"label":"Sensors","value":"Accelerometer, gyro, heart rate"}]},{"category":"Battery","specs":[{"label":"Type","value":"Li-Ion 334 mAh (1.27 Wh), non-removable"},{"label":"Charging","value":"Wireless"}]},{"category":"Misc","specs":[{"label":"Colors","value":"Case colors: silver, gold, rose gold, gray Band colors: gray, white, blue, brown, orange, black Band types: sport, woven nylon"},{"label":"Models","value":"A1758"},{"label":"Price","value":"About 450 EUR"}]}]');
INSERT OR IGNORE INTO device_pictures (device_id, url, position) VALUES (103, 'https://fdn2.gsmarena.com/vv/bigpic/apple-watch2-s2-sport-42mm.jpg', 0);
INSERT OR IGNORE INTO device_pictures (device_id, url, position) VALUES (103, 'https://fdn2.gsmarena.com/vv/pics/apple/apple-watch2-s2-sport-42mm1.jpg', 1);
INSERT OR IGNORE INTO device_pictures (device_id, url, position) VALUES (103, 'https://fdn2.gsmarena.com/vv/pics/apple/apple-watch2-s2-sport-42mm2.jpg', 2);
INSERT OR IGNORE INTO device_pictures (device_id, url, position) VALUES (103, 'https://fdn2.gsmarena.com/vv/pics/apple/apple-watch2-s2-sport-42mm3.jpg', 3);
INSERT OR IGNORE INTO devices (id, brand_id, name, gsmarena_url, thumbnail_url, summary) VALUES (104, 1, 'Watch Series 1 Aluminum 42mm', 'https://www.gsmarena.com/apple_watch_series_1_aluminum_42mm-8334.php', 'https://fdn2.gsmarena.com/vv/bigpic/apple-watch1-sport-42mm.jpg', 'Watch Series 1 Aluminum 42mm');
INSERT OR IGNORE INTO device_specs (device_id, announced, status, network, os, chipset, cpu, gpu, display_size, display_type, display_res, ram, storage, main_camera, selfie_camera, battery, charging, nfc, usb, bluetooth, wlan, colors, weight, dimensions, sim, sensors, popularity, fans, rating, full_specs_json) VALUES (104, '2016, September. Released 2016, December', 'Discontinued', 'No cellular connectivity', 'watchOS 3.0, upgradable to watchOS 6.2.8', 'Apple S1P (28 nm)', 'Dual-core 520 MHz Cortex-A7', 'PowerVR G6200', '1.65 inches', 'Retina OLED, 450 nits (peak)', '390 x 312 pixels (~303 ppi density)', NULL, '8GB', NULL, NULL, 'Li-Ion 250 mAh (0.94 Wh), non-removable', 'Wireless', 'Yes', 'No', '4.0, LE', 'Wi-Fi 802.11 b/g/n', 'Case colors: silver, gold, rose gold, gray Band colors: brown, white, black, blue Band types: sport', '30 g body (1.06 oz)', '42.5 x 36.4 x 10.5 mm (1.67 x 1.43 x 0.41 in)', 'No', 'Accelerometer, gyro, heart rate', 'About 300 EUR', NULL, NULL, '[{"category":"Network","specs":[{"label":"Technology","value":"No cellular connectivity"},{"label":"2G bands","value":"N/A"},{"label":"GPRS","value":"No"},{"label":"EDGE","value":"No"}]},{"category":"Launch","specs":[{"label":"Announced","value":"2016, September. Released 2016, December"},{"label":"Status","value":"Discontinued"}]},{"category":"Body","specs":[{"label":"Dimensions","value":"42.5 x 36.4 x 10.5 mm (1.67 x 1.43 x 0.41 in)"},{"label":"Weight","value":"30 g body (1.06 oz)"},{"label":"Build","value":"Glass front, composite plastic back, aluminum frame"},{"label":"SIM","value":"No"}]},{"category":"Display","specs":[{"label":"Type","value":"Retina OLED, 450 nits (peak)"},{"label":"Size","value":"1.65 inches"},{"label":"Resolution","value":"390 x 312 pixels (~303 ppi density)"},{"label":"Protection","value":"Ion-X strengthened glass"}]},{"category":"Platform","specs":[{"label":"OS","value":"watchOS 3.0, upgradable to watchOS 6.2.8"},{"label":"Chipset","value":"Apple S1P (28 nm)"},{"label":"CPU","value":"Dual-core 520 MHz Cortex-A7"},{"label":"GPU","value":"PowerVR G6200"}]},{"category":"Memory","specs":[{"label":"Card slot","value":"No"},{"label":"Internal","value":"8GB 512MB RAM"}]},{"category":"Sound","specs":[{"label":"Loudspeaker","value":"Yes"},{"label":"3.5mm jack","value":"No"}]},{"category":"Comms","specs":[{"label":"WLAN","value":"Wi-Fi 802.11 b/g/n"},{"label":"Bluetooth","value":"4.0, LE"},{"label":"Positioning","value":"No"},{"label":"NFC","value":"Yes"},{"label":"USB","value":"No"},{"label":"Radio","value":"No"}]},{"category":"Features","specs":[{"label":"Sensors","value":"Accelerometer, gyro, heart rate"}]},{"category":"Battery","specs":[{"label":"Type","value":"Li-Ion 250 mAh (0.94 Wh), non-removable"},{"label":"Charging","value":"Wireless"}]},{"category":"Misc","specs":[{"label":"Colors","value":"Case colors: silver, gold, rose gold, gray Band colors: brown, white, black, blue Band types: sport"},{"label":"Models","value":"A1803"},{"label":"Price","value":"About 300 EUR"}]}]');
INSERT OR IGNORE INTO device_pictures (device_id, url, position) VALUES (104, 'https://fdn2.gsmarena.com/vv/bigpic/apple-watch1-sport-42mm.jpg', 0);
INSERT OR IGNORE INTO device_pictures (device_id, url, position) VALUES (104, 'https://fdn2.gsmarena.com/vv/pics/apple/apple-watch1-sport-42mm.jpg', 1);
INSERT OR IGNORE INTO devices (id, brand_id, name, gsmarena_url, thumbnail_url, summary) VALUES (105, 1, 'Watch Series 2 Aluminum 38mm', 'https://www.gsmarena.com/apple_watch_series_2_aluminum_38mm-8327.php', 'https://fdn2.gsmarena.com/vv/bigpic/apple-watch2-s2-sport-38mm.jpg', 'Watch Series 2 Aluminum 38mm');
INSERT OR IGNORE INTO device_specs (device_id, announced, status, network, os, chipset, cpu, gpu, display_size, display_type, display_res, ram, storage, main_camera, selfie_camera, battery, charging, nfc, usb, bluetooth, wlan, colors, weight, dimensions, sim, sensors, popularity, fans, rating, full_specs_json) VALUES (105, '2016, September. Released 2016, December', 'Discontinued', 'No cellular connectivity', 'watchOS 3.0, upgradable to watchOS 6.2.8', 'Apple S2 (16 nm)', 'Dual-core 780 MHz Cortex-A7', 'PowerVR G6200', '1.5 inches', 'Retina OLED, 1000 nits (peak)', '340 x 272 pixels (~290 ppi density)', NULL, '8GB', NULL, NULL, 'Li-Ion 273 mAh (1.03 Wh), non-removable', 'Wireless', 'Yes', 'No', '4.0, A2DP', 'Wi-Fi 802.11 b/g/n', 'Case colors: silver, gold, rose gold, gray Band colors: gray, white, blue, yellow, pink, black Band types: sport, woven nylon', '28.2 g body (0.99 oz)', '38.6 x 33.3 x 11.4 mm (1.52 x 1.31 x 0.45 in)', 'No', 'Accelerometer, gyro, heart rate', 'About 420 EUR', NULL, NULL, '[{"category":"Network","specs":[{"label":"Technology","value":"No cellular connectivity"},{"label":"2G bands","value":"N/A"},{"label":"GPRS","value":"No"},{"label":"EDGE","value":"No"}]},{"category":"Launch","specs":[{"label":"Announced","value":"2016, September. Released 2016, December"},{"label":"Status","value":"Discontinued"}]},{"category":"Body","specs":[{"label":"Dimensions","value":"38.6 x 33.3 x 11.4 mm (1.52 x 1.31 x 0.45 in)"},{"label":"Weight","value":"28.2 g body (0.99 oz)"},{"label":"Build","value":"Glass front, ceramic back, aluminum frame"},{"label":"SIM","value":"No"}]},{"category":"Display","specs":[{"label":"Type","value":"Retina OLED, 1000 nits (peak)"},{"label":"Size","value":"1.5 inches"},{"label":"Resolution","value":"340 x 272 pixels (~290 ppi density)"},{"label":"Protection","value":"Ion-X strengthened glass"}]},{"category":"Platform","specs":[{"label":"OS","value":"watchOS 3.0, upgradable to watchOS 6.2.8"},{"label":"Chipset","value":"Apple S2 (16 nm)"},{"label":"CPU","value":"Dual-core 780 MHz Cortex-A7"},{"label":"GPU","value":"PowerVR G6200"}]},{"category":"Memory","specs":[{"label":"Card slot","value":"No"},{"label":"Internal","value":"8GB 512MB RAM"}]},{"category":"Sound","specs":[{"label":"Loudspeaker","value":"Yes"},{"label":"3.5mm jack","value":"No"}]},{"category":"Comms","specs":[{"label":"WLAN","value":"Wi-Fi 802.11 b/g/n"},{"label":"Bluetooth","value":"4.0, A2DP"},{"label":"Positioning","value":"GPS, GLONASS"},{"label":"NFC","value":"Yes"},{"label":"USB","value":"No"},{"label":"Radio","value":"No"}]},{"category":"Features","specs":[{"label":"Sensors","value":"Accelerometer, gyro, heart rate"}]},{"category":"Battery","specs":[{"label":"Type","value":"Li-Ion 273 mAh (1.03 Wh), non-removable"},{"label":"Charging","value":"Wireless"}]},{"category":"Misc","specs":[{"label":"Colors","value":"Case colors: silver, gold, rose gold, gray Band colors: gray, white, blue, yellow, pink, black Band types: sport, woven nylon"},{"label":"Models","value":"A1757"},{"label":"Price","value":"About 420 EUR"}]}]');
INSERT OR IGNORE INTO device_pictures (device_id, url, position) VALUES (105, 'https://fdn2.gsmarena.com/vv/bigpic/apple-watch2-s2-sport-38mm.jpg', 0);
INSERT OR IGNORE INTO device_pictures (device_id, url, position) VALUES (105, 'https://fdn2.gsmarena.com/vv/pics/apple/apple-watch2-s2-sport-38mm1.jpg', 1);
INSERT OR IGNORE INTO device_pictures (device_id, url, position) VALUES (105, 'https://fdn2.gsmarena.com/vv/pics/apple/apple-watch2-s2-sport-38mm2.jpg', 2);
INSERT OR IGNORE INTO device_pictures (device_id, url, position) VALUES (105, 'https://fdn2.gsmarena.com/vv/pics/apple/apple-watch2-s2-sport-38mm3.jpg', 3);
INSERT OR IGNORE INTO devices (id, brand_id, name, gsmarena_url, thumbnail_url, summary) VALUES (106, 1, 'Watch Series 1 Aluminum 38mm', 'https://www.gsmarena.com/apple_watch_series_1_aluminum_38mm-8333.php', 'https://fdn2.gsmarena.com/vv/bigpic/apple-watch2-s2-sport-38mm.jpg', 'Watch Series 1 Aluminum 38mm');
INSERT OR IGNORE INTO device_specs (device_id, announced, status, network, os, chipset, cpu, gpu, display_size, display_type, display_res, ram, storage, main_camera, selfie_camera, battery, charging, nfc, usb, bluetooth, wlan, colors, weight, dimensions, sim, sensors, popularity, fans, rating, full_specs_json) VALUES (106, '2016, September. Released 2016, December', 'Discontinued', 'No cellular connectivity', 'watchOS 3.0, upgradable to watchOS 6.2.8', 'Apple S1P (28 nm)', 'Dual-core 520 MHz Cortex-A7', 'PowerVR G6200', '1.5 inches', 'Retina OLED, 450 nits (peak)', '340 x 272 pixels (~290 ppi density)', NULL, '8GB', NULL, NULL, 'Li-Ion 205 mAh (0.78 Wh), non-removable', 'Wireless', 'Yes', 'No', '4.0, LE', 'Wi-Fi 802.11 b/g/n', 'Case colors: silver, gold, rose gold, gray Band colors: gray, white, black, pink Band types: sport', '25 g body (0.88 oz)', '38.6 x 33.3 x 10.5 mm (1.52 x 1.31 x 0.41 in)', 'No', 'Accelerometer, gyro, heart rate', 'About 270 EUR', NULL, NULL, '[{"category":"Network","specs":[{"label":"Technology","value":"No cellular connectivity"},{"label":"2G bands","value":"N/A"},{"label":"GPRS","value":"No"},{"label":"EDGE","value":"No"}]},{"category":"Launch","specs":[{"label":"Announced","value":"2016, September. Released 2016, December"},{"label":"Status","value":"Discontinued"}]},{"category":"Body","specs":[{"label":"Dimensions","value":"38.6 x 33.3 x 10.5 mm (1.52 x 1.31 x 0.41 in)"},{"label":"Weight","value":"25 g body (0.88 oz)"},{"label":"Build","value":"Glass front, composite plastic back, aluminum frame"},{"label":"SIM","value":"No"}]},{"category":"Display","specs":[{"label":"Type","value":"Retina OLED, 450 nits (peak)"},{"label":"Size","value":"1.5 inches"},{"label":"Resolution","value":"340 x 272 pixels (~290 ppi density)"},{"label":"Protection","value":"Ion-X strengthened glass"}]},{"category":"Platform","specs":[{"label":"OS","value":"watchOS 3.0, upgradable to watchOS 6.2.8"},{"label":"Chipset","value":"Apple S1P (28 nm)"},{"label":"CPU","value":"Dual-core 520 MHz Cortex-A7"},{"label":"GPU","value":"PowerVR G6200"}]},{"category":"Memory","specs":[{"label":"Card slot","value":"No"},{"label":"Internal","value":"8GB 512MB RAM"}]},{"category":"Sound","specs":[{"label":"Loudspeaker","value":"Yes"},{"label":"3.5mm jack","value":"No"}]},{"category":"Comms","specs":[{"label":"WLAN","value":"Wi-Fi 802.11 b/g/n"},{"label":"Bluetooth","value":"4.0, LE"},{"label":"Positioning","value":"No"},{"label":"NFC","value":"Yes"},{"label":"USB","value":"No"},{"label":"Radio","value":"No"}]},{"category":"Features","specs":[{"label":"Sensors","value":"Accelerometer, gyro, heart rate"}]},{"category":"Battery","specs":[{"label":"Type","value":"Li-Ion 205 mAh (0.78 Wh), non-removable"},{"label":"Charging","value":"Wireless"}]},{"category":"Misc","specs":[{"label":"Colors","value":"Case colors: silver, gold, rose gold, gray Band colors: gray, white, black, pink Band types: sport"},{"label":"Models","value":"A1802"},{"label":"Price","value":"About 270 EUR"}]}]');
INSERT OR IGNORE INTO device_pictures (device_id, url, position) VALUES (106, 'https://fdn2.gsmarena.com/vv/bigpic/apple-watch2-s2-sport-38mm.jpg', 0);
INSERT OR IGNORE INTO device_pictures (device_id, url, position) VALUES (106, 'https://fdn2.gsmarena.com/vv/pics/apple/apple-watch1-sport-38mm.jpg', 1);
INSERT OR IGNORE INTO devices (id, brand_id, name, gsmarena_url, thumbnail_url, summary) VALUES (107, 1, 'iPhone 7 Plus', 'https://www.gsmarena.com/apple_iphone_7_plus-8065.php', 'https://fdn2.gsmarena.com/vv/bigpic/apple-iphone-7-plus-r2.jpg', 'iPhone 7 Plus');
INSERT OR IGNORE INTO device_specs (device_id, announced, status, network, os, chipset, cpu, gpu, display_size, display_type, display_res, ram, storage, main_camera, selfie_camera, battery, charging, nfc, usb, bluetooth, wlan, colors, weight, dimensions, sim, sensors, popularity, fans, rating, full_specs_json) VALUES (107, '2016, September 07. Released 2016, September 16', 'Discontinued', 'GSM / CDMA / HSPA / EVDO / LTE / 4G/LTE', 'iOS 10.0.1, upgradable to iOS 15.8.5', 'Apple A10 Fusion (16 nm)', 'Quad-core 2.34 GHz (2x Hurricane + 2x Zephyr)', 'PowerVR Series7XT Plus (six-core graphics)', '5.5 inches, 83.4 cm 2 (~67.7% screen-to-body ratio)', 'Retina IPS LCD, 625 nits (typ)', '1080 x 1920 pixels, 16:9 ratio (~401 ppi density)', '3GB', '32GB', '12 MP, f/1.8, 28mm (wide), 1/3.0", PDAF, OIS, Quad-LED dual-tone flash, HDR', '7 MP, f/2.2, 32mm (standard), 1080p@30fps', 'Li-Ion 2900 mAh, non-removable (11.1 Wh)', NULL, 'Yes', 'Lightning, USB 2.0', '4.2, A2DP, LE', 'Wi-Fi 802.11 a/b/g/n/ac, dual-band, hotspot', 'Jet Black, Black, Silver, Gold, Rose Gold, Red', '188 g (6.63 oz)', '158.2 x 77.9 x 7.3 mm (6.23 x 3.07 x 0.29 in)', 'Nano-SIM', 'Fingerprint (front-mounted), accelerometer, gyro, proximity, compass, barometer', 'About 320 EUR', NULL, NULL, '[{"category":"Network","specs":[{"label":"Technology","value":"GSM / CDMA / HSPA / EVDO / LTE"},{"label":"2G bands","value":"GSM 850 / 900 / 1800 / 1900 - A1661, A1784"},{"label":"3G bands","value":"HSDPA 850 / 900 / 1700(AWS) / 1900 / 2100 - A1661, A1784"},{"label":"4G bands","value":"1, 2, 3, 4, 5, 7, 8, 12, 13, 17, 18, 19, 20, 25, 26, 27, 28, 29, 30, 38, 39, 40, 41 - A1661, A1784"},{"label":"Speed","value":"HSPA 42.2/5.76 Mbps, LTE (3CA) Cat9 450/50 Mbps, EV-DO Rev.A 3.1 Mbps"}]},{"category":"Launch","specs":[{"label":"Announced","value":"2016, September 07. Released 2016, September 16"},{"label":"Status","value":"Discontinued"}]},{"category":"Body","specs":[{"label":"Dimensions","value":"158.2 x 77.9 x 7.3 mm (6.23 x 3.07 x 0.29 in)"},{"label":"Weight","value":"188 g (6.63 oz)"},{"label":"Build","value":"Glass front (Corning-made glass), aluminum back, aluminum frame"},{"label":"SIM","value":"Nano-SIM"}]},{"category":"Display","specs":[{"label":"Type","value":"Retina IPS LCD, 625 nits (typ)"},{"label":"Size","value":"5.5 inches, 83.4 cm 2 (~67.7% screen-to-body ratio)"},{"label":"Resolution","value":"1080 x 1920 pixels, 16:9 ratio (~401 ppi density)"},{"label":"Protection","value":"Ion-strengthened glass"}]},{"category":"Platform","specs":[{"label":"OS","value":"iOS 10.0.1, upgradable to iOS 15.8.5"},{"label":"Chipset","value":"Apple A10 Fusion (16 nm)"},{"label":"CPU","value":"Quad-core 2.34 GHz (2x Hurricane + 2x Zephyr)"},{"label":"GPU","value":"PowerVR Series7XT Plus (six-core graphics)"}]},{"category":"Memory","specs":[{"label":"Card slot","value":"No"},{"label":"Internal","value":"32GB 3GB RAM, 128GB 3GB RAM, 256GB 3GB RAM"}]},{"category":"Main Camera","specs":[{"label":"Dual","value":"12 MP, f/1.8, 28mm (wide), 1/3.0\\", PDAF, OIS"},{"label":"Features","value":"Quad-LED dual-tone flash, HDR"},{"label":"Video","value":"4K@30fps, 1080p@30/60/120fps, 720p@240fps"}]},{"category":"Selfie camera","specs":[{"label":"Single","value":"7 MP, f/2.2, 32mm (standard)"},{"label":"Video","value":"1080p@30fps"},{"label":"Features","value":"Face detection, HDR"}]},{"category":"Sound","specs":[{"label":"Loudspeaker","value":"Yes, with stereo speakers"},{"label":"3.5mm jack","value":"No"}]},{"category":"Comms","specs":[{"label":"WLAN","value":"Wi-Fi 802.11 a/b/g/n/ac, dual-band, hotspot"},{"label":"Bluetooth","value":"4.2, A2DP, LE"},{"label":"Positioning","value":"GPS, GLONASS, GALILEO, QZSS"},{"label":"NFC","value":"Yes"},{"label":"USB","value":"Lightning, USB 2.0"},{"label":"Radio","value":"No"}]},{"category":"Features","specs":[{"label":"Sensors","value":"Fingerprint (front-mounted), accelerometer, gyro, proximity, compass, barometer"}]},{"category":"Battery","specs":[{"label":"Type","value":"Li-Ion 2900 mAh, non-removable (11.1 Wh)"},{"label":"Stand-by","value":"Up to 384 h (3G)"},{"label":"Talk time","value":"Up to 21 h (3G)"}]},{"category":"Misc","specs":[{"label":"Colors","value":"Jet Black, Black, Silver, Gold, Rose Gold, Red"},{"label":"Models","value":"A1661, A1784, A1785, A1786, iPhone9,4, iPhone9,2"},{"label":"SAR","value":"1.19 W/kg (head)     1.19 W/kg (body)"},{"label":"Price","value":"About 320 EUR"},{"label":"SAR EU","value":"1.24 W/kg (head)     1.00 W/kg (body)"}]}]');
INSERT OR IGNORE INTO device_pictures (device_id, url, position) VALUES (107, 'https://fdn2.gsmarena.com/vv/bigpic/apple-iphone-7-plus-r2.jpg', 0);
INSERT OR IGNORE INTO device_pictures (device_id, url, position) VALUES (107, 'https://fdn2.gsmarena.com/vv/pics/apple/apple-iphone-7-plus-01.jpg', 1);
INSERT OR IGNORE INTO device_pictures (device_id, url, position) VALUES (107, 'https://fdn2.gsmarena.com/vv/pics/apple/apple-iphone-7-plus-03.jpg', 2);
INSERT OR IGNORE INTO device_pictures (device_id, url, position) VALUES (107, 'https://fdn2.gsmarena.com/vv/pics/apple/apple-iphone-7-plus-4.jpg', 3);
INSERT OR IGNORE INTO device_pictures (device_id, url, position) VALUES (107, 'https://fdn2.gsmarena.com/vv/pics/apple/apple-iphone-7-plus-5.jpg', 4);
INSERT OR IGNORE INTO device_pictures (device_id, url, position) VALUES (107, 'https://fdn2.gsmarena.com/vv/pics/apple/apple-iphone-7-plus-red.jpg', 5);
INSERT OR IGNORE INTO device_pictures (device_id, url, position) VALUES (107, 'https://fdn2.gsmarena.com/vv/pics/apple/apple-iphone-7-red1.jpg', 6);
INSERT OR IGNORE INTO device_pictures (device_id, url, position) VALUES (107, 'https://fdn.gsmarena.com/imgroot//reviews/16/apple-iphone-7-plus/gal/-1024x768w1/gsmarena_001.jpg', 7);
INSERT OR IGNORE INTO device_pictures (device_id, url, position) VALUES (107, 'https://fdn.gsmarena.com/imgroot//reviews/16/apple-iphone-7-plus/gal/-1024x768w1/gsmarena_002.jpg', 8);
INSERT OR IGNORE INTO device_pictures (device_id, url, position) VALUES (107, 'https://fdn.gsmarena.com/imgroot//reviews/16/apple-iphone-7-plus/gal/-1024x768w1/gsmarena_003.jpg', 9);
INSERT OR IGNORE INTO devices (id, brand_id, name, gsmarena_url, thumbnail_url, summary) VALUES (108, 1, 'iPhone 7', 'https://www.gsmarena.com/apple_iphone_7-8064.php', 'https://fdn2.gsmarena.com/vv/bigpic/apple-iphone-7r4.jpg', 'iPhone 7');
INSERT OR IGNORE INTO device_specs (device_id, announced, status, network, os, chipset, cpu, gpu, display_size, display_type, display_res, ram, storage, main_camera, selfie_camera, battery, charging, nfc, usb, bluetooth, wlan, colors, weight, dimensions, sim, sensors, popularity, fans, rating, full_specs_json) VALUES (108, '2016, September 07. Released 2016, September 16', 'Discontinued', 'GSM / CDMA / HSPA / EVDO / LTE / 4G/LTE', 'iOS 10.0.1, upgradable to iOS 15.8.5', 'Apple A10 Fusion (16 nm)', 'Quad-core 2.34 GHz (2x Hurricane + 2x Zephyr)', 'PowerVR Series7XT Plus (six-core graphics)', '4.7 inches, 60.9 cm 2 (~65.6% screen-to-body ratio)', 'Retina IPS LCD, 625 nits (typ)', '750 x 1334 pixels, 16:9 ratio (~326 ppi density)', '2GB', '32GB', '12 MP, f/1.8, 28mm (wide), 1/3.0", PDAF, OIS, Quad-LED dual-tone flash, HDR', '7 MP, f/2.2, 32mm (standard), 1080p@30fps', 'Li-Ion 1960 mAh, non-removable (7.45 Wh)', NULL, 'Yes', 'Lightning, USB 2.0', '4.2, A2DP, LE', 'Wi-Fi 802.11 a/b/g/n/ac, dual-band, hotspot', 'Jet Black, Black, Silver, Gold, Rose Gold, Red', '138 g (4.87 oz)', '138.3 x 67.1 x 7.1 mm (5.44 x 2.64 x 0.28 in)', 'Nano-SIM', 'Fingerprint (front-mounted), accelerometer, gyro, proximity, compass, barometer', 'About 180 EUR', NULL, NULL, '[{"category":"Network","specs":[{"label":"Technology","value":"GSM / CDMA / HSPA / EVDO / LTE"},{"label":"2G bands","value":"GSM 850 / 900 / 1800 / 1900 - A1660, A1778"},{"label":"3G bands","value":"HSDPA 850 / 900 / 1700(AWS) / 1900 / 2100 - A1660, A1778"},{"label":"4G bands","value":"1, 2, 3, 4, 5, 7, 8, 12, 13, 17, 18, 19, 20, 25, 26, 27, 28, 29, 30, 38, 39, 40, 41 - A1660, A1778"},{"label":"Speed","value":"HSPA 42.2/5.76 Mbps, LTE (3CA) Cat9 450/50 Mbps, EV-DO Rev.A 3.1 Mbps"}]},{"category":"Launch","specs":[{"label":"Announced","value":"2016, September 07. Released 2016, September 16"},{"label":"Status","value":"Discontinued"}]},{"category":"Body","specs":[{"label":"Dimensions","value":"138.3 x 67.1 x 7.1 mm (5.44 x 2.64 x 0.28 in)"},{"label":"Weight","value":"138 g (4.87 oz)"},{"label":"Build","value":"Glass front (Corning-made glass), aluminum back, aluminum frame"},{"label":"SIM","value":"Nano-SIM"}]},{"category":"Display","specs":[{"label":"Type","value":"Retina IPS LCD, 625 nits (typ)"},{"label":"Size","value":"4.7 inches, 60.9 cm 2 (~65.6% screen-to-body ratio)"},{"label":"Resolution","value":"750 x 1334 pixels, 16:9 ratio (~326 ppi density)"},{"label":"Protection","value":"Ion-strengthened glass"}]},{"category":"Platform","specs":[{"label":"OS","value":"iOS 10.0.1, upgradable to iOS 15.8.5"},{"label":"Chipset","value":"Apple A10 Fusion (16 nm)"},{"label":"CPU","value":"Quad-core 2.34 GHz (2x Hurricane + 2x Zephyr)"},{"label":"GPU","value":"PowerVR Series7XT Plus (six-core graphics)"}]},{"category":"Memory","specs":[{"label":"Card slot","value":"No"},{"label":"Internal","value":"32GB 2GB RAM, 128GB 2GB RAM, 256GB 2GB RAM"}]},{"category":"Main Camera","specs":[{"label":"Single","value":"12 MP, f/1.8, 28mm (wide), 1/3.0\\", PDAF, OIS"},{"label":"Features","value":"Quad-LED dual-tone flash, HDR"},{"label":"Video","value":"4K@30fps, 1080p@30/60/120fps, 720p@240fps"}]},{"category":"Selfie camera","specs":[{"label":"Single","value":"7 MP, f/2.2, 32mm (standard)"},{"label":"Video","value":"1080p@30fps"},{"label":"Features","value":"Face detection, HDR, panorama"}]},{"category":"Sound","specs":[{"label":"Loudspeaker","value":"Yes, with stereo speakers"},{"label":"3.5mm jack","value":"No"}]},{"category":"Comms","specs":[{"label":"WLAN","value":"Wi-Fi 802.11 a/b/g/n/ac, dual-band, hotspot"},{"label":"Bluetooth","value":"4.2, A2DP, LE"},{"label":"Positioning","value":"GPS, GLONASS, GALILEO, QZSS"},{"label":"NFC","value":"Yes"},{"label":"USB","value":"Lightning, USB 2.0"},{"label":"Radio","value":"No"}]},{"category":"Features","specs":[{"label":"Sensors","value":"Fingerprint (front-mounted), accelerometer, gyro, proximity, compass, barometer"}]},{"category":"Battery","specs":[{"label":"Type","value":"Li-Ion 1960 mAh, non-removable (7.45 Wh)"},{"label":"Talk time","value":"Up to 14 h (3G)"}]},{"category":"Misc","specs":[{"label":"Colors","value":"Jet Black, Black, Silver, Gold, Rose Gold, Red"},{"label":"Models","value":"A1660, A1778, A1779, A1780, A1853, A1866, iPhone9,1, iPhone9,3"},{"label":"SAR","value":"1.19 W/kg (head)     1.19 W/kg (body)"},{"label":"Price","value":"About 180 EUR"},{"label":"SAR EU","value":"1.38 W/kg (head)     1.34 W/kg (body)"}]}]');
INSERT OR IGNORE INTO device_pictures (device_id, url, position) VALUES (108, 'https://fdn2.gsmarena.com/vv/bigpic/apple-iphone-7r4.jpg', 0);
INSERT OR IGNORE INTO device_pictures (device_id, url, position) VALUES (108, 'https://fdn2.gsmarena.com/vv/pics/apple/apple-iphone-7-1.jpg', 1);
INSERT OR IGNORE INTO device_pictures (device_id, url, position) VALUES (108, 'https://fdn2.gsmarena.com/vv/pics/apple/apple-iphone-7-2.jpg', 2);
INSERT OR IGNORE INTO device_pictures (device_id, url, position) VALUES (108, 'https://fdn2.gsmarena.com/vv/pics/apple/apple-iphone-7-3.jpg', 3);
INSERT OR IGNORE INTO device_pictures (device_id, url, position) VALUES (108, 'https://fdn2.gsmarena.com/vv/pics/apple/apple-iphone-7-5.jpg', 4);
INSERT OR IGNORE INTO device_pictures (device_id, url, position) VALUES (108, 'https://fdn2.gsmarena.com/vv/pics/apple/apple-iphone-7-red.jpg', 5);
INSERT OR IGNORE INTO device_pictures (device_id, url, position) VALUES (108, 'https://fdn2.gsmarena.com/vv/pics/apple/apple-iphone-7-red1.jpg', 6);
INSERT OR IGNORE INTO device_pictures (device_id, url, position) VALUES (108, 'https://fdn.gsmarena.com/imgroot//reviews/16/apple-iphone-7/gal/-1024x768w1/gsmarena_001.jpg', 7);
INSERT OR IGNORE INTO device_pictures (device_id, url, position) VALUES (108, 'https://fdn.gsmarena.com/imgroot//reviews/16/apple-iphone-7/gal/-1024x768w1/gsmarena_002.jpg', 8);
INSERT OR IGNORE INTO device_pictures (device_id, url, position) VALUES (108, 'https://fdn.gsmarena.com/imgroot//reviews/16/apple-iphone-7/gal/-1024x768w1/gsmarena_003.jpg', 9);
INSERT OR IGNORE INTO devices (id, brand_id, name, gsmarena_url, thumbnail_url, summary) VALUES (109, 1, 'iPad Pro 9.7 (2016)', 'https://www.gsmarena.com/apple_ipad_pro_9_7_(2016)-7984.php', 'https://fdn2.gsmarena.com/vv/bigpic/apple-ipad-pro-97.jpg', 'iPad Pro 9.7 (2016)');
INSERT OR IGNORE INTO device_specs (device_id, announced, status, network, os, chipset, cpu, gpu, display_size, display_type, display_res, ram, storage, main_camera, selfie_camera, battery, charging, nfc, usb, bluetooth, wlan, colors, weight, dimensions, sim, sensors, popularity, fans, rating, full_specs_json) VALUES (109, '2016, March. Released 2016, March', 'Discontinued', 'GSM / CDMA / HSPA / EVDO / LTE / 4G/LTE', 'iOS 9.3.2, upgradable to iPadOS 16.7.12', 'Apple A9X (16 nm)', 'Dual-core 2.16 GHz (Twister)', 'PowerVR Series 7 (12-core graphics)', '9.7 inches, 291.4 cm 2 (~71.6% screen-to-body ratio)', 'IPS LCD', '1536 x 2048 pixels, 4:3 ratio (~264 ppi density)', '2GB', '32GB', '12 MP, f/2.2, 29mm (standard), 1/3.0", 1.22µm, PDAF, Dual-LED dual-tone flash, HDR', '5 MP, f/2.2, 31mm (standard), 1080p@30fps', 'Li-Ion 7306 mAh, non-removable (27.9 Wh)', NULL, 'Yes', 'Lightning, USB 2.0; magnetic connector', '4.2, A2DP, EDR', 'Wi-Fi 802.11 a/b/g/n/ac, dual-band, hotspot', 'Silver, Gold, Space Gray, Rose Gold', '437 g (Wi-Fi) / 444 g (LTE) (15.41 oz)', '240 x 169.5 x 6.1 mm (9.45 x 6.67 x 0.24 in)', 'Nano-SIM + eSIM', 'Fingerprint (front-mounted), accelerometer, gyro, compass, barometer', 'About 690 EUR', NULL, NULL, '[{"category":"Network","specs":[{"label":"Technology","value":"GSM / CDMA / HSPA / EVDO / LTE"},{"label":"2G bands","value":"GSM 850 / 900 / 1800 / 1900"},{"label":"3G bands","value":"HSDPA 800 / 850 / 900 / 1700(AWS) / 1900 / 2100"},{"label":"4G bands","value":"1, 2, 3, 4, 5, 7, 8, 12, 13, 17, 18, 19, 20, 25, 26, 27, 28, 29, 30, 38, 39, 40, 41"},{"label":"Speed","value":"HSPA 42.2/5.76 Mbps, LTE Cat4 150/50 Mbps, EV-DO Rev.A 3.1 Mbps"}]},{"category":"Launch","specs":[{"label":"Announced","value":"2016, March. Released 2016, March"},{"label":"Status","value":"Discontinued"}]},{"category":"Body","specs":[{"label":"Dimensions","value":"240 x 169.5 x 6.1 mm (9.45 x 6.67 x 0.24 in)"},{"label":"Weight","value":"437 g (Wi-Fi) / 444 g (LTE) (15.41 oz)"},{"label":"Build","value":"Glass front, aluminum back, aluminum frame"},{"label":"SIM","value":"Nano-SIM + eSIM"}]},{"category":"Display","specs":[{"label":"Type","value":"IPS LCD"},{"label":"Size","value":"9.7 inches, 291.4 cm 2 (~71.6% screen-to-body ratio)"},{"label":"Resolution","value":"1536 x 2048 pixels, 4:3 ratio (~264 ppi density)"},{"label":"Protection","value":"Scratch-resistant glass, oleophobic coating"}]},{"category":"Platform","specs":[{"label":"OS","value":"iOS 9.3.2, upgradable to iPadOS 16.7.12"},{"label":"Chipset","value":"Apple A9X (16 nm)"},{"label":"CPU","value":"Dual-core 2.16 GHz (Twister)"},{"label":"GPU","value":"PowerVR Series 7 (12-core graphics)"}]},{"category":"Memory","specs":[{"label":"Card slot","value":"No"},{"label":"Internal","value":"32GB 2GB RAM, 128GB 2GB RAM, 256GB 2GB RAM"}]},{"category":"Main Camera","specs":[{"label":"Single","value":"12 MP, f/2.2, 29mm (standard), 1/3.0\\", 1.22µm, PDAF"},{"label":"Features","value":"Dual-LED dual-tone flash, HDR"},{"label":"Video","value":"4K@30fps, 1080p@30/60fps, 1080p@120fps, 720p@240fps"}]},{"category":"Selfie camera","specs":[{"label":"Single","value":"5 MP, f/2.2, 31mm (standard)"},{"label":"Video","value":"1080p@30fps"},{"label":"Features","value":"Face detection, HDR, panorama"}]},{"category":"Sound","specs":[{"label":"Loudspeaker","value":"Yes, with stereo speakers (4 speakers)"},{"label":"3.5mm jack","value":"Yes"}]},{"category":"Comms","specs":[{"label":"WLAN","value":"Wi-Fi 802.11 a/b/g/n/ac, dual-band, hotspot"},{"label":"Bluetooth","value":"4.2, A2DP, EDR"},{"label":"Positioning","value":"GPS, GLONASS (Wi‑Fi + Cellular model only)"},{"label":"NFC","value":"Yes"},{"label":"USB","value":"Lightning, USB 2.0; magnetic connector"},{"label":"Radio","value":"No"}]},{"category":"Features","specs":[{"label":"Sensors","value":"Fingerprint (front-mounted), accelerometer, gyro, compass, barometer"}]},{"category":"Battery","specs":[{"label":"Type","value":"Li-Ion 7306 mAh, non-removable (27.9 Wh)"},{"label":"Talk time","value":"Up to 10 h (multimedia)"}]},{"category":"Misc","specs":[{"label":"Colors","value":"Silver, Gold, Space Gray, Rose Gold"},{"label":"Models","value":"A1673, A1674, A1675, iPad6,4, iPad6,3"},{"label":"SAR","value":"1.19 W/kg (body)"},{"label":"Price","value":"About 690 EUR"},{"label":"SAR EU","value":"0.99 W/kg (body)"}]}]');
INSERT OR IGNORE INTO device_pictures (device_id, url, position) VALUES (109, 'https://fdn2.gsmarena.com/vv/bigpic/apple-ipad-pro-97.jpg', 0);
INSERT OR IGNORE INTO device_pictures (device_id, url, position) VALUES (109, 'https://fdn2.gsmarena.com/vv/pics/apple/apple-ipad-pro-97-0.jpg', 1);
INSERT OR IGNORE INTO device_pictures (device_id, url, position) VALUES (109, 'https://fdn2.gsmarena.com/vv/pics/apple/apple-ipad-pro-97-1.jpg', 2);
INSERT OR IGNORE INTO devices (id, brand_id, name, gsmarena_url, thumbnail_url, summary) VALUES (110, 1, 'iPhone SE', 'https://www.gsmarena.com/apple_iphone_se-7969.php', 'https://fdn2.gsmarena.com/vv/bigpic/apple-iphone-5se-ofic.jpg', 'iPhone SE');
INSERT OR IGNORE INTO device_specs (device_id, announced, status, network, os, chipset, cpu, gpu, display_size, display_type, display_res, ram, storage, main_camera, selfie_camera, battery, charging, nfc, usb, bluetooth, wlan, colors, weight, dimensions, sim, sensors, popularity, fans, rating, full_specs_json) VALUES (110, '2016, March 21. Released 2016, March 31', 'Discontinued', 'GSM / CDMA / HSPA / EVDO / LTE / 4G/LTE', 'iOS 9.3.2, upgradable to iOS 15.8.5', 'Apple A9 (14 nm)', 'Dual-core 1.84 GHz Twister', 'PowerVR GT7600 (six-core graphics)', '4.0 inches, 44.1 cm 2 (~60.8% screen-to-body ratio)', 'IPS LCD', '640 x 1136 pixels, 16:9 ratio (~326 ppi density)', '2GB', '16GB', '12 MP, f/2.2, 29mm (standard), 1/3.0", 1.22µm, PDAF, Dual-LED dual-tone flash, HDR', '1.2 MP, f/2.4, 31mm (standard), 720p@30fps', 'Li-Po 1624 mAh, non-removable (6.21 Wh)', NULL, 'Yes (Apple Pay only)', 'Lightning, USB 2.0', '4.2, A2DP, LE', 'Wi-Fi 802.11 a/b/g/n/ac, hotspot', 'Space Gray, Silver, Gold, Rose Gold', '113 g (3.99 oz)', '123.8 x 58.6 x 7.6 mm (4.87 x 2.31 x 0.30 in)', 'Nano-SIM', 'Fingerprint (front-mounted), accelerometer, gyro, proximity, compass', 'About 140 EUR', NULL, NULL, '[{"category":"Network","specs":[{"label":"Technology","value":"GSM / CDMA / HSPA / EVDO / LTE"},{"label":"2G bands","value":"GSM 850 / 900 / 1800 / 1900 - A1662, A1723"},{"label":"3G bands","value":"HSDPA 800 / 850 / 900 / 1700(AWS) / 1900 / 2100 - A1662, A1723"},{"label":"4G bands","value":"1, 2, 3, 4, 5, 8, 12, 13, 17, 18, 19, 20, 25, 26, 29 - A1662"},{"label":"Speed","value":"HSPA, LTE Cat4 150/50 Mbps"}]},{"category":"Launch","specs":[{"label":"Announced","value":"2016, March 21. Released 2016, March 31"},{"label":"Status","value":"Discontinued"}]},{"category":"Body","specs":[{"label":"Dimensions","value":"123.8 x 58.6 x 7.6 mm (4.87 x 2.31 x 0.30 in)"},{"label":"Weight","value":"113 g (3.99 oz)"},{"label":"Build","value":"Glass front (Corning-made glass), aluminum back, aluminum frame"},{"label":"SIM","value":"Nano-SIM"}]},{"category":"Display","specs":[{"label":"Type","value":"IPS LCD"},{"label":"Size","value":"4.0 inches, 44.1 cm 2 (~60.8% screen-to-body ratio)"},{"label":"Resolution","value":"640 x 1136 pixels, 16:9 ratio (~326 ppi density)"}]},{"category":"Platform","specs":[{"label":"OS","value":"iOS 9.3.2, upgradable to iOS 15.8.5"},{"label":"Chipset","value":"Apple A9 (14 nm)"},{"label":"CPU","value":"Dual-core 1.84 GHz Twister"},{"label":"GPU","value":"PowerVR GT7600 (six-core graphics)"}]},{"category":"Memory","specs":[{"label":"Card slot","value":"No"},{"label":"Internal","value":"16GB 2GB RAM, 32GB 2GB RAM, 64GB 2GB RAM, 128GB 2GB RAM"}]},{"category":"Main Camera","specs":[{"label":"Single","value":"12 MP, f/2.2, 29mm (standard), 1/3.0\\", 1.22µm, PDAF"},{"label":"Features","value":"Dual-LED dual-tone flash, HDR"},{"label":"Video","value":"4K@30fps, 1080p@30/60fps, 1080p@120fps, 720p@240fps"}]},{"category":"Selfie camera","specs":[{"label":"Single","value":"1.2 MP, f/2.4, 31mm (standard)"},{"label":"Video","value":"720p@30fps"},{"label":"Features","value":"Face detection, HDR, panorama"}]},{"category":"Sound","specs":[{"label":"Loudspeaker","value":"Yes"},{"label":"3.5mm jack","value":"Yes"}]},{"category":"Comms","specs":[{"label":"WLAN","value":"Wi-Fi 802.11 a/b/g/n/ac, hotspot"},{"label":"Bluetooth","value":"4.2, A2DP, LE"},{"label":"Positioning","value":"GPS, GLONASS"},{"label":"NFC","value":"Yes (Apple Pay only)"},{"label":"USB","value":"Lightning, USB 2.0"},{"label":"Radio","value":"No"}]},{"category":"Features","specs":[{"label":"Sensors","value":"Fingerprint (front-mounted), accelerometer, gyro, proximity, compass"}]},{"category":"Battery","specs":[{"label":"Type","value":"Li-Po 1624 mAh, non-removable (6.21 Wh)"},{"label":"Stand-by","value":"Up to 240 h (3G)"},{"label":"Talk time","value":"Up to 14 h (3G)"}]},{"category":"Misc","specs":[{"label":"Colors","value":"Space Gray, Silver, Gold, Rose Gold"},{"label":"Models","value":"A1662, A1723, A1724, iPhone8,4"},{"label":"SAR","value":"1.17 W/kg (head)     1.19 W/kg (body)"},{"label":"Price","value":"About 140 EUR"},{"label":"SAR EU","value":"0.72 W/kg (head)     0.97 W/kg (body)"}]}]');
INSERT OR IGNORE INTO device_pictures (device_id, url, position) VALUES (110, 'https://fdn2.gsmarena.com/vv/bigpic/apple-iphone-5se-ofic.jpg', 0);
INSERT OR IGNORE INTO device_pictures (device_id, url, position) VALUES (110, 'https://fdn2.gsmarena.com/vv/pics/apple/apple-iphone-se-01.jpg', 1);
INSERT OR IGNORE INTO device_pictures (device_id, url, position) VALUES (110, 'https://fdn2.gsmarena.com/vv/pics/apple/apple-iphone-se-00.jpg', 2);
INSERT OR IGNORE INTO device_pictures (device_id, url, position) VALUES (110, 'https://fdn2.gsmarena.com/vv/pics/apple/apple-iphone-se-1.jpg', 3);
INSERT OR IGNORE INTO device_pictures (device_id, url, position) VALUES (110, 'https://fdn.gsmarena.com/imgroot//reviews/16/apple-iphone-se/gal/-1024x768w1/gsmarena_001.jpg', 4);
INSERT OR IGNORE INTO device_pictures (device_id, url, position) VALUES (110, 'https://fdn.gsmarena.com/imgroot//reviews/16/apple-iphone-se/gal/-1024x768w1/gsmarena_002.jpg', 5);
INSERT OR IGNORE INTO device_pictures (device_id, url, position) VALUES (110, 'https://fdn.gsmarena.com/imgroot//reviews/16/apple-iphone-se/gal/-1024x768w1/gsmarena_003.jpg', 6);
INSERT OR IGNORE INTO device_pictures (device_id, url, position) VALUES (110, 'https://fdn.gsmarena.com/imgroot//reviews/16/apple-iphone-se/gal/-1024x768w1/gsmarena_004.jpg', 7);
INSERT OR IGNORE INTO device_pictures (device_id, url, position) VALUES (110, 'https://fdn.gsmarena.com/imgroot//reviews/16/apple-iphone-se/gal/-1024x768w1/gsmarena_005.jpg', 8);
INSERT OR IGNORE INTO device_pictures (device_id, url, position) VALUES (110, 'https://fdn.gsmarena.com/imgroot//reviews/16/apple-iphone-se/gal/-1024x768w1/gsmarena_006.jpg', 9);
INSERT OR IGNORE INTO devices (id, brand_id, name, gsmarena_url, thumbnail_url, summary) VALUES (111, 1, 'iPhone 6s Plus', 'https://www.gsmarena.com/apple_iphone_6s_plus-7243.php', 'https://fdn2.gsmarena.com/vv/bigpic/apple-iphone-6s-plus.jpg', 'iPhone 6s Plus');
INSERT OR IGNORE INTO device_specs (device_id, announced, status, network, os, chipset, cpu, gpu, display_size, display_type, display_res, ram, storage, main_camera, selfie_camera, battery, charging, nfc, usb, bluetooth, wlan, colors, weight, dimensions, sim, sensors, popularity, fans, rating, full_specs_json) VALUES (111, '2015, September 09. Released 2015, September 25', 'Discontinued', 'GSM / CDMA / HSPA / EVDO / LTE / 4G/LTE', 'iOS 9, upgradable to iOS 15.8.5', 'Apple A9 (14/16 nm - maker dependant)', 'Dual-core 1.84 GHz Twister', 'PowerVR GT7600 (six-core graphics)', '5.5 inches, 83.4 cm 2 (~67.7% screen-to-body ratio)', 'IPS LCD', '1080 x 1920 pixels, 16:9 ratio (~401 ppi density)', '2GB', '16GB', '12 MP, f/2.2, 29mm (standard), 1/3.0", 1.22µm, PDAF, OIS, Dual-LED dual-tone flash, HDR', '5 MP, f/2.2, 31mm (standard), 720p@30fps', 'Li-Ion 2750 mAh, non-removable (10.45 Wh)', NULL, 'Yes (Apple Pay only)', 'Lightning, USB 2.0', '4.2, A2DP, LE', 'Wi-Fi 802.11 a/b/g/n/ac, dual-band, hotspot', 'Space Gray, Silver, Gold, Rose Gold', '192 g (6.77 oz)', '158.2 x 77.9 x 7.3 mm (6.23 x 3.07 x 0.29 in)', 'Nano-SIM', 'Fingerprint (front-mounted), accelerometer, gyro, proximity, compass, barometer', 'About 240 EUR', NULL, NULL, '[{"category":"Network","specs":[{"label":"Technology","value":"GSM / CDMA / HSPA / EVDO / LTE"},{"label":"2G bands","value":"GSM 850 / 900 / 1800 / 1900"},{"label":"3G bands","value":"HSDPA 850 / 900 / 1700 / 1900 / 2100"},{"label":"4G bands","value":"1, 2, 3, 4, 5, 7, 8, 12, 13, 17, 18, 19, 20, 25, 26, 28, 29, 30 - A1633"},{"label":"Speed","value":"HSPA 42.2/5.76 Mbps, LTE (2CA) Cat6 300/50 Mbps, EV-DO Rev.A 3.1 Mbps"}]},{"category":"Launch","specs":[{"label":"Announced","value":"2015, September 09. Released 2015, September 25"},{"label":"Status","value":"Discontinued"}]},{"category":"Body","specs":[{"label":"Dimensions","value":"158.2 x 77.9 x 7.3 mm (6.23 x 3.07 x 0.29 in)"},{"label":"Weight","value":"192 g (6.77 oz)"},{"label":"Build","value":"Glass front (Corning-made glass), aluminum back, aluminum frame"},{"label":"SIM","value":"Nano-SIM"}]},{"category":"Display","specs":[{"label":"Type","value":"IPS LCD"},{"label":"Size","value":"5.5 inches, 83.4 cm 2 (~67.7% screen-to-body ratio)"},{"label":"Resolution","value":"1080 x 1920 pixels, 16:9 ratio (~401 ppi density)"},{"label":"Protection","value":"Ion-strengthened glass, oleophobic coating"}]},{"category":"Platform","specs":[{"label":"OS","value":"iOS 9, upgradable to iOS 15.8.5"},{"label":"Chipset","value":"Apple A9 (14/16 nm - maker dependant)"},{"label":"CPU","value":"Dual-core 1.84 GHz Twister"},{"label":"GPU","value":"PowerVR GT7600 (six-core graphics)"}]},{"category":"Memory","specs":[{"label":"Card slot","value":"No"},{"label":"Internal","value":"16GB 2GB RAM, 32GB 2GB RAM, 64GB 2GB RAM, 128GB 2GB RAM"}]},{"category":"Main Camera","specs":[{"label":"Single","value":"12 MP, f/2.2, 29mm (standard), 1/3.0\\", 1.22µm, PDAF, OIS"},{"label":"Features","value":"Dual-LED dual-tone flash, HDR"},{"label":"Video","value":"4K@30fps, 1080p@60fps, 1080p@120fps, 720p@240fps"}]},{"category":"Selfie camera","specs":[{"label":"Single","value":"5 MP, f/2.2, 31mm (standard)"},{"label":"Video","value":"720p@30fps"},{"label":"Features","value":"Face detection, HDR, panorama"}]},{"category":"Sound","specs":[{"label":"Loudspeaker","value":"Yes"},{"label":"3.5mm jack","value":"Yes"}]},{"category":"Comms","specs":[{"label":"WLAN","value":"Wi-Fi 802.11 a/b/g/n/ac, dual-band, hotspot"},{"label":"Bluetooth","value":"4.2, A2DP, LE"},{"label":"Positioning","value":"GPS, GLONASS, GALILEO, QZSS"},{"label":"NFC","value":"Yes (Apple Pay only)"},{"label":"USB","value":"Lightning, USB 2.0"},{"label":"Radio","value":"No"}]},{"category":"Features","specs":[{"label":"Sensors","value":"Fingerprint (front-mounted), accelerometer, gyro, proximity, compass, barometer"}]},{"category":"Battery","specs":[{"label":"Type","value":"Li-Ion 2750 mAh, non-removable (10.45 Wh)"},{"label":"Stand-by","value":"Up to 384 h (3G)"},{"label":"Talk time","value":"Up to 24 h (3G)"}]},{"category":"Misc","specs":[{"label":"Colors","value":"Space Gray, Silver, Gold, Rose Gold"},{"label":"Models","value":"A1634, A1687, A1690, A1699, iPhone8,2"},{"label":"SAR","value":"1.12 W/kg (head)     1.14 W/kg (body)"},{"label":"Price","value":"About 240 EUR"},{"label":"SAR EU","value":"0.93 W/kg (head)     0.98 W/kg (body)"}]}]');
INSERT OR IGNORE INTO device_pictures (device_id, url, position) VALUES (111, 'https://fdn2.gsmarena.com/vv/bigpic/apple-iphone-6s-plus.jpg', 0);
INSERT OR IGNORE INTO device_pictures (device_id, url, position) VALUES (111, 'https://fdn2.gsmarena.com/vv/pics/apple/apple-iphone6s-plus-1.jpg', 1);
INSERT OR IGNORE INTO device_pictures (device_id, url, position) VALUES (111, 'https://fdn.gsmarena.com/imgroot//reviews/15/apple-iphone-6s-plus/gal/-1024x768w1/gsmarena_001.jpg', 2);
INSERT OR IGNORE INTO device_pictures (device_id, url, position) VALUES (111, 'https://fdn.gsmarena.com/imgroot//reviews/15/apple-iphone-6s-plus/gal/-1024x768w1/gsmarena_002.jpg', 3);
INSERT OR IGNORE INTO device_pictures (device_id, url, position) VALUES (111, 'https://fdn.gsmarena.com/imgroot//reviews/15/apple-iphone-6s-plus/gal/-1024x768w1/gsmarena_003.jpg', 4);
INSERT OR IGNORE INTO device_pictures (device_id, url, position) VALUES (111, 'https://fdn.gsmarena.com/imgroot//reviews/15/apple-iphone-6s-plus/gal/-1024x768w1/gsmarena_004.jpg', 5);
INSERT OR IGNORE INTO device_pictures (device_id, url, position) VALUES (111, 'https://fdn.gsmarena.com/imgroot//reviews/15/apple-iphone-6s-plus/gal/-1024x768w1/gsmarena_005.jpg', 6);
INSERT OR IGNORE INTO device_pictures (device_id, url, position) VALUES (111, 'https://fdn.gsmarena.com/imgroot//reviews/15/apple-iphone-6s-plus/gal/-1024x768w1/gsmarena_006.jpg', 7);
INSERT OR IGNORE INTO device_pictures (device_id, url, position) VALUES (111, 'https://fdn.gsmarena.com/imgroot//reviews/15/apple-iphone-6s-plus/gal/-1024x768w1/gsmarena_007.jpg', 8);
INSERT OR IGNORE INTO device_pictures (device_id, url, position) VALUES (111, 'https://fdn.gsmarena.com/imgroot//reviews/15/apple-iphone-6s-plus/gal/-1024x768w1/gsmarena_008.jpg', 9);
INSERT OR IGNORE INTO devices (id, brand_id, name, gsmarena_url, thumbnail_url, summary) VALUES (112, 1, 'iPhone 6s', 'https://www.gsmarena.com/apple_iphone_6s-7242.php', 'https://fdn2.gsmarena.com/vv/bigpic/apple-iphone-6s1.jpg', 'iPhone 6s');
INSERT OR IGNORE INTO device_specs (device_id, announced, status, network, os, chipset, cpu, gpu, display_size, display_type, display_res, ram, storage, main_camera, selfie_camera, battery, charging, nfc, usb, bluetooth, wlan, colors, weight, dimensions, sim, sensors, popularity, fans, rating, full_specs_json) VALUES (112, '2015, September 09. Released 2015, September 25', 'Discontinued', 'GSM / CDMA / HSPA / EVDO / LTE / 4G/LTE', 'iOS 9, upgradable to iOS 15.8.5', 'Apple A9 (14/16 nm - maker dependant)', 'Dual-core 1.84 GHz Twister', 'PowerVR GT7600 (six-core graphics)', '4.7 inches, 60.9 cm 2 (~65.6% screen-to-body ratio)', 'IPS LCD, 500 nits', '750 x 1334 pixels, 16:9 ratio (~326 ppi density)', '2GB', '16GB', '12 MP, f/2.2, 29mm (standard), 1/3.0", 1.22µm, PDAF, Dual-LED dual-tone flash, HDR', '5 MP, f/2.2, 31mm (standard), 720p@30fps', 'Li-Ion 1715 mAh, non-removable (6.91 Wh)', NULL, 'Yes (Apple Pay only)', 'Lightning, USB 2.0', '4.2, A2DP, LE', 'Wi-Fi 802.11 a/b/g/n/ac, dual-band, hotspot', 'Space Gray, Silver, Gold, Rose Gold', '143 g (5.04 oz)', '138.3 x 67.1 x 7.1 mm (5.44 x 2.64 x 0.28 in)', 'Nano-SIM', 'Fingerprint (front-mounted), accelerometer, gyro, proximity, compass, barometer', 'About 230 EUR', NULL, NULL, '[{"category":"Network","specs":[{"label":"Technology","value":"GSM / CDMA / HSPA / EVDO / LTE"},{"label":"2G bands","value":"GSM 850 / 900 / 1800 / 1900"},{"label":"3G bands","value":"HSDPA 850 / 900 / 1700 / 1900 / 2100"},{"label":"4G bands","value":"1, 2, 3, 4, 5, 7, 8, 12, 13, 17, 18, 19, 20, 25, 26, 28, 29 - A1688"},{"label":"Speed","value":"HSPA 42.2/5.76 Mbps, LTE (2CA) Cat6 300/50 Mbps, EV-DO Rev.A 3.1 Mbps"}]},{"category":"Launch","specs":[{"label":"Announced","value":"2015, September 09. Released 2015, September 25"},{"label":"Status","value":"Discontinued"}]},{"category":"Body","specs":[{"label":"Dimensions","value":"138.3 x 67.1 x 7.1 mm (5.44 x 2.64 x 0.28 in)"},{"label":"Weight","value":"143 g (5.04 oz)"},{"label":"Build","value":"Glass front (Corning-made glass), aluminum back, aluminum frame"},{"label":"SIM","value":"Nano-SIM"}]},{"category":"Display","specs":[{"label":"Type","value":"IPS LCD, 500 nits"},{"label":"Size","value":"4.7 inches, 60.9 cm 2 (~65.6% screen-to-body ratio)"},{"label":"Resolution","value":"750 x 1334 pixels, 16:9 ratio (~326 ppi density)"},{"label":"Protection","value":"Ion-strengthened glass, oleophobic coating"}]},{"category":"Platform","specs":[{"label":"OS","value":"iOS 9, upgradable to iOS 15.8.5"},{"label":"Chipset","value":"Apple A9 (14/16 nm - maker dependant)"},{"label":"CPU","value":"Dual-core 1.84 GHz Twister"},{"label":"GPU","value":"PowerVR GT7600 (six-core graphics)"}]},{"category":"Memory","specs":[{"label":"Card slot","value":"No"},{"label":"Internal","value":"16GB 2GB RAM, 32GB 2GB RAM, 64GB 2GB RAM, 128GB 2GB RAM"}]},{"category":"Main Camera","specs":[{"label":"Single","value":"12 MP, f/2.2, 29mm (standard), 1/3.0\\", 1.22µm, PDAF"},{"label":"Features","value":"Dual-LED dual-tone flash, HDR"},{"label":"Video","value":"4K@30fps, 1080p@60fps,1080p@120fps, 720p@240fps"}]},{"category":"Selfie camera","specs":[{"label":"Single","value":"5 MP, f/2.2, 31mm (standard)"},{"label":"Video","value":"720p@30fps"},{"label":"Features","value":"Face detection, HDR, panorama"}]},{"category":"Sound","specs":[{"label":"Loudspeaker","value":"Yes"},{"label":"3.5mm jack","value":"Yes"}]},{"category":"Comms","specs":[{"label":"WLAN","value":"Wi-Fi 802.11 a/b/g/n/ac, dual-band, hotspot"},{"label":"Bluetooth","value":"4.2, A2DP, LE"},{"label":"Positioning","value":"GPS, GLONASS, GALILEO, QZSS"},{"label":"NFC","value":"Yes (Apple Pay only)"},{"label":"USB","value":"Lightning, USB 2.0"},{"label":"Radio","value":"No"}]},{"category":"Features","specs":[{"label":"Sensors","value":"Fingerprint (front-mounted), accelerometer, gyro, proximity, compass, barometer"}]},{"category":"Battery","specs":[{"label":"Type","value":"Li-Ion 1715 mAh, non-removable (6.91 Wh)"},{"label":"Stand-by","value":"Up to 240 h (3G)"},{"label":"Talk time","value":"Up to 14 h (3G)"}]},{"category":"Misc","specs":[{"label":"Colors","value":"Space Gray, Silver, Gold, Rose Gold"},{"label":"Models","value":"A1633, A1688, A1691, A1700, iPhone8,1"},{"label":"SAR","value":"1.14 W/kg (head)     1.14 W/kg (body)"},{"label":"Price","value":"About 230 EUR"},{"label":"SAR EU","value":"0.87 W/kg (head)     0.98 W/kg (body)"}]}]');
INSERT OR IGNORE INTO device_pictures (device_id, url, position) VALUES (112, 'https://fdn2.gsmarena.com/vv/bigpic/apple-iphone-6s1.jpg', 0);
INSERT OR IGNORE INTO device_pictures (device_id, url, position) VALUES (112, 'https://fdn2.gsmarena.com/vv/pics/apple/apple-iphone-6s-1.jpg', 1);
INSERT OR IGNORE INTO device_pictures (device_id, url, position) VALUES (112, 'https://fdn2.gsmarena.com/vv/pics/apple/apple-iphone-6s-2.jpg', 2);
INSERT OR IGNORE INTO device_pictures (device_id, url, position) VALUES (112, 'https://fdn2.gsmarena.com/vv/pics/apple/apple-iphone-6s-3.jpg', 3);
INSERT OR IGNORE INTO device_pictures (device_id, url, position) VALUES (112, 'https://fdn2.gsmarena.com/vv/pics/apple/apple-iphone-6s-4.jpg', 4);
INSERT OR IGNORE INTO device_pictures (device_id, url, position) VALUES (112, 'https://fdn.gsmarena.com/imgroot//reviews/15/apple-iphone-6s/gal/-1024x768w1/gsmarena_001.jpg', 5);
INSERT OR IGNORE INTO device_pictures (device_id, url, position) VALUES (112, 'https://fdn.gsmarena.com/imgroot//reviews/15/apple-iphone-6s/gal/-1024x768w1/gsmarena_002.jpg', 6);
INSERT OR IGNORE INTO device_pictures (device_id, url, position) VALUES (112, 'https://fdn.gsmarena.com/imgroot//reviews/15/apple-iphone-6s/gal/-1024x768w1/gsmarena_003.jpg', 7);
INSERT OR IGNORE INTO device_pictures (device_id, url, position) VALUES (112, 'https://fdn.gsmarena.com/imgroot//reviews/15/apple-iphone-6s/gal/-1024x768w1/gsmarena_004.jpg', 8);
INSERT OR IGNORE INTO device_pictures (device_id, url, position) VALUES (112, 'https://fdn.gsmarena.com/imgroot//reviews/15/apple-iphone-6s/gal/-1024x768w1/gsmarena_005.jpg', 9);
INSERT OR IGNORE INTO devices (id, brand_id, name, gsmarena_url, thumbnail_url, summary) VALUES (113, 1, 'iPad Pro 12.9 (2015)', 'https://www.gsmarena.com/apple_ipad_pro_12_9_(2015)-7562.php', 'https://fdn2.gsmarena.com/vv/bigpic/apple-ipad-pro-.jpg', 'iPad Pro 12.9 (2015)');
INSERT OR IGNORE INTO device_specs (device_id, announced, status, network, os, chipset, cpu, gpu, display_size, display_type, display_res, ram, storage, main_camera, selfie_camera, battery, charging, nfc, usb, bluetooth, wlan, colors, weight, dimensions, sim, sensors, popularity, fans, rating, full_specs_json) VALUES (113, '2015, September. Released 2015, November', 'Discontinued', 'GSM / CDMA / HSPA / EVDO / LTE / 4G/LTE', 'iOS 9, upgradable to iPadOS 16.7.14', 'Apple A9X (16 nm)', 'Dual-core 2.26 GHz (Twister)', 'PowerVR Series 7 (12-core graphics)', '12.9 inches, 519.2 cm 2 (~77.0% screen-to-body ratio)', 'IPS LCD', '2048 x 2732 pixels, 4:3 ratio (~264 ppi density)', '4GB', '32GB', '8 MP, f/2.4, 31mm (standard), 1.12µm, AF, HDR', '1.2 MP, 720p@30fps', 'Li-Ion 10,307 mAh, non-removable (38.8 Wh)', NULL, 'Yes', 'Lightning, USB 3.0; magnetic connector', '4.0, A2DP, EDR', 'Wi-Fi 802.11 a/b/g/n/ac, dual-band, hotspot', 'Space Gray, Silver, Gold', '713 g (Wi-Fi) / 723 g (LTE) (1.57 lb)', '305.7 x 220.6 x 6.9 mm (12.04 x 8.69 x 0.27 in)', 'Nano-SIM + eSIM', 'Fingerprint (front-mounted), accelerometer, gyro, compass, barometer', 'About 850 EUR', NULL, NULL, '[{"category":"Network","specs":[{"label":"Technology","value":"GSM / CDMA / HSPA / EVDO / LTE"},{"label":"2G bands","value":"GSM 850 / 900 / 1800 / 1900"},{"label":"3G bands","value":"HSDPA 850 / 900 / 1700 / 1900 / 2100"},{"label":"4G bands","value":"1, 2, 3, 4, 5, 7, 8, 13, 17, 18, 19, 20, 25, 26, 28, 29, 38, 39, 40, 41"},{"label":"Speed","value":"HSPA 42.2/5.76 Mbps, LTE Cat4 150/50 Mbps, EV-DO Rev.A 3.1 Mbps"}]},{"category":"Launch","specs":[{"label":"Announced","value":"2015, September. Released 2015, November"},{"label":"Status","value":"Discontinued"}]},{"category":"Body","specs":[{"label":"Dimensions","value":"305.7 x 220.6 x 6.9 mm (12.04 x 8.69 x 0.27 in)"},{"label":"Weight","value":"713 g (Wi-Fi) / 723 g (LTE) (1.57 lb)"},{"label":"SIM","value":"Nano-SIM + eSIM"}]},{"category":"Display","specs":[{"label":"Type","value":"IPS LCD"},{"label":"Size","value":"12.9 inches, 519.2 cm 2 (~77.0% screen-to-body ratio)"},{"label":"Resolution","value":"2048 x 2732 pixels, 4:3 ratio (~264 ppi density)"},{"label":"Protection","value":"Scratch-resistant glass, oleophobic coating"}]},{"category":"Platform","specs":[{"label":"OS","value":"iOS 9, upgradable to iPadOS 16.7.14"},{"label":"Chipset","value":"Apple A9X (16 nm)"},{"label":"CPU","value":"Dual-core 2.26 GHz (Twister)"},{"label":"GPU","value":"PowerVR Series 7 (12-core graphics)"}]},{"category":"Memory","specs":[{"label":"Card slot","value":"No"},{"label":"Internal","value":"32GB 4GB RAM, 128GB 4GB RAM, 256GB 4GB RAM"}]},{"category":"Main Camera","specs":[{"label":"Single","value":"8 MP, f/2.4, 31mm (standard), 1.12µm, AF"},{"label":"Features","value":"HDR"},{"label":"Video","value":"1080p@30fps, 720p@120fps, HDR, stereo sound rec."}]},{"category":"Selfie camera","specs":[{"label":"Single","value":"1.2 MP"},{"label":"Video","value":"720p@30fps"},{"label":"Features","value":"face detection, HDR, FaceTime over Wi-Fi or Cellular"}]},{"category":"Sound","specs":[{"label":"Loudspeaker","value":"Yes, with stereo speakers (4 speakers)"},{"label":"3.5mm jack","value":"Yes"}]},{"category":"Comms","specs":[{"label":"WLAN","value":"Wi-Fi 802.11 a/b/g/n/ac, dual-band, hotspot"},{"label":"Bluetooth","value":"4.0, A2DP, EDR"},{"label":"Positioning","value":"GPS, GLONASS (Wi‑Fi + Cellular model only)"},{"label":"NFC","value":"Yes"},{"label":"USB","value":"Lightning, USB 3.0; magnetic connector"},{"label":"Radio","value":"No"}]},{"category":"Features","specs":[{"label":"Sensors","value":"Fingerprint (front-mounted), accelerometer, gyro, compass, barometer"}]},{"category":"Battery","specs":[{"label":"Type","value":"Li-Ion 10,307 mAh, non-removable (38.8 Wh)"},{"label":"Talk time","value":"Up to 10 h (multimedia)"}]},{"category":"Misc","specs":[{"label":"Colors","value":"Space Gray, Silver, Gold"},{"label":"Models","value":"A1584, A1652, iPad6,7, iPad6,8"},{"label":"Price","value":"About 850 EUR"}]}]');
INSERT OR IGNORE INTO device_pictures (device_id, url, position) VALUES (113, 'https://fdn2.gsmarena.com/vv/bigpic/apple-ipad-pro-.jpg', 0);
INSERT OR IGNORE INTO device_pictures (device_id, url, position) VALUES (113, 'https://fdn2.gsmarena.com/vv/pics/apple/apple-ipad-pro-2.jpg', 1);
INSERT OR IGNORE INTO device_pictures (device_id, url, position) VALUES (113, 'https://fdn2.gsmarena.com/vv/pics/apple/apple-ipad-pro-3.jpg', 2);
INSERT OR IGNORE INTO device_pictures (device_id, url, position) VALUES (113, 'https://fdn2.gsmarena.com/vv/pics/apple/apple-ipad-pro-4.jpg', 3);
INSERT OR IGNORE INTO device_pictures (device_id, url, position) VALUES (113, 'https://fdn2.gsmarena.com/vv/pics/apple/apple-ipad-pro-5.jpg', 4);
INSERT OR IGNORE INTO device_pictures (device_id, url, position) VALUES (113, 'https://fdn2.gsmarena.com/vv/pics/apple/apple-ipad-pro-6.jpg', 5);
INSERT OR IGNORE INTO device_pictures (device_id, url, position) VALUES (113, 'https://fdn.gsmarena.com/imgroot//reviews/15/apple-ipad-pro/gal/-1024x768w1/gsmarena_001.jpg', 6);
INSERT OR IGNORE INTO device_pictures (device_id, url, position) VALUES (113, 'https://fdn.gsmarena.com/imgroot//reviews/15/apple-ipad-pro/gal/-1024x768w1/gsmarena_002.jpg', 7);
INSERT OR IGNORE INTO device_pictures (device_id, url, position) VALUES (113, 'https://fdn.gsmarena.com/imgroot//reviews/15/apple-ipad-pro/gal/-1024x768w1/gsmarena_003.jpg', 8);
INSERT OR IGNORE INTO device_pictures (device_id, url, position) VALUES (113, 'https://fdn.gsmarena.com/imgroot//reviews/15/apple-ipad-pro/gal/-1024x768w1/gsmarena_004.jpg', 9);
INSERT OR IGNORE INTO devices (id, brand_id, name, gsmarena_url, thumbnail_url, summary) VALUES (114, 1, 'iPad mini 4 (2015)', 'https://www.gsmarena.com/apple_ipad_mini_4_(2015)-7561.php', 'https://fdn2.gsmarena.com/vv/bigpic/ipad-mini-41.jpg', 'iPad mini 4 (2015)');
INSERT OR IGNORE INTO device_specs (device_id, announced, status, network, os, chipset, cpu, gpu, display_size, display_type, display_res, ram, storage, main_camera, selfie_camera, battery, charging, nfc, usb, bluetooth, wlan, colors, weight, dimensions, sim, sensors, popularity, fans, rating, full_specs_json) VALUES (114, '2015, September. Released 2015, September', 'Discontinued', 'GSM / CDMA / HSPA / EVDO / LTE / 4G/LTE', 'iOS 9, upgradable to iPadOS 15.8.5', 'Apple A8 (20 nm)', 'Dual-core 1.5 GHz Typhoon', 'PowerVR GX6450 (quad-core graphics)', '7.9 inches, 193.3 cm 2 (~70.6% screen-to-body ratio)', 'IPS LCD', '1536 x 2048 pixels, 4:3 ratio (~324 ppi density)', '2GB', '16GB', '8 MP, f/2.4, 32mm (standard), 1.12µm, AF, HDR', '1.2 MP, f/2.2, 31mm (standard), 720p@30fps', 'Li-Ion 5124 mAh, non-removable (19.1 Wh)', NULL, 'No', 'Lightning, USB 2.0', '4.0, A2DP, EDR', 'Wi-Fi 802.11 a/b/g/n/ac, dual-band, hotspot', 'Space Gray, Silver, Gold', '299 g (Wi-Fi) / 304 g (3G/LTE) (10.55 oz)', '203.2 x 134.8 x 6.1 mm (8.0 x 5.31 x 0.24 in)', 'Nano-SIM + eSIM', 'Fingerprint (front-mounted), accelerometer, gyro, compass, barometer', 'About 360 EUR', NULL, NULL, '[{"category":"Network","specs":[{"label":"Technology","value":"GSM / CDMA / HSPA / EVDO / LTE"},{"label":"2G bands","value":"GSM 850 / 900 / 1800 / 1900"},{"label":"3G bands","value":"HSDPA 850 / 900 / 1700 / 1900 / 2100"},{"label":"4G bands","value":"1, 2, 3, 4, 5, 7, 8, 13, 17, 18, 19, 20, 25, 26, 28, 29, 38, 39, 40, 41 - A1490"},{"label":"Speed","value":"HSPA 42.2/5.76 Mbps, LTE Cat4 150/50 Mbps, EV-DO Rev.A 3.1 Mbps"}]},{"category":"Launch","specs":[{"label":"Announced","value":"2015, September. Released 2015, September"},{"label":"Status","value":"Discontinued"}]},{"category":"Body","specs":[{"label":"Dimensions","value":"203.2 x 134.8 x 6.1 mm (8.0 x 5.31 x 0.24 in)"},{"label":"Weight","value":"299 g (Wi-Fi) / 304 g (3G/LTE) (10.55 oz)"},{"label":"Build","value":"Glass front, aluminum back, aluminum frame"},{"label":"SIM","value":"Nano-SIM + eSIM"}]},{"category":"Display","specs":[{"label":"Type","value":"IPS LCD"},{"label":"Size","value":"7.9 inches, 193.3 cm 2 (~70.6% screen-to-body ratio)"},{"label":"Resolution","value":"1536 x 2048 pixels, 4:3 ratio (~324 ppi density)"},{"label":"Protection","value":"Scratch-resistant glass, oleophobic coating"}]},{"category":"Platform","specs":[{"label":"OS","value":"iOS 9, upgradable to iPadOS 15.8.5"},{"label":"Chipset","value":"Apple A8 (20 nm)"},{"label":"CPU","value":"Dual-core 1.5 GHz Typhoon"},{"label":"GPU","value":"PowerVR GX6450 (quad-core graphics)"}]},{"category":"Memory","specs":[{"label":"Card slot","value":"No"},{"label":"Internal","value":"16GB 2GB RAM, 32GB 2GB RAM, 64GB 2GB RAM, 128GB 2GB RAM"}]},{"category":"Main Camera","specs":[{"label":"Single","value":"8 MP, f/2.4, 32mm (standard), 1.12µm, AF"},{"label":"Features","value":"HDR"},{"label":"Video","value":"1080p@30fps"}]},{"category":"Selfie camera","specs":[{"label":"Single","value":"1.2 MP, f/2.2, 31mm (standard)"},{"label":"Video","value":"720p@30fps"},{"label":"Features","value":"HDR"}]},{"category":"Sound","specs":[{"label":"Loudspeaker","value":"Yes, with stereo speakers"},{"label":"3.5mm jack","value":"Yes"}]},{"category":"Comms","specs":[{"label":"WLAN","value":"Wi-Fi 802.11 a/b/g/n/ac, dual-band, hotspot"},{"label":"Bluetooth","value":"4.0, A2DP, EDR"},{"label":"Positioning","value":"GPS, GLONASS (3G/LTE model only)"},{"label":"NFC","value":"No"},{"label":"USB","value":"Lightning, USB 2.0"},{"label":"Radio","value":"No"}]},{"category":"Features","specs":[{"label":"Sensors","value":"Fingerprint (front-mounted), accelerometer, gyro, compass, barometer"}]},{"category":"Battery","specs":[{"label":"Type","value":"Li-Ion 5124 mAh, non-removable (19.1 Wh)"},{"label":"Talk time","value":"Up to 10 h (multimedia)"}]},{"category":"Misc","specs":[{"label":"Colors","value":"Space Gray, Silver, Gold"},{"label":"Models","value":"A1538, A1550, iPad5,1, iPad5,2"},{"label":"SAR","value":"1.18 W/kg (body)"},{"label":"Price","value":"About 360 EUR"},{"label":"SAR EU","value":"0.42 W/kg (body)"}]}]');
INSERT OR IGNORE INTO device_pictures (device_id, url, position) VALUES (114, 'https://fdn2.gsmarena.com/vv/bigpic/ipad-mini-41.jpg', 0);
INSERT OR IGNORE INTO device_pictures (device_id, url, position) VALUES (114, 'https://fdn2.gsmarena.com/vv/pics/apple/apple-ipad-mini-4-1.jpg', 1);
INSERT OR IGNORE INTO device_pictures (device_id, url, position) VALUES (114, 'https://fdn2.gsmarena.com/vv/pics/apple/apple-ipad-mini-4-0.jpg', 2);
INSERT OR IGNORE INTO device_pictures (device_id, url, position) VALUES (114, 'https://fdn2.gsmarena.com/vv/pics/apple/apple-ipad-mini-4-2.jpg', 3);
INSERT OR IGNORE INTO device_pictures (device_id, url, position) VALUES (114, 'https://fdn2.gsmarena.com/vv/pics/apple/apple-ipad-mini-4-3.jpg', 4);
INSERT OR IGNORE INTO devices (id, brand_id, name, gsmarena_url, thumbnail_url, summary) VALUES (115, 1, 'Watch Edition 42mm (1st gen)', 'https://www.gsmarena.com/apple_watch_edition_42mm_(1st_gen)-7698.php', 'https://fdn2.gsmarena.com/vv/bigpic/apple-watch-edition-42mm.jpg', 'Watch Edition 42mm (1st gen)');
INSERT OR IGNORE INTO device_specs (device_id, announced, status, network, os, chipset, cpu, gpu, display_size, display_type, display_res, ram, storage, main_camera, selfie_camera, battery, charging, nfc, usb, bluetooth, wlan, colors, weight, dimensions, sim, sensors, popularity, fans, rating, full_specs_json) VALUES (115, '2014, September. Released 2015, July', 'Discontinued', 'No cellular connectivity', 'watchOS 1.0, upgradable to watchOS 4.3.2', 'Apple S1 (28 nm)', '520 MHz Cortex-A7', 'PowerVR SGX543', '1.65 inches', 'Retina OLED, 450 nits (peak)', '390 x 312 pixels (~303 ppi density)', NULL, '8GB', NULL, NULL, 'Li-Ion 250 mAh (0.94 Wh), non-removable', 'Wireless', 'Yes', 'No', '4.0, LE', 'Wi-Fi 802.11 b/g/n', '18-karat Rose Gold/White, Midnight Blue Buckle 18-karat Yellow Gold/Black, Black Buckle', '69 g body (3.53 oz)', '42 x 35.9 x 10.5 mm (1.65 x 1.41 x 0.41 in)', 'No', 'Accelerometer, gyro, heart rate', 'About 13000 EUR', NULL, NULL, '[{"category":"Network","specs":[{"label":"Technology","value":"No cellular connectivity"},{"label":"2G bands","value":"N/A"},{"label":"GPRS","value":"No"},{"label":"EDGE","value":"No"}]},{"category":"Launch","specs":[{"label":"Announced","value":"2014, September. Released 2015, July"},{"label":"Status","value":"Discontinued"}]},{"category":"Body","specs":[{"label":"Dimensions","value":"42 x 35.9 x 10.5 mm (1.65 x 1.41 x 0.41 in)"},{"label":"Weight","value":"69 g body (3.53 oz)"},{"label":"Build","value":"Glass front (Sapphire crystal), ceramic back, 18-karat yellow/rose gold frame"},{"label":"SIM","value":"No"}]},{"category":"Display","specs":[{"label":"Type","value":"Retina OLED, 450 nits (peak)"},{"label":"Size","value":"1.65 inches"},{"label":"Resolution","value":"390 x 312 pixels (~303 ppi density)"},{"label":"Protection","value":"Sapphire crystal glass"}]},{"category":"Platform","specs":[{"label":"OS","value":"watchOS 1.0, upgradable to watchOS 4.3.2"},{"label":"Chipset","value":"Apple S1 (28 nm)"},{"label":"CPU","value":"520 MHz Cortex-A7"},{"label":"GPU","value":"PowerVR SGX543"}]},{"category":"Memory","specs":[{"label":"Card slot","value":"No"},{"label":"Internal","value":"8GB 512MB RAM"}]},{"category":"Sound","specs":[{"label":"Loudspeaker","value":"Yes"},{"label":"3.5mm jack","value":"No"}]},{"category":"Comms","specs":[{"label":"WLAN","value":"Wi-Fi 802.11 b/g/n"},{"label":"Bluetooth","value":"4.0, LE"},{"label":"Positioning","value":"No"},{"label":"NFC","value":"Yes"},{"label":"USB","value":"No"},{"label":"Radio","value":"No"}]},{"category":"Features","specs":[{"label":"Sensors","value":"Accelerometer, gyro, heart rate"}]},{"category":"Battery","specs":[{"label":"Type","value":"Li-Ion 250 mAh (0.94 Wh), non-removable"},{"label":"Charging","value":"Wireless"}]},{"category":"Misc","specs":[{"label":"Colors","value":"18-karat Rose Gold/White, Midnight Blue Buckle 18-karat Yellow Gold/Black, Black Buckle"},{"label":"Models","value":"A1554"},{"label":"Price","value":"About 13000 EUR"}]}]');
INSERT OR IGNORE INTO device_pictures (device_id, url, position) VALUES (115, 'https://fdn2.gsmarena.com/vv/bigpic/apple-watch-edition-42mm.jpg', 0);
INSERT OR IGNORE INTO device_pictures (device_id, url, position) VALUES (115, 'https://fdn2.gsmarena.com/vv/pics/apple/apple-watch-edition-42mm.jpg', 1);
INSERT OR IGNORE INTO devices (id, brand_id, name, gsmarena_url, thumbnail_url, summary) VALUES (116, 1, 'Watch Edition 38mm (1st gen)', 'https://www.gsmarena.com/apple_watch_edition_38mm_(1st_gen)-7697.php', 'https://fdn2.gsmarena.com/vv/bigpic/apple-watch-edition-38mm.jpg', 'Watch Edition 38mm (1st gen)');
INSERT OR IGNORE INTO device_specs (device_id, announced, status, network, os, chipset, cpu, gpu, display_size, display_type, display_res, ram, storage, main_camera, selfie_camera, battery, charging, nfc, usb, bluetooth, wlan, colors, weight, dimensions, sim, sensors, popularity, fans, rating, full_specs_json) VALUES (116, '2014, September. Released 2015, July', 'Discontinued', 'No cellular connectivity', 'watchOS 1.0, upgradable to watchOS 4.3.2', 'Apple S1 (28 nm)', '520 MHz Cortex-A7', 'PowerVR SGX543', '1.5 inches', 'Retina OLED, 450 nits (peak)', '340 x 272 pixels (~290 ppi density)', NULL, '8GB', NULL, NULL, 'Li-Ion 205 mAh (0.78 Wh), non-removable', 'Wireless', 'Yes', 'No', '4.0, LE', 'Wi-Fi 802.11 b/g/n', '18-karat Rose Gold/White, Rose Gray Buckle 18-karat Yellow Gold/Black, Red Buckle', '55 g body (3.35 oz)', '38.6 x 33.3 x 10.5 mm (1.52 x 1.31 x 0.41 in)', 'No', 'Accelerometer, gyro, heart rate', 'About 11000 EUR', NULL, NULL, '[{"category":"Network","specs":[{"label":"Technology","value":"No cellular connectivity"},{"label":"2G bands","value":"N/A"},{"label":"GPRS","value":"No"},{"label":"EDGE","value":"No"}]},{"category":"Launch","specs":[{"label":"Announced","value":"2014, September. Released 2015, July"},{"label":"Status","value":"Discontinued"}]},{"category":"Body","specs":[{"label":"Dimensions","value":"38.6 x 33.3 x 10.5 mm (1.52 x 1.31 x 0.41 in)"},{"label":"Weight","value":"55 g body (3.35 oz)"},{"label":"Build","value":"Glass front (Sapphire crystal), ceramic back, 18-karat yellow/rose gold frame"},{"label":"SIM","value":"No"}]},{"category":"Display","specs":[{"label":"Type","value":"Retina OLED, 450 nits (peak)"},{"label":"Size","value":"1.5 inches"},{"label":"Resolution","value":"340 x 272 pixels (~290 ppi density)"},{"label":"Protection","value":"Sapphire crystal glass"}]},{"category":"Platform","specs":[{"label":"OS","value":"watchOS 1.0, upgradable to watchOS 4.3.2"},{"label":"Chipset","value":"Apple S1 (28 nm)"},{"label":"CPU","value":"520 MHz Cortex-A7"},{"label":"GPU","value":"PowerVR SGX543"}]},{"category":"Memory","specs":[{"label":"Card slot","value":"No"},{"label":"Internal","value":"8GB 512MB RAM"}]},{"category":"Sound","specs":[{"label":"Loudspeaker","value":"Yes"},{"label":"3.5mm jack","value":"No"}]},{"category":"Comms","specs":[{"label":"WLAN","value":"Wi-Fi 802.11 b/g/n"},{"label":"Bluetooth","value":"4.0, LE"},{"label":"Positioning","value":"No"},{"label":"NFC","value":"Yes"},{"label":"USB","value":"No"},{"label":"Radio","value":"No"}]},{"category":"Features","specs":[{"label":"Sensors","value":"Accelerometer, gyro, heart rate"}]},{"category":"Battery","specs":[{"label":"Type","value":"Li-Ion 205 mAh (0.78 Wh), non-removable"},{"label":"Charging","value":"Wireless"}]},{"category":"Misc","specs":[{"label":"Colors","value":"18-karat Rose Gold/White, Rose Gray Buckle 18-karat Yellow Gold/Black, Red Buckle"},{"label":"Models","value":"A1553"},{"label":"Price","value":"About 11000 EUR"}]}]');
INSERT OR IGNORE INTO device_pictures (device_id, url, position) VALUES (116, 'https://fdn2.gsmarena.com/vv/bigpic/apple-watch-edition-38mm.jpg', 0);
INSERT OR IGNORE INTO device_pictures (device_id, url, position) VALUES (116, 'https://fdn2.gsmarena.com/vv/pics/apple/apple-watch-edition-38mm.jpg', 1);
INSERT OR IGNORE INTO devices (id, brand_id, name, gsmarena_url, thumbnail_url, summary) VALUES (117, 1, 'Watch 42mm (1st gen)', 'https://www.gsmarena.com/apple_watch_42mm_(1st_gen)-7696.php', 'https://fdn2.gsmarena.com/vv/bigpic/apple-watch-42mm.jpg', 'Watch 42mm (1st gen)');
INSERT OR IGNORE INTO device_specs (device_id, announced, status, network, os, chipset, cpu, gpu, display_size, display_type, display_res, ram, storage, main_camera, selfie_camera, battery, charging, nfc, usb, bluetooth, wlan, colors, weight, dimensions, sim, sensors, popularity, fans, rating, full_specs_json) VALUES (117, '2014, September. Released 2015, April', 'Discontinued', 'No cellular connectivity', 'watchOS 1.0, upgradable to watchOS 4.3.2', 'Apple S1 (28 nm)', '520 MHz Cortex-A7', 'PowerVR SGX543', '1.65 inches', 'Retina OLED, 450 nits (peak)', '390 x 312 pixels (~303 ppi density)', NULL, '8GB', NULL, NULL, 'Li-Ion 250 mAh (0.94 Wh), non-removable', 'Wireless', 'Yes', 'No', '4.0, LE', 'Wi-Fi 802.11 b/g/n', 'Stainless Steel/Red, White, Brown/Black/Blue/Marine Blue Buckle, Blue/Stone/White/Storm Gray Leather Loop, Silver/Space Black Milanese Loop, Link Bracelet, Space Black Stainless Steel/Black, Black Link Bracelet, Pearl Woven Nylon', '50 g body (2.82 oz)', '42 x 35.9 x 10.5 mm (1.65 x 1.41 x 0.41 in)', 'No', 'Accelerometer, gyro, heart rate', 'About 700 EUR', NULL, NULL, '[{"category":"Network","specs":[{"label":"Technology","value":"No cellular connectivity"},{"label":"2G bands","value":"N/A"},{"label":"GPRS","value":"No"},{"label":"EDGE","value":"No"}]},{"category":"Launch","specs":[{"label":"Announced","value":"2014, September. Released 2015, April"},{"label":"Status","value":"Discontinued"}]},{"category":"Body","specs":[{"label":"Dimensions","value":"42 x 35.9 x 10.5 mm (1.65 x 1.41 x 0.41 in)"},{"label":"Weight","value":"50 g body (2.82 oz)"},{"label":"Build","value":"Glass front (Sapphire crystal), ceramic/sapphire crystal back, stainless steel frame"},{"label":"SIM","value":"No"}]},{"category":"Display","specs":[{"label":"Type","value":"Retina OLED, 450 nits (peak)"},{"label":"Size","value":"1.65 inches"},{"label":"Resolution","value":"390 x 312 pixels (~303 ppi density)"},{"label":"Protection","value":"Sapphire crystal glass"}]},{"category":"Platform","specs":[{"label":"OS","value":"watchOS 1.0, upgradable to watchOS 4.3.2"},{"label":"Chipset","value":"Apple S1 (28 nm)"},{"label":"CPU","value":"520 MHz Cortex-A7"},{"label":"GPU","value":"PowerVR SGX543"}]},{"category":"Memory","specs":[{"label":"Card slot","value":"No"},{"label":"Internal","value":"8GB 512MB RAM"}]},{"category":"Sound","specs":[{"label":"Loudspeaker","value":"Yes"},{"label":"3.5mm jack","value":"No"}]},{"category":"Comms","specs":[{"label":"WLAN","value":"Wi-Fi 802.11 b/g/n"},{"label":"Bluetooth","value":"4.0, LE"},{"label":"Positioning","value":"No"},{"label":"NFC","value":"Yes"},{"label":"USB","value":"No"},{"label":"Radio","value":"No"}]},{"category":"Features","specs":[{"label":"Sensors","value":"Accelerometer, gyro, heart rate"}]},{"category":"Battery","specs":[{"label":"Type","value":"Li-Ion 250 mAh (0.94 Wh), non-removable"},{"label":"Charging","value":"Wireless"}]},{"category":"Misc","specs":[{"label":"Colors","value":"Stainless Steel/Red, White, Brown/Black/Blue/Marine Blue Buckle, Blue/Stone/White/Storm Gray Leather Loop, Silver/Space Black Milanese Loop, Link Bracelet, Space Black Stainless Steel/Black, Black Link Bracelet, Pearl Woven Nylon"},{"label":"Models","value":"A1554"},{"label":"Price","value":"About 700 EUR"}]}]');
INSERT OR IGNORE INTO device_pictures (device_id, url, position) VALUES (117, 'https://fdn2.gsmarena.com/vv/bigpic/apple-watch-42mm.jpg', 0);
INSERT OR IGNORE INTO device_pictures (device_id, url, position) VALUES (117, 'https://fdn2.gsmarena.com/vv/pics/apple/apple-watch-42mm-3.jpg', 1);
INSERT OR IGNORE INTO device_pictures (device_id, url, position) VALUES (117, 'https://fdn2.gsmarena.com/vv/pics/apple/apple-watch-42mm-space-black-milanese-loop1.jpg', 2);
INSERT OR IGNORE INTO device_pictures (device_id, url, position) VALUES (117, 'https://fdn2.gsmarena.com/vv/pics/apple/apple-watch-42mm-1.jpg', 3);
INSERT OR IGNORE INTO device_pictures (device_id, url, position) VALUES (117, 'https://fdn2.gsmarena.com/vv/pics/apple/apple-watch-42mm-2.jpg', 4);
INSERT OR IGNORE INTO devices (id, brand_id, name, gsmarena_url, thumbnail_url, summary) VALUES (118, 1, 'Watch 38mm (1st gen)', 'https://www.gsmarena.com/apple_watch_38mm_(1st_gen)-7695.php', 'https://fdn2.gsmarena.com/vv/bigpic/apple-watch-38mm.jpg', 'Watch 38mm (1st gen)');
INSERT OR IGNORE INTO device_specs (device_id, announced, status, network, os, chipset, cpu, gpu, display_size, display_type, display_res, ram, storage, main_camera, selfie_camera, battery, charging, nfc, usb, bluetooth, wlan, colors, weight, dimensions, sim, sensors, popularity, fans, rating, full_specs_json) VALUES (118, '2014, September. Released 2015, May', 'Discontinued', 'No cellular connectivity', 'watchOS 1.0, upgradable to watchOS 4.3.2', 'Apple S1 (28 nm)', '520 MHz Cortex-A7', 'PowerVR SGX543', '1.5 inches', 'Retina OLED, 450 nits (peak)', '340 x 272 pixels (~290 ppi density)', NULL, '8GB', NULL, NULL, 'Li-Ion 205 mAh (0.78 Wh), non-removable', 'Wireless', 'Yes', 'No', '4.0, LE', 'Wi-Fi 802.11 b/g/n', 'Stainless Steel/Red, White, Brown/Black/Blue/Red/Marigold/Jay Buckle, Blue/Stone Leather Loop, Silver/Space Black Milanese Loop, Link Bracelet, Space Black Stainless Steel/Black, Black Link Bracelet, Pearl Woven Nylon', '40 g body (2.72 oz)', '38.6 x 33.3 x 10.5 mm (1.52 x 1.31 x 0.41 in)', 'No', 'Accelerometer, gyro, heart rate', 'About 650 EUR', NULL, NULL, '[{"category":"Network","specs":[{"label":"Technology","value":"No cellular connectivity"},{"label":"2G bands","value":"N/A"},{"label":"GPRS","value":"No"},{"label":"EDGE","value":"No"}]},{"category":"Launch","specs":[{"label":"Announced","value":"2014, September. Released 2015, May"},{"label":"Status","value":"Discontinued"}]},{"category":"Body","specs":[{"label":"Dimensions","value":"38.6 x 33.3 x 10.5 mm (1.52 x 1.31 x 0.41 in)"},{"label":"Weight","value":"40 g body (2.72 oz)"},{"label":"Build","value":"Glass front (Sapphire crystal), ceramic/sapphire crystal back, stainless steel frame"},{"label":"SIM","value":"No"}]},{"category":"Display","specs":[{"label":"Type","value":"Retina OLED, 450 nits (peak)"},{"label":"Size","value":"1.5 inches"},{"label":"Resolution","value":"340 x 272 pixels (~290 ppi density)"},{"label":"Protection","value":"Sapphire crystal glass"}]},{"category":"Platform","specs":[{"label":"OS","value":"watchOS 1.0, upgradable to watchOS 4.3.2"},{"label":"Chipset","value":"Apple S1 (28 nm)"},{"label":"CPU","value":"520 MHz Cortex-A7"},{"label":"GPU","value":"PowerVR SGX543"}]},{"category":"Memory","specs":[{"label":"Card slot","value":"No"},{"label":"Internal","value":"8GB 512MB RAM"}]},{"category":"Sound","specs":[{"label":"Loudspeaker","value":"Yes"},{"label":"3.5mm jack","value":"No"}]},{"category":"Comms","specs":[{"label":"WLAN","value":"Wi-Fi 802.11 b/g/n"},{"label":"Bluetooth","value":"4.0, LE"},{"label":"Positioning","value":"No"},{"label":"NFC","value":"Yes"},{"label":"USB","value":"No"},{"label":"Radio","value":"No"}]},{"category":"Features","specs":[{"label":"Sensors","value":"Accelerometer, gyro, heart rate"}]},{"category":"Battery","specs":[{"label":"Type","value":"Li-Ion 205 mAh (0.78 Wh), non-removable"},{"label":"Charging","value":"Wireless"}]},{"category":"Misc","specs":[{"label":"Colors","value":"Stainless Steel/Red, White, Brown/Black/Blue/Red/Marigold/Jay Buckle, Blue/Stone Leather Loop, Silver/Space Black Milanese Loop, Link Bracelet, Space Black Stainless Steel/Black, Black Link Bracelet, Pearl Woven Nylon"},{"label":"Models","value":"A1553"},{"label":"Price","value":"About 650 EUR"}]}]');
INSERT OR IGNORE INTO device_pictures (device_id, url, position) VALUES (118, 'https://fdn2.gsmarena.com/vv/bigpic/apple-watch-38mm.jpg', 0);
INSERT OR IGNORE INTO device_pictures (device_id, url, position) VALUES (118, 'https://fdn2.gsmarena.com/vv/pics/apple/apple-watch-38mm-3.jpg', 1);
INSERT OR IGNORE INTO device_pictures (device_id, url, position) VALUES (118, 'https://fdn2.gsmarena.com/vv/pics/apple/apple-watch-42mm-space-black-milanese-loop1.jpg', 2);
INSERT OR IGNORE INTO device_pictures (device_id, url, position) VALUES (118, 'https://fdn2.gsmarena.com/vv/pics/apple/apple-watch-38mm-1.jpg', 3);
INSERT OR IGNORE INTO device_pictures (device_id, url, position) VALUES (118, 'https://fdn2.gsmarena.com/vv/pics/apple/apple-watch-38mm-2.jpg', 4);
INSERT OR IGNORE INTO devices (id, brand_id, name, gsmarena_url, thumbnail_url, summary) VALUES (119, 1, 'Watch Sport 42mm (1st gen)', 'https://www.gsmarena.com/apple_watch_sport_42mm_(1st_gen)-7694.php', 'https://fdn2.gsmarena.com/vv/bigpic/apple-watch-sport-42mm2.jpg', 'Watch Sport 42mm (1st gen)');
INSERT OR IGNORE INTO device_specs (device_id, announced, status, network, os, chipset, cpu, gpu, display_size, display_type, display_res, ram, storage, main_camera, selfie_camera, battery, charging, nfc, usb, bluetooth, wlan, colors, weight, dimensions, sim, sensors, popularity, fans, rating, full_specs_json) VALUES (119, '2014, September. Released 2015, April', 'Discontinued', 'No cellular connectivity', 'watchOS 1.0, upgradable to watchOS 4.3.2', 'Apple S1 (28 nm)', '520 MHz Cortex-A7', 'PowerVR SGX543', '1.65 inches', 'Retina OLED, 450 nits (peak)', '390 x 312 pixels (~302 ppi density)', NULL, '8GB', NULL, NULL, 'Li-Ion 250 mAh (0.94 Wh), non-removable', 'Wireless', 'Yes', 'No', '4.0, LE', 'Wi-Fi 802.11 b/g/n', 'Silver/White, Orange, Blue; Gray/Black; Rose Gold/Lavender, Stone; Gold/White, Blue, Yellow, Apricot, Royal Blue, Pink/Royal Blue/Gold&Red/Black Woven Nylon', '30 g body (2.47 oz)', '42 x 35.9 x 10.5 mm (1.65 x 1.41 x 0.41 in)', 'No', 'Accelerometer, gyro, heart rate', 'About 250 EUR', NULL, NULL, '[{"category":"Network","specs":[{"label":"Technology","value":"No cellular connectivity"},{"label":"2G bands","value":"N/A"},{"label":"GPRS","value":"No"},{"label":"EDGE","value":"No"}]},{"category":"Launch","specs":[{"label":"Announced","value":"2014, September. Released 2015, April"},{"label":"Status","value":"Discontinued"}]},{"category":"Body","specs":[{"label":"Dimensions","value":"42 x 35.9 x 10.5 mm (1.65 x 1.41 x 0.41 in)"},{"label":"Weight","value":"30 g body (2.47 oz)"},{"label":"Build","value":"Glass front, composite plastic back, aluminum frame"},{"label":"SIM","value":"No"}]},{"category":"Display","specs":[{"label":"Type","value":"Retina OLED, 450 nits (peak)"},{"label":"Size","value":"1.65 inches"},{"label":"Resolution","value":"390 x 312 pixels (~302 ppi density)"},{"label":"Protection","value":"Ion-X strengthened glass"}]},{"category":"Platform","specs":[{"label":"OS","value":"watchOS 1.0, upgradable to watchOS 4.3.2"},{"label":"Chipset","value":"Apple S1 (28 nm)"},{"label":"CPU","value":"520 MHz Cortex-A7"},{"label":"GPU","value":"PowerVR SGX543"}]},{"category":"Memory","specs":[{"label":"Card slot","value":"No"},{"label":"Internal","value":"8GB 512MB RAM"}]},{"category":"Sound","specs":[{"label":"Loudspeaker","value":"Yes"},{"label":"3.5mm jack","value":"No"}]},{"category":"Comms","specs":[{"label":"WLAN","value":"Wi-Fi 802.11 b/g/n"},{"label":"Bluetooth","value":"4.0, LE"},{"label":"Positioning","value":"No"},{"label":"NFC","value":"Yes"},{"label":"USB","value":"No"},{"label":"Radio","value":"No"}]},{"category":"Features","specs":[{"label":"Sensors","value":"Accelerometer, gyro, heart rate"}]},{"category":"Battery","specs":[{"label":"Type","value":"Li-Ion 250 mAh (0.94 Wh), non-removable"},{"label":"Charging","value":"Wireless"}]},{"category":"Misc","specs":[{"label":"Colors","value":"Silver/White, Orange, Blue; Gray/Black; Rose Gold/Lavender, Stone; Gold/White, Blue, Yellow, Apricot, Royal Blue, Pink/Royal Blue/Gold&Red/Black Woven Nylon"},{"label":"Models","value":"A1554"},{"label":"Price","value":"About 250 EUR"}]}]');
INSERT OR IGNORE INTO device_pictures (device_id, url, position) VALUES (119, 'https://fdn2.gsmarena.com/vv/bigpic/apple-watch-sport-42mm2.jpg', 0);
INSERT OR IGNORE INTO device_pictures (device_id, url, position) VALUES (119, 'https://fdn2.gsmarena.com/vv/pics/apple/apple-watch-sport-42mm1.jpg', 1);
INSERT OR IGNORE INTO device_pictures (device_id, url, position) VALUES (119, 'https://fdn2.gsmarena.com/vv/pics/apple/apple-watch-sport-42mm.jpg', 2);
INSERT OR IGNORE INTO device_pictures (device_id, url, position) VALUES (119, 'https://fdn.gsmarena.com/vv/reviewsimg/apple-watch/gal/gsmarena_001.jpg', 3);
INSERT OR IGNORE INTO device_pictures (device_id, url, position) VALUES (119, 'https://fdn.gsmarena.com/vv/reviewsimg/apple-watch/gal/gsmarena_002.jpg', 4);
INSERT OR IGNORE INTO device_pictures (device_id, url, position) VALUES (119, 'https://fdn.gsmarena.com/vv/reviewsimg/apple-watch/gal/gsmarena_003.jpg', 5);
INSERT OR IGNORE INTO device_pictures (device_id, url, position) VALUES (119, 'https://fdn.gsmarena.com/vv/reviewsimg/apple-watch/gal/gsmarena_004.jpg', 6);
INSERT OR IGNORE INTO device_pictures (device_id, url, position) VALUES (119, 'https://fdn.gsmarena.com/vv/reviewsimg/apple-watch/gal/gsmarena_005.jpg', 7);
INSERT OR IGNORE INTO device_pictures (device_id, url, position) VALUES (119, 'https://fdn.gsmarena.com/vv/reviewsimg/apple-watch/gal/gsmarena_006.jpg', 8);
INSERT OR IGNORE INTO device_pictures (device_id, url, position) VALUES (119, 'https://fdn.gsmarena.com/vv/reviewsimg/apple-watch/gal/gsmarena_007.jpg', 9);
INSERT OR IGNORE INTO devices (id, brand_id, name, gsmarena_url, thumbnail_url, summary) VALUES (120, 1, 'Watch Sport 38mm (1st gen)', 'https://www.gsmarena.com/apple_watch_sport_38mm_(1st_gen)-7693.php', 'https://fdn2.gsmarena.com/vv/bigpic/apple-watch-sport-38mm.jpg', 'Watch Sport 38mm (1st gen)');
INSERT OR IGNORE INTO device_specs (device_id, announced, status, network, os, chipset, cpu, gpu, display_size, display_type, display_res, ram, storage, main_camera, selfie_camera, battery, charging, nfc, usb, bluetooth, wlan, colors, weight, dimensions, sim, sensors, popularity, fans, rating, full_specs_json) VALUES (120, '2014, September. Released 2015, April', 'Discontinued', 'No cellular connectivity', 'watchOS 1.0, upgradable to watchOS 4.3.2', 'Apple S1 (28 nm)', '520 MHz Cortex-A7', 'PowerVR SGX543', '1.5 inches', 'Retina OLED, 450 nits (peak)', '340 x 272 pixels (~290 ppi density)', NULL, '8GB', NULL, NULL, 'Li-Ion 205 mAh (0.78 Wh), non-removable', 'Wireless', 'Yes', 'No', '4.0, LE', 'Wi-Fi 802.11 b/g/n', 'Silver/White, Orange, Blue; Gray/Black; Rose Gold/Lavender, Stone; Gold/White, Blue, Yellow, Apricot, Royal Blue, Pink/Royal Blue/Gold&Red/Black Woven Nylon', '25 g body (2.19 oz)', '38.6 x 33.3 x 10.5 mm (1.52 x 1.31 x 0.41 in)', 'No', 'Accelerometer, gyro, heart rate', 'About 250 EUR', NULL, NULL, '[{"category":"Network","specs":[{"label":"Technology","value":"No cellular connectivity"},{"label":"2G bands","value":"N/A"},{"label":"GPRS","value":"No"},{"label":"EDGE","value":"No"}]},{"category":"Launch","specs":[{"label":"Announced","value":"2014, September. Released 2015, April"},{"label":"Status","value":"Discontinued"}]},{"category":"Body","specs":[{"label":"Dimensions","value":"38.6 x 33.3 x 10.5 mm (1.52 x 1.31 x 0.41 in)"},{"label":"Weight","value":"25 g body (2.19 oz)"},{"label":"Build","value":"Glass front, composite plastic back, aluminum frame"},{"label":"SIM","value":"No"}]},{"category":"Display","specs":[{"label":"Type","value":"Retina OLED, 450 nits (peak)"},{"label":"Size","value":"1.5 inches"},{"label":"Resolution","value":"340 x 272 pixels (~290 ppi density)"},{"label":"Protection","value":"Ion-X strengthened glass"}]},{"category":"Platform","specs":[{"label":"OS","value":"watchOS 1.0, upgradable to watchOS 4.3.2"},{"label":"Chipset","value":"Apple S1 (28 nm)"},{"label":"CPU","value":"520 MHz Cortex-A7"},{"label":"GPU","value":"PowerVR SGX543"}]},{"category":"Memory","specs":[{"label":"Card slot","value":"No"},{"label":"Internal","value":"8GB 512MB RAM"}]},{"category":"Sound","specs":[{"label":"Loudspeaker","value":"Yes"},{"label":"3.5mm jack","value":"No"}]},{"category":"Comms","specs":[{"label":"WLAN","value":"Wi-Fi 802.11 b/g/n"},{"label":"Bluetooth","value":"4.0, LE"},{"label":"Positioning","value":"No"},{"label":"NFC","value":"Yes"},{"label":"USB","value":"No"},{"label":"Radio","value":"No"}]},{"category":"Features","specs":[{"label":"Sensors","value":"Accelerometer, gyro, heart rate"}]},{"category":"Battery","specs":[{"label":"Type","value":"Li-Ion 205 mAh (0.78 Wh), non-removable"},{"label":"Charging","value":"Wireless"}]},{"category":"Misc","specs":[{"label":"Colors","value":"Silver/White, Orange, Blue; Gray/Black; Rose Gold/Lavender, Stone; Gold/White, Blue, Yellow, Apricot, Royal Blue, Pink/Royal Blue/Gold&Red/Black Woven Nylon"},{"label":"Models","value":"A1553"},{"label":"Price","value":"About 250 EUR"}]}]');
INSERT OR IGNORE INTO device_pictures (device_id, url, position) VALUES (120, 'https://fdn2.gsmarena.com/vv/bigpic/apple-watch-sport-38mm.jpg', 0);
INSERT OR IGNORE INTO device_pictures (device_id, url, position) VALUES (120, 'https://fdn2.gsmarena.com/vv/pics/apple/apple-watch-sport-38mm1.jpg', 1);
INSERT OR IGNORE INTO device_pictures (device_id, url, position) VALUES (120, 'https://fdn2.gsmarena.com/vv/pics/apple/apple-watch-sport-38mm.jpg', 2);
INSERT OR IGNORE INTO device_pictures (device_id, url, position) VALUES (120, 'https://fdn.gsmarena.com/vv/reviewsimg/apple-watch/gal/gsmarena_001.jpg', 3);
INSERT OR IGNORE INTO device_pictures (device_id, url, position) VALUES (120, 'https://fdn.gsmarena.com/vv/reviewsimg/apple-watch/gal/gsmarena_002.jpg', 4);
INSERT OR IGNORE INTO device_pictures (device_id, url, position) VALUES (120, 'https://fdn.gsmarena.com/vv/reviewsimg/apple-watch/gal/gsmarena_003.jpg', 5);
INSERT OR IGNORE INTO device_pictures (device_id, url, position) VALUES (120, 'https://fdn.gsmarena.com/vv/reviewsimg/apple-watch/gal/gsmarena_004.jpg', 6);
INSERT OR IGNORE INTO device_pictures (device_id, url, position) VALUES (120, 'https://fdn.gsmarena.com/vv/reviewsimg/apple-watch/gal/gsmarena_005.jpg', 7);
INSERT OR IGNORE INTO device_pictures (device_id, url, position) VALUES (120, 'https://fdn.gsmarena.com/vv/reviewsimg/apple-watch/gal/gsmarena_006.jpg', 8);
INSERT OR IGNORE INTO device_pictures (device_id, url, position) VALUES (120, 'https://fdn.gsmarena.com/vv/reviewsimg/apple-watch/gal/gsmarena_007.jpg', 9);
INSERT OR IGNORE INTO devices (id, brand_id, name, gsmarena_url, thumbnail_url, summary) VALUES (121, 1, 'iPad Air 2', 'https://www.gsmarena.com/apple_ipad_air_2-6742.php', 'https://fdn2.gsmarena.com/vv/bigpic/apple-ipad-air-2-new.jpg', 'iPad Air 2');
INSERT OR IGNORE INTO device_specs (device_id, announced, status, network, os, chipset, cpu, gpu, display_size, display_type, display_res, ram, storage, main_camera, selfie_camera, battery, charging, nfc, usb, bluetooth, wlan, colors, weight, dimensions, sim, sensors, popularity, fans, rating, full_specs_json) VALUES (121, '2014, October 16. Released 2014, October 24', 'Discontinued', 'GSM / CDMA / HSPA / EVDO / LTE / 4G/LTE', 'iOS 8.1, upgradable to iPadOS 15.8.5', 'Apple A8X (20 nm)', 'Triple-core 1.5 GHz Typhoon', 'PowerVR GXA6850 (octa-core graphics)', '9.7 inches, 291.4 cm 2 (~71.6% screen-to-body ratio)', 'IPS LCD', '1536 x 2048 pixels, 4:3 ratio (~264 ppi density)', '2GB', '16GB', '8 MP, f/2.4, 31mm (standard), 1.12µm, AF, HDR', '1.2 MP, f/2.2, 31mm (standard), 720p@30fps', 'Li-Po 7340 mAh, non-removable (27.62 Wh)', NULL, 'No', 'Lightning, USB 2.0', '4.0, A2DP, EDR', 'Wi-Fi 802.11 a/b/g/n/ac, dual-band, hotspot', 'Space Gray, Silver, Gold', '437 g (Wi-Fi) / 444 g (3G/LTE) (15.41 oz)', '240 x 169.5 x 6.1 mm (9.45 x 6.67 x 0.24 in)', 'Nano-SIM + eSIM (cellular model only)', 'Fingerprint (front-mounted), accelerometer, gyro, compass, barometer', 'About 440 EUR', NULL, NULL, '[{"category":"Network","specs":[{"label":"Technology","value":"GSM / CDMA / HSPA / EVDO / LTE"},{"label":"2G bands","value":"GSM 850 / 900 / 1800 / 1900"},{"label":"3G bands","value":"HSDPA 850 / 900 / 1700 / 1900 / 2100"},{"label":"4G bands","value":"1, 2, 3, 4, 5, 7, 8, 13, 17, 18, 19, 20, 25, 26, 28, 29, 38, 39, 40, 41 - A1567"},{"label":"Speed","value":"HSPA 42.2/5.76 Mbps, LTE Cat4 150/50 Mbps, EV-DO Rev.A 3.1 Mbps - cellular model only"}]},{"category":"Launch","specs":[{"label":"Announced","value":"2014, October 16. Released 2014, October 24"},{"label":"Status","value":"Discontinued"}]},{"category":"Body","specs":[{"label":"Dimensions","value":"240 x 169.5 x 6.1 mm (9.45 x 6.67 x 0.24 in)"},{"label":"Weight","value":"437 g (Wi-Fi) / 444 g (3G/LTE) (15.41 oz)"},{"label":"Build","value":"Glass front, aluminum back, aluminum frame"},{"label":"SIM","value":"Nano-SIM + eSIM (cellular model only)"}]},{"category":"Display","specs":[{"label":"Type","value":"IPS LCD"},{"label":"Size","value":"9.7 inches, 291.4 cm 2 (~71.6% screen-to-body ratio)"},{"label":"Resolution","value":"1536 x 2048 pixels, 4:3 ratio (~264 ppi density)"},{"label":"Protection","value":"Scratch-resistant glass, oleophobic coating"}]},{"category":"Platform","specs":[{"label":"OS","value":"iOS 8.1, upgradable to iPadOS 15.8.5"},{"label":"Chipset","value":"Apple A8X (20 nm)"},{"label":"CPU","value":"Triple-core 1.5 GHz Typhoon"},{"label":"GPU","value":"PowerVR GXA6850 (octa-core graphics)"}]},{"category":"Memory","specs":[{"label":"Card slot","value":"No"},{"label":"Internal","value":"16GB 2GB RAM, 32GB 2GB RAM, 64GB 2GB RAM, 128GB 2GB RAM"}]},{"category":"Main Camera","specs":[{"label":"Single","value":"8 MP, f/2.4, 31mm (standard), 1.12µm, AF"},{"label":"Features","value":"HDR"},{"label":"Video","value":"1080p@30fps, 720p@120fps, HDR, stereo sound rec."}]},{"category":"Selfie camera","specs":[{"label":"Single","value":"1.2 MP, f/2.2, 31mm (standard)"},{"label":"Video","value":"720p@30fps"},{"label":"Features","value":"face detection, HDR, FaceTime over Wi-Fi or Cellular"}]},{"category":"Sound","specs":[{"label":"Loudspeaker","value":"Yes, with stereo speakers"},{"label":"3.5mm jack","value":"Yes"}]},{"category":"Comms","specs":[{"label":"WLAN","value":"Wi-Fi 802.11 a/b/g/n/ac, dual-band, hotspot"},{"label":"Bluetooth","value":"4.0, A2DP, EDR"},{"label":"Positioning","value":"GPS, GLONASS - cellular model only"},{"label":"NFC","value":"No"},{"label":"USB","value":"Lightning, USB 2.0"},{"label":"Radio","value":"No"}]},{"category":"Features","specs":[{"label":"Sensors","value":"Fingerprint (front-mounted), accelerometer, gyro, compass, barometer"}]},{"category":"Battery","specs":[{"label":"Type","value":"Li-Po 7340 mAh, non-removable (27.62 Wh)"},{"label":"Talk time","value":"Up to 10 h (multimedia)"}]},{"category":"Misc","specs":[{"label":"Colors","value":"Space Gray, Silver, Gold"},{"label":"Models","value":"A1566, A1567, iPad5,3, iPad5,4"},{"label":"Price","value":"About 440 EUR"}]}]');
INSERT OR IGNORE INTO device_pictures (device_id, url, position) VALUES (121, 'https://fdn2.gsmarena.com/vv/bigpic/apple-ipad-air-2-new.jpg', 0);
INSERT OR IGNORE INTO device_pictures (device_id, url, position) VALUES (121, 'https://fdn2.gsmarena.com/vv/pics/apple/apple-ipad-air-2-1.jpg', 1);
INSERT OR IGNORE INTO device_pictures (device_id, url, position) VALUES (121, 'https://fdn2.gsmarena.com/vv/pics/apple/apple-ipad-air-2-2.jpg', 2);
INSERT OR IGNORE INTO device_pictures (device_id, url, position) VALUES (121, 'https://fdn2.gsmarena.com/vv/pics/apple/apple-ipad-air-2-3.jpg', 3);
INSERT OR IGNORE INTO device_pictures (device_id, url, position) VALUES (121, 'https://fdn2.gsmarena.com/vv/pics/apple/apple-ipad-air-2-4.jpg', 4);
INSERT OR IGNORE INTO device_pictures (device_id, url, position) VALUES (121, 'https://fdn.gsmarena.com/vv/reviewsimg/apple-ipad-air-2/gal/gsmarena_001.jpg', 5);
INSERT OR IGNORE INTO device_pictures (device_id, url, position) VALUES (121, 'https://fdn.gsmarena.com/vv/reviewsimg/apple-ipad-air-2/gal/gsmarena_002.jpg', 6);
INSERT OR IGNORE INTO device_pictures (device_id, url, position) VALUES (121, 'https://fdn.gsmarena.com/vv/reviewsimg/apple-ipad-air-2/gal/gsmarena_003.jpg', 7);
INSERT OR IGNORE INTO device_pictures (device_id, url, position) VALUES (121, 'https://fdn.gsmarena.com/vv/reviewsimg/apple-ipad-air-2/gal/gsmarena_004.jpg', 8);
INSERT OR IGNORE INTO device_pictures (device_id, url, position) VALUES (121, 'https://fdn.gsmarena.com/vv/reviewsimg/apple-ipad-air-2/gal/gsmarena_005.jpg', 9);
INSERT OR IGNORE INTO devices (id, brand_id, name, gsmarena_url, thumbnail_url, summary) VALUES (122, 1, 'iPad mini 3', 'https://www.gsmarena.com/apple_ipad_mini_3-6741.php', 'https://fdn2.gsmarena.com/vv/bigpic/apple-ipad-mini-3-new.jpg', 'iPad mini 3');
INSERT OR IGNORE INTO device_specs (device_id, announced, status, network, os, chipset, cpu, gpu, display_size, display_type, display_res, ram, storage, main_camera, selfie_camera, battery, charging, nfc, usb, bluetooth, wlan, colors, weight, dimensions, sim, sensors, popularity, fans, rating, full_specs_json) VALUES (122, '2014, October. Released 2014, October', 'Discontinued', 'GSM / CDMA / HSPA / EVDO / LTE / 4G/LTE', 'iOS 8.1, upgradable to iPadOS 12.5.8', 'Apple A7 (28 nm)', 'Dual-core 1.3 GHz Cyclone (ARM v8-based)', 'PowerVR G6430 (quad-core graphics)', '7.9 inches, 193.3 cm 2 (~71.7% screen-to-body ratio)', 'IPS LCD', '1536 x 2048 pixels, 4:3 ratio (~324 ppi density)', '1GB', '16GB', '5 MP, f/2.4, 32mm (standard), AF, HDR', '1.2 MP, 720p@30fps', 'Li-Po 6470 mAh, non-removable (24.3 Wh)', NULL, 'No', 'Lightning, USB 2.0', '4.0, A2DP, EDR', 'Wi-Fi 802.11 a/b/g/n, dual-band', 'Space Gray/Black, Silver/White, Gold', '331 g (Wi-Fi) / 341 g (3G/LTE) (11.68 oz)', '200 x 134.7 x 7.5 mm (7.87 x 5.30 x 0.30 in)', 'Nano-SIM + eSIM (cellular model only)', 'Fingerprint (front-mounted), accelerometer, gyro, compass', 'About 400 EUR', NULL, NULL, '[{"category":"Network","specs":[{"label":"Technology","value":"GSM / CDMA / HSPA / EVDO / LTE"},{"label":"2G bands","value":"GSM 850 / 900 / 1800 / 1900"},{"label":"3G bands","value":"HSDPA 850 / 900 / 1700 / 1900 / 2100"},{"label":"4G bands","value":"1, 2, 3, 4, 5, 7, 8, 13, 17, 18, 19, 20, 25, 26 - A1600"},{"label":"Speed","value":"HSPA 42.2/5.76 Mbps, LTE Cat3 100/50 Mbps, EV-DO Rev.A 3.1 Mbps - cellular model only"}]},{"category":"Launch","specs":[{"label":"Announced","value":"2014, October. Released 2014, October"},{"label":"Status","value":"Discontinued"}]},{"category":"Body","specs":[{"label":"Dimensions","value":"200 x 134.7 x 7.5 mm (7.87 x 5.30 x 0.30 in)"},{"label":"Weight","value":"331 g (Wi-Fi) / 341 g (3G/LTE) (11.68 oz)"},{"label":"SIM","value":"Nano-SIM + eSIM (cellular model only)"}]},{"category":"Display","specs":[{"label":"Type","value":"IPS LCD"},{"label":"Size","value":"7.9 inches, 193.3 cm 2 (~71.7% screen-to-body ratio)"},{"label":"Resolution","value":"1536 x 2048 pixels, 4:3 ratio (~324 ppi density)"},{"label":"Protection","value":"Oleophobic coating"}]},{"category":"Platform","specs":[{"label":"OS","value":"iOS 8.1, upgradable to iPadOS 12.5.8"},{"label":"Chipset","value":"Apple A7 (28 nm)"},{"label":"CPU","value":"Dual-core 1.3 GHz Cyclone (ARM v8-based)"},{"label":"GPU","value":"PowerVR G6430 (quad-core graphics)"}]},{"category":"Memory","specs":[{"label":"Card slot","value":"No"},{"label":"Internal","value":"16GB 1GB RAM, 32GB 1GB RAM, 64GB 1GB RAM, 128GB 1GB RAM"}]},{"category":"Main Camera","specs":[{"label":"Single","value":"5 MP, f/2.4, 32mm (standard), AF"},{"label":"Features","value":"HDR"},{"label":"Video","value":"1080p@30fps"}]},{"category":"Selfie camera","specs":[{"label":"Single","value":"1.2 MP"},{"label":"Video","value":"720p@30fps"},{"label":"Features","value":"face detection, FaceTime over Wi-Fi or Cellular"}]},{"category":"Sound","specs":[{"label":"Loudspeaker","value":"Yes, with stereo speakers"},{"label":"3.5mm jack","value":"Yes"}]},{"category":"Comms","specs":[{"label":"WLAN","value":"Wi-Fi 802.11 a/b/g/n, dual-band"},{"label":"Bluetooth","value":"4.0, A2DP, EDR"},{"label":"Positioning","value":"GPS, GLONASS - cellular model only"},{"label":"NFC","value":"No"},{"label":"USB","value":"Lightning, USB 2.0"},{"label":"Radio","value":"No"}]},{"category":"Features","specs":[{"label":"Sensors","value":"Fingerprint (front-mounted), accelerometer, gyro, compass"}]},{"category":"Battery","specs":[{"label":"Type","value":"Li-Po 6470 mAh, non-removable (24.3 Wh)"},{"label":"Talk time","value":"Up to 10 h (multimedia)"}]},{"category":"Misc","specs":[{"label":"Colors","value":"Space Gray/Black, Silver/White, Gold"},{"label":"Models","value":"A1599, A1600, iPad4,7, iPad4,8, iPad4,9"},{"label":"Price","value":"About 400 EUR"}]}]');
INSERT OR IGNORE INTO device_pictures (device_id, url, position) VALUES (122, 'https://fdn2.gsmarena.com/vv/bigpic/apple-ipad-mini-3-new.jpg', 0);
INSERT OR IGNORE INTO device_pictures (device_id, url, position) VALUES (122, 'https://fdn2.gsmarena.com/vv/pics/apple/apple-ipad-mini-3-1.jpg', 1);
INSERT OR IGNORE INTO device_pictures (device_id, url, position) VALUES (122, 'https://fdn2.gsmarena.com/vv/pics/apple/apple-ipad-mini-3-2.jpg', 2);
INSERT OR IGNORE INTO device_pictures (device_id, url, position) VALUES (122, 'https://fdn2.gsmarena.com/vv/pics/apple/apple-ipad-mini-3-3.jpg', 3);
INSERT OR IGNORE INTO device_pictures (device_id, url, position) VALUES (122, 'https://fdn2.gsmarena.com/vv/pics/apple/apple-ipad-mini-3-4.jpg', 4);
INSERT OR IGNORE INTO device_pictures (device_id, url, position) VALUES (122, 'https://fdn.gsmarena.com/vv/reviewsimg/apple-ipad-mini-3/gal/gsmarena_001.jpg', 5);
INSERT OR IGNORE INTO device_pictures (device_id, url, position) VALUES (122, 'https://fdn.gsmarena.com/vv/reviewsimg/apple-ipad-mini-3/gal/gsmarena_002.jpg', 6);
INSERT OR IGNORE INTO device_pictures (device_id, url, position) VALUES (122, 'https://fdn.gsmarena.com/vv/reviewsimg/apple-ipad-mini-3/gal/gsmarena_003.jpg', 7);
INSERT OR IGNORE INTO device_pictures (device_id, url, position) VALUES (122, 'https://fdn.gsmarena.com/vv/reviewsimg/apple-ipad-mini-3/gal/gsmarena_004.jpg', 8);
INSERT OR IGNORE INTO device_pictures (device_id, url, position) VALUES (122, 'https://fdn.gsmarena.com/vv/reviewsimg/apple-ipad-mini-3/gal/gsmarena_005.jpg', 9);
INSERT OR IGNORE INTO devices (id, brand_id, name, gsmarena_url, thumbnail_url, summary) VALUES (123, 1, 'iPhone 6 Plus', 'https://www.gsmarena.com/apple_iphone_6_plus-6665.php', 'https://fdn2.gsmarena.com/vv/bigpic/apple-iphone-6-plus2.jpg', 'iPhone 6 Plus');
INSERT OR IGNORE INTO device_specs (device_id, announced, status, network, os, chipset, cpu, gpu, display_size, display_type, display_res, ram, storage, main_camera, selfie_camera, battery, charging, nfc, usb, bluetooth, wlan, colors, weight, dimensions, sim, sensors, popularity, fans, rating, full_specs_json) VALUES (123, '2014, September 09. Released 2014, September 19', 'Discontinued', 'GSM / CDMA / HSPA / EVDO / LTE / 4G/LTE', 'iOS 8, upgradable to iOS 12.5.8', 'Apple A8 (20 nm)', 'Dual-core 1.4 GHz Typhoon (ARM v8-based)', 'PowerVR GX6450 (quad-core graphics)', '5.5 inches, 83.4 cm 2 (~67.8% screen-to-body ratio)', 'IPS LCD', '1080 x 1920 pixels, 16:9 ratio (~401 ppi density)', '1GB', '16GB', '8 MP, f/2.2, 29mm (standard), 1/3.0", 1.5µm, PDAF, OIS, Dual-LED dual-tone flash, HDR', '1.2 MP, f/2.2, 31mm (standard), 720p@30fps', 'Li-Po 2915 mAh, non-removable (11.1 Wh)', NULL, 'Yes (Apple Pay only)', 'Lightning, USB 2.0', '4.0, A2DP, LE', 'Wi-Fi 802.11 a/b/g/n/ac, dual-band, hotspot', 'Space Gray, Silver, Gold', '172 g (6.07 oz)', '158.1 x 77.8 x 7.1 mm (6.22 x 3.06 x 0.28 in)', 'Nano-SIM', 'Fingerprint (front-mounted), accelerometer, gyro, proximity, compass, barometer', 'About 420 EUR', NULL, NULL, '[{"category":"Network","specs":[{"label":"Technology","value":"GSM / CDMA / HSPA / EVDO / LTE"},{"label":"2G bands","value":"GSM 850 / 900 / 1800 / 1900 - A1522 (GSM), A1522 (CDMA), A1524"},{"label":"3G bands","value":"HSDPA 850 / 900 / 1700 / 1900 / 2100 - A1522 (GSM), A1522 (CDMA), A1524"},{"label":"4G bands","value":"1, 2, 3, 4, 5, 7, 8, 13, 17, 18, 19, 20, 25, 26, 28, 29 - A1522 GSM, A1522 CDMA"},{"label":"Speed","value":"HSPA 42.2/5.76 Mbps, LTE Cat4 150/50 Mbps, EV-DO Rev.A 3.1 Mbps"}]},{"category":"Launch","specs":[{"label":"Announced","value":"2014, September 09. Released 2014, September 19"},{"label":"Status","value":"Discontinued"}]},{"category":"Body","specs":[{"label":"Dimensions","value":"158.1 x 77.8 x 7.1 mm (6.22 x 3.06 x 0.28 in)"},{"label":"Weight","value":"172 g (6.07 oz)"},{"label":"Build","value":"Glass front (Corning-made glass), aluminum back, aluminum frame"},{"label":"SIM","value":"Nano-SIM"}]},{"category":"Display","specs":[{"label":"Type","value":"IPS LCD"},{"label":"Size","value":"5.5 inches, 83.4 cm 2 (~67.8% screen-to-body ratio)"},{"label":"Resolution","value":"1080 x 1920 pixels, 16:9 ratio (~401 ppi density)"},{"label":"Protection","value":"Ion-strengthened glass, oleophobic coating"}]},{"category":"Platform","specs":[{"label":"OS","value":"iOS 8, upgradable to iOS 12.5.8"},{"label":"Chipset","value":"Apple A8 (20 nm)"},{"label":"CPU","value":"Dual-core 1.4 GHz Typhoon (ARM v8-based)"},{"label":"GPU","value":"PowerVR GX6450 (quad-core graphics)"}]},{"category":"Memory","specs":[{"label":"Card slot","value":"No"},{"label":"Internal","value":"16GB 1GB RAM, 64GB 1GB RAM, 128GB 1GB RAM"}]},{"category":"Main Camera","specs":[{"label":"Single","value":"8 MP, f/2.2, 29mm (standard), 1/3.0\\", 1.5µm, PDAF, OIS"},{"label":"Features","value":"Dual-LED dual-tone flash, HDR"},{"label":"Video","value":"1080p@60fps, 720p@240fps"}]},{"category":"Selfie camera","specs":[{"label":"Single","value":"1.2 MP, f/2.2, 31mm (standard)"},{"label":"Video","value":"720p@30fps"},{"label":"Features","value":"face detection, HDR, FaceTime over Wi-Fi or Cellular"}]},{"category":"Sound","specs":[{"label":"Loudspeaker","value":"Yes"},{"label":"3.5mm jack","value":"Yes"}]},{"category":"Comms","specs":[{"label":"WLAN","value":"Wi-Fi 802.11 a/b/g/n/ac, dual-band, hotspot"},{"label":"Bluetooth","value":"4.0, A2DP, LE"},{"label":"Positioning","value":"GPS, GLONASS"},{"label":"NFC","value":"Yes (Apple Pay only)"},{"label":"USB","value":"Lightning, USB 2.0"},{"label":"Radio","value":"No"}]},{"category":"Features","specs":[{"label":"Sensors","value":"Fingerprint (front-mounted), accelerometer, gyro, proximity, compass, barometer"}]},{"category":"Battery","specs":[{"label":"Type","value":"Li-Po 2915 mAh, non-removable (11.1 Wh)"},{"label":"Stand-by","value":"Up to 384 h (3G)"},{"label":"Talk time","value":"Up to 24 h (3G)"}]},{"category":"Misc","specs":[{"label":"Colors","value":"Space Gray, Silver, Gold"},{"label":"Models","value":"A1522, A1524, iPhone7,1"},{"label":"SAR","value":"1.19 W/kg (head)     1.19 W/kg (body)"},{"label":"Price","value":"About 420 EUR"},{"label":"SAR EU","value":"0.99 W/kg (head)     0.91 W/kg (body)"}]}]');
INSERT OR IGNORE INTO device_pictures (device_id, url, position) VALUES (123, 'https://fdn2.gsmarena.com/vv/bigpic/apple-iphone-6-plus2.jpg', 0);
INSERT OR IGNORE INTO device_pictures (device_id, url, position) VALUES (123, 'https://fdn2.gsmarena.com/vv/pics/apple/apple-iphone-6-plus-1.jpg', 1);
INSERT OR IGNORE INTO device_pictures (device_id, url, position) VALUES (123, 'https://fdn2.gsmarena.com/vv/pics/apple/apple-iphone-6-plus-2.jpg', 2);
INSERT OR IGNORE INTO device_pictures (device_id, url, position) VALUES (123, 'https://fdn2.gsmarena.com/vv/pics/apple/apple-iphone-6-plus-4.jpg', 3);
INSERT OR IGNORE INTO device_pictures (device_id, url, position) VALUES (123, 'https://fdn2.gsmarena.com/vv/pics/apple/apple-iphone-6-and-iphone-6-plus.jpg', 4);
INSERT OR IGNORE INTO device_pictures (device_id, url, position) VALUES (123, 'https://fdn.gsmarena.com/vv/reviewsimg/apple-iphone-6-plus/gal/gsmarena_001.jpg', 5);
INSERT OR IGNORE INTO device_pictures (device_id, url, position) VALUES (123, 'https://fdn.gsmarena.com/vv/reviewsimg/apple-iphone-6-plus/gal/gsmarena_002.jpg', 6);
INSERT OR IGNORE INTO device_pictures (device_id, url, position) VALUES (123, 'https://fdn.gsmarena.com/vv/reviewsimg/apple-iphone-6-plus/gal/gsmarena_003.jpg', 7);
INSERT OR IGNORE INTO device_pictures (device_id, url, position) VALUES (123, 'https://fdn.gsmarena.com/vv/reviewsimg/apple-iphone-6-plus/gal/gsmarena_004.jpg', 8);
INSERT OR IGNORE INTO device_pictures (device_id, url, position) VALUES (123, 'https://fdn.gsmarena.com/vv/reviewsimg/apple-iphone-6-plus/gal/gsmarena_005.jpg', 9);
INSERT OR IGNORE INTO devices (id, brand_id, name, gsmarena_url, thumbnail_url, summary) VALUES (124, 1, 'iPhone 6', 'https://www.gsmarena.com/apple_iphone_6-6378.php', 'https://fdn2.gsmarena.com/vv/bigpic/apple-iphone-6-4.jpg', 'iPhone 6');
INSERT OR IGNORE INTO device_specs (device_id, announced, status, network, os, chipset, cpu, gpu, display_size, display_type, display_res, ram, storage, main_camera, selfie_camera, battery, charging, nfc, usb, bluetooth, wlan, colors, weight, dimensions, sim, sensors, popularity, fans, rating, full_specs_json) VALUES (124, '2014, September 09. Released 2014, September 19', 'Discontinued', 'GSM / CDMA / HSPA / EVDO / LTE / 4G/LTE', 'iOS 8, upgradable to iOS 12.5.8', 'Apple A8 (20 nm)', 'Dual-core 1.4 GHz Typhoon (ARM v8-based)', 'PowerVR GX6450 (quad-core graphics)', '4.7 inches, 60.9 cm 2 (~65.8% screen-to-body ratio)', 'IPS LCD', '750 x 1334 pixels, 16:9 ratio (~326 ppi density)', '1GB', '16GB', '8 MP, f/2.2, 29mm (standard), 1/3.0", 1.5µm, PDAF, Dual-LED dual-tone flash, HDR', '1.2 MP, f/2.2, 31mm (standard), 720p@30fps', 'Li-Po 1810 mAh, non-removable (6.9 Wh)', NULL, 'Yes (Apple Pay only)', 'Lightning, USB 2.0', '4.0, A2DP, LE', 'Wi-Fi 802.11 a/b/g/n/ac, dual-band, hotspot', 'Space Gray, Silver, Gold', '129 g (4.55 oz)', '138.1 x 67 x 6.9 mm (5.44 x 2.64 x 0.27 in)', 'Nano-SIM', 'Fingerprint (front-mounted), accelerometer, gyro, proximity, compass, barometer', 'About 100 EUR', NULL, NULL, '[{"category":"Network","specs":[{"label":"Technology","value":"GSM / CDMA / HSPA / EVDO / LTE"},{"label":"2G bands","value":"GSM 850 / 900 / 1800 / 1900 - A1549 (GSM), A1549 (CDMA), A1586"},{"label":"3G bands","value":"HSDPA 850 / 900 / 1700 / 1900 / 2100 - A1549 (GSM), A1549 (CDMA), A1586"},{"label":"4G bands","value":"1, 2, 3, 4, 5, 7, 8, 13, 17, 18, 19, 20, 25, 26, 28, 29 - A1549 GSM, A1549 CDMA"},{"label":"Speed","value":"HSPA 42.2/5.76 Mbps, LTE Cat4 150/50 Mbps, EV-DO Rev.A 3.1 Mbps"}]},{"category":"Launch","specs":[{"label":"Announced","value":"2014, September 09. Released 2014, September 19"},{"label":"Status","value":"Discontinued"}]},{"category":"Body","specs":[{"label":"Dimensions","value":"138.1 x 67 x 6.9 mm (5.44 x 2.64 x 0.27 in)"},{"label":"Weight","value":"129 g (4.55 oz)"},{"label":"Build","value":"Glass front (Corning-made glass), aluminum back, aluminum frame"},{"label":"SIM","value":"Nano-SIM"}]},{"category":"Display","specs":[{"label":"Type","value":"IPS LCD"},{"label":"Size","value":"4.7 inches, 60.9 cm 2 (~65.8% screen-to-body ratio)"},{"label":"Resolution","value":"750 x 1334 pixels, 16:9 ratio (~326 ppi density)"},{"label":"Protection","value":"Ion-strengthened glass, oleophobic coating"}]},{"category":"Platform","specs":[{"label":"OS","value":"iOS 8, upgradable to iOS 12.5.8"},{"label":"Chipset","value":"Apple A8 (20 nm)"},{"label":"CPU","value":"Dual-core 1.4 GHz Typhoon (ARM v8-based)"},{"label":"GPU","value":"PowerVR GX6450 (quad-core graphics)"}]},{"category":"Memory","specs":[{"label":"Card slot","value":"No"},{"label":"Internal","value":"16GB 1GB RAM, 32GB 1GB RAM, 64GB 1GB RAM, 128GB 1GB RAM"}]},{"category":"Main Camera","specs":[{"label":"Single","value":"8 MP, f/2.2, 29mm (standard), 1/3.0\\", 1.5µm, PDAF"},{"label":"Features","value":"Dual-LED dual-tone flash, HDR"},{"label":"Video","value":"1080p@60fps, 720p@240fps"}]},{"category":"Selfie camera","specs":[{"label":"Single","value":"1.2 MP, f/2.2, 31mm (standard)"},{"label":"Video","value":"720p@30fps"},{"label":"Features","value":"face detection, HDR, FaceTime over Wi-Fi or Cellular"}]},{"category":"Sound","specs":[{"label":"Loudspeaker","value":"Yes"},{"label":"3.5mm jack","value":"Yes"}]},{"category":"Comms","specs":[{"label":"WLAN","value":"Wi-Fi 802.11 a/b/g/n/ac, dual-band, hotspot"},{"label":"Bluetooth","value":"4.0, A2DP, LE"},{"label":"Positioning","value":"GPS, GLONASS"},{"label":"NFC","value":"Yes (Apple Pay only)"},{"label":"USB","value":"Lightning, USB 2.0"},{"label":"Radio","value":"No"}]},{"category":"Features","specs":[{"label":"Sensors","value":"Fingerprint (front-mounted), accelerometer, gyro, proximity, compass, barometer"}]},{"category":"Battery","specs":[{"label":"Type","value":"Li-Po 1810 mAh, non-removable (6.9 Wh)"},{"label":"Stand-by","value":"Up to 250 h (3G)"},{"label":"Talk time","value":"Up to 14 h (3G)"}]},{"category":"Misc","specs":[{"label":"Colors","value":"Space Gray, Silver, Gold"},{"label":"Models","value":"A1549, A1586, A1589, A1522, A1524, A1593, iPhone7,2"},{"label":"SAR","value":"1.18 W/kg (head)     1.18 W/kg (body)"},{"label":"Price","value":"About 100 EUR"},{"label":"SAR EU","value":"0.98 W/kg (head)     0.97 W/kg (body)"}]}]');
INSERT OR IGNORE INTO device_pictures (device_id, url, position) VALUES (124, 'https://fdn2.gsmarena.com/vv/bigpic/apple-iphone-6-4.jpg', 0);
INSERT OR IGNORE INTO device_pictures (device_id, url, position) VALUES (124, 'https://fdn2.gsmarena.com/vv/pics/apple/apple-iphone-6-1.jpg', 1);
INSERT OR IGNORE INTO device_pictures (device_id, url, position) VALUES (124, 'https://fdn2.gsmarena.com/vv/pics/apple/apple-iphone-6-2.jpg', 2);
INSERT OR IGNORE INTO device_pictures (device_id, url, position) VALUES (124, 'https://fdn2.gsmarena.com/vv/pics/apple/apple-iphone-6-3.jpg', 3);
INSERT OR IGNORE INTO device_pictures (device_id, url, position) VALUES (124, 'https://fdn2.gsmarena.com/vv/pics/apple/apple-iphone-6-and-iphone-6-plus.jpg', 4);
INSERT OR IGNORE INTO device_pictures (device_id, url, position) VALUES (124, 'https://fdn.gsmarena.com/vv/reviewsimg/apple-iphone-6/gal/gsmarena_001.jpg', 5);
INSERT OR IGNORE INTO device_pictures (device_id, url, position) VALUES (124, 'https://fdn.gsmarena.com/vv/reviewsimg/apple-iphone-6/gal/gsmarena_002.jpg', 6);
INSERT OR IGNORE INTO device_pictures (device_id, url, position) VALUES (124, 'https://fdn.gsmarena.com/vv/reviewsimg/apple-iphone-6/gal/gsmarena_003.jpg', 7);
INSERT OR IGNORE INTO device_pictures (device_id, url, position) VALUES (124, 'https://fdn.gsmarena.com/vv/reviewsimg/apple-iphone-6/gal/gsmarena_004.jpg', 8);
INSERT OR IGNORE INTO device_pictures (device_id, url, position) VALUES (124, 'https://fdn.gsmarena.com/vv/reviewsimg/apple-iphone-6/gal/gsmarena_005.jpg', 9);
INSERT OR IGNORE INTO devices (id, brand_id, name, gsmarena_url, thumbnail_url, summary) VALUES (125, 1, 'iPad Air', 'https://www.gsmarena.com/apple_ipad_air-5797.php', 'https://fdn2.gsmarena.com/vv/bigpic/apple-ipad-air.jpg', 'iPad Air');
INSERT OR IGNORE INTO device_specs (device_id, announced, status, network, os, chipset, cpu, gpu, display_size, display_type, display_res, ram, storage, main_camera, selfie_camera, battery, charging, nfc, usb, bluetooth, wlan, colors, weight, dimensions, sim, sensors, popularity, fans, rating, full_specs_json) VALUES (125, '2013, October 22. Released 2013, November 01', 'Discontinued', 'GSM / CDMA / HSPA / EVDO / LTE / 4G/LTE', 'iOS 7, upgradable to iPadOS 12.5.8', 'Apple A7 (28 nm)', 'Dual-core 1.3 GHz Cyclone (ARM v8-based)', 'PowerVR G6430 (quad-core graphics)', '9.7 inches, 291.4 cm 2 (~71.6% screen-to-body ratio)', 'IPS LCD', '1536 x 2048 pixels, 4:3 ratio (~264 ppi density)', '1GB', '16GB', '5 MP, f/2.4, 33mm (standard), AF, HDR', '1.2 MP, 720p@30fps', 'Li-Po 8600 mAh, non-removable (32.4 Wh)', NULL, 'No', 'Lightning, USB 2.0', '4.0, A2DP, EDR', 'Wi-Fi 802.11 a/b/g/n, dual-band, hotspot', 'Space Gray, Silver', '469 g (Wi-Fi) / 478 g (3G/LTE) (1.03 lb)', '240 x 169.5 x 7.5 mm (9.45 x 6.67 x 0.30 in)', 'Nano-SIM (cellular model only)', 'Accelerometer, gyro, compass', 'About 350 EUR', NULL, NULL, '[{"category":"Network","specs":[{"label":"Technology","value":"GSM / CDMA / HSPA / EVDO / LTE"},{"label":"2G bands","value":"GSM 850 / 900 / 1800 / 1900"},{"label":"3G bands","value":"HSDPA 850 / 900 / 1700(AWS) / 1900 / 2100"},{"label":"4G bands","value":"1, 2, 3, 4, 5, 7, 8, 13, 17, 18, 19, 20, 25, 26"},{"label":"Speed","value":"HSPA 42.2/5.76 Mbps, LTE Cat3 100/50 Mbps, EV-DO Rev.A 3.1 Mbps - cellular model only"}]},{"category":"Launch","specs":[{"label":"Announced","value":"2013, October 22. Released 2013, November 01"},{"label":"Status","value":"Discontinued"}]},{"category":"Body","specs":[{"label":"Dimensions","value":"240 x 169.5 x 7.5 mm (9.45 x 6.67 x 0.30 in)"},{"label":"Weight","value":"469 g (Wi-Fi) / 478 g (3G/LTE) (1.03 lb)"},{"label":"Build","value":"Glass front, aluminum back, aluminum frame"},{"label":"SIM","value":"Nano-SIM (cellular model only)"}]},{"category":"Display","specs":[{"label":"Type","value":"IPS LCD"},{"label":"Size","value":"9.7 inches, 291.4 cm 2 (~71.6% screen-to-body ratio)"},{"label":"Resolution","value":"1536 x 2048 pixels, 4:3 ratio (~264 ppi density)"},{"label":"Protection","value":"Scratch-resistant glass, oleophobic coating"}]},{"category":"Platform","specs":[{"label":"OS","value":"iOS 7, upgradable to iPadOS 12.5.8"},{"label":"Chipset","value":"Apple A7 (28 nm)"},{"label":"CPU","value":"Dual-core 1.3 GHz Cyclone (ARM v8-based)"},{"label":"GPU","value":"PowerVR G6430 (quad-core graphics)"}]},{"category":"Memory","specs":[{"label":"Card slot","value":"No"},{"label":"Internal","value":"16GB 1GB RAM, 32GB 1GB RAM, 64GB 1GB RAM, 128GB 1GB RAM"}]},{"category":"Main Camera","specs":[{"label":"Single","value":"5 MP, f/2.4, 33mm (standard), AF"},{"label":"Features","value":"HDR"},{"label":"Video","value":"1080p@30fps"}]},{"category":"Selfie camera","specs":[{"label":"Single","value":"1.2 MP"},{"label":"Video","value":"720p@30fps"},{"label":"Features","value":"face detection, FaceTime over Wi-Fi or Cellular"}]},{"category":"Sound","specs":[{"label":"Loudspeaker","value":"Yes, with stereo speakers"},{"label":"3.5mm jack","value":"Yes"}]},{"category":"Comms","specs":[{"label":"WLAN","value":"Wi-Fi 802.11 a/b/g/n, dual-band, hotspot"},{"label":"Bluetooth","value":"4.0, A2DP, EDR"},{"label":"Positioning","value":"GPS, GLONASS - cellular model only"},{"label":"NFC","value":"No"},{"label":"USB","value":"Lightning, USB 2.0"},{"label":"Radio","value":"No"}]},{"category":"Features","specs":[{"label":"Sensors","value":"Accelerometer, gyro, compass"}]},{"category":"Battery","specs":[{"label":"Type","value":"Li-Po 8600 mAh, non-removable (32.4 Wh)"},{"label":"Talk time","value":"Up to 10 h (multimedia)"}]},{"category":"Misc","specs":[{"label":"Colors","value":"Space Gray, Silver"},{"label":"Models","value":"A1474, A1475, A1476, iPad4,1, iPad4,2, iPad4,3"},{"label":"SAR","value":"1.18 W/kg (body)"},{"label":"Price","value":"About 350 EUR"},{"label":"SAR EU","value":"0.99 W/kg (body)"}]}]');
INSERT OR IGNORE INTO device_pictures (device_id, url, position) VALUES (125, 'https://fdn2.gsmarena.com/vv/bigpic/apple-ipad-air.jpg', 0);
INSERT OR IGNORE INTO device_pictures (device_id, url, position) VALUES (125, 'https://fdn2.gsmarena.com/vv/pics/apple/apple-ipad-air-1.jpg', 1);
INSERT OR IGNORE INTO device_pictures (device_id, url, position) VALUES (125, 'https://fdn2.gsmarena.com/vv/pics/apple/apple-ipad-air-3.jpg', 2);
INSERT OR IGNORE INTO device_pictures (device_id, url, position) VALUES (125, 'https://fdn.gsmarena.com/vv/reviewsimg/apple-ipad-air/gal/gsmarena_001.jpg', 3);
INSERT OR IGNORE INTO device_pictures (device_id, url, position) VALUES (125, 'https://fdn.gsmarena.com/vv/reviewsimg/apple-ipad-air/gal/gsmarena_002.jpg', 4);
INSERT OR IGNORE INTO device_pictures (device_id, url, position) VALUES (125, 'https://fdn.gsmarena.com/vv/reviewsimg/apple-ipad-air/gal/gsmarena_003.jpg', 5);
INSERT OR IGNORE INTO device_pictures (device_id, url, position) VALUES (125, 'https://fdn.gsmarena.com/vv/reviewsimg/apple-ipad-air/gal/gsmarena_004.jpg', 6);
INSERT OR IGNORE INTO device_pictures (device_id, url, position) VALUES (125, 'https://fdn.gsmarena.com/vv/reviewsimg/apple-ipad-air/gal/gsmarena_005.jpg', 7);
INSERT OR IGNORE INTO device_pictures (device_id, url, position) VALUES (125, 'https://fdn.gsmarena.com/vv/reviewsimg/apple-ipad-air/gal/gsmarena_006.jpg', 8);
INSERT OR IGNORE INTO device_pictures (device_id, url, position) VALUES (125, 'https://fdn.gsmarena.com/vv/reviewsimg/apple-ipad-air/gal/gsmarena_007.jpg', 9);
INSERT OR IGNORE INTO devices (id, brand_id, name, gsmarena_url, thumbnail_url, summary) VALUES (126, 1, 'iPad mini 2', 'https://www.gsmarena.com/apple_ipad_mini_2-5735.php', 'https://fdn2.gsmarena.com/vv/bigpic/apple-ipad-mini2.jpg', 'iPad mini 2');
INSERT OR IGNORE INTO device_specs (device_id, announced, status, network, os, chipset, cpu, gpu, display_size, display_type, display_res, ram, storage, main_camera, selfie_camera, battery, charging, nfc, usb, bluetooth, wlan, colors, weight, dimensions, sim, sensors, popularity, fans, rating, full_specs_json) VALUES (126, '2013, October. Released 2013, November', 'Discontinued', 'GSM / CDMA / HSPA / EVDO / LTE / 4G/LTE', 'iOS 7, upgradable to iPadOS 12.5.8', 'Apple A7 (28 nm)', 'Dual-core 1.3 GHz Cyclone (ARM v8-based)', 'PowerVR G6430 (quad-core graphics)', '7.9 inches, 193.3 cm 2 (~71.7% screen-to-body ratio)', 'IPS LCD', '1536 x 2048 pixels, 4:3 ratio (~324 ppi density)', '1GB', '16GB', '5 MP, f/2.4, 33mm (standard), AF, HDR', '1.2 MP, 720p@30fps', 'Li-Po 6470 mAh, non-removable (24.3 Wh)', NULL, 'No', 'Lightning, USB 2.0', '4.0, A2DP, EDR', 'Wi-Fi 802.11 a/b/g/n, dual-band', 'Space Gray/Black, Silver/White', '331 g (Wi-Fi) / 341 g (3G/LTE) (11.68 oz)', '200 x 134.7 x 7.5 mm (7.87 x 5.30 x 0.30 in)', 'Nano-SIM (cellular model only)', 'Accelerometer, gyro, compass', 'About 270 EUR', NULL, NULL, '[{"category":"Network","specs":[{"label":"Technology","value":"GSM / CDMA / HSPA / EVDO / LTE"},{"label":"2G bands","value":"GSM 850 / 900 / 1800 / 1900"},{"label":"3G bands","value":"HSDPA 850 / 900 / 1900 / 2100"},{"label":"4G bands","value":"1, 2, 3, 4, 5, 7, 8, 13, 17, 18, 19, 20, 25, 26 - A1490"},{"label":"Speed","value":"HSPA 42.2/5.76 Mbps, LTE Cat3 100/50 Mbps, EV-DO Rev.A 3.1 Mbps - cellular model only"}]},{"category":"Launch","specs":[{"label":"Announced","value":"2013, October. Released 2013, November"},{"label":"Status","value":"Discontinued"}]},{"category":"Body","specs":[{"label":"Dimensions","value":"200 x 134.7 x 7.5 mm (7.87 x 5.30 x 0.30 in)"},{"label":"Weight","value":"331 g (Wi-Fi) / 341 g (3G/LTE) (11.68 oz)"},{"label":"SIM","value":"Nano-SIM (cellular model only)"}]},{"category":"Display","specs":[{"label":"Type","value":"IPS LCD"},{"label":"Size","value":"7.9 inches, 193.3 cm 2 (~71.7% screen-to-body ratio)"},{"label":"Resolution","value":"1536 x 2048 pixels, 4:3 ratio (~324 ppi density)"},{"label":"Protection","value":"Oleophobic coating"}]},{"category":"Platform","specs":[{"label":"OS","value":"iOS 7, upgradable to iPadOS 12.5.8"},{"label":"Chipset","value":"Apple A7 (28 nm)"},{"label":"CPU","value":"Dual-core 1.3 GHz Cyclone (ARM v8-based)"},{"label":"GPU","value":"PowerVR G6430 (quad-core graphics)"}]},{"category":"Memory","specs":[{"label":"Card slot","value":"No"},{"label":"Internal","value":"16GB 1GB RAM, 32GB 1GB RAM, 64GB 1GB RAM, 128GB 1GB RAM"}]},{"category":"Main Camera","specs":[{"label":"Single","value":"5 MP, f/2.4, 33mm (standard), AF"},{"label":"Features","value":"HDR"},{"label":"Video","value":"1080p@30fps"}]},{"category":"Selfie camera","specs":[{"label":"Single","value":"1.2 MP"},{"label":"Video","value":"720p@30fps"},{"label":"Features","value":"face detection, FaceTime over Wi-Fi or Cellular"}]},{"category":"Sound","specs":[{"label":"Loudspeaker","value":"Yes, with stereo speakers"},{"label":"3.5mm jack","value":"Yes"}]},{"category":"Comms","specs":[{"label":"WLAN","value":"Wi-Fi 802.11 a/b/g/n, dual-band"},{"label":"Bluetooth","value":"4.0, A2DP, EDR"},{"label":"Positioning","value":"GPS, GLONASS - cellular model only"},{"label":"NFC","value":"No"},{"label":"USB","value":"Lightning, USB 2.0"},{"label":"Radio","value":"No"}]},{"category":"Features","specs":[{"label":"Sensors","value":"Accelerometer, gyro, compass"}]},{"category":"Battery","specs":[{"label":"Type","value":"Li-Po 6470 mAh, non-removable (24.3 Wh)"},{"label":"Talk time","value":"Up to 10 h (multimedia)"}]},{"category":"Misc","specs":[{"label":"Colors","value":"Space Gray/Black, Silver/White"},{"label":"Models","value":"A1489, A1490, A1491, iPad4,6, iPad4,5, iPad4,4"},{"label":"SAR","value":"1.19 W/kg (body)"},{"label":"Price","value":"About 270 EUR"},{"label":"SAR EU","value":"0.99 W/kg (body)"}]}]');
INSERT OR IGNORE INTO device_pictures (device_id, url, position) VALUES (126, 'https://fdn2.gsmarena.com/vv/bigpic/apple-ipad-mini2.jpg', 0);
INSERT OR IGNORE INTO device_pictures (device_id, url, position) VALUES (126, 'https://fdn2.gsmarena.com/vv/pics/apple/apple-ipad-mini2.jpg', 1);
INSERT OR IGNORE INTO device_pictures (device_id, url, position) VALUES (126, 'https://fdn2.gsmarena.com/vv/pics/apple/apple-ipad-mini-3.jpg', 2);
INSERT OR IGNORE INTO device_pictures (device_id, url, position) VALUES (126, 'https://fdn2.gsmarena.com/vv/pics/apple/apple-ipad-mini-4.jpg', 3);
INSERT OR IGNORE INTO device_pictures (device_id, url, position) VALUES (126, 'https://fdn.gsmarena.com/vv/reviewsimg/apple-ipad-mini-2/gal/gsmarena_001.jpg', 4);
INSERT OR IGNORE INTO device_pictures (device_id, url, position) VALUES (126, 'https://fdn.gsmarena.com/vv/reviewsimg/apple-ipad-mini-2/gal/gsmarena_002.jpg', 5);
INSERT OR IGNORE INTO device_pictures (device_id, url, position) VALUES (126, 'https://fdn.gsmarena.com/vv/reviewsimg/apple-ipad-mini-2/gal/gsmarena_003.jpg', 6);
INSERT OR IGNORE INTO device_pictures (device_id, url, position) VALUES (126, 'https://fdn.gsmarena.com/vv/reviewsimg/apple-ipad-mini-2/gal/gsmarena_004.jpg', 7);
INSERT OR IGNORE INTO device_pictures (device_id, url, position) VALUES (126, 'https://fdn.gsmarena.com/vv/reviewsimg/apple-ipad-mini-2/gal/gsmarena_005.jpg', 8);
INSERT OR IGNORE INTO device_pictures (device_id, url, position) VALUES (126, 'https://fdn.gsmarena.com/vv/reviewsimg/apple-ipad-mini-2/gal/gsmarena_006.jpg', 9);
INSERT OR IGNORE INTO devices (id, brand_id, name, gsmarena_url, thumbnail_url, summary) VALUES (127, 1, 'iPhone 5s', 'https://www.gsmarena.com/apple_iphone_5s-5685.php', 'https://fdn2.gsmarena.com/vv/bigpic/apple-iphone-5s-ofic.jpg', 'iPhone 5s');
INSERT OR IGNORE INTO device_specs (device_id, announced, status, network, os, chipset, cpu, gpu, display_size, display_type, display_res, ram, storage, main_camera, selfie_camera, battery, charging, nfc, usb, bluetooth, wlan, colors, weight, dimensions, sim, sensors, popularity, fans, rating, full_specs_json) VALUES (127, '2013, September 10. Released 2013, September 20', 'Discontinued', 'GSM / CDMA / HSPA / EVDO / LTE / 4G/LTE', 'iOS 7, upgradable to iOS 12.5.8', 'Apple A7 (28 nm)', 'Dual-core 1.3 GHz Cyclone (ARM v8-based)', 'PowerVR G6430 (quad-core graphics)', '4.0 inches, 44.1 cm 2 (~60.8% screen-to-body ratio)', 'IPS LCD', '640 x 1136 pixels, 16:9 ratio (~326 ppi density)', '1GB', '16GB', '8 MP, f/2.2, 29mm (standard), 1/3.0", 1.5µm, AF, Dual-LED dual-tone flash, HDR', '1.2 MP, f/2.4, 31mm (standard), 720p@30fps', 'Li-Po 1560 mAh, non-removable (5.92 Wh)', NULL, 'No', 'Lightning, USB 2.0', '4.0, A2DP', 'Wi-Fi 802.11 a/b/g/n, dual-band, hotspot', 'Space Gray, White/Silver, Gold', '112 g (3.95 oz)', '123.8 x 58.6 x 7.6 mm (4.87 x 2.31 x 0.30 in)', 'Nano-SIM', 'Fingerprint (front-mounted), accelerometer, gyro, proximity, compass', 'About 330 EUR', NULL, NULL, '[{"category":"Network","specs":[{"label":"Technology","value":"GSM / CDMA / HSPA / EVDO / LTE"},{"label":"2G bands","value":"GSM 850 / 900 / 1800 / 1900 - all models"},{"label":"3G bands","value":"HSDPA 850 / 900 / 1700 / 1900 / 2100 - A1533 (GSM), A1453"},{"label":"4G bands","value":"1, 2, 3, 4, 5, 8, 13, 17, 19, 20, 25 - A1533 GSM, A1533 CDMA"},{"label":"Speed","value":"HSPA 42.2/5.76 Mbps, LTE Cat3 100/50 Mbps, EV-DO Rev.A 3.1 Mbps"}]},{"category":"Launch","specs":[{"label":"Announced","value":"2013, September 10. Released 2013, September 20"},{"label":"Status","value":"Discontinued"}]},{"category":"Body","specs":[{"label":"Dimensions","value":"123.8 x 58.6 x 7.6 mm (4.87 x 2.31 x 0.30 in)"},{"label":"Weight","value":"112 g (3.95 oz)"},{"label":"Build","value":"Glass front (Corning-made glass), aluminum back, aluminum frame"},{"label":"SIM","value":"Nano-SIM"}]},{"category":"Display","specs":[{"label":"Type","value":"IPS LCD"},{"label":"Size","value":"4.0 inches, 44.1 cm 2 (~60.8% screen-to-body ratio)"},{"label":"Resolution","value":"640 x 1136 pixels, 16:9 ratio (~326 ppi density)"},{"label":"Protection","value":"Corning Gorilla Glass, oleophobic coating"}]},{"category":"Platform","specs":[{"label":"OS","value":"iOS 7, upgradable to iOS 12.5.8"},{"label":"Chipset","value":"Apple A7 (28 nm)"},{"label":"CPU","value":"Dual-core 1.3 GHz Cyclone (ARM v8-based)"},{"label":"GPU","value":"PowerVR G6430 (quad-core graphics)"}]},{"category":"Memory","specs":[{"label":"Card slot","value":"No"},{"label":"Internal","value":"16GB 1GB RAM, 32GB 1GB RAM, 64GB 1GB RAM"}]},{"category":"Main Camera","specs":[{"label":"Single","value":"8 MP, f/2.2, 29mm (standard), 1/3.0\\", 1.5µm, AF"},{"label":"Features","value":"Dual-LED dual-tone flash, HDR"},{"label":"Video","value":"1080p@30fps, 720p@120fps"}]},{"category":"Selfie camera","specs":[{"label":"Single","value":"1.2 MP, f/2.4, 31mm (standard)"},{"label":"Video","value":"720p@30fps"},{"label":"Features","value":"face detection, HDR, FaceTime over Wi-Fi or Cellular"}]},{"category":"Sound","specs":[{"label":"Loudspeaker","value":"Yes"},{"label":"3.5mm jack","value":"Yes"}]},{"category":"Comms","specs":[{"label":"WLAN","value":"Wi-Fi 802.11 a/b/g/n, dual-band, hotspot"},{"label":"Bluetooth","value":"4.0, A2DP"},{"label":"Positioning","value":"GPS, GLONASS"},{"label":"NFC","value":"No"},{"label":"USB","value":"Lightning, USB 2.0"},{"label":"Radio","value":"No"}]},{"category":"Features","specs":[{"label":"Sensors","value":"Fingerprint (front-mounted), accelerometer, gyro, proximity, compass"}]},{"category":"Battery","specs":[{"label":"Type","value":"Li-Po 1560 mAh, non-removable (5.92 Wh)"},{"label":"Stand-by","value":"Up to 250 h (3G)"},{"label":"Talk time","value":"Up to 10 h (3G)"}]},{"category":"Misc","specs":[{"label":"Colors","value":"Space Gray, White/Silver, Gold"},{"label":"Models","value":"A1453, A1457, A1518, A1528, A1530, A1533, iPhone6,1, iPhone6,2"},{"label":"SAR","value":"1.12 W/kg (head)     1.18 W/kg (body)"},{"label":"Price","value":"About 330 EUR"},{"label":"SAR EU","value":"1.00 W/kg (head)     0.80 W/kg (body)"}]}]');
INSERT OR IGNORE INTO device_pictures (device_id, url, position) VALUES (127, 'https://fdn2.gsmarena.com/vv/bigpic/apple-iphone-5s-ofic.jpg', 0);
INSERT OR IGNORE INTO device_pictures (device_id, url, position) VALUES (127, 'https://fdn2.gsmarena.com/vv/pics/apple/apple-iphone-5s-ofic.jpg', 1);
INSERT OR IGNORE INTO device_pictures (device_id, url, position) VALUES (127, 'https://fdn2.gsmarena.com/vv/pics/apple/apple-iphone-5s-ofic1.jpg', 2);
INSERT OR IGNORE INTO device_pictures (device_id, url, position) VALUES (127, 'https://fdn2.gsmarena.com/vv/pics/apple/apple-iphone-5s-1.jpg', 3);
INSERT OR IGNORE INTO device_pictures (device_id, url, position) VALUES (127, 'https://fdn2.gsmarena.com/vv/pics/apple/apple-iphone-5s-2.jpg', 4);
INSERT OR IGNORE INTO device_pictures (device_id, url, position) VALUES (127, 'https://fdn2.gsmarena.com/vv/pics/apple/apple-iphone-5s-3.jpg', 5);
INSERT OR IGNORE INTO device_pictures (device_id, url, position) VALUES (127, 'https://fdn2.gsmarena.com/vv/pics/apple/apple-iphone-5s-4.jpg', 6);
INSERT OR IGNORE INTO device_pictures (device_id, url, position) VALUES (127, 'https://fdn2.gsmarena.com/vv/pics/apple/apple-iphone-5s-5.jpg', 7);
INSERT OR IGNORE INTO device_pictures (device_id, url, position) VALUES (127, 'https://fdn.gsmarena.com/vv/reviewsimg/apple-iphone-5s/gal/gsmarena_001.jpg', 8);
INSERT OR IGNORE INTO device_pictures (device_id, url, position) VALUES (127, 'https://fdn.gsmarena.com/vv/reviewsimg/apple-iphone-5s/gal/gsmarena_002.jpg', 9);
INSERT OR IGNORE INTO devices (id, brand_id, name, gsmarena_url, thumbnail_url, summary) VALUES (128, 1, 'iPhone 5c', 'https://www.gsmarena.com/apple_iphone_5c-5690.php', 'https://fdn2.gsmarena.com/vv/bigpic/apple-iphone-5c-new2.jpg', 'iPhone 5c');
INSERT OR IGNORE INTO device_specs (device_id, announced, status, network, os, chipset, cpu, gpu, display_size, display_type, display_res, ram, storage, main_camera, selfie_camera, battery, charging, nfc, usb, bluetooth, wlan, colors, weight, dimensions, sim, sensors, popularity, fans, rating, full_specs_json) VALUES (128, '2013, September 10. Released 2013, September 20', 'Discontinued', 'GSM / CDMA / HSPA / LTE / 4G/LTE', 'iOS 7, upgradable to iOS 10.3.3', 'Apple A6 (32 nm)', 'Dual-core 1.3 GHz Swift (ARM v7-based)', 'PowerVR SGX 543MP3 (triple-core graphics)', '4.0 inches, 44.1 cm 2 (~59.9% screen-to-body ratio)', 'IPS LCD', '640 x 1136 pixels, 16:9 ratio (~326 ppi density)', '1GB', '8GB', '8 MP, f/2.4, 33mm (standard), 1/3.2", 1.4µm, AF, LED flash, panorama, HDR', '1.2 MP, 720p@30fps', 'Li-Po 1510 mAh, non-removable (5.73 Wh)', NULL, 'No', 'Lightning, USB 2.0', '4.0, A2DP, LE', 'Wi-Fi 802.11 a/b/g/n, dual-band', 'White, Blue, Green, Yellow, Pink', '132 g (4.66 oz)', '124.4 x 59.2 x 9 mm (4.90 x 2.33 x 0.35 in)', 'Nano-SIM', 'Accelerometer, gyro, proximity, compass', 'About 300 EUR', NULL, NULL, '[{"category":"Network","specs":[{"label":"Technology","value":"GSM / CDMA / HSPA / LTE"},{"label":"2G bands","value":"GSM 850 / 900 / 1800 / 1900 - all versions"},{"label":"3G bands","value":"HSDPA 850 / 900 / 1700 / 1900 / 2100 - A1532 (GSM), A1532 (CDMA), A1456"},{"label":"4G bands","value":"1, 2, 3, 4, 5, 8, 13, 17, 19, 20, 25 - A1532 GSM, A1532 CDMA"},{"label":"Speed","value":"HSPA 42.2/5.76 Mbps, LTE Cat3 100/50 Mbps, EV-DO Rev.A 3.1 Mbps"}]},{"category":"Launch","specs":[{"label":"Announced","value":"2013, September 10. Released 2013, September 20"},{"label":"Status","value":"Discontinued"}]},{"category":"Body","specs":[{"label":"Dimensions","value":"124.4 x 59.2 x 9 mm (4.90 x 2.33 x 0.35 in)"},{"label":"Weight","value":"132 g (4.66 oz)"},{"label":"Build","value":"Glass front, plastic back, plastic frame"},{"label":"SIM","value":"Nano-SIM"}]},{"category":"Display","specs":[{"label":"Type","value":"IPS LCD"},{"label":"Size","value":"4.0 inches, 44.1 cm 2 (~59.9% screen-to-body ratio)"},{"label":"Resolution","value":"640 x 1136 pixels, 16:9 ratio (~326 ppi density)"}]},{"category":"Platform","specs":[{"label":"OS","value":"iOS 7, upgradable to iOS 10.3.3"},{"label":"Chipset","value":"Apple A6 (32 nm)"},{"label":"CPU","value":"Dual-core 1.3 GHz Swift (ARM v7-based)"},{"label":"GPU","value":"PowerVR SGX 543MP3 (triple-core graphics)"}]},{"category":"Memory","specs":[{"label":"Card slot","value":"No"},{"label":"Internal","value":"8GB 1GB RAM, 16GB 1GB RAM, 32GB 1GB RAM"}]},{"category":"Main Camera","specs":[{"label":"Single","value":"8 MP, f/2.4, 33mm (standard), 1/3.2\\", 1.4µm, AF"},{"label":"Features","value":"LED flash, panorama, HDR"},{"label":"Video","value":"1080p@30fps"}]},{"category":"Selfie camera","specs":[{"label":"Single","value":"1.2 MP"},{"label":"Video","value":"720p@30fps"},{"label":"Features","value":"face detection, FaceTime over Wi-Fi or Cellular"}]},{"category":"Sound","specs":[{"label":"Loudspeaker","value":"Yes"},{"label":"3.5mm jack","value":"Yes"}]},{"category":"Comms","specs":[{"label":"WLAN","value":"Wi-Fi 802.11 a/b/g/n, dual-band"},{"label":"Bluetooth","value":"4.0, A2DP, LE"},{"label":"Positioning","value":"GPS, GLONASS"},{"label":"NFC","value":"No"},{"label":"USB","value":"Lightning, USB 2.0"},{"label":"Radio","value":"No"}]},{"category":"Features","specs":[{"label":"Sensors","value":"Accelerometer, gyro, proximity, compass"}]},{"category":"Battery","specs":[{"label":"Type","value":"Li-Po 1510 mAh, non-removable (5.73 Wh)"},{"label":"Stand-by","value":"Up to 250 h (3G)"},{"label":"Talk time","value":"Up to 10 h (3G)"}]},{"category":"Misc","specs":[{"label":"Colors","value":"White, Blue, Green, Yellow, Pink"},{"label":"Models","value":"A1456, A1507, A1516, A1529, A1532, iPhone5,3, iPhone5,4"},{"label":"SAR","value":"1.15 W/kg (head)     1.17 W/kg (body)"},{"label":"Price","value":"About 300 EUR"},{"label":"SAR EU","value":"1.00 W/kg (head)     0.96 W/kg (body)"}]}]');
INSERT OR IGNORE INTO device_pictures (device_id, url, position) VALUES (128, 'https://fdn2.gsmarena.com/vv/bigpic/apple-iphone-5c-new2.jpg', 0);
INSERT OR IGNORE INTO device_pictures (device_id, url, position) VALUES (128, 'https://fdn2.gsmarena.com/vv/pics/apple/apple-iphone-5c-ofic.jpg', 1);
INSERT OR IGNORE INTO device_pictures (device_id, url, position) VALUES (128, 'https://fdn2.gsmarena.com/vv/pics/apple/apple-iphone-5c-ofic1.jpg', 2);
INSERT OR IGNORE INTO device_pictures (device_id, url, position) VALUES (128, 'https://fdn2.gsmarena.com/vv/pics/apple/apple-iphone-5c-colors.jpg', 3);
INSERT OR IGNORE INTO device_pictures (device_id, url, position) VALUES (128, 'https://fdn.gsmarena.com/vv/reviewsimg/apple-iphone-5c/gal/gsmarena_001.jpg', 4);
INSERT OR IGNORE INTO device_pictures (device_id, url, position) VALUES (128, 'https://fdn.gsmarena.com/vv/reviewsimg/apple-iphone-5c/gal/gsmarena_002.jpg', 5);
INSERT OR IGNORE INTO device_pictures (device_id, url, position) VALUES (128, 'https://fdn.gsmarena.com/vv/reviewsimg/apple-iphone-5c/gal/gsmarena_003.jpg', 6);
INSERT OR IGNORE INTO device_pictures (device_id, url, position) VALUES (128, 'https://fdn.gsmarena.com/vv/reviewsimg/apple-iphone-5c/gal/gsmarena_004.jpg', 7);
INSERT OR IGNORE INTO device_pictures (device_id, url, position) VALUES (128, 'https://fdn.gsmarena.com/vv/reviewsimg/apple-iphone-5c/gal/gsmarena_005.jpg', 8);
INSERT OR IGNORE INTO device_pictures (device_id, url, position) VALUES (128, 'https://fdn.gsmarena.com/vv/reviewsimg/apple-iphone-5c/gal/gsmarena_006.jpg', 9);
INSERT OR IGNORE INTO devices (id, brand_id, name, gsmarena_url, thumbnail_url, summary) VALUES (129, 1, 'iPad mini Wi-Fi', 'https://www.gsmarena.com/apple_ipad_mini_wi_fi-5070.php', 'https://fdn2.gsmarena.com/vv/bigpic/apple-ipad-mini-final.jpg', 'iPad mini Wi-Fi');
INSERT OR IGNORE INTO device_specs (device_id, announced, status, network, os, chipset, cpu, gpu, display_size, display_type, display_res, ram, storage, main_camera, selfie_camera, battery, charging, nfc, usb, bluetooth, wlan, colors, weight, dimensions, sim, sensors, popularity, fans, rating, full_specs_json) VALUES (129, '2012, October. Released 2012, November', 'Discontinued', 'No cellular connectivity', 'iOS 6, upgradable to iOS 9.3.5', 'Apple A5 (45 nm)', 'Dual-core 1.0 GHz Cortex-A9', 'PowerVR SGX543MP2', '7.9 inches, 193.3 cm 2 (~71.7% screen-to-body ratio)', 'IPS LCD', '768 x 1024 pixels, 4:3 ratio (~162 ppi density)', NULL, '16GB', '5 MP, AF', '1.2 MP, 720p@30fps', 'Li-Po 4490 mAh, non-removable (16.7 Wh)', NULL, 'No', 'Lightning, USB 2.0', '4.0, A2DP, EDR', 'Wi-Fi 802.11 a/b/g/n, dual-band', 'Black/Slate, White/Silver', '308 g (10.86 oz)', '200 x 134.7 x 7.2 mm (7.87 x 5.30 x 0.28 in)', 'No', 'Accelerometer, gyro, compass', 'About 200 EUR', NULL, NULL, '[{"category":"Network","specs":[{"label":"Technology","value":"No cellular connectivity"},{"label":"2G bands","value":"N/A"},{"label":"GPRS","value":"No"},{"label":"EDGE","value":"No"}]},{"category":"Launch","specs":[{"label":"Announced","value":"2012, October. Released 2012, November"},{"label":"Status","value":"Discontinued"}]},{"category":"Body","specs":[{"label":"Dimensions","value":"200 x 134.7 x 7.2 mm (7.87 x 5.30 x 0.28 in)"},{"label":"Weight","value":"308 g (10.86 oz)"},{"label":"SIM","value":"No"}]},{"category":"Display","specs":[{"label":"Type","value":"IPS LCD"},{"label":"Size","value":"7.9 inches, 193.3 cm 2 (~71.7% screen-to-body ratio)"},{"label":"Resolution","value":"768 x 1024 pixels, 4:3 ratio (~162 ppi density)"},{"label":"Protection","value":"Oleophobic coating"}]},{"category":"Platform","specs":[{"label":"OS","value":"iOS 6, upgradable to iOS 9.3.5"},{"label":"Chipset","value":"Apple A5 (45 nm)"},{"label":"CPU","value":"Dual-core 1.0 GHz Cortex-A9"},{"label":"GPU","value":"PowerVR SGX543MP2"}]},{"category":"Memory","specs":[{"label":"Card slot","value":"No"},{"label":"Internal","value":"16GB 512MB RAM, 32GB 512MB RAM, 64GB 512MB RAM"}]},{"category":"Main Camera","specs":[{"label":"Single","value":"5 MP, AF"},{"label":"Video","value":"1080p@30fps"}]},{"category":"Selfie camera","specs":[{"label":"Single","value":"1.2 MP"},{"label":"Video","value":"720p@30fps"},{"label":"Features","value":"Face detection, FaceTime over Wi-Fi"}]},{"category":"Sound","specs":[{"label":"Loudspeaker","value":"Yes, with stereo speakers"},{"label":"3.5mm jack","value":"Yes"}]},{"category":"Comms","specs":[{"label":"WLAN","value":"Wi-Fi 802.11 a/b/g/n, dual-band"},{"label":"Bluetooth","value":"4.0, A2DP, EDR"},{"label":"Positioning","value":"No"},{"label":"NFC","value":"No"},{"label":"USB","value":"Lightning, USB 2.0"},{"label":"Radio","value":"No"}]},{"category":"Features","specs":[{"label":"Sensors","value":"Accelerometer, gyro, compass"}]},{"category":"Battery","specs":[{"label":"Type","value":"Li-Po 4490 mAh, non-removable (16.7 Wh)"},{"label":"Talk time","value":"Up to 10 h (multimedia)"}]},{"category":"Misc","specs":[{"label":"Colors","value":"Black/Slate, White/Silver"},{"label":"Models","value":"A1432, iPad2,5"},{"label":"Price","value":"About 200 EUR"}]}]');
INSERT OR IGNORE INTO device_pictures (device_id, url, position) VALUES (129, 'https://fdn2.gsmarena.com/vv/bigpic/apple-ipad-mini-final.jpg', 0);
INSERT OR IGNORE INTO device_pictures (device_id, url, position) VALUES (129, 'https://fdn2.gsmarena.com/vv/pics/apple/apple-ipad-mini-white.jpg', 1);
INSERT OR IGNORE INTO device_pictures (device_id, url, position) VALUES (129, 'https://fdn2.gsmarena.com/vv/pics/apple/apple-ipad-mini-black.jpg', 2);
INSERT OR IGNORE INTO device_pictures (device_id, url, position) VALUES (129, 'https://fdn.gsmarena.com/vv/reviewsimg/apple-ipad-mini/gal/gsmarena_001.jpg', 3);
INSERT OR IGNORE INTO device_pictures (device_id, url, position) VALUES (129, 'https://fdn.gsmarena.com/vv/reviewsimg/apple-ipad-mini/gal/gsmarena_002.jpg', 4);
INSERT OR IGNORE INTO device_pictures (device_id, url, position) VALUES (129, 'https://fdn.gsmarena.com/vv/reviewsimg/apple-ipad-mini/gal/gsmarena_003.jpg', 5);
INSERT OR IGNORE INTO device_pictures (device_id, url, position) VALUES (129, 'https://fdn.gsmarena.com/vv/reviewsimg/apple-ipad-mini/gal/gsmarena_004.jpg', 6);
INSERT OR IGNORE INTO device_pictures (device_id, url, position) VALUES (129, 'https://fdn.gsmarena.com/vv/reviewsimg/apple-ipad-mini/gal/gsmarena_005.jpg', 7);
INSERT OR IGNORE INTO device_pictures (device_id, url, position) VALUES (129, 'https://fdn.gsmarena.com/vv/reviewsimg/apple-ipad-mini/gal/gsmarena_006.jpg', 8);
INSERT OR IGNORE INTO device_pictures (device_id, url, position) VALUES (129, 'https://fdn.gsmarena.com/vv/reviewsimg/apple-ipad-mini/gal/gsmarena_007.jpg', 9);
INSERT OR IGNORE INTO devices (id, brand_id, name, gsmarena_url, thumbnail_url, summary) VALUES (130, 1, 'iPad mini Wi-Fi + Cellular', 'https://www.gsmarena.com/apple_ipad_mini_wi_fi_+_cellular-5061.php', 'https://fdn2.gsmarena.com/vv/bigpic/apple-ipad-mini-final.jpg', 'iPad mini Wi-Fi + Cellular');
INSERT OR IGNORE INTO device_specs (device_id, announced, status, network, os, chipset, cpu, gpu, display_size, display_type, display_res, ram, storage, main_camera, selfie_camera, battery, charging, nfc, usb, bluetooth, wlan, colors, weight, dimensions, sim, sensors, popularity, fans, rating, full_specs_json) VALUES (130, '2012, October. Released 2012, November', 'Discontinued', 'GSM / CDMA / HSPA / LTE / 4G/LTE', 'iOS 6, upgradable to iOS 9.3.6', 'Apple A5 (45 nm)', 'Dual-core 1.0 GHz Cortex-A9', 'PowerVR SGX543MP2', '7.9 inches, 193.3 cm 2 (~71.7% screen-to-body ratio)', 'IPS LCD', '768 x 1024 pixels, 4:3 ratio (~162 ppi density)', NULL, '16GB', '5 MP, AF', '1.2 MP, 720p@30fps', 'Li-Po 4490 mAh, non-removable (16.7 Wh)', NULL, 'No', 'Lightning, USB 2.0', '4.0, A2DP, EDR', 'Wi-Fi 802.11 a/b/g/n, dual-band', 'Black/Slate, White/Silver', '312 g (11.01 oz)', '200 x 134.7 x 7.2 mm (7.87 x 5.30 x 0.28 in)', 'Nano-SIM', 'Accelerometer, gyro, compass', 'About 300 EUR', NULL, NULL, '[{"category":"Network","specs":[{"label":"Technology","value":"GSM / CDMA / HSPA / LTE"},{"label":"2G bands","value":"GSM 850 / 900 / 1800 / 1900  - A1454; A1455"},{"label":"3G bands","value":"HSDPA 850 / 900 / 1900 / 2100  - A1454; A1455"},{"label":"4G bands","value":"4, 17 - A1454"},{"label":"Speed","value":"HSPA 42.2/5.76 Mbps, LTE Cat3 100/50 Mbps, EV-DO Rev.A 3.1 Mbps"}]},{"category":"Launch","specs":[{"label":"Announced","value":"2012, October. Released 2012, November"},{"label":"Status","value":"Discontinued"}]},{"category":"Body","specs":[{"label":"Dimensions","value":"200 x 134.7 x 7.2 mm (7.87 x 5.30 x 0.28 in)"},{"label":"Weight","value":"312 g (11.01 oz)"},{"label":"SIM","value":"Nano-SIM"}]},{"category":"Display","specs":[{"label":"Type","value":"IPS LCD"},{"label":"Size","value":"7.9 inches, 193.3 cm 2 (~71.7% screen-to-body ratio)"},{"label":"Resolution","value":"768 x 1024 pixels, 4:3 ratio (~162 ppi density)"},{"label":"Protection","value":"Oleophobic coating"}]},{"category":"Platform","specs":[{"label":"OS","value":"iOS 6, upgradable to iOS 9.3.6"},{"label":"Chipset","value":"Apple A5 (45 nm)"},{"label":"CPU","value":"Dual-core 1.0 GHz Cortex-A9"},{"label":"GPU","value":"PowerVR SGX543MP2"}]},{"category":"Memory","specs":[{"label":"Card slot","value":"No"},{"label":"Internal","value":"16GB 512MB RAM, 32GB 512MB RAM, 64GB 512MB RAM"}]},{"category":"Main Camera","specs":[{"label":"Single","value":"5 MP, AF"},{"label":"Video","value":"1080p@30fps"}]},{"category":"Selfie camera","specs":[{"label":"Single","value":"1.2 MP"},{"label":"Video","value":"720p@30fps"},{"label":"Features","value":"face detection, FaceTime over Wi-Fi or Cellular"}]},{"category":"Sound","specs":[{"label":"Loudspeaker","value":"Yes, with stereo speakers"},{"label":"3.5mm jack","value":"Yes"}]},{"category":"Comms","specs":[{"label":"WLAN","value":"Wi-Fi 802.11 a/b/g/n, dual-band"},{"label":"Bluetooth","value":"4.0, A2DP, EDR"},{"label":"Positioning","value":"GPS, GLONASS"},{"label":"NFC","value":"No"},{"label":"USB","value":"Lightning, USB 2.0"},{"label":"Radio","value":"No"}]},{"category":"Features","specs":[{"label":"Sensors","value":"Accelerometer, gyro, compass"}]},{"category":"Battery","specs":[{"label":"Type","value":"Li-Po 4490 mAh, non-removable (16.7 Wh)"},{"label":"Talk time","value":"Up to 10 h (multimedia)"}]},{"category":"Misc","specs":[{"label":"Colors","value":"Black/Slate, White/Silver"},{"label":"Models","value":"A1454, A1455, iPad2,6, iPad2,7"},{"label":"Price","value":"About 300 EUR"}]}]');
INSERT OR IGNORE INTO device_pictures (device_id, url, position) VALUES (130, 'https://fdn2.gsmarena.com/vv/bigpic/apple-ipad-mini-final.jpg', 0);
INSERT OR IGNORE INTO device_pictures (device_id, url, position) VALUES (130, 'https://fdn2.gsmarena.com/vv/pics/apple/apple-ipad-mini-white.jpg', 1);
INSERT OR IGNORE INTO device_pictures (device_id, url, position) VALUES (130, 'https://fdn2.gsmarena.com/vv/pics/apple/apple-ipad-mini-black.jpg', 2);
INSERT OR IGNORE INTO devices (id, brand_id, name, gsmarena_url, thumbnail_url, summary) VALUES (131, 1, 'iPad 4 Wi-Fi', 'https://www.gsmarena.com/apple_ipad_4_wi_fi-5072.php', 'https://fdn2.gsmarena.com/vv/bigpic/apple-ipad-3-new.jpg', 'iPad 4 Wi-Fi');
INSERT OR IGNORE INTO device_specs (device_id, announced, status, network, os, chipset, cpu, gpu, display_size, display_type, display_res, ram, storage, main_camera, selfie_camera, battery, charging, nfc, usb, bluetooth, wlan, colors, weight, dimensions, sim, sensors, popularity, fans, rating, full_specs_json) VALUES (131, '2012, October. Released 2012, November', 'Discontinued', 'No cellular connectivity', 'iOS 6, upgradable to iOS 10.3', 'Apple A6X (32 nm)', 'Dual-core 1.4 GHz', 'PowerVR SGX554MP4 (quad-core graphics)', '9.7 inches, 291.4 cm 2 (~65.1% screen-to-body ratio)', 'IPS LCD', '1536 x 2048 pixels, 4:3 ratio (~264 ppi density)', '1GB', '16GB', '5 MP, AF', '1.2 MP, 720p@30fps', 'Li-Po 11560 mAh, non-removable (42.5 Wh)', NULL, 'No', 'Lightning, USB 2.0', '4.0, A2DP', 'Wi-Fi 802.11 a/b/g/n, dual-band', 'Black, White', '652 g (1.44 lb)', '241.2 x 185.7 x 9.4 mm (9.50 x 7.31 x 0.37 in)', 'No', 'Accelerometer, gyro, compass', 'About 350 EUR', NULL, NULL, '[{"category":"Network","specs":[{"label":"Technology","value":"No cellular connectivity"},{"label":"2G bands","value":"N/A"},{"label":"GPRS","value":"No"},{"label":"EDGE","value":"No"}]},{"category":"Launch","specs":[{"label":"Announced","value":"2012, October. Released 2012, November"},{"label":"Status","value":"Discontinued"}]},{"category":"Body","specs":[{"label":"Dimensions","value":"241.2 x 185.7 x 9.4 mm (9.50 x 7.31 x 0.37 in)"},{"label":"Weight","value":"652 g (1.44 lb)"},{"label":"SIM","value":"No"}]},{"category":"Display","specs":[{"label":"Type","value":"IPS LCD"},{"label":"Size","value":"9.7 inches, 291.4 cm 2 (~65.1% screen-to-body ratio)"},{"label":"Resolution","value":"1536 x 2048 pixels, 4:3 ratio (~264 ppi density)"},{"label":"Protection","value":"Scratch-resistant glass, oleophobic coating"}]},{"category":"Platform","specs":[{"label":"OS","value":"iOS 6, upgradable to iOS 10.3"},{"label":"Chipset","value":"Apple A6X (32 nm)"},{"label":"CPU","value":"Dual-core 1.4 GHz"},{"label":"GPU","value":"PowerVR SGX554MP4 (quad-core graphics)"}]},{"category":"Memory","specs":[{"label":"Card slot","value":"No"},{"label":"Internal","value":"16GB 1GB RAM, 32GB 1GB RAM, 64GB 1GB RAM, 128GB 1GB RAM"}]},{"category":"Main Camera","specs":[{"label":"Single","value":"5 MP, AF"},{"label":"Video","value":"1080p@30fps"}]},{"category":"Selfie camera","specs":[{"label":"Single","value":"1.2 MP"},{"label":"Video","value":"720p@30fps"},{"label":"Features","value":"Face detection, FaceTime over Wi-Fi"}]},{"category":"Sound","specs":[{"label":"Loudspeaker","value":"Yes"},{"label":"3.5mm jack","value":"Yes"}]},{"category":"Comms","specs":[{"label":"WLAN","value":"Wi-Fi 802.11 a/b/g/n, dual-band"},{"label":"Bluetooth","value":"4.0, A2DP"},{"label":"Positioning","value":"No"},{"label":"NFC","value":"No"},{"label":"USB","value":"Lightning, USB 2.0"},{"label":"Radio","value":"No"}]},{"category":"Features","specs":[{"label":"Sensors","value":"Accelerometer, gyro, compass"}]},{"category":"Battery","specs":[{"label":"Type","value":"Li-Po 11560 mAh, non-removable (42.5 Wh)"},{"label":"Stand-by","value":"Up to 720 h"},{"label":"Talk time","value":"Up to 10 h"}]},{"category":"Misc","specs":[{"label":"Colors","value":"Black, White"},{"label":"Models","value":"A1458, iPad3,4"},{"label":"Price","value":"About 350 EUR"}]}]');
INSERT OR IGNORE INTO device_pictures (device_id, url, position) VALUES (131, 'https://fdn2.gsmarena.com/vv/bigpic/apple-ipad-3-new.jpg', 0);
INSERT OR IGNORE INTO device_pictures (device_id, url, position) VALUES (131, 'https://fdn2.gsmarena.com/vv/pics/apple/ipad-3-001.jpg', 1);
INSERT OR IGNORE INTO device_pictures (device_id, url, position) VALUES (131, 'https://fdn2.gsmarena.com/vv/pics/apple/apple-ipad-4-lightning.jpg', 2);
INSERT OR IGNORE INTO device_pictures (device_id, url, position) VALUES (131, 'https://fdn.gsmarena.com/vv/reviewsimg/apple-ipad-4/gal/gsmarena_001.jpg', 3);
INSERT OR IGNORE INTO device_pictures (device_id, url, position) VALUES (131, 'https://fdn.gsmarena.com/vv/reviewsimg/apple-ipad-4/gal/gsmarena_002.jpg', 4);
INSERT OR IGNORE INTO device_pictures (device_id, url, position) VALUES (131, 'https://fdn.gsmarena.com/vv/reviewsimg/apple-ipad-4/gal/gsmarena_003.jpg', 5);
INSERT OR IGNORE INTO device_pictures (device_id, url, position) VALUES (131, 'https://fdn.gsmarena.com/vv/reviewsimg/apple-ipad-4/gal/gsmarena_004.jpg', 6);
INSERT OR IGNORE INTO device_pictures (device_id, url, position) VALUES (131, 'https://fdn.gsmarena.com/vv/reviewsimg/apple-ipad-4/gal/gsmarena_005.jpg', 7);
INSERT OR IGNORE INTO device_pictures (device_id, url, position) VALUES (131, 'https://fdn.gsmarena.com/vv/reviewsimg/apple-ipad-4/gal/gsmarena_006.jpg', 8);
INSERT OR IGNORE INTO device_pictures (device_id, url, position) VALUES (131, 'https://fdn.gsmarena.com/vv/reviewsimg/apple-ipad-4/gal/gsmarena_007.jpg', 9);
INSERT OR IGNORE INTO devices (id, brand_id, name, gsmarena_url, thumbnail_url, summary) VALUES (132, 1, 'iPad 4 Wi-Fi + Cellular', 'https://www.gsmarena.com/apple_ipad_4_wi_fi_+_cellular-5071.php', 'https://fdn2.gsmarena.com/vv/bigpic/apple-ipad-3-new.jpg', 'iPad 4 Wi-Fi + Cellular');
INSERT OR IGNORE INTO device_specs (device_id, announced, status, network, os, chipset, cpu, gpu, display_size, display_type, display_res, ram, storage, main_camera, selfie_camera, battery, charging, nfc, usb, bluetooth, wlan, colors, weight, dimensions, sim, sensors, popularity, fans, rating, full_specs_json) VALUES (132, '2012, October. Released 2012, November', 'Discontinued', 'GSM / CDMA / HSPA / EVDO / LTE / 4G/LTE', 'iOS 6, upgradable to iOS 10.3', 'Apple A6X (32 nm)', 'Dual-core 1.4 GHz', 'PowerVR SGX554MP4 (quad-core graphics)', '9.7 inches, 291.4 cm 2 (~65.1% screen-to-body ratio)', 'IPS LCD', '1536 x 2048 pixels, 4:3 ratio (~264 ppi density)', '1GB', '16GB', '5 MP, AF', '1.2 MP, 720p@30fps', 'Li-Po 11560 mAh, non-removable (42.5 Wh)', NULL, 'No', 'Lightning, USB 2.0', '4.0, A2DP', 'Wi-Fi 802.11 a/b/g/n, dual-band, hotspot', 'Black, White', '662 g (1.46 lb)', '241.2 x 185.7 x 9.4 mm (9.50 x 7.31 x 0.37 in)', 'Micro-SIM', 'Accelerometer, gyro, compass', 'About 500 EUR', NULL, NULL, '[{"category":"Network","specs":[{"label":"Technology","value":"GSM / CDMA / HSPA / EVDO / LTE"},{"label":"2G bands","value":"GSM 850 / 900 / 1800 / 1900 - A1459/ A1460"},{"label":"3G bands","value":"HSDPA 850 / 900 / 1900 / 2100 - A1459/ A1460"},{"label":"4G bands","value":"4, 17 - A1459"},{"label":"Speed","value":"HSPA, LTE, EV-DO Rev.A 3.1 Mbps"}]},{"category":"Launch","specs":[{"label":"Announced","value":"2012, October. Released 2012, November"},{"label":"Status","value":"Discontinued"}]},{"category":"Body","specs":[{"label":"Dimensions","value":"241.2 x 185.7 x 9.4 mm (9.50 x 7.31 x 0.37 in)"},{"label":"Weight","value":"662 g (1.46 lb)"},{"label":"SIM","value":"Micro-SIM"}]},{"category":"Display","specs":[{"label":"Type","value":"IPS LCD"},{"label":"Size","value":"9.7 inches, 291.4 cm 2 (~65.1% screen-to-body ratio)"},{"label":"Resolution","value":"1536 x 2048 pixels, 4:3 ratio (~264 ppi density)"},{"label":"Protection","value":"Scratch-resistant glass, oleophobic coating"}]},{"category":"Platform","specs":[{"label":"OS","value":"iOS 6, upgradable to iOS 10.3"},{"label":"Chipset","value":"Apple A6X (32 nm)"},{"label":"CPU","value":"Dual-core 1.4 GHz"},{"label":"GPU","value":"PowerVR SGX554MP4 (quad-core graphics)"}]},{"category":"Memory","specs":[{"label":"Card slot","value":"No"},{"label":"Internal","value":"16GB 1GB RAM, 32GB 1GB RAM, 64GB 1GB RAM, 128GB 1GB RAM"}]},{"category":"Main Camera","specs":[{"label":"Single","value":"5 MP, AF"},{"label":"Video","value":"1080p@30fps"}]},{"category":"Selfie camera","specs":[{"label":"Single","value":"1.2 MP"},{"label":"Video","value":"720p@30fps"},{"label":"Features","value":"face detection, FaceTime over Wi-Fi or Cellular"}]},{"category":"Sound","specs":[{"label":"Loudspeaker","value":"Yes"},{"label":"3.5mm jack","value":"Yes"}]},{"category":"Comms","specs":[{"label":"WLAN","value":"Wi-Fi 802.11 a/b/g/n, dual-band, hotspot"},{"label":"Bluetooth","value":"4.0, A2DP"},{"label":"Positioning","value":"GPS, GLONASS"},{"label":"NFC","value":"No"},{"label":"USB","value":"Lightning, USB 2.0"},{"label":"Radio","value":"No"}]},{"category":"Features","specs":[{"label":"Sensors","value":"Accelerometer, gyro, compass"}]},{"category":"Battery","specs":[{"label":"Type","value":"Li-Po 11560 mAh, non-removable (42.5 Wh)"},{"label":"Stand-by","value":"Up to 720 h"},{"label":"Talk time","value":"Up to 9 h"}]},{"category":"Misc","specs":[{"label":"Colors","value":"Black, White"},{"label":"Models","value":"A1459, A1460, iPad3,5, iPad3,6"},{"label":"Price","value":"About 500 EUR"}]}]');
INSERT OR IGNORE INTO device_pictures (device_id, url, position) VALUES (132, 'https://fdn2.gsmarena.com/vv/bigpic/apple-ipad-3-new.jpg', 0);
INSERT OR IGNORE INTO device_pictures (device_id, url, position) VALUES (132, 'https://fdn2.gsmarena.com/vv/pics/apple/ipad-3-002.jpg', 1);
INSERT OR IGNORE INTO device_pictures (device_id, url, position) VALUES (132, 'https://fdn2.gsmarena.com/vv/pics/apple/apple-ipad-4-lightning.jpg', 2);
INSERT OR IGNORE INTO devices (id, brand_id, name, gsmarena_url, thumbnail_url, summary) VALUES (133, 1, 'iPhone 5', 'https://www.gsmarena.com/apple_iphone_5-4910.php', 'https://fdn2.gsmarena.com/vv/bigpic/apple-iphone-5-ofic.jpg', 'iPhone 5');
INSERT OR IGNORE INTO device_specs (device_id, announced, status, network, os, chipset, cpu, gpu, display_size, display_type, display_res, ram, storage, main_camera, selfie_camera, battery, charging, nfc, usb, bluetooth, wlan, colors, weight, dimensions, sim, sensors, popularity, fans, rating, full_specs_json) VALUES (133, '2012, September 12. Released 2012, September  21', 'Discontinued', 'GSM / CDMA / HSPA / EVDO / LTE / 4G/LTE', 'iOS 6, upgradable to iOS 10.3.4', 'Apple A6 (32 nm)', 'Dual-core 1.3 GHz Swift (ARM v7-based)', 'PowerVR SGX 543MP3 (triple-core graphics)', '4.0 inches, 44.1 cm 2 (~60.8% screen-to-body ratio)', 'IPS LCD', '640 x 1136 pixels, 16:9 ratio (~326 ppi density)', '1GB', '16GB', '8 MP, f/2.4, 33mm (standard), 1/3.2", 1.4µm, AF, LED flash, panorama, HDR', '1.2 MP, f/2.4, 35mm (standard), 720p@30fps', 'Li-Po 1440 mAh, non-removable (5.45 Wh)', NULL, NULL, 'Lightning, USB 2.0', '4.0, A2DP, LE', 'Wi-Fi 802.11 a/b/g/n, dual-band, hotspot', 'Black/Slate, White/Silver', '112 g (3.95 oz)', '123.8 x 58.6 x 7.6 mm (4.87 x 2.31 x 0.30 in)', 'Nano-SIM', 'Accelerometer, gyro, proximity, compass', 'About 340 EUR', NULL, NULL, '[{"category":"Network","specs":[{"label":"Technology","value":"GSM / CDMA / HSPA / EVDO / LTE"},{"label":"2G bands","value":"GSM 850 / 900 / 1800 / 1900 - GSM A1428"},{"label":"3G bands","value":"HSDPA 850 / 900 / 1700 / 1900 / 2100 - GSM A1428"},{"label":"4G bands","value":"4, 17 - GSM A1428"},{"label":"Speed","value":"HSPA 42.2/5.76 Mbps, LTE Cat3 100/50 Mbps, EV-DO Rev.A 3.1 Mbps"}]},{"category":"Launch","specs":[{"label":"Announced","value":"2012, September 12. Released 2012, September  21"},{"label":"Status","value":"Discontinued"}]},{"category":"Body","specs":[{"label":"Dimensions","value":"123.8 x 58.6 x 7.6 mm (4.87 x 2.31 x 0.30 in)"},{"label":"Weight","value":"112 g (3.95 oz)"},{"label":"Build","value":"Glass front (Corning-made glass), aluminum back, aluminum frame"},{"label":"SIM","value":"Nano-SIM"}]},{"category":"Display","specs":[{"label":"Type","value":"IPS LCD"},{"label":"Size","value":"4.0 inches, 44.1 cm 2 (~60.8% screen-to-body ratio)"},{"label":"Resolution","value":"640 x 1136 pixels, 16:9 ratio (~326 ppi density)"},{"label":"Protection","value":"Corning Gorilla Glass, oleophobic coating"}]},{"category":"Platform","specs":[{"label":"OS","value":"iOS 6, upgradable to iOS 10.3.4"},{"label":"Chipset","value":"Apple A6 (32 nm)"},{"label":"CPU","value":"Dual-core 1.3 GHz Swift (ARM v7-based)"},{"label":"GPU","value":"PowerVR SGX 543MP3 (triple-core graphics)"}]},{"category":"Memory","specs":[{"label":"Card slot","value":"No"},{"label":"Internal","value":"16GB 1GB RAM, 32GB 1GB RAM, 64GB 1GB RAM"}]},{"category":"Main Camera","specs":[{"label":"Single","value":"8 MP, f/2.4, 33mm (standard), 1/3.2\\", 1.4µm, AF"},{"label":"Features","value":"LED flash, panorama, HDR"},{"label":"Video","value":"1080p@30fps"}]},{"category":"Selfie camera","specs":[{"label":"Single","value":"1.2 MP, f/2.4, 35mm (standard)"},{"label":"Video","value":"720p@30fps"},{"label":"Features","value":"face detection, FaceTime over Wi-Fi or Cellular"}]},{"category":"Sound","specs":[{"label":"Loudspeaker","value":"Yes"},{"label":"3.5mm jack","value":"Yes"}]},{"category":"Comms","specs":[{"label":"WLAN","value":"Wi-Fi 802.11 a/b/g/n, dual-band, hotspot"},{"label":"Bluetooth","value":"4.0, A2DP, LE"},{"label":"Positioning","value":"GPS, A-GPS, GLONASS"},{"label":"USB","value":"Lightning, USB 2.0"},{"label":"Radio","value":"No"}]},{"category":"Features","specs":[{"label":"Sensors","value":"Accelerometer, gyro, proximity, compass"}]},{"category":"Battery","specs":[{"label":"Type","value":"Li-Po 1440 mAh, non-removable (5.45 Wh)"},{"label":"Stand-by","value":"Up to 225 h (3G)"},{"label":"Talk time","value":"Up to 8 h (3G)"}]},{"category":"Misc","specs":[{"label":"Colors","value":"Black/Slate, White/Silver"},{"label":"Models","value":"A1428, A1429, A1442, iPhone5,1, iPhone5,2"},{"label":"SAR","value":"1.18 W/kg (head)     1.18 W/kg (body)"},{"label":"Price","value":"About 340 EUR"},{"label":"SAR EU","value":"0.95 W/kg (head)     0.90 W/kg (body)"}]}]');
INSERT OR IGNORE INTO device_pictures (device_id, url, position) VALUES (133, 'https://fdn2.gsmarena.com/vv/bigpic/apple-iphone-5-ofic.jpg', 0);
INSERT OR IGNORE INTO device_pictures (device_id, url, position) VALUES (133, 'https://fdn2.gsmarena.com/vv/pics/apple/apple-iphone-5-front.jpg', 1);
INSERT OR IGNORE INTO device_pictures (device_id, url, position) VALUES (133, 'https://fdn2.gsmarena.com/vv/pics/apple/apple-iphone-5-white.jpg', 2);
INSERT OR IGNORE INTO device_pictures (device_id, url, position) VALUES (133, 'https://fdn2.gsmarena.com/vv/pics/apple/apple-iphone-5-white-all-sides.jpg', 3);
INSERT OR IGNORE INTO device_pictures (device_id, url, position) VALUES (133, 'https://fdn2.gsmarena.com/vv/pics/apple/apple-iphone-5-black-all-sides.jpg', 4);
INSERT OR IGNORE INTO device_pictures (device_id, url, position) VALUES (133, 'https://fdn2.gsmarena.com/vv/pics/apple/apple-iphone-5-black.jpg', 5);
INSERT OR IGNORE INTO device_pictures (device_id, url, position) VALUES (133, 'https://fdn2.gsmarena.com/vv/pics/apple/apple-iphone-5-earpods.jpg', 6);
INSERT OR IGNORE INTO device_pictures (device_id, url, position) VALUES (133, 'https://fdn2.gsmarena.com/vv/pics/apple/apple-iphone-5-earpods-side.jpg', 7);
INSERT OR IGNORE INTO device_pictures (device_id, url, position) VALUES (133, 'https://fdn.gsmarena.com/vv/reviewsimg/apple-iphone-5/gal/gsmarena_001.jpg', 8);
INSERT OR IGNORE INTO device_pictures (device_id, url, position) VALUES (133, 'https://fdn.gsmarena.com/vv/reviewsimg/apple-iphone-5/gal/gsmarena_002.jpg', 9);
INSERT OR IGNORE INTO devices (id, brand_id, name, gsmarena_url, thumbnail_url, summary) VALUES (134, 1, 'iPad 3 Wi-Fi + Cellular', 'https://www.gsmarena.com/apple_ipad_3_wi_fi_+_cellular-4620.php', 'https://fdn2.gsmarena.com/vv/bigpic/apple-ipad-3-new.jpg', 'iPad 3 Wi-Fi + Cellular');
INSERT OR IGNORE INTO device_specs (device_id, announced, status, network, os, chipset, cpu, gpu, display_size, display_type, display_res, ram, storage, main_camera, selfie_camera, battery, charging, nfc, usb, bluetooth, wlan, colors, weight, dimensions, sim, sensors, popularity, fans, rating, full_specs_json) VALUES (134, '2012, March. Released 2012, March 16', 'Discontinued', 'GSM / CDMA / HSPA / EVDO / LTE / 4G/LTE', 'iOS 5.1, upgradable to iOS 9.3.5', 'Apple A5X (45 nm)', 'Dual-core 1.0 GHz Cortex-A9', 'PowerVR SGX543MP4 (quad-core graphics)', '9.7 inches, 291.4 cm 2 (~65.1% screen-to-body ratio)', 'IPS LCD', '1536 x 2048 pixels, 4:3 ratio (~264 ppi density)', '1GB', '16GB', '5 MP, AF', 'VGA, videocalling over Wi-Fi only, 480p@30fps', 'Non-removable Li-Po 11560 mAh battery (42.5 Wh)', NULL, NULL, '2.0', '4.0, A2DP', 'Wi-Fi 802.11 a/b/g/n, dual-band, hotspot', 'Black, White', '662 g (1.46 lb)', '241.2 x 185.7 x 9.4 mm (9.50 x 7.31 x 0.37 in)', 'Micro-SIM', 'Accelerometer, gyro, compass', 'About 400 EUR', NULL, NULL, '[{"category":"Network","specs":[{"label":"Technology","value":"GSM / CDMA / HSPA / EVDO / LTE"},{"label":"2G bands","value":"GSM 850 / 900 / 1800 / 1900"},{"label":"3G bands","value":"HSDPA 850 / 900 / 1900 / 2100"},{"label":"4G bands","value":"4, 17 - AT&T"},{"label":"Speed","value":"HSPA, LTE, EV-DO Rev.A 3.1 Mbps"}]},{"category":"Launch","specs":[{"label":"Announced","value":"2012, March. Released 2012, March 16"},{"label":"Status","value":"Discontinued"}]},{"category":"Body","specs":[{"label":"Dimensions","value":"241.2 x 185.7 x 9.4 mm (9.50 x 7.31 x 0.37 in)"},{"label":"Weight","value":"662 g (1.46 lb)"},{"label":"SIM","value":"Micro-SIM"}]},{"category":"Display","specs":[{"label":"Type","value":"IPS LCD"},{"label":"Size","value":"9.7 inches, 291.4 cm 2 (~65.1% screen-to-body ratio)"},{"label":"Resolution","value":"1536 x 2048 pixels, 4:3 ratio (~264 ppi density)"},{"label":"Protection","value":"Scratch-resistant glass, oleophobic coating"}]},{"category":"Platform","specs":[{"label":"OS","value":"iOS 5.1, upgradable to iOS 9.3.5"},{"label":"Chipset","value":"Apple A5X (45 nm)"},{"label":"CPU","value":"Dual-core 1.0 GHz Cortex-A9"},{"label":"GPU","value":"PowerVR SGX543MP4 (quad-core graphics)"}]},{"category":"Memory","specs":[{"label":"Card slot","value":"No"},{"label":"Internal","value":"16GB 1GB RAM, 32GB 1GB RAM, 64GB 1GB RAM"}]},{"category":"Main Camera","specs":[{"label":"Single","value":"5 MP, AF"},{"label":"Video","value":"1080p@30fps"}]},{"category":"Selfie camera","specs":[{"label":"Single","value":"VGA, videocalling over Wi-Fi only"},{"label":"Video","value":"480p@30fps"}]},{"category":"Sound","specs":[{"label":"Loudspeaker","value":"Yes"},{"label":"3.5mm jack","value":"Yes"}]},{"category":"Comms","specs":[{"label":"WLAN","value":"Wi-Fi 802.11 a/b/g/n, dual-band, hotspot"},{"label":"Bluetooth","value":"4.0, A2DP"},{"label":"Positioning","value":"GPS, A-GPS"},{"label":"USB","value":"2.0"},{"label":"Radio","value":"No"}]},{"category":"Features","specs":[{"label":"Sensors","value":"Accelerometer, gyro, compass"}]},{"category":"Battery","specs":[{"label":"Type","value":"Non-removable Li-Po 11560 mAh battery (42.5 Wh)"},{"label":"Stand-by","value":"Up to 720 h"},{"label":"Talk time","value":"Up to 9 h"}]},{"category":"Misc","specs":[{"label":"Colors","value":"Black, White"},{"label":"Models","value":"A1430, A1403, iPad3,2, iPad3,3"},{"label":"Price","value":"About 400 EUR"}]}]');
INSERT OR IGNORE INTO device_pictures (device_id, url, position) VALUES (134, 'https://fdn2.gsmarena.com/vv/bigpic/apple-ipad-3-new.jpg', 0);
INSERT OR IGNORE INTO device_pictures (device_id, url, position) VALUES (134, 'https://fdn2.gsmarena.com/vv/pics/apple/ipad-3-002.jpg', 1);
INSERT OR IGNORE INTO device_pictures (device_id, url, position) VALUES (134, 'https://fdn2.gsmarena.com/vv/pics/apple/ipad-3-000.jpg', 2);
INSERT OR IGNORE INTO devices (id, brand_id, name, gsmarena_url, thumbnail_url, summary) VALUES (135, 1, 'iPad 3 Wi-Fi', 'https://www.gsmarena.com/apple_ipad_3_wi_fi-4621.php', 'https://fdn2.gsmarena.com/vv/bigpic/apple-ipad-3-new.jpg', 'iPad 3 Wi-Fi');
INSERT OR IGNORE INTO device_specs (device_id, announced, status, network, os, chipset, cpu, gpu, display_size, display_type, display_res, ram, storage, main_camera, selfie_camera, battery, charging, nfc, usb, bluetooth, wlan, colors, weight, dimensions, sim, sensors, popularity, fans, rating, full_specs_json) VALUES (135, '2012, March. Released 2012, March 16', 'Discontinued', 'No cellular connectivity', 'iOS 5.1, upgradable to iOS 9.3.5', 'Apple A5X (45 nm)', 'Dual-core 1.0 GHz Cortex-A9', 'PowerVR SGX543MP4 (quad-core graphics)', '9.7 inches, 291.4 cm 2 (~65.1% screen-to-body ratio)', 'IPS LCD', '1536 x 2048 pixels, 4:3 ratio (~264 ppi density)', '1GB', '16GB', '5 MP, AF', 'VGA, videocalling over Wi-Fi only, 480p@30fps', 'Non-removable Li-Po 11560 mAh battery (42.5 Wh)', NULL, NULL, '2.0', '4.0, A2DP', 'Wi-Fi 802.11 a/b/g/n, dual-band', 'Black, White', '652 g (1.44 lb)', '241.2 x 185.7 x 9.4 mm (9.50 x 7.31 x 0.37 in)', 'No', 'Accelerometer, gyro, compass', 'About 290 EUR', NULL, NULL, '[{"category":"Network","specs":[{"label":"Technology","value":"No cellular connectivity"},{"label":"2G bands","value":"N/A"},{"label":"GPRS","value":"No"},{"label":"EDGE","value":"No"}]},{"category":"Launch","specs":[{"label":"Announced","value":"2012, March. Released 2012, March 16"},{"label":"Status","value":"Discontinued"}]},{"category":"Body","specs":[{"label":"Dimensions","value":"241.2 x 185.7 x 9.4 mm (9.50 x 7.31 x 0.37 in)"},{"label":"Weight","value":"652 g (1.44 lb)"},{"label":"SIM","value":"No"}]},{"category":"Display","specs":[{"label":"Type","value":"IPS LCD"},{"label":"Size","value":"9.7 inches, 291.4 cm 2 (~65.1% screen-to-body ratio)"},{"label":"Resolution","value":"1536 x 2048 pixels, 4:3 ratio (~264 ppi density)"},{"label":"Protection","value":"Scratch-resistant glass, oleophobic coating"}]},{"category":"Platform","specs":[{"label":"OS","value":"iOS 5.1, upgradable to iOS 9.3.5"},{"label":"Chipset","value":"Apple A5X (45 nm)"},{"label":"CPU","value":"Dual-core 1.0 GHz Cortex-A9"},{"label":"GPU","value":"PowerVR SGX543MP4 (quad-core graphics)"}]},{"category":"Memory","specs":[{"label":"Card slot","value":"No"},{"label":"Internal","value":"16GB 1GB RAM, 32GB 1GB RAM, 64GB 1GB RAM"}]},{"category":"Main Camera","specs":[{"label":"Single","value":"5 MP, AF"},{"label":"Video","value":"1080p@30fps"}]},{"category":"Selfie camera","specs":[{"label":"Single","value":"VGA, videocalling over Wi-Fi only"},{"label":"Video","value":"480p@30fps"}]},{"category":"Sound","specs":[{"label":"Loudspeaker","value":"Yes"},{"label":"3.5mm jack","value":"Yes"}]},{"category":"Comms","specs":[{"label":"WLAN","value":"Wi-Fi 802.11 a/b/g/n, dual-band"},{"label":"Bluetooth","value":"4.0, A2DP"},{"label":"Positioning","value":"No"},{"label":"USB","value":"2.0"},{"label":"Radio","value":"No"}]},{"category":"Features","specs":[{"label":"Sensors","value":"Accelerometer, gyro, compass"}]},{"category":"Battery","specs":[{"label":"Type","value":"Non-removable Li-Po 11560 mAh battery (42.5 Wh)"},{"label":"Stand-by","value":"Up to 720 h"},{"label":"Talk time","value":"Up to 10 h"}]},{"category":"Misc","specs":[{"label":"Colors","value":"Black, White"},{"label":"Models","value":"A1416, iPad3,1"},{"label":"Price","value":"About 290 EUR"}]}]');
INSERT OR IGNORE INTO device_pictures (device_id, url, position) VALUES (135, 'https://fdn2.gsmarena.com/vv/bigpic/apple-ipad-3-new.jpg', 0);
INSERT OR IGNORE INTO device_pictures (device_id, url, position) VALUES (135, 'https://fdn2.gsmarena.com/vv/pics/apple/ipad-3-001.jpg', 1);
INSERT OR IGNORE INTO device_pictures (device_id, url, position) VALUES (135, 'https://fdn2.gsmarena.com/vv/pics/apple/ipad-3-000.jpg', 2);
INSERT OR IGNORE INTO device_pictures (device_id, url, position) VALUES (135, 'https://fdn.gsmarena.com/vv/reviewsimg/apple-ipad-3/gal/gsmarena_001.jpg', 3);
INSERT OR IGNORE INTO device_pictures (device_id, url, position) VALUES (135, 'https://fdn.gsmarena.com/vv/reviewsimg/apple-ipad-3/gal/gsmarena_031.jpg', 4);
INSERT OR IGNORE INTO device_pictures (device_id, url, position) VALUES (135, 'https://fdn.gsmarena.com/vv/reviewsimg/apple-ipad-3/gal/gsmarena_002.jpg', 5);
INSERT OR IGNORE INTO device_pictures (device_id, url, position) VALUES (135, 'https://fdn.gsmarena.com/vv/reviewsimg/apple-ipad-3/gal/gsmarena_003.jpg', 6);
INSERT OR IGNORE INTO device_pictures (device_id, url, position) VALUES (135, 'https://fdn.gsmarena.com/vv/reviewsimg/apple-ipad-3/gal/gsmarena_004.jpg', 7);
INSERT OR IGNORE INTO device_pictures (device_id, url, position) VALUES (135, 'https://fdn.gsmarena.com/vv/reviewsimg/apple-ipad-3/gal/gsmarena_005.jpg', 8);
INSERT OR IGNORE INTO device_pictures (device_id, url, position) VALUES (135, 'https://fdn.gsmarena.com/vv/reviewsimg/apple-ipad-3/gal/gsmarena_006.jpg', 9);
INSERT OR IGNORE INTO devices (id, brand_id, name, gsmarena_url, thumbnail_url, summary) VALUES (136, 1, 'iPhone 4s', 'https://www.gsmarena.com/apple_iphone_4s-4212.php', 'https://fdn2.gsmarena.com/vv/bigpic/apple-iphone-4s-new.jpg', 'iPhone 4s');
INSERT OR IGNORE INTO device_specs (device_id, announced, status, network, os, chipset, cpu, gpu, display_size, display_type, display_res, ram, storage, main_camera, selfie_camera, battery, charging, nfc, usb, bluetooth, wlan, colors, weight, dimensions, sim, sensors, popularity, fans, rating, full_specs_json) VALUES (136, '2011, October 04. Released 2011, October 14', 'Discontinued', 'GSM / CDMA / HSPA / EVDO', 'iOS 5, upgradable to iOS 9.3.6', 'Apple A5 (45 nm)', 'Dual-core 1.0 GHz Cortex-A9', 'PowerVR SGX543MP2', '3.5 inches, 36.5 cm 2 (~54.0% screen-to-body ratio)', 'IPS LCD', '640 x 960 pixels, 3:2 ratio (~330 ppi density)', NULL, '8GB', '8 MP, f/2.4, 35mm (standard), 1/3.2", 1.4µm, AF, LED flash, panorama, HDR', 'VGA, videocalling over Wi-Fi and 3G, 480p@30fps', 'Li-Po 1432 mAh, non-removable (5.3 Wh)', NULL, NULL, '2.0', '4.0, A2DP, LE', 'Wi-Fi 802.11 b/g/n, hotspot', 'Black, White', '140 g (4.94 oz)', '115.2 x 58.6 x 9.3 mm (4.54 x 2.31 x 0.37 in)', 'Micro-SIM', 'Accelerometer, gyro, proximity, compass', 'About 190 EUR', NULL, NULL, '[{"category":"Network","specs":[{"label":"Technology","value":"GSM / CDMA / HSPA / EVDO"},{"label":"2G bands","value":"GSM 850 / 900 / 1800 / 1900"},{"label":"3G bands","value":"HSDPA 850 / 900 / 1900 / 2100"},{"label":"Speed","value":"HSPA 14.4/5.76 Mbps"}]},{"category":"Launch","specs":[{"label":"Announced","value":"2011, October 04. Released 2011, October 14"},{"label":"Status","value":"Discontinued"}]},{"category":"Body","specs":[{"label":"Dimensions","value":"115.2 x 58.6 x 9.3 mm (4.54 x 2.31 x 0.37 in)"},{"label":"Weight","value":"140 g (4.94 oz)"},{"label":"Build","value":"Glass front (Corning-made glass), glass back, stainless steel frame"},{"label":"SIM","value":"Micro-SIM"}]},{"category":"Display","specs":[{"label":"Type","value":"IPS LCD"},{"label":"Size","value":"3.5 inches, 36.5 cm 2 (~54.0% screen-to-body ratio)"},{"label":"Resolution","value":"640 x 960 pixels, 3:2 ratio (~330 ppi density)"},{"label":"Protection","value":"Corning Gorilla Glass, oleophobic coating"}]},{"category":"Platform","specs":[{"label":"OS","value":"iOS 5, upgradable to iOS 9.3.6"},{"label":"Chipset","value":"Apple A5 (45 nm)"},{"label":"CPU","value":"Dual-core 1.0 GHz Cortex-A9"},{"label":"GPU","value":"PowerVR SGX543MP2"}]},{"category":"Memory","specs":[{"label":"Card slot","value":"No"},{"label":"Internal","value":"8GB 512MB RAM, 16GB 512MB RAM, 32GB 512MB RAM, 64GB 512MB RAM"}]},{"category":"Main Camera","specs":[{"label":"Single","value":"8 MP, f/2.4, 35mm (standard), 1/3.2\\", 1.4µm, AF"},{"label":"Features","value":"LED flash, panorama, HDR"},{"label":"Video","value":"1080p@30fps"}]},{"category":"Selfie camera","specs":[{"label":"Single","value":"VGA, videocalling over Wi-Fi and 3G"},{"label":"Video","value":"480p@30fps"}]},{"category":"Sound","specs":[{"label":"Loudspeaker","value":"Yes"},{"label":"3.5mm jack","value":"Yes"}]},{"category":"Comms","specs":[{"label":"WLAN","value":"Wi-Fi 802.11 b/g/n, hotspot"},{"label":"Bluetooth","value":"4.0, A2DP, LE"},{"label":"Positioning","value":"GPS, A-GPS, GLONASS"},{"label":"USB","value":"2.0"},{"label":"Radio","value":"No"}]},{"category":"Features","specs":[{"label":"Sensors","value":"Accelerometer, gyro, proximity, compass"}]},{"category":"Battery","specs":[{"label":"Type","value":"Li-Po 1432 mAh, non-removable (5.3 Wh)"},{"label":"Stand-by","value":"Up to 200 h (3G)"},{"label":"Talk time","value":"Up to 8 h (3G)"}]},{"category":"Misc","specs":[{"label":"Colors","value":"Black, White"},{"label":"Models","value":"A1431, A1387, iPhone4,1"},{"label":"SAR","value":"1.18 W/kg (head)     0.98 W/kg (body)"},{"label":"Price","value":"About 190 EUR"},{"label":"SAR EU","value":"0.99 W/kg (head)     0.99 W/kg (body)"}]}]');
INSERT OR IGNORE INTO device_pictures (device_id, url, position) VALUES (136, 'https://fdn2.gsmarena.com/vv/bigpic/apple-iphone-4s-new.jpg', 0);
INSERT OR IGNORE INTO device_pictures (device_id, url, position) VALUES (136, 'https://fdn2.gsmarena.com/vv/pics/apple/apple-iphone-4s-white-black-official.jpg', 1);
INSERT OR IGNORE INTO device_pictures (device_id, url, position) VALUES (136, 'https://fdn2.gsmarena.com/vv/pics/apple/apple-iphone-4s-all-sides.jpg', 2);
INSERT OR IGNORE INTO device_pictures (device_id, url, position) VALUES (136, 'https://fdn2.gsmarena.com/vv/pics/apple/apple-iphone-4s-side-view.jpg', 3);
INSERT OR IGNORE INTO device_pictures (device_id, url, position) VALUES (136, 'https://fdn.gsmarena.com/vv/reviewsimg/apple-iphone-4s/gal/gsmarena_001.jpg', 4);
INSERT OR IGNORE INTO device_pictures (device_id, url, position) VALUES (136, 'https://fdn.gsmarena.com/vv/reviewsimg/apple-iphone-4s/gal/gsmarena_002.jpg', 5);
INSERT OR IGNORE INTO device_pictures (device_id, url, position) VALUES (136, 'https://fdn.gsmarena.com/vv/reviewsimg/apple-iphone-4s/gal/gsmarena_003.jpg', 6);
INSERT OR IGNORE INTO device_pictures (device_id, url, position) VALUES (136, 'https://fdn.gsmarena.com/vv/reviewsimg/apple-iphone-4s/gal/gsmarena_004.jpg', 7);
INSERT OR IGNORE INTO device_pictures (device_id, url, position) VALUES (136, 'https://fdn.gsmarena.com/vv/reviewsimg/apple-iphone-4s/gal/gsmarena_005.jpg', 8);
INSERT OR IGNORE INTO device_pictures (device_id, url, position) VALUES (136, 'https://fdn.gsmarena.com/vv/reviewsimg/apple-iphone-4s/gal/gsmarena_006.jpg', 9);
INSERT OR IGNORE INTO devices (id, brand_id, name, gsmarena_url, thumbnail_url, summary) VALUES (137, 1, 'iPad 2 Wi-Fi + 3G', 'https://www.gsmarena.com/apple_ipad_2_wi_fi_+_3g-3848.php', 'https://fdn2.gsmarena.com/vv/bigpic/apple-ipad2-new.jpg', 'iPad 2 Wi-Fi + 3G');
INSERT OR IGNORE INTO device_specs (device_id, announced, status, network, os, chipset, cpu, gpu, display_size, display_type, display_res, ram, storage, main_camera, selfie_camera, battery, charging, nfc, usb, bluetooth, wlan, colors, weight, dimensions, sim, sensors, popularity, fans, rating, full_specs_json) VALUES (137, '2011, March. Released 2011, March', 'Discontinued', 'GSM / HSPA', 'iOS 4, upgradable to iOS 9.3.5', 'Apple A5 (45 nm)', 'Dual-core 1.0 GHz Cortex-A9', 'PowerVR SGX543MP2', '9.7 inches, 291.4 cm 2 (~65.1% screen-to-body ratio)', 'IPS LCD', '768 x 1024 pixels, 4:3 ratio (~132 ppi density)', NULL, '16GB', '0.7 MP', 'VGA', 'Non-removable Li-Po 6930 mAh battery (25 Wh)', NULL, NULL, '2.0', '2.1, A2DP, EDR', 'Wi-Fi 802.11 a/b/g/n, dual-band', 'Black, White', '607 g (1.34 lb)', '241.2 x 185.7 x 8.8 mm (9.50 x 7.31 x 0.35 in)', 'Micro-SIM', 'Accelerometer, gyro, compass', 'About 370 EUR', NULL, NULL, '[{"category":"Network","specs":[{"label":"Technology","value":"GSM / HSPA"},{"label":"2G bands","value":"GSM 850 / 900 / 1800 / 1900"},{"label":"3G bands","value":"HSDPA 850 / 900 / 1900 / 2100"},{"label":"Speed","value":"HSPA 14.4/2 Mbps"}]},{"category":"Launch","specs":[{"label":"Announced","value":"2011, March. Released 2011, March"},{"label":"Status","value":"Discontinued"}]},{"category":"Body","specs":[{"label":"Dimensions","value":"241.2 x 185.7 x 8.8 mm (9.50 x 7.31 x 0.35 in)"},{"label":"Weight","value":"607 g (1.34 lb)"},{"label":"SIM","value":"Micro-SIM"}]},{"category":"Display","specs":[{"label":"Type","value":"IPS LCD"},{"label":"Size","value":"9.7 inches, 291.4 cm 2 (~65.1% screen-to-body ratio)"},{"label":"Resolution","value":"768 x 1024 pixels, 4:3 ratio (~132 ppi density)"},{"label":"Protection","value":"Scratch-resistant glass, oleophobic coating"}]},{"category":"Platform","specs":[{"label":"OS","value":"iOS 4, upgradable to iOS 9.3.5"},{"label":"Chipset","value":"Apple A5 (45 nm)"},{"label":"CPU","value":"Dual-core 1.0 GHz Cortex-A9"},{"label":"GPU","value":"PowerVR SGX543MP2"}]},{"category":"Memory","specs":[{"label":"Card slot","value":"No"},{"label":"Internal","value":"16GB 512MB RAM, 32GB 512MB RAM, 64GB 512MB RAM"}]},{"category":"Main Camera","specs":[{"label":"Single","value":"0.7 MP"},{"label":"Video","value":"720p@30fps"}]},{"category":"Selfie camera","specs":[{"label":"Single","value":"VGA"}]},{"category":"Sound","specs":[{"label":"Loudspeaker","value":"Yes"},{"label":"3.5mm jack","value":"Yes"}]},{"category":"Comms","specs":[{"label":"WLAN","value":"Wi-Fi 802.11 a/b/g/n, dual-band"},{"label":"Bluetooth","value":"2.1, A2DP, EDR"},{"label":"Positioning","value":"GPS, A-GPS"},{"label":"USB","value":"2.0"},{"label":"Radio","value":"No"}]},{"category":"Features","specs":[{"label":"Sensors","value":"Accelerometer, gyro, compass"},{"label":"Browser","value":"HTML (Safari)"}]},{"category":"Battery","specs":[{"label":"Type","value":"Non-removable Li-Po 6930 mAh battery (25 Wh)"},{"label":"Stand-by","value":"Up to 720 h"},{"label":"Talk time","value":"Up to 9 h"}]},{"category":"Misc","specs":[{"label":"Colors","value":"Black, White"},{"label":"Models","value":"A1396, A1397, iPad2,2"},{"label":"Price","value":"About 370 EUR"},{"label":"SAR EU","value":"1.19 W/kg (body)"}]}]');
INSERT OR IGNORE INTO device_pictures (device_id, url, position) VALUES (137, 'https://fdn2.gsmarena.com/vv/bigpic/apple-ipad2-new.jpg', 0);
INSERT OR IGNORE INTO device_pictures (device_id, url, position) VALUES (137, 'https://fdn2.gsmarena.com/vv/pics/apple/apple-ipad-01.jpg', 1);
INSERT OR IGNORE INTO device_pictures (device_id, url, position) VALUES (137, 'https://fdn2.gsmarena.com/vv/pics/apple/apple-ipad-02.jpg', 2);
INSERT OR IGNORE INTO device_pictures (device_id, url, position) VALUES (137, 'https://fdn2.gsmarena.com/vv/pics/apple/apple-ipad-03.jpg', 3);
INSERT OR IGNORE INTO devices (id, brand_id, name, gsmarena_url, thumbnail_url, summary) VALUES (138, 1, 'iPad 2 Wi-Fi', 'https://www.gsmarena.com/apple_ipad_2_wi_fi-3847.php', 'https://fdn2.gsmarena.com/vv/bigpic/apple-ipad2-new.jpg', 'iPad 2 Wi-Fi');
INSERT OR IGNORE INTO device_specs (device_id, announced, status, network, os, chipset, cpu, gpu, display_size, display_type, display_res, ram, storage, main_camera, selfie_camera, battery, charging, nfc, usb, bluetooth, wlan, colors, weight, dimensions, sim, sensors, popularity, fans, rating, full_specs_json) VALUES (138, '2011, March. Released 2011, March', 'Discontinued', 'No cellular connectivity', 'iOS 4, upgradable to iOS 9.3.5', 'Apple A5 (45 nm)', 'Dual-core 1.0 GHz Cortex-A9', 'PowerVR SGX543MP2', '9.7 inches, 291.4 cm 2 (~65.1% screen-to-body ratio)', 'IPS LCD', '768 x 1024 pixels, 4:3 ratio (~132 ppi density)', NULL, '16GB', '0.7 MP', 'VGA', 'Non-removable Li-Po 6930 mAh battery (25 Wh)', NULL, NULL, '2.0', '2.1, A2DP, EDR', 'Wi-Fi 802.11 a/b/g/n, dual-band', 'Black, White', '601 g (1.32 lb)', '241.2 x 185.7 x 8.8 mm (9.50 x 7.31 x 0.35 in)', 'No', 'Accelerometer, gyro, compass', 'About 200 EUR', NULL, NULL, '[{"category":"Network","specs":[{"label":"Technology","value":"No cellular connectivity"},{"label":"2G bands","value":"N/A"},{"label":"GPRS","value":"No"},{"label":"EDGE","value":"No"}]},{"category":"Launch","specs":[{"label":"Announced","value":"2011, March. Released 2011, March"},{"label":"Status","value":"Discontinued"}]},{"category":"Body","specs":[{"label":"Dimensions","value":"241.2 x 185.7 x 8.8 mm (9.50 x 7.31 x 0.35 in)"},{"label":"Weight","value":"601 g (1.32 lb)"},{"label":"SIM","value":"No"}]},{"category":"Display","specs":[{"label":"Type","value":"IPS LCD"},{"label":"Size","value":"9.7 inches, 291.4 cm 2 (~65.1% screen-to-body ratio)"},{"label":"Resolution","value":"768 x 1024 pixels, 4:3 ratio (~132 ppi density)"},{"label":"Protection","value":"Scratch-resistant glass, oleophobic coating"}]},{"category":"Platform","specs":[{"label":"OS","value":"iOS 4, upgradable to iOS 9.3.5"},{"label":"Chipset","value":"Apple A5 (45 nm)"},{"label":"CPU","value":"Dual-core 1.0 GHz Cortex-A9"},{"label":"GPU","value":"PowerVR SGX543MP2"}]},{"category":"Memory","specs":[{"label":"Card slot","value":"No"},{"label":"Internal","value":"16GB 512MB RAM, 32GB 512MB RAM, 64GB 512MB RAM"}]},{"category":"Main Camera","specs":[{"label":"Single","value":"0.7 MP"},{"label":"Video","value":"720p@30fps"}]},{"category":"Selfie camera","specs":[{"label":"Single","value":"VGA"}]},{"category":"Sound","specs":[{"label":"Loudspeaker","value":"Yes"},{"label":"3.5mm jack","value":"Yes"}]},{"category":"Comms","specs":[{"label":"WLAN","value":"Wi-Fi 802.11 a/b/g/n, dual-band"},{"label":"Bluetooth","value":"2.1, A2DP, EDR"},{"label":"Positioning","value":"No"},{"label":"USB","value":"2.0"},{"label":"Radio","value":"No"}]},{"category":"Features","specs":[{"label":"Sensors","value":"Accelerometer, gyro, compass"},{"label":"Browser","value":"HTML (Safari)"}]},{"category":"Battery","specs":[{"label":"Type","value":"Non-removable Li-Po 6930 mAh battery (25 Wh)"},{"label":"Stand-by","value":"Up to 720 h"},{"label":"Talk time","value":"Up to 10 h"}]},{"category":"Misc","specs":[{"label":"Colors","value":"Black, White"},{"label":"Models","value":"A1395,  iPad2,1, iPad2,4"},{"label":"Price","value":"About 200 EUR"}]}]');
INSERT OR IGNORE INTO device_pictures (device_id, url, position) VALUES (138, 'https://fdn2.gsmarena.com/vv/bigpic/apple-ipad2-new.jpg', 0);
INSERT OR IGNORE INTO device_pictures (device_id, url, position) VALUES (138, 'https://fdn2.gsmarena.com/vv/pics/apple/apple-ipad-01.jpg', 1);
INSERT OR IGNORE INTO device_pictures (device_id, url, position) VALUES (138, 'https://fdn2.gsmarena.com/vv/pics/apple/apple-ipad-02.jpg', 2);
INSERT OR IGNORE INTO device_pictures (device_id, url, position) VALUES (138, 'https://fdn2.gsmarena.com/vv/pics/apple/apple-ipad-03.jpg', 3);
INSERT OR IGNORE INTO devices (id, brand_id, name, gsmarena_url, thumbnail_url, summary) VALUES (139, 1, 'iPad 2 CDMA', 'https://www.gsmarena.com/apple_ipad_2_cdma-3849.php', 'https://fdn2.gsmarena.com/vv/bigpic/apple-ipad2-new.jpg', 'iPad 2 CDMA');
INSERT OR IGNORE INTO device_specs (device_id, announced, status, network, os, chipset, cpu, gpu, display_size, display_type, display_res, ram, storage, main_camera, selfie_camera, battery, charging, nfc, usb, bluetooth, wlan, colors, weight, dimensions, sim, sensors, popularity, fans, rating, full_specs_json) VALUES (139, '2011, March. Released 2011, March', 'Discontinued', 'CDMA / EVDO', 'iOS 4, upgradable to iOS 9.2.1', 'Apple A5 (45 nm)', 'Dual-core 1.0 GHz Cortex-A9', 'PowerVR SGX543MP2', '9.7 inches, 291.4 cm 2 (~65.1% screen-to-body ratio)', 'IPS LCD', '768 x 1024 pixels, 4:3 ratio (~132 ppi density)', NULL, '16GB', '0.7 MP', 'VGA', 'Non-removable Li-Po 6930 mAh battery (25 Wh)', NULL, NULL, '2.0', '2.1, A2DP, EDR', 'Wi-Fi 802.11 a/b/g/n, dual-band', 'Black, White', '607 g (1.34 lb)', '241.2 x 185.7 x 8.8 mm (9.50 x 7.31 x 0.35 in)', 'Mini-SIM', 'Accelerometer, gyro, compass', 'About 200 EUR', NULL, NULL, '[{"category":"Network","specs":[{"label":"Technology","value":"CDMA / EVDO"},{"label":"2G bands","value":"CDMA 800 / 1900"},{"label":"3G bands","value":"CDMA2000 1xEV-DO"},{"label":"Speed","value":"EV-DO Rev.A 3.1 Mbps"}]},{"category":"Launch","specs":[{"label":"Announced","value":"2011, March. Released 2011, March"},{"label":"Status","value":"Discontinued"}]},{"category":"Body","specs":[{"label":"Dimensions","value":"241.2 x 185.7 x 8.8 mm (9.50 x 7.31 x 0.35 in)"},{"label":"Weight","value":"607 g (1.34 lb)"},{"label":"SIM","value":"Mini-SIM"}]},{"category":"Display","specs":[{"label":"Type","value":"IPS LCD"},{"label":"Size","value":"9.7 inches, 291.4 cm 2 (~65.1% screen-to-body ratio)"},{"label":"Resolution","value":"768 x 1024 pixels, 4:3 ratio (~132 ppi density)"},{"label":"Protection","value":"Scratch-resistant glass, oleophobic coating"}]},{"category":"Platform","specs":[{"label":"OS","value":"iOS 4, upgradable to iOS 9.2.1"},{"label":"Chipset","value":"Apple A5 (45 nm)"},{"label":"CPU","value":"Dual-core 1.0 GHz Cortex-A9"},{"label":"GPU","value":"PowerVR SGX543MP2"}]},{"category":"Memory","specs":[{"label":"Card slot","value":"No"},{"label":"Internal","value":"16GB 512MB RAM, 32GB 512MB RAM, 64GB 512MB RAM"}]},{"category":"Main Camera","specs":[{"label":"Single","value":"0.7 MP"},{"label":"Video","value":"720p@30fps"}]},{"category":"Selfie camera","specs":[{"label":"Single","value":"VGA"}]},{"category":"Sound","specs":[{"label":"Loudspeaker","value":"Yes"},{"label":"3.5mm jack","value":"Yes"}]},{"category":"Comms","specs":[{"label":"WLAN","value":"Wi-Fi 802.11 a/b/g/n, dual-band"},{"label":"Bluetooth","value":"2.1, A2DP, EDR"},{"label":"Positioning","value":"GPS, A-GPS"},{"label":"USB","value":"2.0"},{"label":"Radio","value":"No"}]},{"category":"Features","specs":[{"label":"Sensors","value":"Accelerometer, gyro, compass"},{"label":"Browser","value":"HTML (Safari)"}]},{"category":"Battery","specs":[{"label":"Type","value":"Non-removable Li-Po 6930 mAh battery (25 Wh)"}]},{"category":"Misc","specs":[{"label":"Colors","value":"Black, White"},{"label":"Models","value":"A1397, iPad2,3"},{"label":"Price","value":"About 200 EUR"}]}]');
INSERT OR IGNORE INTO device_pictures (device_id, url, position) VALUES (139, 'https://fdn2.gsmarena.com/vv/bigpic/apple-ipad2-new.jpg', 0);
INSERT OR IGNORE INTO device_pictures (device_id, url, position) VALUES (139, 'https://fdn2.gsmarena.com/vv/pics/apple/apple-ipad-01.jpg', 1);
INSERT OR IGNORE INTO device_pictures (device_id, url, position) VALUES (139, 'https://fdn2.gsmarena.com/vv/pics/apple/apple-ipad-02.jpg', 2);
INSERT OR IGNORE INTO device_pictures (device_id, url, position) VALUES (139, 'https://fdn2.gsmarena.com/vv/pics/apple/apple-ipad-03.jpg', 3);
INSERT OR IGNORE INTO devices (id, brand_id, name, gsmarena_url, thumbnail_url, summary) VALUES (140, 1, 'iPhone 4', 'https://www.gsmarena.com/apple_iphone_4-3275.php', 'https://fdn2.gsmarena.com/vv/bigpic/apple-iphone-4-ofic-final.jpg', 'iPhone 4');
INSERT OR IGNORE INTO device_specs (device_id, announced, status, network, os, chipset, cpu, gpu, display_size, display_type, display_res, ram, storage, main_camera, selfie_camera, battery, charging, nfc, usb, bluetooth, wlan, colors, weight, dimensions, sim, sensors, popularity, fans, rating, full_specs_json) VALUES (140, '2010, June. Released 2010, June', 'Discontinued', 'GSM / HSPA', 'iOS 4, upgradable to iOS 7.1.2', 'Apple A4 (45 nm)', '1.0 GHz Cortex-A8', 'PowerVR SGX535', '3.5 inches, 36.5 cm 2 (~54.0% screen-to-body ratio)', 'IPS LCD', '640 x 960 pixels, 3:2 ratio (~330 ppi density)', NULL, '8GB', '5 MP, f/2.8, 1/3.2", 1.75µm, AF, LED flash, HDR', 'VGA, videocalling over Wi-Fi only, 480p@30fps', 'Li-Po 1420 mAh, non-removable', NULL, NULL, '2.0', '2.1, A2DP', 'Wi-Fi 802.11 b/g/n, hotspot', 'Black, White', '137 g (4.83 oz)', '115.2 x 58.6 x 9.3 mm (4.54 x 2.31 x 0.37 in)', 'Micro-SIM', 'Accelerometer, gyro, proximity, compass', 'About 200 EUR', NULL, NULL, '[{"category":"Network","specs":[{"label":"Technology","value":"GSM / HSPA"},{"label":"2G bands","value":"GSM 850 / 900 / 1800 / 1900"},{"label":"3G bands","value":"HSDPA 850 / 900 / 1900 / 2100"},{"label":"Speed","value":"HSPA 7.2/5.76 Mbps"}]},{"category":"Launch","specs":[{"label":"Announced","value":"2010, June. Released 2010, June"},{"label":"Status","value":"Discontinued"}]},{"category":"Body","specs":[{"label":"Dimensions","value":"115.2 x 58.6 x 9.3 mm (4.54 x 2.31 x 0.37 in)"},{"label":"Weight","value":"137 g (4.83 oz)"},{"label":"Build","value":"Glass front (Corning-made glass), glass back, stainless steel frame"},{"label":"SIM","value":"Micro-SIM"}]},{"category":"Display","specs":[{"label":"Type","value":"IPS LCD"},{"label":"Size","value":"3.5 inches, 36.5 cm 2 (~54.0% screen-to-body ratio)"},{"label":"Resolution","value":"640 x 960 pixels, 3:2 ratio (~330 ppi density)"},{"label":"Protection","value":"Corning Gorilla Glass, oleophobic coating"}]},{"category":"Platform","specs":[{"label":"OS","value":"iOS 4, upgradable to iOS 7.1.2"},{"label":"Chipset","value":"Apple A4 (45 nm)"},{"label":"CPU","value":"1.0 GHz Cortex-A8"},{"label":"GPU","value":"PowerVR SGX535"}]},{"category":"Memory","specs":[{"label":"Card slot","value":"No"},{"label":"Internal","value":"8GB 512MB RAM, 16GB 512MB RAM, 32GB 512MB RAM"}]},{"category":"Main Camera","specs":[{"label":"Single","value":"5 MP, f/2.8, 1/3.2\\", 1.75µm, AF"},{"label":"Features","value":"LED flash, HDR"},{"label":"Video","value":"720p@30fps"}]},{"category":"Selfie camera","specs":[{"label":"Single","value":"VGA, videocalling over Wi-Fi only"},{"label":"Video","value":"480p@30fps"}]},{"category":"Sound","specs":[{"label":"Loudspeaker","value":"Yes"},{"label":"3.5mm jack","value":"Yes"}]},{"category":"Comms","specs":[{"label":"WLAN","value":"Wi-Fi 802.11 b/g/n, hotspot"},{"label":"Bluetooth","value":"2.1, A2DP"},{"label":"Positioning","value":"GPS, A-GPS"},{"label":"USB","value":"2.0"},{"label":"Radio","value":"No"}]},{"category":"Features","specs":[{"label":"Sensors","value":"Accelerometer, gyro, proximity, compass"},{"label":"Browser","value":"HTML5 (Safari)"}]},{"category":"Battery","specs":[{"label":"Type","value":"Li-Po 1420 mAh, non-removable"},{"label":"Stand-by","value":"Up to 300 h (3G)"},{"label":"Talk time","value":"Up to 7 h (3G)"}]},{"category":"Misc","specs":[{"label":"Colors","value":"Black, White"},{"label":"Models","value":"A1349, A1332, iPhone 3,1"},{"label":"SAR","value":"1.17 W/kg (head)     1.11 W/kg (body)"},{"label":"Price","value":"About 200 EUR"},{"label":"SAR EU","value":"0.93 W/kg (head)     0.74 W/kg (body)"}]}]');
INSERT OR IGNORE INTO device_pictures (device_id, url, position) VALUES (140, 'https://fdn2.gsmarena.com/vv/bigpic/apple-iphone-4-ofic-final.jpg', 0);
INSERT OR IGNORE INTO device_pictures (device_id, url, position) VALUES (140, 'https://fdn2.gsmarena.com/vv/pics/apple/apple-iphone-4-ofic-4.jpg', 1);
INSERT OR IGNORE INTO device_pictures (device_id, url, position) VALUES (140, 'https://fdn2.gsmarena.com/vv/pics/apple/apple-iphone-4-ofic-2.jpg', 2);
INSERT OR IGNORE INTO device_pictures (device_id, url, position) VALUES (140, 'https://fdn2.gsmarena.com/vv/pics/apple/apple-iphone-4-ofic-3.jpg', 3);
INSERT OR IGNORE INTO device_pictures (device_id, url, position) VALUES (140, 'https://fdn.gsmarena.com/vv/reviewsimg/apple-iphone-4/gal/gsmarena_001.jpg', 4);
INSERT OR IGNORE INTO device_pictures (device_id, url, position) VALUES (140, 'https://fdn.gsmarena.com/vv/reviewsimg/apple-iphone-4/gal/gsmarena_013.jpg', 5);
INSERT OR IGNORE INTO device_pictures (device_id, url, position) VALUES (140, 'https://fdn.gsmarena.com/vv/reviewsimg/apple-iphone-4/gal/gsmarena_006.jpg', 6);
INSERT OR IGNORE INTO device_pictures (device_id, url, position) VALUES (140, 'https://fdn.gsmarena.com/vv/reviewsimg/apple-iphone-4/gal/gsmarena_008.jpg', 7);
INSERT OR IGNORE INTO device_pictures (device_id, url, position) VALUES (140, 'https://fdn.gsmarena.com/vv/reviewsimg/apple-iphone-4/gal/gsmarena_009.jpg', 8);
INSERT OR IGNORE INTO device_pictures (device_id, url, position) VALUES (140, 'https://fdn.gsmarena.com/vv/reviewsimg/apple-iphone-4/gal/gsmarena_010.jpg', 9);
INSERT OR IGNORE INTO devices (id, brand_id, name, gsmarena_url, thumbnail_url, summary) VALUES (141, 1, 'iPhone 4 CDMA', 'https://www.gsmarena.com/apple_iphone_4_cdma-3716.php', 'https://fdn2.gsmarena.com/vv/bigpic/apple-iphone4-cdma.jpg', 'iPhone 4 CDMA');
INSERT OR IGNORE INTO device_specs (device_id, announced, status, network, os, chipset, cpu, gpu, display_size, display_type, display_res, ram, storage, main_camera, selfie_camera, battery, charging, nfc, usb, bluetooth, wlan, colors, weight, dimensions, sim, sensors, popularity, fans, rating, full_specs_json) VALUES (141, '2011, January. Released 2011, February', 'Discontinued', 'CDMA / EVDO', 'iOS 4, upgradable to iOS 7.1.1', 'Apple A4 (45 nm)', '1.0 GHz Cortex-A8', 'PowerVR SGX535', '3.5 inches, 36.5 cm 2 (~54.0% screen-to-body ratio)', 'IPS LCD', '640 x 960 pixels, 3:2 ratio (~330 ppi density)', NULL, '16GB', '5 MP, AF, LED flash, HDR', NULL, 'Li-Po 1420 mAh, non-removable', NULL, NULL, '2.0', '2.1, A2DP', 'Wi-Fi 802.11 b/g/n', 'Black, White', '137 g (4.83 oz)', '115.2 x 58.6 x 9.3 mm (4.54 x 2.31 x 0.37 in)', 'Micro-SIM', 'Accelerometer, gyro, proximity, compass', 'About 150 EUR', NULL, NULL, '[{"category":"Network","specs":[{"label":"Technology","value":"CDMA / EVDO"},{"label":"2G bands","value":"CDMA 800 / 1900"},{"label":"3G bands","value":"CDMA2000 1xEV-DO"},{"label":"Speed","value":"EV-DO Rev.A 3.1 Mbps"}]},{"category":"Launch","specs":[{"label":"Announced","value":"2011, January. Released 2011, February"},{"label":"Status","value":"Discontinued"}]},{"category":"Body","specs":[{"label":"Dimensions","value":"115.2 x 58.6 x 9.3 mm (4.54 x 2.31 x 0.37 in)"},{"label":"Weight","value":"137 g (4.83 oz)"},{"label":"SIM","value":"Micro-SIM"}]},{"category":"Display","specs":[{"label":"Type","value":"IPS LCD"},{"label":"Size","value":"3.5 inches, 36.5 cm 2 (~54.0% screen-to-body ratio)"},{"label":"Resolution","value":"640 x 960 pixels, 3:2 ratio (~330 ppi density)"},{"label":"Protection","value":"Corning Gorilla Glass, oleophobic coating"}]},{"category":"Platform","specs":[{"label":"OS","value":"iOS 4, upgradable to iOS 7.1.1"},{"label":"Chipset","value":"Apple A4 (45 nm)"},{"label":"CPU","value":"1.0 GHz Cortex-A8"},{"label":"GPU","value":"PowerVR SGX535"}]},{"category":"Memory","specs":[{"label":"Card slot","value":"No"},{"label":"Internal","value":"16GB 512MB RAM, 32GB 512MB RAM"}]},{"category":"Main Camera","specs":[{"label":"Single","value":"5 MP, AF"},{"label":"Features","value":"LED flash, HDR"},{"label":"Video","value":"720p@30fps"}]},{"category":"Sound","specs":[{"label":"Loudspeaker","value":"Yes"},{"label":"3.5mm jack","value":"Yes"}]},{"category":"Comms","specs":[{"label":"WLAN","value":"Wi-Fi 802.11 b/g/n"},{"label":"Bluetooth","value":"2.1, A2DP"},{"label":"Positioning","value":"GPS, A-GPS"},{"label":"USB","value":"2.0"},{"label":"Radio","value":"No"}]},{"category":"Features","specs":[{"label":"Sensors","value":"Accelerometer, gyro, proximity, compass"},{"label":"Browser","value":"HTML5 (Safari)"}]},{"category":"Battery","specs":[{"label":"Type","value":"Li-Po 1420 mAh, non-removable"}]},{"category":"Misc","specs":[{"label":"Colors","value":"Black, White"},{"label":"Models","value":"iPhone 3,3"},{"label":"SAR","value":"1.18 W/kg (head)     0.87 W/kg (body)"},{"label":"Price","value":"About 150 EUR"}]}]');
INSERT OR IGNORE INTO device_pictures (device_id, url, position) VALUES (141, 'https://fdn2.gsmarena.com/vv/bigpic/apple-iphone4-cdma.jpg', 0);
INSERT OR IGNORE INTO device_pictures (device_id, url, position) VALUES (141, 'https://fdn2.gsmarena.com/vv/pics/apple/apple-iphone4-cdma-1.jpg', 1);
INSERT OR IGNORE INTO devices (id, brand_id, name, gsmarena_url, thumbnail_url, summary) VALUES (142, 1, 'iPad Wi-Fi + 3G', 'https://www.gsmarena.com/apple_ipad_wi_fi_+_3g-3827.php', 'https://fdn2.gsmarena.com/vv/bigpic/apple-ipad-original.jpg', 'iPad Wi-Fi + 3G');
INSERT OR IGNORE INTO device_specs (device_id, announced, status, network, os, chipset, cpu, gpu, display_size, display_type, display_res, ram, storage, main_camera, selfie_camera, battery, charging, nfc, usb, bluetooth, wlan, colors, weight, dimensions, sim, sensors, popularity, fans, rating, full_specs_json) VALUES (142, '2010, January. Released 2010, March', 'Discontinued', 'GSM / HSPA', 'iOS 4, upgradable to iOS 5.1.1', 'Apple A4 (45 nm)', '1.0 GHz Cortex-A8', 'PowerVR SGX535', '9.7 inches, 291.4 cm 2 (~63.3% screen-to-body ratio)', 'IPS LCD', '768 x 1024 pixels, 4:3 ratio (~132 ppi density)', NULL, '16GB', NULL, NULL, 'Non-removable Li-Po 6600 mAh battery (24.8 Wh)', NULL, NULL, '2.0', '2.1, A2DP, EDR', 'Wi-Fi 802.11 a/b/g/n, dual-band', 'Silver', '730 g (1.61 lb)', '242.8 x 189.7 x 13.4 mm (9.56 x 7.47 x 0.53 in)', 'Micro-SIM', 'Accelerometer, compass', 'About 410 EUR', NULL, NULL, '[{"category":"Network","specs":[{"label":"Technology","value":"GSM / HSPA"},{"label":"2G bands","value":"GSM 850 / 900 / 1800 / 1900"},{"label":"3G bands","value":"HSDPA 850 / 1900 / 2100"},{"label":"Speed","value":"HSPA"}]},{"category":"Launch","specs":[{"label":"Announced","value":"2010, January. Released 2010, March"},{"label":"Status","value":"Discontinued"}]},{"category":"Body","specs":[{"label":"Dimensions","value":"242.8 x 189.7 x 13.4 mm (9.56 x 7.47 x 0.53 in)"},{"label":"Weight","value":"730 g (1.61 lb)"},{"label":"SIM","value":"Micro-SIM"}]},{"category":"Display","specs":[{"label":"Type","value":"IPS LCD"},{"label":"Size","value":"9.7 inches, 291.4 cm 2 (~63.3% screen-to-body ratio)"},{"label":"Resolution","value":"768 x 1024 pixels, 4:3 ratio (~132 ppi density)"},{"label":"Protection","value":"Scratch-resistant glass, oleophobic coating"}]},{"category":"Platform","specs":[{"label":"OS","value":"iOS 4, upgradable to iOS 5.1.1"},{"label":"Chipset","value":"Apple A4 (45 nm)"},{"label":"CPU","value":"1.0 GHz Cortex-A8"},{"label":"GPU","value":"PowerVR SGX535"}]},{"category":"Memory","specs":[{"label":"Card slot","value":"No"},{"label":"Internal","value":"16GB 256MB RAM, 32GB 256MB RAM, 64GB 256MB RAM"}]},{"category":"Sound","specs":[{"label":"Loudspeaker","value":"Yes"},{"label":"3.5mm jack","value":"Yes"}]},{"category":"Comms","specs":[{"label":"WLAN","value":"Wi-Fi 802.11 a/b/g/n, dual-band"},{"label":"Bluetooth","value":"2.1, A2DP, EDR"},{"label":"Positioning","value":"GPS, A-GPS"},{"label":"USB","value":"2.0"},{"label":"Radio","value":"No"}]},{"category":"Features","specs":[{"label":"Sensors","value":"Accelerometer, compass"},{"label":"Browser","value":"HTML (Safari)"}]},{"category":"Battery","specs":[{"label":"Type","value":"Non-removable Li-Po 6600 mAh battery (24.8 Wh)"}]},{"category":"Misc","specs":[{"label":"Colors","value":"Silver"},{"label":"Models","value":"iPad1,2"},{"label":"Price","value":"About 410 EUR"}]}]');
INSERT OR IGNORE INTO device_pictures (device_id, url, position) VALUES (142, 'https://fdn2.gsmarena.com/vv/bigpic/apple-ipad-original.jpg', 0);
INSERT OR IGNORE INTO device_pictures (device_id, url, position) VALUES (142, 'https://fdn2.gsmarena.com/vv/pics/apple/apple-ipad-wifi-3g-1.jpg', 1);
INSERT OR IGNORE INTO device_pictures (device_id, url, position) VALUES (142, 'https://fdn2.gsmarena.com/vv/pics/apple/apple-ipad-wifi-3g-2.jpg', 2);
INSERT OR IGNORE INTO devices (id, brand_id, name, gsmarena_url, thumbnail_url, summary) VALUES (143, 1, 'iPad Wi-Fi', 'https://www.gsmarena.com/apple_ipad_wi_fi-3828.php', 'https://fdn2.gsmarena.com/vv/bigpic/apple-ipad-original.jpg', 'iPad Wi-Fi');
INSERT OR IGNORE INTO device_specs (device_id, announced, status, network, os, chipset, cpu, gpu, display_size, display_type, display_res, ram, storage, main_camera, selfie_camera, battery, charging, nfc, usb, bluetooth, wlan, colors, weight, dimensions, sim, sensors, popularity, fans, rating, full_specs_json) VALUES (143, '2010, January. Released 2010, March', 'Discontinued', 'No cellular connectivity', 'iOS 4, upgradable to iOS 5.1.1', 'Apple A4 (45 nm)', '1.0 GHz Cortex-A8', 'PowerVR SGX535', '9.7 inches, 291.4 cm 2 (~63.3% screen-to-body ratio)', 'IPS LCD', '768 x 1024 pixels, 4:3 ratio (~132 ppi density)', NULL, '16GB', NULL, NULL, 'Non-removable Li-Po 6600 mAh battery (24.8 Wh)', NULL, NULL, '2.0', '2.1, A2DP, EDR', 'Wi-Fi 802.11 a/b/g/n, dual-band', 'Silver', '680 g (1.50 lb)', '242.8 x 189.7 x 13.4 mm (9.56 x 7.47 x 0.53 in)', 'No', 'Accelerometer', 'About 310 EUR', NULL, NULL, '[{"category":"Network","specs":[{"label":"Technology","value":"No cellular connectivity"},{"label":"2G bands","value":"N/A"},{"label":"GPRS","value":"No"},{"label":"EDGE","value":"No"}]},{"category":"Launch","specs":[{"label":"Announced","value":"2010, January. Released 2010, March"},{"label":"Status","value":"Discontinued"}]},{"category":"Body","specs":[{"label":"Dimensions","value":"242.8 x 189.7 x 13.4 mm (9.56 x 7.47 x 0.53 in)"},{"label":"Weight","value":"680 g (1.50 lb)"},{"label":"SIM","value":"No"}]},{"category":"Display","specs":[{"label":"Type","value":"IPS LCD"},{"label":"Size","value":"9.7 inches, 291.4 cm 2 (~63.3% screen-to-body ratio)"},{"label":"Resolution","value":"768 x 1024 pixels, 4:3 ratio (~132 ppi density)"},{"label":"Protection","value":"Scratch-resistant glass, oleophobic coating"}]},{"category":"Platform","specs":[{"label":"OS","value":"iOS 4, upgradable to iOS 5.1.1"},{"label":"Chipset","value":"Apple A4 (45 nm)"},{"label":"CPU","value":"1.0 GHz Cortex-A8"},{"label":"GPU","value":"PowerVR SGX535"}]},{"category":"Memory","specs":[{"label":"Card slot","value":"No"},{"label":"Internal","value":"16GB 256MB RAM, 32GB 256MB RAM, 64GB 256MB RAM"}]},{"category":"Sound","specs":[{"label":"Loudspeaker","value":"Yes"},{"label":"3.5mm jack","value":"Yes"}]},{"category":"Comms","specs":[{"label":"WLAN","value":"Wi-Fi 802.11 a/b/g/n, dual-band"},{"label":"Bluetooth","value":"2.1, A2DP, EDR"},{"label":"Positioning","value":"No"},{"label":"USB","value":"2.0"},{"label":"Radio","value":"No"}]},{"category":"Features","specs":[{"label":"Sensors","value":"Accelerometer"},{"label":"Browser","value":"HTML (Safari)"}]},{"category":"Battery","specs":[{"label":"Type","value":"Non-removable Li-Po 6600 mAh battery (24.8 Wh)"}]},{"category":"Misc","specs":[{"label":"Colors","value":"Silver"},{"label":"Models","value":"iPad1,1"},{"label":"Price","value":"About 310 EUR"}]}]');
INSERT OR IGNORE INTO device_pictures (device_id, url, position) VALUES (143, 'https://fdn2.gsmarena.com/vv/bigpic/apple-ipad-original.jpg', 0);
INSERT OR IGNORE INTO device_pictures (device_id, url, position) VALUES (143, 'https://fdn2.gsmarena.com/vv/pics/apple/apple-ipad-wifi-1.jpg', 1);
INSERT OR IGNORE INTO devices (id, brand_id, name, gsmarena_url, thumbnail_url, summary) VALUES (144, 1, 'iPhone 3GS', 'https://www.gsmarena.com/apple_iphone_3gs-2826.php', 'https://fdn2.gsmarena.com/vv/bigpic/apple-iphone-3gs-ofic.jpg', 'iPhone 3GS');
INSERT OR IGNORE INTO device_specs (device_id, announced, status, network, os, chipset, cpu, gpu, display_size, display_type, display_res, ram, storage, main_camera, selfie_camera, battery, charging, nfc, usb, bluetooth, wlan, colors, weight, dimensions, sim, sensors, popularity, fans, rating, full_specs_json) VALUES (144, '2009, June. Released 2009, June', 'Discontinued', 'GSM / HSPA', 'iOS 3, upgradable to iOS 6.1.6', NULL, '600 MHz Cortex-A8', 'PowerVR SGX535', '3.5 inches, 36.5 cm 2 (~50.9% screen-to-body ratio)', 'TFT', '320 x 480 pixels, 3:2 ratio (~165 ppi density)', NULL, '8GB', '3.15 MP, f/2.8, AF', NULL, 'Li-Ion 1400 mAh, non-removable', NULL, NULL, '2.0', '2.1, A2DP (headset support only)', 'Wi-Fi 802.11 b/g', 'Black, White', '135 g (4.76 oz)', '115.5 x 62.1 x 12.3 mm (4.55 x 2.44 x 0.48 in)', 'Mini-SIM', 'Accelerometer, proximity, compass', 'About 110 EUR', NULL, NULL, '[{"category":"Network","specs":[{"label":"Technology","value":"GSM / HSPA"},{"label":"2G bands","value":"GSM 850 / 900 / 1800 / 1900"},{"label":"3G bands","value":"HSDPA 850 / 1900 / 2100"},{"label":"Speed","value":"HSPA 7.2/0.384 Mbps"}]},{"category":"Launch","specs":[{"label":"Announced","value":"2009, June. Released 2009, June"},{"label":"Status","value":"Discontinued"}]},{"category":"Body","specs":[{"label":"Dimensions","value":"115.5 x 62.1 x 12.3 mm (4.55 x 2.44 x 0.48 in)"},{"label":"Weight","value":"135 g (4.76 oz)"},{"label":"SIM","value":"Mini-SIM"}]},{"category":"Display","specs":[{"label":"Type","value":"TFT"},{"label":"Size","value":"3.5 inches, 36.5 cm 2 (~50.9% screen-to-body ratio)"},{"label":"Resolution","value":"320 x 480 pixels, 3:2 ratio (~165 ppi density)"},{"label":"Protection","value":"Corning Gorilla Glass, oleophobic coating"}]},{"category":"Platform","specs":[{"label":"OS","value":"iOS 3, upgradable to iOS 6.1.6"},{"label":"CPU","value":"600 MHz Cortex-A8"},{"label":"GPU","value":"PowerVR SGX535"}]},{"category":"Memory","specs":[{"label":"Card slot","value":"No"},{"label":"Internal","value":"8GB 256MB RAM, 16GB 256MB RAM, 32GB 256MB RAM"}]},{"category":"Main Camera","specs":[{"label":"Single","value":"3.15 MP, f/2.8, AF"},{"label":"Video","value":"480p@30fps"}]},{"category":"Sound","specs":[{"label":"Loudspeaker","value":"Yes"},{"label":"3.5mm jack","value":"Yes"}]},{"category":"Comms","specs":[{"label":"WLAN","value":"Wi-Fi 802.11 b/g"},{"label":"Bluetooth","value":"2.1, A2DP (headset support only)"},{"label":"Positioning","value":"GPS, A-GPS"},{"label":"USB","value":"2.0"},{"label":"Radio","value":"No"}]},{"category":"Features","specs":[{"label":"Sensors","value":"Accelerometer, proximity, compass"},{"label":"Browser","value":"HTML (Safari)"}]},{"category":"Battery","specs":[{"label":"Type","value":"Li-Ion 1400 mAh, non-removable"},{"label":"Talk time","value":"Up to 5 h (3G)"}]},{"category":"Misc","specs":[{"label":"Colors","value":"Black, White"},{"label":"Models","value":"A1325, A1303, iPhone2,1"},{"label":"SAR","value":"0.26 W/kg (head)     0.79 W/kg (body)"},{"label":"Price","value":"About 110 EUR"},{"label":"SAR EU","value":"0.45 W/kg (head)     0.40 W/kg (body)"}]}]');
INSERT OR IGNORE INTO device_pictures (device_id, url, position) VALUES (144, 'https://fdn2.gsmarena.com/vv/bigpic/apple-iphone-3gs-ofic.jpg', 0);
INSERT OR IGNORE INTO device_pictures (device_id, url, position) VALUES (144, 'https://fdn2.gsmarena.com/vv/pics/apple/apple-iphone-3gs-00.jpg', 1);
INSERT OR IGNORE INTO device_pictures (device_id, url, position) VALUES (144, 'https://fdn2.gsmarena.com/vv/pics/apple/apple-iphone-3gs-01.jpg', 2);
INSERT OR IGNORE INTO device_pictures (device_id, url, position) VALUES (144, 'https://fdn.gsmarena.com/vv/reviewsimg/apple-iphone-3gs/gal/gsmarena_001.jpg', 3);
INSERT OR IGNORE INTO device_pictures (device_id, url, position) VALUES (144, 'https://fdn.gsmarena.com/vv/reviewsimg/apple-iphone-3gs/gal/gsmarena_002.jpg', 4);
INSERT OR IGNORE INTO device_pictures (device_id, url, position) VALUES (144, 'https://fdn.gsmarena.com/vv/reviewsimg/apple-iphone-3gs/gal/gsmarena_004.jpg', 5);
INSERT OR IGNORE INTO device_pictures (device_id, url, position) VALUES (144, 'https://fdn.gsmarena.com/vv/reviewsimg/apple-iphone-3gs/gal/gsmarena_005.jpg', 6);
INSERT OR IGNORE INTO device_pictures (device_id, url, position) VALUES (144, 'https://fdn.gsmarena.com/vv/reviewsimg/apple-iphone-3gs/gal/gsmarena_006.jpg', 7);
INSERT OR IGNORE INTO device_pictures (device_id, url, position) VALUES (144, 'https://fdn.gsmarena.com/vv/reviewsimg/apple-iphone-3gs/gal/gsmarena_007.jpg', 8);
INSERT OR IGNORE INTO device_pictures (device_id, url, position) VALUES (144, 'https://fdn.gsmarena.com/vv/reviewsimg/apple-iphone-3gs/gal/gsmarena_008.jpg', 9);
INSERT OR IGNORE INTO devices (id, brand_id, name, gsmarena_url, thumbnail_url, summary) VALUES (145, 1, 'iPhone 3G', 'https://www.gsmarena.com/apple_iphone_3g-2424.php', 'https://fdn2.gsmarena.com/vv/bigpic/apple-iphone3g.jpg', 'iPhone 3G');
INSERT OR IGNORE INTO device_specs (device_id, announced, status, network, os, chipset, cpu, gpu, display_size, display_type, display_res, ram, storage, main_camera, selfie_camera, battery, charging, nfc, usb, bluetooth, wlan, colors, weight, dimensions, sim, sensors, popularity, fans, rating, full_specs_json) VALUES (145, '2008, June. Released 2008, July', 'Discontinued', 'GSM / HSPA', 'iOS, upgradable to iOS 4.2.1', NULL, '412 MHz ARM 11', 'PowerVR MBX', '3.5 inches, 36.5 cm 2 (~50.9% screen-to-body ratio)', 'TFT', '320 x 480 pixels, 3:2 ratio (~165 ppi density)', NULL, '8GB', '2 MP', NULL, 'Li-Ion 1220 mAh, non-removable', NULL, NULL, '2.0', '2.0, A2DP (headset support only)', 'Wi-Fi 802.11b/g', 'Black(8/16 GB), White (16 GB)', '133 g (4.69 oz)', '115.5 x 62.1 x 12.3 mm (4.55 x 2.44 x 0.48 in)', 'Mini-SIM', 'Accelerometer, proximity', 'About 90 EUR', NULL, NULL, '[{"category":"Network","specs":[{"label":"Technology","value":"GSM / HSPA"},{"label":"2G bands","value":"GSM 850 / 900 / 1800 / 1900"},{"label":"3G bands","value":"HSDPA 850 / 1900 / 2100"},{"label":"Speed","value":"HSPA"}]},{"category":"Launch","specs":[{"label":"Announced","value":"2008, June. Released 2008, July"},{"label":"Status","value":"Discontinued"}]},{"category":"Body","specs":[{"label":"Dimensions","value":"115.5 x 62.1 x 12.3 mm (4.55 x 2.44 x 0.48 in)"},{"label":"Weight","value":"133 g (4.69 oz)"},{"label":"SIM","value":"Mini-SIM"}]},{"category":"Display","specs":[{"label":"Type","value":"TFT"},{"label":"Size","value":"3.5 inches, 36.5 cm 2 (~50.9% screen-to-body ratio)"},{"label":"Resolution","value":"320 x 480 pixels, 3:2 ratio (~165 ppi density)"},{"label":"Protection","value":"Corning Gorilla Glass, oleophobic coating"}]},{"category":"Platform","specs":[{"label":"OS","value":"iOS, upgradable to iOS 4.2.1"},{"label":"CPU","value":"412 MHz ARM 11"},{"label":"GPU","value":"PowerVR MBX"}]},{"category":"Memory","specs":[{"label":"Card slot","value":"No"},{"label":"Internal","value":"8GB 128MB RAM, 16GB 128MB RAM"}]},{"category":"Main Camera","specs":[{"label":"Single","value":"2 MP"},{"label":"Video","value":"No"}]},{"category":"Sound","specs":[{"label":"Loudspeaker","value":"Yes"},{"label":"3.5mm jack","value":"Yes"},{"label":"Alert types","value":"Vibration, proprietary ringtones"}]},{"category":"Comms","specs":[{"label":"WLAN","value":"Wi-Fi 802.11b/g"},{"label":"Bluetooth","value":"2.0, A2DP (headset support only)"},{"label":"Positioning","value":"GPS, A-GPS"},{"label":"USB","value":"2.0"},{"label":"Radio","value":"No"}]},{"category":"Features","specs":[{"label":"Sensors","value":"Accelerometer, proximity"},{"label":"Browser","value":"HTML (Safari)"}]},{"category":"Battery","specs":[{"label":"Type","value":"Li-Ion 1220 mAh, non-removable"}]},{"category":"Misc","specs":[{"label":"Colors","value":"Black(8/16 GB), White (16 GB)"},{"label":"Models","value":"iPhone1,2"},{"label":"SAR","value":"0.52 W/kg (head)     1.29 W/kg (body)"},{"label":"Price","value":"About 90 EUR"},{"label":"SAR EU","value":"0.56 W/kg (head)     0.23 W/kg (body)"}]}]');
INSERT OR IGNORE INTO device_pictures (device_id, url, position) VALUES (145, 'https://fdn2.gsmarena.com/vv/bigpic/apple-iphone3g.jpg', 0);
INSERT OR IGNORE INTO device_pictures (device_id, url, position) VALUES (145, 'https://fdn2.gsmarena.com/vv/pics/apple/apple-iphone-3g-01.jpg', 1);
INSERT OR IGNORE INTO device_pictures (device_id, url, position) VALUES (145, 'https://fdn2.gsmarena.com/vv/pics/apple/apple-iphone-3g-02.jpg', 2);
INSERT OR IGNORE INTO devices (id, brand_id, name, gsmarena_url, thumbnail_url, summary) VALUES (146, 1, 'iPhone', 'https://www.gsmarena.com/apple_iphone-1827.php', 'https://fdn2.gsmarena.com/vv/bigpic/apple-iphone.gif', 'iPhone');
INSERT OR IGNORE INTO device_specs (device_id, announced, status, network, os, chipset, cpu, gpu, display_size, display_type, display_res, ram, storage, main_camera, selfie_camera, battery, charging, nfc, usb, bluetooth, wlan, colors, weight, dimensions, sim, sensors, popularity, fans, rating, full_specs_json) VALUES (146, '2007, January. Released 2007, June', 'Discontinued', 'GSM', 'iOS, upgradable to iOS 3.1.3', NULL, '412 MHz ARM 11', 'PowerVR MBX', '3.5 inches, 36.5 cm 2 (~52.0% screen-to-body ratio)', 'TFT', '320 x 480 pixels, 3:2 ratio (~165 ppi density)', '16GB', '4/8/16GB', '2 MP', NULL, 'Li-Ion 1400 mAh, non-removable', NULL, NULL, '2.0', '2.0 (headset support only)', 'Wi-Fi 802.11b/g', 'Black', '135 g (4.76 oz)', '115 x 61 x 11.6 mm (4.53 x 2.40 x 0.46 in)', 'Mini-SIM', 'Accelerometer, proximity', 'About 420 EUR', NULL, NULL, '[{"category":"Network","specs":[{"label":"Technology","value":"GSM"},{"label":"2G bands","value":"GSM 850 / 900 / 1800 / 1900"},{"label":"GPRS","value":"Yes"},{"label":"EDGE","value":"Yes"}]},{"category":"Launch","specs":[{"label":"Announced","value":"2007, January. Released 2007, June"},{"label":"Status","value":"Discontinued"}]},{"category":"Body","specs":[{"label":"Dimensions","value":"115 x 61 x 11.6 mm (4.53 x 2.40 x 0.46 in)"},{"label":"Weight","value":"135 g (4.76 oz)"},{"label":"SIM","value":"Mini-SIM"}]},{"category":"Display","specs":[{"label":"Type","value":"TFT"},{"label":"Size","value":"3.5 inches, 36.5 cm 2 (~52.0% screen-to-body ratio)"},{"label":"Resolution","value":"320 x 480 pixels, 3:2 ratio (~165 ppi density)"},{"label":"Protection","value":"Corning Gorilla Glass, oleophobic coating"}]},{"category":"Platform","specs":[{"label":"OS","value":"iOS, upgradable to iOS 3.1.3"},{"label":"CPU","value":"412 MHz ARM 11"},{"label":"GPU","value":"PowerVR MBX"}]},{"category":"Memory","specs":[{"label":"Card slot","value":"No"},{"label":"Internal","value":"4/8/16GB"}]},{"category":"Main Camera","specs":[{"label":"Single","value":"2 MP"},{"label":"Video","value":"No"}]},{"category":"Sound","specs":[{"label":"Loudspeaker","value":"Yes"},{"label":"3.5mm jack","value":"Yes"},{"label":"Alert types","value":"Vibration, proprietary ringtones"}]},{"category":"Comms","specs":[{"label":"WLAN","value":"Wi-Fi 802.11b/g"},{"label":"Bluetooth","value":"2.0 (headset support only)"},{"label":"Positioning","value":"No"},{"label":"USB","value":"2.0"},{"label":"Radio","value":"No"}]},{"category":"Features","specs":[{"label":"Sensors","value":"Accelerometer, proximity"},{"label":"Browser","value":"HTML (Safari)"}]},{"category":"Battery","specs":[{"label":"Type","value":"Li-Ion 1400 mAh, non-removable"}]},{"category":"Misc","specs":[{"label":"Colors","value":"Black"},{"label":"Models","value":"A1203, iPhone1,1"},{"label":"SAR","value":"0.97 W/kg (head)     0.38 W/kg (body)"},{"label":"Price","value":"About 420 EUR"},{"label":"SAR EU","value":"0.97 W/kg (head)     0.69 W/kg (body)"}]}]');
INSERT OR IGNORE INTO device_pictures (device_id, url, position) VALUES (146, 'https://fdn2.gsmarena.com/vv/bigpic/apple-iphone.gif', 0);
INSERT OR IGNORE INTO device_pictures (device_id, url, position) VALUES (146, 'https://fdn2.gsmarena.com/vv/pics/apple/apple_iphone_00.jpg', 1);
INSERT OR IGNORE INTO device_pictures (device_id, url, position) VALUES (146, 'https://fdn2.gsmarena.com/vv/pics/apple/apple_iphone_01.jpg', 2);
INSERT OR IGNORE INTO device_pictures (device_id, url, position) VALUES (146, 'https://fdn.gsmarena.com/vv/reviewsimg/iphone/new/gsmarena_002.jpg', 3);
INSERT OR IGNORE INTO device_pictures (device_id, url, position) VALUES (146, 'https://fdn.gsmarena.com/vv/reviewsimg/iphone/new/gsmarena_003.jpg', 4);
INSERT OR IGNORE INTO device_pictures (device_id, url, position) VALUES (146, 'https://fdn.gsmarena.com/vv/reviewsimg/iphone/new/gsmarena_026.jpg', 5);
INSERT OR IGNORE INTO device_pictures (device_id, url, position) VALUES (146, 'https://fdn.gsmarena.com/vv/reviewsimg/iphone/new/gsmarena_010.jpg', 6);
INSERT OR IGNORE INTO device_pictures (device_id, url, position) VALUES (146, 'https://fdn.gsmarena.com/vv/reviewsimg/iphone/new/gsmarena_008.jpg', 7);
INSERT OR IGNORE INTO device_pictures (device_id, url, position) VALUES (146, 'https://fdn.gsmarena.com/vv/reviewsimg/iphone/new/gsmarena_017.jpg', 8);
INSERT OR IGNORE INTO device_pictures (device_id, url, position) VALUES (146, 'https://fdn.gsmarena.com/vv/reviewsimg/iphone/new/gsmarena_029.jpg', 9);
INSERT OR IGNORE INTO devices (id, brand_id, name, gsmarena_url, thumbnail_url, summary) VALUES (147, 2, 'Zenfone 12 Ultra', 'https://www.gsmarena.com/asus_zenfone_12_ultra-13653.php', 'https://fdn2.gsmarena.com/vv/bigpic/asus-zenfone-12-ultra.jpg', 'Zenfone 12 Ultra');
INSERT OR IGNORE INTO device_specs (device_id, announced, status, network, os, chipset, cpu, gpu, display_size, display_type, display_res, ram, storage, main_camera, selfie_camera, battery, charging, nfc, usb, bluetooth, wlan, colors, weight, dimensions, sim, sensors, popularity, fans, rating, full_specs_json) VALUES (147, '2025, February 06', 'Available. Released 2025, February 28', 'GSM / HSPA / LTE / 5G / 5G', 'Android 15, upgradable to Android 16, up to 2 major Android upgrades', 'Qualcomm SM8750-AB Snapdragon 8 Elite (3 nm)', 'Octa-core (2x4.32 GHz Oryon V2 Phoenix L + 6x3.53 GHz Oryon V2 Phoenix M)', 'Adreno 830', '6.78 inches, 111.0 cm 2 (~88.0% screen-to-body ratio)', 'LTPO AMOLED, 144Hz, HDR10, 1600 nits (HBM), 2500 nits (peak)', '1080 x 2400 pixels, 20:9 ratio (~388 ppi density)', '12GB', '256GB', '50 MP, f/1.9, 24mm (wide), 1/1.56", 1.0µm, PDAF, gimbal OIS, LED flash, HDR, panorama', '32 MP, f/2.5, 22mm (wide), 1/3.2", 0.7µm, 1080p@30fps', '5500 mAh', '65W wired, PD3.0, PPS, QC5, 100% in 39 min', 'Yes', 'USB Type-C', '5.4, A2DP, LE, aptX HD, aptX Adaptive, aptX Lossless', 'Wi-Fi 802.11 a/b/g/n/ac/6e/7, tri-band, Wi-Fi Direct', 'Ebony Black, Sakura White, Sage Green', '220 g (7.76 oz)', '163.8 x 77 x 8.9 mm (6.45 x 3.03 x 0.35 in)', 'Nano-SIM + Nano-SIM + eSIM (max 2 at a time)', 'Fingerprint (under display, optical), accelerometer, gyro, proximity, compass', 'About 1100 EUR', NULL, NULL, '[{"category":"Network","specs":[{"label":"Technology","value":"GSM / HSPA / LTE / 5G"},{"label":"2G bands","value":"GSM 850 / 900 / 1800 / 1900"},{"label":"3G bands","value":"HSDPA 800 / 850 / 900 / 1700(AWS) / 1900 / 2100"},{"label":"4G bands","value":"1, 2, 3, 4, 5, 7, 8, 12, 17, 18, 19, 20, 25, 26, 28, 32, 34, 38, 39, 40, 41, 42, 43, 48, 66"},{"label":"5G bands","value":"1, 2, 3, 5, 7, 8, 12, 18, 20, 25, 26, 28, 38, 40, 41, 48, 66, 77, 78, 79 SA/NSA"},{"label":"Speed","value":"HSPA, LTE, 5G"}]},{"category":"Launch","specs":[{"label":"Announced","value":"2025, February 06"},{"label":"Status","value":"Available. Released 2025, February 28"}]},{"category":"Body","specs":[{"label":"Dimensions","value":"163.8 x 77 x 8.9 mm (6.45 x 3.03 x 0.35 in)"},{"label":"Weight","value":"220 g (7.76 oz)"},{"label":"Build","value":"Glass front (Gorilla Glass Victus 2), aluminum frame, glass back"},{"label":"SIM","value":"Nano-SIM + Nano-SIM + eSIM (max 2 at a time)"}]},{"category":"Display","specs":[{"label":"Type","value":"LTPO AMOLED, 144Hz, HDR10, 1600 nits (HBM), 2500 nits (peak)"},{"label":"Size","value":"6.78 inches, 111.0 cm 2 (~88.0% screen-to-body ratio)"},{"label":"Resolution","value":"1080 x 2400 pixels, 20:9 ratio (~388 ppi density)"},{"label":"Protection","value":"Corning Gorilla Glass Victus 2, Mohs level 6"}]},{"category":"Platform","specs":[{"label":"OS","value":"Android 15, upgradable to Android 16, up to 2 major Android upgrades"},{"label":"Chipset","value":"Qualcomm SM8750-AB Snapdragon 8 Elite (3 nm)"},{"label":"CPU","value":"Octa-core (2x4.32 GHz Oryon V2 Phoenix L + 6x3.53 GHz Oryon V2 Phoenix M)"},{"label":"GPU","value":"Adreno 830"}]},{"category":"Memory","specs":[{"label":"Card slot","value":"No"},{"label":"Internal","value":"256GB 12GB RAM, 512GB 16GB RAM"}]},{"category":"Main Camera","specs":[{"label":"Triple","value":"50 MP, f/1.9, 24mm (wide), 1/1.56\\", 1.0µm, PDAF, gimbal OIS"},{"label":"Features","value":"LED flash, HDR, panorama"},{"label":"Video","value":"8K@24fps, 4K@30/60fps, 1080p@30/60/120/240fps, 720p@480fps; gyro-EIS, HDR10+"}]},{"category":"Selfie camera","specs":[{"label":"Single","value":"32 MP, f/2.5, 22mm (wide), 1/3.2\\", 0.7µm"},{"label":"Video","value":"1080p@30fps"},{"label":"Features","value":"Panorama, HDR"}]},{"category":"Sound","specs":[{"label":"Loudspeaker","value":"Yes, with stereo speakers"},{"label":"3.5mm jack","value":"Yes"}]},{"category":"Comms","specs":[{"label":"WLAN","value":"Wi-Fi 802.11 a/b/g/n/ac/6e/7, tri-band, Wi-Fi Direct"},{"label":"Bluetooth","value":"5.4, A2DP, LE, aptX HD, aptX Adaptive, aptX Lossless"},{"label":"Positioning","value":"GPS (L1+L5), BDS (B1I+B1c+B2a), GALILEO (E1+E5a), QZSS (L1+L5), NavIC, GLONASS"},{"label":"NFC","value":"Yes"},{"label":"USB","value":"USB Type-C"},{"label":"Radio","value":"No"}]},{"category":"Features","specs":[{"label":"Sensors","value":"Fingerprint (under display, optical), accelerometer, gyro, proximity, compass"}]},{"category":"Battery","specs":[{"label":"Type","value":"5500 mAh"},{"label":"Charging","value":"65W wired, PD3.0, PPS, QC5, 100% in 39 min"}]},{"category":"Misc","specs":[{"label":"Colors","value":"Ebony Black, Sakura White, Sage Green"},{"label":"Models","value":"AI2501, AI2501H, I2501C, AI2501B"},{"label":"Price","value":"About 1100 EUR"}]}]');
INSERT OR IGNORE INTO device_pictures (device_id, url, position) VALUES (147, 'https://fdn2.gsmarena.com/vv/bigpic/asus-zenfone-12-ultra.jpg', 0);
INSERT OR IGNORE INTO device_pictures (device_id, url, position) VALUES (147, 'https://fdn2.gsmarena.com/vv/pics/asus/asus-zenfone-12-ultra-1.jpg', 1);
INSERT OR IGNORE INTO device_pictures (device_id, url, position) VALUES (147, 'https://fdn2.gsmarena.com/vv/pics/asus/asus-zenfone-12-ultra-2.jpg', 2);
INSERT OR IGNORE INTO device_pictures (device_id, url, position) VALUES (147, 'https://fdn.gsmarena.com/imgroot/reviews/25/asus-zenfone-12-ultra/lifestyle/-1024w2/gsmarena_001.jpg', 3);
INSERT OR IGNORE INTO device_pictures (device_id, url, position) VALUES (147, 'https://fdn.gsmarena.com/imgroot/reviews/25/asus-zenfone-12-ultra/lifestyle/-1024w2/gsmarena_002.jpg', 4);
INSERT OR IGNORE INTO device_pictures (device_id, url, position) VALUES (147, 'https://fdn.gsmarena.com/imgroot/reviews/25/asus-zenfone-12-ultra/lifestyle/-1024w2/gsmarena_003.jpg', 5);
INSERT OR IGNORE INTO device_pictures (device_id, url, position) VALUES (147, 'https://fdn.gsmarena.com/imgroot/reviews/25/asus-zenfone-12-ultra/lifestyle/-1024w2/gsmarena_004.jpg', 6);
INSERT OR IGNORE INTO device_pictures (device_id, url, position) VALUES (147, 'https://fdn.gsmarena.com/imgroot/reviews/25/asus-zenfone-12-ultra/lifestyle/-1024w2/gsmarena_005.jpg', 7);
INSERT OR IGNORE INTO device_pictures (device_id, url, position) VALUES (147, 'https://fdn.gsmarena.com/imgroot/reviews/25/asus-zenfone-12-ultra/lifestyle/-1024w2/gsmarena_006.jpg', 8);
INSERT OR IGNORE INTO device_pictures (device_id, url, position) VALUES (147, 'https://fdn.gsmarena.com/imgroot/reviews/25/asus-zenfone-12-ultra/lifestyle/-1024w2/gsmarena_007.jpg', 9);
INSERT OR IGNORE INTO devices (id, brand_id, name, gsmarena_url, thumbnail_url, summary) VALUES (148, 2, 'ROG Phone 9 Pro', 'https://www.gsmarena.com/asus_rog_phone_9_pro-13469.php', 'https://fdn2.gsmarena.com/vv/bigpic/asus-rog-phone-9-pro.jpg', 'ROG Phone 9 Pro');
INSERT OR IGNORE INTO device_specs (device_id, announced, status, network, os, chipset, cpu, gpu, display_size, display_type, display_res, ram, storage, main_camera, selfie_camera, battery, charging, nfc, usb, bluetooth, wlan, colors, weight, dimensions, sim, sensors, popularity, fans, rating, full_specs_json) VALUES (148, '2024, November 19', 'Available. Released 2024, November 20', 'GSM / HSPA / LTE / 5G / 5G', 'Android 15, up to 2 major Android upgrades', 'Qualcomm SM8750-AB Snapdragon 8 Elite (3 nm)', 'Octa-core (2x4.32 GHz Oryon V2 Phoenix L + 6x3.53 GHz Oryon V2 Phoenix M)', 'Adreno 830', '6.78 inches, 111.0 cm 2 (~88.2% screen-to-body ratio)', 'LTPO AMOLED, 1B colors, 185Hz, 670Hz PWM, HDR10, 1600 nits (HBM), 2500 nits (peak)', '1080 x 2400 pixels, 20:9 ratio (~388 ppi density)', '16GB', '512GB', '50 MP, f/1.9, 24mm (wide), 1/1.56", 1.0µm, PDAF, gimbal OIS, LED flash, HDR, panorama', '32 MP, f/2.5, 22mm (wide), 1/3.2", 0.7µm, 1080p@30fps', '5800 mAh', '65W wired, PD3.0, PPS, QC5, 100% in 46 min', 'Yes', 'USB Type-C (side), DisplayPort 1.4; USB Type-C (bottom), OTG', '5.4, A2DP, LE, aptX HD, aptX Adaptive, aptX Lossless', 'Wi-Fi 802.11 a/b/g/n/ac/6e/7, tri-band, Wi-Fi Direct', 'Phantom Black', '227 g (8.01 oz)', '163.8 x 76.8 x 8.9 mm (6.45 x 3.02 x 0.35 in)', '· Nano-SIM + eSIM · Nano-SIM + Nano-SIM', 'Fingerprint (under display, optical), accelerometer, gyro, proximity, compass', '€ 800.00', NULL, NULL, '[{"category":"Network","specs":[{"label":"Technology","value":"GSM / HSPA / LTE / 5G"},{"label":"2G bands","value":"GSM 850 / 900 / 1800 / 1900"},{"label":"3G bands","value":"HSDPA 800 / 850 / 900 / 1700(AWS) / 1900 / 2100 - Global"},{"label":"4G bands","value":"1, 2, 3, 4, 5, 7, 8, 12, 17, 18, 19, 20, 25, 26, 28, 32, 34, 38, 39, 40, 41, 42, 43, 48, 66 - International"},{"label":"5G bands","value":"1, 2, 3, 5, 7, 8, 12, 18, 20, 25, 26, 28, 38, 40, 41, 48, 66, 77, 78, 79 SA/NSA/Sub6 - International"},{"label":"Speed","value":"HSPA, LTE (Up to 7CA), 5G"}]},{"category":"Launch","specs":[{"label":"Announced","value":"2024, November 19"},{"label":"Status","value":"Available. Released 2024, November 20"}]},{"category":"Body","specs":[{"label":"Dimensions","value":"163.8 x 76.8 x 8.9 mm (6.45 x 3.02 x 0.35 in)"},{"label":"Weight","value":"227 g (8.01 oz)"},{"label":"Build","value":"Glass front (Gorilla Glass Victus 2), glass back (Gorilla Glass), aluminum frame"},{"label":"SIM","value":"· Nano-SIM + eSIM · Nano-SIM + Nano-SIM"}]},{"category":"Display","specs":[{"label":"Type","value":"LTPO AMOLED, 1B colors, 185Hz, 670Hz PWM, HDR10, 1600 nits (HBM), 2500 nits (peak)"},{"label":"Size","value":"6.78 inches, 111.0 cm 2 (~88.2% screen-to-body ratio)"},{"label":"Resolution","value":"1080 x 2400 pixels, 20:9 ratio (~388 ppi density)"},{"label":"Protection","value":"Corning Gorilla Glass Victus 2"}]},{"category":"Platform","specs":[{"label":"OS","value":"Android 15, up to 2 major Android upgrades"},{"label":"Chipset","value":"Qualcomm SM8750-AB Snapdragon 8 Elite (3 nm)"},{"label":"CPU","value":"Octa-core (2x4.32 GHz Oryon V2 Phoenix L + 6x3.53 GHz Oryon V2 Phoenix M)"},{"label":"GPU","value":"Adreno 830"}]},{"category":"Memory","specs":[{"label":"Card slot","value":"No"},{"label":"Internal","value":"512GB 16GB RAM, 1TB 24GB RAM"}]},{"category":"Main Camera","specs":[{"label":"Triple","value":"50 MP, f/1.9, 24mm (wide), 1/1.56\\", 1.0µm, PDAF, gimbal OIS"},{"label":"Features","value":"LED flash, HDR, panorama"},{"label":"Video","value":"8K@30fps, 4K@30/60/120fps, 1080p@30/60/120/240fps, 720p@480fps; gyro-EIS, HDR10+"}]},{"category":"Selfie camera","specs":[{"label":"Single","value":"32 MP, f/2.5, 22mm (wide), 1/3.2\\", 0.7µm"},{"label":"Video","value":"1080p@30fps"},{"label":"Features","value":"Panorama, HDR"}]},{"category":"Sound","specs":[{"label":"Loudspeaker","value":"Yes, with stereo speakers"},{"label":"3.5mm jack","value":"Yes"}]},{"category":"Comms","specs":[{"label":"WLAN","value":"Wi-Fi 802.11 a/b/g/n/ac/6e/7, tri-band, Wi-Fi Direct"},{"label":"Bluetooth","value":"5.4, A2DP, LE, aptX HD, aptX Adaptive, aptX Lossless"},{"label":"Positioning","value":"GPS (L1+L5), BDS (B1I+B1c+B2a), GALILEO (E1+E5a), QZSS (L1+L5), NavIC (L5), GLONASS"},{"label":"NFC","value":"Yes"},{"label":"USB","value":"USB Type-C (side), DisplayPort 1.4; USB Type-C (bottom), OTG"},{"label":"Radio","value":"No"}]},{"category":"Features","specs":[{"label":"Sensors","value":"Fingerprint (under display, optical), accelerometer, gyro, proximity, compass"}]},{"category":"Battery","specs":[{"label":"Type","value":"5800 mAh"},{"label":"Charging","value":"65W wired, PD3.0, PPS, QC5, 100% in 46 min"}]},{"category":"Misc","specs":[{"label":"Colors","value":"Phantom Black"},{"label":"Models","value":"AI2501-16G512G-BK, AI2501-24G1T-BK"},{"label":"Price","value":"€ 800.00"}]}]');
