INSERT OR IGNORE INTO device_pictures (device_id, url, position) VALUES (815, 'https://fdn2.gsmarena.com/vv/pics/vivo/vivo-x200-1.jpg', 1);
INSERT OR IGNORE INTO device_pictures (device_id, url, position) VALUES (815, 'https://fdn2.gsmarena.com/vv/pics/vivo/vivo-x200-4.jpg', 2);
INSERT OR IGNORE INTO device_pictures (device_id, url, position) VALUES (815, 'https://fdn2.gsmarena.com/vv/pics/vivo/vivo-x200-2.jpg', 3);
INSERT OR IGNORE INTO device_pictures (device_id, url, position) VALUES (815, 'https://fdn2.gsmarena.com/vv/pics/vivo/vivo-x200-3.jpg', 4);
INSERT OR IGNORE INTO device_pictures (device_id, url, position) VALUES (815, 'https://fdn.gsmarena.com/imgroot/reviews/25/vivo-x200/lifestyle/-1024w2/gsmarena_001.jpg', 5);
INSERT OR IGNORE INTO device_pictures (device_id, url, position) VALUES (815, 'https://fdn.gsmarena.com/imgroot/reviews/25/vivo-x200/lifestyle/-1024w2/gsmarena_002.jpg', 6);
INSERT OR IGNORE INTO device_pictures (device_id, url, position) VALUES (815, 'https://fdn.gsmarena.com/imgroot/reviews/25/vivo-x200/lifestyle/-1024w2/gsmarena_003.jpg', 7);
INSERT OR IGNORE INTO device_pictures (device_id, url, position) VALUES (815, 'https://fdn.gsmarena.com/imgroot/reviews/25/vivo-x200/lifestyle/-1024w2/gsmarena_004.jpg', 8);
INSERT OR IGNORE INTO device_pictures (device_id, url, position) VALUES (815, 'https://fdn.gsmarena.com/imgroot/reviews/25/vivo-x200/lifestyle/-1024w2/gsmarena_005.jpg', 9);
INSERT OR IGNORE INTO devices (id, brand_id, name, gsmarena_url, thumbnail_url, summary) VALUES (816, 5, 'Y19s 4G', 'https://www.gsmarena.com/vivo_y19s-13436.php', 'https://fdn2.gsmarena.com/vv/bigpic/vivo-y19s.jpg', 'Y19s 4G');
INSERT OR IGNORE INTO device_specs (device_id, announced, status, network, os, chipset, cpu, gpu, display_size, display_type, display_res, ram, storage, main_camera, selfie_camera, battery, charging, nfc, usb, bluetooth, wlan, colors, weight, dimensions, sim, sensors, popularity, fans, rating, full_specs_json) VALUES (816, '2024, October 15', 'Available. Released 2024, October', 'GSM / HSPA / LTE / 4G/LTE', 'Android 14, Funtouch 14', 'Unisoc Tiger T612 (12 nm)', 'Octa-core (2x1.8 GHz Cortex-A75 & 6x1.8 GHz Cortex-A55)', 'Mali-G57', '6.68 inches, 107.4 cm 2 (~85.1% screen-to-body ratio)', 'IPS LCD, 90Hz, 1000 nits (HBM)', '720 x 1608 pixels, 20:9 ratio (~264 ppi density)', '4GB', '64GB', '50 MP, f/1.8, (wide), 1/1.95", 0.8µm, PDAF, Ring-LED flash, panorama', '5 MP, f/2.2, Yes', 'Li-Ion 5500 mAh', '15W wired', 'No', 'USB Type-C 2.0, OTG', '5.2, A2DP, LE', 'Wi-Fi 802.11 a/b/g/n/ac, dual-band', 'Pearl Silver, Glossy Black, Glacier Blue', '198 g (6.98 oz)', '165.8 x 76.1 x 8.1 mm (6.53 x 3.00 x 0.32 in)', 'Nano-SIM + Nano-SIM', 'Fingerprint (side-mounted), accelerometer, proximity, compass', '€ 130.00', NULL, NULL, '[{"category":"Network","specs":[{"label":"Technology","value":"GSM / HSPA / LTE"},{"label":"2G bands","value":"GSM 850 / 900 / 1800 / 1900"},{"label":"3G bands","value":"HSDPA 850 / 900 / 2100"},{"label":"4G bands","value":"1, 3, 5, 7, 8, 20, 28, 38, 40, 41"},{"label":"Speed","value":"HSPA, LTE"}]},{"category":"Launch","specs":[{"label":"Announced","value":"2024, October 15"},{"label":"Status","value":"Available. Released 2024, October"}]},{"category":"Body","specs":[{"label":"Dimensions","value":"165.8 x 76.1 x 8.1 mm (6.53 x 3.00 x 0.32 in)"},{"label":"Weight","value":"198 g (6.98 oz)"},{"label":"Build","value":"Glass front, plastic back, plastic frame"},{"label":"SIM","value":"Nano-SIM + Nano-SIM"}]},{"category":"Display","specs":[{"label":"Type","value":"IPS LCD, 90Hz, 1000 nits (HBM)"},{"label":"Size","value":"6.68 inches, 107.4 cm 2 (~85.1% screen-to-body ratio)"},{"label":"Resolution","value":"720 x 1608 pixels, 20:9 ratio (~264 ppi density)"},{"label":"Protection","value":"Mohs level 4"}]},{"category":"Platform","specs":[{"label":"OS","value":"Android 14, Funtouch 14"},{"label":"Chipset","value":"Unisoc Tiger T612 (12 nm)"},{"label":"CPU","value":"Octa-core (2x1.8 GHz Cortex-A75 & 6x1.8 GHz Cortex-A55)"},{"label":"GPU","value":"Mali-G57"}]},{"category":"Memory","specs":[{"label":"Card slot","value":"microSDXC (dedicated slot)"},{"label":"Internal","value":"64GB 4GB RAM, 128GB 4GB RAM, 128GB 6GB RAM, 256GB 6GB RAM, 256GB 8GB RAM"}]},{"category":"Main Camera","specs":[{"label":"Single","value":"50 MP, f/1.8, (wide), 1/1.95\\", 0.8µm, PDAF"},{"label":"Features","value":"Ring-LED flash, panorama"},{"label":"Video","value":"1080p@30fps"}]},{"category":"Selfie camera","specs":[{"label":"Single","value":"5 MP, f/2.2"},{"label":"Video","value":"Yes"}]},{"category":"Sound","specs":[{"label":"Loudspeaker","value":"Yes, with dual speakers"},{"label":"3.5mm jack","value":"Yes"}]},{"category":"Comms","specs":[{"label":"WLAN","value":"Wi-Fi 802.11 a/b/g/n/ac, dual-band"},{"label":"Bluetooth","value":"5.2, A2DP, LE"},{"label":"Positioning","value":"GPS, GLONASS, GALILEO, BDS, QZSS"},{"label":"NFC","value":"No"},{"label":"USB","value":"USB Type-C 2.0, OTG"},{"label":"Radio","value":"FM radio"}]},{"category":"Features","specs":[{"label":"Sensors","value":"Fingerprint (side-mounted), accelerometer, proximity, compass"}]},{"category":"Battery","specs":[{"label":"Type","value":"Li-Ion 5500 mAh"},{"label":"Charging","value":"15W wired"}]},{"category":"Misc","specs":[{"label":"Colors","value":"Pearl Silver, Glossy Black, Glacier Blue"},{"label":"Models","value":"V2419"},{"label":"Price","value":"€ 130.00"}]}]');
INSERT OR IGNORE INTO device_pictures (device_id, url, position) VALUES (816, 'https://fdn2.gsmarena.com/vv/bigpic/vivo-y19s.jpg', 0);
INSERT OR IGNORE INTO device_pictures (device_id, url, position) VALUES (816, 'https://fdn2.gsmarena.com/vv/pics/vivo/vivo-y19s-1.jpg', 1);
INSERT OR IGNORE INTO device_pictures (device_id, url, position) VALUES (816, 'https://fdn2.gsmarena.com/vv/pics/vivo/vivo-y19s-2.jpg', 2);
INSERT OR IGNORE INTO devices (id, brand_id, name, gsmarena_url, thumbnail_url, summary) VALUES (817, 5, 'V40 Lite 4G (IDN)', 'https://www.gsmarena.com/vivo_v40_lite_4g_(idn)-13360.php', 'https://fdn2.gsmarena.com/vv/bigpic/vivo-v40-lite-idn.jpg', 'V40 Lite 4G (IDN)');
INSERT OR IGNORE INTO device_specs (device_id, announced, status, network, os, chipset, cpu, gpu, display_size, display_type, display_res, ram, storage, main_camera, selfie_camera, battery, charging, nfc, usb, bluetooth, wlan, colors, weight, dimensions, sim, sensors, popularity, fans, rating, full_specs_json) VALUES (817, '2024, September 25', 'Available. Released 2024, September 25', 'GSM / HSPA / LTE / 4G/LTE', 'Android 14, Funtouch 14', 'Qualcomm SM6225 Snapdragon 685 (6 nm)', 'Octa-core (4x2.8 GHz Cortex-A73 & 4x1.9 GHz Cortex-A53)', 'Adreno 610', '6.67 inches, 107.4 cm 2 (~86.7% screen-to-body ratio)', 'AMOLED, 1B colors, 120Hz, 1200 nits (HBM), 1800 nits (peak)', '1080 x 2400 pixels, 20:9 ratio (~395 ppi density)', '8GB', '128GB', '50 MP, f/1.8, (wide), 1/1.95", 0.8µm, PDAF, Ring-LED flash, panorama, HDR', '32 MP, f/2.5, (wide), 1080p@30fps', 'Li-Ion 5000 mAh', '80W wired, 45% in 15 min', 'Yes', 'USB Type-C 2.0, OTG', '5.0, A2DP, LE', 'Wi-Fi 802.11 a/b/g/n/ac, dual-band', 'Titanium Silver, Carbon Black, Pearl Violet', '188 g or 190 g (6.63 oz)', '163.2 x 75.9 x 7.8 mm or 8.0 mm', 'Nano-SIM + Nano-SIM', 'Fingerprint (under display, optical), accelerometer, gyro, proximity, compass', 'About 200 EUR', NULL, NULL, '[{"category":"Network","specs":[{"label":"Technology","value":"GSM / HSPA / LTE"},{"label":"2G bands","value":"GSM 850 / 900 / 1800 / 1900"},{"label":"3G bands","value":"HSDPA 850 / 900 / 2100"},{"label":"4G bands","value":"1, 3, 5, 7, 8, 20, 28, 38, 40, 41"},{"label":"Speed","value":"HSPA, LTE"}]},{"category":"Launch","specs":[{"label":"Announced","value":"2024, September 25"},{"label":"Status","value":"Available. Released 2024, September 25"}]},{"category":"Body","specs":[{"label":"Dimensions","value":"163.2 x 75.9 x 7.8 mm or 8.0 mm"},{"label":"Weight","value":"188 g or 190 g (6.63 oz)"},{"label":"Build","value":"Glass front, plastic back, plastic frame"},{"label":"SIM","value":"Nano-SIM + Nano-SIM"}]},{"category":"Display","specs":[{"label":"Type","value":"AMOLED, 1B colors, 120Hz, 1200 nits (HBM), 1800 nits (peak)"},{"label":"Size","value":"6.67 inches, 107.4 cm 2 (~86.7% screen-to-body ratio)"},{"label":"Resolution","value":"1080 x 2400 pixels, 20:9 ratio (~395 ppi density)"}]},{"category":"Platform","specs":[{"label":"OS","value":"Android 14, Funtouch 14"},{"label":"Chipset","value":"Qualcomm SM6225 Snapdragon 685 (6 nm)"},{"label":"CPU","value":"Octa-core (4x2.8 GHz Cortex-A73 & 4x1.9 GHz Cortex-A53)"},{"label":"GPU","value":"Adreno 610"}]},{"category":"Memory","specs":[{"label":"Card slot","value":"microSDXC (uses shared SIM slot)"},{"label":"Internal","value":"128GB 8GB RAM, 256GB 8GB RAM"}]},{"category":"Main Camera","specs":[{"label":"Dual","value":"50 MP, f/1.8, (wide), 1/1.95\\", 0.8µm, PDAF"},{"label":"Features","value":"Ring-LED flash, panorama, HDR"},{"label":"Video","value":"1080p@30fps"}]},{"category":"Selfie camera","specs":[{"label":"Single","value":"32 MP, f/2.5, (wide)"},{"label":"Video","value":"1080p@30fps"}]},{"category":"Sound","specs":[{"label":"Loudspeaker","value":"Yes, with stereo speakers"},{"label":"3.5mm jack","value":"No"}]},{"category":"Comms","specs":[{"label":"WLAN","value":"Wi-Fi 802.11 a/b/g/n/ac, dual-band"},{"label":"Bluetooth","value":"5.0, A2DP, LE"},{"label":"Positioning","value":"GPS, GLONASS, GALILEO, BDS, QZSS"},{"label":"NFC","value":"Yes"},{"label":"USB","value":"USB Type-C 2.0, OTG"},{"label":"Radio","value":"No"}]},{"category":"Features","specs":[{"label":"Sensors","value":"Fingerprint (under display, optical), accelerometer, gyro, proximity, compass"}]},{"category":"Battery","specs":[{"label":"Type","value":"Li-Ion 5000 mAh"},{"label":"Charging","value":"80W wired, 45% in 15 min"}]},{"category":"Misc","specs":[{"label":"Colors","value":"Titanium Silver, Carbon Black, Pearl Violet"},{"label":"Price","value":"About 200 EUR"}]}]');
INSERT OR IGNORE INTO device_pictures (device_id, url, position) VALUES (817, 'https://fdn2.gsmarena.com/vv/bigpic/vivo-v40-lite-idn.jpg', 0);
INSERT OR IGNORE INTO device_pictures (device_id, url, position) VALUES (817, 'https://fdn2.gsmarena.com/vv/pics/vivo/vivo-v40-lite-idn-1.jpg', 1);
INSERT OR IGNORE INTO device_pictures (device_id, url, position) VALUES (817, 'https://fdn2.gsmarena.com/vv/pics/vivo/vivo-v40-lite-idn-2.jpg', 2);
INSERT OR IGNORE INTO device_pictures (device_id, url, position) VALUES (817, 'https://fdn2.gsmarena.com/vv/pics/vivo/vivo-v40-lite-idn-4.jpg', 3);
INSERT OR IGNORE INTO devices (id, brand_id, name, gsmarena_url, thumbnail_url, summary) VALUES (818, 5, 'V40 Lite (IDN)', 'https://www.gsmarena.com/vivo_v40_lite_(idn)-13353.php', 'https://fdn2.gsmarena.com/vv/bigpic/vivo-v40-lite-5g-idn.jpg', 'V40 Lite (IDN)');
INSERT OR IGNORE INTO device_specs (device_id, announced, status, network, os, chipset, cpu, gpu, display_size, display_type, display_res, ram, storage, main_camera, selfie_camera, battery, charging, nfc, usb, bluetooth, wlan, colors, weight, dimensions, sim, sensors, popularity, fans, rating, full_specs_json) VALUES (818, '2024, September 25', 'Available. Released 2024, September 25', 'GSM / HSPA / LTE / 5G / 5G', 'Android 14, Funtouch 14', 'Qualcomm SM4450 Snapdragon 4 Gen 2 (4 nm)', 'Octa-core (2x2.2 GHz Cortex-A78 & 6x1.95 GHz Cortex-A55)', 'Adreno 613', '6.67 inches, 107.4 cm 2 (~86.7% screen-to-body ratio)', 'AMOLED, 1B colors, 120Hz, 1200 nits (HBM), 1800 nits (peak)', '1080 x 2400 pixels, 20:9 ratio (~395 ppi density)', '8GB', '128GB', '50 MP, f/1.8, (wide), 1/1.95", 0.8µm, PDAF, Ring-LED flash, panorama, HDR', '32 MP, f/2.5, (wide), 1080p@30fps', 'Li-Ion 5000 mAh', '80W wired, 80% in 30 min', 'Yes', 'USB Type-C 2.0, OTG', '5.0, A2DP, LE', 'Wi-Fi 802.11 a/b/g/n/ac, dual-band', 'Titanium Silver, Carbon Black', '188 g or 190 g (6.63 oz)', '163.2 x 75.9 x 7.8 mm or 8.0 mm', 'Nano-SIM + Nano-SIM', 'Fingerprint (under display, optical), accelerometer, gyro, proximity, compass', 'About 250 EUR', NULL, NULL, '[{"category":"Network","specs":[{"label":"Technology","value":"GSM / HSPA / LTE / 5G"},{"label":"2G bands","value":"GSM 850 / 900 / 1800 / 1900"},{"label":"3G bands","value":"HSDPA 850 / 900 / 1700(AWS) / 1900 / 2100"},{"label":"4G bands","value":"1, 2, 3, 4, 5, 7, 8, 18, 19, 20, 26, 28, 38, 39, 40, 41"},{"label":"5G bands","value":"1, 3, 5, 7, 8, 20, 28, 38, 40, 41, 77, 78 SA/NSA"},{"label":"Speed","value":"HSPA, LTE, 5G"}]},{"category":"Launch","specs":[{"label":"Announced","value":"2024, September 25"},{"label":"Status","value":"Available. Released 2024, September 25"}]},{"category":"Body","specs":[{"label":"Dimensions","value":"163.2 x 75.9 x 7.8 mm or 8.0 mm"},{"label":"Weight","value":"188 g or 190 g (6.63 oz)"},{"label":"Build","value":"Glass front, plastic back, plastic frame"},{"label":"SIM","value":"Nano-SIM + Nano-SIM"}]},{"category":"Display","specs":[{"label":"Type","value":"AMOLED, 1B colors, 120Hz, 1200 nits (HBM), 1800 nits (peak)"},{"label":"Size","value":"6.67 inches, 107.4 cm 2 (~86.7% screen-to-body ratio)"},{"label":"Resolution","value":"1080 x 2400 pixels, 20:9 ratio (~395 ppi density)"}]},{"category":"Platform","specs":[{"label":"OS","value":"Android 14, Funtouch 14"},{"label":"Chipset","value":"Qualcomm SM4450 Snapdragon 4 Gen 2 (4 nm)"},{"label":"CPU","value":"Octa-core (2x2.2 GHz Cortex-A78 & 6x1.95 GHz Cortex-A55)"},{"label":"GPU","value":"Adreno 613"}]},{"category":"Memory","specs":[{"label":"Card slot","value":"microSDXC (uses shared SIM slot)"},{"label":"Internal","value":"128GB 8GB RAM, 256GB 8GB RAM, 256GB 12GB RAM, 512GB 12GB RAM"}]},{"category":"Main Camera","specs":[{"label":"Dual","value":"50 MP, f/1.8, (wide), 1/1.95\\", 0.8µm, PDAF"},{"label":"Features","value":"Ring-LED flash, panorama, HDR"},{"label":"Video","value":"1080p@30fps"}]},{"category":"Selfie camera","specs":[{"label":"Single","value":"32 MP, f/2.5, (wide)"},{"label":"Video","value":"1080p@30fps"}]},{"category":"Sound","specs":[{"label":"Loudspeaker","value":"Yes, with stereo speakers"},{"label":"3.5mm jack","value":"No"}]},{"category":"Comms","specs":[{"label":"WLAN","value":"Wi-Fi 802.11 a/b/g/n/ac, dual-band"},{"label":"Bluetooth","value":"5.0, A2DP, LE"},{"label":"Positioning","value":"GPS, GLONASS, GALILEO, BDS, QZSS"},{"label":"NFC","value":"Yes"},{"label":"USB","value":"USB Type-C 2.0, OTG"},{"label":"Radio","value":"No"}]},{"category":"Features","specs":[{"label":"Sensors","value":"Fingerprint (under display, optical), accelerometer, gyro, proximity, compass"}]},{"category":"Battery","specs":[{"label":"Type","value":"Li-Ion 5000 mAh"},{"label":"Charging","value":"80W wired, 80% in 30 min"}]},{"category":"Misc","specs":[{"label":"Colors","value":"Titanium Silver, Carbon Black"},{"label":"Models","value":"V2417"},{"label":"Price","value":"About 250 EUR"}]}]');
INSERT OR IGNORE INTO device_pictures (device_id, url, position) VALUES (818, 'https://fdn2.gsmarena.com/vv/bigpic/vivo-v40-lite-5g-idn.jpg', 0);
INSERT OR IGNORE INTO device_pictures (device_id, url, position) VALUES (818, 'https://fdn2.gsmarena.com/vv/pics/vivo/vivo-v40-lite-5g-idn-1.jpg', 1);
INSERT OR IGNORE INTO device_pictures (device_id, url, position) VALUES (818, 'https://fdn2.gsmarena.com/vv/pics/vivo/vivo-v40-lite-5g-idn-2.jpg', 2);
INSERT OR IGNORE INTO devices (id, brand_id, name, gsmarena_url, thumbnail_url, summary) VALUES (819, 5, 'V40e', 'https://www.gsmarena.com/vivo_v40e-13339.php', 'https://fdn2.gsmarena.com/vv/bigpic/vivo-v40e.jpg', 'V40e');
INSERT OR IGNORE INTO device_specs (device_id, announced, status, network, os, chipset, cpu, gpu, display_size, display_type, display_res, ram, storage, main_camera, selfie_camera, battery, charging, nfc, usb, bluetooth, wlan, colors, weight, dimensions, sim, sensors, popularity, fans, rating, full_specs_json) VALUES (819, '2024, September 25', 'Available. Released 2024, October 02', 'GSM / HSPA / LTE / 5G / 5G', 'Android 14, Funtouch 14', 'Mediatek Dimensity 7300 (4 nm)', 'Octa-core (4x2.5 GHz Cortex-A78 & 4x2.0 GHz Cortex-A55)', 'Mali-G615 MC2', '6.77 inches, 110.9 cm 2 (~90.3% screen-to-body ratio)', 'AMOLED, 1B colors, 120Hz, 2160Hz PWM, HDR10+', '1080 x 2392 pixels (~388 ppi density)', '8GB', '128GB', '50 MP, f/2.0, (wide), 1/1.95", 0.8µm, PDAF, OIS, Ring-LED flash, panorama, HDR', '50 MP, f/2.0, (wide), 1/2.76", 0.64µm, AF, 1080p@30fps', 'Li-Ion 5500 mAh', '80W wired', 'No', 'USB Type-C 2.0, OTG', '5.4, A2DP, LE', 'Wi-Fi 802.11 a/b/g/n/ac, dual-band', 'Royal Bronze, Mint Green', '183 g (6.46 oz)', '163.7 x 75 x 7.5 mm (6.44 x 2.95 x 0.30 in)', 'Nano-SIM + Nano-SIM', 'Fingerprint (under display, optical), accelerometer, gyro, proximity, compass', '₹ 27,499', NULL, NULL, '[{"category":"Network","specs":[{"label":"Technology","value":"GSM / HSPA / LTE / 5G"},{"label":"2G bands","value":"GSM 850 / 900 / 1800 / 1900"},{"label":"3G bands","value":"HSDPA 850 / 900 / 2100"},{"label":"4G bands","value":"1, 3, 5, 8, 28, 38, 40, 41"},{"label":"5G bands","value":"1, 3, 5, 8, 28, 40, 77, 78 SA/NSA"},{"label":"Speed","value":"HSPA, LTE, 5G"}]},{"category":"Launch","specs":[{"label":"Announced","value":"2024, September 25"},{"label":"Status","value":"Available. Released 2024, October 02"}]},{"category":"Body","specs":[{"label":"Dimensions","value":"163.7 x 75 x 7.5 mm (6.44 x 2.95 x 0.30 in)"},{"label":"Weight","value":"183 g (6.46 oz)"},{"label":"Build","value":"Glass front, plastic back, plastic frame"},{"label":"SIM","value":"Nano-SIM + Nano-SIM"}]},{"category":"Display","specs":[{"label":"Type","value":"AMOLED, 1B colors, 120Hz, 2160Hz PWM, HDR10+"},{"label":"Size","value":"6.77 inches, 110.9 cm 2 (~90.3% screen-to-body ratio)"},{"label":"Resolution","value":"1080 x 2392 pixels (~388 ppi density)"}]},{"category":"Platform","specs":[{"label":"OS","value":"Android 14, Funtouch 14"},{"label":"Chipset","value":"Mediatek Dimensity 7300 (4 nm)"},{"label":"CPU","value":"Octa-core (4x2.5 GHz Cortex-A78 & 4x2.0 GHz Cortex-A55)"},{"label":"GPU","value":"Mali-G615 MC2"}]},{"category":"Memory","specs":[{"label":"Card slot","value":"No"},{"label":"Internal","value":"128GB 8GB RAM, 256GB 8GB RAM"}]},{"category":"Main Camera","specs":[{"label":"Dual","value":"50 MP, f/2.0, (wide), 1/1.95\\", 0.8µm, PDAF, OIS"},{"label":"Features","value":"Ring-LED flash, panorama, HDR"},{"label":"Video","value":"4K, 1080p, HDR, gyro-EIS, OIS"}]},{"category":"Selfie camera","specs":[{"label":"Single","value":"50 MP, f/2.0, (wide), 1/2.76\\", 0.64µm, AF"},{"label":"Video","value":"1080p@30fps"}]},{"category":"Sound","specs":[{"label":"Loudspeaker","value":"Yes, with stereo speakers"},{"label":"3.5mm jack","value":"No"}]},{"category":"Comms","specs":[{"label":"WLAN","value":"Wi-Fi 802.11 a/b/g/n/ac, dual-band"},{"label":"Bluetooth","value":"5.4, A2DP, LE"},{"label":"Positioning","value":"GPS, GALILEO, GLONASS, BDS, QZSS"},{"label":"NFC","value":"No"},{"label":"USB","value":"USB Type-C 2.0, OTG"},{"label":"Radio","value":"No"}]},{"category":"Features","specs":[{"label":"Sensors","value":"Fingerprint (under display, optical), accelerometer, gyro, proximity, compass"}]},{"category":"Battery","specs":[{"label":"Type","value":"Li-Ion 5500 mAh"},{"label":"Charging","value":"80W wired"}]},{"category":"Misc","specs":[{"label":"Colors","value":"Royal Bronze, Mint Green"},{"label":"Models","value":"V2403"},{"label":"SAR","value":"0.88 W/kg (head)     0.84 W/kg (body)"},{"label":"Price","value":"₹ 27,499"}]}]');
INSERT OR IGNORE INTO device_pictures (device_id, url, position) VALUES (819, 'https://fdn2.gsmarena.com/vv/bigpic/vivo-v40e.jpg', 0);
INSERT OR IGNORE INTO device_pictures (device_id, url, position) VALUES (819, 'https://fdn2.gsmarena.com/vv/pics/vivo/vivo-v40e-1.jpg', 1);
INSERT OR IGNORE INTO device_pictures (device_id, url, position) VALUES (819, 'https://fdn2.gsmarena.com/vv/pics/vivo/vivo-v40e-2.jpg', 2);
INSERT OR IGNORE INTO devices (id, brand_id, name, gsmarena_url, thumbnail_url, summary) VALUES (820, 5, 'iQOO Z9 Turbo+', 'https://www.gsmarena.com/vivo_iqoo_z9_turbo+-13359.php', 'https://fdn2.gsmarena.com/vv/bigpic/vivo-iqoo-z9-turbo-plus.jpg', 'iQOO Z9 Turbo+');
INSERT OR IGNORE INTO device_specs (device_id, announced, status, network, os, chipset, cpu, gpu, display_size, display_type, display_res, ram, storage, main_camera, selfie_camera, battery, charging, nfc, usb, bluetooth, wlan, colors, weight, dimensions, sim, sensors, popularity, fans, rating, full_specs_json) VALUES (820, '2024, September 24', 'Available. Released 2024, September 24', 'GSM / CDMA / HSPA / LTE / 5G / 5G', 'Android 14, OriginOS 4', 'Mediatek Dimensity 9300+ (4 nm)', 'Octa-core (1x3.4 GHz Cortex-X4 & 3x2.85 GHz Cortex-X4 & 4x2.0 GHz Cortex-A720)', 'Immortalis-G720 MC12', '6.78 inches, 111.0 cm 2 (~89.3% screen-to-body ratio)', 'AMOLED, 1B colors, 144Hz, HDR, 4500 nits (peak)', '1260 x 2800 pixels, 20:9 ratio (~453 ppi density)', '12GB', '256GB', '50 MP, f/1.8, (wide), 1/1.95", 0.8µm, PDAF, OIS, LED flash, panorama, HDR', '16 MP, f/2.5, (wide), 1/3.0", 1.0µm, 1080p@30fps, gyro-EIS', 'Si/C Li-Ion 6400 mAh', '80W wired', 'Yes', 'USB Type-C 2.0, OTG', '5.4, A2DP, LE, aptX HD, aptX Adaptive, aptX Lossless', 'Wi-Fi 802.11 a/b/g/n/ac/6/7, dual-band', 'Black, White, Titanium', '196 g (6.91 oz)', '163.7 x 75.9 x 8 mm (6.44 x 2.99 x 0.31 in)', 'Nano-SIM + Nano-SIM', 'Fingerprint (under display, optical), accelerometer, gyro, proximity, compass', 'About 280 EUR', NULL, NULL, '[{"category":"Network","specs":[{"label":"Technology","value":"GSM / CDMA / HSPA / LTE / 5G"},{"label":"2G bands","value":"GSM 850 / 900 / 1800 / 1900"},{"label":"3G bands","value":"HSDPA 850 / 900 / 2100"},{"label":"4G bands","value":"1, 3, 5, 8, 28, 34, 38, 39, 40, 41"},{"label":"5G bands","value":"1, 3, 5, 8, 28, 38, 40, 41, 77, 78 SA/NSA"},{"label":"Speed","value":"HSPA, LTE, 5G"}]},{"category":"Launch","specs":[{"label":"Announced","value":"2024, September 24"},{"label":"Status","value":"Available. Released 2024, September 24"}]},{"category":"Body","specs":[{"label":"Dimensions","value":"163.7 x 75.9 x 8 mm (6.44 x 2.99 x 0.31 in)"},{"label":"Weight","value":"196 g (6.91 oz)"},{"label":"Build","value":"Glass front, plastic back, plastic frame"},{"label":"SIM","value":"Nano-SIM + Nano-SIM"}]},{"category":"Display","specs":[{"label":"Type","value":"AMOLED, 1B colors, 144Hz, HDR, 4500 nits (peak)"},{"label":"Size","value":"6.78 inches, 111.0 cm 2 (~89.3% screen-to-body ratio)"},{"label":"Resolution","value":"1260 x 2800 pixels, 20:9 ratio (~453 ppi density)"}]},{"category":"Platform","specs":[{"label":"OS","value":"Android 14, OriginOS 4"},{"label":"Chipset","value":"Mediatek Dimensity 9300+ (4 nm)"},{"label":"CPU","value":"Octa-core (1x3.4 GHz Cortex-X4 & 3x2.85 GHz Cortex-X4 & 4x2.0 GHz Cortex-A720)"},{"label":"GPU","value":"Immortalis-G720 MC12"}]},{"category":"Memory","specs":[{"label":"Card slot","value":"Unspecified"},{"label":"Internal","value":"256GB 12GB RAM, 256GB 16GB RAM, 512GB 12GB RAM, 512GB 16GB RAM"}]},{"category":"Main Camera","specs":[{"label":"Dual","value":"50 MP, f/1.8, (wide), 1/1.95\\", 0.8µm, PDAF, OIS"},{"label":"Features","value":"LED flash, panorama, HDR"},{"label":"Video","value":"4K@30/60fps, 1080p, gyro-EIS, OIS"}]},{"category":"Selfie camera","specs":[{"label":"Single","value":"16 MP, f/2.5, (wide), 1/3.0\\", 1.0µm"},{"label":"Video","value":"1080p@30fps, gyro-EIS"}]},{"category":"Sound","specs":[{"label":"Loudspeaker","value":"Yes, with stereo speakers"},{"label":"3.5mm jack","value":"No"}]},{"category":"Comms","specs":[{"label":"WLAN","value":"Wi-Fi 802.11 a/b/g/n/ac/6/7, dual-band"},{"label":"Bluetooth","value":"5.4, A2DP, LE, aptX HD, aptX Adaptive, aptX Lossless"},{"label":"Positioning","value":"GPS (L1+L5), BDS (B1I+B1C+B2a+B2b), GALILEO (E1+E5a+E5b), QZSS (L1+L5), GLONASS, NavIC (L5)"},{"label":"NFC","value":"Yes"},{"label":"USB","value":"USB Type-C 2.0, OTG"},{"label":"Radio","value":"No"},{"label":"Infrared port","value":"Yes"}]},{"category":"Features","specs":[{"label":"Sensors","value":"Fingerprint (under display, optical), accelerometer, gyro, proximity, compass"}]},{"category":"Battery","specs":[{"label":"Type","value":"Si/C Li-Ion 6400 mAh"},{"label":"Charging","value":"80W wired"}]},{"category":"Misc","specs":[{"label":"Colors","value":"Black, White, Titanium"},{"label":"Models","value":"V2417A"},{"label":"Price","value":"About 280 EUR"}]}]');
INSERT OR IGNORE INTO device_pictures (device_id, url, position) VALUES (820, 'https://fdn2.gsmarena.com/vv/bigpic/vivo-iqoo-z9-turbo-plus.jpg', 0);
INSERT OR IGNORE INTO device_pictures (device_id, url, position) VALUES (820, 'https://fdn2.gsmarena.com/vv/pics/vivo/vivo-iqoo-z9-turbo-plus-1.jpg', 1);
INSERT OR IGNORE INTO device_pictures (device_id, url, position) VALUES (820, 'https://fdn2.gsmarena.com/vv/pics/vivo/vivo-iqoo-z9-turbo-plus-2.jpg', 2);
INSERT OR IGNORE INTO device_pictures (device_id, url, position) VALUES (820, 'https://fdn2.gsmarena.com/vv/pics/vivo/vivo-iqoo-z9-turbo-plus-3.jpg', 3);
INSERT OR IGNORE INTO devices (id, brand_id, name, gsmarena_url, thumbnail_url, summary) VALUES (821, 5, 'T3 Ultra', 'https://www.gsmarena.com/vivo_t3_ultra-13321.php', 'https://fdn2.gsmarena.com/vv/bigpic/vivo-t3-ultra.jpg', 'T3 Ultra');
INSERT OR IGNORE INTO device_specs (device_id, announced, status, network, os, chipset, cpu, gpu, display_size, display_type, display_res, ram, storage, main_camera, selfie_camera, battery, charging, nfc, usb, bluetooth, wlan, colors, weight, dimensions, sim, sensors, popularity, fans, rating, full_specs_json) VALUES (821, '2024, September 12', 'Available. Released 2024, September 19', 'GSM / HSPA / LTE / 5G / 5G', 'Android 14, Funtouch 14', 'Mediatek Dimensity 9200+ (4 nm)', 'Octa-core (1x3.35 GHz Cortex-X3 & 3x3.0 GHz Cortex-A715 & 4x2.0 GHz Cortex-A510)', 'Immortalis-G715 MC11', '6.78 inches, 111.0 cm 2 (~90.2% screen-to-body ratio)', 'AMOLED, 1B colors, HDR10+, 120Hz, 4500 nits (peak)', '1260 x 2800 pixels, 20:9 ratio (~453 ppi density)', '8GB', '128GB', '50 MP, f/1.9, 24mm (wide), 1/1.56", 1.0µm, PDAF, OIS, Ring-LED flash, panorama, HDR', '50 MP, f/2.0, 21mm (wide), 1/2.76", 0.64µm, AF, 4K@30/60fps, 1080p@30fps', 'Li-Ion 5500 mAh', '80W wired, PD, 100% in 56 min', 'No', 'USB Type-C 2.0, OTG', '5.3, A2DP, LE', 'Wi-Fi 802.11 a/b/g/n/ac, dual-band', 'Lunar Gray, Frost Green', '192 g (6.77 oz)', '164.2 x 74.9 x 7.6 mm (6.46 x 2.95 x 0.30 in)', 'Nano-SIM + Nano-SIM', 'Fingerprint (under display, optical), accelerometer, gyro, proximity, compass', 'About 350 EUR', NULL, NULL, '[{"category":"Network","specs":[{"label":"Technology","value":"GSM / HSPA / LTE / 5G"},{"label":"2G bands","value":"GSM 850 / 900 / 1800 / 1900"},{"label":"3G bands","value":"HSDPA 850 / 900 / 1900 / 2100"},{"label":"4G bands","value":"1, 3, 4, 5, 7, 8, 18, 19, 26, 28, 38, 39, 40, 41"},{"label":"5G bands","value":"1, 3, 5, 8, 28, 40, 77, 78 SA/NSA"},{"label":"Speed","value":"HSPA, LTE, 5G"}]},{"category":"Launch","specs":[{"label":"Announced","value":"2024, September 12"},{"label":"Status","value":"Available. Released 2024, September 19"}]},{"category":"Body","specs":[{"label":"Dimensions","value":"164.2 x 74.9 x 7.6 mm (6.46 x 2.95 x 0.30 in)"},{"label":"Weight","value":"192 g (6.77 oz)"},{"label":"Build","value":"Glass front, glass back"},{"label":"SIM","value":"Nano-SIM + Nano-SIM"}]},{"category":"Display","specs":[{"label":"Type","value":"AMOLED, 1B colors, HDR10+, 120Hz, 4500 nits (peak)"},{"label":"Size","value":"6.78 inches, 111.0 cm 2 (~90.2% screen-to-body ratio)"},{"label":"Resolution","value":"1260 x 2800 pixels, 20:9 ratio (~453 ppi density)"},{"label":"Protection","value":"Schott Xensation Alpha"}]},{"category":"Platform","specs":[{"label":"OS","value":"Android 14, Funtouch 14"},{"label":"Chipset","value":"Mediatek Dimensity 9200+ (4 nm)"},{"label":"CPU","value":"Octa-core (1x3.35 GHz Cortex-X3 & 3x3.0 GHz Cortex-A715 & 4x2.0 GHz Cortex-A510)"},{"label":"GPU","value":"Immortalis-G715 MC11"}]},{"category":"Memory","specs":[{"label":"Card slot","value":"No"},{"label":"Internal","value":"128GB 8GB RAM, 256GB 8GB RAM, 256GB 12GB RAM"}]},{"category":"Main Camera","specs":[{"label":"Dual","value":"50 MP, f/1.9, 24mm (wide), 1/1.56\\", 1.0µm, PDAF, OIS"},{"label":"Features","value":"Ring-LED flash, panorama, HDR"},{"label":"Video","value":"4K@30/60fps, 1080p@30fps, gyro-EIS, OIS"}]},{"category":"Selfie camera","specs":[{"label":"Single","value":"50 MP, f/2.0, 21mm (wide), 1/2.76\\", 0.64µm, AF"},{"label":"Video","value":"4K@30/60fps, 1080p@30fps"},{"label":"Features","value":"HDR"}]},{"category":"Sound","specs":[{"label":"Loudspeaker","value":"Yes, with stereo speakers"},{"label":"3.5mm jack","value":"No"}]},{"category":"Comms","specs":[{"label":"WLAN","value":"Wi-Fi 802.11 a/b/g/n/ac, dual-band"},{"label":"Bluetooth","value":"5.3, A2DP, LE"},{"label":"Positioning","value":"GPS, GALILEO, GLONASS, QZSS, BDS, NavIC"},{"label":"NFC","value":"No"},{"label":"USB","value":"USB Type-C 2.0, OTG"},{"label":"Radio","value":"No"}]},{"category":"Features","specs":[{"label":"Sensors","value":"Fingerprint (under display, optical), accelerometer, gyro, proximity, compass"}]},{"category":"Battery","specs":[{"label":"Type","value":"Li-Ion 5500 mAh"},{"label":"Charging","value":"80W wired, PD, 100% in 56 min"}]},{"category":"Misc","specs":[{"label":"Colors","value":"Lunar Gray, Frost Green"},{"label":"Models","value":"V2426"},{"label":"SAR","value":"0.99 W/kg (head)     0.99 W/kg (body)"},{"label":"Price","value":"About 350 EUR"}]}]');
INSERT OR IGNORE INTO device_pictures (device_id, url, position) VALUES (821, 'https://fdn2.gsmarena.com/vv/bigpic/vivo-t3-ultra.jpg', 0);
INSERT OR IGNORE INTO device_pictures (device_id, url, position) VALUES (821, 'https://fdn2.gsmarena.com/vv/pics/vivo/vivo-t3-ultra-1.jpg', 1);
INSERT OR IGNORE INTO device_pictures (device_id, url, position) VALUES (821, 'https://fdn2.gsmarena.com/vv/pics/vivo/vivo-t3-ultra-2.jpg', 2);
INSERT OR IGNORE INTO device_pictures (device_id, url, position) VALUES (821, 'https://fdn2.gsmarena.com/vv/pics/vivo/vivo-t3-ultra-3.jpg', 3);
INSERT OR IGNORE INTO devices (id, brand_id, name, gsmarena_url, thumbnail_url, summary) VALUES (822, 5, 'Y300 Pro', 'https://www.gsmarena.com/vivo_y300_pro-13306.php', 'https://fdn2.gsmarena.com/vv/bigpic/vivo-y300-pro.jpg', 'Y300 Pro');
INSERT OR IGNORE INTO device_specs (device_id, announced, status, network, os, chipset, cpu, gpu, display_size, display_type, display_res, ram, storage, main_camera, selfie_camera, battery, charging, nfc, usb, bluetooth, wlan, colors, weight, dimensions, sim, sensors, popularity, fans, rating, full_specs_json) VALUES (822, '2024, September 05', 'Available. Released 2024, September 14', 'GSM / CDMA / HSPA / CDMA2000 / LTE / 5G / 5G', 'Android 14, OriginOS 4', 'Qualcomm SM6450 Snapdragon 6 Gen 1 (4 nm)', 'Octa-core (4x2.2 GHz Cortex-A78 & 4x1.8 GHz Cortex-A55)', 'Adreno 710', '6.77 inches, 110.9 cm 2 (~88.8% screen-to-body ratio)', 'AMOLED, 1B colors, 120Hz, 5000 nits (peak)', '1080 x 2392 pixels (~388 ppi density)', '8GB', '128GB', '50 MP, f/1.8, (wide), 1/1.95", 0.8µm, PDAF, LED flash, HDR, panorama', '32 MP, f/2.0, (wide), 1080p@30fps', '6500 mAh', '80W wired', 'No', 'USB Type-C 2.0, OTG', '5.1, A2DP, LE, aptX HD, aptX Adaptive', 'Wi-Fi 802.11 a/b/g/n/ac, dual-band', 'Black, Ocean Blue, Titanium, White', '194 g (6.84 oz)', '163.4 x 76.4 x 7.7 mm (6.43 x 3.01 x 0.30 in)', 'Nano-SIM + Nano-SIM', 'Fingerprint (under display, optical), accelerometer, gyro, proximity, compass', 'About 230 EUR', NULL, NULL, '[{"category":"Network","specs":[{"label":"Technology","value":"GSM / CDMA / HSPA / CDMA2000 / LTE / 5G"},{"label":"2G bands","value":"GSM 850 / 900 / 1800 / 1900"},{"label":"3G bands","value":"HSDPA 850 / 900 / 2100"},{"label":"4G bands","value":"1, 3, 5, 8, 28, 38, 39, 40, 41"},{"label":"5G bands","value":"1, 3, 5, 8, 28, 38, 40, 41, 77, 78 SA/NSA"},{"label":"Speed","value":"HSPA, LTE, 5G"}]},{"category":"Launch","specs":[{"label":"Announced","value":"2024, September 05"},{"label":"Status","value":"Available. Released 2024, September 14"}]},{"category":"Body","specs":[{"label":"Dimensions","value":"163.4 x 76.4 x 7.7 mm (6.43 x 3.01 x 0.30 in)"},{"label":"Weight","value":"194 g (6.84 oz)"},{"label":"SIM","value":"Nano-SIM + Nano-SIM"}]},{"category":"Display","specs":[{"label":"Type","value":"AMOLED, 1B colors, 120Hz, 5000 nits (peak)"},{"label":"Size","value":"6.77 inches, 110.9 cm 2 (~88.8% screen-to-body ratio)"},{"label":"Resolution","value":"1080 x 2392 pixels (~388 ppi density)"}]},{"category":"Platform","specs":[{"label":"OS","value":"Android 14, OriginOS 4"},{"label":"Chipset","value":"Qualcomm SM6450 Snapdragon 6 Gen 1 (4 nm)"},{"label":"CPU","value":"Octa-core (4x2.2 GHz Cortex-A78 & 4x1.8 GHz Cortex-A55)"},{"label":"GPU","value":"Adreno 710"}]},{"category":"Memory","specs":[{"label":"Card slot","value":"No"},{"label":"Internal","value":"128GB 8GB RAM, 256GB 8GB RAM, 256GB 12GB RAM, 512GB 12GB RAM"}]},{"category":"Main Camera","specs":[{"label":"Dual","value":"50 MP, f/1.8, (wide), 1/1.95\\", 0.8µm, PDAF"},{"label":"Features","value":"LED flash, HDR, panorama"},{"label":"Video","value":"4K@30fps, 1080p@30fps, gyro-EIS"}]},{"category":"Selfie camera","specs":[{"label":"Single","value":"32 MP, f/2.0, (wide)"},{"label":"Video","value":"1080p@30fps"}]},{"category":"Sound","specs":[{"label":"Loudspeaker","value":"Yes"},{"label":"3.5mm jack","value":"No"}]},{"category":"Comms","specs":[{"label":"WLAN","value":"Wi-Fi 802.11 a/b/g/n/ac, dual-band"},{"label":"Bluetooth","value":"5.1, A2DP, LE, aptX HD, aptX Adaptive"},{"label":"Positioning","value":"GPS, GLONASS, GALILEO, BDS, QZSS"},{"label":"NFC","value":"No"},{"label":"USB","value":"USB Type-C 2.0, OTG"},{"label":"Radio","value":"No"},{"label":"Infrared port","value":"Yes"}]},{"category":"Features","specs":[{"label":"Sensors","value":"Fingerprint (under display, optical), accelerometer, gyro, proximity, compass"}]},{"category":"Battery","specs":[{"label":"Type","value":"6500 mAh"},{"label":"Charging","value":"80W wired"}]},{"category":"Misc","specs":[{"label":"Colors","value":"Black, Ocean Blue, Titanium, White"},{"label":"Models","value":"V2410A"},{"label":"Price","value":"About 230 EUR"}]}]');
INSERT OR IGNORE INTO device_pictures (device_id, url, position) VALUES (822, 'https://fdn2.gsmarena.com/vv/bigpic/vivo-y300-pro.jpg', 0);
INSERT OR IGNORE INTO device_pictures (device_id, url, position) VALUES (822, 'https://fdn2.gsmarena.com/vv/pics/vivo/vivo-y300-pro-1.jpg', 1);
INSERT OR IGNORE INTO device_pictures (device_id, url, position) VALUES (822, 'https://fdn2.gsmarena.com/vv/pics/vivo/vivo-y300-pro-2.jpg', 2);
INSERT OR IGNORE INTO device_pictures (device_id, url, position) VALUES (822, 'https://fdn2.gsmarena.com/vv/pics/vivo/vivo-y300-pro-3.jpg', 3);
INSERT OR IGNORE INTO devices (id, brand_id, name, gsmarena_url, thumbnail_url, summary) VALUES (823, 5, 'Y37 Pro', 'https://www.gsmarena.com/vivo_y37_pro-13308.php', 'https://fdn2.gsmarena.com/vv/bigpic/vivo-y37-pro.jpg', 'Y37 Pro');
INSERT OR IGNORE INTO device_specs (device_id, announced, status, network, os, chipset, cpu, gpu, display_size, display_type, display_res, ram, storage, main_camera, selfie_camera, battery, charging, nfc, usb, bluetooth, wlan, colors, weight, dimensions, sim, sensors, popularity, fans, rating, full_specs_json) VALUES (823, '2024, August 29', 'Available. Released 2024, September', 'GSM / CDMA / HSPA / CDMA2000 / LTE / 5G / 5G', 'Android 14, OriginOS 4', 'Qualcomm SM4450 Snapdragon 4 Gen 2 (4 nm)', 'Octa-core (2x2.2 GHz Cortex-A78 & 6x2.0 GHz Cortex-A55)', 'Adreno 613', '6.68 inches, 107.4 cm 2 (~85.3% screen-to-body ratio)', 'IPS LCD, 120Hz, 1000 nits (HBM)', '720 x 1608 pixels, 20:9 ratio (~264 ppi density)', '8GB', '256GB', '50 MP, f/1.8, (wide), PDAF, LED flash, panorama', '5 MP, f/2.2, (wide), 1080p@30fps', '6000 mAh', '44W wired, 50% in 36 min', 'No', 'USB Type-C 2.0, OTG', '4.2, A2DP, LE, aptX Adaptive', 'Wi-Fi 802.11 a/b/g/n/ac, dual-band', 'Dark Gray, Green, Apricot', '199 g (7.02 oz)', '165.7 x 76 x 8 mm (6.52 x 2.99 x 0.31 in)', 'Nano-SIM + Nano-SIM', 'Fingerprint (side-mounted), accelerometer, proximity, compass', 'About 230 EUR', NULL, NULL, '[{"category":"Network","specs":[{"label":"Technology","value":"GSM / CDMA / HSPA / CDMA2000 / LTE / 5G"},{"label":"2G bands","value":"GSM 850 / 900 / 1800 / 1900"},{"label":"3G bands","value":"HSDPA 850 / 900 / 2100"},{"label":"4G bands","value":"1, 3, 5, 8, 28, 34, 38, 39, 40, 41"},{"label":"5G bands","value":"1, 3, 5, 8, 28, 41, 77, 78 SA/NSA"},{"label":"Speed","value":"HSPA, LTE, 5G"}]},{"category":"Launch","specs":[{"label":"Announced","value":"2024, August 29"},{"label":"Status","value":"Available. Released 2024, September"}]},{"category":"Body","specs":[{"label":"Dimensions","value":"165.7 x 76 x 8 mm (6.52 x 2.99 x 0.31 in)"},{"label":"Weight","value":"199 g (7.02 oz)"},{"label":"Build","value":"Glass front, plastic frame, plastic back"},{"label":"SIM","value":"Nano-SIM + Nano-SIM"}]},{"category":"Display","specs":[{"label":"Type","value":"IPS LCD, 120Hz, 1000 nits (HBM)"},{"label":"Size","value":"6.68 inches, 107.4 cm 2 (~85.3% screen-to-body ratio)"},{"label":"Resolution","value":"720 x 1608 pixels, 20:9 ratio (~264 ppi density)"}]},{"category":"Platform","specs":[{"label":"OS","value":"Android 14, OriginOS 4"},{"label":"Chipset","value":"Qualcomm SM4450 Snapdragon 4 Gen 2 (4 nm)"},{"label":"CPU","value":"Octa-core (2x2.2 GHz Cortex-A78 & 6x2.0 GHz Cortex-A55)"},{"label":"GPU","value":"Adreno 613"}]},{"category":"Memory","specs":[{"label":"Card slot","value":"No"},{"label":"Internal","value":"256GB 8GB RAM"}]},{"category":"Main Camera","specs":[{"label":"Dual","value":"50 MP, f/1.8, (wide), PDAF"},{"label":"Features","value":"LED flash, panorama"},{"label":"Video","value":"1080p@30fps"}]},{"category":"Selfie camera","specs":[{"label":"Single","value":"5 MP, f/2.2, (wide)"},{"label":"Video","value":"1080p@30fps"}]},{"category":"Sound","specs":[{"label":"Loudspeaker","value":"Yes, with stereo speakers"},{"label":"3.5mm jack","value":"Yes"}]},{"category":"Comms","specs":[{"label":"WLAN","value":"Wi-Fi 802.11 a/b/g/n/ac, dual-band"},{"label":"Bluetooth","value":"4.2, A2DP, LE, aptX Adaptive"},{"label":"Positioning","value":"GPS, GALILEO, GLONASS, BDS, QZSS"},{"label":"NFC","value":"No"},{"label":"USB","value":"USB Type-C 2.0, OTG"},{"label":"Radio","value":"No"}]},{"category":"Features","specs":[{"label":"Sensors","value":"Fingerprint (side-mounted), accelerometer, proximity, compass"}]},{"category":"Battery","specs":[{"label":"Type","value":"6000 mAh"},{"label":"Charging","value":"44W wired, 50% in 36 min"}]},{"category":"Misc","specs":[{"label":"Colors","value":"Dark Gray, Green, Apricot"},{"label":"Models","value":"V2354A"},{"label":"Price","value":"About 230 EUR"}]}]');
INSERT OR IGNORE INTO device_pictures (device_id, url, position) VALUES (823, 'https://fdn2.gsmarena.com/vv/bigpic/vivo-y37-pro.jpg', 0);
INSERT OR IGNORE INTO device_pictures (device_id, url, position) VALUES (823, 'https://fdn2.gsmarena.com/vv/pics/vivo/vivo-y37-pro-1.jpg', 1);
INSERT OR IGNORE INTO device_pictures (device_id, url, position) VALUES (823, 'https://fdn2.gsmarena.com/vv/pics/vivo/vivo-y37-pro-2.jpg', 2);
INSERT OR IGNORE INTO device_pictures (device_id, url, position) VALUES (823, 'https://fdn2.gsmarena.com/vv/pics/vivo/vivo-y37-pro-3.jpg', 3);
INSERT OR IGNORE INTO devices (id, brand_id, name, gsmarena_url, thumbnail_url, summary) VALUES (824, 5, 'Y37', 'https://www.gsmarena.com/vivo_y37-13309.php', 'https://fdn2.gsmarena.com/vv/bigpic/vivo-y37-2024.jpg', 'Y37');
INSERT OR IGNORE INTO device_specs (device_id, announced, status, network, os, chipset, cpu, gpu, display_size, display_type, display_res, ram, storage, main_camera, selfie_camera, battery, charging, nfc, usb, bluetooth, wlan, colors, weight, dimensions, sim, sensors, popularity, fans, rating, full_specs_json) VALUES (824, '2024, July 15', 'Available. Released 2024, August', 'GSM / CDMA / HSPA / CDMA2000 / LTE / 5G / 5G', 'Android 14, Funtouch OS 14 (International), OriginOS 4 (China)', 'Mediatek Dimensity 6300 (6 nm)', 'Octa-core (2x2.4 GHz Cortex-A76 & 6x2.0 GHz Cortex-A55)', 'Mali-G57 MC2', '6.56 inches, 103.4 cm 2 (~83.6% screen-to-body ratio)', 'IPS LCD, 90Hz, 840 nits (HBM)', '720 x 1612 pixels, 20:9 ratio (~269 ppi density)', '4GB', '64GB', '13 MP, f/2.2, 25mm (wide), 1.12µm, AF, LED flash, panorama', '5 MP, f/2.2, (wide), 1/5.0", 1.12µm, 1080p@30fps', 'Li-Ion 5000 mAh', '15W wired', 'No', 'USB Type-C 2.0, OTG', '5.4, A2DP, LE, aptX HD', 'Wi-Fi 802.11 a/b/g/n/ac, dual-band', 'Black, Purple, Ocean Blue, Vintage Red, Breeze Green', '185 g (6.53 oz)', '163.6 x 75.6 x 8.4 mm (6.44 x 2.98 x 0.33 in)', 'Nano-SIM + Nano-SIM', 'Fingerprint (side-mounted), accelerometer, proximity, compass', 'About 150 EUR', NULL, NULL, '[{"category":"Network","specs":[{"label":"Technology","value":"GSM / CDMA / HSPA / CDMA2000 / LTE / 5G"},{"label":"2G bands","value":"GSM 850 / 900 / 1800 / 1900"},{"label":"3G bands","value":"HSDPA 850 / 900 / 2100"},{"label":"4G bands","value":"1, 3, 5, 8, 28, 34, 38, 39, 40, 41 - China"},{"label":"5G bands","value":"1, 5, 8, 28, 41, 77, 78 SA/NSA - China"},{"label":"Speed","value":"HSPA, LTE, 5G"}]},{"category":"Launch","specs":[{"label":"Announced","value":"2024, July 15"},{"label":"Status","value":"Available. Released 2024, August"}]},{"category":"Body","specs":[{"label":"Dimensions","value":"163.6 x 75.6 x 8.4 mm (6.44 x 2.98 x 0.33 in)"},{"label":"Weight","value":"185 g (6.53 oz)"},{"label":"Build","value":"Glass front, plastic frame, plastic back"},{"label":"SIM","value":"Nano-SIM + Nano-SIM"}]},{"category":"Display","specs":[{"label":"Type","value":"IPS LCD, 90Hz, 840 nits (HBM)"},{"label":"Size","value":"6.56 inches, 103.4 cm 2 (~83.6% screen-to-body ratio)"},{"label":"Resolution","value":"720 x 1612 pixels, 20:9 ratio (~269 ppi density)"}]},{"category":"Platform","specs":[{"label":"OS","value":"Android 14, Funtouch OS 14 (International), OriginOS 4 (China)"},{"label":"Chipset","value":"Mediatek Dimensity 6300 (6 nm)"},{"label":"CPU","value":"Octa-core (2x2.4 GHz Cortex-A76 & 6x2.0 GHz Cortex-A55)"},{"label":"GPU","value":"Mali-G57 MC2"}]},{"category":"Memory","specs":[{"label":"Card slot","value":"No"},{"label":"Internal","value":"64GB 4GB RAM, 128GB 4GB RAM, 128GB 6GB RAM, 128GB 8GB RAM, 256GB 8GB RAM, 256GB 12GB RAM"}]},{"category":"Main Camera","specs":[{"label":"Single","value":"13 MP, f/2.2, 25mm (wide), 1.12µm, AF"},{"label":"Features","value":"LED flash, panorama"},{"label":"Video","value":"1080p@30fps"}]},{"category":"Selfie camera","specs":[{"label":"Single","value":"5 MP, f/2.2, (wide), 1/5.0\\", 1.12µm"},{"label":"Video","value":"1080p@30fps"}]},{"category":"Sound","specs":[{"label":"Loudspeaker","value":"Yes"},{"label":"3.5mm jack","value":"Yes"}]},{"category":"Comms","specs":[{"label":"WLAN","value":"Wi-Fi 802.11 a/b/g/n/ac, dual-band"},{"label":"Bluetooth","value":"5.4, A2DP, LE, aptX HD"},{"label":"Positioning","value":"GPS, GALILEO, GLONASS, BDS, QZSS"},{"label":"NFC","value":"No"},{"label":"USB","value":"USB Type-C 2.0, OTG"},{"label":"Radio","value":"FM radio"}]},{"category":"Features","specs":[{"label":"Sensors","value":"Fingerprint (side-mounted), accelerometer, proximity, compass"}]},{"category":"Battery","specs":[{"label":"Type","value":"Li-Ion 5000 mAh"},{"label":"Charging","value":"15W wired"}]},{"category":"Misc","specs":[{"label":"Colors","value":"Black, Purple, Ocean Blue, Vintage Red, Breeze Green"},{"label":"Models","value":"V2357A, V2357EA, V2407"},{"label":"SAR","value":"0.99 W/kg (head)     0.74 W/kg (body)"},{"label":"Price","value":"About 150 EUR"}]}]');
INSERT OR IGNORE INTO device_pictures (device_id, url, position) VALUES (824, 'https://fdn2.gsmarena.com/vv/bigpic/vivo-y37-2024.jpg', 0);
INSERT OR IGNORE INTO device_pictures (device_id, url, position) VALUES (824, 'https://fdn2.gsmarena.com/vv/pics/vivo/vivo-y37-01.jpg', 1);
INSERT OR IGNORE INTO device_pictures (device_id, url, position) VALUES (824, 'https://fdn2.gsmarena.com/vv/pics/vivo/vivo-y37-3.jpg', 2);
INSERT OR IGNORE INTO device_pictures (device_id, url, position) VALUES (824, 'https://fdn2.gsmarena.com/vv/pics/vivo/vivo-y28e-1.jpg', 3);
INSERT OR IGNORE INTO devices (id, brand_id, name, gsmarena_url, thumbnail_url, summary) VALUES (825, 5, 'T3 Pro', 'https://www.gsmarena.com/vivo_t3_pro-13285.php', 'https://fdn2.gsmarena.com/vv/bigpic/vivo-t3-pro.jpg', 'T3 Pro');
INSERT OR IGNORE INTO device_specs (device_id, announced, status, network, os, chipset, cpu, gpu, display_size, display_type, display_res, ram, storage, main_camera, selfie_camera, battery, charging, nfc, usb, bluetooth, wlan, colors, weight, dimensions, sim, sensors, popularity, fans, rating, full_specs_json) VALUES (825, '2024, August 27', 'Available. Released 2024, September 03', 'GSM / HSPA / LTE / 5G / 5G', 'Android 14, up to 2 major Android upgrades, Funtouch 14', 'Qualcomm SM7550-AB Snapdragon 7 Gen 3 (4 nm)', 'Octa-core (1x2.63 GHz Cortex-A715 & 3x2.4 GHz Cortex-A715 & 4x1.8 GHz Cortex-A510)', 'Adreno 720', '6.77 inches, 110.9 cm 2 (~90.3% screen-to-body ratio)', 'AMOLED, 1B colors, 120Hz, 4500 nits (peak)', '1080 x 2392 pixels (~388 ppi density)', '8GB', '128GB', '50 MP, f/1.8, (wide), 1/1.95", 0.8µm, PDAF, OIS, LED flash, panorama, HDR', '16 MP, f/2.5, (wide), 1/3.0", 1.0µm, 1080p@30fps', 'Li-Ion 5500 mAh', '80W wired, 50% in 21 min', 'No', 'USB Type-C 2.0, OTG', '5.4, A2DP, LE', 'Wi-Fi 802.11 a/b/g/n/ac, dual-band', 'Sandstone Orange, Emerald Green', '184 g or 190 g (6.49 oz)', '163.7 x 75 x 7.5 or 8.0 mm', 'Nano-SIM + Nano-SIM', 'Fingerprint (under display, optical), accelerometer, gyro, proximity, compass', '₹ 27,999', NULL, NULL, '[{"category":"Network","specs":[{"label":"Technology","value":"GSM / HSPA / LTE / 5G"},{"label":"2G bands","value":"GSM 850 / 900 / 1800 / 1900"},{"label":"3G bands","value":"HSDPA 850 / 900 / 2100"},{"label":"4G bands","value":"1, 3, 5, 8, 28, 38, 40, 41"},{"label":"5G bands","value":"1, 3, 5, 8, 28, 40, 77, 78 SA/NSA"},{"label":"Speed","value":"HSPA, LTE, 5G"}]},{"category":"Launch","specs":[{"label":"Announced","value":"2024, August 27"},{"label":"Status","value":"Available. Released 2024, September 03"}]},{"category":"Body","specs":[{"label":"Dimensions","value":"163.7 x 75 x 7.5 or 8.0 mm"},{"label":"Weight","value":"184 g or 190 g (6.49 oz)"},{"label":"SIM","value":"Nano-SIM + Nano-SIM"}]},{"category":"Display","specs":[{"label":"Type","value":"AMOLED, 1B colors, 120Hz, 4500 nits (peak)"},{"label":"Size","value":"6.77 inches, 110.9 cm 2 (~90.3% screen-to-body ratio)"},{"label":"Resolution","value":"1080 x 2392 pixels (~388 ppi density)"},{"label":"Protection","value":"Schott Xensation"}]},{"category":"Platform","specs":[{"label":"OS","value":"Android 14, up to 2 major Android upgrades, Funtouch 14"},{"label":"Chipset","value":"Qualcomm SM7550-AB Snapdragon 7 Gen 3 (4 nm)"},{"label":"CPU","value":"Octa-core (1x2.63 GHz Cortex-A715 & 3x2.4 GHz Cortex-A715 & 4x1.8 GHz Cortex-A510)"},{"label":"GPU","value":"Adreno 720"}]},{"category":"Memory","specs":[{"label":"Card slot","value":"No"},{"label":"Internal","value":"128GB 8GB RAM, 256GB 8GB RAM"}]},{"category":"Main Camera","specs":[{"label":"Dual","value":"50 MP, f/1.8, (wide), 1/1.95\\", 0.8µm, PDAF, OIS"},{"label":"Features","value":"LED flash, panorama, HDR"},{"label":"Video","value":"4K@30/60fps, 1080p, gyro-EIS, OIS"}]},{"category":"Selfie camera","specs":[{"label":"Single","value":"16 MP, f/2.5, (wide), 1/3.0\\", 1.0µm"},{"label":"Video","value":"1080p@30fps"}]},{"category":"Sound","specs":[{"label":"Loudspeaker","value":"Yes, with stereo speakers"},{"label":"3.5mm jack","value":"No"}]},{"category":"Comms","specs":[{"label":"WLAN","value":"Wi-Fi 802.11 a/b/g/n/ac, dual-band"},{"label":"Bluetooth","value":"5.4, A2DP, LE"},{"label":"Positioning","value":"GPS, GALILEO, GLONASS, BDS, QZSS"},{"label":"NFC","value":"No"},{"label":"USB","value":"USB Type-C 2.0, OTG"},{"label":"Radio","value":"No"}]},{"category":"Features","specs":[{"label":"Sensors","value":"Fingerprint (under display, optical), accelerometer, gyro, proximity, compass"}]},{"category":"Battery","specs":[{"label":"Type","value":"Li-Ion 5500 mAh"},{"label":"Charging","value":"80W wired, 50% in 21 min"}]},{"category":"Misc","specs":[{"label":"Colors","value":"Sandstone Orange, Emerald Green"},{"label":"Models","value":"V2404"},{"label":"Price","value":"₹ 27,999"}]}]');
INSERT OR IGNORE INTO device_pictures (device_id, url, position) VALUES (825, 'https://fdn2.gsmarena.com/vv/bigpic/vivo-t3-pro.jpg', 0);
INSERT OR IGNORE INTO device_pictures (device_id, url, position) VALUES (825, 'https://fdn2.gsmarena.com/vv/pics/vivo/vivo-t3-pro-1.jpg', 1);
INSERT OR IGNORE INTO device_pictures (device_id, url, position) VALUES (825, 'https://fdn2.gsmarena.com/vv/pics/vivo/vivo-t3-pro-2.jpg', 2);
INSERT OR IGNORE INTO devices (id, brand_id, name, gsmarena_url, thumbnail_url, summary) VALUES (826, 5, 'Y18i', 'https://www.gsmarena.com/vivo_y18i-13280.php', 'https://fdn2.gsmarena.com/vv/bigpic/vivo-y03.jpg', 'Y18i');
INSERT OR IGNORE INTO device_specs (device_id, announced, status, network, os, chipset, cpu, gpu, display_size, display_type, display_res, ram, storage, main_camera, selfie_camera, battery, charging, nfc, usb, bluetooth, wlan, colors, weight, dimensions, sim, sensors, popularity, fans, rating, full_specs_json) VALUES (826, '2024, August 23', 'Available. Released 2024, August 23', 'GSM / HSPA / LTE / 4G/LTE', 'Android 14, Funtouch 14', 'Unisoc T612 (12 nm)', 'Octa-core (2x1.8 GHz Cortex-A75 & 6x1.8 GHz Cortex-A55)', 'Mali-G57 MP1', '6.56 inches, 103.4 cm 2 (~83.6% screen-to-body ratio)', 'IPS LCD, 90Hz, 528 nits (HBM)', '720 x 1612 pixels, 20:9 ratio (~269 ppi density)', '4GB', '64GB', '13 MP, f/2.2, (wide), PDAF, LED flash, panorama', '5 MP, f/2.2, (wide), Yes', 'Li-Ion 5000 mAh', '15W wired', 'No', 'USB Type-C 2.0, OTG', '5.0, A2DP, LE', 'Wi-Fi 802.11 a/b/g/n/ac, dual-band', 'Space Black, Gem Green', '185 g (6.53 oz)', '163.6 x 75.6 x 8.4 mm (6.44 x 2.98 x 0.33 in)', 'Nano-SIM + Nano-SIM', 'Accelerometer, proximity', 'About 90 EUR', NULL, NULL, '[{"category":"Network","specs":[{"label":"Technology","value":"GSM / HSPA / LTE"},{"label":"2G bands","value":"GSM 850 / 900 / 1800 / 1900"},{"label":"3G bands","value":"HSDPA 850 / 900 / 2100"},{"label":"4G bands","value":"1, 3, 5, 8, 38, 40, 41"},{"label":"Speed","value":"HSPA, LTE"}]},{"category":"Launch","specs":[{"label":"Announced","value":"2024, August 23"},{"label":"Status","value":"Available. Released 2024, August 23"}]},{"category":"Body","specs":[{"label":"Dimensions","value":"163.6 x 75.6 x 8.4 mm (6.44 x 2.98 x 0.33 in)"},{"label":"Weight","value":"185 g (6.53 oz)"},{"label":"Build","value":"Glass front, plastic frame, plastic back"},{"label":"SIM","value":"Nano-SIM + Nano-SIM"}]},{"category":"Display","specs":[{"label":"Type","value":"IPS LCD, 90Hz, 528 nits (HBM)"},{"label":"Size","value":"6.56 inches, 103.4 cm 2 (~83.6% screen-to-body ratio)"},{"label":"Resolution","value":"720 x 1612 pixels, 20:9 ratio (~269 ppi density)"}]},{"category":"Platform","specs":[{"label":"OS","value":"Android 14, Funtouch 14"},{"label":"Chipset","value":"Unisoc T612 (12 nm)"},{"label":"CPU","value":"Octa-core (2x1.8 GHz Cortex-A75 & 6x1.8 GHz Cortex-A55)"},{"label":"GPU","value":"Mali-G57 MP1"}]},{"category":"Memory","specs":[{"label":"Card slot","value":"microSDXC (dedicated slot)"},{"label":"Internal","value":"64GB 4GB RAM"}]},{"category":"Main Camera","specs":[{"label":"Single","value":"13 MP, f/2.2, (wide), PDAF"},{"label":"Features","value":"LED flash, panorama"},{"label":"Video","value":"1080p@30fps"}]},{"category":"Selfie camera","specs":[{"label":"Single","value":"5 MP, f/2.2, (wide)"},{"label":"Video","value":"Yes"}]},{"category":"Sound","specs":[{"label":"Loudspeaker","value":"Yes"},{"label":"3.5mm jack","value":"Yes"}]},{"category":"Comms","specs":[{"label":"WLAN","value":"Wi-Fi 802.11 a/b/g/n/ac, dual-band"},{"label":"Bluetooth","value":"5.0, A2DP, LE"},{"label":"Positioning","value":"GPS, GALILEO, GLONASS, BDS, QZSS"},{"label":"NFC","value":"No"},{"label":"USB","value":"USB Type-C 2.0, OTG"},{"label":"Radio","value":"FM radio"}]},{"category":"Features","specs":[{"label":"Sensors","value":"Accelerometer, proximity"}]},{"category":"Battery","specs":[{"label":"Type","value":"Li-Ion 5000 mAh"},{"label":"Charging","value":"15W wired"}]},{"category":"Misc","specs":[{"label":"Colors","value":"Space Black, Gem Green"},{"label":"Models","value":"V2414"},{"label":"SAR","value":"0.69 W/kg (head)"},{"label":"Price","value":"About 90 EUR"}]}]');
INSERT OR IGNORE INTO device_pictures (device_id, url, position) VALUES (826, 'https://fdn2.gsmarena.com/vv/bigpic/vivo-y03.jpg', 0);
INSERT OR IGNORE INTO device_pictures (device_id, url, position) VALUES (826, 'https://fdn2.gsmarena.com/vv/pics/vivo/vivo-y03t.jpg', 1);
INSERT OR IGNORE INTO device_pictures (device_id, url, position) VALUES (826, 'https://fdn2.gsmarena.com/vv/pics/vivo/vivo-y03.jpg', 2);
INSERT OR IGNORE INTO devices (id, brand_id, name, gsmarena_url, thumbnail_url, summary) VALUES (827, 5, 'Y03t', 'https://www.gsmarena.com/vivo_y03t-13277.php', 'https://fdn2.gsmarena.com/vv/bigpic/vivo-y03.jpg', 'Y03t');
INSERT OR IGNORE INTO device_specs (device_id, announced, status, network, os, chipset, cpu, gpu, display_size, display_type, display_res, ram, storage, main_camera, selfie_camera, battery, charging, nfc, usb, bluetooth, wlan, colors, weight, dimensions, sim, sensors, popularity, fans, rating, full_specs_json) VALUES (827, '2024, August 19', 'Available. Released 2024, August 19', 'GSM / HSPA / LTE / 4G/LTE', 'Android 14, Funtouch 14', 'Unisoc T612 (12 nm)', 'Octa-core (2x1.8 GHz Cortex-A75 & 6x1.8 GHz Cortex-A55)', 'Mali-G57 MP1', '6.56 inches, 103.4 cm 2 (~83.6% screen-to-body ratio)', 'IPS LCD, 90Hz, 528 nits (HBM)', '720 x 1612 pixels, 20:9 ratio (~269 ppi density)', '4GB', '64GB', '13 MP, f/2.2, (wide), PDAF, LED flash, panorama', '5 MP, f/2.2, (wide), Yes', 'Li-Ion 5000 mAh', '15W wired', 'No', 'USB Type-C 2.0, OTG', '5.2, A2DP, LE', 'Wi-Fi 802.11 a/b/g/n/ac, dual-band', 'Space Black, Gem Green', '185 g (6.53 oz)', '163.6 x 75.6 x 8.4 mm (6.44 x 2.98 x 0.33 in)', 'Nano-SIM + Nano-SIM', 'Accelerometer, proximity', 'About 70 EUR', NULL, NULL, '[{"category":"Network","specs":[{"label":"Technology","value":"GSM / HSPA / LTE"},{"label":"2G bands","value":"GSM 850 / 900 / 1800 / 1900"},{"label":"3G bands","value":"HSDPA 850 / 900 / 2100"},{"label":"4G bands","value":"1, 3, 5, 7, 8, 20, 28, 38, 40, 41"},{"label":"Speed","value":"HSPA, LTE"}]},{"category":"Launch","specs":[{"label":"Announced","value":"2024, August 19"},{"label":"Status","value":"Available. Released 2024, August 19"}]},{"category":"Body","specs":[{"label":"Dimensions","value":"163.6 x 75.6 x 8.4 mm (6.44 x 2.98 x 0.33 in)"},{"label":"Weight","value":"185 g (6.53 oz)"},{"label":"Build","value":"Glass front, plastic frame, plastic back"},{"label":"SIM","value":"Nano-SIM + Nano-SIM"}]},{"category":"Display","specs":[{"label":"Type","value":"IPS LCD, 90Hz, 528 nits (HBM)"},{"label":"Size","value":"6.56 inches, 103.4 cm 2 (~83.6% screen-to-body ratio)"},{"label":"Resolution","value":"720 x 1612 pixels, 20:9 ratio (~269 ppi density)"}]},{"category":"Platform","specs":[{"label":"OS","value":"Android 14, Funtouch 14"},{"label":"Chipset","value":"Unisoc T612 (12 nm)"},{"label":"CPU","value":"Octa-core (2x1.8 GHz Cortex-A75 & 6x1.8 GHz Cortex-A55)"},{"label":"GPU","value":"Mali-G57 MP1"}]},{"category":"Memory","specs":[{"label":"Card slot","value":"microSDXC (dedicated slot)"},{"label":"Internal","value":"64GB 4GB RAM, 128GB 4GB RAM"}]},{"category":"Main Camera","specs":[{"label":"Single","value":"13 MP, f/2.2, (wide), PDAF"},{"label":"Features","value":"LED flash, panorama"},{"label":"Video","value":"1080p@30fps"}]},{"category":"Selfie camera","specs":[{"label":"Single","value":"5 MP, f/2.2, (wide)"},{"label":"Video","value":"Yes"}]},{"category":"Sound","specs":[{"label":"Loudspeaker","value":"Yes"},{"label":"3.5mm jack","value":"Yes"}]},{"category":"Comms","specs":[{"label":"WLAN","value":"Wi-Fi 802.11 a/b/g/n/ac, dual-band"},{"label":"Bluetooth","value":"5.2, A2DP, LE"},{"label":"Positioning","value":"GPS, GALILEO, GLONASS, BDS, QZSS"},{"label":"NFC","value":"No"},{"label":"USB","value":"USB Type-C 2.0, OTG"},{"label":"Radio","value":"FM radio"}]},{"category":"Features","specs":[{"label":"Sensors","value":"Accelerometer, proximity"}]},{"category":"Battery","specs":[{"label":"Type","value":"Li-Ion 5000 mAh"},{"label":"Charging","value":"15W wired"}]},{"category":"Misc","specs":[{"label":"Colors","value":"Space Black, Gem Green"},{"label":"Price","value":"About 70 EUR"}]}]');
INSERT OR IGNORE INTO device_pictures (device_id, url, position) VALUES (827, 'https://fdn2.gsmarena.com/vv/bigpic/vivo-y03.jpg', 0);
INSERT OR IGNORE INTO device_pictures (device_id, url, position) VALUES (827, 'https://fdn2.gsmarena.com/vv/pics/vivo/vivo-y03t.jpg', 1);
INSERT OR IGNORE INTO device_pictures (device_id, url, position) VALUES (827, 'https://fdn2.gsmarena.com/vv/pics/vivo/vivo-y03.jpg', 2);
INSERT OR IGNORE INTO devices (id, brand_id, name, gsmarena_url, thumbnail_url, summary) VALUES (828, 5, 'iQOO Z9s Pro', 'https://www.gsmarena.com/vivo_iqoo_z9s_pro-13272.php', 'https://fdn2.gsmarena.com/vv/bigpic/vivo-iqoo-z9s-pro-5g.jpg', 'iQOO Z9s Pro');
INSERT OR IGNORE INTO device_specs (device_id, announced, status, network, os, chipset, cpu, gpu, display_size, display_type, display_res, ram, storage, main_camera, selfie_camera, battery, charging, nfc, usb, bluetooth, wlan, colors, weight, dimensions, sim, sensors, popularity, fans, rating, full_specs_json) VALUES (828, '2024, August 21', 'Available. Released 2024, August 23', 'GSM / HSPA / LTE / 5G / 5G', 'Android 14, up to 2 major Android upgrades, Funtouch 14', 'Qualcomm SM7550-AB Snapdragon 7 Gen 3 (4 nm)', 'Octa-core (1x2.63 GHz Cortex-A715 & 3x2.4 GHz Cortex-A715 & 4x1.8 GHz Cortex-A510)', 'Adreno 720', '6.77 inches, 110.9 cm 2 (~90.3% screen-to-body ratio)', 'AMOLED, 1B colors, 120Hz, HDR10+, 4500 nits (peak)', '1080 x 2392 pixels (~388 ppi density)', '8GB', '128GB', '50 MP, f/1.8, (wide), 1/1.95", 0.8µm, PDAF, OIS, LED flash, panorama, HDR', '16 MP, f/2.5, (wide), 1/3.0", 1.0µm, 1080p@30fps', 'Li-Ion 5500 mAh', '80W wired, 50% in 21 min', 'No', 'USB Type-C 2.0, OTG', '5.4, A2DP, LE', 'Wi-Fi 802.11 a/b/g/n/ac/6, dual-band', 'Flamboyant Orange, Luxe Marble', '185 g or 190 g (6.53 oz)', '163.7 x 75 x 7.5 or 8.0 mm', 'Nano-SIM + Nano-SIM', 'Fingerprint (under display, optical), accelerometer, gyro, proximity, compass', 'About 270 EUR', NULL, NULL, '[{"category":"Network","specs":[{"label":"Technology","value":"GSM / HSPA / LTE / 5G"},{"label":"2G bands","value":"GSM 850 / 900 / 1800 / 1900"},{"label":"3G bands","value":"HSDPA 850 / 900 / 2100"},{"label":"4G bands","value":"1, 3, 5, 8, 28, 38, 40, 41"},{"label":"5G bands","value":"1, 3, 5, 8, 28, 40, 77, 78 SA/NSA"},{"label":"Speed","value":"HSPA, LTE, 5G"}]},{"category":"Launch","specs":[{"label":"Announced","value":"2024, August 21"},{"label":"Status","value":"Available. Released 2024, August 23"}]},{"category":"Body","specs":[{"label":"Dimensions","value":"163.7 x 75 x 7.5 or 8.0 mm"},{"label":"Weight","value":"185 g or 190 g (6.53 oz)"},{"label":"SIM","value":"Nano-SIM + Nano-SIM"}]},{"category":"Display","specs":[{"label":"Type","value":"AMOLED, 1B colors, 120Hz, HDR10+, 4500 nits (peak)"},{"label":"Size","value":"6.77 inches, 110.9 cm 2 (~90.3% screen-to-body ratio)"},{"label":"Resolution","value":"1080 x 2392 pixels (~388 ppi density)"},{"label":"Protection","value":"Schott Xensation"}]},{"category":"Platform","specs":[{"label":"OS","value":"Android 14, up to 2 major Android upgrades, Funtouch 14"},{"label":"Chipset","value":"Qualcomm SM7550-AB Snapdragon 7 Gen 3 (4 nm)"},{"label":"CPU","value":"Octa-core (1x2.63 GHz Cortex-A715 & 3x2.4 GHz Cortex-A715 & 4x1.8 GHz Cortex-A510)"},{"label":"GPU","value":"Adreno 720"}]},{"category":"Memory","specs":[{"label":"Card slot","value":"No"},{"label":"Internal","value":"128GB 8GB RAM, 256GB 8GB RAM, 256GB 12GB RAM"}]},{"category":"Main Camera","specs":[{"label":"Dual","value":"50 MP, f/1.8, (wide), 1/1.95\\", 0.8µm, PDAF, OIS"},{"label":"Features","value":"LED flash, panorama, HDR"},{"label":"Video","value":"4K@30fps, 1080p@30/60fps, gyro-EIS, OIS"}]},{"category":"Selfie camera","specs":[{"label":"Single","value":"16 MP, f/2.5, (wide), 1/3.0\\", 1.0µm"},{"label":"Video","value":"1080p@30fps"}]},{"category":"Sound","specs":[{"label":"Loudspeaker","value":"Yes, with stereo speakers"},{"label":"3.5mm jack","value":"No"}]},{"category":"Comms","specs":[{"label":"WLAN","value":"Wi-Fi 802.11 a/b/g/n/ac/6, dual-band"},{"label":"Bluetooth","value":"5.4, A2DP, LE"},{"label":"Positioning","value":"GPS, GALILEO, GLONASS, BDS, QZSS"},{"label":"NFC","value":"No"},{"label":"USB","value":"USB Type-C 2.0, OTG"},{"label":"Radio","value":"FM radio"}]},{"category":"Features","specs":[{"label":"Sensors","value":"Fingerprint (under display, optical), accelerometer, gyro, proximity, compass"}]},{"category":"Battery","specs":[{"label":"Type","value":"Li-Ion 5500 mAh"},{"label":"Charging","value":"80W wired, 50% in 21 min"}]},{"category":"Misc","specs":[{"label":"Colors","value":"Flamboyant Orange, Luxe Marble"},{"label":"Models","value":"I2305"},{"label":"Price","value":"About 270 EUR"}]}]');
INSERT OR IGNORE INTO device_pictures (device_id, url, position) VALUES (828, 'https://fdn2.gsmarena.com/vv/bigpic/vivo-iqoo-z9s-pro-5g.jpg', 0);
INSERT OR IGNORE INTO device_pictures (device_id, url, position) VALUES (828, 'https://fdn2.gsmarena.com/vv/pics/vivo/vivo-iqoo-z9s-pro-1.jpg', 1);
INSERT OR IGNORE INTO device_pictures (device_id, url, position) VALUES (828, 'https://fdn2.gsmarena.com/vv/pics/vivo/vivo-iqoo-z9s-pro-2.jpg', 2);
INSERT OR IGNORE INTO devices (id, brand_id, name, gsmarena_url, thumbnail_url, summary) VALUES (829, 5, 'iQOO Z9s', 'https://www.gsmarena.com/vivo_iqoo_z9s-13273.php', 'https://fdn2.gsmarena.com/vv/bigpic/vivo-iqoo-z9s-5g.jpg', 'iQOO Z9s');
INSERT OR IGNORE INTO device_specs (device_id, announced, status, network, os, chipset, cpu, gpu, display_size, display_type, display_res, ram, storage, main_camera, selfie_camera, battery, charging, nfc, usb, bluetooth, wlan, colors, weight, dimensions, sim, sensors, popularity, fans, rating, full_specs_json) VALUES (829, '2024, August 21', 'Available. Released 2024, August 23', 'GSM / HSPA / LTE / 5G / 5G', 'Android 14, up to 2 major Android upgrades, Funtouch 14', 'Mediatek Dimensity 7300 (4 nm)', 'Octa-core (4x2.5 GHz Cortex-A78 & 4x2.0 GHz Cortex-A55)', 'Mali-G615 MC2', '6.77 inches, 110.9 cm 2 (~90.3% screen-to-body ratio)', 'AMOLED, 1B colors, 120Hz, HDR10+, 1800 nits (peak)', '1080 x 2392 pixels (~388 ppi density)', '8GB', '128GB', '50 MP, f/1.8, (wide), 1/1.95", 0.8µm, PDAF, OIS, LED flash, panorama, HDR', '16 MP, f/2.5, (wide), 1/3.0", 1.0µm, 1080p@30fps', 'Li-Ion 5500 mAh', '44W wired', 'No', 'USB Type-C 2.0, OTG', '5.4, A2DP, LE', 'Wi-Fi 802.11 a/b/g/n/ac/6, dual-band', 'Titanium Matte, Onyx Green', '180 g or 182 g (6.35 oz)', '163.7 x 75 x 7.5 mm (6.44 x 2.95 x 0.30 in)', 'Nano-SIM + Nano-SIM', 'Fingerprint (under display, optical), accelerometer, gyro, proximity, compass', 'About 220 EUR', NULL, NULL, '[{"category":"Network","specs":[{"label":"Technology","value":"GSM / HSPA / LTE / 5G"},{"label":"2G bands","value":"GSM 850 / 900 / 1800 / 1900"},{"label":"3G bands","value":"HSDPA 850 / 900 / 2100"},{"label":"4G bands","value":"1, 3, 5, 8, 28, 38, 40, 41"},{"label":"5G bands","value":"1, 3, 5, 8, 28, 40, 77, 78 SA/NSA"},{"label":"Speed","value":"HSPA, LTE, 5G"}]},{"category":"Launch","specs":[{"label":"Announced","value":"2024, August 21"},{"label":"Status","value":"Available. Released 2024, August 23"}]},{"category":"Body","specs":[{"label":"Dimensions","value":"163.7 x 75 x 7.5 mm (6.44 x 2.95 x 0.30 in)"},{"label":"Weight","value":"180 g or 182 g (6.35 oz)"},{"label":"SIM","value":"Nano-SIM + Nano-SIM"}]},{"category":"Display","specs":[{"label":"Type","value":"AMOLED, 1B colors, 120Hz, HDR10+, 1800 nits (peak)"},{"label":"Size","value":"6.77 inches, 110.9 cm 2 (~90.3% screen-to-body ratio)"},{"label":"Resolution","value":"1080 x 2392 pixels (~388 ppi density)"},{"label":"Protection","value":"Schott Xensation"}]},{"category":"Platform","specs":[{"label":"OS","value":"Android 14, up to 2 major Android upgrades, Funtouch 14"},{"label":"Chipset","value":"Mediatek Dimensity 7300 (4 nm)"},{"label":"CPU","value":"Octa-core (4x2.5 GHz Cortex-A78 & 4x2.0 GHz Cortex-A55)"},{"label":"GPU","value":"Mali-G615 MC2"}]},{"category":"Memory","specs":[{"label":"Card slot","value":"No"},{"label":"Internal","value":"128GB 8GB RAM, 256GB 8GB RAM, 256GB 12GB RAM"}]},{"category":"Main Camera","specs":[{"label":"Dual","value":"50 MP, f/1.8, (wide), 1/1.95\\", 0.8µm, PDAF, OIS"},{"label":"Features","value":"LED flash, panorama, HDR"},{"label":"Video","value":"4K@30/60fps, 1080p, gyro-EIS, OIS"}]},{"category":"Selfie camera","specs":[{"label":"Single","value":"16 MP, f/2.5, (wide), 1/3.0\\", 1.0µm"},{"label":"Video","value":"1080p@30fps"}]},{"category":"Sound","specs":[{"label":"Loudspeaker","value":"Yes, with stereo speakers"},{"label":"3.5mm jack","value":"No"}]},{"category":"Comms","specs":[{"label":"WLAN","value":"Wi-Fi 802.11 a/b/g/n/ac/6, dual-band"},{"label":"Bluetooth","value":"5.4, A2DP, LE"},{"label":"Positioning","value":"GPS, GALILEO, GLONASS, BDS, QZSS"},{"label":"NFC","value":"No"},{"label":"USB","value":"USB Type-C 2.0, OTG"},{"label":"Radio","value":"FM radio"}]},{"category":"Features","specs":[{"label":"Sensors","value":"Fingerprint (under display, optical), accelerometer, gyro, proximity, compass"}]},{"category":"Battery","specs":[{"label":"Type","value":"Li-Ion 5500 mAh"},{"label":"Charging","value":"44W wired"}]},{"category":"Misc","specs":[{"label":"Colors","value":"Titanium Matte, Onyx Green"},{"label":"Models","value":"I2403"},{"label":"Price","value":"About 220 EUR"}]}]');
INSERT OR IGNORE INTO device_pictures (device_id, url, position) VALUES (829, 'https://fdn2.gsmarena.com/vv/bigpic/vivo-iqoo-z9s-5g.jpg', 0);
INSERT OR IGNORE INTO device_pictures (device_id, url, position) VALUES (829, 'https://fdn2.gsmarena.com/vv/pics/vivo/vivo-iqoo-z9s-5g-1.jpg', 1);
INSERT OR IGNORE INTO device_pictures (device_id, url, position) VALUES (829, 'https://fdn2.gsmarena.com/vv/pics/vivo/vivo-iqoo-z9s-5g-2.jpg', 2);
INSERT OR IGNORE INTO devices (id, brand_id, name, gsmarena_url, thumbnail_url, summary) VALUES (830, 5, 'V40 Pro', 'https://www.gsmarena.com/vivo_v40_pro-13239.php', 'https://fdn2.gsmarena.com/vv/bigpic/vivo-v40-pro.jpg', 'V40 Pro');
INSERT OR IGNORE INTO device_specs (device_id, announced, status, network, os, chipset, cpu, gpu, display_size, display_type, display_res, ram, storage, main_camera, selfie_camera, battery, charging, nfc, usb, bluetooth, wlan, colors, weight, dimensions, sim, sensors, popularity, fans, rating, full_specs_json) VALUES (830, '2024, August 07', 'Available. Released 2024, August 23', 'GSM / HSPA / LTE / 5G / 5G', 'Android 14, Funtouch 14', 'Mediatek Dimensity 9200+ (4 nm)', 'Octa-core (1x3.35 GHz Cortex-X3 & 3x3.0 GHz Cortex-A715 & 4x2.0 GHz Cortex-A510)', 'Immortalis-G715 MC11', '6.78 inches, 111.0 cm 2 (~89.9% screen-to-body ratio)', 'AMOLED, 1B colors, HDR10+, 120Hz, 2160Hz PWM, 4500 nits (peak)', '1260 x 2800 pixels, 20:9 ratio (~453 ppi density)', '8GB', '256GB', '50 MP, f/1.9, 24mm (wide), 1/1.56", 1.0µm, PDAF, OIS, Zeiss optics, Ring-LED flash, panorama, HDR', '50 MP, f/2.0, 21mm (wide), 1/2.76", 0.64µm, AF, 4K@30fps, 1080p@30fps', 'Si/C Li-Ion 5500 mAh', '80W wired, PD', 'Yes (market/region dependent)', 'USB Type-C 2.0, OTG', '5.3, A2DP, LE', 'Wi-Fi 802.11 a/b/g/n/ac/6/7, dual-band', 'Ganges Blue, Titanium Gray, Moonlight White', '192 g (6.77 oz)', '164.4 x 75.1 x 7.6 mm (6.47 x 2.96 x 0.30 in)', 'Nano-SIM + Nano-SIM', 'Fingerprint (under display, optical), accelerometer, gyro, proximity, compass', 'About 600 EUR', NULL, NULL, '[{"category":"Network","specs":[{"label":"Technology","value":"GSM / HSPA / LTE / 5G"},{"label":"2G bands","value":"GSM 850 / 900 / 1800 / 1900"},{"label":"3G bands","value":"HSDPA 850 / 900 / 1700(AWS) / 1900 / 2100 - International"},{"label":"4G bands","value":"1, 3, 4, 5, 7, 8, 18, 19, 26, 28, 38, 39, 40, 41 - India"},{"label":"5G bands","value":"1, 3, 5, 8, 28, 40, 77, 78 SA/NSA - India"},{"label":"Speed","value":"HSPA, LTE, 5G"}]},{"category":"Launch","specs":[{"label":"Announced","value":"2024, August 07"},{"label":"Status","value":"Available. Released 2024, August 23"}]},{"category":"Body","specs":[{"label":"Dimensions","value":"164.4 x 75.1 x 7.6 mm (6.47 x 2.96 x 0.30 in)"},{"label":"Weight","value":"192 g (6.77 oz)"},{"label":"Build","value":"Glass front, glass back"},{"label":"SIM","value":"Nano-SIM + Nano-SIM"}]},{"category":"Display","specs":[{"label":"Type","value":"AMOLED, 1B colors, HDR10+, 120Hz, 2160Hz PWM, 4500 nits (peak)"},{"label":"Size","value":"6.78 inches, 111.0 cm 2 (~89.9% screen-to-body ratio)"},{"label":"Resolution","value":"1260 x 2800 pixels, 20:9 ratio (~453 ppi density)"},{"label":"Protection","value":"Schott Xensation Alpha"}]},{"category":"Platform","specs":[{"label":"OS","value":"Android 14, Funtouch 14"},{"label":"Chipset","value":"Mediatek Dimensity 9200+ (4 nm)"},{"label":"CPU","value":"Octa-core (1x3.35 GHz Cortex-X3 & 3x3.0 GHz Cortex-A715 & 4x2.0 GHz Cortex-A510)"},{"label":"GPU","value":"Immortalis-G715 MC11"}]},{"category":"Memory","specs":[{"label":"Card slot","value":"No"},{"label":"Internal","value":"256GB 8GB RAM, 256GB 12GB RAM, 512GB 12GB RAM"}]},{"category":"Main Camera","specs":[{"label":"Triple","value":"50 MP, f/1.9, 24mm (wide), 1/1.56\\", 1.0µm, PDAF, OIS"},{"label":"Features","value":"Zeiss optics, Ring-LED flash, panorama, HDR"},{"label":"Video","value":"4K@30/60fps, 1080p@30fps, gyro-EIS, OIS"}]},{"category":"Selfie camera","specs":[{"label":"Single","value":"50 MP, f/2.0, 21mm (wide), 1/2.76\\", 0.64µm, AF"},{"label":"Video","value":"4K@30fps, 1080p@30fps"},{"label":"Features","value":"HDR"}]},{"category":"Sound","specs":[{"label":"Loudspeaker","value":"Yes, with stereo speakers"},{"label":"3.5mm jack","value":"No"}]},{"category":"Comms","specs":[{"label":"WLAN","value":"Wi-Fi 802.11 a/b/g/n/ac/6/7, dual-band"},{"label":"Bluetooth","value":"5.3, A2DP, LE"},{"label":"Positioning","value":"GPS, GALILEO, GLONASS, QZSS, BDS, NavIC"},{"label":"NFC","value":"Yes (market/region dependent)"},{"label":"USB","value":"USB Type-C 2.0, OTG"},{"label":"Radio","value":"No"}]},{"category":"Features","specs":[{"label":"Sensors","value":"Fingerprint (under display, optical), accelerometer, gyro, proximity, compass"}]},{"category":"Battery","specs":[{"label":"Type","value":"Si/C Li-Ion 5500 mAh"},{"label":"Charging","value":"80W wired, PD"}]},{"category":"Misc","specs":[{"label":"Colors","value":"Ganges Blue, Titanium Gray, Moonlight White"},{"label":"Models","value":"V2347"},{"label":"SAR","value":"0.99 W/kg (head)     0.99 W/kg (body)"},{"label":"Price","value":"About 600 EUR"}]}]');
INSERT OR IGNORE INTO device_pictures (device_id, url, position) VALUES (830, 'https://fdn2.gsmarena.com/vv/bigpic/vivo-v40-pro.jpg', 0);
INSERT OR IGNORE INTO device_pictures (device_id, url, position) VALUES (830, 'https://fdn2.gsmarena.com/vv/pics/vivo/vivo-v40-pro-1.jpg', 1);
INSERT OR IGNORE INTO device_pictures (device_id, url, position) VALUES (830, 'https://fdn2.gsmarena.com/vv/pics/vivo/vivo-v40-pro-3.jpg', 2);
INSERT OR IGNORE INTO device_pictures (device_id, url, position) VALUES (830, 'https://fdn2.gsmarena.com/vv/pics/vivo/vivo-v40-pro-02.jpg', 3);
INSERT OR IGNORE INTO device_pictures (device_id, url, position) VALUES (830, 'https://fdn.gsmarena.com/imgroot/reviews/24/vivo-v40-pro/lifestyle/-1024w2/gsmarena_001.jpg', 4);
INSERT OR IGNORE INTO device_pictures (device_id, url, position) VALUES (830, 'https://fdn.gsmarena.com/imgroot/reviews/24/vivo-v40-pro/lifestyle/-1024w2/gsmarena_002.jpg', 5);
INSERT OR IGNORE INTO device_pictures (device_id, url, position) VALUES (830, 'https://fdn.gsmarena.com/imgroot/reviews/24/vivo-v40-pro/lifestyle/-1024w2/gsmarena_003.jpg', 6);
INSERT OR IGNORE INTO device_pictures (device_id, url, position) VALUES (830, 'https://fdn.gsmarena.com/imgroot/reviews/24/vivo-v40-pro/lifestyle/-1024w2/gsmarena_004.jpg', 7);
INSERT OR IGNORE INTO device_pictures (device_id, url, position) VALUES (830, 'https://fdn.gsmarena.com/imgroot/reviews/24/vivo-v40-pro/lifestyle/-1024w2/gsmarena_005.jpg', 8);
INSERT OR IGNORE INTO device_pictures (device_id, url, position) VALUES (830, 'https://fdn.gsmarena.com/imgroot/reviews/24/vivo-v40-pro/lifestyle/-1024w2/gsmarena_006.jpg', 9);
INSERT OR IGNORE INTO devices (id, brand_id, name, gsmarena_url, thumbnail_url, summary) VALUES (831, 5, 'V40 Lite', 'https://www.gsmarena.com/vivo_v40_lite-13207.php', 'https://fdn2.gsmarena.com/vv/bigpic/vivo-v40-lite.jpg', 'V40 Lite');
INSERT OR IGNORE INTO device_specs (device_id, announced, status, network, os, chipset, cpu, gpu, display_size, display_type, display_res, ram, storage, main_camera, selfie_camera, battery, charging, nfc, usb, bluetooth, wlan, colors, weight, dimensions, sim, sensors, popularity, fans, rating, full_specs_json) VALUES (831, '2024, July 14', 'Available. Released 2024, July 14', 'GSM / HSPA / LTE / 5G / 5G', 'Android 14, Funtouch 14', 'Qualcomm SM6450 Snapdragon 6 Gen 1 (4 nm)', 'Octa-core (4x2.2 GHz Cortex-A78 & 4x1.8 GHz Cortex-A55)', 'Adreno 710', '6.78 inches, 111.0 cm 2 (~90.3% screen-to-body ratio)', 'AMOLED, 1B colors, 120Hz, 1300 nits (peak)', '1080 x 2400 pixels, 20:9 ratio (~388 ppi density)', '8GB', '256GB', '50 MP, f/1.8, 26mm (wide), 1/1.95", 0.8µm, PDAF, Ring-LED flash, panorama, HDR', '32 MP, f/2.0, 24mm (wide), 1080p@30fps', 'Li-Ion 5500 mAh', '44W wired, PD', 'Yes (market/region dependent)', 'USB Type-C 2.0, OTG', '5.1, A2DP, LE', 'Wi-Fi 802.11 a/b/g/n/ac, dual-band', 'Classy Brown, Dreamy White', '179 g or 188 g (6.31 oz)', '164.4 x 74.8 x 7.7 mm (6.47 x 2.94 x 0.30 in)', 'Nano-SIM + Nano-SIM', 'Fingerprint (under display, optical), accelerometer, gyro, proximity, compass', '$ 151.24', NULL, NULL, '[{"category":"Network","specs":[{"label":"Technology","value":"GSM / HSPA / LTE / 5G"},{"label":"2G bands","value":"GSM 850 / 900 / 1800 / 1900"},{"label":"3G bands","value":"HSDPA 850 / 900 / 1700(AWS) / 1900 / 2100"},{"label":"4G bands","value":"1, 2, 3, 4, 5, 7, 8, 12, 13, 17, 18, 19, 20, 26, 28, 32, 38, 39, 40, 41, 66"},{"label":"5G bands","value":"1, 2, 3, 5, 7, 8, 20, 26, 28, 66, 75, 38, 40, 41, 77, 78 SA/NSA"},{"label":"Speed","value":"HSPA, LTE, 5G"}]},{"category":"Launch","specs":[{"label":"Announced","value":"2024, July 14"},{"label":"Status","value":"Available. Released 2024, July 14"}]},{"category":"Body","specs":[{"label":"Dimensions","value":"164.4 x 74.8 x 7.7 mm (6.47 x 2.94 x 0.30 in)"},{"label":"Weight","value":"179 g or 188 g (6.31 oz)"},{"label":"Build","value":"Glass front, plastic frame, glass back or plastic back"},{"label":"SIM","value":"Nano-SIM + Nano-SIM"}]},{"category":"Display","specs":[{"label":"Type","value":"AMOLED, 1B colors, 120Hz, 1300 nits (peak)"},{"label":"Size","value":"6.78 inches, 111.0 cm 2 (~90.3% screen-to-body ratio)"},{"label":"Resolution","value":"1080 x 2400 pixels, 20:9 ratio (~388 ppi density)"}]},{"category":"Platform","specs":[{"label":"OS","value":"Android 14, Funtouch 14"},{"label":"Chipset","value":"Qualcomm SM6450 Snapdragon 6 Gen 1 (4 nm)"},{"label":"CPU","value":"Octa-core (4x2.2 GHz Cortex-A78 & 4x1.8 GHz Cortex-A55)"},{"label":"GPU","value":"Adreno 710"}]},{"category":"Memory","specs":[{"label":"Card slot","value":"microSDXC (uses shared SIM slot)"},{"label":"Internal","value":"256GB 8GB RAM"}]},{"category":"Main Camera","specs":[{"label":"Triple","value":"50 MP, f/1.8, 26mm (wide), 1/1.95\\", 0.8µm, PDAF"},{"label":"Features","value":"Ring-LED flash, panorama, HDR"},{"label":"Video","value":"4K@30fps, 1080p@30fps"}]},{"category":"Selfie camera","specs":[{"label":"Single","value":"32 MP, f/2.0, 24mm (wide)"},{"label":"Video","value":"1080p@30fps"}]},{"category":"Sound","specs":[{"label":"Loudspeaker","value":"Yes"},{"label":"3.5mm jack","value":"No"}]},{"category":"Comms","specs":[{"label":"WLAN","value":"Wi-Fi 802.11 a/b/g/n/ac, dual-band"},{"label":"Bluetooth","value":"5.1, A2DP, LE"},{"label":"Positioning","value":"GPS, GLONASS, GALILEO, BDS, QZSS"},{"label":"NFC","value":"Yes (market/region dependent)"},{"label":"USB","value":"USB Type-C 2.0, OTG"},{"label":"Radio","value":"No"}]},{"category":"Features","specs":[{"label":"Sensors","value":"Fingerprint (under display, optical), accelerometer, gyro, proximity, compass"}]},{"category":"Battery","specs":[{"label":"Type","value":"Li-Ion 5500 mAh"},{"label":"Charging","value":"44W wired, PD"}]},{"category":"Misc","specs":[{"label":"Colors","value":"Classy Brown, Dreamy White"},{"label":"Price","value":"$ 151.24"},{"label":"SAR EU","value":"0.99 W/kg (head)     1.18 W/kg (body)"}]}]');
INSERT OR IGNORE INTO device_pictures (device_id, url, position) VALUES (831, 'https://fdn2.gsmarena.com/vv/bigpic/vivo-v40-lite.jpg', 0);
INSERT OR IGNORE INTO device_pictures (device_id, url, position) VALUES (831, 'https://fdn2.gsmarena.com/vv/pics/vivo/vivo-v40-lite-1.jpg', 1);
INSERT OR IGNORE INTO device_pictures (device_id, url, position) VALUES (831, 'https://fdn2.gsmarena.com/vv/pics/vivo/vivo-v40-lite-2.jpg', 2);
INSERT OR IGNORE INTO device_pictures (device_id, url, position) VALUES (831, 'https://fdn2.gsmarena.com/vv/pics/vivo/vivo-v40-lite-3.jpg', 3);
INSERT OR IGNORE INTO devices (id, brand_id, name, gsmarena_url, thumbnail_url, summary) VALUES (832, 5, 'iQOO Z9 Lite', 'https://www.gsmarena.com/vivo_iqoo_z9_lite-13194.php', 'https://fdn2.gsmarena.com/vv/bigpic/vivo-iqoo-z9-lite.jpg', 'iQOO Z9 Lite');
INSERT OR IGNORE INTO device_specs (device_id, announced, status, network, os, chipset, cpu, gpu, display_size, display_type, display_res, ram, storage, main_camera, selfie_camera, battery, charging, nfc, usb, bluetooth, wlan, colors, weight, dimensions, sim, sensors, popularity, fans, rating, full_specs_json) VALUES (832, '2024, July 15', 'Available. Released 2024, July 20', 'GSM / HSPA / LTE / 5G / 5G', 'Android 14, Funtouch 14', 'Mediatek Dimensity 6300 (6 nm)', 'Octa-core (2x2.4 GHz Cortex-A76 & 6x2.0 GHz Cortex-A55)', 'Mali-G57 MC2', '6.56 inches, 103.4 cm 2 (~83.6% screen-to-body ratio)', 'IPS LCD, 90Hz, 840 nits (HBM)', '720 x 1612 pixels, 20:9 ratio (~269 ppi density)', '4GB', '128GB', '50 MP, f/1.8, (wide), PDAF, LED flash, panorama', '8 MP, f/2.0, (wide), 1080p@30fps', 'Li-Ion 5000 mAh', '15W wired', 'No', 'USB Type-C 2.0, OTG', '5.4, A2DP, LE', 'Wi-Fi 802.11 a/b/g/n/ac, dual-band', 'Mocha Brown, Aqua Flow', '185 g (6.53 oz)', '163.6 x 75.6 x 8.4 mm (6.44 x 2.98 x 0.33 in)', 'Nano-SIM + Nano-SIM', 'Fingerprint (side-mounted), accelerometer, proximity, compass', 'About 130 EUR', NULL, NULL, '[{"category":"Network","specs":[{"label":"Technology","value":"GSM / HSPA / LTE / 5G"},{"label":"2G bands","value":"GSM 850 / 900 / 1800 / 1900"},{"label":"3G bands","value":"HSDPA 850 / 900 / 2100"},{"label":"4G bands","value":"1, 3, 5, 8, 28, 38, 40, 41"},{"label":"5G bands","value":"1, 3, 5, 8, 28, 40, 77, 78 SA/NSA"},{"label":"Speed","value":"HSPA, LTE, 5G"}]},{"category":"Launch","specs":[{"label":"Announced","value":"2024, July 15"},{"label":"Status","value":"Available. Released 2024, July 20"}]},{"category":"Body","specs":[{"label":"Dimensions","value":"163.6 x 75.6 x 8.4 mm (6.44 x 2.98 x 0.33 in)"},{"label":"Weight","value":"185 g (6.53 oz)"},{"label":"Build","value":"Glass front, plastic frame, plastic back"},{"label":"SIM","value":"Nano-SIM + Nano-SIM"}]},{"category":"Display","specs":[{"label":"Type","value":"IPS LCD, 90Hz, 840 nits (HBM)"},{"label":"Size","value":"6.56 inches, 103.4 cm 2 (~83.6% screen-to-body ratio)"},{"label":"Resolution","value":"720 x 1612 pixels, 20:9 ratio (~269 ppi density)"}]},{"category":"Platform","specs":[{"label":"OS","value":"Android 14, Funtouch 14"},{"label":"Chipset","value":"Mediatek Dimensity 6300 (6 nm)"},{"label":"CPU","value":"Octa-core (2x2.4 GHz Cortex-A76 & 6x2.0 GHz Cortex-A55)"},{"label":"GPU","value":"Mali-G57 MC2"}]},{"category":"Memory","specs":[{"label":"Card slot","value":"microSDXC (uses shared SIM slot)"},{"label":"Internal","value":"128GB 4GB RAM, 128GB 6GB RAM"}]},{"category":"Main Camera","specs":[{"label":"Dual","value":"50 MP, f/1.8, (wide), PDAF"},{"label":"Features","value":"LED flash, panorama"},{"label":"Video","value":"1080p@30fps"}]},{"category":"Selfie camera","specs":[{"label":"Single","value":"8 MP, f/2.0, (wide)"},{"label":"Video","value":"1080p@30fps"}]},{"category":"Sound","specs":[{"label":"Loudspeaker","value":"Yes"},{"label":"3.5mm jack","value":"Yes"}]},{"category":"Comms","specs":[{"label":"WLAN","value":"Wi-Fi 802.11 a/b/g/n/ac, dual-band"},{"label":"Bluetooth","value":"5.4, A2DP, LE"},{"label":"Positioning","value":"GPS, GALILEO, GLONASS, BDS, QZSS"},{"label":"NFC","value":"No"},{"label":"USB","value":"USB Type-C 2.0, OTG"},{"label":"Radio","value":"FM radio"}]},{"category":"Features","specs":[{"label":"Sensors","value":"Fingerprint (side-mounted), accelerometer, proximity, compass"}]},{"category":"Battery","specs":[{"label":"Type","value":"Li-Ion 5000 mAh"},{"label":"Charging","value":"15W wired"}]},{"category":"Misc","specs":[{"label":"Colors","value":"Mocha Brown, Aqua Flow"},{"label":"Models","value":"I2306"},{"label":"Price","value":"About 130 EUR"}]}]');
INSERT OR IGNORE INTO device_pictures (device_id, url, position) VALUES (832, 'https://fdn2.gsmarena.com/vv/bigpic/vivo-iqoo-z9-lite.jpg', 0);
INSERT OR IGNORE INTO device_pictures (device_id, url, position) VALUES (832, 'https://fdn2.gsmarena.com/vv/pics/vivo/vivo-iqoo-z9-lite-1.jpg', 1);
INSERT OR IGNORE INTO device_pictures (device_id, url, position) VALUES (832, 'https://fdn2.gsmarena.com/vv/pics/vivo/vivo-iqoo-z9-lite-2.jpg', 2);
INSERT OR IGNORE INTO devices (id, brand_id, name, gsmarena_url, thumbnail_url, summary) VALUES (833, 5, 'iQOO Watch GT', 'https://www.gsmarena.com/vivo_iqoo_watch_gt-13199.php', 'https://fdn2.gsmarena.com/vv/bigpic/vivo-iqoo-watch-gt.jpg', 'iQOO Watch GT');
INSERT OR IGNORE INTO device_specs (device_id, announced, status, network, os, chipset, cpu, gpu, display_size, display_type, display_res, ram, storage, main_camera, selfie_camera, battery, charging, nfc, usb, bluetooth, wlan, colors, weight, dimensions, sim, sensors, popularity, fans, rating, full_specs_json) VALUES (833, '2024, July 11', 'Available. Released 2024, July 16', 'HSPA / LTE / 4G/LTE', 'Blue OS', NULL, NULL, NULL, '1.85 inches', 'AMOLED', '390 x 450 pixels (~322 ppi density)', NULL, NULL, NULL, NULL, '505 mAh', NULL, 'Yes', 'No', '5.3, A2DP, LE', 'No', 'Black', '33 g (1.16 oz)', '45.8 x 39.6 x 11.2 mm (1.80 x 1.56 x 0.44 in)', 'eSIM', 'Accelerometer, gyro, heart rate, compass, SpO2', 'About 60 EUR', NULL, NULL, '[{"category":"Network","specs":[{"label":"Technology","value":"HSPA / LTE"},{"label":"2G bands","value":"N/A"},{"label":"3G bands","value":"HSDPA 850 / 900 / 2100"},{"label":"4G bands","value":"LTE"},{"label":"Speed","value":"HSPA, LTE"}]},{"category":"Launch","specs":[{"label":"Announced","value":"2024, July 11"},{"label":"Status","value":"Available. Released 2024, July 16"}]},{"category":"Body","specs":[{"label":"Dimensions","value":"45.8 x 39.6 x 11.2 mm (1.80 x 1.56 x 0.44 in)"},{"label":"Weight","value":"33 g (1.16 oz)"},{"label":"Build","value":"Glass front, aluminum frame, plastic back"},{"label":"SIM","value":"eSIM"}]},{"category":"Display","specs":[{"label":"Type","value":"AMOLED"},{"label":"Size","value":"1.85 inches"},{"label":"Resolution","value":"390 x 450 pixels (~322 ppi density)"}]},{"category":"Platform","specs":[{"label":"OS","value":"Blue OS"}]},{"category":"Memory","specs":[{"label":"Card slot","value":"No"}]},{"category":"Sound","specs":[{"label":"Loudspeaker","value":"Yes"},{"label":"3.5mm jack","value":"No"}]},{"category":"Comms","specs":[{"label":"WLAN","value":"No"},{"label":"Bluetooth","value":"5.3, A2DP, LE"},{"label":"Positioning","value":"GPS, GLONASS, GALILEO, BDS, QZSS"},{"label":"NFC","value":"Yes"},{"label":"USB","value":"No"},{"label":"Radio","value":"No"}]},{"category":"Features","specs":[{"label":"Sensors","value":"Accelerometer, gyro, heart rate, compass, SpO2"}]},{"category":"Battery","specs":[{"label":"Type","value":"505 mAh"}]},{"category":"Misc","specs":[{"label":"Colors","value":"Black"},{"label":"Price","value":"About 60 EUR"}]}]');
INSERT OR IGNORE INTO device_pictures (device_id, url, position) VALUES (833, 'https://fdn2.gsmarena.com/vv/bigpic/vivo-iqoo-watch-gt.jpg', 0);
INSERT OR IGNORE INTO device_pictures (device_id, url, position) VALUES (833, 'https://fdn2.gsmarena.com/vv/pics/vivo/vivo-iqoo-watch-gt-01.jpg', 1);
INSERT OR IGNORE INTO device_pictures (device_id, url, position) VALUES (833, 'https://fdn2.gsmarena.com/vv/pics/vivo/vivo-iqoo-watch-gt-02.jpg', 2);
INSERT OR IGNORE INTO device_pictures (device_id, url, position) VALUES (833, 'https://fdn2.gsmarena.com/vv/pics/vivo/vivo-iqoo-watch-gt-3.jpg', 3);
INSERT OR IGNORE INTO device_pictures (device_id, url, position) VALUES (833, 'https://fdn2.gsmarena.com/vv/pics/vivo/vivo-iqoo-watch-gt-4.jpg', 4);
INSERT OR IGNORE INTO devices (id, brand_id, name, gsmarena_url, thumbnail_url, summary) VALUES (834, 5, 'iQOO Neo9S Pro+', 'https://www.gsmarena.com/vivo_iqoo_neo9s_pro+-13187.php', 'https://fdn2.gsmarena.com/vv/bigpic/vivo-iqoo-neo9s-pro-plus.jpg', 'iQOO Neo9S Pro+');
INSERT OR IGNORE INTO device_specs (device_id, announced, status, network, os, chipset, cpu, gpu, display_size, display_type, display_res, ram, storage, main_camera, selfie_camera, battery, charging, nfc, usb, bluetooth, wlan, colors, weight, dimensions, sim, sensors, popularity, fans, rating, full_specs_json) VALUES (834, '2024, July 11', 'Available. Released 2024, July 16', 'GSM / CDMA / HSPA / CDMA2000 / LTE / 5G / 5G', 'Android 14, upgradable to Android 16, OriginOS 6', 'Qualcomm SM8650-AB Snapdragon 8 Gen 3 (4 nm)', 'Octa-core (1x3.3 GHz Cortex-X4 & 3x3.2 GHz Cortex-A720 & 2x3.0 GHz Cortex-A720 & 2x2.3 GHz Cortex-A520)', 'Adreno 750', '6.78 inches, 111.0 cm 2 (~89.7% screen-to-body ratio)', 'LTPO AMOLED, 1B colors, 144Hz, HDR10+, 1400 nits (HBM)', '1260 x 2800 pixels, 20:9 ratio (~453 ppi density)', '12GB', '256GB', '50 MP, f/1.9, (wide), 1/1.56", PDAF, OIS, LED flash, panorama, HDR', '16 MP, f/2.5, (wide), 1080p@30fps', '5500 mAh', '120W wired, 70% in 17 min, 100% in 28 min', 'Yes', 'USB Type-C 2.0, OTG', '5.4, A2DP, LE, aptX HD, aptX Adaptive, aptX Lossless, LHDC', 'Wi-Fi 802.11 a/b/g/n/ac/6/7, dual-band', 'Blue/White, Black, White', '193 g or 198 g (6.81 oz)', '163.5 x 75.7 x 8 mm or 8.3 mm', 'Nano-SIM + Nano-SIM', 'Fingerprint (under display, ultrasonic), accelerometer, gyro, proximity, compass', 'About 380 EUR', NULL, NULL, '[{"category":"Network","specs":[{"label":"Technology","value":"GSM / CDMA / HSPA / CDMA2000 / LTE / 5G"},{"label":"2G bands","value":"GSM 850 / 900 / 1800 / 1900"},{"label":"3G bands","value":"HSDPA 850 / 900 / 1700(AWS) / 1900 / 2100"},{"label":"4G bands","value":"1, 3, 4, 5, 7, 8, 18, 19, 26, 28, 34, 38, 39, 40, 41"},{"label":"5G bands","value":"1, 3, 5, 8, 28, 38, 40, 41, 77, 78 SA/NSA"},{"label":"Speed","value":"HSPA, LTE, 5G"}]},{"category":"Launch","specs":[{"label":"Announced","value":"2024, July 11"},{"label":"Status","value":"Available. Released 2024, July 16"}]},{"category":"Body","specs":[{"label":"Dimensions","value":"163.5 x 75.7 x 8 mm or 8.3 mm"},{"label":"Weight","value":"193 g or 198 g (6.81 oz)"},{"label":"SIM","value":"Nano-SIM + Nano-SIM"}]},{"category":"Display","specs":[{"label":"Type","value":"LTPO AMOLED, 1B colors, 144Hz, HDR10+, 1400 nits (HBM)"},{"label":"Size","value":"6.78 inches, 111.0 cm 2 (~89.7% screen-to-body ratio)"},{"label":"Resolution","value":"1260 x 2800 pixels, 20:9 ratio (~453 ppi density)"}]},{"category":"Platform","specs":[{"label":"OS","value":"Android 14, upgradable to Android 16, OriginOS 6"},{"label":"Chipset","value":"Qualcomm SM8650-AB Snapdragon 8 Gen 3 (4 nm)"},{"label":"CPU","value":"Octa-core (1x3.3 GHz Cortex-X4 & 3x3.2 GHz Cortex-A720 & 2x3.0 GHz Cortex-A720 & 2x2.3 GHz Cortex-A520)"},{"label":"GPU","value":"Adreno 750"}]},{"category":"Memory","specs":[{"label":"Card slot","value":"No"},{"label":"Internal","value":"256GB 12GB RAM, 256GB 16GB RAM, 512GB 12GB RAM, 512GB 16GB RAM, 1TB 16GB RAM"}]},{"category":"Main Camera","specs":[{"label":"Dual","value":"50 MP, f/1.9, (wide), 1/1.56\\", PDAF, OIS"},{"label":"Features","value":"LED flash, panorama, HDR"},{"label":"Video","value":"8K, 4K, 1080p, gyro-EIS"}]},{"category":"Selfie camera","specs":[{"label":"Single","value":"16 MP, f/2.5, (wide)"},{"label":"Video","value":"1080p@30fps"}]},{"category":"Sound","specs":[{"label":"Loudspeaker","value":"Yes, with stereo speakers"},{"label":"3.5mm jack","value":"No"}]},{"category":"Comms","specs":[{"label":"WLAN","value":"Wi-Fi 802.11 a/b/g/n/ac/6/7, dual-band"},{"label":"Bluetooth","value":"5.4, A2DP, LE, aptX HD, aptX Adaptive, aptX Lossless, LHDC"},{"label":"Positioning","value":"GPS (L1+L5), BDS (B1I+B1c+B2a), GALILEO (E1+E5a), QZSS (L1+L5), GLONASS"},{"label":"NFC","value":"Yes"},{"label":"USB","value":"USB Type-C 2.0, OTG"},{"label":"Radio","value":"No"},{"label":"Infrared port","value":"Yes"}]},{"category":"Features","specs":[{"label":"Sensors","value":"Fingerprint (under display, ultrasonic), accelerometer, gyro, proximity, compass"}]},{"category":"Battery","specs":[{"label":"Type","value":"5500 mAh"},{"label":"Charging","value":"120W wired, 70% in 17 min, 100% in 28 min"}]},{"category":"Misc","specs":[{"label":"Colors","value":"Blue/White, Black, White"},{"label":"Models","value":"V2403A"},{"label":"Price","value":"About 380 EUR"}]}]');
INSERT OR IGNORE INTO device_pictures (device_id, url, position) VALUES (834, 'https://fdn2.gsmarena.com/vv/bigpic/vivo-iqoo-neo9s-pro-plus.jpg', 0);
INSERT OR IGNORE INTO device_pictures (device_id, url, position) VALUES (834, 'https://fdn2.gsmarena.com/vv/pics/vivo/vivo-iqoo-neo9s-pro-plus-1.jpg', 1);
INSERT OR IGNORE INTO device_pictures (device_id, url, position) VALUES (834, 'https://fdn2.gsmarena.com/vv/pics/vivo/vivo-iqoo-neo9s-pro-plus-11.jpg', 2);
INSERT OR IGNORE INTO devices (id, brand_id, name, gsmarena_url, thumbnail_url, summary) VALUES (835, 5, 'V40', 'https://www.gsmarena.com/vivo_v40-13121.php', 'https://fdn2.gsmarena.com/vv/bigpic/vivo-v40.jpg', 'V40');
INSERT OR IGNORE INTO device_specs (device_id, announced, status, network, os, chipset, cpu, gpu, display_size, display_type, display_res, ram, storage, main_camera, selfie_camera, battery, charging, nfc, usb, bluetooth, wlan, colors, weight, dimensions, sim, sensors, popularity, fans, rating, full_specs_json) VALUES (835, '2024, June 17', 'Available. Released 2024, July 03', 'GSM / HSPA / LTE / 5G / 5G', 'Android 14, Funtouch 14', 'Qualcomm SM7550-AB Snapdragon 7 Gen 3 (4 nm)', 'Octa-core (1x2.63 GHz Cortex-A715 & 3x2.4 GHz Cortex-A715 & 4x1.8 GHz Cortex-A510)', 'Adreno 720', '6.78 inches, 111.0 cm 2 (~90.1% screen-to-body ratio)', 'AMOLED, HDR10+, 120Hz, 2160Hz PWM, 4500 nits (peak)', '1260 x 2800 pixels, 20:9 ratio (~453 ppi density)', '8GB', '128GB', '50 MP, f/1.9, 24mm (wide), 1/1.56", 1.0µm, PDAF, OIS, Zeiss optics, Ring-LED flash, panorama, HDR', '50 MP, f/2.0, 21mm (wide), 1/2.76", 0.64µm, AF, 4K@30fps, 1080p@30fps', 'Si/C Li-Ion 5500 mAh', '80W wired, PD', 'Yes (market/region dependent)', 'USB Type-C 2.0, OTG', '5.4, A2DP, LE', 'Wi-Fi 802.11 a/b/g/n/ac/6, dual-band', 'Stellar Silver (Titanium Grey), Nebula Purple (Lotus Purple), Ganges Blue, Moonlight White, Sunglow Peach', '190 g (6.70 oz)', '164.2 x 75 x 7.6 mm (6.46 x 2.95 x 0.30 in)', '· Nano-SIM + Nano-SIM + eSIM (max 2 at a time) · Nano-SIM + Nano-SIM', 'Fingerprint (under display, optical), accelerometer, gyro, proximity, compass', 'About 400 EUR', NULL, NULL, '[{"category":"Network","specs":[{"label":"Technology","value":"GSM / HSPA / LTE / 5G"},{"label":"2G bands","value":"GSM 850 / 900 / 1800 / 1900"},{"label":"3G bands","value":"HSDPA 850 / 900 / 1700(AWS) / 1900 / 2100 - International"},{"label":"4G bands","value":"1, 2, 3, 4, 5, 7, 8, 12, 13, 17, 18, 19, 20, 26, 28, 32, 38, 39, 40, 41, 66 - International"},{"label":"5G bands","value":"1, 2, 3, 5, 7, 8, 20, 26, 28, 38, 40, 41, 66, 75, 77, 78 SA/NSA - International"},{"label":"Speed","value":"HSPA, LTE, 5G"}]},{"category":"Launch","specs":[{"label":"Announced","value":"2024, June 17"},{"label":"Status","value":"Available. Released 2024, July 03"}]},{"category":"Body","specs":[{"label":"Dimensions","value":"164.2 x 75 x 7.6 mm (6.46 x 2.95 x 0.30 in)"},{"label":"Weight","value":"190 g (6.70 oz)"},{"label":"Build","value":"Glass front, plastic frame, glass back"},{"label":"SIM","value":"· Nano-SIM + Nano-SIM + eSIM (max 2 at a time) · Nano-SIM + Nano-SIM"}]},{"category":"Display","specs":[{"label":"Type","value":"AMOLED, HDR10+, 120Hz, 2160Hz PWM, 4500 nits (peak)"},{"label":"Size","value":"6.78 inches, 111.0 cm 2 (~90.1% screen-to-body ratio)"},{"label":"Resolution","value":"1260 x 2800 pixels, 20:9 ratio (~453 ppi density)"},{"label":"Protection","value":"Schott Xensation Alpha"}]},{"category":"Platform","specs":[{"label":"OS","value":"Android 14, Funtouch 14"},{"label":"Chipset","value":"Qualcomm SM7550-AB Snapdragon 7 Gen 3 (4 nm)"},{"label":"CPU","value":"Octa-core (1x2.63 GHz Cortex-A715 & 3x2.4 GHz Cortex-A715 & 4x1.8 GHz Cortex-A510)"},{"label":"GPU","value":"Adreno 720"}]},{"category":"Memory","specs":[{"label":"Card slot","value":"No"},{"label":"Internal","value":"128GB 8GB RAM, 256GB 8GB RAM, 256GB 12GB RAM, 512GB 12GB RAM"}]},{"category":"Main Camera","specs":[{"label":"Dual","value":"50 MP, f/1.9, 24mm (wide), 1/1.56\\", 1.0µm, PDAF, OIS"},{"label":"Features","value":"Zeiss optics, Ring-LED flash, panorama, HDR"},{"label":"Video","value":"4K@30fps, 1080p@30fps, gyro-EIS, OIS"}]},{"category":"Selfie camera","specs":[{"label":"Single","value":"50 MP, f/2.0, 21mm (wide), 1/2.76\\", 0.64µm, AF"},{"label":"Video","value":"4K@30fps, 1080p@30fps"},{"label":"Features","value":"HDR"}]},{"category":"Sound","specs":[{"label":"Loudspeaker","value":"Yes, with stereo speakers"},{"label":"3.5mm jack","value":"No"}]},{"category":"Comms","specs":[{"label":"WLAN","value":"Wi-Fi 802.11 a/b/g/n/ac/6, dual-band"},{"label":"Bluetooth","value":"5.4, A2DP, LE"},{"label":"Positioning","value":"GPS, GALILEO, GLONASS, QZSS, BDS, NavIC"},{"label":"NFC","value":"Yes (market/region dependent)"},{"label":"USB","value":"USB Type-C 2.0, OTG"},{"label":"Radio","value":"No"}]},{"category":"Features","specs":[{"label":"Sensors","value":"Fingerprint (under display, optical), accelerometer, gyro, proximity, compass"}]},{"category":"Battery","specs":[{"label":"Type","value":"Si/C Li-Ion 5500 mAh"},{"label":"Charging","value":"80W wired, PD"}]},{"category":"Misc","specs":[{"label":"Colors","value":"Stellar Silver (Titanium Grey), Nebula Purple (Lotus Purple), Ganges Blue, Moonlight White, Sunglow Peach"},{"label":"Models","value":"V2348"},{"label":"SAR","value":"0.97 W/kg (head)     0.90 W/kg (body)"},{"label":"Price","value":"About 400 EUR"},{"label":"SAR EU","value":"0.97 W/kg (head)     1.14 W/kg (body)"}]}]');
INSERT OR IGNORE INTO device_pictures (device_id, url, position) VALUES (835, 'https://fdn2.gsmarena.com/vv/bigpic/vivo-v40.jpg', 0);
INSERT OR IGNORE INTO device_pictures (device_id, url, position) VALUES (835, 'https://fdn2.gsmarena.com/vv/pics/vivo/vivo-v40-2.jpg', 1);
INSERT OR IGNORE INTO device_pictures (device_id, url, position) VALUES (835, 'https://fdn2.gsmarena.com/vv/pics/vivo/vivo-v40-02.jpg', 2);
INSERT OR IGNORE INTO device_pictures (device_id, url, position) VALUES (835, 'https://fdn2.gsmarena.com/vv/pics/vivo/vivo-v40-3.jpg', 3);
INSERT OR IGNORE INTO device_pictures (device_id, url, position) VALUES (835, 'https://fdn.gsmarena.com/imgroot/reviews/24/vivo-v40/lifestyle/-1024w2/gsmarena_001.jpg', 4);
INSERT OR IGNORE INTO device_pictures (device_id, url, position) VALUES (835, 'https://fdn.gsmarena.com/imgroot/reviews/24/vivo-v40/lifestyle/-1024w2/gsmarena_002.jpg', 5);
INSERT OR IGNORE INTO device_pictures (device_id, url, position) VALUES (835, 'https://fdn.gsmarena.com/imgroot/reviews/24/vivo-v40/lifestyle/-1024w2/gsmarena_003.jpg', 6);
INSERT OR IGNORE INTO device_pictures (device_id, url, position) VALUES (835, 'https://fdn.gsmarena.com/imgroot/reviews/24/vivo-v40/lifestyle/-1024w2/gsmarena_004.jpg', 7);
INSERT OR IGNORE INTO device_pictures (device_id, url, position) VALUES (835, 'https://fdn.gsmarena.com/imgroot/reviews/24/vivo-v40/lifestyle/-1024w2/gsmarena_005.jpg', 8);
INSERT OR IGNORE INTO device_pictures (device_id, url, position) VALUES (835, 'https://fdn.gsmarena.com/imgroot/reviews/24/vivo-v40/lifestyle/-1024w2/gsmarena_006.jpg', 9);
INSERT OR IGNORE INTO devices (id, brand_id, name, gsmarena_url, thumbnail_url, summary) VALUES (836, 5, 'Pad3', 'https://www.gsmarena.com/vivo_pad3-13170.php', 'https://fdn2.gsmarena.com/vv/bigpic/vivo-pad3.jpg', 'Pad3');
INSERT OR IGNORE INTO device_specs (device_id, announced, status, network, os, chipset, cpu, gpu, display_size, display_type, display_res, ram, storage, main_camera, selfie_camera, battery, charging, nfc, usb, bluetooth, wlan, colors, weight, dimensions, sim, sensors, popularity, fans, rating, full_specs_json) VALUES (836, '2024, June 28', 'Available. Released 2024, July 05', 'No cellular connectivity / 4G/LTE', 'Android 14, OriginOS 4', 'Qualcomm SM8635 Snapdragon 8s Gen 3 (4 nm)', 'Octa-core (1x3.0 GHz Cortex-X4 & 4x2.8 GHz Cortex-A720 & 3x2.0 GHz Cortex-A520)', 'Adreno 735', '12.1 inches, 444.4 cm 2 (~86.9% screen-to-body ratio)', 'IPS LCD, 1B colors, 144Hz, HDR10, 600 nits (peak)', '1968 x 2800 pixels (~283 ppi density)', '8GB', '128GB', '8 MP, LED flash', '5 MP, 1080p@30fps', '10000 mAh', '44W wired, PD', 'No', 'USB Type-C 3.2, OTG, magnetic connector', '5.4, A2DP, LE', 'Wi-Fi 802.11 a/b/g/n/ac/6, dual-band', 'Gray, Blue, Purple', '589.2 g (1.30 lb)', '266.4 x 192 x 6.6 mm (10.49 x 7.56 x 0.26 in)', 'No', 'Accelerometer, gyro, proximity (accessories only)', 'About 320 EUR', NULL, NULL, '[{"category":"Network","specs":[{"label":"Technology","value":"No cellular connectivity"},{"label":"2G bands","value":"N/A"},{"label":"3G bands","value":"N/A"},{"label":"4G bands","value":"N/A"},{"label":"GPRS","value":"No"},{"label":"EDGE","value":"No"}]},{"category":"Launch","specs":[{"label":"Announced","value":"2024, June 28"},{"label":"Status","value":"Available. Released 2024, July 05"}]},{"category":"Body","specs":[{"label":"Dimensions","value":"266.4 x 192 x 6.6 mm (10.49 x 7.56 x 0.26 in)"},{"label":"Weight","value":"589.2 g (1.30 lb)"},{"label":"Build","value":"Glass front, aluminum back, aluminum frame"},{"label":"SIM","value":"No"}]},{"category":"Display","specs":[{"label":"Type","value":"IPS LCD, 1B colors, 144Hz, HDR10, 600 nits (peak)"},{"label":"Size","value":"12.1 inches, 444.4 cm 2 (~86.9% screen-to-body ratio)"},{"label":"Resolution","value":"1968 x 2800 pixels (~283 ppi density)"}]},{"category":"Platform","specs":[{"label":"OS","value":"Android 14, OriginOS 4"},{"label":"Chipset","value":"Qualcomm SM8635 Snapdragon 8s Gen 3 (4 nm)"},{"label":"CPU","value":"Octa-core (1x3.0 GHz Cortex-X4 & 4x2.8 GHz Cortex-A720 & 3x2.0 GHz Cortex-A520)"},{"label":"GPU","value":"Adreno 735"}]},{"category":"Memory","specs":[{"label":"Card slot","value":"No"},{"label":"Internal","value":"128GB 8GB RAM, 256GB 8GB RAM, 256GB 12GB RAM, 512GB 12GB RAM"}]},{"category":"Main Camera","specs":[{"label":"Single","value":"8 MP"},{"label":"Features","value":"LED flash"},{"label":"Video","value":"1080p@30fps"}]},{"category":"Selfie camera","specs":[{"label":"Single","value":"5 MP"},{"label":"Video","value":"1080p@30fps"}]},{"category":"Sound","specs":[{"label":"Loudspeaker","value":"Yes, with stereo speakers (6 speakers)"},{"label":"3.5mm jack","value":"No"}]},{"category":"Comms","specs":[{"label":"WLAN","value":"Wi-Fi 802.11 a/b/g/n/ac/6, dual-band"},{"label":"Bluetooth","value":"5.4, A2DP, LE"},{"label":"Positioning","value":"Unspecified"},{"label":"NFC","value":"No"},{"label":"USB","value":"USB Type-C 3.2, OTG, magnetic connector"},{"label":"Radio","value":"No"}]},{"category":"Features","specs":[{"label":"Sensors","value":"Accelerometer, gyro, proximity (accessories only)"}]},{"category":"Battery","specs":[{"label":"Type","value":"10000 mAh"},{"label":"Charging","value":"44W wired, PD"}]},{"category":"Misc","specs":[{"label":"Colors","value":"Gray, Blue, Purple"},{"label":"Price","value":"About 320 EUR"}]}]');
INSERT OR IGNORE INTO device_pictures (device_id, url, position) VALUES (836, 'https://fdn2.gsmarena.com/vv/bigpic/vivo-pad3.jpg', 0);
INSERT OR IGNORE INTO device_pictures (device_id, url, position) VALUES (836, 'https://fdn2.gsmarena.com/vv/pics/vivo/vivo-pad3-1.jpg', 1);
INSERT OR IGNORE INTO device_pictures (device_id, url, position) VALUES (836, 'https://fdn2.gsmarena.com/vv/pics/vivo/vivo-pad3-2.jpg', 2);
INSERT OR IGNORE INTO device_pictures (device_id, url, position) VALUES (836, 'https://fdn2.gsmarena.com/vv/pics/vivo/vivo-pad3-3.jpg', 3);
INSERT OR IGNORE INTO devices (id, brand_id, name, gsmarena_url, thumbnail_url, summary) VALUES (837, 5, 'T3 Lite', 'https://www.gsmarena.com/vivo_t3_lite-13177.php', 'https://fdn2.gsmarena.com/vv/bigpic/vivo-t3-lite.jpg', 'T3 Lite');
INSERT OR IGNORE INTO device_specs (device_id, announced, status, network, os, chipset, cpu, gpu, display_size, display_type, display_res, ram, storage, main_camera, selfie_camera, battery, charging, nfc, usb, bluetooth, wlan, colors, weight, dimensions, sim, sensors, popularity, fans, rating, full_specs_json) VALUES (837, '2024, June 27', 'Available. Released 2024, July 04', 'GSM / HSPA / LTE / 5G / 5G', 'Android 14, Funtouch 14', 'Mediatek Dimensity 6300 (6 nm)', 'Octa-core (2x2.4 GHz Cortex-A76 & 6x2.0 GHz Cortex-A55)', 'Mali-G57 MC2', '6.56 inches, 103.4 cm 2 (~83.6% screen-to-body ratio)', 'IPS LCD, 90Hz, 840 nits (HBM)', '720 x 1612 pixels, 20:9 ratio (~269 ppi density)', '4GB', '128GB', '50 MP, f/1.8, (wide), PDAF, LED flash, panorama', '8 MP, f/2.0, (wide), 1080p@30fps', 'Li-Ion 5000 mAh', '15W wired', 'No', 'USB Type-C 2.0, OTG', '5.4, A2DP, LE', 'Wi-Fi 802.11 a/b/g/n/ac, dual-band', 'Vibrant Green, Majestic Black', '185 g (6.53 oz)', '163.6 x 75.6 x 8.4 mm (6.44 x 2.98 x 0.33 in)', 'Nano-SIM + Nano-SIM', 'Fingerprint (side-mounted), accelerometer, proximity, compass', 'About 120 EUR', NULL, NULL, '[{"category":"Network","specs":[{"label":"Technology","value":"GSM / HSPA / LTE / 5G"},{"label":"2G bands","value":"GSM 850 / 900 / 1800 / 1900"},{"label":"3G bands","value":"HSDPA 850 / 900 / 2100"},{"label":"4G bands","value":"1, 3, 5, 8, 28, 38, 40, 41"},{"label":"5G bands","value":"1, 3, 5, 8, 28, 40, 77, 78 SA/NSA"},{"label":"Speed","value":"HSPA, LTE, 5G"}]},{"category":"Launch","specs":[{"label":"Announced","value":"2024, June 27"},{"label":"Status","value":"Available. Released 2024, July 04"}]},{"category":"Body","specs":[{"label":"Dimensions","value":"163.6 x 75.6 x 8.4 mm (6.44 x 2.98 x 0.33 in)"},{"label":"Weight","value":"185 g (6.53 oz)"},{"label":"Build","value":"Glass front, plastic frame, plastic back"},{"label":"SIM","value":"Nano-SIM + Nano-SIM"}]},{"category":"Display","specs":[{"label":"Type","value":"IPS LCD, 90Hz, 840 nits (HBM)"},{"label":"Size","value":"6.56 inches, 103.4 cm 2 (~83.6% screen-to-body ratio)"},{"label":"Resolution","value":"720 x 1612 pixels, 20:9 ratio (~269 ppi density)"}]},{"category":"Platform","specs":[{"label":"OS","value":"Android 14, Funtouch 14"},{"label":"Chipset","value":"Mediatek Dimensity 6300 (6 nm)"},{"label":"CPU","value":"Octa-core (2x2.4 GHz Cortex-A76 & 6x2.0 GHz Cortex-A55)"},{"label":"GPU","value":"Mali-G57 MC2"}]},{"category":"Memory","specs":[{"label":"Card slot","value":"microSDXC (uses shared SIM slot)"},{"label":"Internal","value":"128GB 4GB RAM, 128GB 6GB RAM"}]},{"category":"Main Camera","specs":[{"label":"Dual","value":"50 MP, f/1.8, (wide), PDAF"},{"label":"Features","value":"LED flash, panorama"},{"label":"Video","value":"1080p@30fps"}]},{"category":"Selfie camera","specs":[{"label":"Single","value":"8 MP, f/2.0, (wide)"},{"label":"Video","value":"1080p@30fps"}]},{"category":"Sound","specs":[{"label":"Loudspeaker","value":"Yes"},{"label":"3.5mm jack","value":"Yes"}]},{"category":"Comms","specs":[{"label":"WLAN","value":"Wi-Fi 802.11 a/b/g/n/ac, dual-band"},{"label":"Bluetooth","value":"5.4, A2DP, LE"},{"label":"Positioning","value":"GPS, GALILEO, GLONASS, BDS, QZSS"},{"label":"NFC","value":"No"},{"label":"USB","value":"USB Type-C 2.0, OTG"},{"label":"Radio","value":"FM radio"}]},{"category":"Features","specs":[{"label":"Sensors","value":"Fingerprint (side-mounted), accelerometer, proximity, compass"}]},{"category":"Battery","specs":[{"label":"Type","value":"Li-Ion 5000 mAh"},{"label":"Charging","value":"15W wired"}]},{"category":"Misc","specs":[{"label":"Colors","value":"Vibrant Green, Majestic Black"},{"label":"Models","value":"V2356"},{"label":"SAR","value":"0.99 W/kg (head)     0.74 W/kg (body)"},{"label":"Price","value":"About 120 EUR"}]}]');
INSERT OR IGNORE INTO device_pictures (device_id, url, position) VALUES (837, 'https://fdn2.gsmarena.com/vv/bigpic/vivo-t3-lite.jpg', 0);
INSERT OR IGNORE INTO device_pictures (device_id, url, position) VALUES (837, 'https://fdn2.gsmarena.com/vv/pics/vivo/vivo-t3-lite-1.jpg', 1);
INSERT OR IGNORE INTO devices (id, brand_id, name, gsmarena_url, thumbnail_url, summary) VALUES (838, 5, 'Y28s', 'https://www.gsmarena.com/vivo_y28s-13171.php', 'https://fdn2.gsmarena.com/vv/bigpic/vivo-y28s.jpg', 'Y28s');
INSERT OR IGNORE INTO device_specs (device_id, announced, status, network, os, chipset, cpu, gpu, display_size, display_type, display_res, ram, storage, main_camera, selfie_camera, battery, charging, nfc, usb, bluetooth, wlan, colors, weight, dimensions, sim, sensors, popularity, fans, rating, full_specs_json) VALUES (838, '2024, June 26', 'Available. Released 2024, July', 'GSM / HSPA / LTE / 5G / 5G', 'Android 14, Funtouch 14', 'Mediatek Dimensity 6300 (6 nm)', 'Octa-core (2x2.4 GHz Cortex-A76 & 6x2.0 GHz Cortex-A55)', 'Mali-G57 MC2', '6.56 inches, 103.4 cm 2 (~83.6% screen-to-body ratio)', 'IPS LCD, 90Hz, 840 nits (HBM)', '720 x 1612 pixels, 20:9 ratio (~269 ppi density)', '4GB', '128GB', '50 MP, f/1.8, (wide), PDAF, LED flash, panorama', '8 MP, f/2.0, (wide), 1080p@30fps', 'Li-Ion 5000 mAh', '15W wired', 'Yes (market/region dependent)', 'USB Type-C 2.0, OTG', '5.4, A2DP, LE', 'Wi-Fi 802.11 a/b/g/n/ac, dual-band', 'Mocha Brown, Twinkling Purple', '185 g (6.53 oz)', '163.6 x 75.6 x 8.4 mm (6.44 x 2.98 x 0.33 in)', 'Nano-SIM + Nano-SIM', 'Fingerprint (side-mounted), accelerometer, proximity, compass', NULL, NULL, NULL, '[{"category":"Network","specs":[{"label":"Technology","value":"GSM / HSPA / LTE / 5G"},{"label":"2G bands","value":"GSM 850 / 900 / 1800 / 1900"},{"label":"3G bands","value":"HSDPA 850 / 900 / 1700(AWS) / 1900 / 2100"},{"label":"4G bands","value":"1, 2, 3, 4, 5, 7, 8, 20, 28, 38, 40, 41"},{"label":"5G bands","value":"1, 3, 5, 7, 8, 20, 28, 38, 40, 41, 77, 78 SA/NSA"},{"label":"Speed","value":"HSPA, LTE, 5G"}]},{"category":"Launch","specs":[{"label":"Announced","value":"2024, June 26"},{"label":"Status","value":"Available. Released 2024, July"}]},{"category":"Body","specs":[{"label":"Dimensions","value":"163.6 x 75.6 x 8.4 mm (6.44 x 2.98 x 0.33 in)"},{"label":"Weight","value":"185 g (6.53 oz)"},{"label":"Build","value":"Glass front, plastic frame, plastic back"},{"label":"SIM","value":"Nano-SIM + Nano-SIM"}]},{"category":"Display","specs":[{"label":"Type","value":"IPS LCD, 90Hz, 840 nits (HBM)"},{"label":"Size","value":"6.56 inches, 103.4 cm 2 (~83.6% screen-to-body ratio)"},{"label":"Resolution","value":"720 x 1612 pixels, 20:9 ratio (~269 ppi density)"}]},{"category":"Platform","specs":[{"label":"OS","value":"Android 14, Funtouch 14"},{"label":"Chipset","value":"Mediatek Dimensity 6300 (6 nm)"},{"label":"CPU","value":"Octa-core (2x2.4 GHz Cortex-A76 & 6x2.0 GHz Cortex-A55)"},{"label":"GPU","value":"Mali-G57 MC2"}]},{"category":"Memory","specs":[{"label":"Card slot","value":"microSDXC (uses shared SIM slot)"},{"label":"Internal","value":"128GB 4GB RAM, 128GB 6GB RAM, 128GB 8GB RAM, 256GB 8GB RAM"}]},{"category":"Main Camera","specs":[{"label":"Dual","value":"50 MP, f/1.8, (wide), PDAF"},{"label":"Features","value":"LED flash, panorama"},{"label":"Video","value":"1080p@30fps"}]},{"category":"Selfie camera","specs":[{"label":"Single","value":"8 MP, f/2.0, (wide)"},{"label":"Video","value":"1080p@30fps"}]},{"category":"Sound","specs":[{"label":"Loudspeaker","value":"Yes"},{"label":"3.5mm jack","value":"Yes"}]},{"category":"Comms","specs":[{"label":"WLAN","value":"Wi-Fi 802.11 a/b/g/n/ac, dual-band"},{"label":"Bluetooth","value":"5.4, A2DP, LE"},{"label":"Positioning","value":"GPS, GALILEO, GLONASS, BDS, QZSS"},{"label":"NFC","value":"Yes (market/region dependent)"},{"label":"USB","value":"USB Type-C 2.0, OTG"},{"label":"Radio","value":"FM radio (market/region dependent)"}]},{"category":"Features","specs":[{"label":"Sensors","value":"Fingerprint (side-mounted), accelerometer, proximity, compass"}]},{"category":"Battery","specs":[{"label":"Type","value":"Li-Ion 5000 mAh"},{"label":"Charging","value":"15W wired"}]},{"category":"Misc","specs":[{"label":"Colors","value":"Mocha Brown, Twinkling Purple"},{"label":"Models","value":"V2346"}]}]');
INSERT OR IGNORE INTO device_pictures (device_id, url, position) VALUES (838, 'https://fdn2.gsmarena.com/vv/bigpic/vivo-y28s.jpg', 0);
INSERT OR IGNORE INTO device_pictures (device_id, url, position) VALUES (838, 'https://fdn2.gsmarena.com/vv/pics/vivo/vivo-y28s-0.jpg', 1);
INSERT OR IGNORE INTO device_pictures (device_id, url, position) VALUES (838, 'https://fdn2.gsmarena.com/vv/pics/vivo/vivo-y28s-1.jpg', 2);
INSERT OR IGNORE INTO devices (id, brand_id, name, gsmarena_url, thumbnail_url, summary) VALUES (839, 5, 'Y28 4G', 'https://www.gsmarena.com/vivo_y28_4g-13201.php', 'https://fdn2.gsmarena.com/vv/bigpic/vivo-y28-4g.jpg', 'Y28 4G');
INSERT OR IGNORE INTO device_specs (device_id, announced, status, network, os, chipset, cpu, gpu, display_size, display_type, display_res, ram, storage, main_camera, selfie_camera, battery, charging, nfc, usb, bluetooth, wlan, colors, weight, dimensions, sim, sensors, popularity, fans, rating, full_specs_json) VALUES (839, '2024, June 15', 'Available. Released 2024, July', 'GSM / HSPA / LTE / 4G/LTE', 'Android 14, upgradable to Android 15, Funtouch 15', 'Mediatek Helio G85 (12 nm)', 'Octa-core (2x2.0 GHz Cortex-A75 & 6x1.8 GHz Cortex-A55)', 'Mali-G52 MC2', '6.68 inches, 107.4 cm 2 (~85.3% screen-to-body ratio)', 'IPS LCD, 90Hz, 760 nits (typ), 1000 nits (HBM)', '720 x 1608 pixels, 20:9 ratio (~264 ppi density)', '4GB', '128GB', '50 MP, f/1.8, 26mm (wide), 1/2.75", 0.64µm, PDAF, LED flash', '8 MP, f/2.1, 25mm (wide), 1/3.94", 1.12µm, 1080p@30fps', '6000 mAh', '44W wired', 'No', 'USB Type-C 2.0, OTG', '5.0, A2DP, LE', 'Wi-Fi 802.11 a/b/g/n, dual-band', 'Agate Green, Gleaming Orange', '199 g (7.02 oz)', '165.7 x 76 x 8 mm (6.52 x 2.99 x 0.31 in)', 'Nano-SIM + Nano-SIM', 'Fingerprint (side-mounted), accelerometer, proximity, compass', 'About 130 EUR', NULL, NULL, '[{"category":"Network","specs":[{"label":"Technology","value":"GSM / HSPA / LTE"},{"label":"2G bands","value":"GSM 850 / 900 / 1800 / 1900"},{"label":"3G bands","value":"HSDPA 850 / 900 / 2100"},{"label":"4G bands","value":"1, 3, 5, 7, 8, 20, 28, 38, 40, 41"},{"label":"Speed","value":"HSPA, LTE"}]},{"category":"Launch","specs":[{"label":"Announced","value":"2024, June 15"},{"label":"Status","value":"Available. Released 2024, July"}]},{"category":"Body","specs":[{"label":"Dimensions","value":"165.7 x 76 x 8 mm (6.52 x 2.99 x 0.31 in)"},{"label":"Weight","value":"199 g (7.02 oz)"},{"label":"Build","value":"Glass front, plastic frame, plastic back"},{"label":"SIM","value":"Nano-SIM + Nano-SIM"}]},{"category":"Display","specs":[{"label":"Type","value":"IPS LCD, 90Hz, 760 nits (typ), 1000 nits (HBM)"},{"label":"Size","value":"6.68 inches, 107.4 cm 2 (~85.3% screen-to-body ratio)"},{"label":"Resolution","value":"720 x 1608 pixels, 20:9 ratio (~264 ppi density)"}]},{"category":"Platform","specs":[{"label":"OS","value":"Android 14, upgradable to Android 15, Funtouch 15"},{"label":"Chipset","value":"Mediatek Helio G85 (12 nm)"},{"label":"CPU","value":"Octa-core (2x2.0 GHz Cortex-A75 & 6x1.8 GHz Cortex-A55)"},{"label":"GPU","value":"Mali-G52 MC2"}]},{"category":"Memory","specs":[{"label":"Card slot","value":"microSDXC (uses shared SIM slot)"},{"label":"Internal","value":"128GB 4GB RAM, 128GB 6GB RAM, 128GB 8GB RAM, 256GB 8GB RAM"}]},{"category":"Main Camera","specs":[{"label":"Dual","value":"50 MP, f/1.8, 26mm (wide), 1/2.75\\", 0.64µm, PDAF"},{"label":"Features","value":"LED flash"},{"label":"Video","value":"1080p@30fps"}]},{"category":"Selfie camera","specs":[{"label":"Single","value":"8 MP, f/2.1, 25mm (wide), 1/3.94\\", 1.12µm"},{"label":"Video","value":"1080p@30fps"}]},{"category":"Sound","specs":[{"label":"Loudspeaker","value":"Yes, with stereo speakers"},{"label":"3.5mm jack","value":"Yes"}]},{"category":"Comms","specs":[{"label":"WLAN","value":"Wi-Fi 802.11 a/b/g/n, dual-band"},{"label":"Bluetooth","value":"5.0, A2DP, LE"},{"label":"Positioning","value":"GPS, GALILEO, GLONASS, BDS, QZSS"},{"label":"NFC","value":"No"},{"label":"USB","value":"USB Type-C 2.0, OTG"},{"label":"Radio","value":"FM radio"}]},{"category":"Features","specs":[{"label":"Sensors","value":"Fingerprint (side-mounted), accelerometer, proximity, compass"}]},{"category":"Battery","specs":[{"label":"Type","value":"6000 mAh"},{"label":"Charging","value":"44W wired"}]},{"category":"Misc","specs":[{"label":"Colors","value":"Agate Green, Gleaming Orange"},{"label":"Models","value":"V2352"},{"label":"Price","value":"About 130 EUR"}]}]');
INSERT OR IGNORE INTO device_pictures (device_id, url, position) VALUES (839, 'https://fdn2.gsmarena.com/vv/bigpic/vivo-y28-4g.jpg', 0);
INSERT OR IGNORE INTO device_pictures (device_id, url, position) VALUES (839, 'https://fdn2.gsmarena.com/vv/pics/vivo/vivo-y28-4g-1.jpg', 1);
INSERT OR IGNORE INTO device_pictures (device_id, url, position) VALUES (839, 'https://fdn2.gsmarena.com/vv/pics/vivo/vivo-y28-4g-2.jpg', 2);
INSERT OR IGNORE INTO devices (id, brand_id, name, gsmarena_url, thumbnail_url, summary) VALUES (840, 5, 'Y58', 'https://www.gsmarena.com/vivo_y58-13156.php', 'https://fdn2.gsmarena.com/vv/bigpic/vivo-u38.jpg', 'Y58');
INSERT OR IGNORE INTO device_specs (device_id, announced, status, network, os, chipset, cpu, gpu, display_size, display_type, display_res, ram, storage, main_camera, selfie_camera, battery, charging, nfc, usb, bluetooth, wlan, colors, weight, dimensions, sim, sensors, popularity, fans, rating, full_specs_json) VALUES (840, '2024, June 20', 'Available. Released 2024, June 20', 'GSM / HSPA / LTE / 5G / 5G', 'Android 14, Funtouch 14', 'Qualcomm SM4450 Snapdragon 4 Gen 2 (4 nm)', 'Octa-core (2x2.2 GHz Cortex-A78 & 6x1.95 GHz Cortex-A55)', 'Adreno 613', '6.72 inches, 108.8 cm 2 (~86.4% screen-to-body ratio)', 'IPS LCD, 120Hz, 1024 nits (HBM)', '1080 x 2408 pixels, 20:9 ratio (~393 ppi density)', '8GB', '128GB', '50 MP, f/1.8, (wide), PDAF, LED flash, HDR, panorama', '8 MP, f/2.1, (wide), 1080p@30fps', '6000 mAh', '44W wired', 'No', 'USB Type-C 2.0, OTG', '5.1, A2DP, LE', 'Wi-Fi 802.11 a/b/g/n/ac, dual-band', 'Himalayan Blue, Sundarbans Green', '199 g (7.02 oz)', '165.7 x 76 x 8 mm (6.52 x 2.99 x 0.31 in)', 'Nano-SIM + Nano-SIM', 'Fingerprint (side-mounted), accelerometer, gyro, proximity, compass', 'About 220 EUR', NULL, NULL, '[{"category":"Network","specs":[{"label":"Technology","value":"GSM / HSPA / LTE / 5G"},{"label":"2G bands","value":"GSM 850 / 900 / 1800 / 1900"},{"label":"3G bands","value":"HSDPA 850 / 900 / 2100"},{"label":"4G bands","value":"1, 3, 5, 8, 28, 38, 40, 41"},{"label":"5G bands","value":"1, 3, 5, 8, 28, 38, 40, 77, 78 SA/NSA"},{"label":"Speed","value":"HSPA, LTE, 5G"}]},{"category":"Launch","specs":[{"label":"Announced","value":"2024, June 20"},{"label":"Status","value":"Available. Released 2024, June 20"}]},{"category":"Body","specs":[{"label":"Dimensions","value":"165.7 x 76 x 8 mm (6.52 x 2.99 x 0.31 in)"},{"label":"Weight","value":"199 g (7.02 oz)"},{"label":"Build","value":"Glass front, plastic frame, plastic back"},{"label":"SIM","value":"Nano-SIM + Nano-SIM"}]},{"category":"Display","specs":[{"label":"Type","value":"IPS LCD, 120Hz, 1024 nits (HBM)"},{"label":"Size","value":"6.72 inches, 108.8 cm 2 (~86.4% screen-to-body ratio)"},{"label":"Resolution","value":"1080 x 2408 pixels, 20:9 ratio (~393 ppi density)"}]},{"category":"Platform","specs":[{"label":"OS","value":"Android 14, Funtouch 14"},{"label":"Chipset","value":"Qualcomm SM4450 Snapdragon 4 Gen 2 (4 nm)"},{"label":"CPU","value":"Octa-core (2x2.2 GHz Cortex-A78 & 6x1.95 GHz Cortex-A55)"},{"label":"GPU","value":"Adreno 613"}]},{"category":"Memory","specs":[{"label":"Card slot","value":"microSDXC (uses shared SIM slot)"},{"label":"Internal","value":"128GB 8GB RAM"}]},{"category":"Main Camera","specs":[{"label":"Dual","value":"50 MP, f/1.8, (wide), PDAF"},{"label":"Features","value":"LED flash, HDR, panorama"},{"label":"Video","value":"1080p@30fps"}]},{"category":"Selfie camera","specs":[{"label":"Single","value":"8 MP, f/2.1, (wide)"},{"label":"Video","value":"1080p@30fps"}]},{"category":"Sound","specs":[{"label":"Loudspeaker","value":"Yes, with stereo speakers"},{"label":"3.5mm jack","value":"Yes"}]},{"category":"Comms","specs":[{"label":"WLAN","value":"Wi-Fi 802.11 a/b/g/n/ac, dual-band"},{"label":"Bluetooth","value":"5.1, A2DP, LE"},{"label":"Positioning","value":"GPS, GALILEO, GLONASS, BDS, QZSS"},{"label":"NFC","value":"No"},{"label":"USB","value":"USB Type-C 2.0, OTG"},{"label":"Radio","value":"FM radio"}]},{"category":"Features","specs":[{"label":"Sensors","value":"Fingerprint (side-mounted), accelerometer, gyro, proximity, compass"}]},{"category":"Battery","specs":[{"label":"Type","value":"6000 mAh"},{"label":"Charging","value":"44W wired"}]},{"category":"Misc","specs":[{"label":"Colors","value":"Himalayan Blue, Sundarbans Green"},{"label":"Models","value":"V2355"},{"label":"Price","value":"About 220 EUR"}]}]');
INSERT OR IGNORE INTO device_pictures (device_id, url, position) VALUES (840, 'https://fdn2.gsmarena.com/vv/bigpic/vivo-u38.jpg', 0);
INSERT OR IGNORE INTO device_pictures (device_id, url, position) VALUES (840, 'https://fdn2.gsmarena.com/vv/pics/vivo/vivo-y58-1.jpg', 1);
INSERT OR IGNORE INTO device_pictures (device_id, url, position) VALUES (840, 'https://fdn2.gsmarena.com/vv/pics/vivo/vivo-y38-1.jpg', 2);
INSERT OR IGNORE INTO device_pictures (device_id, url, position) VALUES (840, 'https://fdn2.gsmarena.com/vv/pics/vivo/vivo-y38-2.jpg', 3);
INSERT OR IGNORE INTO devices (id, brand_id, name, gsmarena_url, thumbnail_url, summary) VALUES (841, 5, 'iQOO Pad2 Pro', 'https://www.gsmarena.com/vivo_iqoo_pad2_pro-13091.php', 'https://fdn2.gsmarena.com/vv/bigpic/vivo-iqoo-pad2-pro.jpg', 'iQOO Pad2 Pro');
INSERT OR IGNORE INTO device_specs (device_id, announced, status, network, os, chipset, cpu, gpu, display_size, display_type, display_res, ram, storage, main_camera, selfie_camera, battery, charging, nfc, usb, bluetooth, wlan, colors, weight, dimensions, sim, sensors, popularity, fans, rating, full_specs_json) VALUES (841, '2024, May 31', 'Available. Released 2024, June 04', 'No cellular connectivity / 4G/LTE', 'Android 14, OriginOS 4', 'Mediatek Dimensity 9300+ (4 nm)', 'Octa-core (1x3.4 GHz Cortex-X4 & 3x2.85 GHz Cortex-X4 & 4x2.0 GHz Cortex-A720)', 'Immortalis-G720 MC12', '13.0 inches, 503.2 cm 2 (~87.6% screen-to-body ratio)', 'IPS LCD, 1B colors, 144Hz, HDR10, 900 nits (peak)', '2064 x 3096 pixels, 3:2 ratio (~286 ppi density)', '8GB', '256GB', '13 MP, LED flash', '8 MP, 1080p@30fps', '11500 mAh', '66W wired, PD', 'Yes', 'USB Type-C 3.2, OTG, magnetic connector', '5.4, A2DP, LE', 'Wi-Fi 802.11 a/b/g/n/ac/6/7, dual-band', 'Gray, Blue, Silver', '679 g (1.50 lb)', '289.6 x 198.3 x 6.6 mm (11.40 x 7.81 x 0.26 in)', 'No', 'Accelerometer, gyro, proximity (accessories only)', 'About 440 EUR', NULL, NULL, '[{"category":"Network","specs":[{"label":"Technology","value":"No cellular connectivity"},{"label":"2G bands","value":"N/A"},{"label":"3G bands","value":"N/A"},{"label":"4G bands","value":"N/A"},{"label":"GPRS","value":"No"},{"label":"EDGE","value":"No"}]},{"category":"Launch","specs":[{"label":"Announced","value":"2024, May 31"},{"label":"Status","value":"Available. Released 2024, June 04"}]},{"category":"Body","specs":[{"label":"Dimensions","value":"289.6 x 198.3 x 6.6 mm (11.40 x 7.81 x 0.26 in)"},{"label":"Weight","value":"679 g (1.50 lb)"},{"label":"Build","value":"Glass front, aluminum back, aluminum frame"},{"label":"SIM","value":"No"}]},{"category":"Display","specs":[{"label":"Type","value":"IPS LCD, 1B colors, 144Hz, HDR10, 900 nits (peak)"},{"label":"Size","value":"13.0 inches, 503.2 cm 2 (~87.6% screen-to-body ratio)"},{"label":"Resolution","value":"2064 x 3096 pixels, 3:2 ratio (~286 ppi density)"}]},{"category":"Platform","specs":[{"label":"OS","value":"Android 14, OriginOS 4"},{"label":"Chipset","value":"Mediatek Dimensity 9300+ (4 nm)"},{"label":"CPU","value":"Octa-core (1x3.4 GHz Cortex-X4 & 3x2.85 GHz Cortex-X4 & 4x2.0 GHz Cortex-A720)"},{"label":"GPU","value":"Immortalis-G720 MC12"}]},{"category":"Memory","specs":[{"label":"Card slot","value":"No"},{"label":"Internal","value":"256GB 8GB RAM, 256GB 12GB RAM, 512GB 16GB RAM"}]},{"category":"Main Camera","specs":[{"label":"Single","value":"13 MP"},{"label":"Features","value":"LED flash"},{"label":"Video","value":"4K@30fps, 1080p@30fps"}]},{"category":"Selfie camera","specs":[{"label":"Single","value":"8 MP"},{"label":"Video","value":"1080p@30fps"}]},{"category":"Sound","specs":[{"label":"Loudspeaker","value":"Yes, with stereo speakers (8 speakers)"},{"label":"3.5mm jack","value":"No"}]},{"category":"Comms","specs":[{"label":"WLAN","value":"Wi-Fi 802.11 a/b/g/n/ac/6/7, dual-band"},{"label":"Bluetooth","value":"5.4, A2DP, LE"},{"label":"Positioning","value":"Unspecified"},{"label":"NFC","value":"Yes"},{"label":"USB","value":"USB Type-C 3.2, OTG, magnetic connector"},{"label":"Radio","value":"No"}]},{"category":"Features","specs":[{"label":"Sensors","value":"Accelerometer, gyro, proximity (accessories only)"}]},{"category":"Battery","specs":[{"label":"Type","value":"11500 mAh"},{"label":"Charging","value":"66W wired, PD"}]},{"category":"Misc","specs":[{"label":"Colors","value":"Gray, Blue, Silver"},{"label":"Price","value":"About 440 EUR"}]}]');
INSERT OR IGNORE INTO device_pictures (device_id, url, position) VALUES (841, 'https://fdn2.gsmarena.com/vv/bigpic/vivo-iqoo-pad2-pro.jpg', 0);
INSERT OR IGNORE INTO device_pictures (device_id, url, position) VALUES (841, 'https://fdn2.gsmarena.com/vv/pics/vivo/vivo-iqoo-pad2-pro-1.jpg', 1);
INSERT OR IGNORE INTO device_pictures (device_id, url, position) VALUES (841, 'https://fdn2.gsmarena.com/vv/pics/vivo/vivo-iqoo-pad2-pro-2.jpg', 2);
INSERT OR IGNORE INTO devices (id, brand_id, name, gsmarena_url, thumbnail_url, summary) VALUES (842, 5, 'iQOO Pad2', 'https://www.gsmarena.com/vivo_iqoo_pad2-13092.php', 'https://fdn2.gsmarena.com/vv/bigpic/vivo-iqoo-pad2.jpg', 'iQOO Pad2');
INSERT OR IGNORE INTO device_specs (device_id, announced, status, network, os, chipset, cpu, gpu, display_size, display_type, display_res, ram, storage, main_camera, selfie_camera, battery, charging, nfc, usb, bluetooth, wlan, colors, weight, dimensions, sim, sensors, popularity, fans, rating, full_specs_json) VALUES (842, '2024, May 31', 'Available. Released 2024, June 04', 'No cellular connectivity / 4G/LTE', 'Android 14, OriginOS 4', 'Qualcomm SM8635 Snapdragon 8s Gen 3 (4 nm)', 'Octa-core (1x3.0 GHz Cortex-X4 & 4x2.8 GHz Cortex-A720 & 3x2.0 GHz Cortex-A520)', 'Adreno 735', '12.1 inches, 444.4 cm 2 (~86.9% screen-to-body ratio)', 'IPS LCD, 1B colors, 144Hz, HDR10, 600 nits (peak)', '1968 x 2800 pixels (~283 ppi density)', '8GB', '128GB', '8 MP, LED flash', '5 MP, 1080p@30fps', '10000 mAh', '44W wired, PD', 'No', 'USB Type-C 3.2, OTG, magnetic connector', '5.4, A2DP, LE', 'Wi-Fi 802.11 a/b/g/n/ac, dual-band', 'Gray, Blue, Silver', '589 g (1.30 lb)', '266.4 x 192 x 6.6 mm (10.49 x 7.56 x 0.26 in)', 'No', 'Accelerometer, gyro, proximity (accessories only)', 'About 320 EUR', NULL, NULL, '[{"category":"Network","specs":[{"label":"Technology","value":"No cellular connectivity"},{"label":"2G bands","value":"N/A"},{"label":"3G bands","value":"N/A"},{"label":"4G bands","value":"N/A"},{"label":"GPRS","value":"No"},{"label":"EDGE","value":"No"}]},{"category":"Launch","specs":[{"label":"Announced","value":"2024, May 31"},{"label":"Status","value":"Available. Released 2024, June 04"}]},{"category":"Body","specs":[{"label":"Dimensions","value":"266.4 x 192 x 6.6 mm (10.49 x 7.56 x 0.26 in)"},{"label":"Weight","value":"589 g (1.30 lb)"},{"label":"Build","value":"Glass front, aluminum back, aluminum frame"},{"label":"SIM","value":"No"}]},{"category":"Display","specs":[{"label":"Type","value":"IPS LCD, 1B colors, 144Hz, HDR10, 600 nits (peak)"},{"label":"Size","value":"12.1 inches, 444.4 cm 2 (~86.9% screen-to-body ratio)"},{"label":"Resolution","value":"1968 x 2800 pixels (~283 ppi density)"}]},{"category":"Platform","specs":[{"label":"OS","value":"Android 14, OriginOS 4"},{"label":"Chipset","value":"Qualcomm SM8635 Snapdragon 8s Gen 3 (4 nm)"},{"label":"CPU","value":"Octa-core (1x3.0 GHz Cortex-X4 & 4x2.8 GHz Cortex-A720 & 3x2.0 GHz Cortex-A520)"},{"label":"GPU","value":"Adreno 735"}]},{"category":"Memory","specs":[{"label":"Card slot","value":"No"},{"label":"Internal","value":"128GB 8GB RAM, 256GB 8GB RAM, 256GB 12GB RAM, 512GB 12GB RAM"}]},{"category":"Main Camera","specs":[{"label":"Single","value":"8 MP"},{"label":"Features","value":"LED flash"},{"label":"Video","value":"1080p@30fps"}]},{"category":"Selfie camera","specs":[{"label":"Single","value":"5 MP"},{"label":"Video","value":"1080p@30fps"}]},{"category":"Sound","specs":[{"label":"Loudspeaker","value":"Yes, with stereo speakers (6 speakers)"},{"label":"3.5mm jack","value":"No"}]},{"category":"Comms","specs":[{"label":"WLAN","value":"Wi-Fi 802.11 a/b/g/n/ac, dual-band"},{"label":"Bluetooth","value":"5.4, A2DP, LE"},{"label":"Positioning","value":"Unspecified"},{"label":"NFC","value":"No"},{"label":"USB","value":"USB Type-C 3.2, OTG, magnetic connector"},{"label":"Radio","value":"No"}]},{"category":"Features","specs":[{"label":"Sensors","value":"Accelerometer, gyro, proximity (accessories only)"}]},{"category":"Battery","specs":[{"label":"Type","value":"10000 mAh"},{"label":"Charging","value":"44W wired, PD"}]},{"category":"Misc","specs":[{"label":"Colors","value":"Gray, Blue, Silver"},{"label":"Price","value":"About 320 EUR"}]}]');
INSERT OR IGNORE INTO device_pictures (device_id, url, position) VALUES (842, 'https://fdn2.gsmarena.com/vv/bigpic/vivo-iqoo-pad2.jpg', 0);
INSERT OR IGNORE INTO device_pictures (device_id, url, position) VALUES (842, 'https://fdn2.gsmarena.com/vv/pics/vivo/vivo-iqoo-pad2-1.jpg', 1);
INSERT OR IGNORE INTO device_pictures (device_id, url, position) VALUES (842, 'https://fdn2.gsmarena.com/vv/pics/vivo/vivo-iqoo-pad2-2.jpg', 2);
INSERT OR IGNORE INTO devices (id, brand_id, name, gsmarena_url, thumbnail_url, summary) VALUES (843, 5, 'S19 Pro', 'https://www.gsmarena.com/vivo_s19_pro-13087.php', 'https://fdn2.gsmarena.com/vv/bigpic/vivo-s19-pro.jpg', 'S19 Pro');
INSERT OR IGNORE INTO device_specs (device_id, announced, status, network, os, chipset, cpu, gpu, display_size, display_type, display_res, ram, storage, main_camera, selfie_camera, battery, charging, nfc, usb, bluetooth, wlan, colors, weight, dimensions, sim, sensors, popularity, fans, rating, full_specs_json) VALUES (843, '2024, May 30', 'Available. Released 2024, May 30', 'GSM / CDMA / HSPA / LTE / 5G / 5G', 'Android 14, OriginOS 4', 'Mediatek Dimensity 9200+ (4 nm)', 'Octa-core (1x3.35 GHz Cortex-X3 & 3x3.0 GHz Cortex-A715 & 4x2.0 GHz Cortex-A510)', 'Immortalis-G715 MC11', '6.78 inches, 111.0 cm 2 (~90.2% screen-to-body ratio)', 'AMOLED, 1B colors, 120Hz, 4500 nits (peak)', '1260 x 2800 pixels, 20:9 ratio (~453 ppi density)', '8GB', '256GB', '50 MP, f/1.9, (wide), 1/1.56", PDAF, OIS, Ring-LED flash, panorama, HDR', '50 MP, f/2.0, 22mm (wide), AF, 4K@30fps, 1080p@30fps', 'Si/C Li-Ion 5500 mAh', '80W wired, PD', 'Yes', 'USB Type-C 2.0, OTG', '5.3, A2DP, LE, aptX HD', 'Wi-Fi 802.11 a/b/g/n/ac/6/7, dual-band, Wi-Fi Direct', 'Gray, Green, Light Blue', '192 g (6.77 oz)', '164.1 x 75 x 7.6 mm (6.46 x 2.95 x 0.30 in)', 'Nano-SIM + Nano-SIM', 'Fingerprint (under display, optical), accelerometer, gyro, proximity, compass', 'About 420 EUR', NULL, NULL, '[{"category":"Network","specs":[{"label":"Technology","value":"GSM / CDMA / HSPA / LTE / 5G"},{"label":"2G bands","value":"GSM 850 / 900 / 1800 / 1900"},{"label":"3G bands","value":"HSDPA 800 / 850 / 900 / 1700(AWS) / 1900 / 2100"},{"label":"4G bands","value":"1, 3, 4, 5, 7, 8, 18, 19, 26, 28, 34, 38, 39, 40, 41"},{"label":"5G bands","value":"1, 3, 5, 8, 28, 38, 40, 41, 77, 78 SA/NSA"},{"label":"Speed","value":"HSPA, LTE, 5G"}]},{"category":"Launch","specs":[{"label":"Announced","value":"2024, May 30"},{"label":"Status","value":"Available. Released 2024, May 30"}]},{"category":"Body","specs":[{"label":"Dimensions","value":"164.1 x 75 x 7.6 mm (6.46 x 2.95 x 0.30 in)"},{"label":"Weight","value":"192 g (6.77 oz)"},{"label":"Build","value":"Glass front, plastic frame, glass back"},{"label":"SIM","value":"Nano-SIM + Nano-SIM"}]},{"category":"Display","specs":[{"label":"Type","value":"AMOLED, 1B colors, 120Hz, 4500 nits (peak)"},{"label":"Size","value":"6.78 inches, 111.0 cm 2 (~90.2% screen-to-body ratio)"},{"label":"Resolution","value":"1260 x 2800 pixels, 20:9 ratio (~453 ppi density)"}]},{"category":"Platform","specs":[{"label":"OS","value":"Android 14, OriginOS 4"},{"label":"Chipset","value":"Mediatek Dimensity 9200+ (4 nm)"},{"label":"CPU","value":"Octa-core (1x3.35 GHz Cortex-X3 & 3x3.0 GHz Cortex-A715 & 4x2.0 GHz Cortex-A510)"},{"label":"GPU","value":"Immortalis-G715 MC11"}]},{"category":"Memory","specs":[{"label":"Card slot","value":"No"},{"label":"Internal","value":"256GB 8GB RAM, 256GB 12GB RAM, 256GB 16GB RAM, 512GB 12GB RAM, 512GB 16GB RAM"}]},{"category":"Main Camera","specs":[{"label":"Triple","value":"50 MP, f/1.9, (wide), 1/1.56\\", PDAF, OIS"},{"label":"Features","value":"Ring-LED flash, panorama, HDR"},{"label":"Video","value":"4K@30fps, 1080p@30fps, gyro-EIS, OIS"}]},{"category":"Selfie camera","specs":[{"label":"Single","value":"50 MP, f/2.0, 22mm (wide), AF"},{"label":"Video","value":"4K@30fps, 1080p@30fps"},{"label":"Features","value":"Dual-LED flash, HDR"}]},{"category":"Sound","specs":[{"label":"Loudspeaker","value":"Yes, with stereo speakers"},{"label":"3.5mm jack","value":"No"}]},{"category":"Comms","specs":[{"label":"WLAN","value":"Wi-Fi 802.11 a/b/g/n/ac/6/7, dual-band, Wi-Fi Direct"},{"label":"Bluetooth","value":"5.3, A2DP, LE, aptX HD"},{"label":"Positioning","value":"GPS (L1+L5), GLONASS, BDS (B1I+B1c+B2a), GALILEO (E1+E5a), QZSS (L1+L5), NavIC (L5)"},{"label":"NFC","value":"Yes"},{"label":"USB","value":"USB Type-C 2.0, OTG"},{"label":"Radio","value":"No"},{"label":"Infrared port","value":"Yes"}]},{"category":"Features","specs":[{"label":"Sensors","value":"Fingerprint (under display, optical), accelerometer, gyro, proximity, compass"}]},{"category":"Battery","specs":[{"label":"Type","value":"Si/C Li-Ion 5500 mAh"},{"label":"Charging","value":"80W wired, PD"}]},{"category":"Misc","specs":[{"label":"Colors","value":"Gray, Green, Light Blue"},{"label":"Models","value":"V2362A"},{"label":"Price","value":"About 420 EUR"}]}]');
INSERT OR IGNORE INTO device_pictures (device_id, url, position) VALUES (843, 'https://fdn2.gsmarena.com/vv/bigpic/vivo-s19-pro.jpg', 0);
INSERT OR IGNORE INTO device_pictures (device_id, url, position) VALUES (843, 'https://fdn2.gsmarena.com/vv/pics/vivo/vivo-s19-pro-1.jpg', 1);
INSERT OR IGNORE INTO device_pictures (device_id, url, position) VALUES (843, 'https://fdn2.gsmarena.com/vv/pics/vivo/vivo-s19-pro-2.jpg', 2);
INSERT OR IGNORE INTO device_pictures (device_id, url, position) VALUES (843, 'https://fdn2.gsmarena.com/vv/pics/vivo/vivo-s19-pro-3.jpg', 3);
INSERT OR IGNORE INTO devices (id, brand_id, name, gsmarena_url, thumbnail_url, summary) VALUES (844, 5, 'S19', 'https://www.gsmarena.com/vivo_s19-13088.php', 'https://fdn2.gsmarena.com/vv/bigpic/vivo-s19.jpg', 'S19');
INSERT OR IGNORE INTO device_specs (device_id, announced, status, network, os, chipset, cpu, gpu, display_size, display_type, display_res, ram, storage, main_camera, selfie_camera, battery, charging, nfc, usb, bluetooth, wlan, colors, weight, dimensions, sim, sensors, popularity, fans, rating, full_specs_json) VALUES (844, '2024, May 30', 'Available. Released 2024, May 30', 'GSM / CDMA / HSPA / LTE / 5G / 5G', 'Android 14, OriginOS 4', 'Qualcomm SM7550-AB Snapdragon 7 Gen 3 (4 nm)', 'Octa-core (1x2.63 GHz Cortex-A715 & 3x2.4 GHz Cortex-A715 & 4x1.8GHz Cortex-A510)', 'Adreno 720', '6.78 inches, 111.0 cm 2 (~89.6% screen-to-body ratio)', 'AMOLED, 1B colors, 120Hz, 4500 nits (peak)', '1260 x 2800 pixels, 20:9 ratio (~453 ppi density)', '8GB', '256GB', '50 MP, f/1.9, (wide), 1/1.56", PDAF, OIS, Ring-LED flash, panorama, HDR', '50 MP, f/2.0, 22mm (wide), AF, 4K@30fps, 1080p@30fps', 'Si/C Li-Ion 6000 mAh', '80W wired, PD', 'Yes', 'USB Type-C 2.0, OTG', '5.4, A2DP, LE, aptX HD, aptX Adaptive', 'Wi-Fi 802.11 a/b/g/n/ac/6, dual-band, Wi-Fi Direct', 'Gray, Peach, Light Blue', '193 g (6.81 oz)', '163.6 x 75.7 x 7.2 mm (6.44 x 2.98 x 0.28 in)', 'Nano-SIM + Nano-SIM', 'Fingerprint (under display, optical), accelerometer, gyro, proximity, compass', 'About 320 EUR', NULL, NULL, '[{"category":"Network","specs":[{"label":"Technology","value":"GSM / CDMA / HSPA / LTE / 5G"},{"label":"2G bands","value":"GSM 850 / 900 / 1800 / 1900"},{"label":"3G bands","value":"HSDPA 800 / 850 / 900 / 1700(AWS) / 1900 / 2100"},{"label":"4G bands","value":"1, 3, 4, 5, 7, 8, 18, 19, 26, 28, 34, 38, 39, 40, 41"},{"label":"5G bands","value":"1, 3, 5, 8, 28, 38, 40, 41, 77, 78 SA/NSA"},{"label":"Speed","value":"HSPA, LTE, 5G"}]},{"category":"Launch","specs":[{"label":"Announced","value":"2024, May 30"},{"label":"Status","value":"Available. Released 2024, May 30"}]},{"category":"Body","specs":[{"label":"Dimensions","value":"163.6 x 75.7 x 7.2 mm (6.44 x 2.98 x 0.28 in)"},{"label":"Weight","value":"193 g (6.81 oz)"},{"label":"Build","value":"Glass front, plastic frame, glass back"},{"label":"SIM","value":"Nano-SIM + Nano-SIM"}]},{"category":"Display","specs":[{"label":"Type","value":"AMOLED, 1B colors, 120Hz, 4500 nits (peak)"},{"label":"Size","value":"6.78 inches, 111.0 cm 2 (~89.6% screen-to-body ratio)"},{"label":"Resolution","value":"1260 x 2800 pixels, 20:9 ratio (~453 ppi density)"}]},{"category":"Platform","specs":[{"label":"OS","value":"Android 14, OriginOS 4"},{"label":"Chipset","value":"Qualcomm SM7550-AB Snapdragon 7 Gen 3 (4 nm)"},{"label":"CPU","value":"Octa-core (1x2.63 GHz Cortex-A715 & 3x2.4 GHz Cortex-A715 & 4x1.8GHz Cortex-A510)"},{"label":"GPU","value":"Adreno 720"}]},{"category":"Memory","specs":[{"label":"Card slot","value":"No"},{"label":"Internal","value":"256GB 8GB RAM, 256GB 12GB RAM, 512GB 12GB RAM, 512GB 16GB RAM"}]},{"category":"Main Camera","specs":[{"label":"Dual","value":"50 MP, f/1.9, (wide), 1/1.56\\", PDAF, OIS"},{"label":"Features","value":"Ring-LED flash, panorama, HDR"},{"label":"Video","value":"4K@30fps, 1080p@30fps, gyro-EIS, OIS"}]},{"category":"Selfie camera","specs":[{"label":"Single","value":"50 MP, f/2.0, 22mm (wide), AF"},{"label":"Video","value":"4K@30fps, 1080p@30fps"},{"label":"Features","value":"Dual-LED flash, HDR"}]},{"category":"Sound","specs":[{"label":"Loudspeaker","value":"Yes"},{"label":"3.5mm jack","value":"No"}]},{"category":"Comms","specs":[{"label":"WLAN","value":"Wi-Fi 802.11 a/b/g/n/ac/6, dual-band, Wi-Fi Direct"},{"label":"Bluetooth","value":"5.4, A2DP, LE, aptX HD, aptX Adaptive"},{"label":"Positioning","value":"GPS, GALILEO, GLONASS, QZSS, BDS (B1I+B1c)"},{"label":"NFC","value":"Yes"},{"label":"USB","value":"USB Type-C 2.0, OTG"},{"label":"Radio","value":"No"},{"label":"Infrared port","value":"Yes"}]},{"category":"Features","specs":[{"label":"Sensors","value":"Fingerprint (under display, optical), accelerometer, gyro, proximity, compass"}]},{"category":"Battery","specs":[{"label":"Type","value":"Si/C Li-Ion 6000 mAh"},{"label":"Charging","value":"80W wired, PD"}]},{"category":"Misc","specs":[{"label":"Colors","value":"Gray, Peach, Light Blue"},{"label":"Models","value":"V2364A"},{"label":"Price","value":"About 320 EUR"}]}]');
INSERT OR IGNORE INTO device_pictures (device_id, url, position) VALUES (844, 'https://fdn2.gsmarena.com/vv/bigpic/vivo-s19.jpg', 0);
INSERT OR IGNORE INTO device_pictures (device_id, url, position) VALUES (844, 'https://fdn2.gsmarena.com/vv/pics/vivo/vivo-s19-1.jpg', 1);
INSERT OR IGNORE INTO device_pictures (device_id, url, position) VALUES (844, 'https://fdn2.gsmarena.com/vv/pics/vivo/vivo-s19-2.jpg', 2);
INSERT OR IGNORE INTO device_pictures (device_id, url, position) VALUES (844, 'https://fdn2.gsmarena.com/vv/pics/vivo/vivo-s19-3.jpg', 3);
INSERT OR IGNORE INTO devices (id, brand_id, name, gsmarena_url, thumbnail_url, summary) VALUES (845, 5, 'Watch GT', 'https://www.gsmarena.com/vivo_watch_gt-13089.php', 'https://fdn2.gsmarena.com/vv/bigpic/vivo-watch-gt.jpg', 'Watch GT');
INSERT OR IGNORE INTO device_specs (device_id, announced, status, network, os, chipset, cpu, gpu, display_size, display_type, display_res, ram, storage, main_camera, selfie_camera, battery, charging, nfc, usb, bluetooth, wlan, colors, weight, dimensions, sim, sensors, popularity, fans, rating, full_specs_json) VALUES (845, '2024, May 30', 'Available. Released 2024, May 30', 'HSPA / LTE / 4G/LTE', 'Blue OS', NULL, NULL, NULL, '1.85 inches', 'AMOLED', '390 x 450 pixels (~322 ppi density)', NULL, 'Unspecified', NULL, NULL, '505 mAh', NULL, 'Yes', 'No', '5.3, A2DP, LE', 'No', 'Black, Silver', '33 g (1.16 oz)', '45.8 x 39.6 x 11.2 mm (1.80 x 1.56 x 0.44 in)', 'eSIM', 'Accelerometer, gyro, heart rate, compass, SpO2', 'About 100 EUR', NULL, NULL, '[{"category":"Network","specs":[{"label":"Technology","value":"HSPA / LTE"},{"label":"2G bands","value":"N/A"},{"label":"3G bands","value":"HSDPA 850 / 900 / 2100"},{"label":"4G bands","value":"LTE"},{"label":"Speed","value":"HSPA, LTE"}]},{"category":"Launch","specs":[{"label":"Announced","value":"2024, May 30"},{"label":"Status","value":"Available. Released 2024, May 30"}]},{"category":"Body","specs":[{"label":"Dimensions","value":"45.8 x 39.6 x 11.2 mm (1.80 x 1.56 x 0.44 in)"},{"label":"Weight","value":"33 g (1.16 oz)"},{"label":"Build","value":"Glass front, aluminum frame, plastic back"},{"label":"SIM","value":"eSIM"}]},{"category":"Display","specs":[{"label":"Type","value":"AMOLED"},{"label":"Size","value":"1.85 inches"},{"label":"Resolution","value":"390 x 450 pixels (~322 ppi density)"}]},{"category":"Platform","specs":[{"label":"OS","value":"Blue OS"}]},{"category":"Memory","specs":[{"label":"Card slot","value":"No"},{"label":"Internal","value":"Unspecified"}]},{"category":"Sound","specs":[{"label":"Loudspeaker","value":"Yes"},{"label":"3.5mm jack","value":"No"}]},{"category":"Comms","specs":[{"label":"WLAN","value":"No"},{"label":"Bluetooth","value":"5.3, A2DP, LE"},{"label":"Positioning","value":"GPS, GLONASS, GALILEO, BDS, QZSS"},{"label":"NFC","value":"Yes"},{"label":"USB","value":"No"},{"label":"Radio","value":"No"}]},{"category":"Features","specs":[{"label":"Sensors","value":"Accelerometer, gyro, heart rate, compass, SpO2"}]},{"category":"Battery","specs":[{"label":"Type","value":"505 mAh"}]},{"category":"Misc","specs":[{"label":"Colors","value":"Black, Silver"},{"label":"Price","value":"About 100 EUR"}]}]');
INSERT OR IGNORE INTO device_pictures (device_id, url, position) VALUES (845, 'https://fdn2.gsmarena.com/vv/bigpic/vivo-watch-gt.jpg', 0);
INSERT OR IGNORE INTO device_pictures (device_id, url, position) VALUES (845, 'https://fdn2.gsmarena.com/vv/pics/vivo/vivo-watch-gt-1.jpg', 1);
INSERT OR IGNORE INTO device_pictures (device_id, url, position) VALUES (845, 'https://fdn2.gsmarena.com/vv/pics/vivo/vivo-watch-gt-2.jpg', 2);
INSERT OR IGNORE INTO device_pictures (device_id, url, position) VALUES (845, 'https://fdn2.gsmarena.com/vv/pics/vivo/vivo-watch-gt-3.jpg', 3);
INSERT OR IGNORE INTO device_pictures (device_id, url, position) VALUES (845, 'https://fdn2.gsmarena.com/vv/pics/vivo/vivo-watch-gt-4.jpg', 4);
INSERT OR IGNORE INTO devices (id, brand_id, name, gsmarena_url, thumbnail_url, summary) VALUES (846, 5, 'Y200 Pro', 'https://www.gsmarena.com/vivo_y200_pro-13019.php', 'https://fdn2.gsmarena.com/vv/bigpic/vivo-y100-china-1.jpg', 'Y200 Pro');
INSERT OR IGNORE INTO device_specs (device_id, announced, status, network, os, chipset, cpu, gpu, display_size, display_type, display_res, ram, storage, main_camera, selfie_camera, battery, charging, nfc, usb, bluetooth, wlan, colors, weight, dimensions, sim, sensors, popularity, fans, rating, full_specs_json) VALUES (846, '2024, May 21', 'Available. Released 2024, May 21', 'GSM / HSPA / LTE / 5G / 5G', 'Android 14, Funtouch 14', 'Qualcomm SM6375 Snapdragon 695 5G (6 nm)', 'Octa-core (2x2.2 GHz Kryo 660 Gold & 6x1.8 GHz Kryo 660 Silver)', 'Adreno 619', '6.78 inches, 111.0 cm 2 (~90.1% screen-to-body ratio)', 'AMOLED, 120Hz, 1300 nits (peak)', '1080 x 2400 pixels, 20:9 ratio (~388 ppi density)', '8GB', '128GB', '64 MP, f/1.8, (wide), PDAF, OIS, LED flash, HDR, panorama', '16 MP, f/2.5, (wide), 1080p@30fps', '5000 mAh', '44W wired', 'No', 'USB Type-C, OTG', '5.1, A2DP, LE', 'Wi-Fi 802.11 a/b/g/n/ac, dual-band', 'Silk black, Silk green', '172 g or 183 g (6.07 oz)', '164.4 x 74.9 x 7.5 mm (6.47 x 2.95 x 0.30 in)', 'Nano-SIM + Nano-SIM', 'Fingerprint (under display, optical), accelerometer, gyro, proximity, compass', 'About 280 EUR', NULL, NULL, '[{"category":"Network","specs":[{"label":"Technology","value":"GSM / HSPA / LTE / 5G"},{"label":"2G bands","value":"GSM 850 / 900 / 1800 / 1900"},{"label":"3G bands","value":"HSDPA 850 / 900 / 2100"},{"label":"4G bands","value":"1, 3, 5, 8, 28, 38, 40, 41"},{"label":"5G bands","value":"1, 3, 5, 8, 28, 77, 78 SA/NSA"},{"label":"Speed","value":"HSPA, LTE, 5G"}]},{"category":"Launch","specs":[{"label":"Announced","value":"2024, May 21"},{"label":"Status","value":"Available. Released 2024, May 21"}]},{"category":"Body","specs":[{"label":"Dimensions","value":"164.4 x 74.9 x 7.5 mm (6.47 x 2.95 x 0.30 in)"},{"label":"Weight","value":"172 g or 183 g (6.07 oz)"},{"label":"SIM","value":"Nano-SIM + Nano-SIM"}]},{"category":"Display","specs":[{"label":"Type","value":"AMOLED, 120Hz, 1300 nits (peak)"},{"label":"Size","value":"6.78 inches, 111.0 cm 2 (~90.1% screen-to-body ratio)"},{"label":"Resolution","value":"1080 x 2400 pixels, 20:9 ratio (~388 ppi density)"}]},{"category":"Platform","specs":[{"label":"OS","value":"Android 14, Funtouch 14"},{"label":"Chipset","value":"Qualcomm SM6375 Snapdragon 695 5G (6 nm)"},{"label":"CPU","value":"Octa-core (2x2.2 GHz Kryo 660 Gold & 6x1.8 GHz Kryo 660 Silver)"},{"label":"GPU","value":"Adreno 619"}]},{"category":"Memory","specs":[{"label":"Card slot","value":"No"},{"label":"Internal","value":"128GB 8GB RAM"}]},{"category":"Main Camera","specs":[{"label":"Dual","value":"64 MP, f/1.8, (wide), PDAF, OIS"},{"label":"Features","value":"LED flash, HDR, panorama"},{"label":"Video","value":"1080p@30fps"}]},{"category":"Selfie camera","specs":[{"label":"Single","value":"16 MP, f/2.5, (wide)"},{"label":"Video","value":"1080p@30fps"}]},{"category":"Sound","specs":[{"label":"Loudspeaker","value":"Yes"},{"label":"3.5mm jack","value":"No"}]},{"category":"Comms","specs":[{"label":"WLAN","value":"Wi-Fi 802.11 a/b/g/n/ac, dual-band"},{"label":"Bluetooth","value":"5.1, A2DP, LE"},{"label":"Positioning","value":"GPS, GLONASS, GALILEO, BDS, QZSS, NavIC"},{"label":"NFC","value":"No"},{"label":"USB","value":"USB Type-C, OTG"},{"label":"Radio","value":"No"}]},{"category":"Features","specs":[{"label":"Sensors","value":"Fingerprint (under display, optical), accelerometer, gyro, proximity, compass"}]},{"category":"Battery","specs":[{"label":"Type","value":"5000 mAh"},{"label":"Charging","value":"44W wired"}]},{"category":"Misc","specs":[{"label":"Colors","value":"Silk black, Silk green"},{"label":"Models","value":"V2401"},{"label":"Price","value":"About 280 EUR"}]}]');
INSERT OR IGNORE INTO device_pictures (device_id, url, position) VALUES (846, 'https://fdn2.gsmarena.com/vv/bigpic/vivo-y100-china-1.jpg', 0);
INSERT OR IGNORE INTO device_pictures (device_id, url, position) VALUES (846, 'https://fdn2.gsmarena.com/vv/pics/vivo/vivo-y200-pro-5g-1.jpg', 1);
INSERT OR IGNORE INTO device_pictures (device_id, url, position) VALUES (846, 'https://fdn2.gsmarena.com/vv/pics/vivo/vivo-y200-pro-5g-2.jpg', 2);
INSERT OR IGNORE INTO devices (id, brand_id, name, gsmarena_url, thumbnail_url, summary) VALUES (847, 5, 'iQOO Neo9S Pro', 'https://www.gsmarena.com/vivo_iqoo_neo9s_pro-13018.php', 'https://fdn2.gsmarena.com/vv/bigpic/vivo-neo9-pro.jpg', 'iQOO Neo9S Pro');
INSERT OR IGNORE INTO device_specs (device_id, announced, status, network, os, chipset, cpu, gpu, display_size, display_type, display_res, ram, storage, main_camera, selfie_camera, battery, charging, nfc, usb, bluetooth, wlan, colors, weight, dimensions, sim, sensors, popularity, fans, rating, full_specs_json) VALUES (847, '2024, May 20', 'Available. Released 2024, May 20', 'GSM / CDMA / HSPA / CDMA2000 / LTE / 5G / 5G', 'Android 14, OriginOS 4', 'Mediatek Dimensity 9300+ (4 nm)', 'Octa-core (1x3.4 GHz Cortex-X4 & 3x2.85 GHz Cortex-X4 & 4x2.0 GHz Cortex-A720)', 'Immortalis-G720 MC12', '6.78 inches, 111.0 cm 2 (~89.7% screen-to-body ratio)', 'LTPO AMOLED, 1B colors, 144Hz, HDR10+, 1400 nits (HBM)', '1260 x 2800 pixels, 20:9 ratio (~453 ppi density)', '12GB', '256GB', '50 MP, f/1.9, (wide), 1/1.49", PDAF, OIS, LED flash, panorama, HDR', '16 MP, f/2.5, (wide), 1080p@30fps', '5160 mAh', '120W wired, 40% in 9 min', 'Yes', 'USB Type-C 2.0, OTG', '5.4, A2DP, LE, aptX HD, aptX Adaptive', 'Wi-Fi 802.11 a/b/g/n/ac/6/7, dual-band', 'Black, White, Red', '190 g or 196 g (6.70 oz)', '163.5 x 75.7 x 8 mm or 8.3 mm', 'Nano-SIM + Nano-SIM', 'Fingerprint (under display, optical), accelerometer, gyro, proximity, compass', 'About 340 EUR', NULL, NULL, '[{"category":"Network","specs":[{"label":"Technology","value":"GSM / CDMA / HSPA / CDMA2000 / LTE / 5G"},{"label":"2G bands","value":"GSM 850 / 900 / 1800 / 1900"},{"label":"3G bands","value":"HSDPA 850 / 900 / 1700(AWS) / 1900 / 2100"},{"label":"4G bands","value":"1, 3, 4, 5, 7, 8, 19, 28, 34, 38, 39, 40, 41"},{"label":"5G bands","value":"1, 3, 5, 8, 28, 38, 40, 41, 77, 78 SA/NSA"},{"label":"Speed","value":"HSPA, LTE, 5G"}]},{"category":"Launch","specs":[{"label":"Announced","value":"2024, May 20"},{"label":"Status","value":"Available. Released 2024, May 20"}]},{"category":"Body","specs":[{"label":"Dimensions","value":"163.5 x 75.7 x 8 mm or 8.3 mm"},{"label":"Weight","value":"190 g or 196 g (6.70 oz)"},{"label":"SIM","value":"Nano-SIM + Nano-SIM"}]},{"category":"Display","specs":[{"label":"Type","value":"LTPO AMOLED, 1B colors, 144Hz, HDR10+, 1400 nits (HBM)"},{"label":"Size","value":"6.78 inches, 111.0 cm 2 (~89.7% screen-to-body ratio)"},{"label":"Resolution","value":"1260 x 2800 pixels, 20:9 ratio (~453 ppi density)"}]},{"category":"Platform","specs":[{"label":"OS","value":"Android 14, OriginOS 4"},{"label":"Chipset","value":"Mediatek Dimensity 9300+ (4 nm)"},{"label":"CPU","value":"Octa-core (1x3.4 GHz Cortex-X4 & 3x2.85 GHz Cortex-X4 & 4x2.0 GHz Cortex-A720)"},{"label":"GPU","value":"Immortalis-G720 MC12"}]},{"category":"Memory","specs":[{"label":"Card slot","value":"No"},{"label":"Internal","value":"256GB 12GB RAM, 512GB 12GB RAM, 512GB 16GB RAM, 1TB 16GB RAM"}]},{"category":"Main Camera","specs":[{"label":"Dual","value":"50 MP, f/1.9, (wide), 1/1.49\\", PDAF, OIS"},{"label":"Features","value":"LED flash, panorama, HDR"},{"label":"Video","value":"8K, 4K, 1080p, gyro-EIS"}]},{"category":"Selfie camera","specs":[{"label":"Single","value":"16 MP, f/2.5, (wide)"},{"label":"Video","value":"1080p@30fps"}]},{"category":"Sound","specs":[{"label":"Loudspeaker","value":"Yes, with stereo speakers (closed type)"},{"label":"3.5mm jack","value":"No"}]},{"category":"Comms","specs":[{"label":"WLAN","value":"Wi-Fi 802.11 a/b/g/n/ac/6/7, dual-band"},{"label":"Bluetooth","value":"5.4, A2DP, LE, aptX HD, aptX Adaptive"},{"label":"Positioning","value":"GPS (L1+L5), GLONASS, BDS (B1I+B1c+B2a+B2b), GALILEO (E1+E5a+E5b), QZSS (L1+L5), NavIC (L5)"},{"label":"NFC","value":"Yes"},{"label":"USB","value":"USB Type-C 2.0, OTG"},{"label":"Radio","value":"No"},{"label":"Infrared port","value":"Yes"}]},{"category":"Features","specs":[{"label":"Sensors","value":"Fingerprint (under display, optical), accelerometer, gyro, proximity, compass"}]},{"category":"Battery","specs":[{"label":"Type","value":"5160 mAh"},{"label":"Charging","value":"120W wired, 40% in 9 min"}]},{"category":"Misc","specs":[{"label":"Colors","value":"Black, White, Red"},{"label":"Models","value":"V2339FA"},{"label":"Price","value":"About 340 EUR"}]}]');
INSERT OR IGNORE INTO device_pictures (device_id, url, position) VALUES (847, 'https://fdn2.gsmarena.com/vv/bigpic/vivo-neo9-pro.jpg', 0);
INSERT OR IGNORE INTO device_pictures (device_id, url, position) VALUES (847, 'https://fdn2.gsmarena.com/vv/pics/vivo/vivo-neo9-pro-10.jpg', 1);
INSERT OR IGNORE INTO device_pictures (device_id, url, position) VALUES (847, 'https://fdn2.gsmarena.com/vv/pics/vivo/vivo-neo9s-pro-2.jpg', 2);
INSERT OR IGNORE INTO devices (id, brand_id, name, gsmarena_url, thumbnail_url, summary) VALUES (848, 5, 'Y200 GT', 'https://www.gsmarena.com/vivo_y200_gt-13015.php', 'https://fdn2.gsmarena.com/vv/bigpic/vivo-y200-gt.jpg', 'Y200 GT');
INSERT OR IGNORE INTO device_specs (device_id, announced, status, network, os, chipset, cpu, gpu, display_size, display_type, display_res, ram, storage, main_camera, selfie_camera, battery, charging, nfc, usb, bluetooth, wlan, colors, weight, dimensions, sim, sensors, popularity, fans, rating, full_specs_json) VALUES (848, '2024, May 20', 'Available. Released 2024, May 20', 'GSM / CDMA / HSPA / LTE / 5G / 5G', 'Android 14, OriginOS 4', 'Qualcomm SM7550-AB Snapdragon 7 Gen 3 (4 nm)', 'Octa-core (1x2.63 GHz Cortex-A715 & 4x2.4 GHz Cortex-A715 & 3x1.8 GHz Cortex-A510)', 'Adreno 720', '6.78 inches, 111.0 cm 2 (~89.3% screen-to-body ratio)', 'AMOLED, 1B colors, 144Hz, HDR, 4500 nits (peak)', '1260 x 2800 pixels, 20:9 ratio (~453 ppi density)', '8GB', '128GB', '50 MP, f/1.8, (wide), 1/1.95", 0.8µm, PDAF, LED flash, panorama, HDR', '16 MP, f/2.5, (wide), 1/3.0", 1.0µm, 1080p@30fps', '6000 mAh', '80W wired, 50% in 26 min', 'Yes', 'USB Type-C 2.0, OTG', '5.4, A2DP, LE, aptX HD, aptX Adaptive, aptX Lossless', 'Wi-Fi 802.11 a/b/g/n/ac/6, dual-band', 'Black, Blue', '194.6 g (6.88 oz)', '163.7 x 75.9 x 8 mm (6.44 x 2.99 x 0.31 in)', 'Nano-SIM + Nano-SIM', 'Fingerprint (under display, optical), accelerometer, gyro, proximity, compass', 'About 230 EUR', NULL, NULL, '[{"category":"Network","specs":[{"label":"Technology","value":"GSM / CDMA / HSPA / LTE / 5G"},{"label":"2G bands","value":"GSM 850 / 900 / 1800 / 1900"},{"label":"3G bands","value":"HSDPA 850 / 900 / 2100"},{"label":"4G bands","value":"1, 3, 5, 8, 28, 34, 38, 39, 40, 41"},{"label":"5G bands","value":"1, 5, 8, 28, 38, 41, 77, 78 SA/NSA"},{"label":"Speed","value":"HSPA, LTE, 5G"}]},{"category":"Launch","specs":[{"label":"Announced","value":"2024, May 20"},{"label":"Status","value":"Available. Released 2024, May 20"}]},{"category":"Body","specs":[{"label":"Dimensions","value":"163.7 x 75.9 x 8 mm (6.44 x 2.99 x 0.31 in)"},{"label":"Weight","value":"194.6 g (6.88 oz)"},{"label":"SIM","value":"Nano-SIM + Nano-SIM"}]},{"category":"Display","specs":[{"label":"Type","value":"AMOLED, 1B colors, 144Hz, HDR, 4500 nits (peak)"},{"label":"Size","value":"6.78 inches, 111.0 cm 2 (~89.3% screen-to-body ratio)"},{"label":"Resolution","value":"1260 x 2800 pixels, 20:9 ratio (~453 ppi density)"}]},{"category":"Platform","specs":[{"label":"OS","value":"Android 14, OriginOS 4"},{"label":"Chipset","value":"Qualcomm SM7550-AB Snapdragon 7 Gen 3 (4 nm)"},{"label":"CPU","value":"Octa-core (1x2.63 GHz Cortex-A715 & 4x2.4 GHz Cortex-A715 & 3x1.8 GHz Cortex-A510)"},{"label":"GPU","value":"Adreno 720"}]},{"category":"Memory","specs":[{"label":"Card slot","value":"No"},{"label":"Internal","value":"128GB 8GB RAM, 256GB 8GB RAM, 256GB 12GB RAM, 512GB 12GB RAM"}]},{"category":"Main Camera","specs":[{"label":"Dual","value":"50 MP, f/1.8, (wide), 1/1.95\\", 0.8µm, PDAF"},{"label":"Features","value":"LED flash, panorama, HDR"},{"label":"Video","value":"4K@30fps, 1080p, gyro-EIS"}]},{"category":"Selfie camera","specs":[{"label":"Single","value":"16 MP, f/2.5, (wide), 1/3.0\\", 1.0µm"},{"label":"Video","value":"1080p@30fps"}]},{"category":"Sound","specs":[{"label":"Loudspeaker","value":"Yes, with stereo speakers"},{"label":"3.5mm jack","value":"No"}]},{"category":"Comms","specs":[{"label":"WLAN","value":"Wi-Fi 802.11 a/b/g/n/ac/6, dual-band"},{"label":"Bluetooth","value":"5.4, A2DP, LE, aptX HD, aptX Adaptive, aptX Lossless"},{"label":"Positioning","value":"GPS, GALILEO, GLONASS, QZSS, BDS (B1I+B1c)"},{"label":"NFC","value":"Yes"},{"label":"USB","value":"USB Type-C 2.0, OTG"},{"label":"Radio","value":"No"},{"label":"Infrared port","value":"Yes"}]},{"category":"Features","specs":[{"label":"Sensors","value":"Fingerprint (under display, optical), accelerometer, gyro, proximity, compass"}]},{"category":"Battery","specs":[{"label":"Type","value":"6000 mAh"},{"label":"Charging","value":"80W wired, 50% in 26 min"}]},{"category":"Misc","specs":[{"label":"Colors","value":"Black, Blue"},{"label":"Models","value":"V2361GA"},{"label":"Price","value":"About 230 EUR"}]}]');
INSERT OR IGNORE INTO device_pictures (device_id, url, position) VALUES (848, 'https://fdn2.gsmarena.com/vv/bigpic/vivo-y200-gt.jpg', 0);
INSERT OR IGNORE INTO device_pictures (device_id, url, position) VALUES (848, 'https://fdn2.gsmarena.com/vv/pics/vivo/vivo-y200-gt-1.jpg', 1);
INSERT OR IGNORE INTO device_pictures (device_id, url, position) VALUES (848, 'https://fdn2.gsmarena.com/vv/pics/vivo/vivo-y200-gt-2.jpg', 2);
INSERT OR IGNORE INTO devices (id, brand_id, name, gsmarena_url, thumbnail_url, summary) VALUES (849, 5, 'Y200 (China)', 'https://www.gsmarena.com/vivo_y200_(china)-13016.php', 'https://fdn2.gsmarena.com/vv/bigpic/vivo-y200-cn.jpg', 'Y200 (China)');
INSERT OR IGNORE INTO device_specs (device_id, announced, status, network, os, chipset, cpu, gpu, display_size, display_type, display_res, ram, storage, main_camera, selfie_camera, battery, charging, nfc, usb, bluetooth, wlan, colors, weight, dimensions, sim, sensors, popularity, fans, rating, full_specs_json) VALUES (849, '2024, May 20', 'Available. Released 2024, May 24', 'GSM / CDMA / HSPA / LTE / 5G / 5G', 'Android 14, OriginOS 4', 'Qualcomm SM6450 Snapdragon 6 Gen 1 (4 nm)', 'Octa-core (4x2.2 GHz Cortex-A78 & 4x1.8 GHz Cortex-A55)', 'Adreno 710', '6.78 inches, 111.0 cm 2 (~90.3% screen-to-body ratio)', 'AMOLED, 1B colors, 120Hz, 1300 nits (peak)', '1080 x 2400 pixels, 20:9 ratio (~388 ppi density)', '8GB', '128GB', '50 MP, f/1.8, (wide), 1/1.95", 0.8µm, PDAF, LED flash, panorama, HDR', '8 MP, f/2.1, (wide), 1/4.0", 1.12µm, 1080p@30fps', '6000 mAh', '80W wired, 50% in 24 min', 'No', 'USB Type-C 2.0, OTG', '5.1, A2DP, LE, aptX HD, aptX Adaptive, aptX Lossless', 'Wi-Fi 802.11 a/b/g/n/ac, dual-band', 'Black, Silver, Orange', '187/188/190 g (6.60 oz)', '164.4 x 74.8 x 7.6/7.8/8.0 mm', 'Nano-SIM + Nano-SIM', 'Fingerprint (under display, optical), accelerometer, gyro, proximity, compass', 'About 200 EUR', NULL, NULL, '[{"category":"Network","specs":[{"label":"Technology","value":"GSM / CDMA / HSPA / LTE / 5G"},{"label":"2G bands","value":"GSM 850 / 900 / 1800 / 1900"},{"label":"3G bands","value":"HSDPA 850 / 900 / 2100"},{"label":"4G bands","value":"1, 3, 5, 8, 28, 34, 38, 39, 40, 41"},{"label":"5G bands","value":"1, 5, 8, 28, 41, 77, 78 SA/NSA"},{"label":"Speed","value":"HSPA, LTE, 5G"}]},{"category":"Launch","specs":[{"label":"Announced","value":"2024, May 20"},{"label":"Status","value":"Available. Released 2024, May 24"}]},{"category":"Body","specs":[{"label":"Dimensions","value":"164.4 x 74.8 x 7.6/7.8/8.0 mm"},{"label":"Weight","value":"187/188/190 g (6.60 oz)"},{"label":"SIM","value":"Nano-SIM + Nano-SIM"}]},{"category":"Display","specs":[{"label":"Type","value":"AMOLED, 1B colors, 120Hz, 1300 nits (peak)"},{"label":"Size","value":"6.78 inches, 111.0 cm 2 (~90.3% screen-to-body ratio)"},{"label":"Resolution","value":"1080 x 2400 pixels, 20:9 ratio (~388 ppi density)"}]},{"category":"Platform","specs":[{"label":"OS","value":"Android 14, OriginOS 4"},{"label":"Chipset","value":"Qualcomm SM6450 Snapdragon 6 Gen 1 (4 nm)"},{"label":"CPU","value":"Octa-core (4x2.2 GHz Cortex-A78 & 4x1.8 GHz Cortex-A55)"},{"label":"GPU","value":"Adreno 710"}]},{"category":"Memory","specs":[{"label":"Card slot","value":"No"},{"label":"Internal","value":"128GB 8GB RAM, 256GB 8GB RAM, 256GB 12GB RAM, 512GB 12GB RAM"}]},{"category":"Main Camera","specs":[{"label":"Dual","value":"50 MP, f/1.8, (wide), 1/1.95\\", 0.8µm, PDAF"},{"label":"Features","value":"LED flash, panorama, HDR"},{"label":"Video","value":"4K@30fps, 1080p, gyro-EIS"}]},{"category":"Selfie camera","specs":[{"label":"Single","value":"8 MP, f/2.1, (wide), 1/4.0\\", 1.12µm"},{"label":"Video","value":"1080p@30fps"}]},{"category":"Sound","specs":[{"label":"Loudspeaker","value":"Yes"},{"label":"3.5mm jack","value":"No"}]},{"category":"Comms","specs":[{"label":"WLAN","value":"Wi-Fi 802.11 a/b/g/n/ac, dual-band"},{"label":"Bluetooth","value":"5.1, A2DP, LE, aptX HD, aptX Adaptive, aptX Lossless"},{"label":"Positioning","value":"GPS, GALILEO, GLONASS, QZSS, BDS (B1I+B1c)"},{"label":"NFC","value":"No"},{"label":"USB","value":"USB Type-C 2.0, OTG"},{"label":"Radio","value":"No"}]},{"category":"Features","specs":[{"label":"Sensors","value":"Fingerprint (under display, optical), accelerometer, gyro, proximity, compass"}]},{"category":"Battery","specs":[{"label":"Type","value":"6000 mAh"},{"label":"Charging","value":"80W wired, 50% in 24 min"}]},{"category":"Misc","specs":[{"label":"Colors","value":"Black, Silver, Orange"},{"label":"Models","value":"V2343A"},{"label":"Price","value":"About 200 EUR"}]}]');
INSERT OR IGNORE INTO device_pictures (device_id, url, position) VALUES (849, 'https://fdn2.gsmarena.com/vv/bigpic/vivo-y200-cn.jpg', 0);
INSERT OR IGNORE INTO device_pictures (device_id, url, position) VALUES (849, 'https://fdn2.gsmarena.com/vv/pics/vivo/vivo-y200-cn-1.jpg', 1);
INSERT OR IGNORE INTO device_pictures (device_id, url, position) VALUES (849, 'https://fdn2.gsmarena.com/vv/pics/vivo/vivo-y200-cn-2.jpg', 2);
INSERT OR IGNORE INTO devices (id, brand_id, name, gsmarena_url, thumbnail_url, summary) VALUES (850, 5, 'Y200t', 'https://www.gsmarena.com/vivo_y200t-13017.php', 'https://fdn2.gsmarena.com/vv/bigpic/vivo-y200t.jpg', 'Y200t');
INSERT OR IGNORE INTO device_specs (device_id, announced, status, network, os, chipset, cpu, gpu, display_size, display_type, display_res, ram, storage, main_camera, selfie_camera, battery, charging, nfc, usb, bluetooth, wlan, colors, weight, dimensions, sim, sensors, popularity, fans, rating, full_specs_json) VALUES (850, '2024, May 20', 'Available. Released 2024, May 20', 'GSM / CDMA / HSPA / LTE / 5G / 5G', 'Android 14, OriginOS 4', 'Qualcomm SM6450 Snapdragon 6 Gen 1 (4 nm)', 'Octa-core (4x2.2 GHz Cortex-A78 & 4x1.8 GHz Cortex-A55)', 'Adreno 710', '6.72 inches, 108.8 cm 2 (~86.4% screen-to-body ratio)', 'IPS LCD, 120Hz, 1000 nits (peak)', '1080 x 2408 pixels, 20:9 ratio (~393 ppi density)', '8GB', '128GB', '50 MP, f/1.8, (wide), PDAF, LED flash, HDR, panorama', '8 MP, f/2.1, (wide), 1080p@30fps', '6000 mAh', '44W wired, 50% in 35 min', 'No', 'USB Type-C 2.0, OTG', '5.1, A2DP, LE, aptX HD, aptX Adaptive', 'Wi-Fi 802.11 a/b/g/n/ac, dual-band', 'Dark Green, Blue', '199 g (7.02 oz)', '165.7 x 76 x 8 mm (6.52 x 2.99 x 0.31 in)', 'Nano-SIM + Nano-SIM', 'Fingerprint (side-mounted), accelerometer, gyro, proximity, compass', 'About 140 EUR', NULL, NULL, '[{"category":"Network","specs":[{"label":"Technology","value":"GSM / CDMA / HSPA / LTE / 5G"},{"label":"2G bands","value":"GSM 850 / 900 / 1800 / 1900"},{"label":"3G bands","value":"HSDPA 850 / 900 / 2100"},{"label":"4G bands","value":"1, 3, 5, 8, 28, 34, 38, 39, 40, 41"},{"label":"5G bands","value":"1, 3, 5, 8, 28, 41, 77, 78 SA/NSA"},{"label":"Speed","value":"HSPA, LTE, 5G"}]},{"category":"Launch","specs":[{"label":"Announced","value":"2024, May 20"},{"label":"Status","value":"Available. Released 2024, May 20"}]},{"category":"Body","specs":[{"label":"Dimensions","value":"165.7 x 76 x 8 mm (6.52 x 2.99 x 0.31 in)"},{"label":"Weight","value":"199 g (7.02 oz)"},{"label":"Build","value":"Glass front, plastic frame, plastic back"},{"label":"SIM","value":"Nano-SIM + Nano-SIM"}]},{"category":"Display","specs":[{"label":"Type","value":"IPS LCD, 120Hz, 1000 nits (peak)"},{"label":"Size","value":"6.72 inches, 108.8 cm 2 (~86.4% screen-to-body ratio)"},{"label":"Resolution","value":"1080 x 2408 pixels, 20:9 ratio (~393 ppi density)"}]},{"category":"Platform","specs":[{"label":"OS","value":"Android 14, OriginOS 4"},{"label":"Chipset","value":"Qualcomm SM6450 Snapdragon 6 Gen 1 (4 nm)"},{"label":"CPU","value":"Octa-core (4x2.2 GHz Cortex-A78 & 4x1.8 GHz Cortex-A55)"},{"label":"GPU","value":"Adreno 710"}]},{"category":"Memory","specs":[{"label":"Card slot","value":"No"},{"label":"Internal","value":"128GB 8GB RAM, 256GB 8GB RAM, 256GB 12GB RAM, 512GB 12GB RAM"}]},{"category":"Main Camera","specs":[{"label":"Dual","value":"50 MP, f/1.8, (wide), PDAF"},{"label":"Features","value":"LED flash, HDR, panorama"},{"label":"Video","value":"4K@30fps, 1080p@30fps"}]},{"category":"Selfie camera","specs":[{"label":"Single","value":"8 MP, f/2.1, (wide)"},{"label":"Video","value":"1080p@30fps"}]},{"category":"Sound","specs":[{"label":"Loudspeaker","value":"Yes, with stereo speakers"},{"label":"3.5mm jack","value":"Yes"}]},{"category":"Comms","specs":[{"label":"WLAN","value":"Wi-Fi 802.11 a/b/g/n/ac, dual-band"},{"label":"Bluetooth","value":"5.1, A2DP, LE, aptX HD, aptX Adaptive"},{"label":"Positioning","value":"GPS, GALILEO, GLONASS, BDS, QZSS"},{"label":"NFC","value":"No"},{"label":"USB","value":"USB Type-C 2.0, OTG"},{"label":"Radio","value":"No"}]},{"category":"Features","specs":[{"label":"Sensors","value":"Fingerprint (side-mounted), accelerometer, gyro, proximity, compass"}]},{"category":"Battery","specs":[{"label":"Type","value":"6000 mAh"},{"label":"Charging","value":"44W wired, 50% in 35 min"}]},{"category":"Misc","specs":[{"label":"Colors","value":"Dark Green, Blue"},{"label":"Models","value":"V2353DA"},{"label":"Price","value":"About 140 EUR"}]}]');
INSERT OR IGNORE INTO device_pictures (device_id, url, position) VALUES (850, 'https://fdn2.gsmarena.com/vv/bigpic/vivo-y200t.jpg', 0);
INSERT OR IGNORE INTO device_pictures (device_id, url, position) VALUES (850, 'https://fdn2.gsmarena.com/vv/pics/vivo/vivo-y200t-1.jpg', 1);
INSERT OR IGNORE INTO device_pictures (device_id, url, position) VALUES (850, 'https://fdn2.gsmarena.com/vv/pics/vivo/vivo-y200t-2.jpg', 2);
INSERT OR IGNORE INTO devices (id, brand_id, name, gsmarena_url, thumbnail_url, summary) VALUES (851, 5, 'X100 Ultra', 'https://www.gsmarena.com/vivo_x100_ultra-12994.php', 'https://fdn2.gsmarena.com/vv/bigpic/vivo-x100-ultra.jpg', 'X100 Ultra');
INSERT OR IGNORE INTO device_specs (device_id, announced, status, network, os, chipset, cpu, gpu, display_size, display_type, display_res, ram, storage, main_camera, selfie_camera, battery, charging, nfc, usb, bluetooth, wlan, colors, weight, dimensions, sim, sensors, popularity, fans, rating, full_specs_json) VALUES (851, '2024, May 13', 'Available. Released 2024, May 28', 'GSM / CDMA / HSPA / LTE / 5G / 5G', 'Android 14, upgradable to Android 15, OriginOS 5', 'Qualcomm SM8650-AB Snapdragon 8 Gen 3 (4 nm)', 'Octa-core (1x3.3 GHz Cortex-X4 & 3x3.2 GHz Cortex-A720 & 2x3.0 GHz Cortex-A720 & 2x2.3 GHz Cortex-A520)', 'Adreno 750', '6.78 inches, 111.4 cm 2 (~89.8% screen-to-body ratio)', 'LTPO AMOLED, 1B colors, 120Hz, Dolby Vision, HDR, 3000 nits (peak)', '1440 x 3200 pixels, 20:9 ratio (~517 ppi density)', '12GB', '256GB', '50 MP, f/1.8, 23mm (wide), 1/0.98", 1.6µm, dual pixel PDAF, gimbal OIS, Laser AF, color spectrum sensor, Zeiss optics, Zeiss T* lens coating, LED flash, panorama, HDR, 3D LUT import', '50 MP, f/2.5, 24mm (wide), 1/2.76", 0.64µm, AF, 4K@30/60fps, 1080p@30/60fps', 'Si/C Li-Ion 5500 mAh', '80W wired, PD, PPS, QC, UFCS', 'Yes', 'USB Type-C 3.2, OTG, DisplayPort', '5.4, A2DP, LE, aptX HD, aptX Adaptive, aptX Lossless, LHDC', 'Wi-Fi 802.11 a/b/g/n/ac/6/7, dual-band', 'Titanium, White, Grey', '229 g (8.08 oz)', '164.1 x 75.6 x 9.2 mm (6.46 x 2.98 x 0.36 in)', 'Nano-SIM + Nano-SIM', 'Fingerprint (under display, ultrasonic), accelerometer, gyro, proximity, compass', 'About 980 EUR', NULL, NULL, '[{"category":"Network","specs":[{"label":"Technology","value":"GSM / CDMA / HSPA / LTE / 5G"},{"label":"2G bands","value":"GSM 850 / 900 / 1800 / 1900"},{"label":"3G bands","value":"HSDPA 800 / 850 / 900 / 1700(AWS) / 1900 / 2100"},{"label":"4G bands","value":"1, 2, 3, 4, 5, 7, 8, 12, 17, 18, 19, 20, 25, 26, 28, 34, 38, 39, 40, 41, 42, 66"},{"label":"5G bands","value":"1, 2, 3, 5, 7, 8, 12, 20, 25, 26, 28, 38, 40, 41, 66, 77, 78, 79 SA/NSA"},{"label":"Speed","value":"HSPA, LTE, 5G"}]},{"category":"Launch","specs":[{"label":"Announced","value":"2024, May 13"},{"label":"Status","value":"Available. Released 2024, May 28"}]},{"category":"Body","specs":[{"label":"Dimensions","value":"164.1 x 75.6 x 9.2 mm (6.46 x 2.98 x 0.36 in)"},{"label":"Weight","value":"229 g (8.08 oz)"},{"label":"Build","value":"Glass front, glass back, aluminum frame"},{"label":"SIM","value":"Nano-SIM + Nano-SIM"}]},{"category":"Display","specs":[{"label":"Type","value":"LTPO AMOLED, 1B colors, 120Hz, Dolby Vision, HDR, 3000 nits (peak)"},{"label":"Size","value":"6.78 inches, 111.4 cm 2 (~89.8% screen-to-body ratio)"},{"label":"Resolution","value":"1440 x 3200 pixels, 20:9 ratio (~517 ppi density)"}]},{"category":"Platform","specs":[{"label":"OS","value":"Android 14, upgradable to Android 15, OriginOS 5"},{"label":"Chipset","value":"Qualcomm SM8650-AB Snapdragon 8 Gen 3 (4 nm)"},{"label":"CPU","value":"Octa-core (1x3.3 GHz Cortex-X4 & 3x3.2 GHz Cortex-A720 & 2x3.0 GHz Cortex-A720 & 2x2.3 GHz Cortex-A520)"},{"label":"GPU","value":"Adreno 750"}]},{"category":"Memory","specs":[{"label":"Card slot","value":"No"},{"label":"Internal","value":"256GB 12GB RAM, 512GB 16GB RAM, 1TB 16GB RAM"}]},{"category":"Main Camera","specs":[{"label":"Triple","value":"50 MP, f/1.8, 23mm (wide), 1/0.98\\", 1.6µm, dual pixel PDAF, gimbal OIS"},{"label":"Features","value":"Laser AF, color spectrum sensor, Zeiss optics, Zeiss T* lens coating, LED flash, panorama, HDR, 3D LUT import"},{"label":"Video","value":"8K@30fps, 4K@30/60/120fps, 1080p@30/60/120/240fps, gyro-EIS, Dolby Vision HDR"}]},{"category":"Selfie camera","specs":[{"label":"Single","value":"50 MP, f/2.5, 24mm (wide), 1/2.76\\", 0.64µm, AF"},{"label":"Video","value":"4K@30/60fps, 1080p@30/60fps"},{"label":"Features","value":"HDR"}]},{"category":"Sound","specs":[{"label":"Loudspeaker","value":"Yes, with stereo speakers"},{"label":"3.5mm jack","value":"No"}]},{"category":"Comms","specs":[{"label":"WLAN","value":"Wi-Fi 802.11 a/b/g/n/ac/6/7, dual-band"},{"label":"Bluetooth","value":"5.4, A2DP, LE, aptX HD, aptX Adaptive, aptX Lossless, LHDC"},{"label":"Positioning","value":"GPS (L1+L5), BDS (B1I+B1c+B2a), GALILEO (E1+E5a), QZSS (L1+L5), GLONASS"},{"label":"NFC","value":"Yes"},{"label":"USB","value":"USB Type-C 3.2, OTG, DisplayPort"},{"label":"Radio","value":"No"},{"label":"Infrared port","value":"Yes"}]},{"category":"Features","specs":[{"label":"Sensors","value":"Fingerprint (under display, ultrasonic), accelerometer, gyro, proximity, compass"}]},{"category":"Battery","specs":[{"label":"Type","value":"Si/C Li-Ion 5500 mAh"},{"label":"Charging","value":"80W wired, PD, PPS, QC, UFCS"}]},{"category":"Misc","specs":[{"label":"Colors","value":"Titanium, White, Grey"},{"label":"Models","value":"V2366GA, V2366HA"},{"label":"Price","value":"About 980 EUR"}]}]');
INSERT OR IGNORE INTO device_pictures (device_id, url, position) VALUES (851, 'https://fdn2.gsmarena.com/vv/bigpic/vivo-x100-ultra.jpg', 0);
INSERT OR IGNORE INTO device_pictures (device_id, url, position) VALUES (851, 'https://fdn2.gsmarena.com/vv/pics/vivo/vivo-x100-ultra-1.jpg', 1);
INSERT OR IGNORE INTO device_pictures (device_id, url, position) VALUES (851, 'https://fdn2.gsmarena.com/vv/pics/vivo/vivo-x100-ultra-2.jpg', 2);
INSERT OR IGNORE INTO device_pictures (device_id, url, position) VALUES (851, 'https://fdn2.gsmarena.com/vv/pics/vivo/vivo-x100-ultra-3.jpg', 3);
INSERT OR IGNORE INTO device_pictures (device_id, url, position) VALUES (851, 'https://fdn.gsmarena.com/imgroot/reviews/24/vivo-x100-ultra/lifestyle/-1024w2/gsmarena_001.jpg', 4);
INSERT OR IGNORE INTO device_pictures (device_id, url, position) VALUES (851, 'https://fdn.gsmarena.com/imgroot/reviews/24/vivo-x100-ultra/lifestyle/-1024w2/gsmarena_002.jpg', 5);
INSERT OR IGNORE INTO device_pictures (device_id, url, position) VALUES (851, 'https://fdn.gsmarena.com/imgroot/reviews/24/vivo-x100-ultra/lifestyle/-1024w2/gsmarena_003.jpg', 6);
INSERT OR IGNORE INTO device_pictures (device_id, url, position) VALUES (851, 'https://fdn.gsmarena.com/imgroot/reviews/24/vivo-x100-ultra/lifestyle/-1024w2/gsmarena_004.jpg', 7);
INSERT OR IGNORE INTO device_pictures (device_id, url, position) VALUES (851, 'https://fdn.gsmarena.com/imgroot/reviews/24/vivo-x100-ultra/lifestyle/-1024w2/gsmarena_005.jpg', 8);
INSERT OR IGNORE INTO device_pictures (device_id, url, position) VALUES (851, 'https://fdn.gsmarena.com/imgroot/reviews/24/vivo-x100-ultra/lifestyle/-1024w2/gsmarena_006.jpg', 9);
INSERT OR IGNORE INTO devices (id, brand_id, name, gsmarena_url, thumbnail_url, summary) VALUES (852, 5, 'X100s Pro', 'https://www.gsmarena.com/vivo_x100s_pro-12998.php', 'https://fdn2.gsmarena.com/vv/bigpic/vivo-x100s-pro.jpg', 'X100s Pro');
INSERT OR IGNORE INTO device_specs (device_id, announced, status, network, os, chipset, cpu, gpu, display_size, display_type, display_res, ram, storage, main_camera, selfie_camera, battery, charging, nfc, usb, bluetooth, wlan, colors, weight, dimensions, sim, sensors, popularity, fans, rating, full_specs_json) VALUES (852, '2024, May 13', 'Available. Released 2024, May 17', 'GSM / CDMA / HSPA / LTE / 5G / 5G', 'Android 14, OriginOS 4', 'Mediatek Dimensity 9300+ (4 nm)', 'Octa-core (1x3.4 GHz Cortex-X4 & 3x2.85 GHz Cortex-X4 & 4x2.0 GHz Cortex-A720)', 'Immortalis-G720 MC12', '6.78 inches, 111.0 cm 2 (~89.8% screen-to-body ratio)', 'LTPO AMOLED, 1B colors, 120Hz, 3000 nits (peak)', '1260 x 2800 pixels, 20:9 ratio (~453 ppi density)', '12GB', '256GB', '50 MP, f/1.8, 23mm (wide), 1/0.98", 1.6µm, dual pixel PDAF, OIS, Laser AF, color spectrum sensor, Zeiss optics, Zeiss T* lens coating, LED flash, panorama, HDR, 3D LUT import', '32 MP, f/2.0, 20mm (ultrawide), 4K@30/60fps, 1080p@30/60fps', 'Li-Ion 5400 mAh', '100W wired, 50% in 12 min', 'Yes', 'USB Type-C 3.2, OTG, DisplayPort', '5.4, A2DP, LE, aptX HD, LHDC', 'Wi-Fi 802.11 a/b/g/n/ac/6/7, dual-band', 'Titanium, White, Grey', '224 g (7.90 oz)', '164.1 x 75.3 x 8.9 mm (6.46 x 2.96 x 0.35 in)', 'Nano-SIM + Nano-SIM', 'Fingerprint (under display, optical), accelerometer, gyro, proximity, compass', 'About 640 EUR', NULL, NULL, '[{"category":"Network","specs":[{"label":"Technology","value":"GSM / CDMA / HSPA / LTE / 5G"},{"label":"2G bands","value":"GSM 850 / 900 / 1800 / 1900"},{"label":"3G bands","value":"HSDPA 800 / 850 / 900 / 1700(AWS) / 1900 / 2100"},{"label":"4G bands","value":"1, 2, 3, 4, 5, 7, 8, 12, 17, 18, 19, 26, 28, 34, 38, 39, 40, 41"},{"label":"5G bands","value":"1, 3, 5, 8, 28, 38, 40, 41, 77, 78, 79 SA/NSA"},{"label":"Speed","value":"HSPA, LTE, 5G"}]},{"category":"Launch","specs":[{"label":"Announced","value":"2024, May 13"},{"label":"Status","value":"Available. Released 2024, May 17"}]},{"category":"Body","specs":[{"label":"Dimensions","value":"164.1 x 75.3 x 8.9 mm (6.46 x 2.96 x 0.35 in)"},{"label":"Weight","value":"224 g (7.90 oz)"},{"label":"Build","value":"Glass front, aluminum frame, glass back"},{"label":"SIM","value":"Nano-SIM + Nano-SIM"}]},{"category":"Display","specs":[{"label":"Type","value":"LTPO AMOLED, 1B colors, 120Hz, 3000 nits (peak)"},{"label":"Size","value":"6.78 inches, 111.0 cm 2 (~89.8% screen-to-body ratio)"},{"label":"Resolution","value":"1260 x 2800 pixels, 20:9 ratio (~453 ppi density)"}]},{"category":"Platform","specs":[{"label":"OS","value":"Android 14, OriginOS 4"},{"label":"Chipset","value":"Mediatek Dimensity 9300+ (4 nm)"},{"label":"CPU","value":"Octa-core (1x3.4 GHz Cortex-X4 & 3x2.85 GHz Cortex-X4 & 4x2.0 GHz Cortex-A720)"},{"label":"GPU","value":"Immortalis-G720 MC12"}]},{"category":"Memory","specs":[{"label":"Card slot","value":"No"},{"label":"Internal","value":"256GB 12GB RAM, 512GB 16GB RAM, 1TB 16GB RAM"}]},{"category":"Main Camera","specs":[{"label":"Triple","value":"50 MP, f/1.8, 23mm (wide), 1/0.98\\", 1.6µm, dual pixel PDAF, OIS"},{"label":"Features","value":"Laser AF, color spectrum sensor, Zeiss optics, Zeiss T* lens coating, LED flash, panorama, HDR, 3D LUT import"},{"label":"Video","value":"8K@30fps (China model only), 4K@30/60fps, 1080p, gyro-EIS"}]},{"category":"Selfie camera","specs":[{"label":"Single","value":"32 MP, f/2.0, 20mm (ultrawide)"},{"label":"Video","value":"4K@30/60fps, 1080p@30/60fps"},{"label":"Features","value":"HDR"}]},{"category":"Sound","specs":[{"label":"Loudspeaker","value":"Yes, with stereo speakers"},{"label":"3.5mm jack","value":"No"}]},{"category":"Comms","specs":[{"label":"WLAN","value":"Wi-Fi 802.11 a/b/g/n/ac/6/7, dual-band"},{"label":"Bluetooth","value":"5.4, A2DP, LE, aptX HD, LHDC"},{"label":"Positioning","value":"GPS (L1+L5), BDS (B1I+B1c+B2a+B2b), GALILEO (E1+E5a+E5b), QZSS (L1+L5), NavIC (L5), GLONASS"},{"label":"NFC","value":"Yes"},{"label":"USB","value":"USB Type-C 3.2, OTG, DisplayPort"},{"label":"Radio","value":"No"},{"label":"Infrared port","value":"Yes"}]},{"category":"Features","specs":[{"label":"Sensors","value":"Fingerprint (under display, optical), accelerometer, gyro, proximity, compass"}]},{"category":"Battery","specs":[{"label":"Type","value":"Li-Ion 5400 mAh"},{"label":"Charging","value":"100W wired, 50% in 12 min"}]},{"category":"Misc","specs":[{"label":"Colors","value":"Titanium, White, Grey"},{"label":"Models","value":"V2324HA"},{"label":"Price","value":"About 640 EUR"}]}]');
INSERT OR IGNORE INTO device_pictures (device_id, url, position) VALUES (852, 'https://fdn2.gsmarena.com/vv/bigpic/vivo-x100s-pro.jpg', 0);
INSERT OR IGNORE INTO device_pictures (device_id, url, position) VALUES (852, 'https://fdn2.gsmarena.com/vv/pics/vivo/vivo-x100s-pro-1.jpg', 1);
INSERT OR IGNORE INTO device_pictures (device_id, url, position) VALUES (852, 'https://fdn2.gsmarena.com/vv/pics/vivo/vivo-x100s-pro-2.jpg', 2);
INSERT OR IGNORE INTO device_pictures (device_id, url, position) VALUES (852, 'https://fdn2.gsmarena.com/vv/pics/vivo/vivo-x100s-pro-3.jpg', 3);
INSERT OR IGNORE INTO devices (id, brand_id, name, gsmarena_url, thumbnail_url, summary) VALUES (853, 5, 'X100s', 'https://www.gsmarena.com/vivo_x100s-12999.php', 'https://fdn2.gsmarena.com/vv/bigpic/vivo-x100s.jpg', 'X100s');
INSERT OR IGNORE INTO device_specs (device_id, announced, status, network, os, chipset, cpu, gpu, display_size, display_type, display_res, ram, storage, main_camera, selfie_camera, battery, charging, nfc, usb, bluetooth, wlan, colors, weight, dimensions, sim, sensors, popularity, fans, rating, full_specs_json) VALUES (853, '2024, May 13', 'Available. Released 2024, May 17', 'GSM / CDMA / HSPA / LTE / 5G / 5G', 'Android 14, OriginOS 4', 'Mediatek Dimensity 9300+ (4 nm)', 'Octa-core (1x3.4 GHz Cortex-X4 & 3x2.85 GHz Cortex-X4 & 4x2.0 GHz Cortex-A720)', 'Immortalis-G720 MC12', '6.78 inches, 111.0 cm 2 (~89.8% screen-to-body ratio)', 'LTPO AMOLED, 1B colors, 120Hz, 3000 nits (peak)', '1260 x 2800 pixels, 20:9 ratio (~453 ppi density)', '12GB', '256GB', '50 MP, f/1.6, (wide), 1/1.49", PDAF, OIS, Laser AF, color spectrum sensor, Zeiss optics, Zeiss T* lens coating, LED flash, panorama, HDR, 3D LUT import', '32 MP, f/2.0, 20mm (ultrawide), 1080p@30/60fps', 'Li-Ion 5100 mAh', '100W wired, 50% in 11 min', 'Yes', 'USB Type-C 2.0, OTG', '5.4, A2DP, LE, aptX HD, LHDC', 'Wi-Fi 802.11 a/b/g/n/ac/6/7, dual-band', 'Titanium, White, Grey, Green', '203 g (7.16 oz)', '163.1 x 75.8 x 7.8 mm (6.42 x 2.98 x 0.31 in)', 'Nano-SIM + Nano-SIM', 'Fingerprint (under display, optical), accelerometer, gyro, proximity, compass', 'About 520 EUR', NULL, NULL, '[{"category":"Network","specs":[{"label":"Technology","value":"GSM / CDMA / HSPA / LTE / 5G"},{"label":"2G bands","value":"GSM 850 / 900 / 1800 / 1900"},{"label":"3G bands","value":"HSDPA 800 / 850 / 900 / 1700(AWS) / 1900 / 2100"},{"label":"4G bands","value":"1, 2, 3, 4, 5, 7, 8, 18, 19, 26, 28, 34, 38, 39, 40, 41"},{"label":"5G bands","value":"1, 3, 5, 8, 28, 38, 40, 41, 77, 78 SA/NSA"},{"label":"Speed","value":"HSPA, LTE, 5G"}]},{"category":"Launch","specs":[{"label":"Announced","value":"2024, May 13"},{"label":"Status","value":"Available. Released 2024, May 17"}]},{"category":"Body","specs":[{"label":"Dimensions","value":"163.1 x 75.8 x 7.8 mm (6.42 x 2.98 x 0.31 in)"},{"label":"Weight","value":"203 g (7.16 oz)"},{"label":"Build","value":"Glass front, aluminum frame, glass back"},{"label":"SIM","value":"Nano-SIM + Nano-SIM"}]},{"category":"Display","specs":[{"label":"Type","value":"LTPO AMOLED, 1B colors, 120Hz, 3000 nits (peak)"},{"label":"Size","value":"6.78 inches, 111.0 cm 2 (~89.8% screen-to-body ratio)"},{"label":"Resolution","value":"1260 x 2800 pixels, 20:9 ratio (~453 ppi density)"}]},{"category":"Platform","specs":[{"label":"OS","value":"Android 14, OriginOS 4"},{"label":"Chipset","value":"Mediatek Dimensity 9300+ (4 nm)"},{"label":"CPU","value":"Octa-core (1x3.4 GHz Cortex-X4 & 3x2.85 GHz Cortex-X4 & 4x2.0 GHz Cortex-A720)"},{"label":"GPU","value":"Immortalis-G720 MC12"}]},{"category":"Memory","specs":[{"label":"Card slot","value":"No"},{"label":"Internal","value":"256GB 12GB RAM, 256GB 16GB RAM, 512GB 12GB RAM, 512GB 16GB RAM, 1TB 16GB RAM"}]},{"category":"Main Camera","specs":[{"label":"Triple","value":"50 MP, f/1.6, (wide), 1/1.49\\", PDAF, OIS"},{"label":"Features","value":"Laser AF, color spectrum sensor, Zeiss optics, Zeiss T* lens coating, LED flash, panorama, HDR, 3D LUT import"},{"label":"Video","value":"4K@30/60fps, 1080p, gyro-EIS"}]},{"category":"Selfie camera","specs":[{"label":"Single","value":"32 MP, f/2.0, 20mm (ultrawide)"},{"label":"Video","value":"1080p@30/60fps"},{"label":"Features","value":"HDR"}]},{"category":"Sound","specs":[{"label":"Loudspeaker","value":"Yes, with stereo speakers"},{"label":"3.5mm jack","value":"No"}]},{"category":"Comms","specs":[{"label":"WLAN","value":"Wi-Fi 802.11 a/b/g/n/ac/6/7, dual-band"},{"label":"Bluetooth","value":"5.4, A2DP, LE, aptX HD, LHDC"},{"label":"Positioning","value":"GPS (L1+L5), BDS (B1I+B1c+B2a), GALILEO (E1+E5a), QZSS (L1+L5), NavIC (L5), GLONASS"},{"label":"NFC","value":"Yes"},{"label":"USB","value":"USB Type-C 2.0, OTG"},{"label":"Radio","value":"No"},{"label":"Infrared port","value":"Yes"}]},{"category":"Features","specs":[{"label":"Sensors","value":"Fingerprint (under display, optical), accelerometer, gyro, proximity, compass"}]},{"category":"Battery","specs":[{"label":"Type","value":"Li-Ion 5100 mAh"},{"label":"Charging","value":"100W wired, 50% in 11 min"}]},{"category":"Misc","specs":[{"label":"Colors","value":"Titanium, White, Grey, Green"},{"label":"Models","value":"V2359A"},{"label":"Price","value":"About 520 EUR"}]}]');
INSERT OR IGNORE INTO device_pictures (device_id, url, position) VALUES (853, 'https://fdn2.gsmarena.com/vv/bigpic/vivo-x100s.jpg', 0);
INSERT OR IGNORE INTO device_pictures (device_id, url, position) VALUES (853, 'https://fdn2.gsmarena.com/vv/pics/vivo/vivo-x100s-1.jpg', 1);
INSERT OR IGNORE INTO device_pictures (device_id, url, position) VALUES (853, 'https://fdn2.gsmarena.com/vv/pics/vivo/vivo-x100s-2.jpg', 2);
INSERT OR IGNORE INTO device_pictures (device_id, url, position) VALUES (853, 'https://fdn2.gsmarena.com/vv/pics/vivo/vivo-x100s-3.jpg', 3);
INSERT OR IGNORE INTO devices (id, brand_id, name, gsmarena_url, thumbnail_url, summary) VALUES (854, 5, 'Y18', 'https://www.gsmarena.com/vivo_y18-13129.php', 'https://fdn2.gsmarena.com/vv/bigpic/vivo-y18.jpg', 'Y18');
INSERT OR IGNORE INTO device_specs (device_id, announced, status, network, os, chipset, cpu, gpu, display_size, display_type, display_res, ram, storage, main_camera, selfie_camera, battery, charging, nfc, usb, bluetooth, wlan, colors, weight, dimensions, sim, sensors, popularity, fans, rating, full_specs_json) VALUES (854, '2024, May 06', 'Available. Released 2024, May', 'GSM / HSPA / LTE / 4G/LTE', 'Android 14, Funtouch 14', 'Mediatek Helio G85 (12 nm)', 'Octa-core (2x2.0 GHz Cortex-A75 & 6x1.8 GHz Cortex-A55)', 'Mali-G52 MC2', '6.56 inches, 103.4 cm 2 (~83.6% screen-to-body ratio)', 'IPS LCD, 90Hz, 840 nits (HBM)', '720 x 1612 pixels, 20:9 ratio (~269 ppi density)', '4GB', '64GB', '50 MP, f/1.8, (wide), PDAF, LED flash, panorama', '8 MP, f/2.0, (wide), Yes', 'Li-Ion 5000 mAh', '15W wired', 'Yes (market/region dependent)', 'USB Type-C 2.0, OTG', '5.0, A2DP, LE', 'Wi-Fi 802.11 a/b/g/n/ac, dual-band', 'Mocha Brown, Wave Aqua', '185 g (6.53 oz)', '163.6 x 75.6 x 8.4 mm (6.44 x 2.98 x 0.33 in)', 'Nano-SIM + Nano-SIM', 'Fingerprint (side-mounted), accelerometer, proximity, compass', 'About 120 EUR', NULL, NULL, '[{"category":"Network","specs":[{"label":"Technology","value":"GSM / HSPA / LTE"},{"label":"2G bands","value":"GSM 850 / 900 / 1800 / 1900"},{"label":"3G bands","value":"HSDPA 850 / 900 / 1700(AWS) / 1900 / 2100"},{"label":"4G bands","value":"1, 2, 3, 4, 5, 7, 8, 13, 18, 19, 26, 28, 38, 40, 41, 66"},{"label":"Speed","value":"HSPA, LTE"}]},{"category":"Launch","specs":[{"label":"Announced","value":"2024, May 06"},{"label":"Status","value":"Available. Released 2024, May"}]},{"category":"Body","specs":[{"label":"Dimensions","value":"163.6 x 75.6 x 8.4 mm (6.44 x 2.98 x 0.33 in)"},{"label":"Weight","value":"185 g (6.53 oz)"},{"label":"Build","value":"Glass front, plastic frame, plastic back"},{"label":"SIM","value":"Nano-SIM + Nano-SIM"}]},{"category":"Display","specs":[{"label":"Type","value":"IPS LCD, 90Hz, 840 nits (HBM)"},{"label":"Size","value":"6.56 inches, 103.4 cm 2 (~83.6% screen-to-body ratio)"},{"label":"Resolution","value":"720 x 1612 pixels, 20:9 ratio (~269 ppi density)"}]},{"category":"Platform","specs":[{"label":"OS","value":"Android 14, Funtouch 14"},{"label":"Chipset","value":"Mediatek Helio G85 (12 nm)"},{"label":"CPU","value":"Octa-core (2x2.0 GHz Cortex-A75 & 6x1.8 GHz Cortex-A55)"},{"label":"GPU","value":"Mali-G52 MC2"}]},{"category":"Memory","specs":[{"label":"Card slot","value":"microSDXC (dedicated slot)"},{"label":"Internal","value":"64GB 4GB RAM, 128GB 4GB RAM, 128GB 6GB RAM, 128GB 8GB RAM, 256GB 8GB RAM"}]},{"category":"Main Camera","specs":[{"label":"Single","value":"50 MP, f/1.8, (wide), PDAF"},{"label":"Features","value":"LED flash, panorama"},{"label":"Video","value":"1080p@30fps"}]},{"category":"Selfie camera","specs":[{"label":"Single","value":"8 MP, f/2.0, (wide)"},{"label":"Video","value":"Yes"}]},{"category":"Sound","specs":[{"label":"Loudspeaker","value":"Yes"},{"label":"3.5mm jack","value":"Yes"}]},{"category":"Comms","specs":[{"label":"WLAN","value":"Wi-Fi 802.11 a/b/g/n/ac, dual-band"},{"label":"Bluetooth","value":"5.0, A2DP, LE"},{"label":"Positioning","value":"GPS, GALILEO, GLONASS, BDS, QZSS"},{"label":"NFC","value":"Yes (market/region dependent)"},{"label":"USB","value":"USB Type-C 2.0, OTG"},{"label":"Radio","value":"FM radio"}]},{"category":"Features","specs":[{"label":"Sensors","value":"Fingerprint (side-mounted), accelerometer, proximity, compass"}]},{"category":"Battery","specs":[{"label":"Type","value":"Li-Ion 5000 mAh"},{"label":"Charging","value":"15W wired"}]},{"category":"Misc","specs":[{"label":"Colors","value":"Mocha Brown, Wave Aqua"},{"label":"Price","value":"About 120 EUR"}]}]');
INSERT OR IGNORE INTO device_pictures (device_id, url, position) VALUES (854, 'https://fdn2.gsmarena.com/vv/bigpic/vivo-y18.jpg', 0);
INSERT OR IGNORE INTO device_pictures (device_id, url, position) VALUES (854, 'https://fdn2.gsmarena.com/vv/pics/vivo/vivo-y18-int-1.jpg', 1);
INSERT OR IGNORE INTO device_pictures (device_id, url, position) VALUES (854, 'https://fdn2.gsmarena.com/vv/pics/vivo/vivo-y18-int-2.jpg', 2);
INSERT OR IGNORE INTO devices (id, brand_id, name, gsmarena_url, thumbnail_url, summary) VALUES (855, 5, 'Y18 (India)', 'https://www.gsmarena.com/vivo_y18_(india)-12977.php', 'https://fdn2.gsmarena.com/vv/bigpic/vivo-y03.jpg', 'Y18 (India)');
INSERT OR IGNORE INTO device_specs (device_id, announced, status, network, os, chipset, cpu, gpu, display_size, display_type, display_res, ram, storage, main_camera, selfie_camera, battery, charging, nfc, usb, bluetooth, wlan, colors, weight, dimensions, sim, sensors, popularity, fans, rating, full_specs_json) VALUES (855, '2024, May 03', 'Available. Released 2024, May 03', 'GSM / HSPA / LTE / 4G/LTE', 'Android 14, Funtouch 14', 'Mediatek Helio G85 (12 nm)', 'Octa-core (2x2.0 GHz Cortex-A75 & 6x1.8 GHz Cortex-A55)', 'Mali-G52 MC2', '6.56 inches, 103.4 cm 2 (~83.6% screen-to-body ratio)', 'IPS LCD, 90Hz, 840 nits (HBM)', '720 x 1612 pixels, 20:9 ratio (~269 ppi density)', '4GB', '64GB', '50 MP, f/1.8, (wide), PDAF, LED flash, panorama', '8 MP, f/2.0, (wide), Yes', 'Li-Ion 5000 mAh', '15W wired', 'No', 'USB Type-C 2.0, OTG', '5.0, A2DP, LE', 'Wi-Fi 802.11 a/b/g/n/ac, dual-band', 'Space Black, Gem Green', '185 g (6.53 oz)', '163.6 x 75.6 x 8.4 mm (6.44 x 2.98 x 0.33 in)', 'Nano-SIM + Nano-SIM', 'Fingerprint (side-mounted), accelerometer, proximity, compass', 'About 100 EUR', NULL, NULL, '[{"category":"Network","specs":[{"label":"Technology","value":"GSM / HSPA / LTE"},{"label":"2G bands","value":"GSM 850 / 900 / 1800 / 1900"},{"label":"3G bands","value":"HSDPA 850 / 900 / 2100"},{"label":"4G bands","value":"1, 3, 5, 8, 38, 40, 41"},{"label":"Speed","value":"HSPA, LTE"}]},{"category":"Launch","specs":[{"label":"Announced","value":"2024, May 03"},{"label":"Status","value":"Available. Released 2024, May 03"}]},{"category":"Body","specs":[{"label":"Dimensions","value":"163.6 x 75.6 x 8.4 mm (6.44 x 2.98 x 0.33 in)"},{"label":"Weight","value":"185 g (6.53 oz)"},{"label":"Build","value":"Glass front, plastic frame, plastic back"},{"label":"SIM","value":"Nano-SIM + Nano-SIM"}]},{"category":"Display","specs":[{"label":"Type","value":"IPS LCD, 90Hz, 840 nits (HBM)"},{"label":"Size","value":"6.56 inches, 103.4 cm 2 (~83.6% screen-to-body ratio)"},{"label":"Resolution","value":"720 x 1612 pixels, 20:9 ratio (~269 ppi density)"}]},{"category":"Platform","specs":[{"label":"OS","value":"Android 14, Funtouch 14"},{"label":"Chipset","value":"Mediatek Helio G85 (12 nm)"},{"label":"CPU","value":"Octa-core (2x2.0 GHz Cortex-A75 & 6x1.8 GHz Cortex-A55)"},{"label":"GPU","value":"Mali-G52 MC2"}]},{"category":"Memory","specs":[{"label":"Card slot","value":"microSDXC (dedicated slot)"},{"label":"Internal","value":"64GB 4GB RAM, 128GB 4GB RAM, 128GB 6GB RAM"}]},{"category":"Main Camera","specs":[{"label":"Single","value":"50 MP, f/1.8, (wide), PDAF"},{"label":"Features","value":"LED flash, panorama"},{"label":"Video","value":"1080p@30fps"}]},{"category":"Selfie camera","specs":[{"label":"Single","value":"8 MP, f/2.0, (wide)"},{"label":"Video","value":"Yes"}]},{"category":"Sound","specs":[{"label":"Loudspeaker","value":"Yes"},{"label":"3.5mm jack","value":"Yes"}]},{"category":"Comms","specs":[{"label":"WLAN","value":"Wi-Fi 802.11 a/b/g/n/ac, dual-band"},{"label":"Bluetooth","value":"5.0, A2DP, LE"},{"label":"Positioning","value":"GPS, GALILEO, GLONASS, BDS, QZSS"},{"label":"NFC","value":"No"},{"label":"USB","value":"USB Type-C 2.0, OTG"},{"label":"Radio","value":"FM radio"}]},{"category":"Features","specs":[{"label":"Sensors","value":"Fingerprint (side-mounted), accelerometer, proximity, compass"}]},{"category":"Battery","specs":[{"label":"Type","value":"Li-Ion 5000 mAh"},{"label":"Charging","value":"15W wired"}]},{"category":"Misc","specs":[{"label":"Colors","value":"Space Black, Gem Green"},{"label":"Models","value":"V2333, V2345"},{"label":"SAR","value":"0.98 W/kg (head)     0.84 W/kg (body)"},{"label":"Price","value":"About 100 EUR"}]}]');
INSERT OR IGNORE INTO device_pictures (device_id, url, position) VALUES (855, 'https://fdn2.gsmarena.com/vv/bigpic/vivo-y03.jpg', 0);
INSERT OR IGNORE INTO device_pictures (device_id, url, position) VALUES (855, 'https://fdn2.gsmarena.com/vv/pics/vivo/vivo-y03.jpg', 1);
INSERT OR IGNORE INTO device_pictures (device_id, url, position) VALUES (855, 'https://fdn2.gsmarena.com/vv/pics/vivo/vivo-y18-2.jpg', 2);
INSERT OR IGNORE INTO devices (id, brand_id, name, gsmarena_url, thumbnail_url, summary) VALUES (856, 5, 'Y18e', 'https://www.gsmarena.com/vivo_y18e-12978.php', 'https://fdn2.gsmarena.com/vv/bigpic/vivo-y18e.jpg', 'Y18e');
INSERT OR IGNORE INTO device_specs (device_id, announced, status, network, os, chipset, cpu, gpu, display_size, display_type, display_res, ram, storage, main_camera, selfie_camera, battery, charging, nfc, usb, bluetooth, wlan, colors, weight, dimensions, sim, sensors, popularity, fans, rating, full_specs_json) VALUES (856, '2024, April 29', 'Available. Released 2024, May', 'GSM / HSPA / LTE / 4G/LTE', 'Android 14, Funtouch 14', 'Mediatek Helio G85 (12 nm)', 'Octa-core (2x2.0 GHz Cortex-A75 & 6x1.8 GHz Cortex-A55)', 'Mali-G52 MC2', '6.56 inches, 103.4 cm 2 (~83.6% screen-to-body ratio)', 'IPS LCD, 90Hz, 528 nits (HBM)', '720 x 1612 pixels, 20:9 ratio (~269 ppi density)', '4GB', '64GB', '13 MP, f/2.2, (wide), PDAF, LED flash, panorama', '5 MP, f/2.2, (wide), Yes', 'Li-Ion 5000 mAh', '15W wired', 'No', 'USB Type-C 2.0, OTG', '5.0, A2DP, LE', 'Wi-Fi 802.11 a/b/g/n/ac, dual-band', 'Space Black, Gem Green', '185 g (6.53 oz)', '163.6 x 75.6 x 8.4 mm (6.44 x 2.98 x 0.33 in)', 'Nano-SIM + Nano-SIM', 'Accelerometer, proximity, compass', NULL, NULL, NULL, '[{"category":"Network","specs":[{"label":"Technology","value":"GSM / HSPA / LTE"},{"label":"2G bands","value":"GSM 850 / 900 / 1800 / 1900"},{"label":"3G bands","value":"HSDPA 850 / 900 / 2100"},{"label":"4G bands","value":"1, 3, 5, 8, 38, 40, 41"},{"label":"Speed","value":"HSPA, LTE"}]},{"category":"Launch","specs":[{"label":"Announced","value":"2024, April 29"},{"label":"Status","value":"Available. Released 2024, May"}]},{"category":"Body","specs":[{"label":"Dimensions","value":"163.6 x 75.6 x 8.4 mm (6.44 x 2.98 x 0.33 in)"},{"label":"Weight","value":"185 g (6.53 oz)"},{"label":"Build","value":"Glass front, plastic frame, plastic back"},{"label":"SIM","value":"Nano-SIM + Nano-SIM"}]},{"category":"Display","specs":[{"label":"Type","value":"IPS LCD, 90Hz, 528 nits (HBM)"},{"label":"Size","value":"6.56 inches, 103.4 cm 2 (~83.6% screen-to-body ratio)"},{"label":"Resolution","value":"720 x 1612 pixels, 20:9 ratio (~269 ppi density)"}]},{"category":"Platform","specs":[{"label":"OS","value":"Android 14, Funtouch 14"},{"label":"Chipset","value":"Mediatek Helio G85 (12 nm)"},{"label":"CPU","value":"Octa-core (2x2.0 GHz Cortex-A75 & 6x1.8 GHz Cortex-A55)"},{"label":"GPU","value":"Mali-G52 MC2"}]},{"category":"Memory","specs":[{"label":"Card slot","value":"microSDXC (dedicated slot)"},{"label":"Internal","value":"64GB 4GB RAM"}]},{"category":"Main Camera","specs":[{"label":"Single","value":"13 MP, f/2.2, (wide), PDAF"},{"label":"Features","value":"LED flash, panorama"},{"label":"Video","value":"1080p@30fps"}]},{"category":"Selfie camera","specs":[{"label":"Single","value":"5 MP, f/2.2, (wide)"},{"label":"Video","value":"Yes"}]},{"category":"Sound","specs":[{"label":"Loudspeaker","value":"Yes"},{"label":"3.5mm jack","value":"Yes"}]},{"category":"Comms","specs":[{"label":"WLAN","value":"Wi-Fi 802.11 a/b/g/n/ac, dual-band"},{"label":"Bluetooth","value":"5.0, A2DP, LE"},{"label":"Positioning","value":"GPS, GALILEO, GLONASS, BDS, QZSS"},{"label":"NFC","value":"No"},{"label":"USB","value":"USB Type-C 2.0, OTG"},{"label":"Radio","value":"FM radio"}]},{"category":"Features","specs":[{"label":"Sensors","value":"Accelerometer, proximity, compass"}]},{"category":"Battery","specs":[{"label":"Type","value":"Li-Ion 5000 mAh"},{"label":"Charging","value":"15W wired"}]},{"category":"Misc","specs":[{"label":"Colors","value":"Space Black, Gem Green"},{"label":"Models","value":"V2350"},{"label":"SAR","value":"0.98 W/kg (head)     0.84 W/kg (body)"}]}]');
INSERT OR IGNORE INTO device_pictures (device_id, url, position) VALUES (856, 'https://fdn2.gsmarena.com/vv/bigpic/vivo-y18e.jpg', 0);
INSERT OR IGNORE INTO device_pictures (device_id, url, position) VALUES (856, 'https://fdn2.gsmarena.com/vv/pics/vivo/vivo-y03.jpg', 1);
INSERT OR IGNORE INTO device_pictures (device_id, url, position) VALUES (856, 'https://fdn2.gsmarena.com/vv/pics/vivo/vivo-y18-2.jpg', 2);
INSERT OR IGNORE INTO devices (id, brand_id, name, gsmarena_url, thumbnail_url, summary) VALUES (857, 5, 'Y100 4G', 'https://www.gsmarena.com/vivo_y100_4g-12974.php', 'https://fdn2.gsmarena.com/vv/bigpic/vivo-y100-4g.jpg', 'Y100 4G');
INSERT OR IGNORE INTO device_specs (device_id, announced, status, network, os, chipset, cpu, gpu, display_size, display_type, display_res, ram, storage, main_camera, selfie_camera, battery, charging, nfc, usb, bluetooth, wlan, colors, weight, dimensions, sim, sensors, popularity, fans, rating, full_specs_json) VALUES (857, '2024, May 03', 'Available. Released 2024, May 03', 'GSM / HSPA / LTE / 4G/LTE', 'Android 14, Funtouch 14', 'Qualcomm SM6225 Snapdragon 685 (6 nm)', 'Octa-core (4x2.8 GHz Cortex-A73 & 4x1.9 GHz Cortex-A53)', 'Adreno 610', '6.67 inches, 107.4 cm 2 (~86.8% screen-to-body ratio)', 'AMOLED, 120Hz, 1800 nits (peak)', '1080 x 2400 pixels, 20:9 ratio (~395 ppi density)', '8GB', '128GB', '50 MP, f/1.8, (wide), PDAF, LED flash, panorama, HDR', '8 MP, f/2.0, (wide), 1080p@30fps', 'Li-Ion 5000 mAh', '80W wired, 80% in 30 min', 'No', 'USB Type-C 2.0, OTG', '5.0, A2DP, LE', 'Wi-Fi 802.11 a/b/g/n/ac, dual-band', 'Crystal Black, Breeze Green', '186 g or 196 g (6.56 oz)', '163.2 x 75.8 x 7.8 mm (6.43 x 2.98 x 0.31 in)', 'Nano-SIM + Nano-SIM', 'Fingerprint (under display, optical), accelerometer, gyro, proximity, compass', 'About 230 EUR', NULL, NULL, '[{"category":"Network","specs":[{"label":"Technology","value":"GSM / HSPA / LTE"},{"label":"2G bands","value":"GSM 850 / 900 / 1800 / 1900"},{"label":"3G bands","value":"HSDPA 850 / 900 / 2100"},{"label":"4G bands","value":"1, 3, 5, 7, 8, 20, 28, 38, 40, 41"},{"label":"Speed","value":"HSPA, LTE"}]},{"category":"Launch","specs":[{"label":"Announced","value":"2024, May 03"},{"label":"Status","value":"Available. Released 2024, May 03"}]},{"category":"Body","specs":[{"label":"Dimensions","value":"163.2 x 75.8 x 7.8 mm (6.43 x 2.98 x 0.31 in)"},{"label":"Weight","value":"186 g or 196 g (6.56 oz)"},{"label":"SIM","value":"Nano-SIM + Nano-SIM"}]},{"category":"Display","specs":[{"label":"Type","value":"AMOLED, 120Hz, 1800 nits (peak)"},{"label":"Size","value":"6.67 inches, 107.4 cm 2 (~86.8% screen-to-body ratio)"},{"label":"Resolution","value":"1080 x 2400 pixels, 20:9 ratio (~395 ppi density)"}]},{"category":"Platform","specs":[{"label":"OS","value":"Android 14, Funtouch 14"},{"label":"Chipset","value":"Qualcomm SM6225 Snapdragon 685 (6 nm)"},{"label":"CPU","value":"Octa-core (4x2.8 GHz Cortex-A73 & 4x1.9 GHz Cortex-A53)"},{"label":"GPU","value":"Adreno 610"}]},{"category":"Memory","specs":[{"label":"Card slot","value":"microSDXC (uses shared SIM slot)"},{"label":"Internal","value":"128GB 8GB RAM, 256GB 8GB RAM"}]},{"category":"Main Camera","specs":[{"label":"Dual","value":"50 MP, f/1.8, (wide), PDAF"},{"label":"Features","value":"LED flash, panorama, HDR"},{"label":"Video","value":"1080p@30fps"}]},{"category":"Selfie camera","specs":[{"label":"Single","value":"8 MP, f/2.0, (wide)"},{"label":"Video","value":"1080p@30fps"}]},{"category":"Sound","specs":[{"label":"Loudspeaker","value":"Yes, with stereo speakers"},{"label":"3.5mm jack","value":"No"}]},{"category":"Comms","specs":[{"label":"WLAN","value":"Wi-Fi 802.11 a/b/g/n/ac, dual-band"},{"label":"Bluetooth","value":"5.0, A2DP, LE"},{"label":"Positioning","value":"GPS, GLONASS, GALILEO, BDS, QZSS"},{"label":"NFC","value":"No"},{"label":"USB","value":"USB Type-C 2.0, OTG"},{"label":"Radio","value":"No"}]},{"category":"Features","specs":[{"label":"Sensors","value":"Fingerprint (under display, optical), accelerometer, gyro, proximity, compass"}]},{"category":"Battery","specs":[{"label":"Type","value":"Li-Ion 5000 mAh"},{"label":"Charging","value":"80W wired, 80% in 30 min"}]},{"category":"Misc","specs":[{"label":"Colors","value":"Crystal Black, Breeze Green"},{"label":"Models","value":"V2412"},{"label":"Price","value":"About 230 EUR"}]}]');
INSERT OR IGNORE INTO device_pictures (device_id, url, position) VALUES (857, 'https://fdn2.gsmarena.com/vv/bigpic/vivo-y100-4g.jpg', 0);
INSERT OR IGNORE INTO device_pictures (device_id, url, position) VALUES (857, 'https://fdn2.gsmarena.com/vv/pics/vivo/vivo-y100-4g-1.jpg', 1);
INSERT OR IGNORE INTO device_pictures (device_id, url, position) VALUES (857, 'https://fdn2.gsmarena.com/vv/pics/vivo/vivo-y100-4g-2.jpg', 2);
INSERT OR IGNORE INTO devices (id, brand_id, name, gsmarena_url, thumbnail_url, summary) VALUES (858, 5, 'V30e', 'https://www.gsmarena.com/vivo_v30e-12971.php', 'https://fdn2.gsmarena.com/vv/bigpic/vivo-v30e.jpg', 'V30e');
INSERT OR IGNORE INTO device_specs (device_id, announced, status, network, os, chipset, cpu, gpu, display_size, display_type, display_res, ram, storage, main_camera, selfie_camera, battery, charging, nfc, usb, bluetooth, wlan, colors, weight, dimensions, sim, sensors, popularity, fans, rating, full_specs_json) VALUES (858, '2024, May 02', 'Available. Released 2024, May 09', 'GSM / HSPA / LTE / 5G / 5G', 'Android 14, Funtouch 14', 'Qualcomm SM6450 Snapdragon 6 Gen 1 (4 nm)', 'Octa-core (4x2.2 GHz Cortex-A78 & 4x1.8 GHz Cortex-A55)', 'Adreno 710', '6.78 inches, 111.0 cm 2 (~90.3% screen-to-body ratio)', 'AMOLED, 1B colors, 120Hz, 1300 nits (peak)', '1080 x 2400 pixels, 20:9 ratio (~388 ppi density)', '8GB', '128GB', '50 MP, f/1.8, 26mm (wide), 1/1.95", 0.8µm, PDAF, OIS (India only), Ring-LED flash, panorama, HDR', '50 MP, f/2.5, 25mm (wide), AF - India, 4K@30fps (India only), 1080p@30fps', 'Li-Ion 5500 mAh', '44W wired, PD', 'Yes (market/region dependent)', 'USB Type-C 2.0, OTG', '5.1, A2DP, LE', 'Wi-Fi 802.11 a/b/g/n/ac, dual-band', 'Velvet Red (Coco Brown), Silk Blue, Sky Mirror', '179 g or 188 g (6.31 oz)', '164.4 x 74.8 x 7.7 mm (6.47 x 2.94 x 0.30 in)', 'Nano-SIM + Nano-SIM', 'Fingerprint (under display, optical), accelerometer, gyro, proximity, compass', '₹ 27,340', NULL, NULL, '[{"category":"Network","specs":[{"label":"Technology","value":"GSM / HSPA / LTE / 5G"},{"label":"2G bands","value":"GSM 850 / 900 / 1800 / 1900"},{"label":"3G bands","value":"HSDPA 850 / 900 / 1700(AWS) / 1900 / 2100 - Malaysia"},{"label":"4G bands","value":"1, 2, 3, 4, 5, 7, 8, 18, 19, 20, 26, 28, 38, 39, 40, 41 - Malaysia"},{"label":"5G bands","value":"1, 3, 5, 7, 8, 20, 28, 38, 40, 41, 77, 78 SA/NSA - Malaysia"},{"label":"Speed","value":"HSPA, LTE, 5G"}]},{"category":"Launch","specs":[{"label":"Announced","value":"2024, May 02"},{"label":"Status","value":"Available. Released 2024, May 09"}]},{"category":"Body","specs":[{"label":"Dimensions","value":"164.4 x 74.8 x 7.7 mm (6.47 x 2.94 x 0.30 in)"},{"label":"Weight","value":"179 g or 188 g (6.31 oz)"},{"label":"Build","value":"Glass front, plastic frame, glass back or plastic back"},{"label":"SIM","value":"Nano-SIM + Nano-SIM"}]},{"category":"Display","specs":[{"label":"Type","value":"AMOLED, 1B colors, 120Hz, 1300 nits (peak)"},{"label":"Size","value":"6.78 inches, 111.0 cm 2 (~90.3% screen-to-body ratio)"},{"label":"Resolution","value":"1080 x 2400 pixels, 20:9 ratio (~388 ppi density)"},{"label":"Protection","value":"Schott Xensation"}]},{"category":"Platform","specs":[{"label":"OS","value":"Android 14, Funtouch 14"},{"label":"Chipset","value":"Qualcomm SM6450 Snapdragon 6 Gen 1 (4 nm)"},{"label":"CPU","value":"Octa-core (4x2.2 GHz Cortex-A78 & 4x1.8 GHz Cortex-A55)"},{"label":"GPU","value":"Adreno 710"}]},{"category":"Memory","specs":[{"label":"Card slot","value":"microSDXC (uses shared SIM slot)"},{"label":"Internal","value":"128GB 8GB RAM, 256GB 8GB RAM, 256GB 12GB RAM"}]},{"category":"Main Camera","specs":[{"label":"Dual","value":"50 MP, f/1.8, 26mm (wide), 1/1.95\\", 0.8µm, PDAF, OIS (India only)"},{"label":"Features","value":"Ring-LED flash, panorama, HDR"},{"label":"Video","value":"4K@30fps, 1080p@30fps"}]},{"category":"Selfie camera","specs":[{"label":"Single","value":"50 MP, f/2.5, 25mm (wide), AF - India"},{"label":"Video","value":"4K@30fps (India only), 1080p@30fps"}]},{"category":"Sound","specs":[{"label":"Loudspeaker","value":"Yes"},{"label":"3.5mm jack","value":"No"}]},{"category":"Comms","specs":[{"label":"WLAN","value":"Wi-Fi 802.11 a/b/g/n/ac, dual-band"},{"label":"Bluetooth","value":"5.1, A2DP, LE"},{"label":"Positioning","value":"GPS, GLONASS, GALILEO, BDS, QZSS, NavIC"},{"label":"NFC","value":"Yes (market/region dependent)"},{"label":"USB","value":"USB Type-C 2.0, OTG"},{"label":"Radio","value":"No"}]},{"category":"Features","specs":[{"label":"Sensors","value":"Fingerprint (under display, optical), accelerometer, gyro, proximity, compass"}]},{"category":"Battery","specs":[{"label":"Type","value":"Li-Ion 5500 mAh"},{"label":"Charging","value":"44W wired, PD"}]},{"category":"Misc","specs":[{"label":"Colors","value":"Velvet Red (Coco Brown), Silk Blue, Sky Mirror"},{"label":"Models","value":"V2339"},{"label":"Price","value":"₹ 27,340"}]}]');
INSERT OR IGNORE INTO device_pictures (device_id, url, position) VALUES (858, 'https://fdn2.gsmarena.com/vv/bigpic/vivo-v30e.jpg', 0);
INSERT OR IGNORE INTO device_pictures (device_id, url, position) VALUES (858, 'https://fdn2.gsmarena.com/vv/pics/vivo/vivo-v30e-1.jpg', 1);
INSERT OR IGNORE INTO device_pictures (device_id, url, position) VALUES (858, 'https://fdn2.gsmarena.com/vv/pics/vivo/vivo-v30e-2.jpg', 2);
INSERT OR IGNORE INTO device_pictures (device_id, url, position) VALUES (858, 'https://fdn2.gsmarena.com/vv/pics/vivo/vivo-v30e-3.jpg', 3);
INSERT OR IGNORE INTO devices (id, brand_id, name, gsmarena_url, thumbnail_url, summary) VALUES (859, 5, 'Y38', 'https://www.gsmarena.com/vivo_y38-12973.php', 'https://fdn2.gsmarena.com/vv/bigpic/vivo-u38.jpg', 'Y38');
INSERT OR IGNORE INTO device_specs (device_id, announced, status, network, os, chipset, cpu, gpu, display_size, display_type, display_res, ram, storage, main_camera, selfie_camera, battery, charging, nfc, usb, bluetooth, wlan, colors, weight, dimensions, sim, sensors, popularity, fans, rating, full_specs_json) VALUES (859, '2024, May 02', 'Available. Released 2024, May', 'GSM / HSPA / LTE / 5G / 5G', 'Android 14, Funtouch 14', 'Qualcomm SM4450 Snapdragon 4 Gen 2 (4 nm)', 'Octa-core (2x2.2 GHz Cortex-A78 & 6x1.95 GHz Cortex-A55)', 'Adreno 613', '6.68 inches, 107.2 cm 2 (~85.1% screen-to-body ratio)', 'IPS LCD, 120Hz, 1000 nits (peak)', '720 x 1612 pixels, 20:9 ratio (~264 ppi density)', '8GB', '256GB', '50 MP, f/1.8, (wide), PDAF, LED flash, HDR, panorama', '8 MP, f/2.1, (wide), 1080p@30fps', '6000 mAh', '44W wired', 'Yes', 'USB Type-C 2.0, OTG', '5.1, A2DP, LE', 'Wi-Fi 802.11 a/b/g/n/ac, dual-band', 'Ocean Blue, Dark Green', '199 g (7.02 oz)', '165.7 x 76 x 8 mm (6.52 x 2.99 x 0.31 in)', 'Nano-SIM + Nano-SIM', 'Fingerprint (side-mounted), accelerometer, gyro, proximity, compass', NULL, NULL, NULL, '[{"category":"Network","specs":[{"label":"Technology","value":"GSM / HSPA / LTE / 5G"},{"label":"2G bands","value":"GSM 850 / 900 / 1800 / 1900"},{"label":"3G bands","value":"HSDPA 850 / 900 / 1700(AWS) / 1900 / 2100"},{"label":"4G bands","value":"1, 2, 3, 4, 5, 7, 8, 20, 28, 38, 39, 40, 41"},{"label":"5G bands","value":"1, 3, 5, 7, 8, 20, 28, 38, 40, 41, 77, 78 SA/NSA"},{"label":"Speed","value":"HSPA, LTE, 5G"}]},{"category":"Launch","specs":[{"label":"Announced","value":"2024, May 02"},{"label":"Status","value":"Available. Released 2024, May"}]},{"category":"Body","specs":[{"label":"Dimensions","value":"165.7 x 76 x 8 mm (6.52 x 2.99 x 0.31 in)"},{"label":"Weight","value":"199 g (7.02 oz)"},{"label":"Build","value":"Glass front, plastic frame, plastic back"},{"label":"SIM","value":"Nano-SIM + Nano-SIM"}]},{"category":"Display","specs":[{"label":"Type","value":"IPS LCD, 120Hz, 1000 nits (peak)"},{"label":"Size","value":"6.68 inches, 107.2 cm 2 (~85.1% screen-to-body ratio)"},{"label":"Resolution","value":"720 x 1612 pixels, 20:9 ratio (~264 ppi density)"}]},{"category":"Platform","specs":[{"label":"OS","value":"Android 14, Funtouch 14"},{"label":"Chipset","value":"Qualcomm SM4450 Snapdragon 4 Gen 2 (4 nm)"},{"label":"CPU","value":"Octa-core (2x2.2 GHz Cortex-A78 & 6x1.95 GHz Cortex-A55)"},{"label":"GPU","value":"Adreno 613"}]},{"category":"Memory","specs":[{"label":"Card slot","value":"microSDXC (uses shared SIM slot)"},{"label":"Internal","value":"256GB 8GB RAM"}]},{"category":"Main Camera","specs":[{"label":"Dual","value":"50 MP, f/1.8, (wide), PDAF"},{"label":"Features","value":"LED flash, HDR, panorama"},{"label":"Video","value":"1080p@30fps"}]},{"category":"Selfie camera","specs":[{"label":"Single","value":"8 MP, f/2.1, (wide)"},{"label":"Video","value":"1080p@30fps"}]},{"category":"Sound","specs":[{"label":"Loudspeaker","value":"Yes, with stereo speakers"},{"label":"3.5mm jack","value":"Yes"}]},{"category":"Comms","specs":[{"label":"WLAN","value":"Wi-Fi 802.11 a/b/g/n/ac, dual-band"},{"label":"Bluetooth","value":"5.1, A2DP, LE"},{"label":"Positioning","value":"GPS, GALILEO, GLONASS, BDS, QZSS"},{"label":"NFC","value":"Yes"},{"label":"USB","value":"USB Type-C 2.0, OTG"},{"label":"Radio","value":"No"}]},{"category":"Features","specs":[{"label":"Sensors","value":"Fingerprint (side-mounted), accelerometer, gyro, proximity, compass"}]},{"category":"Battery","specs":[{"label":"Type","value":"6000 mAh"},{"label":"Charging","value":"44W wired"}]},{"category":"Misc","specs":[{"label":"Colors","value":"Ocean Blue, Dark Green"}]}]');
INSERT OR IGNORE INTO device_pictures (device_id, url, position) VALUES (859, 'https://fdn2.gsmarena.com/vv/bigpic/vivo-u38.jpg', 0);
INSERT OR IGNORE INTO device_pictures (device_id, url, position) VALUES (859, 'https://fdn2.gsmarena.com/vv/pics/vivo/vivo-y38-1.jpg', 1);
INSERT OR IGNORE INTO device_pictures (device_id, url, position) VALUES (859, 'https://fdn2.gsmarena.com/vv/pics/vivo/vivo-y38-2.jpg', 2);
INSERT OR IGNORE INTO devices (id, brand_id, name, gsmarena_url, thumbnail_url, summary) VALUES (860, 5, 'V30 SE', 'https://www.gsmarena.com/vivo_v30_se-12970.php', 'https://fdn2.gsmarena.com/vv/bigpic/vivo-v40-se.jpg', 'V30 SE');
INSERT OR IGNORE INTO device_specs (device_id, announced, status, network, os, chipset, cpu, gpu, display_size, display_type, display_res, ram, storage, main_camera, selfie_camera, battery, charging, nfc, usb, bluetooth, wlan, colors, weight, dimensions, sim, sensors, popularity, fans, rating, full_specs_json) VALUES (860, '2024, May 01', 'Available. Released 2024, May 01', 'GSM / HSPA / LTE / 5G / 5G', 'Android 14, Funtouch 14', 'Qualcomm SM4450 Snapdragon 4 Gen 2 (4 nm)', 'Octa-core (2x2.2 GHz Cortex-A78 & 6x1.95 GHz Cortex-A55)', 'Adreno 613', '6.67 inches, 107.4 cm 2 (~86.8% screen-to-body ratio)', 'AMOLED, 120Hz, 1200 nits (HBM), 1800 nits (peak)', '1080 x 2400 pixels, 20:9 ratio (~395 ppi density)', '8GB', '256GB', '50 MP, f/1.8, 26mm (wide), PDAF, LED flash, panorama, HDR', '16 MP, f/2.0, (wide), 1080p@30fps', 'Li-Ion 5000 mAh', '44W wired, 50% in 25 min', 'No', 'USB Type-C 2.0, OTG', '5.0, A2DP, LE', 'Wi-Fi 802.11 a/b/g/n/ac, dual-band', 'Crystal Black, Leather Purple', '185.5 g or 191 g (6.56 oz)', '163.2 x 75.8 x 7.8 mm (6.43 x 2.98 x 0.31 in)', 'Nano-SIM + Nano-SIM', 'Fingerprint (under display, optical), accelerometer, gyro, proximity, compass', 'About 250 EUR', NULL, NULL, '[{"category":"Network","specs":[{"label":"Technology","value":"GSM / HSPA / LTE / 5G"},{"label":"2G bands","value":"GSM 850 / 900 / 1800 / 1900"},{"label":"3G bands","value":"HSDPA 850 / 900 / 1700(AWS) / 1900 / 2100"},{"label":"4G bands","value":"1, 2, 3, 4, 5, 7, 8, 12, 13, 17, 18, 19, 20, 26, 28, 32, 38, 40, 41, 66"},{"label":"5G bands","value":"1, 2, 3, 5, 7, 8, 20, 26, 28, 38, 40, 41, 66, 75, 77, 78 SA/NSA"},{"label":"Speed","value":"HSPA, LTE, 5G"}]},{"category":"Launch","specs":[{"label":"Announced","value":"2024, May 01"},{"label":"Status","value":"Available. Released 2024, May 01"}]},{"category":"Body","specs":[{"label":"Dimensions","value":"163.2 x 75.8 x 7.8 mm (6.43 x 2.98 x 0.31 in)"},{"label":"Weight","value":"185.5 g or 191 g (6.56 oz)"},{"label":"Build","value":"Glass front, plastic or silicone polymer (eco leather) back"},{"label":"SIM","value":"Nano-SIM + Nano-SIM"}]},{"category":"Display","specs":[{"label":"Type","value":"AMOLED, 120Hz, 1200 nits (HBM), 1800 nits (peak)"},{"label":"Size","value":"6.67 inches, 107.4 cm 2 (~86.8% screen-to-body ratio)"},{"label":"Resolution","value":"1080 x 2400 pixels, 20:9 ratio (~395 ppi density)"}]},{"category":"Platform","specs":[{"label":"OS","value":"Android 14, Funtouch 14"},{"label":"Chipset","value":"Qualcomm SM4450 Snapdragon 4 Gen 2 (4 nm)"},{"label":"CPU","value":"Octa-core (2x2.2 GHz Cortex-A78 & 6x1.95 GHz Cortex-A55)"},{"label":"GPU","value":"Adreno 613"}]},{"category":"Memory","specs":[{"label":"Card slot","value":"microSDXC (uses shared SIM slot)"},{"label":"Internal","value":"256GB 8GB RAM"}]},{"category":"Main Camera","specs":[{"label":"Triple","value":"50 MP, f/1.8, 26mm (wide), PDAF"},{"label":"Features","value":"LED flash, panorama, HDR"},{"label":"Video","value":"1080p@30fps"}]},{"category":"Selfie camera","specs":[{"label":"Single","value":"16 MP, f/2.0, (wide)"},{"label":"Video","value":"1080p@30fps"}]},{"category":"Sound","specs":[{"label":"Loudspeaker","value":"Yes, with stereo speakers"},{"label":"3.5mm jack","value":"No"}]},{"category":"Comms","specs":[{"label":"WLAN","value":"Wi-Fi 802.11 a/b/g/n/ac, dual-band"},{"label":"Bluetooth","value":"5.0, A2DP, LE"},{"label":"Positioning","value":"GPS, GLONASS, GALILEO, BDS, QZSS"},{"label":"NFC","value":"No"},{"label":"USB","value":"USB Type-C 2.0, OTG"},{"label":"Radio","value":"No"}]},{"category":"Features","specs":[{"label":"Sensors","value":"Fingerprint (under display, optical), accelerometer, gyro, proximity, compass"}]},{"category":"Battery","specs":[{"label":"Type","value":"Li-Ion 5000 mAh"},{"label":"Charging","value":"44W wired, 50% in 25 min"}]},{"category":"Misc","specs":[{"label":"Colors","value":"Crystal Black, Leather Purple"},{"label":"Price","value":"About 250 EUR"}]}]');
INSERT OR IGNORE INTO device_pictures (device_id, url, position) VALUES (860, 'https://fdn2.gsmarena.com/vv/bigpic/vivo-v40-se.jpg', 0);
INSERT OR IGNORE INTO device_pictures (device_id, url, position) VALUES (860, 'https://fdn2.gsmarena.com/vv/pics/vivo/vivo-y100-5g-indonesia-1.jpg', 1);
INSERT OR IGNORE INTO device_pictures (device_id, url, position) VALUES (860, 'https://fdn2.gsmarena.com/vv/pics/vivo/vivo-y100-5g-indonesia-2.jpg', 2);
INSERT OR IGNORE INTO device_pictures (device_id, url, position) VALUES (860, 'https://fdn2.gsmarena.com/vv/pics/vivo/vivo-v40-se-1.jpg', 3);
INSERT OR IGNORE INTO devices (id, brand_id, name, gsmarena_url, thumbnail_url, summary) VALUES (861, 5, 'iQOO Z9 Turbo', 'https://www.gsmarena.com/vivo_iqoo_z9_turbo-12872.php', 'https://fdn2.gsmarena.com/vv/bigpic/vivo-iqoo-z9-turbo.jpg', 'iQOO Z9 Turbo');
INSERT OR IGNORE INTO device_specs (device_id, announced, status, network, os, chipset, cpu, gpu, display_size, display_type, display_res, ram, storage, main_camera, selfie_camera, battery, charging, nfc, usb, bluetooth, wlan, colors, weight, dimensions, sim, sensors, popularity, fans, rating, full_specs_json) VALUES (861, '2024, April 24', 'Available. Released 2024, April 29', 'GSM / CDMA / HSPA / LTE / 5G / 5G', 'Android 14, OriginOS 4', 'Qualcomm SM8635 Snapdragon 8s Gen 3 (4 nm)', 'Octa-core (1x3.0 GHz Cortex-X4 & 4x2.8 GHz Cortex-A720 & 3x2.0 GHz Cortex-A520)', 'Adreno 735', '6.78 inches, 111.0 cm 2 (~89.2% screen-to-body ratio)', 'AMOLED, 1B colors, 144Hz, HDR, 4500 nits (peak)', '1260 x 2800 pixels, 20:9 ratio (~453 ppi density)', '12GB', '256GB', '50 MP, f/1.8, (wide), 1/1.95", 0.8µm, PDAF, OIS, LED flash, panorama, HDR', '16 MP, f/2.5, (wide), 1/3.0", 1.0µm, 1080p@30fps', '6000 mAh', '80W wired', 'Yes', 'USB Type-C 2.0, OTG', '5.4, A2DP, LE, aptX HD, aptX Adaptive, aptX Lossless', 'Wi-Fi 802.11 a/b/g/n/ac/6, dual-band', 'Black, Mint, White', '194.9 g (6.88 oz)', '163.7 x 76 x 8 mm (6.44 x 2.99 x 0.31 in)', 'Nano-SIM + Nano-SIM', 'Fingerprint (under display, optical), accelerometer, gyro, proximity, compass', 'About 260 EUR', NULL, NULL, '[{"category":"Network","specs":[{"label":"Technology","value":"GSM / CDMA / HSPA / LTE / 5G"},{"label":"2G bands","value":"GSM 850 / 900 / 1800 / 1900"},{"label":"3G bands","value":"HSDPA 850 / 900 / 2100"},{"label":"4G bands","value":"1, 3, 5, 8, 28, 34, 38, 39, 40, 41"},{"label":"5G bands","value":"1, 5, 8, 28, 41, 77, 78 SA/NSA"},{"label":"Speed","value":"HSPA, LTE, 5G"}]},{"category":"Launch","specs":[{"label":"Announced","value":"2024, April 24"},{"label":"Status","value":"Available. Released 2024, April 29"}]},{"category":"Body","specs":[{"label":"Dimensions","value":"163.7 x 76 x 8 mm (6.44 x 2.99 x 0.31 in)"},{"label":"Weight","value":"194.9 g (6.88 oz)"},{"label":"SIM","value":"Nano-SIM + Nano-SIM"}]},{"category":"Display","specs":[{"label":"Type","value":"AMOLED, 1B colors, 144Hz, HDR, 4500 nits (peak)"},{"label":"Size","value":"6.78 inches, 111.0 cm 2 (~89.2% screen-to-body ratio)"},{"label":"Resolution","value":"1260 x 2800 pixels, 20:9 ratio (~453 ppi density)"}]},{"category":"Platform","specs":[{"label":"OS","value":"Android 14, OriginOS 4"},{"label":"Chipset","value":"Qualcomm SM8635 Snapdragon 8s Gen 3 (4 nm)"},{"label":"CPU","value":"Octa-core (1x3.0 GHz Cortex-X4 & 4x2.8 GHz Cortex-A720 & 3x2.0 GHz Cortex-A520)"},{"label":"GPU","value":"Adreno 735"}]},{"category":"Memory","specs":[{"label":"Card slot","value":"Unspecified"},{"label":"Internal","value":"256GB 12GB RAM, 256GB 16GB RAM, 512GB 12GB RAM, 512GB 16GB RAM"}]},{"category":"Main Camera","specs":[{"label":"Dual","value":"50 MP, f/1.8, (wide), 1/1.95\\", 0.8µm, PDAF, OIS"},{"label":"Features","value":"LED flash, panorama, HDR"},{"label":"Video","value":"4K@30/60fps, 1080p, gyro-EIS, OIS"}]},{"category":"Selfie camera","specs":[{"label":"Single","value":"16 MP, f/2.5, (wide), 1/3.0\\", 1.0µm"},{"label":"Video","value":"1080p@30fps"}]},{"category":"Sound","specs":[{"label":"Loudspeaker","value":"Yes, with stereo speakers"},{"label":"3.5mm jack","value":"No"}]},{"category":"Comms","specs":[{"label":"WLAN","value":"Wi-Fi 802.11 a/b/g/n/ac/6, dual-band"},{"label":"Bluetooth","value":"5.4, A2DP, LE, aptX HD, aptX Adaptive, aptX Lossless"},{"label":"Positioning","value":"GPS, GALILEO, GLONASS, QZSS, BDS (B1I+B1c)"},{"label":"NFC","value":"Yes"},{"label":"USB","value":"USB Type-C 2.0, OTG"},{"label":"Radio","value":"No"},{"label":"Infrared port","value":"Yes"}]},{"category":"Features","specs":[{"label":"Sensors","value":"Fingerprint (under display, optical), accelerometer, gyro, proximity, compass"}]},{"category":"Battery","specs":[{"label":"Type","value":"6000 mAh"},{"label":"Charging","value":"80W wired"}]},{"category":"Misc","specs":[{"label":"Colors","value":"Black, Mint, White"},{"label":"Models","value":"V2352A"},{"label":"Price","value":"About 260 EUR"}]}]');
INSERT OR IGNORE INTO device_pictures (device_id, url, position) VALUES (861, 'https://fdn2.gsmarena.com/vv/bigpic/vivo-iqoo-z9-turbo.jpg', 0);
INSERT OR IGNORE INTO device_pictures (device_id, url, position) VALUES (861, 'https://fdn2.gsmarena.com/vv/pics/vivo/vivo-iqoo-z9-turbo-1.jpg', 1);
INSERT OR IGNORE INTO device_pictures (device_id, url, position) VALUES (861, 'https://fdn2.gsmarena.com/vv/pics/vivo/vivo-iqoo-z9-turbo-2.jpg', 2);
INSERT OR IGNORE INTO devices (id, brand_id, name, gsmarena_url, thumbnail_url, summary) VALUES (862, 5, 'iQOO Z9x', 'https://www.gsmarena.com/vivo_iqoo_z9x-12958.php', 'https://fdn2.gsmarena.com/vv/bigpic/vivo-iqoo-z9x.jpg', 'iQOO Z9x');
INSERT OR IGNORE INTO device_specs (device_id, announced, status, network, os, chipset, cpu, gpu, display_size, display_type, display_res, ram, storage, main_camera, selfie_camera, battery, charging, nfc, usb, bluetooth, wlan, colors, weight, dimensions, sim, sensors, popularity, fans, rating, full_specs_json) VALUES (862, '2024, April 24', 'Available. Released 2024, April 29', 'GSM / CDMA / HSPA / LTE / 5G / 5G', 'Android 14, Funtouch OS 14 (International), OriginOS (China)', 'Qualcomm SM6450 Snapdragon 6 Gen 1 (4 nm)', 'Octa-core (4x2.2 GHz Cortex-A78 & 4x1.8 GHz Cortex-A55)', 'Adreno 710', '6.72 inches, 108.8 cm 2 (~86.4% screen-to-body ratio)', 'IPS LCD, 120Hz, 1000 nits (peak)', '1080 x 2408 pixels, 20:9 ratio (~393 ppi density)', '4GB', '128GB', '50 MP, f/1.8, (wide), 1/1.95", 0.8µm, PDAF, LED flash, panorama, HDR', '8 MP, f/2.1, (wide), 1080p@30fps', '6000 mAh', '44W wired', 'Yes (market/region dependent)', 'USB Type-C 2.0, OTG', '5.1, A2DP, LE, aptX HD, aptX Adaptive', 'Wi-Fi 802.11 a/b/g/n/ac, dual-band', 'Tornado Green (Northern Green), Storm Grey (Mystic Black), White', '199 g (7.05 oz)', '165.7 x 76 x 8 mm (6.52 x 2.99 x 0.31 in)', 'Nano-SIM + Nano-SIM', 'Fingerprint (side-mounted), accelerometer, gyro, proximity, compass', 'About 160 EUR', NULL, NULL, '[{"category":"Network","specs":[{"label":"Technology","value":"GSM / CDMA / HSPA / LTE / 5G"},{"label":"2G bands","value":"GSM 850 / 900 / 1800 / 1900"},{"label":"3G bands","value":"HSDPA 850 / 900 / 2100"},{"label":"4G bands","value":"1, 3, 5, 7, 8, 20, 28, 38, 40, 41 - Global"},{"label":"5G bands","value":"1, 3, 8, 28, 38, 40, 41, 77, 78 SA/NSA - Global"},{"label":"Speed","value":"HSPA, LTE, 5G"}]},{"category":"Launch","specs":[{"label":"Announced","value":"2024, April 24"},{"label":"Status","value":"Available. Released 2024, April 29"}]},{"category":"Body","specs":[{"label":"Dimensions","value":"165.7 x 76 x 8 mm (6.52 x 2.99 x 0.31 in)"},{"label":"Weight","value":"199 g (7.05 oz)"},{"label":"Build","value":"Glass front, plastic back, plastic frame"},{"label":"SIM","value":"Nano-SIM + Nano-SIM"}]},{"category":"Display","specs":[{"label":"Type","value":"IPS LCD, 120Hz, 1000 nits (peak)"},{"label":"Size","value":"6.72 inches, 108.8 cm 2 (~86.4% screen-to-body ratio)"},{"label":"Resolution","value":"1080 x 2408 pixels, 20:9 ratio (~393 ppi density)"}]},{"category":"Platform","specs":[{"label":"OS","value":"Android 14, Funtouch OS 14 (International), OriginOS (China)"},{"label":"Chipset","value":"Qualcomm SM6450 Snapdragon 6 Gen 1 (4 nm)"},{"label":"CPU","value":"Octa-core (4x2.2 GHz Cortex-A78 & 4x1.8 GHz Cortex-A55)"},{"label":"GPU","value":"Adreno 710"}]},{"category":"Memory","specs":[{"label":"Card slot","value":"microSDXC (uses shared SIM slot)"},{"label":"Internal","value":"128GB 4GB RAM, 128GB 6GB RAM, 128GB 8GB RAM, 256GB 8GB RAM, 256GB 12GB RAM"}]},{"category":"Main Camera","specs":[{"label":"Dual","value":"50 MP, f/1.8, (wide), 1/1.95\\", 0.8µm, PDAF"},{"label":"Features","value":"LED flash, panorama, HDR"},{"label":"Video","value":"4K, 1080p, gyro-EIS"}]},{"category":"Selfie camera","specs":[{"label":"Single","value":"8 MP, f/2.1, (wide)"},{"label":"Video","value":"1080p@30fps"}]},{"category":"Sound","specs":[{"label":"Loudspeaker","value":"Yes, with stereo speakers"},{"label":"3.5mm jack","value":"Yes"}]},{"category":"Comms","specs":[{"label":"WLAN","value":"Wi-Fi 802.11 a/b/g/n/ac, dual-band"},{"label":"Bluetooth","value":"5.1, A2DP, LE, aptX HD, aptX Adaptive"},{"label":"Positioning","value":"GPS, GALILEO, GLONASS, QZSS, BDS (B1I+B1c)"},{"label":"NFC","value":"Yes (market/region dependent)"},{"label":"USB","value":"USB Type-C 2.0, OTG"},{"label":"Radio","value":"Unspecified"}]},{"category":"Features","specs":[{"label":"Sensors","value":"Fingerprint (side-mounted), accelerometer, gyro, proximity, compass"}]},{"category":"Battery","specs":[{"label":"Type","value":"6000 mAh"},{"label":"Charging","value":"44W wired"}]},{"category":"Misc","specs":[{"label":"Colors","value":"Tornado Green (Northern Green), Storm Grey (Mystic Black), White"},{"label":"Models","value":"V2353A, I2219"},{"label":"Price","value":"About 160 EUR"}]}]');
INSERT OR IGNORE INTO device_pictures (device_id, url, position) VALUES (862, 'https://fdn2.gsmarena.com/vv/bigpic/vivo-iqoo-z9x.jpg', 0);
INSERT OR IGNORE INTO device_pictures (device_id, url, position) VALUES (862, 'https://fdn2.gsmarena.com/vv/pics/vivo/vivo-iqoo-z9x-1.jpg', 1);
INSERT OR IGNORE INTO device_pictures (device_id, url, position) VALUES (862, 'https://fdn2.gsmarena.com/vv/pics/vivo/vivo-iqoo-z9x-2.jpg', 2);
INSERT OR IGNORE INTO devices (id, brand_id, name, gsmarena_url, thumbnail_url, summary) VALUES (863, 5, 'iQOO Z9 (China)', 'https://www.gsmarena.com/vivo_iqoo_z9_(china)-12959.php', 'https://fdn2.gsmarena.com/vv/bigpic/vivo-iqoo-z9-cn.jpg', 'iQOO Z9 (China)');
INSERT OR IGNORE INTO device_specs (device_id, announced, status, network, os, chipset, cpu, gpu, display_size, display_type, display_res, ram, storage, main_camera, selfie_camera, battery, charging, nfc, usb, bluetooth, wlan, colors, weight, dimensions, sim, sensors, popularity, fans, rating, full_specs_json) VALUES (863, '2024, April 24', 'Available. Released 2024, April 29', 'GSM / CDMA / HSPA / LTE / 5G / 5G', 'Android 14, OriginOS 4', 'Qualcomm SM7550-AB Snapdragon 7 Gen 3 (4 nm)', 'Octa-core (1x2.63 GHz Cortex-A715 & 4x2.4 GHz Cortex-A715 & 3x1.8 GHz Cortex-A510)', 'Adreno 720', '6.78 inches, 111.0 cm 2 (~89.3% screen-to-body ratio)', 'AMOLED, 1B colors, 144Hz, HDR, 4500 nits (peak)', '1260 x 2800 pixels, 20:9 ratio (~453 ppi density)', '8GB', '128GB', '50 MP, f/1.8, (wide), 1/1.95", 0.8µm, PDAF, LED flash, panorama, HDR', '16 MP, f/2.5, (wide), 1/3.0", 1.0µm, 1080p@30fps', '6000 mAh', '80W wired', 'Yes', 'USB Type-C 2.0, OTG', '5.4, A2DP, LE, aptX HD, aptX Adaptive, aptX Lossless', 'Wi-Fi 802.11 a/b/g/n/ac/6, dual-band', 'Black, White, Green', '194.6 g (6.88 oz)', '163.7 x 75.9 x 8 mm (6.44 x 2.99 x 0.31 in)', 'Nano-SIM + Nano-SIM', 'Fingerprint (under display, optical), accelerometer, gyro, proximity, compass', 'About 190 EUR', NULL, NULL, '[{"category":"Network","specs":[{"label":"Technology","value":"GSM / CDMA / HSPA / LTE / 5G"},{"label":"2G bands","value":"GSM 850 / 900 / 1800 / 1900"},{"label":"3G bands","value":"HSDPA 850 / 900 / 2100"},{"label":"4G bands","value":"1, 3, 5, 8, 28, 34, 38, 39, 40, 41"},{"label":"5G bands","value":"1, 5, 8, 28, 38, 41, 77, 78 SA/NSA"},{"label":"Speed","value":"HSPA, LTE, 5G"}]},{"category":"Launch","specs":[{"label":"Announced","value":"2024, April 24"},{"label":"Status","value":"Available. Released 2024, April 29"}]},{"category":"Body","specs":[{"label":"Dimensions","value":"163.7 x 75.9 x 8 mm (6.44 x 2.99 x 0.31 in)"},{"label":"Weight","value":"194.6 g (6.88 oz)"},{"label":"SIM","value":"Nano-SIM + Nano-SIM"}]},{"category":"Display","specs":[{"label":"Type","value":"AMOLED, 1B colors, 144Hz, HDR, 4500 nits (peak)"},{"label":"Size","value":"6.78 inches, 111.0 cm 2 (~89.3% screen-to-body ratio)"},{"label":"Resolution","value":"1260 x 2800 pixels, 20:9 ratio (~453 ppi density)"}]},{"category":"Platform","specs":[{"label":"OS","value":"Android 14, OriginOS 4"},{"label":"Chipset","value":"Qualcomm SM7550-AB Snapdragon 7 Gen 3 (4 nm)"},{"label":"CPU","value":"Octa-core (1x2.63 GHz Cortex-A715 & 4x2.4 GHz Cortex-A715 & 3x1.8 GHz Cortex-A510)"},{"label":"GPU","value":"Adreno 720"}]},{"category":"Memory","specs":[{"label":"Card slot","value":"No"},{"label":"Internal","value":"128GB 8GB RAM, 256GB 8GB RAM, 256GB 12GB RAM, 512GB 12GB RAM"}]},{"category":"Main Camera","specs":[{"label":"Dual","value":"50 MP, f/1.8, (wide), 1/1.95\\", 0.8µm, PDAF"},{"label":"Features","value":"LED flash, panorama, HDR"},{"label":"Video","value":"4K@30fps, 1080p, gyro-EIS"}]},{"category":"Selfie camera","specs":[{"label":"Single","value":"16 MP, f/2.5, (wide), 1/3.0\\", 1.0µm"},{"label":"Video","value":"1080p@30fps"}]},{"category":"Sound","specs":[{"label":"Loudspeaker","value":"Yes, with stereo speakers"},{"label":"3.5mm jack","value":"No"}]},{"category":"Comms","specs":[{"label":"WLAN","value":"Wi-Fi 802.11 a/b/g/n/ac/6, dual-band"},{"label":"Bluetooth","value":"5.4, A2DP, LE, aptX HD, aptX Adaptive, aptX Lossless"},{"label":"Positioning","value":"GPS, GALILEO, GLONASS, QZSS, BDS (B1I+B1c)"},{"label":"NFC","value":"Yes"},{"label":"USB","value":"USB Type-C 2.0, OTG"},{"label":"Radio","value":"No"},{"label":"Infrared port","value":"Yes"}]},{"category":"Features","specs":[{"label":"Sensors","value":"Fingerprint (under display, optical), accelerometer, gyro, proximity, compass"}]},{"category":"Battery","specs":[{"label":"Type","value":"6000 mAh"},{"label":"Charging","value":"80W wired"}]},{"category":"Misc","specs":[{"label":"Colors","value":"Black, White, Green"},{"label":"Models","value":"V2361A"},{"label":"Price","value":"About 190 EUR"}]}]');
INSERT OR IGNORE INTO device_pictures (device_id, url, position) VALUES (863, 'https://fdn2.gsmarena.com/vv/bigpic/vivo-iqoo-z9-cn.jpg', 0);
INSERT OR IGNORE INTO device_pictures (device_id, url, position) VALUES (863, 'https://fdn2.gsmarena.com/vv/pics/vivo/vivo-iqoo-z9-cn-1.jpg', 1);
INSERT OR IGNORE INTO device_pictures (device_id, url, position) VALUES (863, 'https://fdn2.gsmarena.com/vv/pics/vivo/vivo-iqoo-z9-cn-2.jpg', 2);
INSERT OR IGNORE INTO devices (id, brand_id, name, gsmarena_url, thumbnail_url, summary) VALUES (864, 5, 'iQOO Watch', 'https://www.gsmarena.com/vivo_iqoo_watch-12960.php', 'https://fdn2.gsmarena.com/vv/bigpic/vivo-iqoo-watch.jpg', 'iQOO Watch');
INSERT OR IGNORE INTO device_specs (device_id, announced, status, network, os, chipset, cpu, gpu, display_size, display_type, display_res, ram, storage, main_camera, selfie_camera, battery, charging, nfc, usb, bluetooth, wlan, colors, weight, dimensions, sim, sensors, popularity, fans, rating, full_specs_json) VALUES (864, '2024, April 24', 'Available. Released 2024, April 24', 'HSPA / LTE / 4G/LTE', 'Blue OS', NULL, NULL, NULL, '1.43 inches', 'AMOLED', '466 x 466 pixels (~326 ppi density)', NULL, '4GB', NULL, NULL, '505 mAh', NULL, 'Yes', 'No', '5.2, A2DP, LE', 'No', 'Black', '36 g (1.27 oz)', '46.1 x 46.1 x 11.3 mm (1.81 x 1.81 x 0.44 in)', 'eSIM', 'Accelerometer, gyro, heart rate, barometer, compass, SpO2', 'About 160 EUR', NULL, NULL, '[{"category":"Network","specs":[{"label":"Technology","value":"HSPA / LTE"},{"label":"2G bands","value":"N/A"},{"label":"3G bands","value":"HSDPA 850 / 900 / 2100"},{"label":"4G bands","value":"LTE"},{"label":"Speed","value":"HSPA, LTE"}]},{"category":"Launch","specs":[{"label":"Announced","value":"2024, April 24"},{"label":"Status","value":"Available. Released 2024, April 24"}]},{"category":"Body","specs":[{"label":"Dimensions","value":"46.1 x 46.1 x 11.3 mm (1.81 x 1.81 x 0.44 in)"},{"label":"Weight","value":"36 g (1.27 oz)"},{"label":"SIM","value":"eSIM"}]},{"category":"Display","specs":[{"label":"Type","value":"AMOLED"},{"label":"Size","value":"1.43 inches"},{"label":"Resolution","value":"466 x 466 pixels (~326 ppi density)"}]},{"category":"Platform","specs":[{"label":"OS","value":"Blue OS"}]},{"category":"Memory","specs":[{"label":"Card slot","value":"No"},{"label":"Internal","value":"4GB 64MB RAM"}]},{"category":"Sound","specs":[{"label":"Loudspeaker","value":"Yes"},{"label":"3.5mm jack","value":"No"}]},{"category":"Comms","specs":[{"label":"WLAN","value":"No"},{"label":"Bluetooth","value":"5.2, A2DP, LE"},{"label":"Positioning","value":"GPS, GLONASS, GALILEO, BDS, QZSS"},{"label":"NFC","value":"Yes"},{"label":"USB","value":"No"},{"label":"Radio","value":"No"}]},{"category":"Features","specs":[{"label":"Sensors","value":"Accelerometer, gyro, heart rate, barometer, compass, SpO2"}]},{"category":"Battery","specs":[{"label":"Type","value":"505 mAh"}]},{"category":"Misc","specs":[{"label":"Colors","value":"Black"},{"label":"Price","value":"About 160 EUR"}]}]');
INSERT OR IGNORE INTO device_pictures (device_id, url, position) VALUES (864, 'https://fdn2.gsmarena.com/vv/bigpic/vivo-iqoo-watch.jpg', 0);
INSERT OR IGNORE INTO device_pictures (device_id, url, position) VALUES (864, 'https://fdn2.gsmarena.com/vv/pics/vivo/vivo-iqoo-watch-1.jpg', 1);
INSERT OR IGNORE INTO device_pictures (device_id, url, position) VALUES (864, 'https://fdn2.gsmarena.com/vv/pics/vivo/vivo-iqoo-watch-2.jpg', 2);
INSERT OR IGNORE INTO device_pictures (device_id, url, position) VALUES (864, 'https://fdn2.gsmarena.com/vv/pics/vivo/vivo-iqoo-watch-3.jpg', 3);
INSERT OR IGNORE INTO devices (id, brand_id, name, gsmarena_url, thumbnail_url, summary) VALUES (865, 5, 'Y200i', 'https://www.gsmarena.com/vivo_y200i-12946.php', 'https://fdn2.gsmarena.com/vv/bigpic/vivo-y200i.jpg', 'Y200i');
INSERT OR IGNORE INTO device_specs (device_id, announced, status, network, os, chipset, cpu, gpu, display_size, display_type, display_res, ram, storage, main_camera, selfie_camera, battery, charging, nfc, usb, bluetooth, wlan, colors, weight, dimensions, sim, sensors, popularity, fans, rating, full_specs_json) VALUES (865, '2024, April 21', 'Available. Released 2024, April 27', 'GSM / CDMA / HSPA / LTE / 5G / 5G', 'Android 14, OriginOS 4', 'Qualcomm SM4450 Snapdragon 4 Gen 2 (4 nm)', 'Octa-core (2x2.2 GHz Cortex-A78 & 6x1.95 GHz Cortex-A55)', 'Adreno 613', '6.72 inches, 108.8 cm 2 (~86.4% screen-to-body ratio)', 'IPS LCD, 120Hz, 1000 nits (peak)', '1080 x 2408 pixels, 20:9 ratio (~393 ppi density)', '8GB', '256GB', '50 MP, f/1.8, (wide), PDAF, LED flash, HDR, panorama', '8 MP, f/2.1, (wide), 1080p@30fps', '6000 mAh', '44W wired, 50% in 36 min', 'No', 'USB Type-C 2.0, OTG', '4.2, A2DP, aptX Adaptive', 'Wi-Fi 802.11 a/b/g/n/ac, dual-band', 'Black, Blue, White', '199 g (7.02 oz)', '165.7 x 76 x 8 mm (6.52 x 2.99 x 0.31 in)', 'Nano-SIM + Nano-SIM', 'Fingerprint (side-mounted), accelerometer, proximity, compass', 'About 180 EUR', NULL, NULL, '[{"category":"Network","specs":[{"label":"Technology","value":"GSM / CDMA / HSPA / LTE / 5G"},{"label":"2G bands","value":"GSM 850 / 900 / 1800 / 1900"},{"label":"3G bands","value":"HSDPA 850 / 900 / 2100"},{"label":"4G bands","value":"1, 3, 5, 8, 28, 34, 38, 39, 40, 41"},{"label":"5G bands","value":"1, 3, 5, 8, 28, 41, 77, 78 SA/NSA"},{"label":"Speed","value":"HSPA, LTE, 5G"}]},{"category":"Launch","specs":[{"label":"Announced","value":"2024, April 21"},{"label":"Status","value":"Available. Released 2024, April 27"}]},{"category":"Body","specs":[{"label":"Dimensions","value":"165.7 x 76 x 8 mm (6.52 x 2.99 x 0.31 in)"},{"label":"Weight","value":"199 g (7.02 oz)"},{"label":"Build","value":"Glass front, plastic frame, plastic back"},{"label":"SIM","value":"Nano-SIM + Nano-SIM"}]},{"category":"Display","specs":[{"label":"Type","value":"IPS LCD, 120Hz, 1000 nits (peak)"},{"label":"Size","value":"6.72 inches, 108.8 cm 2 (~86.4% screen-to-body ratio)"},{"label":"Resolution","value":"1080 x 2408 pixels, 20:9 ratio (~393 ppi density)"}]},{"category":"Platform","specs":[{"label":"OS","value":"Android 14, OriginOS 4"},{"label":"Chipset","value":"Qualcomm SM4450 Snapdragon 4 Gen 2 (4 nm)"},{"label":"CPU","value":"Octa-core (2x2.2 GHz Cortex-A78 & 6x1.95 GHz Cortex-A55)"},{"label":"GPU","value":"Adreno 613"}]},{"category":"Memory","specs":[{"label":"Card slot","value":"No"},{"label":"Internal","value":"256GB 8GB RAM, 256GB 12GB RAM, 512GB 12GB RAM"}]},{"category":"Main Camera","specs":[{"label":"Dual","value":"50 MP, f/1.8, (wide), PDAF"},{"label":"Features","value":"LED flash, HDR, panorama"},{"label":"Video","value":"1080p@30fps"}]},{"category":"Selfie camera","specs":[{"label":"Single","value":"8 MP, f/2.1, (wide)"},{"label":"Video","value":"1080p@30fps"}]},{"category":"Sound","specs":[{"label":"Loudspeaker","value":"Yes, with stereo speakers"},{"label":"3.5mm jack","value":"Yes"}]},{"category":"Comms","specs":[{"label":"WLAN","value":"Wi-Fi 802.11 a/b/g/n/ac, dual-band"},{"label":"Bluetooth","value":"4.2, A2DP, aptX Adaptive"},{"label":"Positioning","value":"GPS, GALILEO, GLONASS, BDS, QZSS"},{"label":"NFC","value":"No"},{"label":"USB","value":"USB Type-C 2.0, OTG"},{"label":"Radio","value":"No"}]},{"category":"Features","specs":[{"label":"Sensors","value":"Fingerprint (side-mounted), accelerometer, proximity, compass"}]},{"category":"Battery","specs":[{"label":"Type","value":"6000 mAh"},{"label":"Charging","value":"44W wired, 50% in 36 min"}]},{"category":"Misc","specs":[{"label":"Colors","value":"Black, Blue, White"},{"label":"Models","value":"V2354A"},{"label":"Price","value":"About 180 EUR"}]}]');
INSERT OR IGNORE INTO device_pictures (device_id, url, position) VALUES (865, 'https://fdn2.gsmarena.com/vv/bigpic/vivo-y200i.jpg', 0);
INSERT OR IGNORE INTO device_pictures (device_id, url, position) VALUES (865, 'https://fdn2.gsmarena.com/vv/pics/vivo/vivo-y200i-1.jpg', 1);
INSERT OR IGNORE INTO device_pictures (device_id, url, position) VALUES (865, 'https://fdn2.gsmarena.com/vv/pics/vivo/vivo-y200i-2.jpg', 2);
INSERT OR IGNORE INTO devices (id, brand_id, name, gsmarena_url, thumbnail_url, summary) VALUES (866, 5, 'T3x', 'https://www.gsmarena.com/vivo_t3x-12938.php', 'https://fdn2.gsmarena.com/vv/bigpic/vivo-t3x.jpg', 'T3x');
INSERT OR IGNORE INTO device_specs (device_id, announced, status, network, os, chipset, cpu, gpu, display_size, display_type, display_res, ram, storage, main_camera, selfie_camera, battery, charging, nfc, usb, bluetooth, wlan, colors, weight, dimensions, sim, sensors, popularity, fans, rating, full_specs_json) VALUES (866, '2024, April 17', 'Available. Released 2024, April 24', 'GSM / HSPA / LTE / 5G / 5G', 'Android 14, Funtouch 14', 'Qualcomm SM6450 Snapdragon 6 Gen 1 (4 nm)', 'Octa-core (4x2.2 GHz Cortex-A78 & 4x1.8 GHz Cortex-A55)', 'Adreno 710', '6.72 inches, 108.8 cm 2 (~86.4% screen-to-body ratio)', 'IPS LCD, 120Hz, 1000 nits (peak)', '1080 x 2408 pixels, 20:9 ratio (~393 ppi density)', '4GB', '128GB', '50 MP, f/1.8, (wide), PDAF, LED flash, HDR, panorama', '8 MP, f/2.1, (wide), 1080p@30fps', '6000 mAh', '44W wired', 'No', 'USB Type-C 2.0, OTG', '5.1, A2DP, LE', 'Wi-Fi 802.11 a/b/g/n/ac, dual-band', 'Crimson Bliss, Celestial Green', '199 g (7.02 oz)', '165.7 x 76 x 8 mm (6.52 x 2.99 x 0.31 in)', 'Nano-SIM + Nano-SIM', 'Fingerprint (side-mounted), accelerometer, gyro, proximity, compass', 'About 150 EUR', NULL, NULL, '[{"category":"Network","specs":[{"label":"Technology","value":"GSM / HSPA / LTE / 5G"},{"label":"2G bands","value":"GSM 850 / 900 / 1800 / 1900"},{"label":"3G bands","value":"HSDPA 850 / 900 / 2100"},{"label":"4G bands","value":"1, 3, 5, 8, 28, 38, 40, 41"},{"label":"5G bands","value":"1, 3, 5, 8, 28, 40, 77, 78 SA/NSA"},{"label":"Speed","value":"HSPA, LTE, 5G"}]},{"category":"Launch","specs":[{"label":"Announced","value":"2024, April 17"},{"label":"Status","value":"Available. Released 2024, April 24"}]},{"category":"Body","specs":[{"label":"Dimensions","value":"165.7 x 76 x 8 mm (6.52 x 2.99 x 0.31 in)"},{"label":"Weight","value":"199 g (7.02 oz)"},{"label":"Build","value":"Glass front, plastic frame, plastic back"},{"label":"SIM","value":"Nano-SIM + Nano-SIM"}]},{"category":"Display","specs":[{"label":"Type","value":"IPS LCD, 120Hz, 1000 nits (peak)"},{"label":"Size","value":"6.72 inches, 108.8 cm 2 (~86.4% screen-to-body ratio)"},{"label":"Resolution","value":"1080 x 2408 pixels, 20:9 ratio (~393 ppi density)"}]},{"category":"Platform","specs":[{"label":"OS","value":"Android 14, Funtouch 14"},{"label":"Chipset","value":"Qualcomm SM6450 Snapdragon 6 Gen 1 (4 nm)"},{"label":"CPU","value":"Octa-core (4x2.2 GHz Cortex-A78 & 4x1.8 GHz Cortex-A55)"},{"label":"GPU","value":"Adreno 710"}]},{"category":"Memory","specs":[{"label":"Card slot","value":"microSDXC (uses shared SIM slot)"},{"label":"Internal","value":"128GB 4GB RAM, 128GB 6GB RAM, 128GB 8GB RAM, 256GB 8GB RAM"}]},{"category":"Main Camera","specs":[{"label":"Dual","value":"50 MP, f/1.8, (wide), PDAF"},{"label":"Features","value":"LED flash, HDR, panorama"},{"label":"Video","value":"4K@30fps (8GB RAM version only), 1080p@30fps"}]},{"category":"Selfie camera","specs":[{"label":"Single","value":"8 MP, f/2.1, (wide)"},{"label":"Video","value":"1080p@30fps"}]},{"category":"Sound","specs":[{"label":"Loudspeaker","value":"Yes, with stereo speakers"},{"label":"3.5mm jack","value":"Yes"}]},{"category":"Comms","specs":[{"label":"WLAN","value":"Wi-Fi 802.11 a/b/g/n/ac, dual-band"},{"label":"Bluetooth","value":"5.1, A2DP, LE"},{"label":"Positioning","value":"GPS, GALILEO, GLONASS, BDS, QZSS"},{"label":"NFC","value":"No"},{"label":"USB","value":"USB Type-C 2.0, OTG"},{"label":"Radio","value":"No"}]},{"category":"Features","specs":[{"label":"Sensors","value":"Fingerprint (side-mounted), accelerometer, gyro, proximity, compass"}]},{"category":"Battery","specs":[{"label":"Type","value":"6000 mAh"},{"label":"Charging","value":"44W wired"}]},{"category":"Misc","specs":[{"label":"Colors","value":"Crimson Bliss, Celestial Green"},{"label":"Models","value":"V2338"},{"label":"Price","value":"About 150 EUR"}]}]');
INSERT OR IGNORE INTO device_pictures (device_id, url, position) VALUES (866, 'https://fdn2.gsmarena.com/vv/bigpic/vivo-t3x.jpg', 0);
INSERT OR IGNORE INTO device_pictures (device_id, url, position) VALUES (866, 'https://fdn2.gsmarena.com/vv/pics/vivo/vivo-t3x-1.jpg', 1);
INSERT OR IGNORE INTO device_pictures (device_id, url, position) VALUES (866, 'https://fdn2.gsmarena.com/vv/pics/vivo/vivo-t3x-2.jpg', 2);
INSERT OR IGNORE INTO device_pictures (device_id, url, position) VALUES (866, 'https://fdn2.gsmarena.com/vv/pics/vivo/vivo-t3x-3.jpg', 3);
INSERT OR IGNORE INTO devices (id, brand_id, name, gsmarena_url, thumbnail_url, summary) VALUES (867, 5, 'V30 Lite 4G', 'https://www.gsmarena.com/vivo_v30_lite_4g-12912.php', 'https://fdn2.gsmarena.com/vv/bigpic/vivo-v30-lite-4g.jpg', 'V30 Lite 4G');
INSERT OR IGNORE INTO device_specs (device_id, announced, status, network, os, chipset, cpu, gpu, display_size, display_type, display_res, ram, storage, main_camera, selfie_camera, battery, charging, nfc, usb, bluetooth, wlan, colors, weight, dimensions, sim, sensors, popularity, fans, rating, full_specs_json) VALUES (867, '2024, April 04', 'Available. Released 2024, April 04', 'GSM / HSPA / LTE / 4G/LTE', 'Android 14, Funtouch 14', 'Qualcomm SM6225 Snapdragon 685 (6 nm)', 'Octa-core (4x2.8 GHz Cortex-A73 & 4x1.9 GHz Cortex-A53)', 'Adreno 610', '6.67 inches, 107.4 cm 2 (~86.8% screen-to-body ratio)', 'AMOLED, 1B colors, 120Hz, 1200 nits (peak)', '1080 x 2400 pixels, 20:9 ratio (~395 ppi density)', '8GB', '128GB', '50 MP, f/1.8, (wide), PDAF, LED flash, panorama, HDR', '8 MP, f/2.0, (wide), 1080p@30fps', '5000 mAh', '80W wired, 80% in 30 min', 'No', 'USB Type-C 2.0, OTG', '5.0, A2DP, LE', 'Wi-Fi 802.11 a/b/g/n/ac, dual-band', 'Crystal Green, Crystal Black', '186 g or 188 g (6.56 oz)', '163.2 x 75.8 x 7.8 mm (6.43 x 2.98 x 0.31 in)', 'Nano-SIM + Nano-SIM', 'Fingerprint (under display, optical), accelerometer, gyro, proximity, compass', 'About 280 EUR', NULL, NULL, '[{"category":"Network","specs":[{"label":"Technology","value":"GSM / HSPA / LTE"},{"label":"2G bands","value":"GSM 850 / 900 / 1800 / 1900"},{"label":"3G bands","value":"HSDPA 850 / 900 / 1700(AWS) / 1900 / 2100"},{"label":"4G bands","value":"1, 3, 5, 7, 8, 20, 28"},{"label":"Speed","value":"HSPA, LTE"}]},{"category":"Launch","specs":[{"label":"Announced","value":"2024, April 04"},{"label":"Status","value":"Available. Released 2024, April 04"}]},{"category":"Body","specs":[{"label":"Dimensions","value":"163.2 x 75.8 x 7.8 mm (6.43 x 2.98 x 0.31 in)"},{"label":"Weight","value":"186 g or 188 g (6.56 oz)"},{"label":"SIM","value":"Nano-SIM + Nano-SIM"}]},{"category":"Display","specs":[{"label":"Type","value":"AMOLED, 1B colors, 120Hz, 1200 nits (peak)"},{"label":"Size","value":"6.67 inches, 107.4 cm 2 (~86.8% screen-to-body ratio)"},{"label":"Resolution","value":"1080 x 2400 pixels, 20:9 ratio (~395 ppi density)"},{"label":"Protection","value":"Asahi Glass AGC DT-Star2 Plus"}]},{"category":"Platform","specs":[{"label":"OS","value":"Android 14, Funtouch 14"},{"label":"Chipset","value":"Qualcomm SM6225 Snapdragon 685 (6 nm)"},{"label":"CPU","value":"Octa-core (4x2.8 GHz Cortex-A73 & 4x1.9 GHz Cortex-A53)"},{"label":"GPU","value":"Adreno 610"}]},{"category":"Memory","specs":[{"label":"Card slot","value":"microSDXC (uses shared SIM slot)"},{"label":"Internal","value":"128GB 8GB RAM, 256GB 8GB RAM"}]},{"category":"Main Camera","specs":[{"label":"Dual","value":"50 MP, f/1.8, (wide), PDAF"},{"label":"Features","value":"LED flash, panorama, HDR"},{"label":"Video","value":"1080p@30fps"}]},{"category":"Selfie camera","specs":[{"label":"Single","value":"8 MP, f/2.0, (wide)"},{"label":"Video","value":"1080p@30fps"}]},{"category":"Sound","specs":[{"label":"Loudspeaker","value":"Yes, with stereo speakers"},{"label":"3.5mm jack","value":"No"}]},{"category":"Comms","specs":[{"label":"WLAN","value":"Wi-Fi 802.11 a/b/g/n/ac, dual-band"},{"label":"Bluetooth","value":"5.0, A2DP, LE"},{"label":"Positioning","value":"GPS, GLONASS, GALILEO, BDS, QZSS"},{"label":"NFC","value":"No"},{"label":"USB","value":"USB Type-C 2.0, OTG"},{"label":"Radio","value":"No"}]},{"category":"Features","specs":[{"label":"Sensors","value":"Fingerprint (under display, optical), accelerometer, gyro, proximity, compass"}]},{"category":"Battery","specs":[{"label":"Type","value":"5000 mAh"},{"label":"Charging","value":"80W wired, 80% in 30 min"}]},{"category":"Misc","specs":[{"label":"Colors","value":"Crystal Green, Crystal Black"},{"label":"Price","value":"About 280 EUR"}]}]');
INSERT OR IGNORE INTO device_pictures (device_id, url, position) VALUES (867, 'https://fdn2.gsmarena.com/vv/bigpic/vivo-v30-lite-4g.jpg', 0);
INSERT OR IGNORE INTO device_pictures (device_id, url, position) VALUES (867, 'https://fdn2.gsmarena.com/vv/pics/vivo/vivo-v30-lite-4g-01-.jpg', 1);
INSERT OR IGNORE INTO device_pictures (device_id, url, position) VALUES (867, 'https://fdn2.gsmarena.com/vv/pics/vivo/vivo-v30-lite-4g-02-.jpg', 2);
INSERT OR IGNORE INTO device_pictures (device_id, url, position) VALUES (867, 'https://fdn2.gsmarena.com/vv/pics/vivo/vivo-v30-lite-4g-03-.jpg', 3);
INSERT OR IGNORE INTO devices (id, brand_id, name, gsmarena_url, thumbnail_url, summary) VALUES (868, 5, 'V30 Lite (ME)', 'https://www.gsmarena.com/vivo_v30_lite_(me)-12907.php', 'https://fdn2.gsmarena.com/vv/bigpic/vivo-v30-lite-me.jpg', 'V30 Lite (ME)');
INSERT OR IGNORE INTO device_specs (device_id, announced, status, network, os, chipset, cpu, gpu, display_size, display_type, display_res, ram, storage, main_camera, selfie_camera, battery, charging, nfc, usb, bluetooth, wlan, colors, weight, dimensions, sim, sensors, popularity, fans, rating, full_specs_json) VALUES (868, '2024, February 26', 'Available. Released 2024, February 26', 'GSM / HSPA / LTE / 5G / 5G', 'Android 14, Funtouch 14', 'Qualcomm SM4450 Snapdragon 4 Gen 2 (4 nm)', 'Octa-core (2x2.2 GHz Cortex-A78 & 6x1.95 GHz Cortex-A55)', 'Adreno 613', '6.67 inches, 107.4 cm 2 (~88.3% screen-to-body ratio)', 'AMOLED, 1B colors, 120Hz, 1800 nits (peak)', '1080 x 2400 pixels, 20:9 ratio (~395 ppi density)', '12GB', '256GB', '50 MP, f/1.8, (wide), PDAF, LED flash, panorama, HDR', '8 MP, f/2.0, (wide), 1080p@30fps', '5000 mAh', '80W wired, 80% in 30 min', 'Yes', 'USB Type-C 2.0, OTG', '5.0, A2DP, LE', 'Wi-Fi 802.11 a/b/g/n/ac, dual-band', 'Leather Purple, Leather Orange, Crystal Black', '185.5 g or 191 g (6.56 oz)', '162.4 x 74.9 x 7.8 mm (6.39 x 2.95 x 0.31 in)', 'Nano-SIM + Nano-SIM', 'Fingerprint (under display, optical), accelerometer, gyro, proximity, compass', 'About 280 EUR', NULL, NULL, '[{"category":"Network","specs":[{"label":"Technology","value":"GSM / HSPA / LTE / 5G"},{"label":"2G bands","value":"GSM 850 / 900 / 1800 / 1900"},{"label":"3G bands","value":"HSDPA 850 / 900 / 1700(AWS) / 1900 / 2100"},{"label":"4G bands","value":"1, 2, 3, 4, 5, 7, 8, 18, 19, 20, 26, 28"},{"label":"5G bands","value":"1, 3, 5, 7, 8, 20, 28, 38, 40, 41, 77, 78 SA/NSA"},{"label":"Speed","value":"HSPA, LTE, 5G"}]},{"category":"Launch","specs":[{"label":"Announced","value":"2024, February 26"},{"label":"Status","value":"Available. Released 2024, February 26"}]},{"category":"Body","specs":[{"label":"Dimensions","value":"162.4 x 74.9 x 7.8 mm (6.39 x 2.95 x 0.31 in)"},{"label":"Weight","value":"185.5 g or 191 g (6.56 oz)"},{"label":"Build","value":"Glass front, plastic or silicone polymer (eco leather) back"},{"label":"SIM","value":"Nano-SIM + Nano-SIM"}]},{"category":"Display","specs":[{"label":"Type","value":"AMOLED, 1B colors, 120Hz, 1800 nits (peak)"},{"label":"Size","value":"6.67 inches, 107.4 cm 2 (~88.3% screen-to-body ratio)"},{"label":"Resolution","value":"1080 x 2400 pixels, 20:9 ratio (~395 ppi density)"}]},{"category":"Platform","specs":[{"label":"OS","value":"Android 14, Funtouch 14"},{"label":"Chipset","value":"Qualcomm SM4450 Snapdragon 4 Gen 2 (4 nm)"},{"label":"CPU","value":"Octa-core (2x2.2 GHz Cortex-A78 & 6x1.95 GHz Cortex-A55)"},{"label":"GPU","value":"Adreno 613"}]},{"category":"Memory","specs":[{"label":"Card slot","value":"microSDXC (uses shared SIM slot)"},{"label":"Internal","value":"256GB 12GB RAM"}]},{"category":"Main Camera","specs":[{"label":"Dual","value":"50 MP, f/1.8, (wide), PDAF"},{"label":"Features","value":"LED flash, panorama, HDR"},{"label":"Video","value":"1080p@30fps"}]},{"category":"Selfie camera","specs":[{"label":"Single","value":"8 MP, f/2.0, (wide)"},{"label":"Video","value":"1080p@30fps"}]},{"category":"Sound","specs":[{"label":"Loudspeaker","value":"Yes, with stereo speakers"},{"label":"3.5mm jack","value":"No"}]},{"category":"Comms","specs":[{"label":"WLAN","value":"Wi-Fi 802.11 a/b/g/n/ac, dual-band"},{"label":"Bluetooth","value":"5.0, A2DP, LE"},{"label":"Positioning","value":"GPS, GLONASS, GALILEO, BDS, QZSS"},{"label":"NFC","value":"Yes"},{"label":"USB","value":"USB Type-C 2.0, OTG"},{"label":"Radio","value":"Unspecified"}]},{"category":"Features","specs":[{"label":"Sensors","value":"Fingerprint (under display, optical), accelerometer, gyro, proximity, compass"}]},{"category":"Battery","specs":[{"label":"Type","value":"5000 mAh"},{"label":"Charging","value":"80W wired, 80% in 30 min"}]},{"category":"Misc","specs":[{"label":"Colors","value":"Leather Purple, Leather Orange, Crystal Black"},{"label":"Price","value":"About 280 EUR"}]}]');
INSERT OR IGNORE INTO device_pictures (device_id, url, position) VALUES (868, 'https://fdn2.gsmarena.com/vv/bigpic/vivo-v30-lite-me.jpg', 0);
INSERT OR IGNORE INTO device_pictures (device_id, url, position) VALUES (868, 'https://fdn2.gsmarena.com/vv/pics/vivo/vivo-v30-lite-me-01.jpg', 1);
INSERT OR IGNORE INTO device_pictures (device_id, url, position) VALUES (868, 'https://fdn2.gsmarena.com/vv/pics/vivo/vivo-v30-lite-me-02.jpg', 2);
INSERT OR IGNORE INTO device_pictures (device_id, url, position) VALUES (868, 'https://fdn2.gsmarena.com/vv/pics/vivo/vivo-v30-lite-me-03.jpg', 3);
INSERT OR IGNORE INTO devices (id, brand_id, name, gsmarena_url, thumbnail_url, summary) VALUES (869, 5, 'V40 SE', 'https://www.gsmarena.com/vivo_v40_se-12905.php', 'https://fdn2.gsmarena.com/vv/bigpic/vivo-v40-se.jpg', 'V40 SE');
INSERT OR IGNORE INTO device_specs (device_id, announced, status, network, os, chipset, cpu, gpu, display_size, display_type, display_res, ram, storage, main_camera, selfie_camera, battery, charging, nfc, usb, bluetooth, wlan, colors, weight, dimensions, sim, sensors, popularity, fans, rating, full_specs_json) VALUES (869, '2024, March 28', 'Available. Released 2024, April 18', 'GSM / HSPA / LTE / 5G / 5G', 'Android 14, Funtouch 14', 'Qualcomm SM4450 Snapdragon 4 Gen 2 (4 nm)', 'Octa-core (2x2.2 GHz Cortex-A78 & 6x1.95 GHz Cortex-A55)', 'Adreno 613', '6.67 inches, 107.4 cm 2 (~86.8% screen-to-body ratio)', 'AMOLED, 120Hz, 1200 nits (HBM), 1800 nits (peak)', '1080 x 2400 pixels, 20:9 ratio (~395 ppi density)', '8GB', '256GB', '50 MP, f/1.8, 26mm (wide), PDAF, LED flash, panorama, HDR', '16 MP, f/2.0, (wide), 1080p@30fps', 'Li-Ion 5000 mAh', '44W wired, 50% in 25 min', 'Yes (market/region dependent)', 'USB Type-C 2.0, OTG', '5.0, A2DP, LE', 'Wi-Fi 802.11 a/b/g/n/ac, dual-band', 'Crystal Black, Leather Purple', '185.5 g or 191 g (6.56 oz)', '163.2 x 75.8 x 7.8 mm (6.43 x 2.98 x 0.31 in)', 'Nano-SIM + Nano-SIM', 'Fingerprint (under display, optical), accelerometer, gyro, proximity, compass', 'About 360 EUR', NULL, NULL, '[{"category":"Network","specs":[{"label":"Technology","value":"GSM / HSPA / LTE / 5G"},{"label":"2G bands","value":"GSM 850 / 900 / 1800 / 1900"},{"label":"3G bands","value":"HSDPA 850 / 900 / 1700(AWS) / 1900 / 2100"},{"label":"4G bands","value":"1, 2, 3, 4, 5, 7, 8, 12, 13, 17, 18, 19, 20, 26, 28, 32, 38, 40, 41, 66"},{"label":"5G bands","value":"1, 2, 3, 5, 7, 8, 20, 26, 28, 66, 75, 38, 40, 41, 77, 78 SA/NSA"},{"label":"Speed","value":"HSPA, LTE, 5G"}]},{"category":"Launch","specs":[{"label":"Announced","value":"2024, March 28"},{"label":"Status","value":"Available. Released 2024, April 18"}]},{"category":"Body","specs":[{"label":"Dimensions","value":"163.2 x 75.8 x 7.8 mm (6.43 x 2.98 x 0.31 in)"},{"label":"Weight","value":"185.5 g or 191 g (6.56 oz)"},{"label":"Build","value":"Glass front, plastic or silicone polymer (eco leather) back"},{"label":"SIM","value":"Nano-SIM + Nano-SIM"}]},{"category":"Display","specs":[{"label":"Type","value":"AMOLED, 120Hz, 1200 nits (HBM), 1800 nits (peak)"},{"label":"Size","value":"6.67 inches, 107.4 cm 2 (~86.8% screen-to-body ratio)"},{"label":"Resolution","value":"1080 x 2400 pixels, 20:9 ratio (~395 ppi density)"}]},{"category":"Platform","specs":[{"label":"OS","value":"Android 14, Funtouch 14"},{"label":"Chipset","value":"Qualcomm SM4450 Snapdragon 4 Gen 2 (4 nm)"},{"label":"CPU","value":"Octa-core (2x2.2 GHz Cortex-A78 & 6x1.95 GHz Cortex-A55)"},{"label":"GPU","value":"Adreno 613"}]},{"category":"Memory","specs":[{"label":"Card slot","value":"microSDXC (uses shared SIM slot)"},{"label":"Internal","value":"256GB 8GB RAM"}]},{"category":"Main Camera","specs":[{"label":"Triple","value":"50 MP, f/1.8, 26mm (wide), PDAF"},{"label":"Features","value":"LED flash, panorama, HDR"},{"label":"Video","value":"1080p@30fps"}]},{"category":"Selfie camera","specs":[{"label":"Single","value":"16 MP, f/2.0, (wide)"},{"label":"Video","value":"1080p@30fps"}]},{"category":"Sound","specs":[{"label":"Loudspeaker","value":"Yes, with stereo speakers"},{"label":"3.5mm jack","value":"No"}]},{"category":"Comms","specs":[{"label":"WLAN","value":"Wi-Fi 802.11 a/b/g/n/ac, dual-band"},{"label":"Bluetooth","value":"5.0, A2DP, LE"},{"label":"Positioning","value":"GPS, GLONASS, GALILEO, BDS, QZSS"},{"label":"NFC","value":"Yes (market/region dependent)"},{"label":"USB","value":"USB Type-C 2.0, OTG"},{"label":"Radio","value":"Unspecified"}]},{"category":"Features","specs":[{"label":"Sensors","value":"Fingerprint (under display, optical), accelerometer, gyro, proximity, compass"}]},{"category":"Battery","specs":[{"label":"Type","value":"Li-Ion 5000 mAh"},{"label":"Charging","value":"44W wired, 50% in 25 min"}]},{"category":"Misc","specs":[{"label":"Colors","value":"Crystal Black, Leather Purple"},{"label":"Price","value":"About 360 EUR"}]}]');
INSERT OR IGNORE INTO device_pictures (device_id, url, position) VALUES (869, 'https://fdn2.gsmarena.com/vv/bigpic/vivo-v40-se.jpg', 0);
INSERT OR IGNORE INTO device_pictures (device_id, url, position) VALUES (869, 'https://fdn2.gsmarena.com/vv/pics/vivo/vivo-y100-5g-indonesia-1.jpg', 1);
INSERT OR IGNORE INTO device_pictures (device_id, url, position) VALUES (869, 'https://fdn2.gsmarena.com/vv/pics/vivo/vivo-y100-5g-indonesia-2.jpg', 2);
INSERT OR IGNORE INTO device_pictures (device_id, url, position) VALUES (869, 'https://fdn2.gsmarena.com/vv/pics/vivo/vivo-v40-se-1.jpg', 3);
INSERT OR IGNORE INTO devices (id, brand_id, name, gsmarena_url, thumbnail_url, summary) VALUES (870, 5, 'X Fold3 Pro', 'https://www.gsmarena.com/vivo_x_fold3_pro-12899.php', 'https://fdn2.gsmarena.com/vv/bigpic/vivo-x-fold3-pro.jpg', 'X Fold3 Pro');
INSERT OR IGNORE INTO device_specs (device_id, announced, status, network, os, chipset, cpu, gpu, display_size, display_type, display_res, ram, storage, main_camera, selfie_camera, battery, charging, nfc, usb, bluetooth, wlan, colors, weight, dimensions, sim, sensors, popularity, fans, rating, full_specs_json) VALUES (870, '2024, March 26', 'Available. Released 2024, April 23', 'GSM / CDMA / HSPA / CDMA2000 / LTE / 5G / 5G', 'Android 14, upgradable to Android 15, Funtouch 15 (International), OriginOS 4 (China)', 'Qualcomm SM8650-AB Snapdragon 8 Gen 3 (4 nm)', 'Octa-core (1x3.3 GHz Cortex-X4 & 3x3.2 GHz Cortex-A720 & 2x3.0 GHz Cortex-A720 & 2x2.3 GHz Cortex-A520)', 'Adreno 750', '8.03 inches, 206.5 cm 2 (~90.6% screen-to-body ratio)', 'Foldable LTPO AMOLED, 1B colors, 120Hz, HDR10+, Dolby Vision, 4500 nits (peak)', '2200 x 2480 pixels (~413 ppi density)', '12GB', '256GB', '50 MP, f/1.7, 23mm (wide), 1/1.3", PDAF, OIS, Laser AF, color spectrum sensor, Zeiss optics, Zeiss T* lens coating, Dual-LED flash, panorama', '32 MP, f/2.4, (wide), 1080p@30fps', 'Si/C Li-Ion 5700 mAh', '100W wired, 100% in 31 min', 'Yes', 'USB Type-C 3.2 Gen 2, OTG', '5.4, A2DP, LE, aptX HD, aptX Adaptive, aptX Lossless, LHDC (market/region dependent)', 'Wi-Fi 802.11 a/b/g/n/ac/6e/7, dual band (INT), tri-band (CN), Wi-Fi Direct', 'Celestial Black, White, Lunar White', '236 g (8.32 oz)', 'Unfolded: 160 x 142.4 x 5.2 mm Folded: 160 x 72.6 x 11.2 mm', 'Nano-SIM + Nano-SIM', 'Dual screen fingerprint (under display, ultrasonic), accelerometer, gyro, proximity, compass, barometer', '₹ 129,999', NULL, NULL, '[{"category":"Network","specs":[{"label":"Technology","value":"GSM / CDMA / HSPA / CDMA2000 / LTE / 5G"},{"label":"2G bands","value":"GSM 850 / 900 / 1800 / 1900"},{"label":"3G bands","value":"HSDPA 800 / 850 / 900 / 1700(AWS) / 1900 / 2100"},{"label":"4G bands","value":"1, 2, 3, 4, 5, 7, 8, 12, 17, 18, 19, 20, 25, 26, 28, 34, 38, 39, 40, 41, 42, 66"},{"label":"5G bands","value":"1, 2, 3, 5, 7, 8, 12, 20, 25, 26, 28, 38, 40, 41, 66, 77, 78 SA/NSA"},{"label":"Speed","value":"HSPA, LTE, 5G"}]},{"category":"Launch","specs":[{"label":"Announced","value":"2024, March 26"},{"label":"Status","value":"Available. Released 2024, April 23"}]},{"category":"Body","specs":[{"label":"Dimensions","value":"Unfolded: 160 x 142.4 x 5.2 mm Folded: 160 x 72.6 x 11.2 mm"},{"label":"Weight","value":"236 g (8.32 oz)"},{"label":"Build","value":"Carbon fiber hinge"},{"label":"SIM","value":"Nano-SIM + Nano-SIM"}]},{"category":"Display","specs":[{"label":"Type","value":"Foldable LTPO AMOLED, 1B colors, 120Hz, HDR10+, Dolby Vision, 4500 nits (peak)"},{"label":"Size","value":"8.03 inches, 206.5 cm 2 (~90.6% screen-to-body ratio)"},{"label":"Resolution","value":"2200 x 2480 pixels (~413 ppi density)"}]},{"category":"Platform","specs":[{"label":"OS","value":"Android 14, upgradable to Android 15, Funtouch 15 (International), OriginOS 4 (China)"},{"label":"Chipset","value":"Qualcomm SM8650-AB Snapdragon 8 Gen 3 (4 nm)"},{"label":"CPU","value":"Octa-core (1x3.3 GHz Cortex-X4 & 3x3.2 GHz Cortex-A720 & 2x3.0 GHz Cortex-A720 & 2x2.3 GHz Cortex-A520)"},{"label":"GPU","value":"Adreno 750"}]},{"category":"Memory","specs":[{"label":"Card slot","value":"No"},{"label":"Internal","value":"256GB 12GB RAM, 512GB 16GB RAM, 1TB 16GB RAM"}]},{"category":"Main Camera","specs":[{"label":"Triple","value":"50 MP, f/1.7, 23mm (wide), 1/1.3\\", PDAF, OIS"},{"label":"Features","value":"Laser AF, color spectrum sensor, Zeiss optics, Zeiss T* lens coating, Dual-LED flash, panorama"},{"label":"Video","value":"8K@30fps, 4K@30/60fps, 1080p@30/60fps, gyro-EIS"}]},{"category":"Selfie camera","specs":[{"label":"Single","value":"32 MP, f/2.4, (wide)"},{"label":"Video","value":"1080p@30fps"},{"label":"Features","value":"HDR"}]},{"category":"Sound","specs":[{"label":"Loudspeaker","value":"Yes, with stereo speakers"},{"label":"3.5mm jack","value":"No"}]},{"category":"Comms","specs":[{"label":"WLAN","value":"Wi-Fi 802.11 a/b/g/n/ac/6e/7, dual band (INT), tri-band (CN), Wi-Fi Direct"},{"label":"Bluetooth","value":"5.4, A2DP, LE, aptX HD, aptX Adaptive, aptX Lossless, LHDC (market/region dependent)"},{"label":"Positioning","value":"GPS (L1+L5), GLONASS (G1), BDS (B1I+B1c+B2a), GALILEO (E1+E5a), QZSS (L1+L5)"},{"label":"NFC","value":"Yes"},{"label":"USB","value":"USB Type-C 3.2 Gen 2, OTG"},{"label":"Radio","value":"No"},{"label":"Infrared port","value":"Yes"}]},{"category":"Features","specs":[{"label":"Sensors","value":"Dual screen fingerprint (under display, ultrasonic), accelerometer, gyro, proximity, compass, barometer"}]},{"category":"Battery","specs":[{"label":"Type","value":"Si/C Li-Ion 5700 mAh"},{"label":"Charging","value":"100W wired, 100% in 31 min"}]},{"category":"Misc","specs":[{"label":"Colors","value":"Celestial Black, White, Lunar White"},{"label":"Models","value":"V2330"},{"label":"Price","value":"₹ 129,999"}]}]');
INSERT OR IGNORE INTO device_pictures (device_id, url, position) VALUES (870, 'https://fdn2.gsmarena.com/vv/bigpic/vivo-x-fold3-pro.jpg', 0);
INSERT OR IGNORE INTO device_pictures (device_id, url, position) VALUES (870, 'https://fdn2.gsmarena.com/vv/bigpic/vivo-x-fold3-pro-b.jpg', 1);
INSERT OR IGNORE INTO device_pictures (device_id, url, position) VALUES (870, 'https://fdn2.gsmarena.com/vv/pics/vivo/vivo-x-fold3-pro-2.jpg', 2);
INSERT OR IGNORE INTO device_pictures (device_id, url, position) VALUES (870, 'https://fdn2.gsmarena.com/vv/pics/vivo/vivo-x-fold3-pro-3.jpg', 3);
INSERT OR IGNORE INTO device_pictures (device_id, url, position) VALUES (870, 'https://fdn2.gsmarena.com/vv/pics/vivo/vivo-x-fold3-pro-4.jpg', 4);
INSERT OR IGNORE INTO device_pictures (device_id, url, position) VALUES (870, 'https://fdn.gsmarena.com/imgroot/reviews/24/vivo-x-fold3-pro/lifestyle/-1024w2/gsmarena_001.jpg', 5);
INSERT OR IGNORE INTO device_pictures (device_id, url, position) VALUES (870, 'https://fdn.gsmarena.com/imgroot/reviews/24/vivo-x-fold3-pro/lifestyle/-1024w2/gsmarena_002.jpg', 6);
INSERT OR IGNORE INTO device_pictures (device_id, url, position) VALUES (870, 'https://fdn.gsmarena.com/imgroot/reviews/24/vivo-x-fold3-pro/lifestyle/-1024w2/gsmarena_003.jpg', 7);
INSERT OR IGNORE INTO device_pictures (device_id, url, position) VALUES (870, 'https://fdn.gsmarena.com/imgroot/reviews/24/vivo-x-fold3-pro/lifestyle/-1024w2/gsmarena_004.jpg', 8);
INSERT OR IGNORE INTO device_pictures (device_id, url, position) VALUES (870, 'https://fdn.gsmarena.com/imgroot/reviews/24/vivo-x-fold3-pro/lifestyle/-1024w2/gsmarena_005.jpg', 9);
INSERT OR IGNORE INTO devices (id, brand_id, name, gsmarena_url, thumbnail_url, summary) VALUES (871, 5, 'X Fold3', 'https://www.gsmarena.com/vivo_x_fold3-12900.php', 'https://fdn2.gsmarena.com/vv/bigpic/vivo-x-fold3.jpg', 'X Fold3');
INSERT OR IGNORE INTO device_specs (device_id, announced, status, network, os, chipset, cpu, gpu, display_size, display_type, display_res, ram, storage, main_camera, selfie_camera, battery, charging, nfc, usb, bluetooth, wlan, colors, weight, dimensions, sim, sensors, popularity, fans, rating, full_specs_json) VALUES (871, '2024, March 26', 'Available. Released 2024, April 03', 'GSM / CDMA / HSPA / CDMA2000 / LTE / 5G / 5G', 'Android 14, OriginOS 4', 'Qualcomm SM8550-AB Snapdragon 8 Gen 2 (4 nm)', 'Octa-core (1x3.2 GHz Cortex-X3 & 2x2.8 GHz Cortex-A715 & 2x2.8 GHz Cortex-A710 & 3x2.0 GHz Cortex-A510)', 'Adreno 740', '8.03 inches, 206.5 cm 2 (~90.5% screen-to-body ratio)', 'Foldable LTPO AMOLED, 1B colors, 120Hz, HDR10+, Dolby Vision, 4500 nits (peak)', '2200 x 2480 pixels (~413 ppi density)', '12GB', '256GB', '50 MP, f/1.8, (wide), 1/1.49", PDAF, OIS, Laser AF, Zeiss optics, Zeiss T* lens coating, Dual-LED flash, panorama', '32 MP, f/2.4, (wide), 1080p@30fps', 'Si/C Li-Ion 5500 mAh', '80W wired', 'Yes', 'USB Type-C 3.2 Gen 2, OTG', '5.3, A2DP, LE, aptX HD, aptX Adaptive, aptX Lossless', 'Wi-Fi 802.11 a/b/g/n/ac/6e/7, tri-band, Wi-Fi Direct', 'Black, White', '219 g (7.72 oz)', 'Unfolded: 160 x 142.7 x 4.7 mm Folded: 160 x 72.7 x 10.2 mm', 'Nano-SIM + Nano-SIM', 'Fingerprint (side-mounted), accelerometer, gyro, proximity, compass', 'About 900 EUR', NULL, NULL, '[{"category":"Network","specs":[{"label":"Technology","value":"GSM / CDMA / HSPA / CDMA2000 / LTE / 5G"},{"label":"2G bands","value":"GSM 850 / 900 / 1800 / 1900"},{"label":"3G bands","value":"HSDPA 800 / 850 / 900 / 1700(AWS) / 1900 / 2100"},{"label":"4G bands","value":"1, 2, 3, 4, 5, 7, 8, 12, 17, 18, 19, 20, 25, 26, 28, 34, 38, 39, 40, 41, 42, 66"},{"label":"5G bands","value":"1, 2, 3, 5, 7, 8, 12, 20, 25, 26, 28, 38, 40, 41, 66, 77, 78 SA/NSA"},{"label":"Speed","value":"HSPA, LTE, 5G"}]},{"category":"Launch","specs":[{"label":"Announced","value":"2024, March 26"},{"label":"Status","value":"Available. Released 2024, April 03"}]},{"category":"Body","specs":[{"label":"Dimensions","value":"Unfolded: 160 x 142.7 x 4.7 mm Folded: 160 x 72.7 x 10.2 mm"},{"label":"Weight","value":"219 g (7.72 oz)"},{"label":"Build","value":"Carbon fiber hinge"},{"label":"SIM","value":"Nano-SIM + Nano-SIM"}]},{"category":"Display","specs":[{"label":"Type","value":"Foldable LTPO AMOLED, 1B colors, 120Hz, HDR10+, Dolby Vision, 4500 nits (peak)"},{"label":"Size","value":"8.03 inches, 206.5 cm 2 (~90.5% screen-to-body ratio)"},{"label":"Resolution","value":"2200 x 2480 pixels (~413 ppi density)"}]},{"category":"Platform","specs":[{"label":"OS","value":"Android 14, OriginOS 4"},{"label":"Chipset","value":"Qualcomm SM8550-AB Snapdragon 8 Gen 2 (4 nm)"},{"label":"CPU","value":"Octa-core (1x3.2 GHz Cortex-X3 & 2x2.8 GHz Cortex-A715 & 2x2.8 GHz Cortex-A710 & 3x2.0 GHz Cortex-A510)"},{"label":"GPU","value":"Adreno 740"}]},{"category":"Memory","specs":[{"label":"Card slot","value":"No"},{"label":"Internal","value":"256GB 12GB RAM, 256GB 16GB RAM, 512GB 16GB RAM, 1TB 16GB RAM"}]},{"category":"Main Camera","specs":[{"label":"Triple","value":"50 MP, f/1.8, (wide), 1/1.49\\", PDAF, OIS"},{"label":"Features","value":"Laser AF, Zeiss optics, Zeiss T* lens coating, Dual-LED flash, panorama"},{"label":"Video","value":"8K@30fps, 4K@30/60fps, 1080p@30/60fps, gyro-EIS"}]},{"category":"Selfie camera","specs":[{"label":"Single","value":"32 MP, f/2.4, (wide)"},{"label":"Video","value":"1080p@30fps"},{"label":"Features","value":"HDR"}]},{"category":"Sound","specs":[{"label":"Loudspeaker","value":"Yes, with stereo speakers"},{"label":"3.5mm jack","value":"No"}]},{"category":"Comms","specs":[{"label":"WLAN","value":"Wi-Fi 802.11 a/b/g/n/ac/6e/7, tri-band, Wi-Fi Direct"},{"label":"Bluetooth","value":"5.3, A2DP, LE, aptX HD, aptX Adaptive, aptX Lossless"},{"label":"Positioning","value":"GPS (L1+L5), GLONASS (G1), BDS (B1I+B1c+B2a), GALILEO (E1+E5a), QZSS (L1+L5)"},{"label":"NFC","value":"Yes"},{"label":"USB","value":"USB Type-C 3.2 Gen 2, OTG"},{"label":"Radio","value":"No"},{"label":"Infrared port","value":"Yes"}]},{"category":"Features","specs":[{"label":"Sensors","value":"Fingerprint (side-mounted), accelerometer, gyro, proximity, compass"}]},{"category":"Battery","specs":[{"label":"Type","value":"Si/C Li-Ion 5500 mAh"},{"label":"Charging","value":"80W wired"}]},{"category":"Misc","specs":[{"label":"Colors","value":"Black, White"},{"label":"Models","value":"V2337A, V2303A"},{"label":"Price","value":"About 900 EUR"}]}]');
INSERT OR IGNORE INTO device_pictures (device_id, url, position) VALUES (871, 'https://fdn2.gsmarena.com/vv/bigpic/vivo-x-fold3.jpg', 0);
INSERT OR IGNORE INTO device_pictures (device_id, url, position) VALUES (871, 'https://fdn2.gsmarena.com/vv/pics/vivo/vivo-x-fold3-1.jpg', 1);
INSERT OR IGNORE INTO device_pictures (device_id, url, position) VALUES (871, 'https://fdn2.gsmarena.com/vv/pics/vivo/vivo-x-fold3-2.jpg', 2);
INSERT OR IGNORE INTO device_pictures (device_id, url, position) VALUES (871, 'https://fdn2.gsmarena.com/vv/pics/vivo/vivo-x-fold3-3.jpg', 3);
INSERT OR IGNORE INTO device_pictures (device_id, url, position) VALUES (871, 'https://fdn2.gsmarena.com/vv/pics/vivo/vivo-x-fold3-4.jpg', 4);
INSERT OR IGNORE INTO devices (id, brand_id, name, gsmarena_url, thumbnail_url, summary) VALUES (872, 5, 'Pad3 Pro', 'https://www.gsmarena.com/vivo_pad3_pro-12901.php', 'https://fdn2.gsmarena.com/vv/bigpic/vivo-pad3-pro.jpg', 'Pad3 Pro');
INSERT OR IGNORE INTO device_specs (device_id, announced, status, network, os, chipset, cpu, gpu, display_size, display_type, display_res, ram, storage, main_camera, selfie_camera, battery, charging, nfc, usb, bluetooth, wlan, colors, weight, dimensions, sim, sensors, popularity, fans, rating, full_specs_json) VALUES (872, '2024, March 26', 'Available. Released 2024, April 03', 'No cellular connectivity / 4G/LTE', 'Android 14, OriginOS 4', 'Mediatek Dimensity 9300 (4 nm)', 'Octa-core (1x3.25 GHz Cortex-X4 & 3x2.85 GHz Cortex-X4 & 4x2.0 GHz Cortex-A720)', 'Immortalis-G720 MC12', '13.0 inches, 503.2 cm 2 (~87.6% screen-to-body ratio)', 'IPS LCD, 1B colors, 144Hz, HDR10, 900 nits (peak)', '2064 x 3096 pixels, 3:2 ratio (~286 ppi density)', '8GB', '128GB', '13 MP, LED flash, panorama', '8 MP, 1080p@30fps', '11500 mAh', '66W wired, PD', 'Yes', 'USB Type-C 3.2, OTG, magnetic connector', '5.4, A2DP, LE', 'Wi-Fi 802.11 a/b/g/n/ac/6/7, dual-band', 'Gray, Blue, Purple', '679 g (1.50 lb)', '289.6 x 198.3 x 6.6 mm (11.40 x 7.81 x 0.26 in)', 'No', 'Accelerometer, gyro, proximity (accessories only)', 'About 380 EUR', NULL, NULL, '[{"category":"Network","specs":[{"label":"Technology","value":"No cellular connectivity"},{"label":"2G bands","value":"N/A"},{"label":"3G bands","value":"N/A"},{"label":"4G bands","value":"N/A"},{"label":"GPRS","value":"No"},{"label":"EDGE","value":"No"}]},{"category":"Launch","specs":[{"label":"Announced","value":"2024, March 26"},{"label":"Status","value":"Available. Released 2024, April 03"}]},{"category":"Body","specs":[{"label":"Dimensions","value":"289.6 x 198.3 x 6.6 mm (11.40 x 7.81 x 0.26 in)"},{"label":"Weight","value":"679 g (1.50 lb)"},{"label":"Build","value":"Glass front, aluminum back, aluminum frame"},{"label":"SIM","value":"No"}]},{"category":"Display","specs":[{"label":"Type","value":"IPS LCD, 1B colors, 144Hz, HDR10, 900 nits (peak)"},{"label":"Size","value":"13.0 inches, 503.2 cm 2 (~87.6% screen-to-body ratio)"},{"label":"Resolution","value":"2064 x 3096 pixels, 3:2 ratio (~286 ppi density)"}]},{"category":"Platform","specs":[{"label":"OS","value":"Android 14, OriginOS 4"},{"label":"Chipset","value":"Mediatek Dimensity 9300 (4 nm)"},{"label":"CPU","value":"Octa-core (1x3.25 GHz Cortex-X4 & 3x2.85 GHz Cortex-X4 & 4x2.0 GHz Cortex-A720)"},{"label":"GPU","value":"Immortalis-G720 MC12"}]},{"category":"Memory","specs":[{"label":"Card slot","value":"No"},{"label":"Internal","value":"128GB 8GB RAM, 256GB 8GB RAM, 256GB 12GB RAM, 512GB 16GB RAM"}]},{"category":"Main Camera","specs":[{"label":"Single","value":"13 MP"},{"label":"Features","value":"LED flash, panorama"},{"label":"Video","value":"Yes"}]},{"category":"Selfie camera","specs":[{"label":"Single","value":"8 MP"},{"label":"Video","value":"1080p@30fps"}]},{"category":"Sound","specs":[{"label":"Loudspeaker","value":"Yes, with stereo speakers (8 speakers)"},{"label":"3.5mm jack","value":"No"}]},{"category":"Comms","specs":[{"label":"WLAN","value":"Wi-Fi 802.11 a/b/g/n/ac/6/7, dual-band"},{"label":"Bluetooth","value":"5.4, A2DP, LE"},{"label":"Positioning","value":"Unspecified"},{"label":"NFC","value":"Yes"},{"label":"USB","value":"USB Type-C 3.2, OTG, magnetic connector"},{"label":"Radio","value":"No"}]},{"category":"Features","specs":[{"label":"Sensors","value":"Accelerometer, gyro, proximity (accessories only)"}]},{"category":"Battery","specs":[{"label":"Type","value":"11500 mAh"},{"label":"Charging","value":"66W wired, PD"}]},{"category":"Misc","specs":[{"label":"Colors","value":"Gray, Blue, Purple"},{"label":"Price","value":"About 380 EUR"}]}]');
INSERT OR IGNORE INTO device_pictures (device_id, url, position) VALUES (872, 'https://fdn2.gsmarena.com/vv/bigpic/vivo-pad3-pro.jpg', 0);
INSERT OR IGNORE INTO device_pictures (device_id, url, position) VALUES (872, 'https://fdn2.gsmarena.com/vv/pics/vivo/vivo-pad3-pro-1.jpg', 1);
INSERT OR IGNORE INTO device_pictures (device_id, url, position) VALUES (872, 'https://fdn2.gsmarena.com/vv/pics/vivo/vivo-pad3-pro-2.jpg', 2);
INSERT OR IGNORE INTO devices (id, brand_id, name, gsmarena_url, thumbnail_url, summary) VALUES (873, 5, 'T3', 'https://www.gsmarena.com/vivo_t3-12887.php', 'https://fdn2.gsmarena.com/vv/bigpic/vivo-t3-.jpg', 'T3');
INSERT OR IGNORE INTO device_specs (device_id, announced, status, network, os, chipset, cpu, gpu, display_size, display_type, display_res, ram, storage, main_camera, selfie_camera, battery, charging, nfc, usb, bluetooth, wlan, colors, weight, dimensions, sim, sensors, popularity, fans, rating, full_specs_json) VALUES (873, '2024, March 21', 'Available. Released 2024, March 27', 'GSM / HSPA / LTE / 5G / 5G', 'Android 14, Funtouch 14', 'Mediatek Dimensity 7200 (4 nm)', 'Octa-core (2x2.8 GHz Cortex-A715 & 6x 2.0 Cortex-A510)', 'Mali-G610 MC4', '6.67 inches, 107.4 cm 2 (~86.8% screen-to-body ratio)', 'AMOLED, 120Hz, 1800 nits (peak)', '1080 x 2400 pixels, 20:9 ratio (~395 ppi density)', '8GB', '128GB', '50 MP, f/1.8, (wide), 1/1.95", 0.8µm, PDAF, OIS, LED flash, panorama, HDR', '16 MP, f/2.0, (wide), 1/3.1", 1.0µm, 1080p@30fps', '5000 mAh', '44W wired', 'No', 'USB Type-C 2.0, OTG', '5.3, A2DP, LE', 'Wi-Fi 802.11 a/b/g/n/ac, dual-band', 'Cosmic Blue, Cystal Flake', '185.5 g or 188 g (6.56 oz)', '163.2 x 75.8 x 7.8 mm or 8.0 mm', 'Nano-SIM + Nano-SIM', 'Fingerprint (under display, optical), accelerometer, gyro, proximity, compass, flicker', '₹ 20,990', NULL, NULL, '[{"category":"Network","specs":[{"label":"Technology","value":"GSM / HSPA / LTE / 5G"},{"label":"2G bands","value":"GSM 850 / 900 / 1800 / 1900"},{"label":"3G bands","value":"HSDPA 850 / 900 / 2100"},{"label":"4G bands","value":"1, 3, 5, 8, 28, 38, 40, 41"},{"label":"5G bands","value":"1, 3, 28, 40, 77, 78 SA/NSA"},{"label":"Speed","value":"HSPA, LTE, 5G"}]},{"category":"Launch","specs":[{"label":"Announced","value":"2024, March 21"},{"label":"Status","value":"Available. Released 2024, March 27"}]},{"category":"Body","specs":[{"label":"Dimensions","value":"163.2 x 75.8 x 7.8 mm or 8.0 mm"},{"label":"Weight","value":"185.5 g or 188 g (6.56 oz)"},{"label":"Build","value":"Glass front, plastic or silicone polymer (eco leather) back, plastic frame"},{"label":"SIM","value":"Nano-SIM + Nano-SIM"}]},{"category":"Display","specs":[{"label":"Type","value":"AMOLED, 120Hz, 1800 nits (peak)"},{"label":"Size","value":"6.67 inches, 107.4 cm 2 (~86.8% screen-to-body ratio)"},{"label":"Resolution","value":"1080 x 2400 pixels, 20:9 ratio (~395 ppi density)"}]},{"category":"Platform","specs":[{"label":"OS","value":"Android 14, Funtouch 14"},{"label":"Chipset","value":"Mediatek Dimensity 7200 (4 nm)"},{"label":"CPU","value":"Octa-core (2x2.8 GHz Cortex-A715 & 6x 2.0 Cortex-A510)"},{"label":"GPU","value":"Mali-G610 MC4"}]},{"category":"Memory","specs":[{"label":"Card slot","value":"microSDXC (uses shared SIM slot)"},{"label":"Internal","value":"128GB 8GB RAM, 256GB 8GB RAM"}]},{"category":"Main Camera","specs":[{"label":"Dual","value":"50 MP, f/1.8, (wide), 1/1.95\\", 0.8µm, PDAF, OIS"},{"label":"Features","value":"LED flash, panorama, HDR"},{"label":"Video","value":"4K@30fps, 1080p@30fps, OIS"}]},{"category":"Selfie camera","specs":[{"label":"Single","value":"16 MP, f/2.0, (wide), 1/3.1\\", 1.0µm"},{"label":"Video","value":"1080p@30fps"}]},{"category":"Sound","specs":[{"label":"Loudspeaker","value":"Yes, with stereo speakers"},{"label":"3.5mm jack","value":"No"}]},{"category":"Comms","specs":[{"label":"WLAN","value":"Wi-Fi 802.11 a/b/g/n/ac, dual-band"},{"label":"Bluetooth","value":"5.3, A2DP, LE"},{"label":"Positioning","value":"GPS, GLONASS, GALILEO, BDS, QZSS"},{"label":"NFC","value":"No"},{"label":"USB","value":"USB Type-C 2.0, OTG"},{"label":"Radio","value":"No"}]},{"category":"Features","specs":[{"label":"Sensors","value":"Fingerprint (under display, optical), accelerometer, gyro, proximity, compass, flicker"}]},{"category":"Battery","specs":[{"label":"Type","value":"5000 mAh"},{"label":"Charging","value":"44W wired"}]},{"category":"Misc","specs":[{"label":"Colors","value":"Cosmic Blue, Cystal Flake"},{"label":"SAR","value":"0.98 W/kg (head)     0.94 W/kg (body)"},{"label":"Price","value":"₹ 20,990"}]}]');
INSERT OR IGNORE INTO device_pictures (device_id, url, position) VALUES (873, 'https://fdn2.gsmarena.com/vv/bigpic/vivo-t3-.jpg', 0);
INSERT OR IGNORE INTO device_pictures (device_id, url, position) VALUES (873, 'https://fdn2.gsmarena.com/vv/pics/vivo/vivo-t3-1.jpg', 1);
INSERT OR IGNORE INTO device_pictures (device_id, url, position) VALUES (873, 'https://fdn2.gsmarena.com/vv/pics/vivo/vivo-t3-3.jpg', 2);
INSERT OR IGNORE INTO devices (id, brand_id, name, gsmarena_url, thumbnail_url, summary) VALUES (874, 5, 'Y03', 'https://www.gsmarena.com/vivo_y03-12868.php', 'https://fdn2.gsmarena.com/vv/bigpic/vivo-y03.jpg', 'Y03');
INSERT OR IGNORE INTO device_specs (device_id, announced, status, network, os, chipset, cpu, gpu, display_size, display_type, display_res, ram, storage, main_camera, selfie_camera, battery, charging, nfc, usb, bluetooth, wlan, colors, weight, dimensions, sim, sensors, popularity, fans, rating, full_specs_json) VALUES (874, '2024, March 13', 'Available. Released 2024, March 13', 'GSM / HSPA / LTE / 4G/LTE', 'Android 14, Funtouch 14', 'Mediatek Helio G85 (12 nm)', 'Octa-core (2x2.0 GHz Cortex-A75 & 6x1.8 GHz Cortex-A55)', 'Mali-G52 MC2', '6.56 inches, 103.4 cm 2 (~83.4% screen-to-body ratio)', 'IPS LCD, 90Hz', '720 x 1612 pixels, 20:9 ratio (~269 ppi density)', '4GB', '64GB', '13 MP, f/2.2, (wide), PDAF, LED flash, panorama', '5 MP, f/2.2, (wide), Yes', 'Li-Ion 5000 mAh', '15W wired', 'No', 'USB Type-C 2.0, OTG', '5.0, A2DP, LE', 'Wi-Fi 802.11 a/b/g/n/ac, dual-band', 'Space Black, Gem Green', '185 g (6.53 oz)', '163.8 x 75.7 x 8.4 mm (6.45 x 2.98 x 0.33 in)', 'Nano-SIM + Nano-SIM', 'Accelerometer, proximity', '£ 209.26', NULL, NULL, '[{"category":"Network","specs":[{"label":"Technology","value":"GSM / HSPA / LTE"},{"label":"2G bands","value":"GSM 850 / 900 / 1800 / 1900"},{"label":"3G bands","value":"HSDPA 850 / 900 / 2100"},{"label":"4G bands","value":"1, 3, 5, 8, 40"},{"label":"Speed","value":"HSPA, LTE"}]},{"category":"Launch","specs":[{"label":"Announced","value":"2024, March 13"},{"label":"Status","value":"Available. Released 2024, March 13"}]},{"category":"Body","specs":[{"label":"Dimensions","value":"163.8 x 75.7 x 8.4 mm (6.45 x 2.98 x 0.33 in)"},{"label":"Weight","value":"185 g (6.53 oz)"},{"label":"Build","value":"Glass front, plastic frame, plastic back"},{"label":"SIM","value":"Nano-SIM + Nano-SIM"}]},{"category":"Display","specs":[{"label":"Type","value":"IPS LCD, 90Hz"},{"label":"Size","value":"6.56 inches, 103.4 cm 2 (~83.4% screen-to-body ratio)"},{"label":"Resolution","value":"720 x 1612 pixels, 20:9 ratio (~269 ppi density)"}]},{"category":"Platform","specs":[{"label":"OS","value":"Android 14, Funtouch 14"},{"label":"Chipset","value":"Mediatek Helio G85 (12 nm)"},{"label":"CPU","value":"Octa-core (2x2.0 GHz Cortex-A75 & 6x1.8 GHz Cortex-A55)"},{"label":"GPU","value":"Mali-G52 MC2"}]},{"category":"Memory","specs":[{"label":"Card slot","value":"microSDXC (dedicated slot)"},{"label":"Internal","value":"64GB 4GB RAM, 128GB 4GB RAM"}]},{"category":"Main Camera","specs":[{"label":"Single","value":"13 MP, f/2.2, (wide), PDAF"},{"label":"Features","value":"LED flash, panorama"},{"label":"Video","value":"1080p@30fps"}]},{"category":"Selfie camera","specs":[{"label":"Single","value":"5 MP, f/2.2, (wide)"},{"label":"Video","value":"Yes"}]},{"category":"Sound","specs":[{"label":"Loudspeaker","value":"Yes"},{"label":"3.5mm jack","value":"Yes"}]},{"category":"Comms","specs":[{"label":"WLAN","value":"Wi-Fi 802.11 a/b/g/n/ac, dual-band"},{"label":"Bluetooth","value":"5.0, A2DP, LE"},{"label":"Positioning","value":"GPS, GALILEO, GLONASS, BDS, QZSS"},{"label":"NFC","value":"No"},{"label":"USB","value":"USB Type-C 2.0, OTG"},{"label":"Radio","value":"FM radio"}]},{"category":"Features","specs":[{"label":"Sensors","value":"Accelerometer, proximity"}]},{"category":"Battery","specs":[{"label":"Type","value":"Li-Ion 5000 mAh"},{"label":"Charging","value":"15W wired"}]},{"category":"Misc","specs":[{"label":"Colors","value":"Space Black, Gem Green"},{"label":"Models","value":"V2332"},{"label":"Price","value":"£ 209.26"}]}]');
INSERT OR IGNORE INTO device_pictures (device_id, url, position) VALUES (874, 'https://fdn2.gsmarena.com/vv/bigpic/vivo-y03.jpg', 0);
INSERT OR IGNORE INTO device_pictures (device_id, url, position) VALUES (874, 'https://fdn2.gsmarena.com/vv/pics/vivo/vivo-y03t.jpg', 1);
INSERT OR IGNORE INTO device_pictures (device_id, url, position) VALUES (874, 'https://fdn2.gsmarena.com/vv/pics/vivo/vivo-y03.jpg', 2);
INSERT OR IGNORE INTO devices (id, brand_id, name, gsmarena_url, thumbnail_url, summary) VALUES (875, 5, 'iQOO Z9', 'https://www.gsmarena.com/vivo_iqoo_z9-12865.php', 'https://fdn2.gsmarena.com/vv/bigpic/vivo-iqoo-z9.jpg', 'iQOO Z9');
INSERT OR IGNORE INTO device_specs (device_id, announced, status, network, os, chipset, cpu, gpu, display_size, display_type, display_res, ram, storage, main_camera, selfie_camera, battery, charging, nfc, usb, bluetooth, wlan, colors, weight, dimensions, sim, sensors, popularity, fans, rating, full_specs_json) VALUES (875, '2024, March 12', 'Available. Released 2024, March 13', 'GSM / HSPA / LTE / 5G / 5G', 'Android 14, Funtouch 14', 'Mediatek Dimensity 7200 (4 nm)', 'Octa-core (2x2.8 GHz Cortex-A715 & 6x Cortex-A510)', 'Mali-G610 MC4', '6.67 inches, 107.4 cm 2 (~86.8% screen-to-body ratio)', 'AMOLED, 120Hz, HDR, 1800 nits (peak)', '1080 x 2400 pixels, 20:9 ratio (~395 ppi density)', '8GB', '128GB', '50 MP, f/1.8, 26mm (wide), 1/1.95", 0.8µm, PDAF, OIS, LED flash, panorama, HDR', '16 MP, f/2.0, (wide), 1/3.0", 1.0µm, 1080p@30fps', 'Li-Ion 5000 mAh', '44W wired, 50% in 30 min', 'No', 'USB Type-C 2.0, OTG', '5.3, A2DP, LE', 'Wi-Fi 802.11 a/b/g/n/ac/6, dual-band, Wi-Fi Direct', 'Brushed Green, Graphene Blue', '188 g (6.63 oz)', '163.2 x 75.8 x 7.8 mm (6.43 x 2.98 x 0.31 in)', 'Nano-SIM + Nano-SIM', 'Fingerprint (under display, optical), accelerometer, gyro, proximity, compass', 'About 220 EUR', NULL, NULL, '[{"category":"Network","specs":[{"label":"Technology","value":"GSM / HSPA / LTE / 5G"},{"label":"2G bands","value":"GSM 850 / 900 / 1800 / 1900"},{"label":"3G bands","value":"HSDPA 850 / 900 / 2100"},{"label":"4G bands","value":"1, 3, 5, 8, 28, 38, 40, 41"},{"label":"5G bands","value":"1, 3, 5, 8, 28, 40, 77, 78 SA/NSA"},{"label":"Speed","value":"HSPA, LTE, 5G"}]},{"category":"Launch","specs":[{"label":"Announced","value":"2024, March 12"},{"label":"Status","value":"Available. Released 2024, March 13"}]},{"category":"Body","specs":[{"label":"Dimensions","value":"163.2 x 75.8 x 7.8 mm (6.43 x 2.98 x 0.31 in)"},{"label":"Weight","value":"188 g (6.63 oz)"},{"label":"Build","value":"Glass front, plastic back, plastic frame"},{"label":"SIM","value":"Nano-SIM + Nano-SIM"}]},{"category":"Display","specs":[{"label":"Type","value":"AMOLED, 120Hz, HDR, 1800 nits (peak)"},{"label":"Size","value":"6.67 inches, 107.4 cm 2 (~86.8% screen-to-body ratio)"},{"label":"Resolution","value":"1080 x 2400 pixels, 20:9 ratio (~395 ppi density)"},{"label":"Protection","value":"Dragontrail Star 2 Plus"}]},{"category":"Platform","specs":[{"label":"OS","value":"Android 14, Funtouch 14"},{"label":"Chipset","value":"Mediatek Dimensity 7200 (4 nm)"},{"label":"CPU","value":"Octa-core (2x2.8 GHz Cortex-A715 & 6x Cortex-A510)"},{"label":"GPU","value":"Mali-G610 MC4"}]},{"category":"Memory","specs":[{"label":"Card slot","value":"microSDXC (uses shared SIM slot)"},{"label":"Internal","value":"128GB 8GB RAM, 256GB 8GB RAM"}]},{"category":"Main Camera","specs":[{"label":"Dual","value":"50 MP, f/1.8, 26mm (wide), 1/1.95\\", 0.8µm, PDAF, OIS"},{"label":"Features","value":"LED flash, panorama, HDR"},{"label":"Video","value":"4K@30fps, 1080p@30/60fps, gyro-EIS, HDR"}]},{"category":"Selfie camera","specs":[{"label":"Single","value":"16 MP, f/2.0, (wide), 1/3.0\\", 1.0µm"},{"label":"Video","value":"1080p@30fps"}]},{"category":"Sound","specs":[{"label":"Loudspeaker","value":"Yes, with stereo speakers"},{"label":"3.5mm jack","value":"No"}]},{"category":"Comms","specs":[{"label":"WLAN","value":"Wi-Fi 802.11 a/b/g/n/ac/6, dual-band, Wi-Fi Direct"},{"label":"Bluetooth","value":"5.3, A2DP, LE"},{"label":"Positioning","value":"GPS, GALILEO, GLONASS, QZSS, BDS"},{"label":"NFC","value":"No"},{"label":"USB","value":"USB Type-C 2.0, OTG"},{"label":"Radio","value":"No"}]},{"category":"Features","specs":[{"label":"Sensors","value":"Fingerprint (under display, optical), accelerometer, gyro, proximity, compass"}]},{"category":"Battery","specs":[{"label":"Type","value":"Li-Ion 5000 mAh"},{"label":"Charging","value":"44W wired, 50% in 30 min"}]},{"category":"Misc","specs":[{"label":"Colors","value":"Brushed Green, Graphene Blue"},{"label":"Models","value":"I2302, I2218"},{"label":"SAR","value":"0.98 W/kg (head)     0.94 W/kg (body)"},{"label":"Price","value":"About 220 EUR"}]}]');
INSERT OR IGNORE INTO device_pictures (device_id, url, position) VALUES (875, 'https://fdn2.gsmarena.com/vv/bigpic/vivo-iqoo-z9.jpg', 0);
INSERT OR IGNORE INTO device_pictures (device_id, url, position) VALUES (875, 'https://fdn2.gsmarena.com/vv/pics/vivo/vivo-iqoo-z9-1.jpg', 1);
INSERT OR IGNORE INTO device_pictures (device_id, url, position) VALUES (875, 'https://fdn2.gsmarena.com/vv/pics/vivo/vivo-iqoo-z9-2.jpg', 2);
INSERT OR IGNORE INTO devices (id, brand_id, name, gsmarena_url, thumbnail_url, summary) VALUES (876, 5, 'V30 Pro', 'https://www.gsmarena.com/vivo_v30_pro-12829.php', 'https://fdn2.gsmarena.com/vv/bigpic/vivo-v30-pro.jpg', 'V30 Pro');
INSERT OR IGNORE INTO device_specs (device_id, announced, status, network, os, chipset, cpu, gpu, display_size, display_type, display_res, ram, storage, main_camera, selfie_camera, battery, charging, nfc, usb, bluetooth, wlan, colors, weight, dimensions, sim, sensors, popularity, fans, rating, full_specs_json) VALUES (876, '2024, February 28', 'Available. Released 2024, March 07', 'GSM / CDMA / HSPA / LTE / 5G / 5G', 'Android 14, up to 2 major Android upgrades, Funtouch 14', 'Mediatek Dimensity 8200 (4 nm)', 'Octa-core (1x3.1 GHz Cortex-A78 & 3x3.0 GHz Cortex-A78 & 4x2.0 GHz Cortex-A55)', 'Mali-G610 MC6', '6.78 inches, 111.0 cm 2 (~89.9% screen-to-body ratio)', 'AMOLED, 1B colors, HDR10+, 120Hz, 2800 nits (peak)', '1260 x 2800 pixels, 20:9 ratio (~453 ppi density)', '8GB', '256GB', '50 MP, f/1.9, 23mm (wide), 1/1.49", 1.0µm, PDAF, OIS, Zeiss optics, Zeiss T* lens coating, Ring-LED flash, panorama, HDR', '50 MP, f/2.0, 20mm (wide), 1/2.76", 0.64µm, AF, 4K@30fps, 1080p@30fps', 'Li-Ion 5000 mAh', '80W wired, PD, 100% in 43 min', 'Yes', 'USB Type-C 2.0, OTG', '5.3, A2DP, LE, aptX HD', 'Wi-Fi 802.11 a/b/g/n/ac/6, dual-band, Wi-Fi Direct', 'Bloom White, Waving Aqua, Lush Green, Noble Black', '188 g (6.63 oz)', '164.4 x 75.1 x 7.5 mm (6.47 x 2.96 x 0.30 in)', 'Nano-SIM + Nano-SIM', 'Fingerprint (under display, optical), accelerometer, proximity, gyro, compass', 'About 450 EUR', NULL, NULL, '[{"category":"Network","specs":[{"label":"Technology","value":"GSM / CDMA / HSPA / LTE / 5G"},{"label":"2G bands","value":"GSM 850 / 900 / 1800 / 1900"},{"label":"3G bands","value":"HSDPA 850 / 900 / 1700(AWS) / 1900 / 2100"},{"label":"4G bands","value":"1, 2, 3, 4, 5, 7, 8, 12, 17, 18, 19, 20, 26, 28, 38, 39, 40, 41"},{"label":"5G bands","value":"1, 3, 5, 7, 8, 20, 28, 38, 40, 41, 77, 78 SA/NSA"},{"label":"Speed","value":"HSPA, LTE, 5G"}]},{"category":"Launch","specs":[{"label":"Announced","value":"2024, February 28"},{"label":"Status","value":"Available. Released 2024, March 07"}]},{"category":"Body","specs":[{"label":"Dimensions","value":"164.4 x 75.1 x 7.5 mm (6.47 x 2.96 x 0.30 in)"},{"label":"Weight","value":"188 g (6.63 oz)"},{"label":"Build","value":"Glass front (Schott α), glass back, plastic frame"},{"label":"SIM","value":"Nano-SIM + Nano-SIM"}]},{"category":"Display","specs":[{"label":"Type","value":"AMOLED, 1B colors, HDR10+, 120Hz, 2800 nits (peak)"},{"label":"Size","value":"6.78 inches, 111.0 cm 2 (~89.9% screen-to-body ratio)"},{"label":"Resolution","value":"1260 x 2800 pixels, 20:9 ratio (~453 ppi density)"},{"label":"Protection","value":"Schott α glass"}]},{"category":"Platform","specs":[{"label":"OS","value":"Android 14, up to 2 major Android upgrades, Funtouch 14"},{"label":"Chipset","value":"Mediatek Dimensity 8200 (4 nm)"},{"label":"CPU","value":"Octa-core (1x3.1 GHz Cortex-A78 & 3x3.0 GHz Cortex-A78 & 4x2.0 GHz Cortex-A55)"},{"label":"GPU","value":"Mali-G610 MC6"}]},{"category":"Memory","specs":[{"label":"Card slot","value":"No"},{"label":"Internal","value":"256GB 8GB RAM, 256GB 12GB RAM, 512GB 12GB RAM"}]},{"category":"Main Camera","specs":[{"label":"Triple","value":"50 MP, f/1.9, 23mm (wide), 1/1.49\\", 1.0µm, PDAF, OIS"},{"label":"Features","value":"Zeiss optics, Zeiss T* lens coating, Ring-LED flash, panorama, HDR"},{"label":"Video","value":"4K@30fps, 1080p@30fps"}]},{"category":"Selfie camera","specs":[{"label":"Single","value":"50 MP, f/2.0, 20mm (wide), 1/2.76\\", 0.64µm, AF"},{"label":"Video","value":"4K@30fps, 1080p@30fps"},{"label":"Features","value":"Dual-LED flash, HDR"}]},{"category":"Sound","specs":[{"label":"Loudspeaker","value":"Yes"},{"label":"3.5mm jack","value":"No"}]},{"category":"Comms","specs":[{"label":"WLAN","value":"Wi-Fi 802.11 a/b/g/n/ac/6, dual-band, Wi-Fi Direct"},{"label":"Bluetooth","value":"5.3, A2DP, LE, aptX HD"},{"label":"Positioning","value":"GPS (L1+L5), GLONASS, BDS (B1I+B1c+B2a), GALILEO (E1+E5a), QZSS (L1+L5), NavIC (L5)"},{"label":"NFC","value":"Yes"},{"label":"USB","value":"USB Type-C 2.0, OTG"},{"label":"Radio","value":"No"}]},{"category":"Features","specs":[{"label":"Sensors","value":"Fingerprint (under display, optical), accelerometer, proximity, gyro, compass"}]},{"category":"Battery","specs":[{"label":"Type","value":"Li-Ion 5000 mAh"},{"label":"Charging","value":"80W wired, PD, 100% in 43 min"}]},{"category":"Misc","specs":[{"label":"Colors","value":"Bloom White, Waving Aqua, Lush Green, Noble Black"},{"label":"Models","value":"V2319"},{"label":"Price","value":"About 450 EUR"}]}]');
INSERT OR IGNORE INTO device_pictures (device_id, url, position) VALUES (876, 'https://fdn2.gsmarena.com/vv/bigpic/vivo-v30-pro.jpg', 0);
INSERT OR IGNORE INTO device_pictures (device_id, url, position) VALUES (876, 'https://fdn2.gsmarena.com/vv/pics/vivo/vivo-v30-pro-1.jpg', 1);
INSERT OR IGNORE INTO device_pictures (device_id, url, position) VALUES (876, 'https://fdn2.gsmarena.com/vv/pics/vivo/vivo-v30-pro-2.jpg', 2);
INSERT OR IGNORE INTO device_pictures (device_id, url, position) VALUES (876, 'https://fdn2.gsmarena.com/vv/pics/vivo/vivo-v30-pro-10.jpg', 3);
INSERT OR IGNORE INTO device_pictures (device_id, url, position) VALUES (876, 'https://fdn.gsmarena.com/imgroot/reviews/24/vivo-v30-pro/lifestyle/-1024w2/gsmarena_001.jpg', 4);
INSERT OR IGNORE INTO device_pictures (device_id, url, position) VALUES (876, 'https://fdn.gsmarena.com/imgroot/reviews/24/vivo-v30-pro/lifestyle/-1024w2/gsmarena_002.jpg', 5);
INSERT OR IGNORE INTO device_pictures (device_id, url, position) VALUES (876, 'https://fdn.gsmarena.com/imgroot/reviews/24/vivo-v30-pro/lifestyle/-1024w2/gsmarena_003.jpg', 6);
INSERT OR IGNORE INTO device_pictures (device_id, url, position) VALUES (876, 'https://fdn.gsmarena.com/imgroot/reviews/24/vivo-v30-pro/lifestyle/-1024w2/gsmarena_004.jpg', 7);
INSERT OR IGNORE INTO device_pictures (device_id, url, position) VALUES (876, 'https://fdn.gsmarena.com/imgroot/reviews/24/vivo-v30-pro/lifestyle/-1024w2/gsmarena_005.jpg', 8);
INSERT OR IGNORE INTO device_pictures (device_id, url, position) VALUES (876, 'https://fdn.gsmarena.com/imgroot/reviews/24/vivo-v30-pro/lifestyle/-1024w2/gsmarena_006.jpg', 9);
INSERT OR IGNORE INTO devices (id, brand_id, name, gsmarena_url, thumbnail_url, summary) VALUES (877, 5, 'Y100t', 'https://www.gsmarena.com/vivo_y100t-12839.php', 'https://fdn2.gsmarena.com/vv/bigpic/vivo-iqoo-z8-china.jpg', 'Y100t');
INSERT OR IGNORE INTO device_specs (device_id, announced, status, network, os, chipset, cpu, gpu, display_size, display_type, display_res, ram, storage, main_camera, selfie_camera, battery, charging, nfc, usb, bluetooth, wlan, colors, weight, dimensions, sim, sensors, popularity, fans, rating, full_specs_json) VALUES (877, '2024, February 23', 'Available. Released 2024, February 28', 'GSM / CDMA / HSPA / CDMA2000 / LTE / 5G / 5G', 'Android 13, OriginOS 3', 'Mediatek Dimensity 8200 (4 nm)', 'Octa-core (1x3.1 GHz Cortex-A78 & 3x3.0 GHz Cortex-A78 & 4x2.0 GHz Cortex-A55)', 'Mali-G610 MC6', '6.64 inches, 106.8 cm 2 (~85.6% screen-to-body ratio)', 'IPS LCD, 120Hz', '1080 x 2388 pixels (~395 ppi density)', '8GB', '256GB', '64 MP, f/1.8, (wide), 1/2.0", 0.7µm, PDAF, OIS, Dual-LED dual-tone flash, HDR, panorama', '16 MP, f/2.5, (wide), 1080p@30fps', '5000 mAh', '120W wired', 'Yes', 'USB Type-C 2.0, OTG', '5.3, A2DP, LE, aptX HD', 'Wi-Fi 802.11 a/b/g/n/ac/6, dual-band, Wi-Fi Direct', 'Black, Blue, Silver', '200 g (7.05 oz)', '164.6 x 75.8 x 8.8 mm (6.48 x 2.98 x 0.35 in)', 'Nano-SIM + Nano-SIM', 'Fingerprint (side-mounted), accelerometer, gyro, proximity, compass', 'About 200 EUR', NULL, NULL, '[{"category":"Network","specs":[{"label":"Technology","value":"GSM / CDMA / HSPA / CDMA2000 / LTE / 5G"},{"label":"2G bands","value":"GSM 850 / 900 / 1800 / 1900"},{"label":"3G bands","value":"HSDPA 850 / 900 / 2100"},{"label":"4G bands","value":"1, 3, 5, 8, 28, 34, 38, 39, 40, 41"},{"label":"5G bands","value":"1, 5, 8, 28, 41, 77, 78 SA/NSA"},{"label":"Speed","value":"HSPA, LTE, 5G"}]},{"category":"Launch","specs":[{"label":"Announced","value":"2024, February 23"},{"label":"Status","value":"Available. Released 2024, February 28"}]},{"category":"Body","specs":[{"label":"Dimensions","value":"164.6 x 75.8 x 8.8 mm (6.48 x 2.98 x 0.35 in)"},{"label":"Weight","value":"200 g (7.05 oz)"},{"label":"Build","value":"Glass front, plastic frame"},{"label":"SIM","value":"Nano-SIM + Nano-SIM"}]},{"category":"Display","specs":[{"label":"Type","value":"IPS LCD, 120Hz"},{"label":"Size","value":"6.64 inches, 106.8 cm 2 (~85.6% screen-to-body ratio)"},{"label":"Resolution","value":"1080 x 2388 pixels (~395 ppi density)"}]},{"category":"Platform","specs":[{"label":"OS","value":"Android 13, OriginOS 3"},{"label":"Chipset","value":"Mediatek Dimensity 8200 (4 nm)"},{"label":"CPU","value":"Octa-core (1x3.1 GHz Cortex-A78 & 3x3.0 GHz Cortex-A78 & 4x2.0 GHz Cortex-A55)"},{"label":"GPU","value":"Mali-G610 MC6"}]},{"category":"Memory","specs":[{"label":"Card slot","value":"No"},{"label":"Internal","value":"256GB 8GB RAM, 256GB 12GB RAM, 512GB 12GB RAM"}]},{"category":"Main Camera","specs":[{"label":"Dual","value":"64 MP, f/1.8, (wide), 1/2.0\\", 0.7µm, PDAF, OIS"},{"label":"Features","value":"Dual-LED dual-tone flash, HDR, panorama"},{"label":"Video","value":"4K@30fps, 1080p@30fps"}]},{"category":"Selfie camera","specs":[{"label":"Single","value":"16 MP, f/2.5, (wide)"},{"label":"Video","value":"1080p@30fps"}]},{"category":"Sound","specs":[{"label":"Loudspeaker","value":"Yes"},{"label":"3.5mm jack","value":"Yes"}]},{"category":"Comms","specs":[{"label":"WLAN","value":"Wi-Fi 802.11 a/b/g/n/ac/6, dual-band, Wi-Fi Direct"},{"label":"Bluetooth","value":"5.3, A2DP, LE, aptX HD"},{"label":"Positioning","value":"GPS (L1), GLONASS (G1), BDS (B1I+B1c), GALILEO (E1), QZSS (L1)"},{"label":"NFC","value":"Yes"},{"label":"USB","value":"USB Type-C 2.0, OTG"},{"label":"Radio","value":"No"}]},{"category":"Features","specs":[{"label":"Sensors","value":"Fingerprint (side-mounted), accelerometer, gyro, proximity, compass"}]},{"category":"Battery","specs":[{"label":"Type","value":"5000 mAh"},{"label":"Charging","value":"120W wired"}]},{"category":"Misc","specs":[{"label":"Colors","value":"Black, Blue, Silver"},{"label":"Models","value":"V2314A"},{"label":"Price","value":"About 200 EUR"}]}]');
INSERT OR IGNORE INTO device_pictures (device_id, url, position) VALUES (877, 'https://fdn2.gsmarena.com/vv/bigpic/vivo-iqoo-z8-china.jpg', 0);
INSERT OR IGNORE INTO device_pictures (device_id, url, position) VALUES (877, 'https://fdn2.gsmarena.com/vv/pics/vivo/vivo-iqoo-z8-china-1.jpg', 1);
INSERT OR IGNORE INTO device_pictures (device_id, url, position) VALUES (877, 'https://fdn2.gsmarena.com/vv/pics/vivo/vivo-iqoo-z8-china-2.jpg', 2);
INSERT OR IGNORE INTO devices (id, brand_id, name, gsmarena_url, thumbnail_url, summary) VALUES (878, 5, 'iQOO Neo9 Pro', 'https://www.gsmarena.com/vivo_iqoo_neo9_pro-12819.php', 'https://fdn2.gsmarena.com/vv/bigpic/vivo-neo9.jpg', 'iQOO Neo9 Pro');
INSERT OR IGNORE INTO device_specs (device_id, announced, status, network, os, chipset, cpu, gpu, display_size, display_type, display_res, ram, storage, main_camera, selfie_camera, battery, charging, nfc, usb, bluetooth, wlan, colors, weight, dimensions, sim, sensors, popularity, fans, rating, full_specs_json) VALUES (878, '2024, February 22', 'Available. Released 2024, February 22', 'GSM / HSPA / LTE / 5G / 5G', 'Android 14, Funtouch 14', 'Qualcomm SM8550-AB Snapdragon 8 Gen 2 (4 nm)', 'Octa-core (1x3.2 GHz Cortex-X3 & 2x2.8 GHz Cortex-A715 & 2x2.8 GHz Cortex-A710 & 3x2.0 GHz Cortex-A510)', 'Adreno 740', '6.78 inches, 111.0 cm 2 (~89.7% screen-to-body ratio)', 'LTPO AMOLED, 1B colors, 144Hz, HDR10+, 1400 nits (HBM), 3000 nits (peak)', '1260 x 2800 pixels, 20:9 ratio (~453 ppi density)', '8GB', '128GB', '50 MP, f/1.9, (wide), 1/1.49", PDAF, OIS, LED flash, panorama, HDR', '16 MP, f/2.5, (wide), 1/3.1", 1080p@30fps', 'Li-Po 5160 mAh', '120W wired, 50% in 11 min', 'Yes (market/region dependent)', 'USB Type-C 2.0, OTG', '5.3, A2DP, LE, aptX HD, aptX Adaptive, aptX Lossless', 'Wi-Fi 802.11 a/b/g/n/ac/6/7, dual-band, Wi-Fi Direct', 'Fiery Red, Conqueror Black', '190 g or 196 g (6.70 oz)', '163.5 x 75.7 x 8.0 mm or 8.3 mm', 'Nano-SIM + Nano-SIM', 'Fingerprint (under display, optical), accelerometer, gyro, proximity, compass', NULL, NULL, NULL, '[{"category":"Network","specs":[{"label":"Technology","value":"GSM / HSPA / LTE / 5G"},{"label":"2G bands","value":"GSM 850 / 900 / 1800 / 1900"},{"label":"3G bands","value":"HSDPA 850 / 900 / 1700(AWS) / 1900 / 2100"},{"label":"4G bands","value":"1, 3, 4, 5, 7, 8, 18, 19, 26, 28, 38, 39, 40, 41"},{"label":"5G bands","value":"1, 3, 5, 8, 28, 38, 40, 41, 77, 78 SA/NSA"},{"label":"Speed","value":"HSPA, LTE, 5G"}]},{"category":"Launch","specs":[{"label":"Announced","value":"2024, February 22"},{"label":"Status","value":"Available. Released 2024, February 22"}]},{"category":"Body","specs":[{"label":"Dimensions","value":"163.5 x 75.7 x 8.0 mm or 8.3 mm"},{"label":"Weight","value":"190 g or 196 g (6.70 oz)"},{"label":"Build","value":"Glass front, glass back or silicone polymer back (eco leather), plastic frame"},{"label":"SIM","value":"Nano-SIM + Nano-SIM"}]},{"category":"Display","specs":[{"label":"Type","value":"LTPO AMOLED, 1B colors, 144Hz, HDR10+, 1400 nits (HBM), 3000 nits (peak)"},{"label":"Size","value":"6.78 inches, 111.0 cm 2 (~89.7% screen-to-body ratio)"},{"label":"Resolution","value":"1260 x 2800 pixels, 20:9 ratio (~453 ppi density)"},{"label":"Protection","value":"Schott Xensation Up"}]},{"category":"Platform","specs":[{"label":"OS","value":"Android 14, Funtouch 14"},{"label":"Chipset","value":"Qualcomm SM8550-AB Snapdragon 8 Gen 2 (4 nm)"},{"label":"CPU","value":"Octa-core (1x3.2 GHz Cortex-X3 & 2x2.8 GHz Cortex-A715 & 2x2.8 GHz Cortex-A710 & 3x2.0 GHz Cortex-A510)"},{"label":"GPU","value":"Adreno 740"}]},{"category":"Memory","specs":[{"label":"Card slot","value":"No"},{"label":"Internal","value":"128GB 8GB RAM, 256GB 8GB RAM, 256GB 12GB RAM"}]},{"category":"Main Camera","specs":[{"label":"Dual","value":"50 MP, f/1.9, (wide), 1/1.49\\", PDAF, OIS"},{"label":"Features","value":"LED flash, panorama, HDR"},{"label":"Video","value":"8K@30fps, 4K, 1080p, gyro-EIS"}]},{"category":"Selfie camera","specs":[{"label":"Single","value":"16 MP, f/2.5, (wide), 1/3.1\\""},{"label":"Video","value":"1080p@30fps"}]},{"category":"Sound","specs":[{"label":"Loudspeaker","value":"Yes, with stereo speakers (closed type)"},{"label":"3.5mm jack","value":"No"}]},{"category":"Comms","specs":[{"label":"WLAN","value":"Wi-Fi 802.11 a/b/g/n/ac/6/7, dual-band, Wi-Fi Direct"},{"label":"Bluetooth","value":"5.3, A2DP, LE, aptX HD, aptX Adaptive, aptX Lossless"},{"label":"Positioning","value":"GPS, GALILEO, GLONASS, QZSS, BDS"},{"label":"NFC","value":"Yes (market/region dependent)"},{"label":"USB","value":"USB Type-C 2.0, OTG"},{"label":"Radio","value":"No"},{"label":"Infrared port","value":"Yes"}]},{"category":"Features","specs":[{"label":"Sensors","value":"Fingerprint (under display, optical), accelerometer, gyro, proximity, compass"}]},{"category":"Battery","specs":[{"label":"Type","value":"Li-Po 5160 mAh"},{"label":"Charging","value":"120W wired, 50% in 11 min"}]},{"category":"Misc","specs":[{"label":"Colors","value":"Fiery Red, Conqueror Black"},{"label":"Models","value":"I2304"}]}]');
INSERT OR IGNORE INTO device_pictures (device_id, url, position) VALUES (878, 'https://fdn2.gsmarena.com/vv/bigpic/vivo-neo9.jpg', 0);
INSERT OR IGNORE INTO device_pictures (device_id, url, position) VALUES (878, 'https://fdn2.gsmarena.com/vv/pics/vivo/vivo-neo9-1.jpg', 1);
INSERT OR IGNORE INTO device_pictures (device_id, url, position) VALUES (878, 'https://fdn2.gsmarena.com/vv/pics/vivo/vivo-neo9-pro-10.jpg', 2);
INSERT OR IGNORE INTO devices (id, brand_id, name, gsmarena_url, thumbnail_url, summary) VALUES (879, 5, 'Y200e', 'https://www.gsmarena.com/vivo_y200e-12836.php', 'https://fdn2.gsmarena.com/vv/bigpic/vivo-y200e-5g.jpg', 'Y200e');
INSERT OR IGNORE INTO device_specs (device_id, announced, status, network, os, chipset, cpu, gpu, display_size, display_type, display_res, ram, storage, main_camera, selfie_camera, battery, charging, nfc, usb, bluetooth, wlan, colors, weight, dimensions, sim, sensors, popularity, fans, rating, full_specs_json) VALUES (879, '2024, February 22', 'Available. Released 2024, February 22', 'GSM / HSPA / LTE / 5G / 5G', 'Android 14, Funtouch 14', 'Qualcomm SM4450 Snapdragon 4 Gen 2 (4 nm)', 'Octa-core (2x2.2 GHz Cortex-A78 & 6x1.95 GHz Cortex-A55)', 'Adreno 613', '6.67 inches, 107.4 cm 2 (~86.8% screen-to-body ratio)', 'AMOLED, 120Hz, 1800 nits (peak)', '1080 x 2400 pixels, 20:9 ratio (~395 ppi density)', '6GB', '128GB', '50 MP, f/1.8, (wide), PDAF, LED flash, panorama, HDR', '16 MP, f/2.0, (wide), 1080p@30fps', 'Li-Ion 5000 mAh', '44W wired, 32% in 15 min', 'No', 'USB Type-C 2.0, OTG', '5.0, A2DP, LE', 'Wi-Fi 802.11 a/b/g/n/ac, dual-band', 'Black Diamond, Saffron Delight', '185.5 g or 191 g (6.56 oz)', '163.2 x 75.8 x 7.8 mm (6.43 x 2.98 x 0.31 in)', 'Nano-SIM + Nano-SIM', 'Fingerprint (under display, optical), accelerometer, gyro, proximity, compass, flicker', 'About 220 EUR', NULL, NULL, '[{"category":"Network","specs":[{"label":"Technology","value":"GSM / HSPA / LTE / 5G"},{"label":"2G bands","value":"GSM 850 / 900 / 1800 / 1900"},{"label":"3G bands","value":"HSDPA 850 / 900 / 2100"},{"label":"4G bands","value":"1, 3, 5, 8, 28, 38, 40, 41"},{"label":"5G bands","value":"1, 3, 5, 8, 28, 40, 77, 78 SA/NSA"},{"label":"Speed","value":"HSPA, LTE, 5G"}]},{"category":"Launch","specs":[{"label":"Announced","value":"2024, February 22"},{"label":"Status","value":"Available. Released 2024, February 22"}]},{"category":"Body","specs":[{"label":"Dimensions","value":"163.2 x 75.8 x 7.8 mm (6.43 x 2.98 x 0.31 in)"},{"label":"Weight","value":"185.5 g or 191 g (6.56 oz)"},{"label":"Build","value":"Glass front, plastic or silicone polymer (eco leather) back"},{"label":"SIM","value":"Nano-SIM + Nano-SIM"}]},{"category":"Display","specs":[{"label":"Type","value":"AMOLED, 120Hz, 1800 nits (peak)"},{"label":"Size","value":"6.67 inches, 107.4 cm 2 (~86.8% screen-to-body ratio)"},{"label":"Resolution","value":"1080 x 2400 pixels, 20:9 ratio (~395 ppi density)"}]},{"category":"Platform","specs":[{"label":"OS","value":"Android 14, Funtouch 14"},{"label":"Chipset","value":"Qualcomm SM4450 Snapdragon 4 Gen 2 (4 nm)"},{"label":"CPU","value":"Octa-core (2x2.2 GHz Cortex-A78 & 6x1.95 GHz Cortex-A55)"},{"label":"GPU","value":"Adreno 613"}]},{"category":"Memory","specs":[{"label":"Card slot","value":"microSDXC (uses shared SIM slot)"},{"label":"Internal","value":"128GB 6GB RAM, 128GB 8GB RAM"}]},{"category":"Main Camera","specs":[{"label":"Dual","value":"50 MP, f/1.8, (wide), PDAF"},{"label":"Features","value":"LED flash, panorama, HDR"},{"label":"Video","value":"1080p@30fps"}]},{"category":"Selfie camera","specs":[{"label":"Single","value":"16 MP, f/2.0, (wide)"},{"label":"Video","value":"1080p@30fps"}]},{"category":"Sound","specs":[{"label":"Loudspeaker","value":"Yes, with stereo speakers"},{"label":"3.5mm jack","value":"No"}]},{"category":"Comms","specs":[{"label":"WLAN","value":"Wi-Fi 802.11 a/b/g/n/ac, dual-band"},{"label":"Bluetooth","value":"5.0, A2DP, LE"},{"label":"Positioning","value":"GPS, GLONASS, GALILEO, BDS, QZSS"},{"label":"NFC","value":"No"},{"label":"USB","value":"USB Type-C 2.0, OTG"},{"label":"Radio","value":"No"}]},{"category":"Features","specs":[{"label":"Sensors","value":"Fingerprint (under display, optical), accelerometer, gyro, proximity, compass, flicker"}]},{"category":"Battery","specs":[{"label":"Type","value":"Li-Ion 5000 mAh"},{"label":"Charging","value":"44W wired, 32% in 15 min"}]},{"category":"Misc","specs":[{"label":"Colors","value":"Black Diamond, Saffron Delight"},{"label":"Models","value":"V2336"},{"label":"Price","value":"About 220 EUR"}]}]');
INSERT OR IGNORE INTO device_pictures (device_id, url, position) VALUES (879, 'https://fdn2.gsmarena.com/vv/bigpic/vivo-y200e-5g.jpg', 0);
INSERT OR IGNORE INTO device_pictures (device_id, url, position) VALUES (879, 'https://fdn2.gsmarena.com/vv/pics/vivo/vivo-y200e-5g-1.jpg', 1);
INSERT OR IGNORE INTO device_pictures (device_id, url, position) VALUES (879, 'https://fdn2.gsmarena.com/vv/pics/vivo/vivo-y200e-5g-2.jpg', 2);
INSERT OR IGNORE INTO devices (id, brand_id, name, gsmarena_url, thumbnail_url, summary) VALUES (880, 5, 'V30', 'https://www.gsmarena.com/vivo_v30-12818.php', 'https://fdn2.gsmarena.com/vv/bigpic/vivo-s18.jpg', 'V30');
INSERT OR IGNORE INTO device_specs (device_id, announced, status, network, os, chipset, cpu, gpu, display_size, display_type, display_res, ram, storage, main_camera, selfie_camera, battery, charging, nfc, usb, bluetooth, wlan, colors, weight, dimensions, sim, sensors, popularity, fans, rating, full_specs_json) VALUES (880, '2024, February 04', 'Available. Released 2024, March 04', 'GSM / HSPA / LTE / 5G / 5G', 'Android 14, up to 2 major Android upgrades, Funtouch 14', 'Qualcomm SM7550-AB Snapdragon 7 Gen 3 (4 nm)', 'Octa-core (1x2.63 GHz Cortex-A715 & 3x2.4 GHz Cortex-A715 & 4x1.8 GHz Cortex-A510)', 'Adreno 720', '6.78 inches, 111.0 cm 2 (~89.9% screen-to-body ratio)', 'AMOLED, 1B colors, HDR10+, 120Hz, 1200 nits (HBM), 2800 nits (peak)', '1260 x 2800 pixels, 20:9 ratio (~453 ppi density)', '8GB', '128GB', '50 MP, f/1.9, 23mm (wide), 1/1.55", 1.0µm, PDAF, OIS, Ring-LED flash, panorama, HDR', '50 MP, f/2.0, 21mm (wide), 1/2.76", 0.64µm, AF, 4K@30fps, 1080p@30fps', 'Li-Ion 5000 mAh', '80W wired, PD, 100% in 48 min', 'Yes (market/region dependent)', 'USB Type-C 2.0, OTG', '5.4, A2DP, LE, aptX HD, aptX Adaptive, aptX Lossless', 'Wi-Fi 802.11 a/b/g/n/ac/6, dual-band, Wi-Fi Direct', 'Bloom White, Waving Aqua, Lush Green, Noble Black', '186 g (6.56 oz)', '164.4 x 75.1 x 7.5 mm (6.47 x 2.96 x 0.30 in)', '· Nano-SIM · Nano-SIM + Nano-SIM', 'Fingerprint (under display, optical), accelerometer, gyro, proximity, compass', '₹ 28,998', NULL, NULL, '[{"category":"Network","specs":[{"label":"Technology","value":"GSM / HSPA / LTE / 5G"},{"label":"2G bands","value":"GSM 850 / 900 / 1800 / 1900"},{"label":"3G bands","value":"HSDPA 850 / 900 / 1700(AWS) / 1900 / 2100"},{"label":"4G bands","value":"1, 2, 3, 4, 5, 7, 8, 12, 13, 17, 18, 19, 20, 26, 28, 38, 40, 41, 66"},{"label":"5G bands","value":"1, 2, 3, 5, 7, 8, 20, 26, 28, 38, 40, 41, 66, 77, 78 SA/NSA"},{"label":"Speed","value":"HSPA, LTE, 5G"}]},{"category":"Launch","specs":[{"label":"Announced","value":"2024, February 04"},{"label":"Status","value":"Available. Released 2024, March 04"}]},{"category":"Body","specs":[{"label":"Dimensions","value":"164.4 x 75.1 x 7.5 mm (6.47 x 2.96 x 0.30 in)"},{"label":"Weight","value":"186 g (6.56 oz)"},{"label":"Build","value":"Glass front, plastic frame, glass back"},{"label":"SIM","value":"· Nano-SIM · Nano-SIM + Nano-SIM"}]},{"category":"Display","specs":[{"label":"Type","value":"AMOLED, 1B colors, HDR10+, 120Hz, 1200 nits (HBM), 2800 nits (peak)"},{"label":"Size","value":"6.78 inches, 111.0 cm 2 (~89.9% screen-to-body ratio)"},{"label":"Resolution","value":"1260 x 2800 pixels, 20:9 ratio (~453 ppi density)"},{"label":"Protection","value":"Schott Alpha"}]},{"category":"Platform","specs":[{"label":"OS","value":"Android 14, up to 2 major Android upgrades, Funtouch 14"},{"label":"Chipset","value":"Qualcomm SM7550-AB Snapdragon 7 Gen 3 (4 nm)"},{"label":"CPU","value":"Octa-core (1x2.63 GHz Cortex-A715 & 3x2.4 GHz Cortex-A715 & 4x1.8 GHz Cortex-A510)"},{"label":"GPU","value":"Adreno 720"}]},{"category":"Memory","specs":[{"label":"Card slot","value":"No"},{"label":"Internal","value":"128GB 8GB RAM, 256GB 8GB RAM, 256GB 12GB RAM, 512GB 12GB RAM"}]},{"category":"Main Camera","specs":[{"label":"Triple","value":"50 MP, f/1.9, 23mm (wide), 1/1.55\\", 1.0µm, PDAF, OIS"},{"label":"Features","value":"Ring-LED flash, panorama, HDR"},{"label":"Video","value":"4K@30fps, 1080p@30fps, gyro-EIS"}]},{"category":"Selfie camera","specs":[{"label":"Single","value":"50 MP, f/2.0, 21mm (wide), 1/2.76\\", 0.64µm, AF"},{"label":"Video","value":"4K@30fps, 1080p@30fps"},{"label":"Features","value":"Dual-LED flash, HDR"}]},{"category":"Sound","specs":[{"label":"Loudspeaker","value":"Yes"},{"label":"3.5mm jack","value":"No"}]},{"category":"Comms","specs":[{"label":"WLAN","value":"Wi-Fi 802.11 a/b/g/n/ac/6, dual-band, Wi-Fi Direct"},{"label":"Bluetooth","value":"5.4, A2DP, LE, aptX HD, aptX Adaptive, aptX Lossless"},{"label":"Positioning","value":"GPS, GALILEO, GLONASS, QZSS, BDS"},{"label":"NFC","value":"Yes (market/region dependent)"},{"label":"USB","value":"USB Type-C 2.0, OTG"},{"label":"Radio","value":"No"}]},{"category":"Features","specs":[{"label":"Sensors","value":"Fingerprint (under display, optical), accelerometer, gyro, proximity, compass"}]},{"category":"Battery","specs":[{"label":"Type","value":"Li-Ion 5000 mAh"},{"label":"Charging","value":"80W wired, PD, 100% in 48 min"}]},{"category":"Misc","specs":[{"label":"Colors","value":"Bloom White, Waving Aqua, Lush Green, Noble Black"},{"label":"Models","value":"V2318"},{"label":"Price","value":"₹ 28,998"}]}]');
INSERT OR IGNORE INTO device_pictures (device_id, url, position) VALUES (880, 'https://fdn2.gsmarena.com/vv/bigpic/vivo-s18.jpg', 0);
INSERT OR IGNORE INTO device_pictures (device_id, url, position) VALUES (880, 'https://fdn2.gsmarena.com/vv/pics/vivo/vivo-v30-1.jpg', 1);
INSERT OR IGNORE INTO device_pictures (device_id, url, position) VALUES (880, 'https://fdn2.gsmarena.com/vv/pics/vivo/vivo-v30-10.jpg', 2);
INSERT OR IGNORE INTO device_pictures (device_id, url, position) VALUES (880, 'https://fdn.gsmarena.com/imgroot/reviews/24/vivo-v30/lifestyle/-1024w2/gsmarena_001.jpg', 3);
INSERT OR IGNORE INTO device_pictures (device_id, url, position) VALUES (880, 'https://fdn.gsmarena.com/imgroot/reviews/24/vivo-v30/lifestyle/-1024w2/gsmarena_003.jpg', 4);
INSERT OR IGNORE INTO device_pictures (device_id, url, position) VALUES (880, 'https://fdn.gsmarena.com/imgroot/reviews/24/vivo-v30/lifestyle/-1024w2/gsmarena_004.jpg', 5);
INSERT OR IGNORE INTO device_pictures (device_id, url, position) VALUES (880, 'https://fdn.gsmarena.com/imgroot/reviews/24/vivo-v30/lifestyle/-1024w2/gsmarena_005.jpg', 6);
INSERT OR IGNORE INTO device_pictures (device_id, url, position) VALUES (880, 'https://fdn.gsmarena.com/imgroot/reviews/24/vivo-v30/lifestyle/-1024w2/gsmarena_006.jpg', 7);
INSERT OR IGNORE INTO device_pictures (device_id, url, position) VALUES (880, 'https://fdn.gsmarena.com/imgroot/reviews/24/vivo-v30/lifestyle/-1024w2/gsmarena_007.jpg', 8);
INSERT OR IGNORE INTO device_pictures (device_id, url, position) VALUES (880, 'https://fdn.gsmarena.com/imgroot/reviews/24/vivo-v30/lifestyle/-1024w2/gsmarena_008.jpg', 9);
INSERT OR IGNORE INTO devices (id, brand_id, name, gsmarena_url, thumbnail_url, summary) VALUES (881, 5, 'Y100 (IDN)', 'https://www.gsmarena.com/vivo_y100_(idn)-12806.php', 'https://fdn2.gsmarena.com/vv/bigpic/vivo-y100-5g-indonesia.jpg', 'Y100 (IDN)');
INSERT OR IGNORE INTO device_specs (device_id, announced, status, network, os, chipset, cpu, gpu, display_size, display_type, display_res, ram, storage, main_camera, selfie_camera, battery, charging, nfc, usb, bluetooth, wlan, colors, weight, dimensions, sim, sensors, popularity, fans, rating, full_specs_json) VALUES (881, '2024, January 25', 'Available. Released 2024, February 02', 'GSM / HSPA / LTE / 5G / 5G', 'Android 14, Funtouch 14', 'Qualcomm SM4450 Snapdragon 4 Gen 2 (4 nm)', 'Octa-core (2x2.2 GHz Cortex-A78 & 6x1.95 GHz Cortex-A55)', 'Adreno 613', '6.67 inches, 107.4 cm 2 (~86.8% screen-to-body ratio)', 'AMOLED, 1B colors, 120Hz, 1200 nits (peak)', '1080 x 2400 pixels, 20:9 ratio (~395 ppi density)', '8GB', '128GB', '50 MP, f/1.8, (wide), PDAF, LED flash, panorama, HDR', '8 MP, f/1.8, (wide), 1080p@30fps', '5000 mAh', '80W wired, 45% in 15 min', 'Yes', 'USB Type-C 2.0, OTG', '5.0, A2DP, LE', 'Wi-Fi 802.11 a/b/g/n/ac, dual-band', 'Purple Orchid, Black Onyx', '185.5 g or 191 g (6.56 oz)', '163.2 x 75.8 x 7.8 mm (6.43 x 2.98 x 0.31 in)', 'Nano-SIM + Nano-SIM', 'Fingerprint (under display, optical), accelerometer, gyro, proximity, compass', 'About 220 EUR', NULL, NULL, '[{"category":"Network","specs":[{"label":"Technology","value":"GSM / HSPA / LTE / 5G"},{"label":"2G bands","value":"GSM 850 / 900 / 1800 / 1900"},{"label":"3G bands","value":"HSDPA 850 / 900 / 1700(AWS) / 1900 / 2100"},{"label":"4G bands","value":"1, 2, 3, 4, 5, 7, 8, 18, 19, 20, 26, 28, 38, 39, 40, 41 - Indonesia"},{"label":"5G bands","value":"1, 3, 5, 7, 8, 20, 28, 38, 40, 41, 77, 78 SA/NSA - Indonesia"},{"label":"Speed","value":"HSPA, LTE, 5G"}]},{"category":"Launch","specs":[{"label":"Announced","value":"2024, January 25"},{"label":"Status","value":"Available. Released 2024, February 02"}]},{"category":"Body","specs":[{"label":"Dimensions","value":"163.2 x 75.8 x 7.8 mm (6.43 x 2.98 x 0.31 in)"},{"label":"Weight","value":"185.5 g or 191 g (6.56 oz)"},{"label":"Build","value":"Glass front, plastic or silicone polymer (eco leather) back"},{"label":"SIM","value":"Nano-SIM + Nano-SIM"}]},{"category":"Display","specs":[{"label":"Type","value":"AMOLED, 1B colors, 120Hz, 1200 nits (peak)"},{"label":"Size","value":"6.67 inches, 107.4 cm 2 (~86.8% screen-to-body ratio)"},{"label":"Resolution","value":"1080 x 2400 pixels, 20:9 ratio (~395 ppi density)"}]},{"category":"Platform","specs":[{"label":"OS","value":"Android 14, Funtouch 14"},{"label":"Chipset","value":"Qualcomm SM4450 Snapdragon 4 Gen 2 (4 nm)"},{"label":"CPU","value":"Octa-core (2x2.2 GHz Cortex-A78 & 6x1.95 GHz Cortex-A55)"},{"label":"GPU","value":"Adreno 613"}]},{"category":"Memory","specs":[{"label":"Card slot","value":"microSDXC"},{"label":"Internal","value":"128GB 8GB RAM, 256GB 8GB RAM"}]},{"category":"Main Camera","specs":[{"label":"Dual","value":"50 MP, f/1.8, (wide), PDAF"},{"label":"Features","value":"LED flash, panorama, HDR"},{"label":"Video","value":"1080p@30fps"}]},{"category":"Selfie camera","specs":[{"label":"Single","value":"8 MP, f/1.8, (wide)"},{"label":"Video","value":"1080p@30fps"}]},{"category":"Sound","specs":[{"label":"Loudspeaker","value":"Yes, with stereo speakers"},{"label":"3.5mm jack","value":"No"}]},{"category":"Comms","specs":[{"label":"WLAN","value":"Wi-Fi 802.11 a/b/g/n/ac, dual-band"},{"label":"Bluetooth","value":"5.0, A2DP, LE"},{"label":"Positioning","value":"GPS, GLONASS, GALILEO, BDS, QZSS"},{"label":"NFC","value":"Yes"},{"label":"USB","value":"USB Type-C 2.0, OTG"},{"label":"Radio","value":"Unspecified"}]},{"category":"Features","specs":[{"label":"Sensors","value":"Fingerprint (under display, optical), accelerometer, gyro, proximity, compass"}]},{"category":"Battery","specs":[{"label":"Type","value":"5000 mAh"},{"label":"Charging","value":"80W wired, 45% in 15 min"}]},{"category":"Misc","specs":[{"label":"Colors","value":"Purple Orchid, Black Onyx"},{"label":"Models","value":"V2327"},{"label":"Price","value":"About 220 EUR"}]}]');
INSERT OR IGNORE INTO device_pictures (device_id, url, position) VALUES (881, 'https://fdn2.gsmarena.com/vv/bigpic/vivo-y100-5g-indonesia.jpg', 0);
INSERT OR IGNORE INTO device_pictures (device_id, url, position) VALUES (881, 'https://fdn2.gsmarena.com/vv/pics/vivo/vivo-y100-5g-indonesia-1.jpg', 1);
INSERT OR IGNORE INTO device_pictures (device_id, url, position) VALUES (881, 'https://fdn2.gsmarena.com/vv/pics/vivo/vivo-y100-5g-indonesia-2.jpg', 2);
INSERT OR IGNORE INTO devices (id, brand_id, name, gsmarena_url, thumbnail_url, summary) VALUES (882, 5, 'Y28', 'https://www.gsmarena.com/vivo_y28-12860.php', 'https://fdn2.gsmarena.com/vv/bigpic/vivo-y28-5g-.jpg', 'Y28');
INSERT OR IGNORE INTO device_specs (device_id, announced, status, network, os, chipset, cpu, gpu, display_size, display_type, display_res, ram, storage, main_camera, selfie_camera, battery, charging, nfc, usb, bluetooth, wlan, colors, weight, dimensions, sim, sensors, popularity, fans, rating, full_specs_json) VALUES (882, '2024, January 07', 'Available. Released 2024, January 07', 'GSM / HSPA / LTE / 5G / 5G', 'Android 13, Funtouch 13', 'Mediatek Dimensity 6020 (7 nm)', 'Octa-core (2x2.2 GHz Cortex-A76 & 6x2.0 GHz Cortex-A55)', 'Mali-G57 MC2', '6.56 inches, 103.4 cm 2 (~83.8% screen-to-body ratio)', 'IPS LCD, 90Hz, 840 nits (HBM)', '720 x 1612 pixels, 20:9 ratio (~269 ppi density)', '4GB', '128GB', '50 MP, f/1.8, (wide), PDAF, LED flash, panorama', '8 MP, f/2.0, (wide), 1080p@30fps', 'Li-Ion 5000 mAh', '15W wired', 'No', 'USB Type-C 2.0, OTG', '5.1, A2DP, LE', 'Wi-Fi 802.11 a/b/g/n/ac, dual-band', 'Crystal Purple, Glitter Aqua', '186 g (6.56 oz)', '163.7 x 75.4 x 8.1 mm (6.44 x 2.97 x 0.32 in)', 'Nano-SIM + Nano-SIM', 'Fingerprint (side-mounted), accelerometer, proximity, compass', NULL, NULL, NULL, '[{"category":"Network","specs":[{"label":"Technology","value":"GSM / HSPA / LTE / 5G"},{"label":"2G bands","value":"GSM 850 / 900 / 1800 / 1900"},{"label":"3G bands","value":"HSDPA 850 / 900 / 2100"},{"label":"4G bands","value":"1, 3, 5, 8, 28, 38, 40, 41"},{"label":"5G bands","value":"1, 3, 5, 8, 28, 77, 78 SA/NSA"},{"label":"Speed","value":"HSPA, LTE, 5G"}]},{"category":"Launch","specs":[{"label":"Announced","value":"2024, January 07"},{"label":"Status","value":"Available. Released 2024, January 07"}]},{"category":"Body","specs":[{"label":"Dimensions","value":"163.7 x 75.4 x 8.1 mm (6.44 x 2.97 x 0.32 in)"},{"label":"Weight","value":"186 g (6.56 oz)"},{"label":"Build","value":"Glass front, plastic frame, plastic back"},{"label":"SIM","value":"Nano-SIM + Nano-SIM"}]},{"category":"Display","specs":[{"label":"Type","value":"IPS LCD, 90Hz, 840 nits (HBM)"},{"label":"Size","value":"6.56 inches, 103.4 cm 2 (~83.8% screen-to-body ratio)"},{"label":"Resolution","value":"720 x 1612 pixels, 20:9 ratio (~269 ppi density)"}]},{"category":"Platform","specs":[{"label":"OS","value":"Android 13, Funtouch 13"},{"label":"Chipset","value":"Mediatek Dimensity 6020 (7 nm)"},{"label":"CPU","value":"Octa-core (2x2.2 GHz Cortex-A76 & 6x2.0 GHz Cortex-A55)"},{"label":"GPU","value":"Mali-G57 MC2"}]},{"category":"Memory","specs":[{"label":"Card slot","value":"microSDXC (uses shared SIM slot)"},{"label":"Internal","value":"128GB 4GB RAM, 128GB 6GB RAM, 128GB 8GB RAM"}]},{"category":"Main Camera","specs":[{"label":"Dual","value":"50 MP, f/1.8, (wide), PDAF"},{"label":"Features","value":"LED flash, panorama"},{"label":"Video","value":"1080p@30fps"}]},{"category":"Selfie camera","specs":[{"label":"Single","value":"8 MP, f/2.0, (wide)"},{"label":"Video","value":"1080p@30fps"}]},{"category":"Sound","specs":[{"label":"Loudspeaker","value":"Yes"},{"label":"3.5mm jack","value":"Yes"}]},{"category":"Comms","specs":[{"label":"WLAN","value":"Wi-Fi 802.11 a/b/g/n/ac, dual-band"},{"label":"Bluetooth","value":"5.1, A2DP, LE"},{"label":"Positioning","value":"GPS, GALILEO, GLONASS, BDS, QZSS"},{"label":"NFC","value":"No"},{"label":"USB","value":"USB Type-C 2.0, OTG"},{"label":"Radio","value":"FM radio"}]},{"category":"Features","specs":[{"label":"Sensors","value":"Fingerprint (side-mounted), accelerometer, proximity, compass"}]},{"category":"Battery","specs":[{"label":"Type","value":"Li-Ion 5000 mAh"},{"label":"Charging","value":"15W wired"}]},{"category":"Misc","specs":[{"label":"Colors","value":"Crystal Purple, Glitter Aqua"},{"label":"SAR","value":"0.98 W/kg (head)     0.86 W/kg (body)"}]}]');
INSERT OR IGNORE INTO device_pictures (device_id, url, position) VALUES (882, 'https://fdn2.gsmarena.com/vv/bigpic/vivo-y28-5g-.jpg', 0);
INSERT OR IGNORE INTO device_pictures (device_id, url, position) VALUES (882, 'https://fdn2.gsmarena.com/vv/pics/vivo/vivo-y28-5g-1.jpg', 1);
INSERT OR IGNORE INTO device_pictures (device_id, url, position) VALUES (882, 'https://fdn2.gsmarena.com/vv/pics/vivo/vivo-y28-5g-2.jpg', 2);
INSERT OR IGNORE INTO devices (id, brand_id, name, gsmarena_url, thumbnail_url, summary) VALUES (883, 5, 'G2', 'https://www.gsmarena.com/vivo_g2-12800.php', 'https://fdn2.gsmarena.com/vv/bigpic/vivo-g2.jpg', 'G2');
INSERT OR IGNORE INTO device_specs (device_id, announced, status, network, os, chipset, cpu, gpu, display_size, display_type, display_res, ram, storage, main_camera, selfie_camera, battery, charging, nfc, usb, bluetooth, wlan, colors, weight, dimensions, sim, sensors, popularity, fans, rating, full_specs_json) VALUES (883, '2024, January 19', 'Available. Released 2024, January 19', 'GSM / HSPA / LTE / 5G / 5G', 'Android 13, OriginOS 3', 'Mediatek Dimensity 6020 (7 nm)', 'Octa-core (2x2.2 GHz Cortex-A76 & 6x2.0 GHz Cortex-A55)', 'Mali-G57 MC2', '6.56 inches, 103.4 cm 2 (~83.8% screen-to-body ratio)', 'IPS LCD, 90Hz, 840 nits (HBM)', '720 x 1612 pixels, 20:9 ratio (~269 ppi density)', '4GB', '128GB', '13 MP, f/2.2, (wide), PDAF, LED flash, panorama', '5 MP, f/1.8, (wide), Yes', '5000 mAh', '15W wired', 'No', 'USB Type-C 2.0, OTG', '5.1, A2DP, LE, aptX HD', 'Wi-Fi 802.11 a/b/g/n/ac, dual-band', 'Black', '186 g (6.56 oz)', '163.7 x 75.4 x 8.1 mm (6.44 x 2.97 x 0.32 in)', 'Nano-SIM + Nano-SIM', 'Fingerprint (side-mounted), accelerometer, proximity, compass', 'About 160 EUR', NULL, NULL, '[{"category":"Network","specs":[{"label":"Technology","value":"GSM / HSPA / LTE / 5G"},{"label":"2G bands","value":"GSM 850 / 900 / 1800 / 1900"},{"label":"3G bands","value":"HSDPA 850 / 900 / 2100"},{"label":"4G bands","value":"1, 3, 5, 8, 28, 34, 38, 39, 40, 41"},{"label":"5G bands","value":"1, 5, 8, 28, 41, 77, 78 SA/NSA"},{"label":"Speed","value":"HSPA, LTE, 5G"}]},{"category":"Launch","specs":[{"label":"Announced","value":"2024, January 19"},{"label":"Status","value":"Available. Released 2024, January 19"}]},{"category":"Body","specs":[{"label":"Dimensions","value":"163.7 x 75.4 x 8.1 mm (6.44 x 2.97 x 0.32 in)"},{"label":"Weight","value":"186 g (6.56 oz)"},{"label":"Build","value":"Glass front, plastic frame, plastic back"},{"label":"SIM","value":"Nano-SIM + Nano-SIM"}]},{"category":"Display","specs":[{"label":"Type","value":"IPS LCD, 90Hz, 840 nits (HBM)"},{"label":"Size","value":"6.56 inches, 103.4 cm 2 (~83.8% screen-to-body ratio)"},{"label":"Resolution","value":"720 x 1612 pixels, 20:9 ratio (~269 ppi density)"}]},{"category":"Platform","specs":[{"label":"OS","value":"Android 13, OriginOS 3"},{"label":"Chipset","value":"Mediatek Dimensity 6020 (7 nm)"},{"label":"CPU","value":"Octa-core (2x2.2 GHz Cortex-A76 & 6x2.0 GHz Cortex-A55)"},{"label":"GPU","value":"Mali-G57 MC2"}]},{"category":"Memory","specs":[{"label":"Card slot","value":"No"},{"label":"Internal","value":"128GB 4GB RAM, 128GB 6GB RAM, 128GB 8GB RAM, 256GB 8GB RAM"}]},{"category":"Main Camera","specs":[{"label":"Single","value":"13 MP, f/2.2, (wide), PDAF"},{"label":"Features","value":"LED flash, panorama"},{"label":"Video","value":"1080p@30fps"}]},{"category":"Selfie camera","specs":[{"label":"Single","value":"5 MP, f/1.8, (wide)"},{"label":"Video","value":"Yes"}]},{"category":"Sound","specs":[{"label":"Loudspeaker","value":"Yes"},{"label":"3.5mm jack","value":"Yes"}]},{"category":"Comms","specs":[{"label":"WLAN","value":"Wi-Fi 802.11 a/b/g/n/ac, dual-band"},{"label":"Bluetooth","value":"5.1, A2DP, LE, aptX HD"},{"label":"Positioning","value":"GPS, GLONASS, BDS"},{"label":"NFC","value":"No"},{"label":"USB","value":"USB Type-C 2.0, OTG"},{"label":"Radio","value":"FM radio"}]},{"category":"Features","specs":[{"label":"Sensors","value":"Fingerprint (side-mounted), accelerometer, proximity, compass"}]},{"category":"Battery","specs":[{"label":"Type","value":"5000 mAh"},{"label":"Charging","value":"15W wired"}]},{"category":"Misc","specs":[{"label":"Colors","value":"Black"},{"label":"Models","value":"V2318A"},{"label":"Price","value":"About 160 EUR"}]}]');
INSERT OR IGNORE INTO device_pictures (device_id, url, position) VALUES (883, 'https://fdn2.gsmarena.com/vv/bigpic/vivo-g2.jpg', 0);
INSERT OR IGNORE INTO device_pictures (device_id, url, position) VALUES (883, 'https://fdn2.gsmarena.com/vv/pics/vivo/vivo-g2-1.jpg', 1);
INSERT OR IGNORE INTO device_pictures (device_id, url, position) VALUES (883, 'https://fdn2.gsmarena.com/vv/pics/vivo/vivo-g2-2.jpg', 2);
INSERT OR IGNORE INTO devices (id, brand_id, name, gsmarena_url, thumbnail_url, summary) VALUES (884, 5, 'V30 Lite', 'https://www.gsmarena.com/vivo_v30_lite-12768.php', 'https://fdn2.gsmarena.com/vv/bigpic/vivo-v30-lite.jpg', 'V30 Lite');
INSERT OR IGNORE INTO device_specs (device_id, announced, status, network, os, chipset, cpu, gpu, display_size, display_type, display_res, ram, storage, main_camera, selfie_camera, battery, charging, nfc, usb, bluetooth, wlan, colors, weight, dimensions, sim, sensors, popularity, fans, rating, full_specs_json) VALUES (884, '2023, December 29', 'Available. Released 2023, December 29', 'GSM / HSPA / LTE / 5G / 5G', 'Android 13, Funtouch 13', 'Qualcomm SM6375 Snapdragon 695 5G (6 nm)', 'Octa-core (2x2.2 GHz Kryo 660 Gold & 6x1.8 GHz Kryo 660 Silver)', 'Adreno 619', '6.67 inches, 107.4 cm 2 (~88.3% screen-to-body ratio)', 'AMOLED, 120Hz, 1150 nits (peak)', '1080 x 2400 pixels, 20:9 ratio (~395 ppi density)', '8GB', '256GB', '64 MP, f/1.8, (wide), PDAF, OIS, Ring-LED flash, panorama, HDR', '50 MP, f/2.0, 22mm (wide), AF, 1080p@30fps', 'Li-Ion 4800 mAh', '44W wired', 'Yes', 'USB Type-C 2.0, OTG', '5.1, A2DP, LE', 'Wi-Fi 802.11 a/b/g/n/ac, dual-band', 'Forest Black, Rose Gold', '190 g (6.70 oz)', '162.4 x 74.9 x 7.7 mm (6.39 x 2.95 x 0.30 in)', 'Nano-SIM', 'Fingerprint (under display, optical), accelerometer, gyro, proximity, compass', 'About 480 EUR', NULL, NULL, '[{"category":"Network","specs":[{"label":"Technology","value":"GSM / HSPA / LTE / 5G"},{"label":"2G bands","value":"GSM 850 / 900 / 1800 / 1900"},{"label":"3G bands","value":"HSDPA 850 / 900 / 1700(AWS) / 1900 / 2100"},{"label":"4G bands","value":"1, 2, 3, 4, 5, 7, 8, 12, 13, 17, 18, 19, 20, 26, 28, 38, 40, 41, 66"},{"label":"5G bands","value":"1, 2, 3, 5, 7, 8, 20, 26, 28, 38, 40, 41, 66, 77, 78 SA/NSA"},{"label":"Speed","value":"HSPA, LTE, 5G"}]},{"category":"Launch","specs":[{"label":"Announced","value":"2023, December 29"},{"label":"Status","value":"Available. Released 2023, December 29"}]},{"category":"Body","specs":[{"label":"Dimensions","value":"162.4 x 74.9 x 7.7 mm (6.39 x 2.95 x 0.30 in)"},{"label":"Weight","value":"190 g (6.70 oz)"},{"label":"Build","value":"Glass front, plastic frame, glass back"},{"label":"SIM","value":"Nano-SIM"}]},{"category":"Display","specs":[{"label":"Type","value":"AMOLED, 120Hz, 1150 nits (peak)"},{"label":"Size","value":"6.67 inches, 107.4 cm 2 (~88.3% screen-to-body ratio)"},{"label":"Resolution","value":"1080 x 2400 pixels, 20:9 ratio (~395 ppi density)"}]},{"category":"Platform","specs":[{"label":"OS","value":"Android 13, Funtouch 13"},{"label":"Chipset","value":"Qualcomm SM6375 Snapdragon 695 5G (6 nm)"},{"label":"CPU","value":"Octa-core (2x2.2 GHz Kryo 660 Gold & 6x1.8 GHz Kryo 660 Silver)"},{"label":"GPU","value":"Adreno 619"}]},{"category":"Memory","specs":[{"label":"Card slot","value":"No"},{"label":"Internal","value":"256GB 8GB RAM, 256GB 12GB RAM"}]},{"category":"Main Camera","specs":[{"label":"Triple","value":"64 MP, f/1.8, (wide), PDAF, OIS"},{"label":"Features","value":"Ring-LED flash, panorama, HDR"},{"label":"Video","value":"1080p@30fps"}]},{"category":"Selfie camera","specs":[{"label":"Single","value":"50 MP, f/2.0, 22mm (wide), AF"},{"label":"Video","value":"1080p@30fps"}]},{"category":"Sound","specs":[{"label":"Loudspeaker","value":"Yes"},{"label":"3.5mm jack","value":"No"}]},{"category":"Comms","specs":[{"label":"WLAN","value":"Wi-Fi 802.11 a/b/g/n/ac, dual-band"},{"label":"Bluetooth","value":"5.1, A2DP, LE"},{"label":"Positioning","value":"GPS, GLONASS, GALILEO, BDS, QZSS"},{"label":"NFC","value":"Yes"},{"label":"USB","value":"USB Type-C 2.0, OTG"},{"label":"Radio","value":"No"}]},{"category":"Features","specs":[{"label":"Sensors","value":"Fingerprint (under display, optical), accelerometer, gyro, proximity, compass"}]},{"category":"Battery","specs":[{"label":"Type","value":"Li-Ion 4800 mAh"},{"label":"Charging","value":"44W wired"}]},{"category":"Misc","specs":[{"label":"Colors","value":"Forest Black, Rose Gold"},{"label":"Models","value":"V2314"},{"label":"Price","value":"About 480 EUR"}]}]');
INSERT OR IGNORE INTO device_pictures (device_id, url, position) VALUES (884, 'https://fdn2.gsmarena.com/vv/bigpic/vivo-v30-lite.jpg', 0);
INSERT OR IGNORE INTO device_pictures (device_id, url, position) VALUES (884, 'https://fdn2.gsmarena.com/vv/pics/vivo/vivo-v30-lite-10.jpg', 1);
INSERT OR IGNORE INTO device_pictures (device_id, url, position) VALUES (884, 'https://fdn2.gsmarena.com/vv/pics/vivo/vivo-v30-lite-11.jpg', 2);
INSERT OR IGNORE INTO devices (id, brand_id, name, gsmarena_url, thumbnail_url, summary) VALUES (885, 5, 'iQOO Neo9 Pro (China)', 'https://www.gsmarena.com/vivo_iqoo_neo9_pro_(china)-12764.php', 'https://fdn2.gsmarena.com/vv/bigpic/vivo-neo9-pro.jpg', 'iQOO Neo9 Pro (China)');
INSERT OR IGNORE INTO device_specs (device_id, announced, status, network, os, chipset, cpu, gpu, display_size, display_type, display_res, ram, storage, main_camera, selfie_camera, battery, charging, nfc, usb, bluetooth, wlan, colors, weight, dimensions, sim, sensors, popularity, fans, rating, full_specs_json) VALUES (885, '2023, December 27', 'Available. Released 2023, December 30', 'GSM / CDMA / HSPA / CDMA2000 / LTE / 5G / 5G', 'Android 14, OriginOS 4', 'Mediatek Dimensity 9300 (4 nm)', 'Octa-core (1x3.25 GHz Cortex-X4 & 3x2.85 GHz Cortex-X4 & 4x2.0 GHz Cortex-A720)', 'Immortalis-G720 MC12', '6.78 inches, 111.0 cm 2 (~89.7% screen-to-body ratio)', 'LTPO AMOLED, 1B colors, 144Hz, HDR10+, 1400 nits (HBM)', '1260 x 2800 pixels, 20:9 ratio (~453 ppi density)', '12GB', '256GB', '50 MP, f/1.9, (wide), 1/1.49", PDAF, OIS, LED flash, panorama, HDR', '16 MP, f/2.5, (wide), 1080p@30fps', '5160 mAh', '120W wired, 40% in 9 min', 'Yes', 'USB Type-C 2.0, OTG', '5.4, A2DP, LE, aptX HD, aptX Adaptive', 'Wi-Fi 802.11 a/b/g/n/ac/6/7, dual-band', 'Black, Blue, Red', '190 g or 196 g (6.70 oz)', '163.5 x 75.7 x 8 mm or 8.3 mm', 'Nano-SIM + Nano-SIM', 'Fingerprint (under display, optical), accelerometer, gyro, proximity, compass', 'About 380 EUR', NULL, NULL, '[{"category":"Network","specs":[{"label":"Technology","value":"GSM / CDMA / HSPA / CDMA2000 / LTE / 5G"},{"label":"2G bands","value":"GSM 850 / 900 / 1800 / 1900"},{"label":"3G bands","value":"HSDPA 850 / 900 / 1700(AWS) / 1900 / 2100"},{"label":"4G bands","value":"1, 3, 4, 5, 7, 8, 19, 28, 34, 38, 39, 40, 41"},{"label":"5G bands","value":"1, 3, 5, 8, 28, 38, 40, 41, 77, 78 SA/NSA"},{"label":"Speed","value":"HSPA, LTE, 5G"}]},{"category":"Launch","specs":[{"label":"Announced","value":"2023, December 27"},{"label":"Status","value":"Available. Released 2023, December 30"}]},{"category":"Body","specs":[{"label":"Dimensions","value":"163.5 x 75.7 x 8 mm or 8.3 mm"},{"label":"Weight","value":"190 g or 196 g (6.70 oz)"},{"label":"SIM","value":"Nano-SIM + Nano-SIM"}]},{"category":"Display","specs":[{"label":"Type","value":"LTPO AMOLED, 1B colors, 144Hz, HDR10+, 1400 nits (HBM)"},{"label":"Size","value":"6.78 inches, 111.0 cm 2 (~89.7% screen-to-body ratio)"},{"label":"Resolution","value":"1260 x 2800 pixels, 20:9 ratio (~453 ppi density)"}]},{"category":"Platform","specs":[{"label":"OS","value":"Android 14, OriginOS 4"},{"label":"Chipset","value":"Mediatek Dimensity 9300 (4 nm)"},{"label":"CPU","value":"Octa-core (1x3.25 GHz Cortex-X4 & 3x2.85 GHz Cortex-X4 & 4x2.0 GHz Cortex-A720)"},{"label":"GPU","value":"Immortalis-G720 MC12"}]},{"category":"Memory","specs":[{"label":"Card slot","value":"No"},{"label":"Internal","value":"256GB 12GB RAM, 512GB 12GB RAM, 512GB 16GB RAM, 1TB 16GB RAM"}]},{"category":"Main Camera","specs":[{"label":"Dual","value":"50 MP, f/1.9, (wide), 1/1.49\\", PDAF, OIS"},{"label":"Features","value":"LED flash, panorama, HDR"},{"label":"Video","value":"8K, 4K, 1080p, gyro-EIS"}]},{"category":"Selfie camera","specs":[{"label":"Single","value":"16 MP, f/2.5, (wide)"},{"label":"Video","value":"1080p@30fps"}]},{"category":"Sound","specs":[{"label":"Loudspeaker","value":"Yes, with stereo speakers (closed type)"},{"label":"3.5mm jack","value":"No"}]},{"category":"Comms","specs":[{"label":"WLAN","value":"Wi-Fi 802.11 a/b/g/n/ac/6/7, dual-band"},{"label":"Bluetooth","value":"5.4, A2DP, LE, aptX HD, aptX Adaptive"},{"label":"Positioning","value":"GPS (L1+L5), GLONASS, BDS (B1I+B1c+B2a+B2b), GALILEO (E1+E5a+E5b), QZSS (L1+L5), NavIC (L5)"},{"label":"NFC","value":"Yes"},{"label":"USB","value":"USB Type-C 2.0, OTG"},{"label":"Radio","value":"No"},{"label":"Infrared port","value":"Yes"}]},{"category":"Features","specs":[{"label":"Sensors","value":"Fingerprint (under display, optical), accelerometer, gyro, proximity, compass"}]},{"category":"Battery","specs":[{"label":"Type","value":"5160 mAh"},{"label":"Charging","value":"120W wired, 40% in 9 min"}]},{"category":"Misc","specs":[{"label":"Colors","value":"Black, Blue, Red"},{"label":"Models","value":"V2339A"},{"label":"Price","value":"About 380 EUR"}]}]');
INSERT OR IGNORE INTO device_pictures (device_id, url, position) VALUES (885, 'https://fdn2.gsmarena.com/vv/bigpic/vivo-neo9-pro.jpg', 0);
INSERT OR IGNORE INTO device_pictures (device_id, url, position) VALUES (885, 'https://fdn2.gsmarena.com/vv/pics/vivo/vivo-neo9-pro-10.jpg', 1);
INSERT OR IGNORE INTO device_pictures (device_id, url, position) VALUES (885, 'https://fdn2.gsmarena.com/vv/pics/vivo/vivo-neo9-pro-2.jpg', 2);
INSERT OR IGNORE INTO device_pictures (device_id, url, position) VALUES (885, 'https://fdn2.gsmarena.com/vv/pics/vivo/vivo-neo9-pro-3.jpg', 3);
INSERT OR IGNORE INTO devices (id, brand_id, name, gsmarena_url, thumbnail_url, summary) VALUES (886, 5, 'iQOO Neo9', 'https://www.gsmarena.com/vivo_iqoo_neo9-12765.php', 'https://fdn2.gsmarena.com/vv/bigpic/vivo-neo9.jpg', 'iQOO Neo9');
INSERT OR IGNORE INTO device_specs (device_id, announced, status, network, os, chipset, cpu, gpu, display_size, display_type, display_res, ram, storage, main_camera, selfie_camera, battery, charging, nfc, usb, bluetooth, wlan, colors, weight, dimensions, sim, sensors, popularity, fans, rating, full_specs_json) VALUES (886, '2023, December 27', 'Available. Released 2023, December 30', 'GSM / CDMA / HSPA / CDMA2000 / LTE / 5G / 5G', 'Android 14, OriginOS 4', 'Qualcomm SM8550-AB Snapdragon 8 Gen 2 (4 nm)', 'Octa-core (1x3.2 GHz Cortex-X3 & 2x2.8 GHz Cortex-A715 & 2x2.8 GHz Cortex-A710 & 3x2.0 GHz Cortex-A510)', 'Adreno 740', '6.78 inches, 111.0 cm 2 (~89.7% screen-to-body ratio)', 'LTPO AMOLED, 1B colors, 144Hz, HDR10+, 1400 nits (HBM)', '1260 x 2800 pixels, 20:9 ratio (~453 ppi density)', '12GB', '256GB', '50 MP, f/1.9, (wide), 1/1.49", PDAF, OIS, LED flash, panorama, HDR', '16 MP, f/2.5, (wide), 1080p@30fps', '5160 mAh', '120W wired, 40% in 9 min', 'Yes', 'USB Type-C 2.0, OTG', '5.3, A2DP, LE, aptX HD, aptX Adaptive, aptX Lossless', 'Wi-Fi 802.11 a/b/g/n/ac/6/7, dual-band, Wi-Fi Direct', 'Black, Blue, Red', '190 g or 196 g (6.70 oz)', '163.5 x 75.7 x 8 mm or 8.3 mm', 'Nano-SIM + Nano-SIM', 'Fingerprint (under display, optical), accelerometer, gyro, proximity, compass', 'About 290 EUR', NULL, NULL, '[{"category":"Network","specs":[{"label":"Technology","value":"GSM / CDMA / HSPA / CDMA2000 / LTE / 5G"},{"label":"2G bands","value":"GSM 850 / 900 / 1800 / 1900"},{"label":"3G bands","value":"HSDPA 850 / 900 / 1700(AWS) / 1900 / 2100"},{"label":"4G bands","value":"1, 3, 4, 5, 7, 8, 18, 19, 26, 28, 34, 38, 39, 40, 41"},{"label":"5G bands","value":"1, 3, 5, 8, 28, 38, 40, 41, 77, 78 SA/NSA"},{"label":"Speed","value":"HSPA, LTE, 5G"}]},{"category":"Launch","specs":[{"label":"Announced","value":"2023, December 27"},{"label":"Status","value":"Available. Released 2023, December 30"}]},{"category":"Body","specs":[{"label":"Dimensions","value":"163.5 x 75.7 x 8 mm or 8.3 mm"},{"label":"Weight","value":"190 g or 196 g (6.70 oz)"},{"label":"SIM","value":"Nano-SIM + Nano-SIM"}]},{"category":"Display","specs":[{"label":"Type","value":"LTPO AMOLED, 1B colors, 144Hz, HDR10+, 1400 nits (HBM)"},{"label":"Size","value":"6.78 inches, 111.0 cm 2 (~89.7% screen-to-body ratio)"},{"label":"Resolution","value":"1260 x 2800 pixels, 20:9 ratio (~453 ppi density)"}]},{"category":"Platform","specs":[{"label":"OS","value":"Android 14, OriginOS 4"},{"label":"Chipset","value":"Qualcomm SM8550-AB Snapdragon 8 Gen 2 (4 nm)"},{"label":"CPU","value":"Octa-core (1x3.2 GHz Cortex-X3 & 2x2.8 GHz Cortex-A715 & 2x2.8 GHz Cortex-A710 & 3x2.0 GHz Cortex-A510)"},{"label":"GPU","value":"Adreno 740"}]},{"category":"Memory","specs":[{"label":"Card slot","value":"No"},{"label":"Internal","value":"256GB 12GB RAM, 256GB 16GB RAM, 512GB 16GB RAM, 1TB 16GB RAM"}]},{"category":"Main Camera","specs":[{"label":"Dual","value":"50 MP, f/1.9, (wide), 1/1.49\\", PDAF, OIS"},{"label":"Features","value":"LED flash, panorama, HDR"},{"label":"Video","value":"8K, 4K, 1080p, gyro-EIS"}]},{"category":"Selfie camera","specs":[{"label":"Single","value":"16 MP, f/2.5, (wide)"},{"label":"Video","value":"1080p@30fps"}]},{"category":"Sound","specs":[{"label":"Loudspeaker","value":"Yes, with stereo speakers (closed type)"},{"label":"3.5mm jack","value":"No"}]},{"category":"Comms","specs":[{"label":"WLAN","value":"Wi-Fi 802.11 a/b/g/n/ac/6/7, dual-band, Wi-Fi Direct"},{"label":"Bluetooth","value":"5.3, A2DP, LE, aptX HD, aptX Adaptive, aptX Lossless"},{"label":"Positioning","value":"GPS, GALILEO, GLONASS, QZSS, BDS (B1I+B1c)"},{"label":"NFC","value":"Yes"},{"label":"USB","value":"USB Type-C 2.0, OTG"},{"label":"Radio","value":"No"},{"label":"Infrared port","value":"Yes"}]},{"category":"Features","specs":[{"label":"Sensors","value":"Fingerprint (under display, optical), accelerometer, gyro, proximity, compass"}]},{"category":"Battery","specs":[{"label":"Type","value":"5160 mAh"},{"label":"Charging","value":"120W wired, 40% in 9 min"}]},{"category":"Misc","specs":[{"label":"Colors","value":"Black, Blue, Red"},{"label":"Models","value":"V2338A"},{"label":"Price","value":"About 290 EUR"}]}]');
INSERT OR IGNORE INTO device_pictures (device_id, url, position) VALUES (886, 'https://fdn2.gsmarena.com/vv/bigpic/vivo-neo9.jpg', 0);
INSERT OR IGNORE INTO device_pictures (device_id, url, position) VALUES (886, 'https://fdn2.gsmarena.com/vv/pics/vivo/vivo-neo9-1.jpg', 1);
INSERT OR IGNORE INTO device_pictures (device_id, url, position) VALUES (886, 'https://fdn2.gsmarena.com/vv/pics/vivo/vivo-neo9-2.jpg', 2);
INSERT OR IGNORE INTO device_pictures (device_id, url, position) VALUES (886, 'https://fdn2.gsmarena.com/vv/pics/vivo/vivo-neo9-3.jpg', 3);
INSERT OR IGNORE INTO devices (id, brand_id, name, gsmarena_url, thumbnail_url, summary) VALUES (887, 5, 'S18 Pro', 'https://www.gsmarena.com/vivo_s18_pro-12743.php', 'https://fdn2.gsmarena.com/vv/bigpic/vivo-s18-pro.jpg', 'S18 Pro');
INSERT OR IGNORE INTO device_specs (device_id, announced, status, network, os, chipset, cpu, gpu, display_size, display_type, display_res, ram, storage, main_camera, selfie_camera, battery, charging, nfc, usb, bluetooth, wlan, colors, weight, dimensions, sim, sensors, popularity, fans, rating, full_specs_json) VALUES (887, '2023, December 14', 'Available. Released 2023, January 13', 'GSM / CDMA / HSPA / CDMA2000 / LTE / 5G / 5G', 'Android 14, OriginOS 4', 'Mediatek Dimensity 9200+ (4 nm)', 'Octa-core (1x3.35 GHz Cortex-X3 & 3x3.0 GHz Cortex-A715 & 4x2.0 GHz Cortex-A510)', 'Immortalis-G715 MC11', '6.78 inches, 111.0 cm 2 (~89.9% screen-to-body ratio)', 'AMOLED, 1B colors, 120Hz, 2800 nits (peak)', '1260 x 2800 pixels, 20:9 ratio (~453 ppi density)', '12GB', '256GB', '50 MP, f/1.9, (wide), 1/1.49", PDAF, OIS, Ring-LED flash, panorama, HDR', '50 MP, f/2.0, 22mm (wide), AF, 4K@30fps, 1080p@30fps', '5000 mAh', '80W wired, PD', 'Yes', 'USB Type-C 2.0, OTG', '5.3, A2DP, LE, aptX HD', 'Wi-Fi 802.11 a/b/g/n/ac/6/7, dual-band, Wi-Fi Direct', 'Black, Blue, Silver', '188 g (6.63 oz)', '164.4 x 75.1 x 7.5 mm (6.47 x 2.96 x 0.30 in)', 'Nano-SIM + Nano-SIM', 'Fingerprint (under display, optical), accelerometer, gyro, proximity, compass', 'About 410 EUR', NULL, NULL, '[{"category":"Network","specs":[{"label":"Technology","value":"GSM / CDMA / HSPA / CDMA2000 / LTE / 5G"},{"label":"2G bands","value":"GSM 850 / 900 / 1800 / 1900"},{"label":"3G bands","value":"HSDPA 850 / 900 / 1700(AWS) / 1900 / 2100"},{"label":"4G bands","value":"1, 3, 4, 5, 7, 8, 18, 19, 26, 28, 34, 38, 39, 40, 41"},{"label":"5G bands","value":"1, 3, 5, 8, 28, 38, 40, 41, 77, 78 SA/NSA"},{"label":"Speed","value":"HSPA, LTE, 5G"}]},{"category":"Launch","specs":[{"label":"Announced","value":"2023, December 14"},{"label":"Status","value":"Available. Released 2023, January 13"}]},{"category":"Body","specs":[{"label":"Dimensions","value":"164.4 x 75.1 x 7.5 mm (6.47 x 2.96 x 0.30 in)"},{"label":"Weight","value":"188 g (6.63 oz)"},{"label":"Build","value":"Glass front, plastic frame"},{"label":"SIM","value":"Nano-SIM + Nano-SIM"}]},{"category":"Display","specs":[{"label":"Type","value":"AMOLED, 1B colors, 120Hz, 2800 nits (peak)"},{"label":"Size","value":"6.78 inches, 111.0 cm 2 (~89.9% screen-to-body ratio)"},{"label":"Resolution","value":"1260 x 2800 pixels, 20:9 ratio (~453 ppi density)"}]},{"category":"Platform","specs":[{"label":"OS","value":"Android 14, OriginOS 4"},{"label":"Chipset","value":"Mediatek Dimensity 9200+ (4 nm)"},{"label":"CPU","value":"Octa-core (1x3.35 GHz Cortex-X3 & 3x3.0 GHz Cortex-A715 & 4x2.0 GHz Cortex-A510)"},{"label":"GPU","value":"Immortalis-G715 MC11"}]},{"category":"Memory","specs":[{"label":"Card slot","value":"No"},{"label":"Internal","value":"256GB 12GB RAM, 256GB 16GB RAM, 512GB 16GB RAM"}]},{"category":"Main Camera","specs":[{"label":"Triple","value":"50 MP, f/1.9, (wide), 1/1.49\\", PDAF, OIS"},{"label":"Features","value":"Ring-LED flash, panorama, HDR"},{"label":"Video","value":"4K@30fps, 1080p@30fps"}]},{"category":"Selfie camera","specs":[{"label":"Single","value":"50 MP, f/2.0, 22mm (wide), AF"},{"label":"Video","value":"4K@30fps, 1080p@30fps"},{"label":"Features","value":"Dual-LED flash, HDR"}]},{"category":"Sound","specs":[{"label":"Loudspeaker","value":"Yes"},{"label":"3.5mm jack","value":"No"}]},{"category":"Comms","specs":[{"label":"WLAN","value":"Wi-Fi 802.11 a/b/g/n/ac/6/7, dual-band, Wi-Fi Direct"},{"label":"Bluetooth","value":"5.3, A2DP, LE, aptX HD"},{"label":"Positioning","value":"GPS (L1+L5), GLONASS, BDS (B1I+B1c+B2a), GALILEO (E1+E5a), QZSS (L1+L5), NavIC (L5)"},{"label":"NFC","value":"Yes"},{"label":"USB","value":"USB Type-C 2.0, OTG"},{"label":"Radio","value":"No"}]},{"category":"Features","specs":[{"label":"Sensors","value":"Fingerprint (under display, optical), accelerometer, gyro, proximity, compass"}]},{"category":"Battery","specs":[{"label":"Type","value":"5000 mAh"},{"label":"Charging","value":"80W wired, PD"}]},{"category":"Misc","specs":[{"label":"Colors","value":"Black, Blue, Silver"},{"label":"Models","value":"V2344A"},{"label":"Price","value":"About 410 EUR"}]}]');
INSERT OR IGNORE INTO device_pictures (device_id, url, position) VALUES (887, 'https://fdn2.gsmarena.com/vv/bigpic/vivo-s18-pro.jpg', 0);
INSERT OR IGNORE INTO device_pictures (device_id, url, position) VALUES (887, 'https://fdn2.gsmarena.com/vv/pics/vivo/vivo-s18-pro-1.jpg', 1);
INSERT OR IGNORE INTO device_pictures (device_id, url, position) VALUES (887, 'https://fdn2.gsmarena.com/vv/pics/vivo/vivo-s18-pro-2.jpg', 2);
INSERT OR IGNORE INTO device_pictures (device_id, url, position) VALUES (887, 'https://fdn2.gsmarena.com/vv/pics/vivo/vivo-s18-pro-3.jpg', 3);
INSERT OR IGNORE INTO devices (id, brand_id, name, gsmarena_url, thumbnail_url, summary) VALUES (888, 5, 'S18', 'https://www.gsmarena.com/vivo_s18-12744.php', 'https://fdn2.gsmarena.com/vv/bigpic/vivo-s18.jpg', 'S18');
INSERT OR IGNORE INTO device_specs (device_id, announced, status, network, os, chipset, cpu, gpu, display_size, display_type, display_res, ram, storage, main_camera, selfie_camera, battery, charging, nfc, usb, bluetooth, wlan, colors, weight, dimensions, sim, sensors, popularity, fans, rating, full_specs_json) VALUES (888, '2023, December 14', 'Available. Released 2023, December 22', 'GSM / CDMA / HSPA / CDMA2000 / LTE / 5G / 5G', 'Android 14, OriginOS 4', 'Qualcomm SM7550-AB Snapdragon 7 Gen 3 (4 nm)', 'Octa-core (1x2.63 GHz Cortex-A715 & 3x2.4 GHz Cortex-A715 & 4x1.8GHz Cortex-A510)', 'Adreno 720', '6.78 inches, 111.0 cm 2 (~89.9% screen-to-body ratio)', 'AMOLED, 1B colors, 120Hz, 2800 nits (peak)', '1260 x 2800 pixels, 20:9 ratio (~453 ppi density)', '8GB', '256GB', '50 MP, f/1.9, (wide), PDAF, OIS, Ring-LED flash, panorama, HDR', '50 MP, f/2.0, 22mm (wide), AF, 1080p@30fps', '5000 mAh', '80W wired, PD', 'Yes', 'USB Type-C 2.0, OTG', '5.4, A2DP, LE, aptX HD, aptX Adaptive, aptX Lossless', 'Wi-Fi 802.11 a/b/g/n/ac/6, dual-band, Wi-Fi Direct', 'Black, Blue/Green, Silver, Purple', '185.8 g (6.56 oz)', '164.4 x 75.1 x 7.5 mm (6.47 x 2.96 x 0.30 in)', 'Nano-SIM + Nano-SIM', 'Fingerprint (under display, optical), accelerometer, gyro, proximity, compass', 'About 300 EUR', NULL, NULL, '[{"category":"Network","specs":[{"label":"Technology","value":"GSM / CDMA / HSPA / CDMA2000 / LTE / 5G"},{"label":"2G bands","value":"GSM 850 / 900 / 1800 / 1900"},{"label":"3G bands","value":"HSDPA 850 / 900 / 1700(AWS) / 1900 / 2100"},{"label":"4G bands","value":"1, 3, 4, 5, 7, 8, 18, 19, 26, 28, 34, 38, 39, 40, 41"},{"label":"5G bands","value":"1, 3, 5, 8, 28, 38, 40, 41, 77, 78 SA/NSA"},{"label":"Speed","value":"HSPA, LTE, 5G"}]},{"category":"Launch","specs":[{"label":"Announced","value":"2023, December 14"},{"label":"Status","value":"Available. Released 2023, December 22"}]},{"category":"Body","specs":[{"label":"Dimensions","value":"164.4 x 75.1 x 7.5 mm (6.47 x 2.96 x 0.30 in)"},{"label":"Weight","value":"185.8 g (6.56 oz)"},{"label":"Build","value":"Glass front, plastic frame"},{"label":"SIM","value":"Nano-SIM + Nano-SIM"}]},{"category":"Display","specs":[{"label":"Type","value":"AMOLED, 1B colors, 120Hz, 2800 nits (peak)"},{"label":"Size","value":"6.78 inches, 111.0 cm 2 (~89.9% screen-to-body ratio)"},{"label":"Resolution","value":"1260 x 2800 pixels, 20:9 ratio (~453 ppi density)"}]},{"category":"Platform","specs":[{"label":"OS","value":"Android 14, OriginOS 4"},{"label":"Chipset","value":"Qualcomm SM7550-AB Snapdragon 7 Gen 3 (4 nm)"},{"label":"CPU","value":"Octa-core (1x2.63 GHz Cortex-A715 & 3x2.4 GHz Cortex-A715 & 4x1.8GHz Cortex-A510)"},{"label":"GPU","value":"Adreno 720"}]},{"category":"Memory","specs":[{"label":"Card slot","value":"No"},{"label":"Internal","value":"256GB 8GB RAM, 256GB 12GB RAM, 512GB 12GB RAM, 512GB 16GB RAM"}]},{"category":"Main Camera","specs":[{"label":"Dual","value":"50 MP, f/1.9, (wide), PDAF, OIS"},{"label":"Features","value":"Ring-LED flash, panorama, HDR"},{"label":"Video","value":"4K@30fps, 1080p@30fps"}]},{"category":"Selfie camera","specs":[{"label":"Single","value":"50 MP, f/2.0, 22mm (wide), AF"},{"label":"Video","value":"1080p@30fps"},{"label":"Features","value":"Dual-LED flash, HDR"}]},{"category":"Sound","specs":[{"label":"Loudspeaker","value":"Yes"},{"label":"3.5mm jack","value":"No"}]},{"category":"Comms","specs":[{"label":"WLAN","value":"Wi-Fi 802.11 a/b/g/n/ac/6, dual-band, Wi-Fi Direct"},{"label":"Bluetooth","value":"5.4, A2DP, LE, aptX HD, aptX Adaptive, aptX Lossless"},{"label":"Positioning","value":"GPS, GALILEO, GLONASS, QZSS, BDS (B1I+B1c)"},{"label":"NFC","value":"Yes"},{"label":"USB","value":"USB Type-C 2.0, OTG"},{"label":"Radio","value":"No"}]},{"category":"Features","specs":[{"label":"Sensors","value":"Fingerprint (under display, optical), accelerometer, gyro, proximity, compass"}]},{"category":"Battery","specs":[{"label":"Type","value":"5000 mAh"},{"label":"Charging","value":"80W wired, PD"}]},{"category":"Misc","specs":[{"label":"Colors","value":"Black, Blue/Green, Silver, Purple"},{"label":"Models","value":"V2323A"},{"label":"Price","value":"About 300 EUR"}]}]');
INSERT OR IGNORE INTO device_pictures (device_id, url, position) VALUES (888, 'https://fdn2.gsmarena.com/vv/bigpic/vivo-s18.jpg', 0);
INSERT OR IGNORE INTO device_pictures (device_id, url, position) VALUES (888, 'https://fdn2.gsmarena.com/vv/pics/vivo/vivo-s18-1.jpg', 1);
INSERT OR IGNORE INTO device_pictures (device_id, url, position) VALUES (888, 'https://fdn2.gsmarena.com/vv/pics/vivo/vivo-s18-2.jpg', 2);
INSERT OR IGNORE INTO device_pictures (device_id, url, position) VALUES (888, 'https://fdn2.gsmarena.com/vv/pics/vivo/vivo-s18-3.jpg', 3);
INSERT OR IGNORE INTO devices (id, brand_id, name, gsmarena_url, thumbnail_url, summary) VALUES (889, 5, 'S18e', 'https://www.gsmarena.com/vivo_s18e-12745.php', 'https://fdn2.gsmarena.com/vv/bigpic/vivo-s18e.jpg', 'S18e');
INSERT OR IGNORE INTO device_specs (device_id, announced, status, network, os, chipset, cpu, gpu, display_size, display_type, display_res, ram, storage, main_camera, selfie_camera, battery, charging, nfc, usb, bluetooth, wlan, colors, weight, dimensions, sim, sensors, popularity, fans, rating, full_specs_json) VALUES (889, '2023, December 14', 'Available. Released 2023, January 13', 'GSM / CDMA / HSPA / CDMA2000 / LTE / 5G / 5G', 'Android 14, OriginOS 4', 'Mediatek Dimensity 7200 (4 nm)', 'Octa-core (2x2.8 GHz Cortex-A715 & 6x Cortex-A510)', 'Mali-G610 MC4', '6.67 inches, 107.4 cm 2 (~88.3% screen-to-body ratio)', 'AMOLED, 120Hz, 1800 nits (peak)', '1080 x 2400 pixels, 20:9 ratio (~395 ppi density)', '8GB', '256GB', '50 MP, f/1.8, (wide), 1/1.95", 0.65µm, PDAF, OIS, Ring-LED flash, panorama, HDR', '16 MP, f/2.0, (wide), 1080p@30fps', '4800 mAh', '80W wired, PD', 'Yes', 'USB Type-C 2.0, OTG', '5.3, A2DP, LE, aptX HD', 'Wi-Fi 802.11 a/b/g/n/ac/6, dual-band, Wi-Fi Direct', 'Black, Purple, Silver', '193 g (6.81 oz)', '162.4 x 74.9 x 7.7 mm (6.39 x 2.95 x 0.30 in)', 'Nano-SIM + Nano-SIM', 'Fingerprint (under display, optical), accelerometer, gyro, proximity, compass', 'About 270 EUR', NULL, NULL, '[{"category":"Network","specs":[{"label":"Technology","value":"GSM / CDMA / HSPA / CDMA2000 / LTE / 5G"},{"label":"2G bands","value":"GSM 850 / 900 / 1800 / 1900"},{"label":"3G bands","value":"HSDPA 850 / 900 / 1700(AWS) / 1900 / 2100"},{"label":"4G bands","value":"1, 3, 5, 8, 28, 34, 38, 39, 40, 41"},{"label":"5G bands","value":"1, 3, 5, 8, 28, 38, 40, 41, 77, 78 SA/NSA"},{"label":"Speed","value":"HSPA, LTE, 5G"}]},{"category":"Launch","specs":[{"label":"Announced","value":"2023, December 14"},{"label":"Status","value":"Available. Released 2023, January 13"}]},{"category":"Body","specs":[{"label":"Dimensions","value":"162.4 x 74.9 x 7.7 mm (6.39 x 2.95 x 0.30 in)"},{"label":"Weight","value":"193 g (6.81 oz)"},{"label":"Build","value":"Glass front, plastic frame"},{"label":"SIM","value":"Nano-SIM + Nano-SIM"}]},{"category":"Display","specs":[{"label":"Type","value":"AMOLED, 120Hz, 1800 nits (peak)"},{"label":"Size","value":"6.67 inches, 107.4 cm 2 (~88.3% screen-to-body ratio)"},{"label":"Resolution","value":"1080 x 2400 pixels, 20:9 ratio (~395 ppi density)"}]},{"category":"Platform","specs":[{"label":"OS","value":"Android 14, OriginOS 4"},{"label":"Chipset","value":"Mediatek Dimensity 7200 (4 nm)"},{"label":"CPU","value":"Octa-core (2x2.8 GHz Cortex-A715 & 6x Cortex-A510)"},{"label":"GPU","value":"Mali-G610 MC4"}]},{"category":"Memory","specs":[{"label":"Card slot","value":"No"},{"label":"Internal","value":"256GB 8GB RAM, 256GB 12GB RAM, 512GB 12GB RAM"}]},{"category":"Main Camera","specs":[{"label":"Dual","value":"50 MP, f/1.8, (wide), 1/1.95\\", 0.65µm, PDAF, OIS"},{"label":"Features","value":"Ring-LED flash, panorama, HDR"},{"label":"Video","value":"4K@30fps, 1080p@30fps"}]},{"category":"Selfie camera","specs":[{"label":"Single","value":"16 MP, f/2.0, (wide)"},{"label":"Video","value":"1080p@30fps"}]},{"category":"Sound","specs":[{"label":"Loudspeaker","value":"Yes"},{"label":"3.5mm jack","value":"No"}]},{"category":"Comms","specs":[{"label":"WLAN","value":"Wi-Fi 802.11 a/b/g/n/ac/6, dual-band, Wi-Fi Direct"},{"label":"Bluetooth","value":"5.3, A2DP, LE, aptX HD"},{"label":"Positioning","value":"GPS, GALILEO, GLONASS, QZSS, BDS"},{"label":"NFC","value":"Yes"},{"label":"USB","value":"USB Type-C 2.0, OTG"},{"label":"Radio","value":"No"}]},{"category":"Features","specs":[{"label":"Sensors","value":"Fingerprint (under display, optical), accelerometer, gyro, proximity, compass"}]},{"category":"Battery","specs":[{"label":"Type","value":"4800 mAh"},{"label":"Charging","value":"80W wired, PD"}]},{"category":"Misc","specs":[{"label":"Colors","value":"Black, Purple, Silver"},{"label":"Models","value":"V2334A"},{"label":"Price","value":"About 270 EUR"}]}]');
INSERT OR IGNORE INTO device_pictures (device_id, url, position) VALUES (889, 'https://fdn2.gsmarena.com/vv/bigpic/vivo-s18e.jpg', 0);
INSERT OR IGNORE INTO device_pictures (device_id, url, position) VALUES (889, 'https://fdn2.gsmarena.com/vv/pics/vivo/vivo-s18e-1.jpg', 1);
INSERT OR IGNORE INTO device_pictures (device_id, url, position) VALUES (889, 'https://fdn2.gsmarena.com/vv/pics/vivo/vivo-s18e-2.jpg', 2);
INSERT OR IGNORE INTO device_pictures (device_id, url, position) VALUES (889, 'https://fdn2.gsmarena.com/vv/pics/vivo/vivo-s18e-3.jpg', 3);
INSERT OR IGNORE INTO devices (id, brand_id, name, gsmarena_url, thumbnail_url, summary) VALUES (890, 5, 'Y36i', 'https://www.gsmarena.com/vivo_y36i-12738.php', 'https://fdn2.gsmarena.com/vv/bigpic/vivo-y36i.jpg', 'Y36i');
INSERT OR IGNORE INTO device_specs (device_id, announced, status, network, os, chipset, cpu, gpu, display_size, display_type, display_res, ram, storage, main_camera, selfie_camera, battery, charging, nfc, usb, bluetooth, wlan, colors, weight, dimensions, sim, sensors, popularity, fans, rating, full_specs_json) VALUES (890, '2023, December 09', 'Available. Released 2024, January', 'GSM / HSPA / LTE / 5G / 5G', 'Android 13, OriginOS 3', 'Mediatek Dimensity 6020 (7 nm)', 'Octa-core (2x2.2 GHz Cortex-A76 & 6x2.0 GHz Cortex-A55)', 'Mali-G57 MC2', '6.56 inches, 103.4 cm 2 (~83.8% screen-to-body ratio)', 'IPS LCD, 90Hz, 840 nits (HBM)', '720 x 1612 pixels, 20:9 ratio (~269 ppi density)', '4GB', '128GB', '13 MP, f/2.2, (wide), PDAF, LED flash, panorama', '5 MP, f/1.8, (wide), Yes', '5000 mAh', '15W wired', 'No', 'USB Type-C 2.0, OTG', '5.1, A2DP, LE, aptX HD', 'Wi-Fi 802.11 a/b/g/n/ac, dual-band', 'Purple, Gold, Black', '186 g (6.56 oz)', '163.7 x 75.4 x 8.1 mm (6.44 x 2.97 x 0.32 in)', 'Nano-SIM + Nano-SIM', 'Fingerprint (side-mounted), accelerometer, proximity, compass', 'About 160 EUR', NULL, NULL, '[{"category":"Network","specs":[{"label":"Technology","value":"GSM / HSPA / LTE / 5G"},{"label":"2G bands","value":"GSM 850 / 900 / 1800 / 1900"},{"label":"3G bands","value":"HSDPA 850 / 900 / 2100"},{"label":"4G bands","value":"1, 3, 5, 8, 28, 34, 38, 39, 40, 41"},{"label":"5G bands","value":"1, 5, 8, 28, 41, 77, 78 SA/NSA"},{"label":"Speed","value":"HSPA, LTE, 5G"}]},{"category":"Launch","specs":[{"label":"Announced","value":"2023, December 09"},{"label":"Status","value":"Available. Released 2024, January"}]},{"category":"Body","specs":[{"label":"Dimensions","value":"163.7 x 75.4 x 8.1 mm (6.44 x 2.97 x 0.32 in)"},{"label":"Weight","value":"186 g (6.56 oz)"},{"label":"Build","value":"Glass front, plastic frame, plastic back"},{"label":"SIM","value":"Nano-SIM + Nano-SIM"}]},{"category":"Display","specs":[{"label":"Type","value":"IPS LCD, 90Hz, 840 nits (HBM)"},{"label":"Size","value":"6.56 inches, 103.4 cm 2 (~83.8% screen-to-body ratio)"},{"label":"Resolution","value":"720 x 1612 pixels, 20:9 ratio (~269 ppi density)"}]},{"category":"Platform","specs":[{"label":"OS","value":"Android 13, OriginOS 3"},{"label":"Chipset","value":"Mediatek Dimensity 6020 (7 nm)"},{"label":"CPU","value":"Octa-core (2x2.2 GHz Cortex-A76 & 6x2.0 GHz Cortex-A55)"},{"label":"GPU","value":"Mali-G57 MC2"}]},{"category":"Memory","specs":[{"label":"Card slot","value":"microSDXC"},{"label":"Internal","value":"128GB 4GB RAM"}]},{"category":"Main Camera","specs":[{"label":"Single","value":"13 MP, f/2.2, (wide), PDAF"},{"label":"Features","value":"LED flash, panorama"},{"label":"Video","value":"1080p@30fps"}]},{"category":"Selfie camera","specs":[{"label":"Single","value":"5 MP, f/1.8, (wide)"},{"label":"Video","value":"Yes"}]},{"category":"Sound","specs":[{"label":"Loudspeaker","value":"Yes"},{"label":"3.5mm jack","value":"Yes"}]},{"category":"Comms","specs":[{"label":"WLAN","value":"Wi-Fi 802.11 a/b/g/n/ac, dual-band"},{"label":"Bluetooth","value":"5.1, A2DP, LE, aptX HD"},{"label":"Positioning","value":"GPS, GLONASS, BDS"},{"label":"NFC","value":"No"},{"label":"USB","value":"USB Type-C 2.0, OTG"},{"label":"Radio","value":"FM radio"}]},{"category":"Features","specs":[{"label":"Sensors","value":"Fingerprint (side-mounted), accelerometer, proximity, compass"}]},{"category":"Battery","specs":[{"label":"Type","value":"5000 mAh"},{"label":"Charging","value":"15W wired"}]},{"category":"Misc","specs":[{"label":"Colors","value":"Purple, Gold, Black"},{"label":"Models","value":"V2318A"},{"label":"Price","value":"About 160 EUR"}]}]');
INSERT OR IGNORE INTO device_pictures (device_id, url, position) VALUES (890, 'https://fdn2.gsmarena.com/vv/bigpic/vivo-y36i.jpg', 0);
INSERT OR IGNORE INTO device_pictures (device_id, url, position) VALUES (890, 'https://fdn2.gsmarena.com/vv/pics/vivo/vivo-y36i-1.jpg', 1);
INSERT OR IGNORE INTO device_pictures (device_id, url, position) VALUES (890, 'https://fdn2.gsmarena.com/vv/pics/vivo/vivo-y36i-2.jpg', 2);
INSERT OR IGNORE INTO devices (id, brand_id, name, gsmarena_url, thumbnail_url, summary) VALUES (891, 5, 'Y100i', 'https://www.gsmarena.com/vivo_y100i-12718.php', 'https://fdn2.gsmarena.com/vv/bigpic/vivo-y100i.jpg', 'Y100i');
INSERT OR IGNORE INTO device_specs (device_id, announced, status, network, os, chipset, cpu, gpu, display_size, display_type, display_res, ram, storage, main_camera, selfie_camera, battery, charging, nfc, usb, bluetooth, wlan, colors, weight, dimensions, sim, sensors, popularity, fans, rating, full_specs_json) VALUES (891, '2023, November 30', 'Available. Released 2023, December 02', 'GSM / CDMA / HSPA / CDMA2000 / LTE / 5G / 5G', 'Android 13, OriginOS 3', 'Mediatek Dimensity 6020 (7 nm)', 'Octa-core (2x2.2 GHz Cortex-A76 & 6x2.0 GHz Cortex-A55)', 'Mali-G57 MC2', '6.64 inches, 106.8 cm 2 (~85.4% screen-to-body ratio)', 'IPS LCD', '1080 x 2388 pixels (~395 ppi density)', '8GB', '128GB', '50 MP, f/1.8, (wide), PDAF, LED flash, HDR, panorama', '8 MP, f/2.0, (wide), 1080p@30fps', '5000 mAh', '44W wired', 'No', 'USB Type-C 2.0, OTG', '5.1, A2DP, LE, aptX HD', 'Wi-Fi 802.11 a/b/g/n/ac, dual-band', 'Black, Blue, Pink', '190 g (6.70 oz)', '164.1 x 76.2 x 8 mm (6.46 x 3.00 x 0.31 in)', 'Nano-SIM + Nano-SIM', 'Fingerprint (side-mounted), accelerometer, proximity, compass', 'About 210 EUR', NULL, NULL, '[{"category":"Network","specs":[{"label":"Technology","value":"GSM / CDMA / HSPA / CDMA2000 / LTE / 5G"},{"label":"2G bands","value":"GSM 850 / 900 / 1800 / 1900"},{"label":"3G bands","value":"HSDPA 850 / 900 / 2100"},{"label":"4G bands","value":"1, 3, 5, 8, 28, 34, 38, 39, 40, 41"},{"label":"5G bands","value":"1, 5, 8, 28, 41, 77, 78 SA/NSA"},{"label":"Speed","value":"HSPA, LTE, 5G"}]},{"category":"Launch","specs":[{"label":"Announced","value":"2023, November 30"},{"label":"Status","value":"Available. Released 2023, December 02"}]},{"category":"Body","specs":[{"label":"Dimensions","value":"164.1 x 76.2 x 8 mm (6.46 x 3.00 x 0.31 in)"},{"label":"Weight","value":"190 g (6.70 oz)"},{"label":"Build","value":"Glass front, plastic frame, plastic back"},{"label":"SIM","value":"Nano-SIM + Nano-SIM"}]},{"category":"Display","specs":[{"label":"Type","value":"IPS LCD"},{"label":"Size","value":"6.64 inches, 106.8 cm 2 (~85.4% screen-to-body ratio)"},{"label":"Resolution","value":"1080 x 2388 pixels (~395 ppi density)"}]},{"category":"Platform","specs":[{"label":"OS","value":"Android 13, OriginOS 3"},{"label":"Chipset","value":"Mediatek Dimensity 6020 (7 nm)"},{"label":"CPU","value":"Octa-core (2x2.2 GHz Cortex-A76 & 6x2.0 GHz Cortex-A55)"},{"label":"GPU","value":"Mali-G57 MC2"}]},{"category":"Memory","specs":[{"label":"Card slot","value":"No"},{"label":"Internal","value":"128GB 8GB RAM, 256GB 8GB RAM, 256GB 12GB RAM, 512GB 12GB RAM"}]},{"category":"Main Camera","specs":[{"label":"Dual","value":"50 MP, f/1.8, (wide), PDAF"},{"label":"Features","value":"LED flash, HDR, panorama"},{"label":"Video","value":"1080p@30fps"}]},{"category":"Selfie camera","specs":[{"label":"Single","value":"8 MP, f/2.0, (wide)"},{"label":"Video","value":"1080p@30fps"}]},{"category":"Sound","specs":[{"label":"Loudspeaker","value":"Yes"},{"label":"3.5mm jack","value":"Yes"}]},{"category":"Comms","specs":[{"label":"WLAN","value":"Wi-Fi 802.11 a/b/g/n/ac, dual-band"},{"label":"Bluetooth","value":"5.1, A2DP, LE, aptX HD"},{"label":"Positioning","value":"GPS, GLONASS, GALILEO, BDS, QZSS"},{"label":"NFC","value":"No"},{"label":"USB","value":"USB Type-C 2.0, OTG"},{"label":"Radio","value":"No"}]},{"category":"Features","specs":[{"label":"Sensors","value":"Fingerprint (side-mounted), accelerometer, proximity, compass"}]},{"category":"Battery","specs":[{"label":"Type","value":"5000 mAh"},{"label":"Charging","value":"44W wired"}]},{"category":"Misc","specs":[{"label":"Colors","value":"Black, Blue, Pink"},{"label":"Models","value":"V2279A"},{"label":"Price","value":"About 210 EUR"}]}]');
INSERT OR IGNORE INTO device_pictures (device_id, url, position) VALUES (891, 'https://fdn2.gsmarena.com/vv/bigpic/vivo-y100i.jpg', 0);
INSERT OR IGNORE INTO device_pictures (device_id, url, position) VALUES (891, 'https://fdn2.gsmarena.com/vv/pics/vivo/vivo-y100i-1.jpg', 1);
INSERT OR IGNORE INTO device_pictures (device_id, url, position) VALUES (891, 'https://fdn2.gsmarena.com/vv/pics/vivo/vivo-y100i-2.jpg', 2);
INSERT OR IGNORE INTO device_pictures (device_id, url, position) VALUES (891, 'https://fdn2.gsmarena.com/vv/pics/vivo/vivo-y100i-3.jpg', 3);
INSERT OR IGNORE INTO devices (id, brand_id, name, gsmarena_url, thumbnail_url, summary) VALUES (892, 5, 'X100 Pro', 'https://www.gsmarena.com/vivo_x100_pro-12694.php', 'https://fdn2.gsmarena.com/vv/bigpic/vivo-x100-pro.jpg', 'X100 Pro');
INSERT OR IGNORE INTO device_specs (device_id, announced, status, network, os, chipset, cpu, gpu, display_size, display_type, display_res, ram, storage, main_camera, selfie_camera, battery, charging, nfc, usb, bluetooth, wlan, colors, weight, dimensions, sim, sensors, popularity, fans, rating, full_specs_json) VALUES (892, '2023, November 13', 'Available. Released 2023, November 21', 'GSM / CDMA / HSPA / LTE / 5G / 5G', 'Android 14, upgradable to Android 15, Funtouch 15 (International), OriginOS 4 (China)', 'Mediatek Dimensity 9300 (4 nm)', 'Octa-core (1x3.25 GHz Cortex-X4 & 3x2.85 GHz Cortex-X4 & 4x2.0 GHz Cortex-A720)', 'Immortalis-G720 MC12', '6.78 inches, 111.5 cm 2 (~90.2% screen-to-body ratio)', 'LTPO AMOLED, 1B colors, 120Hz, HDR10+, 3000 nits (peak)', '1260 x 2800 pixels, 20:9 ratio (~452 ppi density)', '12GB', '256GB', '50 MP, f/1.8, 23mm (wide), 1/0.98", 1.6µm, dual pixel PDAF, OIS, Laser AF, color spectrum sensor, Zeiss optics, Zeiss T* lens coating, LED flash, panorama, HDR, 3D LUT import', '32 MP, f/2.0, 20mm (ultrawide), 4K@30/60fps, 1080p@30/60fps', 'Li-Ion 5400 mAh', '100W wired, 50% in 14 min', 'Yes', 'USB Type-C 3.2, OTG', '5.4, A2DP, LE, aptX HD, LHDC', 'Wi-Fi 802.11 a/b/g/n/ac/6/7, tri-band, Wi-Fi Direct', 'Startrail Blue, Asteroid Black, Sunset Orange, White', '221 g or 225 g (7.80 oz)', '164.1 x 75.3 x 8.9 mm or 9.1 mm', '· Nano-SIM + eSIM · Nano-SIM + Nano-SIM', 'Fingerprint (under display, optical), accelerometer, gyro, proximity, compass', 'About 900 EUR', NULL, NULL, '[{"category":"Network","specs":[{"label":"Technology","value":"GSM / CDMA / HSPA / LTE / 5G"},{"label":"2G bands","value":"GSM 850 / 900 / 1800 / 1900"},{"label":"3G bands","value":"HSDPA 800 / 850 / 900 / 1700(AWS) / 1900 / 2100"},{"label":"4G bands","value":"1, 2, 3, 4, 5, 7, 8, 12, 17, 18, 19, 20, 26, 28, 32, 38, 39, 40, 41, 42, 66 - International"},{"label":"5G bands","value":"1, 3, 5, 7, 8, 20, 28, 38, 40, 41, 66, 75, 77, 78, 79 SA/NSA - International"},{"label":"Speed","value":"HSPA, LTE, 5G"}]},{"category":"Launch","specs":[{"label":"Announced","value":"2023, November 13"},{"label":"Status","value":"Available. Released 2023, November 21"}]},{"category":"Body","specs":[{"label":"Dimensions","value":"164.1 x 75.3 x 8.9 mm or 9.1 mm"},{"label":"Weight","value":"221 g or 225 g (7.80 oz)"},{"label":"Build","value":"Glass front, aluminum frame, glass back"},{"label":"SIM","value":"· Nano-SIM + eSIM · Nano-SIM + Nano-SIM"}]},{"category":"Display","specs":[{"label":"Type","value":"LTPO AMOLED, 1B colors, 120Hz, HDR10+, 3000 nits (peak)"},{"label":"Size","value":"6.78 inches, 111.5 cm 2 (~90.2% screen-to-body ratio)"},{"label":"Resolution","value":"1260 x 2800 pixels, 20:9 ratio (~452 ppi density)"}]},{"category":"Platform","specs":[{"label":"OS","value":"Android 14, upgradable to Android 15, Funtouch 15 (International), OriginOS 4 (China)"},{"label":"Chipset","value":"Mediatek Dimensity 9300 (4 nm)"},{"label":"CPU","value":"Octa-core (1x3.25 GHz Cortex-X4 & 3x2.85 GHz Cortex-X4 & 4x2.0 GHz Cortex-A720)"},{"label":"GPU","value":"Immortalis-G720 MC12"}]},{"category":"Memory","specs":[{"label":"Card slot","value":"No"},{"label":"Internal","value":"256GB 12GB RAM, 256GB 16GB RAM, 512GB 16GB RAM, 1TB 16GB RAM"}]},{"category":"Main Camera","specs":[{"label":"Triple","value":"50 MP, f/1.8, 23mm (wide), 1/0.98\\", 1.6µm, dual pixel PDAF, OIS"},{"label":"Features","value":"Laser AF, color spectrum sensor, Zeiss optics, Zeiss T* lens coating, LED flash, panorama, HDR, 3D LUT import"},{"label":"Video","value":"8K@30fps, 4K@30/60fps, 1080p, gyro-EIS"}]},{"category":"Selfie camera","specs":[{"label":"Single","value":"32 MP, f/2.0, 20mm (ultrawide)"},{"label":"Video","value":"4K@30/60fps, 1080p@30/60fps"},{"label":"Features","value":"HDR"}]},{"category":"Sound","specs":[{"label":"Loudspeaker","value":"Yes, with stereo speakers"},{"label":"3.5mm jack","value":"No"}]},{"category":"Comms","specs":[{"label":"WLAN","value":"Wi-Fi 802.11 a/b/g/n/ac/6/7, tri-band, Wi-Fi Direct"},{"label":"Bluetooth","value":"5.4, A2DP, LE, aptX HD, LHDC"},{"label":"Positioning","value":"GPS (L1+L5), GLONASS (L1), BDS (B1I+B1c+B2a+B2b), GALILEO (E1+E5a+E5b), QZSS (L1+L5), NavIC (L5)"},{"label":"NFC","value":"Yes"},{"label":"USB","value":"USB Type-C 3.2, OTG"},{"label":"Radio","value":"No"},{"label":"Infrared port","value":"Yes"}]},{"category":"Features","specs":[{"label":"Sensors","value":"Fingerprint (under display, optical), accelerometer, gyro, proximity, compass"}]},{"category":"Battery","specs":[{"label":"Type","value":"Li-Ion 5400 mAh"},{"label":"Charging","value":"100W wired, 50% in 14 min"}]},{"category":"Misc","specs":[{"label":"Colors","value":"Startrail Blue, Asteroid Black, Sunset Orange, White"},{"label":"Models","value":"V2324A, V2309"},{"label":"Price","value":"About 900 EUR"},{"label":"SAR EU","value":"0.99 W/kg (head)     1.19 W/kg (body)"}]}]');
INSERT OR IGNORE INTO device_pictures (device_id, url, position) VALUES (892, 'https://fdn2.gsmarena.com/vv/bigpic/vivo-x100-pro.jpg', 0);
INSERT OR IGNORE INTO device_pictures (device_id, url, position) VALUES (892, 'https://fdn2.gsmarena.com/vv/pics/vivo/vivo-x100-pro-1.jpg', 1);
INSERT OR IGNORE INTO device_pictures (device_id, url, position) VALUES (892, 'https://fdn2.gsmarena.com/vv/pics/vivo/vivo-x100-pro-2.jpg', 2);
INSERT OR IGNORE INTO device_pictures (device_id, url, position) VALUES (892, 'https://fdn2.gsmarena.com/vv/pics/vivo/vivo-x100-3.jpg', 3);
INSERT OR IGNORE INTO device_pictures (device_id, url, position) VALUES (892, 'https://fdn.gsmarena.com/imgroot/reviews/23/vivo-x100-pro/lifestyle/-1024w2/gsmarena_001.jpg', 4);
INSERT OR IGNORE INTO device_pictures (device_id, url, position) VALUES (892, 'https://fdn.gsmarena.com/imgroot/reviews/23/vivo-x100-pro/lifestyle/-1024w2/gsmarena_002.jpg', 5);
INSERT OR IGNORE INTO device_pictures (device_id, url, position) VALUES (892, 'https://fdn.gsmarena.com/imgroot/reviews/23/vivo-x100-pro/lifestyle/-1024w2/gsmarena_003.jpg', 6);
INSERT OR IGNORE INTO device_pictures (device_id, url, position) VALUES (892, 'https://fdn.gsmarena.com/imgroot/reviews/23/vivo-x100-pro/lifestyle/-1024w2/gsmarena_004.jpg', 7);
INSERT OR IGNORE INTO device_pictures (device_id, url, position) VALUES (892, 'https://fdn.gsmarena.com/imgroot/reviews/23/vivo-x100-pro/lifestyle/-1024w2/gsmarena_005.jpg', 8);
INSERT OR IGNORE INTO device_pictures (device_id, url, position) VALUES (892, 'https://fdn.gsmarena.com/imgroot/reviews/23/vivo-x100-pro/lifestyle/-1024w2/gsmarena_006.jpg', 9);
INSERT OR IGNORE INTO devices (id, brand_id, name, gsmarena_url, thumbnail_url, summary) VALUES (893, 5, 'X100', 'https://www.gsmarena.com/vivo_x100-12695.php', 'https://fdn2.gsmarena.com/vv/bigpic/vivo-x100.jpg', 'X100');
INSERT OR IGNORE INTO device_specs (device_id, announced, status, network, os, chipset, cpu, gpu, display_size, display_type, display_res, ram, storage, main_camera, selfie_camera, battery, charging, nfc, usb, bluetooth, wlan, colors, weight, dimensions, sim, sensors, popularity, fans, rating, full_specs_json) VALUES (893, '2023, November 13', 'Available. Released 2023, November 21', 'GSM / CDMA / HSPA / LTE / 5G / 5G', 'Android 14, Funtouch 14 (International), OriginOS 4 (China)', 'Mediatek Dimensity 9300 (4 nm)', 'Octa-core (1x3.25 GHz Cortex-X4 & 3x2.85 GHz Cortex-X4 & 4x2.0 GHz Cortex-A720)', 'Immortalis-G720 MC12', '6.78 inches, 111.5 cm 2 (~90.3% screen-to-body ratio)', 'LTPO AMOLED, 1B colors, 120Hz, 3000 nits (peak)', '1260 x 2800 pixels, 20:9 ratio (~452 ppi density)', '12GB', '256GB', '50 MP, f/1.6, (wide), 1/1.49", PDAF, OIS, Laser AF, color spectrum sensor, Zeiss optics, Zeiss T* lens coating, LED flash, panorama, HDR, 3D LUT import', '32 MP, f/2.0, 20mm (ultrawide), 4K@30fps, 1080p@30/60fps', 'Li-Ion 5000 mAh', '120W wired, 50% in 11 min', 'Yes', 'USB Type-C 2.0, OTG', '5.4, A2DP, LE, aptX HD', 'Wi-Fi 802.11 a/b/g/n/ac/6/7, tri-band, Wi-Fi Direct', 'Startrail Blue, Asteroid Black, White, Orange', '202 g or 206 g (7.13 oz)', '164.1 x 75.2 x 8.5 mm or 8.8 mm', 'Nano-SIM + Nano-SIM', 'Fingerprint (under display, optical), accelerometer, gyro, proximity, compass', 'About 2000 EUR', NULL, NULL, '[{"category":"Network","specs":[{"label":"Technology","value":"GSM / CDMA / HSPA / LTE / 5G"},{"label":"2G bands","value":"GSM 850 / 900 / 1800 / 1900"},{"label":"3G bands","value":"HSDPA 800 / 850 / 900 / 1700(AWS) / 1900 / 2100"},{"label":"4G bands","value":"1, 2, 3, 4, 5, 7, 8, 12, 17, 18, 19, 20, 26, 28, 34, 38, 39, 40, 41, 42 - International"},{"label":"5G bands","value":"1, 3, 5, 7, 8, 28, 38, 40, 41, 77, 78 SA/NSA - International"},{"label":"Speed","value":"HSPA, LTE, 5G"}]},{"category":"Launch","specs":[{"label":"Announced","value":"2023, November 13"},{"label":"Status","value":"Available. Released 2023, November 21"}]},{"category":"Body","specs":[{"label":"Dimensions","value":"164.1 x 75.2 x 8.5 mm or 8.8 mm"},{"label":"Weight","value":"202 g or 206 g (7.13 oz)"},{"label":"Build","value":"Glass front, glass back"},{"label":"SIM","value":"Nano-SIM + Nano-SIM"}]},{"category":"Display","specs":[{"label":"Type","value":"LTPO AMOLED, 1B colors, 120Hz, 3000 nits (peak)"},{"label":"Size","value":"6.78 inches, 111.5 cm 2 (~90.3% screen-to-body ratio)"},{"label":"Resolution","value":"1260 x 2800 pixels, 20:9 ratio (~452 ppi density)"}]},{"category":"Platform","specs":[{"label":"OS","value":"Android 14, Funtouch 14 (International), OriginOS 4 (China)"},{"label":"Chipset","value":"Mediatek Dimensity 9300 (4 nm)"},{"label":"CPU","value":"Octa-core (1x3.25 GHz Cortex-X4 & 3x2.85 GHz Cortex-X4 & 4x2.0 GHz Cortex-A720)"},{"label":"GPU","value":"Immortalis-G720 MC12"}]},{"category":"Memory","specs":[{"label":"Card slot","value":"No"},{"label":"Internal","value":"256GB 12GB RAM, 256GB 16GB RAM, 512GB 16GB RAM, 1TB 16GB RAM"}]},{"category":"Main Camera","specs":[{"label":"Triple","value":"50 MP, f/1.6, (wide), 1/1.49\\", PDAF, OIS"},{"label":"Features","value":"Laser AF, color spectrum sensor, Zeiss optics, Zeiss T* lens coating, LED flash, panorama, HDR, 3D LUT import"},{"label":"Video","value":"4K, 1080p, gyro-EIS"}]},{"category":"Selfie camera","specs":[{"label":"Single","value":"32 MP, f/2.0, 20mm (ultrawide)"},{"label":"Video","value":"4K@30fps, 1080p@30/60fps"},{"label":"Features","value":"HDR"}]},{"category":"Sound","specs":[{"label":"Loudspeaker","value":"Yes, with stereo speakers"},{"label":"3.5mm jack","value":"No"}]},{"category":"Comms","specs":[{"label":"WLAN","value":"Wi-Fi 802.11 a/b/g/n/ac/6/7, tri-band, Wi-Fi Direct"},{"label":"Bluetooth","value":"5.4, A2DP, LE, aptX HD"},{"label":"Positioning","value":"GPS (L1+L5), GLONASS (G1), BDS (B1I+B1c+B2a), GALILEO (E1+E5a), QZSS (L1+L5), NavIC (L5)"},{"label":"NFC","value":"Yes"},{"label":"USB","value":"USB Type-C 2.0, OTG"},{"label":"Radio","value":"No"},{"label":"Infrared port","value":"Yes"}]},{"category":"Features","specs":[{"label":"Sensors","value":"Fingerprint (under display, optical), accelerometer, gyro, proximity, compass"}]},{"category":"Battery","specs":[{"label":"Type","value":"Li-Ion 5000 mAh"},{"label":"Charging","value":"120W wired, 50% in 11 min"}]},{"category":"Misc","specs":[{"label":"Colors","value":"Startrail Blue, Asteroid Black, White, Orange"},{"label":"Models","value":"V2309A, V2308"},{"label":"Price","value":"About 2000 EUR"}]}]');
INSERT OR IGNORE INTO device_pictures (device_id, url, position) VALUES (893, 'https://fdn2.gsmarena.com/vv/bigpic/vivo-x100.jpg', 0);
INSERT OR IGNORE INTO device_pictures (device_id, url, position) VALUES (893, 'https://fdn2.gsmarena.com/vv/pics/vivo/vivo-x100-1.jpg', 1);
INSERT OR IGNORE INTO device_pictures (device_id, url, position) VALUES (893, 'https://fdn2.gsmarena.com/vv/pics/vivo/vivo-x100-2.jpg', 2);
INSERT OR IGNORE INTO device_pictures (device_id, url, position) VALUES (893, 'https://fdn2.gsmarena.com/vv/pics/vivo/vivo-x100-3.jpg', 3);
INSERT OR IGNORE INTO devices (id, brand_id, name, gsmarena_url, thumbnail_url, summary) VALUES (894, 5, 'Watch 3', 'https://www.gsmarena.com/vivo_watch_3-12696.php', 'https://fdn2.gsmarena.com/vv/bigpic/vivo-watch3.jpg', 'Watch 3');
INSERT OR IGNORE INTO device_specs (device_id, announced, status, network, os, chipset, cpu, gpu, display_size, display_type, display_res, ram, storage, main_camera, selfie_camera, battery, charging, nfc, usb, bluetooth, wlan, colors, weight, dimensions, sim, sensors, popularity, fans, rating, full_specs_json) VALUES (894, '2023, November 13', 'Available. Released 2023, November 21', 'HSPA / LTE / 4G/LTE', 'Blue OS', NULL, NULL, NULL, '1.43 inches', 'AMOLED', '466 x 466 pixels (~326 ppi density)', NULL, '4GB', NULL, NULL, '505 mAh', NULL, 'Yes', 'No', '5.2, A2DP, LE', 'No', 'Black, Silver', '36 g (1.27 oz)', '46.1 x 46.1 x 13.8 mm (1.81 x 1.81 x 0.54 in)', 'eSIM', 'Accelerometer, gyro, heart rate, barometer, compass, altimeter, SpO2', 'About 150 EUR', NULL, NULL, '[{"category":"Network","specs":[{"label":"Technology","value":"HSPA / LTE"},{"label":"2G bands","value":"N/A"},{"label":"3G bands","value":"HSDPA 850 / 900 / 2100"},{"label":"4G bands","value":"LTE"},{"label":"Speed","value":"HSPA, LTE"}]},{"category":"Launch","specs":[{"label":"Announced","value":"2023, November 13"},{"label":"Status","value":"Available. Released 2023, November 21"}]},{"category":"Body","specs":[{"label":"Dimensions","value":"46.1 x 46.1 x 13.8 mm (1.81 x 1.81 x 0.54 in)"},{"label":"Weight","value":"36 g (1.27 oz)"},{"label":"SIM","value":"eSIM"}]},{"category":"Display","specs":[{"label":"Type","value":"AMOLED"},{"label":"Size","value":"1.43 inches"},{"label":"Resolution","value":"466 x 466 pixels (~326 ppi density)"}]},{"category":"Platform","specs":[{"label":"OS","value":"Blue OS"}]},{"category":"Memory","specs":[{"label":"Card slot","value":"No"},{"label":"Internal","value":"4GB 64MB RAM"}]},{"category":"Sound","specs":[{"label":"Loudspeaker","value":"Yes"},{"label":"3.5mm jack","value":"No"}]},{"category":"Comms","specs":[{"label":"WLAN","value":"No"},{"label":"Bluetooth","value":"5.2, A2DP, LE"},{"label":"Positioning","value":"GPS, GLONASS, GALILEO, BDS, QZSS"},{"label":"NFC","value":"Yes"},{"label":"USB","value":"No"},{"label":"Radio","value":"No"}]},{"category":"Features","specs":[{"label":"Sensors","value":"Accelerometer, gyro, heart rate, barometer, compass, altimeter, SpO2"}]},{"category":"Battery","specs":[{"label":"Type","value":"505 mAh"}]},{"category":"Misc","specs":[{"label":"Colors","value":"Black, Silver"},{"label":"Price","value":"About 150 EUR"}]}]');
INSERT OR IGNORE INTO device_pictures (device_id, url, position) VALUES (894, 'https://fdn2.gsmarena.com/vv/bigpic/vivo-watch3.jpg', 0);
INSERT OR IGNORE INTO device_pictures (device_id, url, position) VALUES (894, 'https://fdn2.gsmarena.com/vv/pics/vivo/vivo-watch3-1.jpg', 1);
INSERT OR IGNORE INTO device_pictures (device_id, url, position) VALUES (894, 'https://fdn2.gsmarena.com/vv/pics/vivo/vivo-watch3-2.jpg', 2);
INSERT OR IGNORE INTO device_pictures (device_id, url, position) VALUES (894, 'https://fdn2.gsmarena.com/vv/pics/vivo/vivo-watch3-3.jpg', 3);
INSERT OR IGNORE INTO device_pictures (device_id, url, position) VALUES (894, 'https://fdn2.gsmarena.com/vv/pics/vivo/vivo-watch3-4.jpg', 4);
INSERT OR IGNORE INTO devices (id, brand_id, name, gsmarena_url, thumbnail_url, summary) VALUES (895, 5, 'iQOO 12 Pro', 'https://www.gsmarena.com/vivo_iqoo_12_pro-12690.php', 'https://fdn2.gsmarena.com/vv/bigpic/vivo-iqoo12-pro.jpg', 'iQOO 12 Pro');
INSERT OR IGNORE INTO device_specs (device_id, announced, status, network, os, chipset, cpu, gpu, display_size, display_type, display_res, ram, storage, main_camera, selfie_camera, battery, charging, nfc, usb, bluetooth, wlan, colors, weight, dimensions, sim, sensors, popularity, fans, rating, full_specs_json) VALUES (895, '2023, November 07', 'Available. Released 2023, November 14', 'GSM / CDMA / HSPA / CDMA2000 / LTE / 5G / 5G', 'Android 14, up to 2 major Android upgrades, Funtouch 14 (International), OriginOS 4 (China)', 'Qualcomm SM8650-AB Snapdragon 8 Gen 3 (4 nm)', 'Octa-core (1x3.3 GHz Cortex-X4 & 3x3.2 GHz Cortex-A720 & 2x3.0 GHz Cortex-A720 & 2x2.3 GHz Cortex-A520)', 'Adreno 750', '6.78 inches, 111.0 cm 2 (~89.4% screen-to-body ratio)', 'LTPO AMOLED, 1B colors, 144Hz, HDR10+, 1600 nits (HBM), 3000 nits (peak)', '1440 x 3200 pixels, 20:9 ratio (~518 ppi density)', '16GB', '256GB', '50 MP, f/1.7, 23mm (wide), 1/1.3", 1.2µm, ulti-directional PDAF, OIS, Color spectrum sensor, Dual-LED flash, HDR, panorama', '16 MP, f/2.5, (wide), 1080p@30fps, gyro-EIS', '5100 mAh', '120W wired', 'Yes', 'USB Type-C 2.0, OTG', '5.4, A2DP, LE, aptX HD, aptX Adaptive, aptX Lossless', 'Wi-Fi 802.11 a/b/g/n/ac/6/7, tri-band, Wi-Fi Direct', 'Black, Red, White (BMW M branding)', '205 g or 210 g (7.23 oz)', '164.6 x 75.4 x 8.6 mm or 8.8 mm', 'Nano-SIM + Nano-SIM', 'Fingerprint (under display, ultrasonic), accelerometer, gyro, proximity, compass', 'About 650 EUR', NULL, NULL, '[{"category":"Network","specs":[{"label":"Technology","value":"GSM / CDMA / HSPA / CDMA2000 / LTE / 5G"},{"label":"2G bands","value":"GSM 850 / 900 / 1800 / 1900"},{"label":"3G bands","value":"HSDPA 800 / 850 / 900 / 1700(AWS) / 1900 / 2100"},{"label":"4G bands","value":"1, 2, 3, 4, 5, 7, 8, 12, 17, 18, 19, 20, 25, 26, 28, 34, 38, 39, 40, 41, 42, 66"},{"label":"5G bands","value":"1, 2, 3, 5, 7, 8, 12, 20, 25, 26, 28, 66, 38, 40, 41, 77, 78 SA/NSA"},{"label":"Speed","value":"HSPA, LTE, 5G"}]},{"category":"Launch","specs":[{"label":"Announced","value":"2023, November 07"},{"label":"Status","value":"Available. Released 2023, November 14"}]},{"category":"Body","specs":[{"label":"Dimensions","value":"164.6 x 75.4 x 8.6 mm or 8.8 mm"},{"label":"Weight","value":"205 g or 210 g (7.23 oz)"},{"label":"SIM","value":"Nano-SIM + Nano-SIM"}]},{"category":"Display","specs":[{"label":"Type","value":"LTPO AMOLED, 1B colors, 144Hz, HDR10+, 1600 nits (HBM), 3000 nits (peak)"},{"label":"Size","value":"6.78 inches, 111.0 cm 2 (~89.4% screen-to-body ratio)"},{"label":"Resolution","value":"1440 x 3200 pixels, 20:9 ratio (~518 ppi density)"}]},{"category":"Platform","specs":[{"label":"OS","value":"Android 14, up to 2 major Android upgrades, Funtouch 14 (International), OriginOS 4 (China)"},{"label":"Chipset","value":"Qualcomm SM8650-AB Snapdragon 8 Gen 3 (4 nm)"},{"label":"CPU","value":"Octa-core (1x3.3 GHz Cortex-X4 & 3x3.2 GHz Cortex-A720 & 2x3.0 GHz Cortex-A720 & 2x2.3 GHz Cortex-A520)"},{"label":"GPU","value":"Adreno 750"}]},{"category":"Memory","specs":[{"label":"Card slot","value":"No"},{"label":"Internal","value":"256GB 16GB RAM, 512GB 16GB RAM, 1TB 16GB RAM"}]},{"category":"Main Camera","specs":[{"label":"Triple","value":"50 MP, f/1.7, 23mm (wide), 1/1.3\\", 1.2µm, ulti-directional PDAF, OIS"},{"label":"Features","value":"Color spectrum sensor, Dual-LED flash, HDR, panorama"},{"label":"Video","value":"8K@30fps, 4K@24/30/60fps, 1080p@30/60/120/240fps, gyro-EIS"}]},{"category":"Selfie camera","specs":[{"label":"Single","value":"16 MP, f/2.5, (wide)"},{"label":"Video","value":"1080p@30fps, gyro-EIS"},{"label":"Features","value":"HDR"}]},{"category":"Sound","specs":[{"label":"Loudspeaker","value":"Yes, with stereo speakers"},{"label":"3.5mm jack","value":"No"}]},{"category":"Comms","specs":[{"label":"WLAN","value":"Wi-Fi 802.11 a/b/g/n/ac/6/7, tri-band, Wi-Fi Direct"},{"label":"Bluetooth","value":"5.4, A2DP, LE, aptX HD, aptX Adaptive, aptX Lossless"},{"label":"Positioning","value":"GPS (L1+L5), GLONASS (G1), BDS (B1I+B1c+B2a), GALILEO (E1+E5a), QZSS (L1+L5)"},{"label":"NFC","value":"Yes"},{"label":"USB","value":"USB Type-C 2.0, OTG"},{"label":"Radio","value":"No"},{"label":"Infrared port","value":"Yes"}]},{"category":"Features","specs":[{"label":"Sensors","value":"Fingerprint (under display, ultrasonic), accelerometer, gyro, proximity, compass"}]},{"category":"Battery","specs":[{"label":"Type","value":"5100 mAh"},{"label":"Charging","value":"120W wired"}]},{"category":"Misc","specs":[{"label":"Colors","value":"Black, Red, White (BMW M branding)"},{"label":"Models","value":"V2329A"},{"label":"Price","value":"About 650 EUR"}]}]');
INSERT OR IGNORE INTO device_pictures (device_id, url, position) VALUES (895, 'https://fdn2.gsmarena.com/vv/bigpic/vivo-iqoo12-pro.jpg', 0);
INSERT OR IGNORE INTO device_pictures (device_id, url, position) VALUES (895, 'https://fdn2.gsmarena.com/vv/pics/vivo/vivo-iqoo12-pro-10.jpg', 1);
INSERT OR IGNORE INTO device_pictures (device_id, url, position) VALUES (895, 'https://fdn2.gsmarena.com/vv/pics/vivo/vivo-iqoo12-pro-2.jpg', 2);
INSERT OR IGNORE INTO device_pictures (device_id, url, position) VALUES (895, 'https://fdn2.gsmarena.com/vv/pics/vivo/vivo-iqoo12-pro-3.jpg', 3);
INSERT OR IGNORE INTO devices (id, brand_id, name, gsmarena_url, thumbnail_url, summary) VALUES (896, 5, 'iQOO 12', 'https://www.gsmarena.com/vivo_iqoo_12-12691.php', 'https://fdn2.gsmarena.com/vv/bigpic/vivo-iqoo12.jpg', 'iQOO 12');
INSERT OR IGNORE INTO device_specs (device_id, announced, status, network, os, chipset, cpu, gpu, display_size, display_type, display_res, ram, storage, main_camera, selfie_camera, battery, charging, nfc, usb, bluetooth, wlan, colors, weight, dimensions, sim, sensors, popularity, fans, rating, full_specs_json) VALUES (896, '2023, November 07', 'Available. Released 2023, November 14', 'GSM / CDMA / HSPA / CDMA2000 / LTE / 5G / 5G', 'Android 14, upgradable to Android 15, up to 4 major Android upgrades, Funtouch 15 (International), OriginOS 4 (China)', 'Qualcomm SM8650-AB Snapdragon 8 Gen 3 (4 nm)', 'Octa-core (1x3.3 GHz Cortex-X4 & 3x3.2 GHz Cortex-A720 & 2x3.0 GHz Cortex-A720 & 2x2.3 GHz Cortex-A520)', 'Adreno 750', '6.78 inches, 111.0 cm 2 (~89.6% screen-to-body ratio)', 'LTPO AMOLED, 1B colors, 144Hz, HDR10+, 1400 nits (HBM), 3000 nits (peak)', '1260 x 2800 pixels, 20:9 ratio (~453 ppi density)', '12GB', '256GB', '50 MP, f/1.7, 23mm (wide), 1/1.3", 1.2µm, multi-directional PDAF, OIS, Color spectrum sensor, Dual-LED flash, HDR, panorama', '16 MP, f/2.5, (wide), 1080p@30fps', '5000 mAh', '120W wired', 'Yes', 'USB Type-C 2.0, OTG', '5.4, A2DP, LE, aptX HD, aptX Adaptive, aptX Lossless (market/region dependent)', 'Wi-Fi 802.11 a/b/g/n/ac/6/7, tri-band, Wi-Fi Direct', 'Black, Red, White (BMW M branding)', '198.5 g or 203.7 g (7.02 oz)', '163.2 x 75.9 x 8.1 mm or 8.4 mm', 'Nano-SIM + Nano-SIM', 'Fingerprint (under display, optical), accelerometer, gyro, proximity, compass', '₹ 54,999', NULL, NULL, '[{"category":"Network","specs":[{"label":"Technology","value":"GSM / CDMA / HSPA / CDMA2000 / LTE / 5G"},{"label":"2G bands","value":"GSM 850 / 900 / 1800 / 1900"},{"label":"3G bands","value":"HSDPA 800 / 850 / 900 / 1700(AWS) / 1900 / 2100"},{"label":"4G bands","value":"1, 2, 3, 5, 7, 8, 20, 28, 38, 40, 41 - India"},{"label":"5G bands","value":"1, 3, 5, 7, 8, 28, 38, 40, 41, 77, 78 SA/NSA - India"},{"label":"Speed","value":"HSPA, LTE, 5G"}]},{"category":"Launch","specs":[{"label":"Announced","value":"2023, November 07"},{"label":"Status","value":"Available. Released 2023, November 14"}]},{"category":"Body","specs":[{"label":"Dimensions","value":"163.2 x 75.9 x 8.1 mm or 8.4 mm"},{"label":"Weight","value":"198.5 g or 203.7 g (7.02 oz)"},{"label":"Build","value":"Glass front, aluminum frame, glass back"},{"label":"SIM","value":"Nano-SIM + Nano-SIM"}]},{"category":"Display","specs":[{"label":"Type","value":"LTPO AMOLED, 1B colors, 144Hz, HDR10+, 1400 nits (HBM), 3000 nits (peak)"},{"label":"Size","value":"6.78 inches, 111.0 cm 2 (~89.6% screen-to-body ratio)"},{"label":"Resolution","value":"1260 x 2800 pixels, 20:9 ratio (~453 ppi density)"}]},{"category":"Platform","specs":[{"label":"OS","value":"Android 14, upgradable to Android 15, up to 4 major Android upgrades, Funtouch 15 (International), OriginOS 4 (China)"},{"label":"Chipset","value":"Qualcomm SM8650-AB Snapdragon 8 Gen 3 (4 nm)"},{"label":"CPU","value":"Octa-core (1x3.3 GHz Cortex-X4 & 3x3.2 GHz Cortex-A720 & 2x3.0 GHz Cortex-A720 & 2x2.3 GHz Cortex-A520)"},{"label":"GPU","value":"Adreno 750"}]},{"category":"Memory","specs":[{"label":"Card slot","value":"No"},{"label":"Internal","value":"256GB 12GB RAM, 512GB 12GB RAM, 512GB 16GB RAM, 1TB 16GB RAM"}]},{"category":"Main Camera","specs":[{"label":"Triple","value":"50 MP, f/1.7, 23mm (wide), 1/1.3\\", 1.2µm, multi-directional PDAF, OIS"},{"label":"Features","value":"Color spectrum sensor, Dual-LED flash, HDR, panorama"},{"label":"Video","value":"8K@30fps, 4K@24/30/60fps, 1080p@30/60/120/240fps, gyro-EIS"}]},{"category":"Selfie camera","specs":[{"label":"Single","value":"16 MP, f/2.5, (wide)"},{"label":"Video","value":"1080p@30fps"},{"label":"Features","value":"HDR"}]},{"category":"Sound","specs":[{"label":"Loudspeaker","value":"Yes, with stereo speakers"},{"label":"3.5mm jack","value":"No"}]},{"category":"Comms","specs":[{"label":"WLAN","value":"Wi-Fi 802.11 a/b/g/n/ac/6/7, tri-band, Wi-Fi Direct"},{"label":"Bluetooth","value":"5.4, A2DP, LE, aptX HD, aptX Adaptive, aptX Lossless (market/region dependent)"},{"label":"Positioning","value":"GPS (L1+L5), GLONASS (G1), BDS (B1I+B1c+B2a), GALILEO (E1+E5a), QZSS (L1+L5)"},{"label":"NFC","value":"Yes"},{"label":"USB","value":"USB Type-C 2.0, OTG"},{"label":"Radio","value":"No"},{"label":"Infrared port","value":"Yes"}]},{"category":"Features","specs":[{"label":"Sensors","value":"Fingerprint (under display, optical), accelerometer, gyro, proximity, compass"}]},{"category":"Battery","specs":[{"label":"Type","value":"5000 mAh"},{"label":"Charging","value":"120W wired"}]},{"category":"Misc","specs":[{"label":"Colors","value":"Black, Red, White (BMW M branding)"},{"label":"Models","value":"V2307A"},{"label":"Price","value":"₹ 54,999"}]}]');
INSERT OR IGNORE INTO device_pictures (device_id, url, position) VALUES (896, 'https://fdn2.gsmarena.com/vv/bigpic/vivo-iqoo12.jpg', 0);
INSERT OR IGNORE INTO device_pictures (device_id, url, position) VALUES (896, 'https://fdn2.gsmarena.com/vv/pics/vivo/vivo-iqoo12-10.jpg', 1);
INSERT OR IGNORE INTO device_pictures (device_id, url, position) VALUES (896, 'https://fdn2.gsmarena.com/vv/pics/vivo/vivo-iqoo12-2.jpg', 2);
INSERT OR IGNORE INTO device_pictures (device_id, url, position) VALUES (896, 'https://fdn2.gsmarena.com/vv/pics/vivo/vivo-iqoo12-pro-3.jpg', 3);
INSERT OR IGNORE INTO device_pictures (device_id, url, position) VALUES (896, 'https://fdn.gsmarena.com/imgroot/reviews/23/iqoo-12/lifestyle/-1024w2/gsmarena_001.jpg', 4);
INSERT OR IGNORE INTO device_pictures (device_id, url, position) VALUES (896, 'https://fdn.gsmarena.com/imgroot/reviews/23/iqoo-12/lifestyle/-1024w2/gsmarena_002.jpg', 5);
INSERT OR IGNORE INTO device_pictures (device_id, url, position) VALUES (896, 'https://fdn.gsmarena.com/imgroot/reviews/23/iqoo-12/lifestyle/-1024w2/gsmarena_003.jpg', 6);
INSERT OR IGNORE INTO device_pictures (device_id, url, position) VALUES (896, 'https://fdn.gsmarena.com/imgroot/reviews/23/iqoo-12/lifestyle/-1024w2/gsmarena_004.jpg', 7);
INSERT OR IGNORE INTO device_pictures (device_id, url, position) VALUES (896, 'https://fdn.gsmarena.com/imgroot/reviews/23/iqoo-12/lifestyle/-1024w2/gsmarena_005.jpg', 8);
INSERT OR IGNORE INTO device_pictures (device_id, url, position) VALUES (896, 'https://fdn.gsmarena.com/imgroot/reviews/23/iqoo-12/lifestyle/-1024w2/gsmarena_006.jpg', 9);
INSERT OR IGNORE INTO devices (id, brand_id, name, gsmarena_url, thumbnail_url, summary) VALUES (897, 5, 'Y27s', 'https://www.gsmarena.com/vivo_y27s-12687.php', 'https://fdn2.gsmarena.com/vv/bigpic/vivo-y27s.jpg', 'Y27s');
INSERT OR IGNORE INTO device_specs (device_id, announced, status, network, os, chipset, cpu, gpu, display_size, display_type, display_res, ram, storage, main_camera, selfie_camera, battery, charging, nfc, usb, bluetooth, wlan, colors, weight, dimensions, sim, sensors, popularity, fans, rating, full_specs_json) VALUES (897, '2023, November 07', 'Available. Released 2023, November 07', 'GSM / HSPA / LTE / 4G/LTE', 'Android 13, Funtouch 13', 'Qualcomm SM6225 Snapdragon 680 4G (6 nm)', 'Octa-core (4x2.4 GHz Kryo 265 Gold & 4x1.9 GHz Kryo 265 Silver)', 'Adreno 610', '6.64 inches, 106.8 cm 2 (~85.4% screen-to-body ratio)', 'IPS LCD, 90Hz, 650 nits (peak)', '1080 x 2388 pixels (~395 ppi density)', '8GB', '128GB', '50 MP, f/1.8, (wide), PDAF, Dual-LED dual-tone flash, HDR, panorama', '8 MP, f/2.0, (wide), 1080p@30fps', 'Li-Ion 5000 mAh', '44W wired', 'Yes (market/region dependent)', 'USB Type-C 2.0, OTG', '5.0, A2DP, LE', 'Wi-Fi 802.11 a/b/g/n/ac, dual-band', 'Burgundy Black, Garden Green', '192 g (6.77 oz)', '164.1 x 76.2 x 8.2 mm (6.46 x 3.00 x 0.32 in)', 'Nano-SIM + Nano-SIM', 'Fingerprint (side-mounted), accelerometer, gyro, proximity, compass', 'About 140 EUR', NULL, NULL, '[{"category":"Network","specs":[{"label":"Technology","value":"GSM / HSPA / LTE"},{"label":"2G bands","value":"GSM 850 / 900 / 1800 / 1900"},{"label":"3G bands","value":"HSDPA 850 / 900 / 2100"},{"label":"4G bands","value":"1, 3, 5, 7, 8, 20, 28, 38, 40, 41"},{"label":"Speed","value":"HSPA, LTE"}]},{"category":"Launch","specs":[{"label":"Announced","value":"2023, November 07"},{"label":"Status","value":"Available. Released 2023, November 07"}]},{"category":"Body","specs":[{"label":"Dimensions","value":"164.1 x 76.2 x 8.2 mm (6.46 x 3.00 x 0.32 in)"},{"label":"Weight","value":"192 g (6.77 oz)"},{"label":"Build","value":"Glass front, plastic frame, plastic back"},{"label":"SIM","value":"Nano-SIM + Nano-SIM"}]},{"category":"Display","specs":[{"label":"Type","value":"IPS LCD, 90Hz, 650 nits (peak)"},{"label":"Size","value":"6.64 inches, 106.8 cm 2 (~85.4% screen-to-body ratio)"},{"label":"Resolution","value":"1080 x 2388 pixels (~395 ppi density)"}]},{"category":"Platform","specs":[{"label":"OS","value":"Android 13, Funtouch 13"},{"label":"Chipset","value":"Qualcomm SM6225 Snapdragon 680 4G (6 nm)"},{"label":"CPU","value":"Octa-core (4x2.4 GHz Kryo 265 Gold & 4x1.9 GHz Kryo 265 Silver)"},{"label":"GPU","value":"Adreno 610"}]},{"category":"Memory","specs":[{"label":"Card slot","value":"microSDXC (dedicated slot)"},{"label":"Internal","value":"128GB 8GB RAM, 256GB 8GB RAM"}]},{"category":"Main Camera","specs":[{"label":"Dual","value":"50 MP, f/1.8, (wide), PDAF"},{"label":"Features","value":"Dual-LED dual-tone flash, HDR, panorama"},{"label":"Video","value":"1080p@30fps"}]},{"category":"Selfie camera","specs":[{"label":"Single","value":"8 MP, f/2.0, (wide)"},{"label":"Video","value":"1080p@30fps"}]},{"category":"Sound","specs":[{"label":"Loudspeaker","value":"Yes"},{"label":"3.5mm jack","value":"Yes"}]},{"category":"Comms","specs":[{"label":"WLAN","value":"Wi-Fi 802.11 a/b/g/n/ac, dual-band"},{"label":"Bluetooth","value":"5.0, A2DP, LE"},{"label":"Positioning","value":"GPS, GLONASS, GALILEO, BDS, QZSS"},{"label":"NFC","value":"Yes (market/region dependent)"},{"label":"USB","value":"USB Type-C 2.0, OTG"},{"label":"Radio","value":"No"}]},{"category":"Features","specs":[{"label":"Sensors","value":"Fingerprint (side-mounted), accelerometer, gyro, proximity, compass"}]},{"category":"Battery","specs":[{"label":"Type","value":"Li-Ion 5000 mAh"},{"label":"Charging","value":"44W wired"}]},{"category":"Misc","specs":[{"label":"Colors","value":"Burgundy Black, Garden Green"},{"label":"Models","value":"V2322"},{"label":"Price","value":"About 140 EUR"}]}]');
