INSERT OR IGNORE INTO device_pictures (device_id, url, position) VALUES (148, 'https://fdn2.gsmarena.com/vv/bigpic/asus-rog-phone-9-pro.jpg', 0);
INSERT OR IGNORE INTO device_pictures (device_id, url, position) VALUES (148, 'https://fdn2.gsmarena.com/vv/pics/asus/asus-rog-phone-9-pro-1.jpg', 1);
INSERT OR IGNORE INTO device_pictures (device_id, url, position) VALUES (148, 'https://fdn2.gsmarena.com/vv/pics/asus/asus-rog-phone-9-pro-2.jpg', 2);
INSERT OR IGNORE INTO device_pictures (device_id, url, position) VALUES (148, 'https://fdn.gsmarena.com/imgroot/reviews/24/asus-rog-phone-9-pro/lifestyle/-1024w2/gsmarena_001.jpg', 3);
INSERT OR IGNORE INTO device_pictures (device_id, url, position) VALUES (148, 'https://fdn.gsmarena.com/imgroot/reviews/24/asus-rog-phone-9-pro/lifestyle/-1024w2/gsmarena_002.jpg', 4);
INSERT OR IGNORE INTO device_pictures (device_id, url, position) VALUES (148, 'https://fdn.gsmarena.com/imgroot/reviews/24/asus-rog-phone-9-pro/lifestyle/-1024w2/gsmarena_003.jpg', 5);
INSERT OR IGNORE INTO device_pictures (device_id, url, position) VALUES (148, 'https://fdn.gsmarena.com/imgroot/reviews/24/asus-rog-phone-9-pro/lifestyle/-1024w2/gsmarena_004.jpg', 6);
INSERT OR IGNORE INTO device_pictures (device_id, url, position) VALUES (148, 'https://fdn.gsmarena.com/imgroot/reviews/24/asus-rog-phone-9-pro/lifestyle/-1024w2/gsmarena_005.jpg', 7);
INSERT OR IGNORE INTO device_pictures (device_id, url, position) VALUES (148, 'https://fdn.gsmarena.com/imgroot/reviews/24/asus-rog-phone-9-pro/lifestyle/-1024w2/gsmarena_006.jpg', 8);
INSERT OR IGNORE INTO device_pictures (device_id, url, position) VALUES (148, 'https://fdn.gsmarena.com/imgroot/reviews/24/asus-rog-phone-9-pro/lifestyle/-1024w2/gsmarena_007.jpg', 9);
INSERT OR IGNORE INTO devices (id, brand_id, name, gsmarena_url, thumbnail_url, summary) VALUES (149, 2, 'ROG Phone 9 FE', 'https://www.gsmarena.com/asus_rog_phone_9_fe-13641.php', 'https://fdn2.gsmarena.com/vv/bigpic/asus-rog-phone-9-fe.jpg', 'ROG Phone 9 FE');
INSERT OR IGNORE INTO device_specs (device_id, announced, status, network, os, chipset, cpu, gpu, display_size, display_type, display_res, ram, storage, main_camera, selfie_camera, battery, charging, nfc, usb, bluetooth, wlan, colors, weight, dimensions, sim, sensors, popularity, fans, rating, full_specs_json) VALUES (149, '2025, February 04', 'Available. Released 2025, February 04', 'GSM / HSPA / LTE / 5G / 5G', 'Android 15, up to 2 major Android upgrades', 'Qualcomm SM8650-AB Snapdragon 8 Gen 3 (4 nm)', 'Octa-core (1x3.3 GHz Cortex-X4 & 3x3.2 GHz Cortex-A720 & 2x3.0 GHz Cortex-A720 & 2x2.3 GHz Cortex-A520)', 'Adreno 750', '6.78 inches, 111.0 cm 2 (~88.2% screen-to-body ratio)', 'LTPO AMOLED, 1B colors, 185Hz, HDR10, 1600 nits (HBM), 2500 nits (peak)', '1080 x 2400 pixels, 20:9 ratio (~388 ppi density)', '16GB', '256GB', '50 MP, f/1.9, 24mm (wide), 1/1.56", 1.0µm, PDAF, gimbal OIS, LED flash, HDR, panorama', '32 MP, f/2.5, 22mm (wide), 1/3.2", 0.7µm, 1080p@30fps', '5500 mAh', '65W wired, PD3.0, PPS, QC5, 100% in 39 min', 'Yes', 'USB Type-C (side), DisplayPort 1.4; USB Type-C (bottom), OTG', '5.4, A2DP, LE, aptX HD, aptX Adaptive, aptX Lossless', 'Wi-Fi 802.11 a/b/g/n/ac/6e/7, tri-band, Wi-Fi Direct', 'Phantom Black', '225 g (7.94 oz)', '163.8 x 76.8 x 8.9 mm (6.45 x 3.02 x 0.35 in)', 'Nano-SIM + Nano-SIM', 'Fingerprint (under display, optical), accelerometer, gyro, proximity, compass', 'About 860 EUR', NULL, NULL, '[{"category":"Network","specs":[{"label":"Technology","value":"GSM / HSPA / LTE / 5G"},{"label":"2G bands","value":"GSM 850 / 900 / 1800 / 1900"},{"label":"3G bands","value":"HSDPA 800 / 850 / 900 / 1700(AWS) / 1900 / 2100"},{"label":"4G bands","value":"1, 2, 3, 4, 5, 7, 8, 12, 17, 18, 19, 20, 25, 26, 28, 32, 34, 38, 39, 40, 41, 42, 43, 48, 66"},{"label":"5G bands","value":"1, 2, 3, 5, 7, 8, 12, 18, 20, 25, 26, 28, 38, 40, 41, 48, 66, 77, 78, 79 SA/NSA/Sub6"},{"label":"Speed","value":"HSPA, LTE, 5G"}]},{"category":"Launch","specs":[{"label":"Announced","value":"2025, February 04"},{"label":"Status","value":"Available. Released 2025, February 04"}]},{"category":"Body","specs":[{"label":"Dimensions","value":"163.8 x 76.8 x 8.9 mm (6.45 x 3.02 x 0.35 in)"},{"label":"Weight","value":"225 g (7.94 oz)"},{"label":"Build","value":"Glass front (Gorilla Glass Victus 2), glass back, aluminum frame"},{"label":"SIM","value":"Nano-SIM + Nano-SIM"}]},{"category":"Display","specs":[{"label":"Type","value":"LTPO AMOLED, 1B colors, 185Hz, HDR10, 1600 nits (HBM), 2500 nits (peak)"},{"label":"Size","value":"6.78 inches, 111.0 cm 2 (~88.2% screen-to-body ratio)"},{"label":"Resolution","value":"1080 x 2400 pixels, 20:9 ratio (~388 ppi density)"},{"label":"Protection","value":"Corning Gorilla Glass Victus 2"}]},{"category":"Platform","specs":[{"label":"OS","value":"Android 15, up to 2 major Android upgrades"},{"label":"Chipset","value":"Qualcomm SM8650-AB Snapdragon 8 Gen 3 (4 nm)"},{"label":"CPU","value":"Octa-core (1x3.3 GHz Cortex-X4 & 3x3.2 GHz Cortex-A720 & 2x3.0 GHz Cortex-A720 & 2x2.3 GHz Cortex-A520)"},{"label":"GPU","value":"Adreno 750"}]},{"category":"Memory","specs":[{"label":"Card slot","value":"No"},{"label":"Internal","value":"256GB 16GB RAM"}]},{"category":"Main Camera","specs":[{"label":"Triple","value":"50 MP, f/1.9, 24mm (wide), 1/1.56\\", 1.0µm, PDAF, gimbal OIS"},{"label":"Features","value":"LED flash, HDR, panorama"},{"label":"Video","value":"8K@30fps, 4K@30/60/120fps, 1080p@30/60/120/240fps, 720p@480fps; gyro-EIS, HDR10+"}]},{"category":"Selfie camera","specs":[{"label":"Single","value":"32 MP, f/2.5, 22mm (wide), 1/3.2\\", 0.7µm"},{"label":"Video","value":"1080p@30fps"},{"label":"Features","value":"Panorama, HDR"}]},{"category":"Sound","specs":[{"label":"Loudspeaker","value":"Yes, with stereo speakers"},{"label":"3.5mm jack","value":"Yes"}]},{"category":"Comms","specs":[{"label":"WLAN","value":"Wi-Fi 802.11 a/b/g/n/ac/6e/7, tri-band, Wi-Fi Direct"},{"label":"Bluetooth","value":"5.4, A2DP, LE, aptX HD, aptX Adaptive, aptX Lossless"},{"label":"Positioning","value":"GPS (L1+L5), BDS (B1I+B1c+B2a), GALILEO (E1+E5a), QZSS (L1+L5), NavIC, GLONASS"},{"label":"NFC","value":"Yes"},{"label":"USB","value":"USB Type-C (side), DisplayPort 1.4; USB Type-C (bottom), OTG"},{"label":"Radio","value":"No"}]},{"category":"Features","specs":[{"label":"Sensors","value":"Fingerprint (under display, optical), accelerometer, gyro, proximity, compass"}]},{"category":"Battery","specs":[{"label":"Type","value":"5500 mAh"},{"label":"Charging","value":"65W wired, PD3.0, PPS, QC5, 100% in 39 min"}]},{"category":"Misc","specs":[{"label":"Colors","value":"Phantom Black"},{"label":"Models","value":"AI2401"},{"label":"Price","value":"About 860 EUR"}]}]');
INSERT OR IGNORE INTO device_pictures (device_id, url, position) VALUES (149, 'https://fdn2.gsmarena.com/vv/bigpic/asus-rog-phone-9-fe.jpg', 0);
INSERT OR IGNORE INTO device_pictures (device_id, url, position) VALUES (149, 'https://fdn2.gsmarena.com/vv/pics/asus/asus-rog-phone-9-fe-1.jpg', 1);
INSERT OR IGNORE INTO device_pictures (device_id, url, position) VALUES (149, 'https://fdn2.gsmarena.com/vv/pics/asus/asus-rog-phone-9-fe-2.jpg', 2);
INSERT OR IGNORE INTO devices (id, brand_id, name, gsmarena_url, thumbnail_url, summary) VALUES (150, 2, 'ROG Phone 9', 'https://www.gsmarena.com/asus_rog_phone_9-13503.php', 'https://fdn2.gsmarena.com/vv/bigpic/asus-rog-phone-9.jpg', 'ROG Phone 9');
INSERT OR IGNORE INTO device_specs (device_id, announced, status, network, os, chipset, cpu, gpu, display_size, display_type, display_res, ram, storage, main_camera, selfie_camera, battery, charging, nfc, usb, bluetooth, wlan, colors, weight, dimensions, sim, sensors, popularity, fans, rating, full_specs_json) VALUES (150, '2024, November 19', 'Available. Released 2024, November 20', 'GSM / HSPA / LTE / 5G / 5G', 'Android 15, upgradable to Android 16, up to 2 major Android upgrades', 'Qualcomm SM8750-AB Snapdragon 8 Elite (3 nm)', 'Octa-core (2x4.32 GHz Oryon V2 Phoenix L + 6x3.53 GHz Oryon V2 Phoenix M)', 'Adreno 830', '6.78 inches, 111.0 cm 2 (~88.2% screen-to-body ratio)', 'LTPO AMOLED, 1B colors, 185Hz, HDR10, 1600 nits (HBM), 2500 nits (peak)', '1080 x 2400 pixels, 20:9 ratio (~388 ppi density)', '12GB', '256GB', '50 MP, f/1.9, 24mm (wide), 1/1.56", 1.0µm, PDAF, gimbal OIS, LED flash, HDR, panorama', '32 MP, f/2.5, 22mm (wide), 1/3.2", 0.7µm, 1080p@30fps', '5800 mAh', '65W wired, PD3.0, PPS, QC5, 100% in 46 min', 'Yes', 'USB Type-C (side), DisplayPort 1.4; USB Type-C (bottom), OTG', '5.4, A2DP, LE, aptX HD, aptX Adaptive, aptX Lossless', 'Wi-Fi 802.11 a/b/g/n/ac/6e/7, tri-band, Wi-Fi Direct', 'Phantom Black, Storm White', '227 g (8.01 oz)', '163.8 x 76.8 x 8.9 mm (6.45 x 3.02 x 0.35 in)', '· Nano-SIM + eSIM · Nano-SIM + Nano-SIM', 'Fingerprint (under display, optical), accelerometer, gyro, proximity, compass', 'About 1150 EUR', NULL, NULL, '[{"category":"Network","specs":[{"label":"Technology","value":"GSM / HSPA / LTE / 5G"},{"label":"2G bands","value":"GSM 850 / 900 / 1800 / 1900"},{"label":"3G bands","value":"HSDPA 800 / 850 / 900 / 1700(AWS) / 1900 / 2100 - Global"},{"label":"4G bands","value":"1, 2, 3, 4, 5, 7, 8, 12, 17, 18, 19, 20, 25, 26, 28, 32, 34, 38, 39, 40, 41, 42, 43, 48, 66 - International"},{"label":"5G bands","value":"1, 2, 3, 5, 7, 8, 12, 18, 20, 25, 26, 28, 38, 40, 41, 48, 66, 77, 78, 79 SA/NSA/Sub6 - International"},{"label":"Speed","value":"HSPA, LTE (Up to 7CA), 5G"}]},{"category":"Launch","specs":[{"label":"Announced","value":"2024, November 19"},{"label":"Status","value":"Available. Released 2024, November 20"}]},{"category":"Body","specs":[{"label":"Dimensions","value":"163.8 x 76.8 x 8.9 mm (6.45 x 3.02 x 0.35 in)"},{"label":"Weight","value":"227 g (8.01 oz)"},{"label":"Build","value":"Glass front (Gorilla Glass Victus 2), glass back (Gorilla Glass), aluminum frame"},{"label":"SIM","value":"· Nano-SIM + eSIM · Nano-SIM + Nano-SIM"}]},{"category":"Display","specs":[{"label":"Type","value":"LTPO AMOLED, 1B colors, 185Hz, HDR10, 1600 nits (HBM), 2500 nits (peak)"},{"label":"Size","value":"6.78 inches, 111.0 cm 2 (~88.2% screen-to-body ratio)"},{"label":"Resolution","value":"1080 x 2400 pixels, 20:9 ratio (~388 ppi density)"},{"label":"Protection","value":"Corning Gorilla Glass Victus 2"}]},{"category":"Platform","specs":[{"label":"OS","value":"Android 15, upgradable to Android 16, up to 2 major Android upgrades"},{"label":"Chipset","value":"Qualcomm SM8750-AB Snapdragon 8 Elite (3 nm)"},{"label":"CPU","value":"Octa-core (2x4.32 GHz Oryon V2 Phoenix L + 6x3.53 GHz Oryon V2 Phoenix M)"},{"label":"GPU","value":"Adreno 830"}]},{"category":"Memory","specs":[{"label":"Card slot","value":"No"},{"label":"Internal","value":"256GB 12GB RAM, 512GB 16GB RAM"}]},{"category":"Main Camera","specs":[{"label":"Triple","value":"50 MP, f/1.9, 24mm (wide), 1/1.56\\", 1.0µm, PDAF, gimbal OIS"},{"label":"Features","value":"LED flash, HDR, panorama"},{"label":"Video","value":"8K@30fps, 4K@30/60/120fps, 1080p@30/60/120/240fps, 720p@480fps; gyro-EIS, HDR10+"}]},{"category":"Selfie camera","specs":[{"label":"Single","value":"32 MP, f/2.5, 22mm (wide), 1/3.2\\", 0.7µm"},{"label":"Video","value":"1080p@30fps"},{"label":"Features","value":"Panorama, HDR"}]},{"category":"Sound","specs":[{"label":"Loudspeaker","value":"Yes, with stereo speakers"},{"label":"3.5mm jack","value":"Yes"}]},{"category":"Comms","specs":[{"label":"WLAN","value":"Wi-Fi 802.11 a/b/g/n/ac/6e/7, tri-band, Wi-Fi Direct"},{"label":"Bluetooth","value":"5.4, A2DP, LE, aptX HD, aptX Adaptive, aptX Lossless"},{"label":"Positioning","value":"GPS (L1+L5), BDS (B1I+B1c+B2a), GALILEO (E1+E5a), QZSS (L1+L5), NavIC (L5), GLONASS"},{"label":"NFC","value":"Yes"},{"label":"USB","value":"USB Type-C (side), DisplayPort 1.4; USB Type-C (bottom), OTG"},{"label":"Radio","value":"No"}]},{"category":"Features","specs":[{"label":"Sensors","value":"Fingerprint (under display, optical), accelerometer, gyro, proximity, compass"}]},{"category":"Battery","specs":[{"label":"Type","value":"5800 mAh"},{"label":"Charging","value":"65W wired, PD3.0, PPS, QC5, 100% in 46 min"}]},{"category":"Misc","specs":[{"label":"Colors","value":"Phantom Black, Storm White"},{"label":"Models","value":"AI2501-12G256G-BK, AI2501-12G256G-WH, AI2501-16G512G-WH, AI2501-16G512G-BK"},{"label":"Price","value":"About 1150 EUR"}]}]');
INSERT OR IGNORE INTO device_pictures (device_id, url, position) VALUES (150, 'https://fdn2.gsmarena.com/vv/bigpic/asus-rog-phone-9.jpg', 0);
INSERT OR IGNORE INTO device_pictures (device_id, url, position) VALUES (150, 'https://fdn2.gsmarena.com/vv/pics/asus/asus-rog-phone-9-1.jpg', 1);
INSERT OR IGNORE INTO device_pictures (device_id, url, position) VALUES (150, 'https://fdn2.gsmarena.com/vv/pics/asus/asus-rog-phone-9-2.jpg', 2);
INSERT OR IGNORE INTO devices (id, brand_id, name, gsmarena_url, thumbnail_url, summary) VALUES (151, 2, 'Zenfone 11 Ultra', 'https://www.gsmarena.com/asus_zenfone_11_ultra-12820.php', 'https://fdn2.gsmarena.com/vv/bigpic/asus-zenfone-11-ultra.jpg', 'Zenfone 11 Ultra');
INSERT OR IGNORE INTO device_specs (device_id, announced, status, network, os, chipset, cpu, gpu, display_size, display_type, display_res, ram, storage, main_camera, selfie_camera, battery, charging, nfc, usb, bluetooth, wlan, colors, weight, dimensions, sim, sensors, popularity, fans, rating, full_specs_json) VALUES (151, '2024, March 14', 'Available. Released 2024, April 14', 'GSM / HSPA / LTE / 5G / 5G', 'Android 14, up to 2 major Android upgrades', 'Qualcomm SM8650-AB Snapdragon 8 Gen 3 (4 nm)', 'Octa-core (1x3.3 GHz Cortex-X4 & 3x3.2 GHz Cortex-A720 & 2x3.0 GHz Cortex-A720 & 2x2.3 GHz Cortex-A520)', 'Adreno 750', '6.78 inches, 111.0 cm 2 (~88.2% screen-to-body ratio)', 'LTPO AMOLED, 144Hz, HDR10, 1600 nits (HBM), 2500 nits (peak)', '1080 x 2400 pixels, 20:9 ratio (~388 ppi density)', '12GB', '256GB', '50 MP, f/1.9, 24mm (wide), 1/1.56", 1.0µm, PDAF, gimbal OIS, LED flash, HDR, panorama', '32 MP, f/2.5, 22mm (wide), 1/3.2", 0.7µm, 1080p@30fps', '5500 mAh', '65W wired, PD3.0, PPS, QC5, 100% in 39 min', 'Yes', 'USB Type-C', '5.4, A2DP, LE, aptX HD, aptX Adaptive, aptX Lossless', 'Wi-Fi 802.11 a/b/g/n/ac/6e/7, tri-band, Wi-Fi Direct', 'Eternal Black, Skyline Blue, Misty Gray, Desert Sand', '224 g (7.90 oz)', '163.8 x 76.8 x 8.9 mm (6.45 x 3.02 x 0.35 in)', 'Nano-SIM + Nano-SIM', 'Fingerprint (under display, optical), accelerometer, gyro, proximity, compass', '£ 1,595.00', NULL, NULL, '[{"category":"Network","specs":[{"label":"Technology","value":"GSM / HSPA / LTE / 5G"},{"label":"2G bands","value":"GSM 850 / 900 / 1800 / 1900"},{"label":"3G bands","value":"HSDPA 800 / 850 / 900 / 1700(AWS) / 1900 / 2100"},{"label":"4G bands","value":"1, 2, 3, 4, 5, 7, 8, 12, 17, 18, 19, 20, 25, 26, 28, 32, 34, 38, 39, 40, 41, 42, 43, 48, 66 - International"},{"label":"5G bands","value":"1, 2, 3, 5, 7, 8, 12, 18, 20, 25, 26, 28, 38, 40, 41, 48, 66, 77, 78, 79 SA/NSA/Sub6 - International"},{"label":"Speed","value":"HSPA, LTE, 5G"}]},{"category":"Launch","specs":[{"label":"Announced","value":"2024, March 14"},{"label":"Status","value":"Available. Released 2024, April 14"}]},{"category":"Body","specs":[{"label":"Dimensions","value":"163.8 x 76.8 x 8.9 mm (6.45 x 3.02 x 0.35 in)"},{"label":"Weight","value":"224 g (7.90 oz)"},{"label":"Build","value":"Glass front (Gorilla Glass Victus 2), aluminum frame, glass back"},{"label":"SIM","value":"Nano-SIM + Nano-SIM"}]},{"category":"Display","specs":[{"label":"Type","value":"LTPO AMOLED, 144Hz, HDR10, 1600 nits (HBM), 2500 nits (peak)"},{"label":"Size","value":"6.78 inches, 111.0 cm 2 (~88.2% screen-to-body ratio)"},{"label":"Resolution","value":"1080 x 2400 pixels, 20:9 ratio (~388 ppi density)"},{"label":"Protection","value":"Corning Gorilla Glass Victus 2"}]},{"category":"Platform","specs":[{"label":"OS","value":"Android 14, up to 2 major Android upgrades"},{"label":"Chipset","value":"Qualcomm SM8650-AB Snapdragon 8 Gen 3 (4 nm)"},{"label":"CPU","value":"Octa-core (1x3.3 GHz Cortex-X4 & 3x3.2 GHz Cortex-A720 & 2x3.0 GHz Cortex-A720 & 2x2.3 GHz Cortex-A520)"},{"label":"GPU","value":"Adreno 750"}]},{"category":"Memory","specs":[{"label":"Card slot","value":"No"},{"label":"Internal","value":"256GB 12GB RAM, 512GB 16GB RAM"}]},{"category":"Main Camera","specs":[{"label":"Triple","value":"50 MP, f/1.9, 24mm (wide), 1/1.56\\", 1.0µm, PDAF, gimbal OIS"},{"label":"Features","value":"LED flash, HDR, panorama"},{"label":"Video","value":"8K@24fps, 4K@30/60fps, 1080p@30/60/120/240fps, 720p@480fps; gyro-EIS, HDR10+"}]},{"category":"Selfie camera","specs":[{"label":"Single","value":"32 MP, f/2.5, 22mm (wide), 1/3.2\\", 0.7µm"},{"label":"Video","value":"1080p@30fps"},{"label":"Features","value":"Panorama, HDR"}]},{"category":"Sound","specs":[{"label":"Loudspeaker","value":"Yes, with stereo speakers"},{"label":"3.5mm jack","value":"Yes"}]},{"category":"Comms","specs":[{"label":"WLAN","value":"Wi-Fi 802.11 a/b/g/n/ac/6e/7, tri-band, Wi-Fi Direct"},{"label":"Bluetooth","value":"5.4, A2DP, LE, aptX HD, aptX Adaptive, aptX Lossless"},{"label":"Positioning","value":"GPS (L1+L5), BDS (B1I+B1c+B2a), GALILEO (E1+E5a), QZSS (L1+L5), NavIC, GLONASS"},{"label":"NFC","value":"Yes"},{"label":"USB","value":"USB Type-C"},{"label":"Radio","value":"No"}]},{"category":"Features","specs":[{"label":"Sensors","value":"Fingerprint (under display, optical), accelerometer, gyro, proximity, compass"}]},{"category":"Battery","specs":[{"label":"Type","value":"5500 mAh"},{"label":"Charging","value":"65W wired, PD3.0, PPS, QC5, 100% in 39 min"}]},{"category":"Misc","specs":[{"label":"Colors","value":"Eternal Black, Skyline Blue, Misty Gray, Desert Sand"},{"label":"Models","value":"AI2401, ASUS_AI2401_H"},{"label":"Price","value":"£ 1,595.00"}]}]');
INSERT OR IGNORE INTO device_pictures (device_id, url, position) VALUES (151, 'https://fdn2.gsmarena.com/vv/bigpic/asus-zenfone-11-ultra.jpg', 0);
INSERT OR IGNORE INTO device_pictures (device_id, url, position) VALUES (151, 'https://fdn2.gsmarena.com/vv/pics/asus/asus-zenfone-11-ultra-1.jpg', 1);
INSERT OR IGNORE INTO device_pictures (device_id, url, position) VALUES (151, 'https://fdn2.gsmarena.com/vv/pics/asus/asus-zenfone-11-ultra-5.jpg', 2);
INSERT OR IGNORE INTO device_pictures (device_id, url, position) VALUES (151, 'https://fdn.gsmarena.com/imgroot/reviews/24/asus-zenfone-11-ultra/lifestyle/-1024w2/gsmarena_001.jpg', 3);
INSERT OR IGNORE INTO device_pictures (device_id, url, position) VALUES (151, 'https://fdn.gsmarena.com/imgroot/reviews/24/asus-zenfone-11-ultra/lifestyle/-1024w2/gsmarena_002.jpg', 4);
INSERT OR IGNORE INTO device_pictures (device_id, url, position) VALUES (151, 'https://fdn.gsmarena.com/imgroot/reviews/24/asus-zenfone-11-ultra/lifestyle/-1024w2/gsmarena_003.jpg', 5);
INSERT OR IGNORE INTO device_pictures (device_id, url, position) VALUES (151, 'https://fdn.gsmarena.com/imgroot/reviews/24/asus-zenfone-11-ultra/lifestyle/-1024w2/gsmarena_004.jpg', 6);
INSERT OR IGNORE INTO device_pictures (device_id, url, position) VALUES (151, 'https://fdn.gsmarena.com/imgroot/reviews/24/asus-zenfone-11-ultra/lifestyle/-1024w2/gsmarena_005.jpg', 7);
INSERT OR IGNORE INTO device_pictures (device_id, url, position) VALUES (151, 'https://fdn.gsmarena.com/imgroot/reviews/24/asus-zenfone-11-ultra/lifestyle/-1024w2/gsmarena_006.jpg', 8);
INSERT OR IGNORE INTO device_pictures (device_id, url, position) VALUES (151, 'https://fdn.gsmarena.com/imgroot/reviews/24/asus-zenfone-11-ultra/lifestyle/-1024w2/gsmarena_007.jpg', 9);
INSERT OR IGNORE INTO devices (id, brand_id, name, gsmarena_url, thumbnail_url, summary) VALUES (152, 2, 'ROG Phone 8 Pro', 'https://www.gsmarena.com/asus_rog_phone_8_pro-12746.php', 'https://fdn2.gsmarena.com/vv/bigpic/asus-rog-phone-8-pro.jpg', 'ROG Phone 8 Pro');
INSERT OR IGNORE INTO device_specs (device_id, announced, status, network, os, chipset, cpu, gpu, display_size, display_type, display_res, ram, storage, main_camera, selfie_camera, battery, charging, nfc, usb, bluetooth, wlan, colors, weight, dimensions, sim, sensors, popularity, fans, rating, full_specs_json) VALUES (152, '2024, January 08', 'Available. Released 2024, January 18', 'GSM / CDMA / HSPA / LTE / 5G / 5G', 'Android 14, up to 2 major Android upgrades', 'Qualcomm SM8650-AB Snapdragon 8 Gen 3 (4 nm)', 'Octa-core (1x3.3 GHz Cortex-X4 & 3x3.2 GHz Cortex-A720 & 2x3.0 GHz Cortex-A720 & 2x2.3 GHz Cortex-A520)', 'Adreno 750', '6.78 inches, 111.0 cm 2 (~88.2% screen-to-body ratio)', 'LTPO AMOLED, 1B colors, 165Hz, HDR10, 1600 nits (HBM), 2500 nits (peak)', '1080 x 2400 pixels, 20:9 ratio (~388 ppi density)', '16GB', '512GB', '50 MP, f/1.9, 24mm (wide), 1/1.56", 1.0µm, PDAF, gimbal OIS, LED flash, HDR, panorama', '32 MP, f/2.5, 22mm (wide), 1/3.2", 0.7µm, 1080p@30fps', '5500 mAh', '65W wired, PD3.0, PPS, QC5, 100% in 39 min - International', 'Yes', 'USB Type-C (side), DisplayPort 1.4; USB Type-C (bottom), OTG', '5.4, A2DP, LE, aptX HD, aptX Adaptive, aptX Lossless', 'Wi-Fi 802.11 a/b/g/n/ac/6e/7, tri-band, Wi-Fi Direct', 'Phantom Black', '225 g (7.94 oz)', '163.8 x 76.8 x 8.9 mm (6.45 x 3.02 x 0.35 in)', 'Nano-SIM + Nano-SIM', 'Fingerprint (under display, optical), accelerometer, gyro, proximity, compass', '$ 459.00 / € 623.95', NULL, NULL, '[{"category":"Network","specs":[{"label":"Technology","value":"GSM / CDMA / HSPA / LTE / 5G"},{"label":"2G bands","value":"GSM 850 / 900 / 1800 / 1900"},{"label":"3G bands","value":"HSDPA 850 / 900 / 1700(AWS) / 1800 / 1900 / 2100 - International"},{"label":"4G bands","value":"1, 2, 3, 4, 5, 7, 8, 12, 17, 18, 19, 20, 25, 26, 28, 32, 34, 38, 39, 40, 41, 42, 43, 48, 66 - International"},{"label":"5G bands","value":"1, 2, 3, 5, 7, 8, 12, 18, 20, 25, 26, 28, 38, 40, 41, 48, 66, 77, 78, 79 SA/NSA/Sub6 - International"},{"label":"Speed","value":"HSPA, LTE (Up to 7CA), 5G"}]},{"category":"Launch","specs":[{"label":"Announced","value":"2024, January 08"},{"label":"Status","value":"Available. Released 2024, January 18"}]},{"category":"Body","specs":[{"label":"Dimensions","value":"163.8 x 76.8 x 8.9 mm (6.45 x 3.02 x 0.35 in)"},{"label":"Weight","value":"225 g (7.94 oz)"},{"label":"Build","value":"Glass front (Gorilla Glass Victus 2), glass back (Gorilla Glass), aluminum frame"},{"label":"SIM","value":"Nano-SIM + Nano-SIM"}]},{"category":"Display","specs":[{"label":"Type","value":"LTPO AMOLED, 1B colors, 165Hz, HDR10, 1600 nits (HBM), 2500 nits (peak)"},{"label":"Size","value":"6.78 inches, 111.0 cm 2 (~88.2% screen-to-body ratio)"},{"label":"Resolution","value":"1080 x 2400 pixels, 20:9 ratio (~388 ppi density)"},{"label":"Protection","value":"Corning Gorilla Glass Victus 2"}]},{"category":"Platform","specs":[{"label":"OS","value":"Android 14, up to 2 major Android upgrades"},{"label":"Chipset","value":"Qualcomm SM8650-AB Snapdragon 8 Gen 3 (4 nm)"},{"label":"CPU","value":"Octa-core (1x3.3 GHz Cortex-X4 & 3x3.2 GHz Cortex-A720 & 2x3.0 GHz Cortex-A720 & 2x2.3 GHz Cortex-A520)"},{"label":"GPU","value":"Adreno 750"}]},{"category":"Memory","specs":[{"label":"Card slot","value":"No"},{"label":"Internal","value":"512GB 16GB RAM, 1TB 24GB RAM"}]},{"category":"Main Camera","specs":[{"label":"Triple","value":"50 MP, f/1.9, 24mm (wide), 1/1.56\\", 1.0µm, PDAF, gimbal OIS"},{"label":"Features","value":"LED flash, HDR, panorama"},{"label":"Video","value":"8K@24fps, 4K@30/60fps, 1080p@30/60/120/240fps, 720p@480fps; gyro-EIS, HDR10+"}]},{"category":"Selfie camera","specs":[{"label":"Single","value":"32 MP, f/2.5, 22mm (wide), 1/3.2\\", 0.7µm"},{"label":"Video","value":"1080p@30fps"},{"label":"Features","value":"Panorama, HDR"}]},{"category":"Sound","specs":[{"label":"Loudspeaker","value":"Yes, with stereo speakers"},{"label":"3.5mm jack","value":"Yes"}]},{"category":"Comms","specs":[{"label":"WLAN","value":"Wi-Fi 802.11 a/b/g/n/ac/6e/7, tri-band, Wi-Fi Direct"},{"label":"Bluetooth","value":"5.4, A2DP, LE, aptX HD, aptX Adaptive, aptX Lossless"},{"label":"Positioning","value":"GPS (L1+L5), BDS (B1I+B1c+B2a), GALILEO (E1+E5a), QZSS (L1+L5), NavIC (L5), GLONASS"},{"label":"NFC","value":"Yes"},{"label":"USB","value":"USB Type-C (side), DisplayPort 1.4; USB Type-C (bottom), OTG"},{"label":"Radio","value":"No"}]},{"category":"Features","specs":[{"label":"Sensors","value":"Fingerprint (under display, optical), accelerometer, gyro, proximity, compass"}]},{"category":"Battery","specs":[{"label":"Type","value":"5500 mAh"},{"label":"Charging","value":"65W wired, PD3.0, PPS, QC5, 100% in 39 min - International"}]},{"category":"Misc","specs":[{"label":"Colors","value":"Phantom Black"},{"label":"Models","value":"AI2401, AI2401_A, AI2401_D"},{"label":"Price","value":"$ 459.00 / € 623.95"}]}]');
INSERT OR IGNORE INTO device_pictures (device_id, url, position) VALUES (152, 'https://fdn2.gsmarena.com/vv/bigpic/asus-rog-phone-8-pro.jpg', 0);
INSERT OR IGNORE INTO device_pictures (device_id, url, position) VALUES (152, 'https://fdn2.gsmarena.com/vv/pics/asus/asus-rog-phone-8-pro-1.jpg', 1);
INSERT OR IGNORE INTO device_pictures (device_id, url, position) VALUES (152, 'https://fdn2.gsmarena.com/vv/pics/asus/asus-rog-phone-8-pro-2.jpg', 2);
INSERT OR IGNORE INTO devices (id, brand_id, name, gsmarena_url, thumbnail_url, summary) VALUES (153, 2, 'ROG Phone 8', 'https://www.gsmarena.com/asus_rog_phone_8-12780.php', 'https://fdn2.gsmarena.com/vv/bigpic/asus-rog-phone-8.jpg', 'ROG Phone 8');
INSERT OR IGNORE INTO device_specs (device_id, announced, status, network, os, chipset, cpu, gpu, display_size, display_type, display_res, ram, storage, main_camera, selfie_camera, battery, charging, nfc, usb, bluetooth, wlan, colors, weight, dimensions, sim, sensors, popularity, fans, rating, full_specs_json) VALUES (153, '2024, January 08', 'Available. Released 2024, January 18', 'GSM / CDMA / HSPA / LTE / 5G / 5G', 'Android 14, up to 2 major Android upgrades', 'Qualcomm SM8650-AB Snapdragon 8 Gen 3 (4 nm)', 'Octa-core (1x3.3 GHz Cortex-X4 & 3x3.2 GHz Cortex-A720 & 2x3.0 GHz Cortex-A720 & 2x2.3 GHz Cortex-A520)', 'Adreno 750', '6.78 inches, 111.0 cm 2 (~88.2% screen-to-body ratio)', 'LTPO AMOLED, 1B colors, 165Hz, HDR10, 1600 nits (HBM), 2500 nits (peak)', '1080 x 2400 pixels, 20:9 ratio (~388 ppi density)', '12GB', '256GB', '- International model -, LED flash, HDR, panorama', '32 MP, f/2.5, 22mm (wide), 1/3.2", 0.7µm, 1080p@30fps', '5500 mAh', '65W wired, PD3.0, PPS, QC5, 100% in 39 min - International 30W wired, PD3.0, PPS - India 15W wireless (Qi) 10W reverse wired', 'Yes', 'USB Type-C (side), DisplayPort 1.4; USB Type-C (bottom), OTG', '5.4, A2DP, LE, aptX HD, aptX Adaptive, aptX Lossless', 'Wi-Fi 802.11 a/b/g/n/ac/6e/7, tri-band, Wi-Fi Direct', 'Phantom Black,  Rebel Grey', '225 g (7.94 oz)', '163.8 x 76.8 x 8.9 mm (6.45 x 3.02 x 0.35 in)', 'Nano-SIM + Nano-SIM', 'Fingerprint (under display, optical), accelerometer, gyro, proximity, compass', 'About 1500 EUR', NULL, NULL, '[{"category":"Network","specs":[{"label":"Technology","value":"GSM / CDMA / HSPA / LTE / 5G"},{"label":"2G bands","value":"GSM 850 / 900 / 1800 / 1900"},{"label":"3G bands","value":"HSDPA 850 / 900 / 1700(AWS) / 1800 / 1900 / 2100 - International"},{"label":"4G bands","value":"1, 2, 3, 4, 5, 7, 8, 12, 17, 18, 19, 20, 25, 26, 28, 32, 34, 38, 39, 40, 41, 42, 43, 48, 66 - International"},{"label":"5G bands","value":"1, 2, 3, 5, 7, 8, 12, 18, 20, 25, 26, 28, 38, 40, 41, 48, 66, 77, 78, 79 SA/NSA/Sub6 - International"},{"label":"Speed","value":"HSPA, LTE (Up to 7CA), 5G"}]},{"category":"Launch","specs":[{"label":"Announced","value":"2024, January 08"},{"label":"Status","value":"Available. Released 2024, January 18"}]},{"category":"Body","specs":[{"label":"Dimensions","value":"163.8 x 76.8 x 8.9 mm (6.45 x 3.02 x 0.35 in)"},{"label":"Weight","value":"225 g (7.94 oz)"},{"label":"Build","value":"Glass front (Gorilla Glass Victus 2), glass back (Gorilla Glass), aluminum frame"},{"label":"SIM","value":"Nano-SIM + Nano-SIM"}]},{"category":"Display","specs":[{"label":"Type","value":"LTPO AMOLED, 1B colors, 165Hz, HDR10, 1600 nits (HBM), 2500 nits (peak)"},{"label":"Size","value":"6.78 inches, 111.0 cm 2 (~88.2% screen-to-body ratio)"},{"label":"Resolution","value":"1080 x 2400 pixels, 20:9 ratio (~388 ppi density)"},{"label":"Protection","value":"Corning Gorilla Glass Victus 2"}]},{"category":"Platform","specs":[{"label":"OS","value":"Android 14, up to 2 major Android upgrades"},{"label":"Chipset","value":"Qualcomm SM8650-AB Snapdragon 8 Gen 3 (4 nm)"},{"label":"CPU","value":"Octa-core (1x3.3 GHz Cortex-X4 & 3x3.2 GHz Cortex-A720 & 2x3.0 GHz Cortex-A720 & 2x2.3 GHz Cortex-A520)"},{"label":"GPU","value":"Adreno 750"}]},{"category":"Memory","specs":[{"label":"Card slot","value":"No"},{"label":"Internal","value":"256GB 12GB RAM, 256GB 16GB RAM"}]},{"category":"Main Camera","specs":[{"label":"Triple","value":"- International model -"},{"label":"Features","value":"LED flash, HDR, panorama"},{"label":"Video","value":"8K@24fps, 4K@30/60fps, 1080p@30/60/120/240fps, 720p@480fps; gyro-EIS, HDR10+"}]},{"category":"Selfie camera","specs":[{"label":"Single","value":"32 MP, f/2.5, 22mm (wide), 1/3.2\\", 0.7µm"},{"label":"Video","value":"1080p@30fps"},{"label":"Features","value":"Panorama, HDR"}]},{"category":"Sound","specs":[{"label":"Loudspeaker","value":"Yes, with stereo speakers"},{"label":"3.5mm jack","value":"Yes"}]},{"category":"Comms","specs":[{"label":"WLAN","value":"Wi-Fi 802.11 a/b/g/n/ac/6e/7, tri-band, Wi-Fi Direct"},{"label":"Bluetooth","value":"5.4, A2DP, LE, aptX HD, aptX Adaptive, aptX Lossless"},{"label":"Positioning","value":"GPS (L1+L5), BDS (B1I+B1c+B2a), GALILEO (E1+E5a), QZSS (L1+L5), NavIC (L5), GLONASS"},{"label":"NFC","value":"Yes"},{"label":"USB","value":"USB Type-C (side), DisplayPort 1.4; USB Type-C (bottom), OTG"},{"label":"Radio","value":"No"}]},{"category":"Features","specs":[{"label":"Sensors","value":"Fingerprint (under display, optical), accelerometer, gyro, proximity, compass"}]},{"category":"Battery","specs":[{"label":"Type","value":"5500 mAh"},{"label":"Charging","value":"65W wired, PD3.0, PPS, QC5, 100% in 39 min - International 30W wired, PD3.0, PPS - India 15W wireless (Qi) 10W reverse wired"}]},{"category":"Misc","specs":[{"label":"Colors","value":"Phantom Black,  Rebel Grey"},{"label":"Models","value":"AI2401, AI2401_A"},{"label":"Price","value":"About 1500 EUR"}]}]');
INSERT OR IGNORE INTO device_pictures (device_id, url, position) VALUES (153, 'https://fdn2.gsmarena.com/vv/bigpic/asus-rog-phone-8.jpg', 0);
INSERT OR IGNORE INTO device_pictures (device_id, url, position) VALUES (153, 'https://fdn2.gsmarena.com/vv/pics/asus/asus-rog-phone-8-1.jpg', 1);
INSERT OR IGNORE INTO device_pictures (device_id, url, position) VALUES (153, 'https://fdn2.gsmarena.com/vv/pics/asus/asus-rog-phone-8-2.jpg', 2);
INSERT OR IGNORE INTO device_pictures (device_id, url, position) VALUES (153, 'https://fdn2.gsmarena.com/vv/pics/asus/asus-rog-phone-8-3.jpg', 3);
INSERT OR IGNORE INTO devices (id, brand_id, name, gsmarena_url, thumbnail_url, summary) VALUES (154, 2, 'Zenfone 10', 'https://www.gsmarena.com/asus_zenfone_10-12380.php', 'https://fdn2.gsmarena.com/vv/bigpic/asus-zenfone10.jpg', 'Zenfone 10');
INSERT OR IGNORE INTO device_specs (device_id, announced, status, network, os, chipset, cpu, gpu, display_size, display_type, display_res, ram, storage, main_camera, selfie_camera, battery, charging, nfc, usb, bluetooth, wlan, colors, weight, dimensions, sim, sensors, popularity, fans, rating, full_specs_json) VALUES (154, '2023, June 29', 'Available. Released 2023, July 10', 'GSM / HSPA / LTE / 5G / 5G', 'Android 13, up to 2 major Android upgrades', 'Qualcomm SM8550-AB Snapdragon 8 Gen 2 (4 nm)', 'Octa-core (1x3.2 GHz Cortex-X3 & 2x2.8 GHz Cortex-A715 & 2x2.8 GHz Cortex-A710 & 3x2.0 GHz Cortex-A510)', 'Adreno 740', '5.92 inches, 84.6 cm 2 (~84.8% screen-to-body ratio)', 'Super AMOLED, 144Hz, HDR10+, 800 nits (HBM), 1100 nits (peak)', '1080 x 2400 pixels, 20:9 ratio (~445 ppi density)', '8GB', '128GB', '50 MP, f/1.9, 24mm (wide), 1/1.56", 1.0µm, multi-directional PDAF, gimbal OIS, LED flash, HDR, panorama', '32 MP, f/2.5, (wide), 1/3.2", 0.7µm, 1080p@30fps', 'Li-Po 4300 mAh', '30W wired, PD3.0, PPS, QC4', 'Yes', 'USB Type-C 2.0, OTG', '5.3, A2DP, LE, aptX HD, aptX Adaptive, aptX Lossless', 'Wi-Fi 802.11 a/b/g/n/ac/6e/7, tri-band, Wi-Fi Direct', 'Starry Blue, Midnight Black, Aurora Green, Eclipse Red, Comet White', '172 g (6.07 oz)', '146.5 x 68.1 x 9.4 mm (5.77 x 2.68 x 0.37 in)', 'Nano-SIM + Nano-SIM', 'Fingerprint (side-mounted), accelerometer, gyro, proximity, compass', '£ 2,295.00', NULL, NULL, '[{"category":"Network","specs":[{"label":"Technology","value":"GSM / HSPA / LTE / 5G"},{"label":"2G bands","value":"GSM 850 / 900 / 1800 / 1900"},{"label":"3G bands","value":"HSDPA 850 / 900 / 1700(AWS) / 1800 / 1900 / 2100"},{"label":"4G bands","value":"1, 2, 3, 4, 5, 7, 8, 12, 17, 18, 19, 20, 26, 28, 34, 38, 39, 40, 41, 42"},{"label":"5G bands","value":"1, 2, 3, 5, 7, 8, 12, 20, 28, 38, 41, 77, 78 SA/NSA"},{"label":"Speed","value":"HSPA, LTE, 5G"}]},{"category":"Launch","specs":[{"label":"Announced","value":"2023, June 29"},{"label":"Status","value":"Available. Released 2023, July 10"}]},{"category":"Body","specs":[{"label":"Dimensions","value":"146.5 x 68.1 x 9.4 mm (5.77 x 2.68 x 0.37 in)"},{"label":"Weight","value":"172 g (6.07 oz)"},{"label":"Build","value":"Glass front, aluminum frame, plastic back"},{"label":"SIM","value":"Nano-SIM + Nano-SIM"}]},{"category":"Display","specs":[{"label":"Type","value":"Super AMOLED, 144Hz, HDR10+, 800 nits (HBM), 1100 nits (peak)"},{"label":"Size","value":"5.92 inches, 84.6 cm 2 (~84.8% screen-to-body ratio)"},{"label":"Resolution","value":"1080 x 2400 pixels, 20:9 ratio (~445 ppi density)"},{"label":"Protection","value":"Corning Gorilla Glass Victus"}]},{"category":"Platform","specs":[{"label":"OS","value":"Android 13, up to 2 major Android upgrades"},{"label":"Chipset","value":"Qualcomm SM8550-AB Snapdragon 8 Gen 2 (4 nm)"},{"label":"CPU","value":"Octa-core (1x3.2 GHz Cortex-X3 & 2x2.8 GHz Cortex-A715 & 2x2.8 GHz Cortex-A710 & 3x2.0 GHz Cortex-A510)"},{"label":"GPU","value":"Adreno 740"}]},{"category":"Memory","specs":[{"label":"Card slot","value":"No"},{"label":"Internal","value":"128GB 8GB RAM, 256GB 8GB RAM, 256GB 16GB RAM, 512GB 16GB RAM"}]},{"category":"Main Camera","specs":[{"label":"Dual","value":"50 MP, f/1.9, 24mm (wide), 1/1.56\\", 1.0µm, multi-directional PDAF, gimbal OIS"},{"label":"Features","value":"LED flash, HDR, panorama"},{"label":"Video","value":"8K@24fps, 4K@30/60fps, 1080p@30/60fps; gyro-EIS, HDR"}]},{"category":"Selfie camera","specs":[{"label":"Single","value":"32 MP, f/2.5, (wide), 1/3.2\\", 0.7µm"},{"label":"Video","value":"1080p@30fps"}]},{"category":"Sound","specs":[{"label":"Loudspeaker","value":"Yes, with stereo speakers"},{"label":"3.5mm jack","value":"Yes"}]},{"category":"Comms","specs":[{"label":"WLAN","value":"Wi-Fi 802.11 a/b/g/n/ac/6e/7, tri-band, Wi-Fi Direct"},{"label":"Bluetooth","value":"5.3, A2DP, LE, aptX HD, aptX Adaptive, aptX Lossless"},{"label":"Positioning","value":"GPS (L1+L5), GLONASS (L1), BDS (B1I+B2a), GALILEO (E1+E5a), QZSS (L1+L5), NavIC (L5)"},{"label":"NFC","value":"Yes"},{"label":"USB","value":"USB Type-C 2.0, OTG"},{"label":"Radio","value":"No"}]},{"category":"Features","specs":[{"label":"Sensors","value":"Fingerprint (side-mounted), accelerometer, gyro, proximity, compass"}]},{"category":"Battery","specs":[{"label":"Type","value":"Li-Po 4300 mAh"},{"label":"Charging","value":"30W wired, PD3.0, PPS, QC4"}]},{"category":"Misc","specs":[{"label":"Colors","value":"Starry Blue, Midnight Black, Aurora Green, Eclipse Red, Comet White"},{"label":"Models","value":"AI2302"},{"label":"Price","value":"£ 2,295.00"}]}]');
INSERT OR IGNORE INTO device_pictures (device_id, url, position) VALUES (154, 'https://fdn2.gsmarena.com/vv/bigpic/asus-zenfone10.jpg', 0);
INSERT OR IGNORE INTO device_pictures (device_id, url, position) VALUES (154, 'https://fdn2.gsmarena.com/vv/pics/asus/asus-zenfone10-0.jpg', 1);
INSERT OR IGNORE INTO device_pictures (device_id, url, position) VALUES (154, 'https://fdn2.gsmarena.com/vv/pics/asus/asus-zenfone10-1.jpg', 2);
INSERT OR IGNORE INTO device_pictures (device_id, url, position) VALUES (154, 'https://fdn2.gsmarena.com/vv/pics/asus/asus-zenfone10-2.jpg', 3);
INSERT OR IGNORE INTO device_pictures (device_id, url, position) VALUES (154, 'https://fdn.gsmarena.com/imgroot/reviews/23/asus-zenfone-10/rev29/lifestyle/-1024w2/gsmarena_001.jpg', 4);
INSERT OR IGNORE INTO device_pictures (device_id, url, position) VALUES (154, 'https://fdn.gsmarena.com/imgroot/reviews/23/asus-zenfone-10/rev29/lifestyle/-1024w2/gsmarena_002.jpg', 5);
INSERT OR IGNORE INTO device_pictures (device_id, url, position) VALUES (154, 'https://fdn.gsmarena.com/imgroot/reviews/23/asus-zenfone-10/rev29/lifestyle/-1024w2/gsmarena_003.jpg', 6);
INSERT OR IGNORE INTO device_pictures (device_id, url, position) VALUES (154, 'https://fdn.gsmarena.com/imgroot/reviews/23/asus-zenfone-10/rev29/lifestyle/-1024w2/gsmarena_004.jpg', 7);
INSERT OR IGNORE INTO device_pictures (device_id, url, position) VALUES (154, 'https://fdn.gsmarena.com/imgroot/reviews/23/asus-zenfone-10/rev29/lifestyle/-1024w2/gsmarena_005.jpg', 8);
INSERT OR IGNORE INTO device_pictures (device_id, url, position) VALUES (154, 'https://fdn.gsmarena.com/imgroot/reviews/23/asus-zenfone-10/rev29/lifestyle/-1024w2/gsmarena_006.jpg', 9);
INSERT OR IGNORE INTO devices (id, brand_id, name, gsmarena_url, thumbnail_url, summary) VALUES (155, 2, 'ROG Phone 7 Ultimate', 'https://www.gsmarena.com/asus_rog_phone_7_ultimate-12224.php', 'https://fdn2.gsmarena.com/vv/bigpic/asus-rog-phone-7-ultimate.jpg', 'ROG Phone 7 Ultimate');
INSERT OR IGNORE INTO device_specs (device_id, announced, status, network, os, chipset, cpu, gpu, display_size, display_type, display_res, ram, storage, main_camera, selfie_camera, battery, charging, nfc, usb, bluetooth, wlan, colors, weight, dimensions, sim, sensors, popularity, fans, rating, full_specs_json) VALUES (155, '2023, April 13', 'Available. Released 2023, May', 'GSM / CDMA / HSPA / LTE / 5G / 5G', 'Android 13, up to 2 major Android upgrades', 'Qualcomm SM8550-AB Snapdragon 8 Gen 2 (4 nm)', 'Octa-core (1x3.2 GHz Cortex-X3 & 2x2.8 GHz Cortex-A715 & 2x2.8 GHz Cortex-A710 & 3x2.0 GHz Cortex-A510)', 'Adreno 740', '6.78 inches, 109.5 cm 2 (~82.2% screen-to-body ratio)', 'AMOLED, 1B colors, 165Hz, HDR10+, 1000 nits (HBM), 1500 nits (peak)', '1080 x 2448 pixels (~395 ppi density)', '16GB', '512GB', '50 MP, f/1.9, 24mm (wide), 1/1.56", 1.0µm, PDAF, LED flash, HDR, panorama', '32 MP, f/2.5, 29mm (wide), 1/3.2", 0.7µm, 1080p@30fps', 'Li-Po 6000 mAh', '65W wired, PD3.0, QC5, 100% in 42 min', 'Yes', 'USB Type-C 3.1 (side), DisplayPort 1.4; USB Type-C 2.0 (bottom), OTG, accessory connector', '5.3, A2DP, LE, aptX HD, aptX Adaptive, aptX Lossless', 'Wi-Fi 802.11 a/b/g/n/ac/6e/7, tri-band, Wi-Fi Direct', 'Storm White', '239 g (8.43 oz)', '173 x 77 x 10.3 mm (6.81 x 3.03 x 0.41 in)', 'Nano-SIM + Nano-SIM', 'Fingerprint (under display, optical), accelerometer, gyro, proximity, compass', 'About 780 EUR', NULL, NULL, '[{"category":"Network","specs":[{"label":"Technology","value":"GSM / CDMA / HSPA / LTE / 5G"},{"label":"2G bands","value":"GSM 850 / 900 / 1800 / 1900"},{"label":"3G bands","value":"HSDPA 800 / 850 / 900 / 1700(AWS) / 1900 / 2100"},{"label":"4G bands","value":"1, 2, 3, 4, 5, 7, 8, 12, 17, 18, 19, 20, 25, 26, 28, 32, 34, 38, 39, 40, 41, 42, 43, 48, 66 - International"},{"label":"5G bands","value":"1, 2, 3, 5, 7, 8, 12, 18, 20, 25, 26, 28, 38, 40, 41, 48, 66, 77, 78, 79 SA/NSA/Sub6 - International"},{"label":"Speed","value":"HSPA, LTE (Up to 7CA), 5G"}]},{"category":"Launch","specs":[{"label":"Announced","value":"2023, April 13"},{"label":"Status","value":"Available. Released 2023, May"}]},{"category":"Body","specs":[{"label":"Dimensions","value":"173 x 77 x 10.3 mm (6.81 x 3.03 x 0.41 in)"},{"label":"Weight","value":"239 g (8.43 oz)"},{"label":"Build","value":"Glass front (Gorilla Glass Victus), glass back (Gorilla Glass 3), aluminum frame"},{"label":"SIM","value":"Nano-SIM + Nano-SIM"}]},{"category":"Display","specs":[{"label":"Type","value":"AMOLED, 1B colors, 165Hz, HDR10+, 1000 nits (HBM), 1500 nits (peak)"},{"label":"Size","value":"6.78 inches, 109.5 cm 2 (~82.2% screen-to-body ratio)"},{"label":"Resolution","value":"1080 x 2448 pixels (~395 ppi density)"},{"label":"Protection","value":"Corning Gorilla Glass Victus"}]},{"category":"Platform","specs":[{"label":"OS","value":"Android 13, up to 2 major Android upgrades"},{"label":"Chipset","value":"Qualcomm SM8550-AB Snapdragon 8 Gen 2 (4 nm)"},{"label":"CPU","value":"Octa-core (1x3.2 GHz Cortex-X3 & 2x2.8 GHz Cortex-A715 & 2x2.8 GHz Cortex-A710 & 3x2.0 GHz Cortex-A510)"},{"label":"GPU","value":"Adreno 740"}]},{"category":"Memory","specs":[{"label":"Card slot","value":"No"},{"label":"Internal","value":"512GB 16GB RAM"}]},{"category":"Main Camera","specs":[{"label":"Triple","value":"50 MP, f/1.9, 24mm (wide), 1/1.56\\", 1.0µm, PDAF"},{"label":"Features","value":"LED flash, HDR, panorama"},{"label":"Video","value":"8K@24fps, 4K@30/60fps, 1080p@30/60/120/240fps, 720p@480fps; gyro-EIS, HDR10+"}]},{"category":"Selfie camera","specs":[{"label":"Single","value":"32 MP, f/2.5, 29mm (wide), 1/3.2\\", 0.7µm"},{"label":"Video","value":"1080p@30fps"},{"label":"Features","value":"Panorama, HDR"}]},{"category":"Sound","specs":[{"label":"Loudspeaker","value":"Yes, with stereo speakers (2 amplifiers)"},{"label":"3.5mm jack","value":"Yes"}]},{"category":"Comms","specs":[{"label":"WLAN","value":"Wi-Fi 802.11 a/b/g/n/ac/6e/7, tri-band, Wi-Fi Direct"},{"label":"Bluetooth","value":"5.3, A2DP, LE, aptX HD, aptX Adaptive, aptX Lossless"},{"label":"Positioning","value":"GPS (L1+L5), GLONASS (L1), BDS (B1I+B1c+B2a), GALILEO (E1+E5a), QZSS (L1+L5), NavIC (L5)"},{"label":"NFC","value":"Yes"},{"label":"USB","value":"USB Type-C 3.1 (side), DisplayPort 1.4; USB Type-C 2.0 (bottom), OTG, accessory connector"},{"label":"Radio","value":"No"}]},{"category":"Features","specs":[{"label":"Sensors","value":"Fingerprint (under display, optical), accelerometer, gyro, proximity, compass"}]},{"category":"Battery","specs":[{"label":"Type","value":"Li-Po 6000 mAh"},{"label":"Charging","value":"65W wired, PD3.0, QC5, 100% in 42 min"}]},{"category":"Misc","specs":[{"label":"Colors","value":"Storm White"},{"label":"Price","value":"About 780 EUR"}]}]');
INSERT OR IGNORE INTO device_pictures (device_id, url, position) VALUES (155, 'https://fdn2.gsmarena.com/vv/bigpic/asus-rog-phone-7-ultimate.jpg', 0);
INSERT OR IGNORE INTO device_pictures (device_id, url, position) VALUES (155, 'https://fdn2.gsmarena.com/vv/pics/asus/asus-rog-phone-7-ultimate-1.jpg', 1);
INSERT OR IGNORE INTO device_pictures (device_id, url, position) VALUES (155, 'https://fdn2.gsmarena.com/vv/pics/asus/asus-rog-phone-7-ultimate-2.jpg', 2);
INSERT OR IGNORE INTO device_pictures (device_id, url, position) VALUES (155, 'https://fdn2.gsmarena.com/vv/pics/asus/asus-rog-phone-7-ultimate-3.jpg', 3);
INSERT OR IGNORE INTO device_pictures (device_id, url, position) VALUES (155, 'https://fdn.gsmarena.com/imgroot/reviews/23/asus-rog-phone-7-ultimate/lifestyle/-1024w2/gsmarena_001.jpg', 4);
INSERT OR IGNORE INTO device_pictures (device_id, url, position) VALUES (155, 'https://fdn.gsmarena.com/imgroot/reviews/23/asus-rog-phone-7-ultimate/lifestyle/-1024w2/gsmarena_002.jpg', 5);
INSERT OR IGNORE INTO device_pictures (device_id, url, position) VALUES (155, 'https://fdn.gsmarena.com/imgroot/reviews/23/asus-rog-phone-7-ultimate/lifestyle/-1024w2/gsmarena_003.jpg', 6);
INSERT OR IGNORE INTO device_pictures (device_id, url, position) VALUES (155, 'https://fdn.gsmarena.com/imgroot/reviews/23/asus-rog-phone-7-ultimate/lifestyle/-1024w2/gsmarena_004.jpg', 7);
INSERT OR IGNORE INTO device_pictures (device_id, url, position) VALUES (155, 'https://fdn.gsmarena.com/imgroot/reviews/23/asus-rog-phone-7-ultimate/lifestyle/-1024w2/gsmarena_005.jpg', 8);
INSERT OR IGNORE INTO device_pictures (device_id, url, position) VALUES (155, 'https://fdn.gsmarena.com/imgroot/reviews/23/asus-rog-phone-7-ultimate/lifestyle/-1024w2/gsmarena_006.jpg', 9);
INSERT OR IGNORE INTO devices (id, brand_id, name, gsmarena_url, thumbnail_url, summary) VALUES (156, 2, 'ROG Phone 7', 'https://www.gsmarena.com/asus_rog_phone_7-12223.php', 'https://fdn2.gsmarena.com/vv/bigpic/asus-rog-phone-7.jpg', 'ROG Phone 7');
INSERT OR IGNORE INTO device_specs (device_id, announced, status, network, os, chipset, cpu, gpu, display_size, display_type, display_res, ram, storage, main_camera, selfie_camera, battery, charging, nfc, usb, bluetooth, wlan, colors, weight, dimensions, sim, sensors, popularity, fans, rating, full_specs_json) VALUES (156, '2023, April 13', 'Available. Released 2023, May', 'GSM / CDMA / HSPA / LTE / 5G / 5G', 'Android 13, up to 2 major Android upgrades', 'Qualcomm SM8550-AB Snapdragon 8 Gen 2 (4 nm)', 'Octa-core (1x3.2 GHz Cortex-X3 & 2x2.8 GHz Cortex-A715 & 2x2.8 GHz Cortex-A710 & 3x2.0 GHz Cortex-A510)', 'Adreno 740', '6.78 inches, 109.5 cm 2 (~82.2% screen-to-body ratio)', 'AMOLED, 1B colors, 165Hz, HDR10+, 1000 nits (HBM), 1500 nits (peak)', '1080 x 2448 pixels (~395 ppi density)', '12GB', '256GB', '50 MP, f/1.9, 24mm (wide), 1/1.56", 1.0µm, PDAF, LED flash, HDR, panorama', '32 MP, f/2.5, 29mm (wide), 1/3.2", 0.7µm, 1080p@30fps', 'Li-Po 6000 mAh', '65W wired, PD3.0, QC5, 100% in 42 min', 'Yes', 'USB Type-C 3.1 (side), DisplayPort 1.4; USB Type-C 2.0 (bottom), OTG, accessory connector', '5.3, A2DP, LE, aptX HD, aptX Adaptive, aptX Lossless', 'Wi-Fi 802.11 a/b/g/n/ac/6e/7, tri-band, Wi-Fi Direct', 'Phantom Black, Storm White', '239 g (8.43 oz)', '173 x 77 x 10.3 mm (6.81 x 3.03 x 0.41 in)', 'Nano-SIM + Nano-SIM', 'Fingerprint (under display, optical), accelerometer, gyro, proximity, compass', 'About 740 EUR', NULL, NULL, '[{"category":"Network","specs":[{"label":"Technology","value":"GSM / CDMA / HSPA / LTE / 5G"},{"label":"2G bands","value":"GSM 850 / 900 / 1800 / 1900"},{"label":"3G bands","value":"HSDPA 800 / 850 / 900 / 1700(AWS) / 1900 / 2100"},{"label":"4G bands","value":"1, 2, 3, 4, 5, 7, 8, 12, 17, 18, 19, 20, 25, 26, 28, 32, 34, 38, 39, 40, 41, 42, 43, 48, 66 - International"},{"label":"5G bands","value":"1, 2, 3, 5, 7, 8, 12, 18, 20, 25, 26, 28, 38, 40, 41, 48, 66, 77, 78, 79 SA/NSA/Sub6 - International"},{"label":"Speed","value":"HSPA, LTE (Up to 7CA), 5G"}]},{"category":"Launch","specs":[{"label":"Announced","value":"2023, April 13"},{"label":"Status","value":"Available. Released 2023, May"}]},{"category":"Body","specs":[{"label":"Dimensions","value":"173 x 77 x 10.3 mm (6.81 x 3.03 x 0.41 in)"},{"label":"Weight","value":"239 g (8.43 oz)"},{"label":"Build","value":"Glass front (Gorilla Glass Victus), glass back (Gorilla Glass 3), aluminum frame"},{"label":"SIM","value":"Nano-SIM + Nano-SIM"}]},{"category":"Display","specs":[{"label":"Type","value":"AMOLED, 1B colors, 165Hz, HDR10+, 1000 nits (HBM), 1500 nits (peak)"},{"label":"Size","value":"6.78 inches, 109.5 cm 2 (~82.2% screen-to-body ratio)"},{"label":"Resolution","value":"1080 x 2448 pixels (~395 ppi density)"},{"label":"Protection","value":"Corning Gorilla Glass Victus"}]},{"category":"Platform","specs":[{"label":"OS","value":"Android 13, up to 2 major Android upgrades"},{"label":"Chipset","value":"Qualcomm SM8550-AB Snapdragon 8 Gen 2 (4 nm)"},{"label":"CPU","value":"Octa-core (1x3.2 GHz Cortex-X3 & 2x2.8 GHz Cortex-A715 & 2x2.8 GHz Cortex-A710 & 3x2.0 GHz Cortex-A510)"},{"label":"GPU","value":"Adreno 740"}]},{"category":"Memory","specs":[{"label":"Card slot","value":"No"},{"label":"Internal","value":"256GB 12GB RAM, 512GB 16GB RAM"}]},{"category":"Main Camera","specs":[{"label":"Triple","value":"50 MP, f/1.9, 24mm (wide), 1/1.56\\", 1.0µm, PDAF"},{"label":"Features","value":"LED flash, HDR, panorama"},{"label":"Video","value":"8K@24fps, 4K@30/60fps, 1080p@30/60/120/240fps, 720p@480fps; gyro-EIS, HDR10+"}]},{"category":"Selfie camera","specs":[{"label":"Single","value":"32 MP, f/2.5, 29mm (wide), 1/3.2\\", 0.7µm"},{"label":"Video","value":"1080p@30fps"},{"label":"Features","value":"Panorama, HDR"}]},{"category":"Sound","specs":[{"label":"Loudspeaker","value":"Yes, with stereo speakers (2 amplifiers)"},{"label":"3.5mm jack","value":"Yes"}]},{"category":"Comms","specs":[{"label":"WLAN","value":"Wi-Fi 802.11 a/b/g/n/ac/6e/7, tri-band, Wi-Fi Direct"},{"label":"Bluetooth","value":"5.3, A2DP, LE, aptX HD, aptX Adaptive, aptX Lossless"},{"label":"Positioning","value":"GPS (L1+L5), GLONASS (L1), BDS (B1I+B2a+B2c), GALILEO (E1+E5a), QZSS (L1+L5), NavIC (L5)"},{"label":"NFC","value":"Yes"},{"label":"USB","value":"USB Type-C 3.1 (side), DisplayPort 1.4; USB Type-C 2.0 (bottom), OTG, accessory connector"},{"label":"Radio","value":"No"}]},{"category":"Features","specs":[{"label":"Sensors","value":"Fingerprint (under display, optical), accelerometer, gyro, proximity, compass"}]},{"category":"Battery","specs":[{"label":"Type","value":"Li-Po 6000 mAh"},{"label":"Charging","value":"65W wired, PD3.0, QC5, 100% in 42 min"}]},{"category":"Misc","specs":[{"label":"Colors","value":"Phantom Black, Storm White"},{"label":"Models","value":"AI2205_C"},{"label":"Price","value":"About 740 EUR"}]}]');
INSERT OR IGNORE INTO device_pictures (device_id, url, position) VALUES (156, 'https://fdn2.gsmarena.com/vv/bigpic/asus-rog-phone-7.jpg', 0);
INSERT OR IGNORE INTO device_pictures (device_id, url, position) VALUES (156, 'https://fdn2.gsmarena.com/vv/pics/asus/asus-rog-phone-7-1.jpg', 1);
INSERT OR IGNORE INTO device_pictures (device_id, url, position) VALUES (156, 'https://fdn2.gsmarena.com/vv/pics/asus/asus-rog-phone-7-2.jpg', 2);
INSERT OR IGNORE INTO device_pictures (device_id, url, position) VALUES (156, 'https://fdn.gsmarena.com/imgroot/reviews/23/asus-rog-phone-7/lifestyle/-1024w2/gsmarena_001.jpg', 3);
INSERT OR IGNORE INTO device_pictures (device_id, url, position) VALUES (156, 'https://fdn.gsmarena.com/imgroot/reviews/23/asus-rog-phone-7/lifestyle/-1024w2/gsmarena_002.jpg', 4);
INSERT OR IGNORE INTO device_pictures (device_id, url, position) VALUES (156, 'https://fdn.gsmarena.com/imgroot/reviews/23/asus-rog-phone-7/lifestyle/-1024w2/gsmarena_003.jpg', 5);
INSERT OR IGNORE INTO device_pictures (device_id, url, position) VALUES (156, 'https://fdn.gsmarena.com/imgroot/reviews/23/asus-rog-phone-7/lifestyle/-1024w2/gsmarena_004.jpg', 6);
INSERT OR IGNORE INTO device_pictures (device_id, url, position) VALUES (156, 'https://fdn.gsmarena.com/imgroot/reviews/23/asus-rog-phone-7/lifestyle/-1024w2/gsmarena_005.jpg', 7);
INSERT OR IGNORE INTO device_pictures (device_id, url, position) VALUES (156, 'https://fdn.gsmarena.com/imgroot/reviews/23/asus-rog-phone-7/lifestyle/-1024w2/gsmarena_006.jpg', 8);
INSERT OR IGNORE INTO device_pictures (device_id, url, position) VALUES (156, 'https://fdn.gsmarena.com/imgroot/reviews/23/asus-rog-phone-7/lifestyle/-1024w2/gsmarena_007.jpg', 9);
INSERT OR IGNORE INTO devices (id, brand_id, name, gsmarena_url, thumbnail_url, summary) VALUES (157, 2, 'ROG Phone 6D Ultimate', 'https://www.gsmarena.com/asus_rog_phone_6d_ultimate-11880.php', 'https://fdn2.gsmarena.com/vv/bigpic/asus-rog-phone-6d-ultimate.jpg', 'ROG Phone 6D Ultimate');
INSERT OR IGNORE INTO device_specs (device_id, announced, status, network, os, chipset, cpu, gpu, display_size, display_type, display_res, ram, storage, main_camera, selfie_camera, battery, charging, nfc, usb, bluetooth, wlan, colors, weight, dimensions, sim, sensors, popularity, fans, rating, full_specs_json) VALUES (157, '2022, September 19', 'Available. Released 2022, October 07', 'GSM / CDMA / HSPA / LTE / 5G / 5G', 'Android 12', 'Mediatek Dimensity 9000+ (4 nm)', 'Octa-core (1x3.35 GHz Cortex-X2 & 3x2.85 GHz Cortex-A710 & 4x1.80 GHz Cortex-A510)', 'Mali-G710 MC10', '6.78 inches, 109.5 cm 2 (~82.2% screen-to-body ratio)', 'AMOLED, 1B colors, 165Hz, HDR10+, 800 nits (typ), 1200 nits (peak)', '1080 x 2448 pixels (~395 ppi density)', '16GB', '512GB', '50 MP, f/1.9, 24mm (wide),  1/1.56", 1.0µm, PDAF, LED flash, HDR, panorama', '12 MP, 28mm (wide), 1080p@30fps', 'Li-Po 6000 mAh', '65W wired, PD3.0', 'Yes', 'USB Type-C 3.1 (side), USB Type-C 2.0 (bottom), OTG, accessory connector', '5.3, A2DP, LE, aptX HD, aptX Adaptive', 'Wi-Fi 802.11 a/b/g/n/ac/6e, tri-band, Wi-Fi Direct', 'Space Gray', '247 g (8.71 oz)', '173 x 77 x 10.4 mm (6.81 x 3.03 x 0.41 in)', 'Nano-SIM + Nano-SIM', 'Fingerprint (under display, optical), accelerometer, gyro, proximity, compass', 'About 1100 EUR', NULL, NULL, '[{"category":"Network","specs":[{"label":"Technology","value":"GSM / CDMA / HSPA / LTE / 5G"},{"label":"2G bands","value":"GSM 850 / 900 / 1800 / 1900"},{"label":"3G bands","value":"HSDPA 800 / 850 / 900 / 1700(AWS) / 1900 / 2100"},{"label":"4G bands","value":"1, 2, 3, 4, 5, 7, 8, 12, 17, 18, 19, 20, 26, 28, 32, 34, 38, 39, 40, 41, 42, 43, 48 - A version"},{"label":"5G bands","value":"1, 2, 3, 5, 7, 8, 12, 18, 20, 26, 28, 38, 40, 41, 48, 77, 78, 79 SA/NSA/Sub6 - A version"},{"label":"Speed","value":"HSPA 42.2/11.5 Mbps, LTE (5CA) Cat19 1600/210 Mbps, 5G"}]},{"category":"Launch","specs":[{"label":"Announced","value":"2022, September 19"},{"label":"Status","value":"Available. Released 2022, October 07"}]},{"category":"Body","specs":[{"label":"Dimensions","value":"173 x 77 x 10.4 mm (6.81 x 3.03 x 0.41 in)"},{"label":"Weight","value":"247 g (8.71 oz)"},{"label":"Build","value":"Glass front (Gorilla Glass Victus), glass back (Gorilla Glass 3), aluminum frame"},{"label":"SIM","value":"Nano-SIM + Nano-SIM"}]},{"category":"Display","specs":[{"label":"Type","value":"AMOLED, 1B colors, 165Hz, HDR10+, 800 nits (typ), 1200 nits (peak)"},{"label":"Size","value":"6.78 inches, 109.5 cm 2 (~82.2% screen-to-body ratio)"},{"label":"Resolution","value":"1080 x 2448 pixels (~395 ppi density)"},{"label":"Protection","value":"Corning Gorilla Glass Victus"}]},{"category":"Platform","specs":[{"label":"OS","value":"Android 12"},{"label":"Chipset","value":"Mediatek Dimensity 9000+ (4 nm)"},{"label":"CPU","value":"Octa-core (1x3.35 GHz Cortex-X2 & 3x2.85 GHz Cortex-A710 & 4x1.80 GHz Cortex-A510)"},{"label":"GPU","value":"Mali-G710 MC10"}]},{"category":"Memory","specs":[{"label":"Card slot","value":"No"},{"label":"Internal","value":"512GB 16GB RAM"}]},{"category":"Main Camera","specs":[{"label":"Triple","value":"50 MP, f/1.9, 24mm (wide),  1/1.56\\", 1.0µm, PDAF"},{"label":"Features","value":"LED flash, HDR, panorama"},{"label":"Video","value":"8K@24fps, 4K@30/60fps, 1080p@30/60/120/240fps, 720p@480fps; gyro-EIS, HDR10+"}]},{"category":"Selfie camera","specs":[{"label":"Single","value":"12 MP, 28mm (wide)"},{"label":"Video","value":"1080p@30fps"},{"label":"Features","value":"Panorama, HDR"}]},{"category":"Sound","specs":[{"label":"Loudspeaker","value":"Yes, with stereo speakers (2 amplifiers)"},{"label":"3.5mm jack","value":"Yes"}]},{"category":"Comms","specs":[{"label":"WLAN","value":"Wi-Fi 802.11 a/b/g/n/ac/6e, tri-band, Wi-Fi Direct"},{"label":"Bluetooth","value":"5.3, A2DP, LE, aptX HD, aptX Adaptive"},{"label":"Positioning","value":"GPS (L1+L5), GLONASS (L1), BDS (B1I+B1c+B2a), GALILEO (E1+E5a), QZSS (L1), NavIC (L5)"},{"label":"NFC","value":"Yes"},{"label":"USB","value":"USB Type-C 3.1 (side), USB Type-C 2.0 (bottom), OTG, accessory connector"},{"label":"Radio","value":"No"}]},{"category":"Features","specs":[{"label":"Sensors","value":"Fingerprint (under display, optical), accelerometer, gyro, proximity, compass"}]},{"category":"Battery","specs":[{"label":"Type","value":"Li-Po 6000 mAh"},{"label":"Charging","value":"65W wired, PD3.0"}]},{"category":"Misc","specs":[{"label":"Colors","value":"Space Gray"},{"label":"Models","value":"AI2203, AI2203-3E010EU"},{"label":"Price","value":"About 1100 EUR"}]}]');
INSERT OR IGNORE INTO device_pictures (device_id, url, position) VALUES (157, 'https://fdn2.gsmarena.com/vv/bigpic/asus-rog-phone-6d-ultimate.jpg', 0);
INSERT OR IGNORE INTO device_pictures (device_id, url, position) VALUES (157, 'https://fdn2.gsmarena.com/vv/pics/asus/asus-rog-phone-6d-ultimate-1.jpg', 1);
INSERT OR IGNORE INTO device_pictures (device_id, url, position) VALUES (157, 'https://fdn.gsmarena.com/imgroot/reviews/22/asus-rog-phone-6d-ultimate/lifestyle/-1024w2/gsmarena_001.jpg', 2);
INSERT OR IGNORE INTO device_pictures (device_id, url, position) VALUES (157, 'https://fdn.gsmarena.com/imgroot/reviews/22/asus-rog-phone-6d-ultimate/lifestyle/-1024w2/gsmarena_002.jpg', 3);
INSERT OR IGNORE INTO device_pictures (device_id, url, position) VALUES (157, 'https://fdn.gsmarena.com/imgroot/reviews/22/asus-rog-phone-6d-ultimate/lifestyle/-1024w2/gsmarena_003.jpg', 4);
INSERT OR IGNORE INTO device_pictures (device_id, url, position) VALUES (157, 'https://fdn.gsmarena.com/imgroot/reviews/22/asus-rog-phone-6d-ultimate/lifestyle/-1024w2/gsmarena_004.jpg', 5);
INSERT OR IGNORE INTO device_pictures (device_id, url, position) VALUES (157, 'https://fdn.gsmarena.com/imgroot/reviews/22/asus-rog-phone-6d-ultimate/lifestyle/-1024w2/gsmarena_005.jpg', 6);
INSERT OR IGNORE INTO device_pictures (device_id, url, position) VALUES (157, 'https://fdn.gsmarena.com/imgroot/reviews/22/asus-rog-phone-6d-ultimate/lifestyle/-1024w2/gsmarena_006.jpg', 7);
INSERT OR IGNORE INTO device_pictures (device_id, url, position) VALUES (157, 'https://fdn.gsmarena.com/imgroot/reviews/22/asus-rog-phone-6d-ultimate/lifestyle/-1024w2/gsmarena_007.jpg', 8);
INSERT OR IGNORE INTO device_pictures (device_id, url, position) VALUES (157, 'https://fdn.gsmarena.com/imgroot/reviews/22/asus-rog-phone-6d-ultimate/lifestyle/-1024w2/gsmarena_008.jpg', 9);
INSERT OR IGNORE INTO devices (id, brand_id, name, gsmarena_url, thumbnail_url, summary) VALUES (158, 2, 'ROG Phone 6D', 'https://www.gsmarena.com/asus_rog_phone_6d-11881.php', 'https://fdn2.gsmarena.com/vv/bigpic/asus-rog-phone-6d.jpg', 'ROG Phone 6D');
INSERT OR IGNORE INTO device_specs (device_id, announced, status, network, os, chipset, cpu, gpu, display_size, display_type, display_res, ram, storage, main_camera, selfie_camera, battery, charging, nfc, usb, bluetooth, wlan, colors, weight, dimensions, sim, sensors, popularity, fans, rating, full_specs_json) VALUES (158, '2022, September 19', 'Available. Released 2022, October 11', 'GSM / CDMA / HSPA / LTE / 5G / 5G', 'Android 12', 'Mediatek Dimensity 9000+ (4 nm)', 'Octa-core (1x3.35 GHz Cortex-X2 & 3x2.85 GHz Cortex-A710 & 4x1.80 GHz Cortex-A510)', 'Mali-G710 MC10', '6.78 inches, 109.5 cm 2 (~82.2% screen-to-body ratio)', 'AMOLED, 1B colors, 165Hz, HDR10+, 800 nits (typ), 1200 nits (peak)', '1080 x 2448 pixels (~395 ppi density)', '12GB', '256GB', '50 MP, f/1.9, 24mm (wide),  1/1.56", 1.0µm, PDAF, LED flash, HDR, panorama', '12 MP, 28mm (wide), 1080p@30fps', 'Li-Po 6000 mAh', '65W wired, PD3.0', 'Yes', 'USB Type-C 3.1 (side), USB Type-C 2.0 (bottom), OTG, accessory connector', '5.3, A2DP, LE, aptX HD, aptX Adaptive', 'Wi-Fi 802.11 a/b/g/n/ac/6e, tri-band, Wi-Fi Direct', 'Space Gray', '239 g (8.43 oz)', '173 x 77 x 10.4 mm (6.81 x 3.03 x 0.41 in)', 'Nano-SIM + Nano-SIM', 'Fingerprint (under display, optical), accelerometer, gyro, proximity, compass', 'About 690 EUR', NULL, NULL, '[{"category":"Network","specs":[{"label":"Technology","value":"GSM / CDMA / HSPA / LTE / 5G"},{"label":"2G bands","value":"GSM 850 / 900 / 1800 / 1900"},{"label":"3G bands","value":"HSDPA 800 / 850 / 900 / 1700(AWS) / 1900 / 2100"},{"label":"4G bands","value":"1, 2, 3, 4, 5, 7, 8, 12, 17, 18, 19, 20, 26, 28, 32, 34, 38, 39, 40, 41, 42, 43, 48 - A version"},{"label":"5G bands","value":"1, 2, 3, 5, 7, 8, 12, 18, 20, 26, 28, 38, 40, 41, 48, 77, 78, 79 SA/NSA/Sub6 - A version"},{"label":"Speed","value":"HSPA 42.2/11.5 Mbps, LTE (5CA) Cat19 1600/210 Mbps, 5G"}]},{"category":"Launch","specs":[{"label":"Announced","value":"2022, September 19"},{"label":"Status","value":"Available. Released 2022, October 11"}]},{"category":"Body","specs":[{"label":"Dimensions","value":"173 x 77 x 10.4 mm (6.81 x 3.03 x 0.41 in)"},{"label":"Weight","value":"239 g (8.43 oz)"},{"label":"Build","value":"Glass front (Gorilla Glass Victus), glass back (Gorilla Glass 3), aluminum frame"},{"label":"SIM","value":"Nano-SIM + Nano-SIM"}]},{"category":"Display","specs":[{"label":"Type","value":"AMOLED, 1B colors, 165Hz, HDR10+, 800 nits (typ), 1200 nits (peak)"},{"label":"Size","value":"6.78 inches, 109.5 cm 2 (~82.2% screen-to-body ratio)"},{"label":"Resolution","value":"1080 x 2448 pixels (~395 ppi density)"},{"label":"Protection","value":"Corning Gorilla Glass Victus"}]},{"category":"Platform","specs":[{"label":"OS","value":"Android 12"},{"label":"Chipset","value":"Mediatek Dimensity 9000+ (4 nm)"},{"label":"CPU","value":"Octa-core (1x3.35 GHz Cortex-X2 & 3x2.85 GHz Cortex-A710 & 4x1.80 GHz Cortex-A510)"},{"label":"GPU","value":"Mali-G710 MC10"}]},{"category":"Memory","specs":[{"label":"Card slot","value":"No"},{"label":"Internal","value":"256GB 12GB RAM, 256GB 16GB RAM"}]},{"category":"Main Camera","specs":[{"label":"Triple","value":"50 MP, f/1.9, 24mm (wide),  1/1.56\\", 1.0µm, PDAF"},{"label":"Features","value":"LED flash, HDR, panorama"},{"label":"Video","value":"8K@24fps, 4K@30/60fps, 1080p@30/60/120/240fps, 720p@480fps; gyro-EIS, HDR10+"}]},{"category":"Selfie camera","specs":[{"label":"Single","value":"12 MP, 28mm (wide)"},{"label":"Video","value":"1080p@30fps"},{"label":"Features","value":"Panorama, HDR"}]},{"category":"Sound","specs":[{"label":"Loudspeaker","value":"Yes, with stereo speakers (2 amplifiers)"},{"label":"3.5mm jack","value":"Yes"}]},{"category":"Comms","specs":[{"label":"WLAN","value":"Wi-Fi 802.11 a/b/g/n/ac/6e, tri-band, Wi-Fi Direct"},{"label":"Bluetooth","value":"5.3, A2DP, LE, aptX HD, aptX Adaptive"},{"label":"Positioning","value":"GPS (L1+L5), GLONASS (L1), BDS (B1I+B1c+B2a), GALILEO (E1+E5a), QZSS (L1), NavIC (L5)"},{"label":"NFC","value":"Yes"},{"label":"USB","value":"USB Type-C 3.1 (side), USB Type-C 2.0 (bottom), OTG, accessory connector"},{"label":"Radio","value":"No"}]},{"category":"Features","specs":[{"label":"Sensors","value":"Fingerprint (under display, optical), accelerometer, gyro, proximity, compass"}]},{"category":"Battery","specs":[{"label":"Type","value":"Li-Po 6000 mAh"},{"label":"Charging","value":"65W wired, PD3.0"}]},{"category":"Misc","specs":[{"label":"Colors","value":"Space Gray"},{"label":"Models","value":"AI2203, AI2203_D"},{"label":"Price","value":"About 690 EUR"}]}]');
INSERT OR IGNORE INTO device_pictures (device_id, url, position) VALUES (158, 'https://fdn2.gsmarena.com/vv/bigpic/asus-rog-phone-6d.jpg', 0);
INSERT OR IGNORE INTO device_pictures (device_id, url, position) VALUES (158, 'https://fdn2.gsmarena.com/vv/pics/asus/asus-rog-phone-6d-1.jpg', 1);
INSERT OR IGNORE INTO devices (id, brand_id, name, gsmarena_url, thumbnail_url, summary) VALUES (159, 2, 'ROG Phone 6 Diablo Immortal Edition', 'https://www.gsmarena.com/asus_rog_phone_6_diablo_immortal_edition-11986.php', 'https://fdn2.gsmarena.com/vv/bigpic/asus-rog-phone-6-diablo-immortal-edition.jpg', 'ROG Phone 6 Diablo Immortal Edition');
INSERT OR IGNORE INTO device_specs (device_id, announced, status, network, os, chipset, cpu, gpu, display_size, display_type, display_res, ram, storage, main_camera, selfie_camera, battery, charging, nfc, usb, bluetooth, wlan, colors, weight, dimensions, sim, sensors, popularity, fans, rating, full_specs_json) VALUES (159, '2022, November 17', 'Available. Released 2022, November 18', 'GSM / CDMA / HSPA / LTE / 5G / 5G', 'Android 12', 'Qualcomm SM8475 Snapdragon 8+ Gen 1 (4 nm)', 'Octa-core (1x3.19 GHz Cortex-X2 & 3x2.75 GHz Cortex-A710 & 4x1.80 GHz Cortex-A510)', 'Adreno 730', '6.78 inches, 109.5 cm 2 (~82.2% screen-to-body ratio)', 'AMOLED, 1B colors, 165Hz, HDR10+, 800 nits (typ), 1200 nits (peak)', '1080 x 2448 pixels (~395 ppi density)', '16GB', '512GB', '50 MP, f/1.9, 24mm (wide),  1/1.56", 1.0µm, PDAF, LED flash, HDR, panorama', '12 MP, 28mm (wide), 1080p@30fps', 'Li-Po 6000 mAh', '65W wired, PD3.0, QC5', 'Yes', 'USB Type-C 3.1 (side), USB Type-C 2.0 (bottom), OTG, accessory connector', '5.2, A2DP, LE, aptX HD, aptX Adaptive', 'Wi-Fi 802.11 a/b/g/n/ac/6e, tri-band, Wi-Fi Direct', 'Hellfire Red', '239 g (8.43 oz)', '173 x 77 x 10.4 mm (6.81 x 3.03 x 0.41 in)', 'Nano-SIM + Nano-SIM', 'Fingerprint (under display, optical), accelerometer, gyro, proximity, compass', 'About 860 EUR', NULL, NULL, '[{"category":"Network","specs":[{"label":"Technology","value":"GSM / CDMA / HSPA / LTE / 5G"},{"label":"2G bands","value":"GSM 850 / 900 / 1800 / 1900"},{"label":"3G bands","value":"HSDPA 800 / 850 / 900 / 1700(AWS) / 1900 / 2100 - A version, C version"},{"label":"4G bands","value":"1, 2, 3, 4, 5, 7, 8, 12, 13, 17, 18, 19, 20, 25, 26, 28, 29, 30, 32, 34, 38, 39, 40, 41, 42, 43, 48, 66, 71 - A version"},{"label":"5G bands","value":"1, 2, 3, 5, 7, 8, 12, 13, 18, 20, 25, 26, 28, 38, 40, 41, 48, 66, 71, 77, 78, 79 SA/NSA - A version"},{"label":"Speed","value":"HSPA, LTE, 5G"}]},{"category":"Launch","specs":[{"label":"Announced","value":"2022, November 17"},{"label":"Status","value":"Available. Released 2022, November 18"}]},{"category":"Body","specs":[{"label":"Dimensions","value":"173 x 77 x 10.4 mm (6.81 x 3.03 x 0.41 in)"},{"label":"Weight","value":"239 g (8.43 oz)"},{"label":"Build","value":"Glass front (Gorilla Glass Victus), glass back (Gorilla Glass 3), aluminum frame"},{"label":"SIM","value":"Nano-SIM + Nano-SIM"}]},{"category":"Display","specs":[{"label":"Type","value":"AMOLED, 1B colors, 165Hz, HDR10+, 800 nits (typ), 1200 nits (peak)"},{"label":"Size","value":"6.78 inches, 109.5 cm 2 (~82.2% screen-to-body ratio)"},{"label":"Resolution","value":"1080 x 2448 pixels (~395 ppi density)"},{"label":"Protection","value":"Corning Gorilla Glass Victus"}]},{"category":"Platform","specs":[{"label":"OS","value":"Android 12"},{"label":"Chipset","value":"Qualcomm SM8475 Snapdragon 8+ Gen 1 (4 nm)"},{"label":"CPU","value":"Octa-core (1x3.19 GHz Cortex-X2 & 3x2.75 GHz Cortex-A710 & 4x1.80 GHz Cortex-A510)"},{"label":"GPU","value":"Adreno 730"}]},{"category":"Memory","specs":[{"label":"Card slot","value":"No"},{"label":"Internal","value":"512GB 16GB RAM"}]},{"category":"Main Camera","specs":[{"label":"Triple","value":"50 MP, f/1.9, 24mm (wide),  1/1.56\\", 1.0µm, PDAF"},{"label":"Features","value":"LED flash, HDR, panorama"},{"label":"Video","value":"8K@24fps, 4K@30/60fps, 4K@120fps, 1080p@30/60/120/240fps, 720p@480fps; gyro-EIS, HDR10+"}]},{"category":"Selfie camera","specs":[{"label":"Single","value":"12 MP, 28mm (wide)"},{"label":"Video","value":"1080p@30fps"},{"label":"Features","value":"Panorama, HDR"}]},{"category":"Sound","specs":[{"label":"Loudspeaker","value":"Yes, with stereo speakers (2 amplifiers)"},{"label":"3.5mm jack","value":"Yes"}]},{"category":"Comms","specs":[{"label":"WLAN","value":"Wi-Fi 802.11 a/b/g/n/ac/6e, tri-band, Wi-Fi Direct"},{"label":"Bluetooth","value":"5.2, A2DP, LE, aptX HD, aptX Adaptive"},{"label":"Positioning","value":"GPS (L1+L5), GLONASS (L1), BDS (B1I+B1c+B2a), GALILEO (E1+E5a), QZSS (L1+L5), NavIC (L5)"},{"label":"NFC","value":"Yes"},{"label":"USB","value":"USB Type-C 3.1 (side), USB Type-C 2.0 (bottom), OTG, accessory connector"},{"label":"Radio","value":"No"}]},{"category":"Features","specs":[{"label":"Sensors","value":"Fingerprint (under display, optical), accelerometer, gyro, proximity, compass"}]},{"category":"Battery","specs":[{"label":"Type","value":"Li-Po 6000 mAh"},{"label":"Charging","value":"65W wired, PD3.0, QC5"}]},{"category":"Misc","specs":[{"label":"Colors","value":"Hellfire Red"},{"label":"Price","value":"About 860 EUR"}]}]');
INSERT OR IGNORE INTO device_pictures (device_id, url, position) VALUES (159, 'https://fdn2.gsmarena.com/vv/bigpic/asus-rog-phone-6-diablo-immortal-edition.jpg', 0);
INSERT OR IGNORE INTO device_pictures (device_id, url, position) VALUES (159, 'https://fdn2.gsmarena.com/vv/pics/asus/asus-rog-phone-6-diablo-immortal-edition-1.jpg', 1);
INSERT OR IGNORE INTO device_pictures (device_id, url, position) VALUES (159, 'https://fdn2.gsmarena.com/vv/pics/asus/asus-rog-phone-6-diablo-immortal-edition-2.jpg', 2);
INSERT OR IGNORE INTO devices (id, brand_id, name, gsmarena_url, thumbnail_url, summary) VALUES (160, 2, 'ROG Phone 6 Batman Edition', 'https://www.gsmarena.com/asus_rog_phone_6_batman_edition-11882.php', 'https://fdn2.gsmarena.com/vv/bigpic/asus-rog-phone-6-batman.jpg', 'ROG Phone 6 Batman Edition');
INSERT OR IGNORE INTO device_specs (device_id, announced, status, network, os, chipset, cpu, gpu, display_size, display_type, display_res, ram, storage, main_camera, selfie_camera, battery, charging, nfc, usb, bluetooth, wlan, colors, weight, dimensions, sim, sensors, popularity, fans, rating, full_specs_json) VALUES (160, '2022, September 19', 'Available. Released 2022, October 10', 'GSM / CDMA / HSPA / LTE / 5G / 5G', 'Android 12', 'Qualcomm SM8475 Snapdragon 8+ Gen 1 (4 nm) - USA Mediatek Dimensity 9000+ (4 nm) - International', 'Octa-core (1x3.19 GHz Cortex-X2 & 3x2.75 GHz Cortex-A710 & 4x1.80 GHz Cortex-A510) Octa-core (1x3.35 GHz Cortex-X2 & 3x2.85 GHz Cortex-A710 & 4x1.80 GHz Cortex-A510)', 'Adreno 730 Mali-G710 MC10', '6.78 inches, 109.5 cm 2 (~82.2% screen-to-body ratio)', 'AMOLED, 1B colors, 165Hz, HDR10+, 800 nits (typ), 1200 nits (peak)', '1080 x 2448 pixels (~395 ppi density)', '12GB', '256GB', '50 MP, f/1.9, 24mm (wide),  1/1.56", 1.0µm, PDAF, LED flash, HDR, panorama', '12 MP, 28mm (wide), 1080p@30fps', 'Li-Po 6000 mAh', '65W wired, PD3.0, QC5 (Snapdragon model)', 'Yes', 'USB Type-C 3.1 (side), USB Type-C 2.0 (bottom), OTG, accessory connector', '5.2, A2DP, LE, aptX HD, aptX Adaptive - Snapdragon model 5.3, A2DP, LE - MediaTek model', 'Wi-Fi 802.11 a/b/g/n/ac/6e, tri-band, Wi-Fi Direct', 'Night Black', '239 g (8.43 oz)', '173 x 77 x 10.4 mm (6.81 x 3.03 x 0.41 in)', 'Nano-SIM + Nano-SIM', 'Fingerprint (under display, optical), accelerometer, gyro, proximity, compass', 'About 1500 EUR', NULL, NULL, '[{"category":"Network","specs":[{"label":"Technology","value":"GSM / CDMA / HSPA / LTE / 5G"},{"label":"2G bands","value":"GSM 850 / 900 / 1800 / 1900"},{"label":"3G bands","value":"HSDPA 800 / 850 / 900 / 1700(AWS) / 1900 / 2100"},{"label":"4G bands","value":"1, 2, 3, 4, 5, 7, 8, 12, 17, 18, 19, 20, 26, 28, 32, 34, 38, 39, 40, 41, 42, 43, 48 - A version (MediaTek)"},{"label":"5G bands","value":"1, 2, 3, 5, 7, 8, 12, 18, 20, 26, 28, 38, 40, 41, 48, 77, 78, 79 SA/NSA/Sub6 - A version (MediaTek)"},{"label":"Speed","value":"HSPA 42.2/5.76 Mbps, LTE (6CA) Cat20 2024/210 Mbps, 5G - Snapdragon model HSPA 42.2/11.5 Mbps, LTE (5CA) Cat19 1600/210 Mbps, 5G - MediaTek mod"}]},{"category":"Launch","specs":[{"label":"Announced","value":"2022, September 19"},{"label":"Status","value":"Available. Released 2022, October 10"}]},{"category":"Body","specs":[{"label":"Dimensions","value":"173 x 77 x 10.4 mm (6.81 x 3.03 x 0.41 in)"},{"label":"Weight","value":"239 g (8.43 oz)"},{"label":"Build","value":"Glass front (Gorilla Glass Victus), glass back (Gorilla Glass 3), aluminum frame"},{"label":"SIM","value":"Nano-SIM + Nano-SIM"}]},{"category":"Display","specs":[{"label":"Type","value":"AMOLED, 1B colors, 165Hz, HDR10+, 800 nits (typ), 1200 nits (peak)"},{"label":"Size","value":"6.78 inches, 109.5 cm 2 (~82.2% screen-to-body ratio)"},{"label":"Resolution","value":"1080 x 2448 pixels (~395 ppi density)"},{"label":"Protection","value":"Corning Gorilla Glass Victus"}]},{"category":"Platform","specs":[{"label":"OS","value":"Android 12"},{"label":"Chipset","value":"Qualcomm SM8475 Snapdragon 8+ Gen 1 (4 nm) - USA Mediatek Dimensity 9000+ (4 nm) - International"},{"label":"CPU","value":"Octa-core (1x3.19 GHz Cortex-X2 & 3x2.75 GHz Cortex-A710 & 4x1.80 GHz Cortex-A510) Octa-core (1x3.35 GHz Cortex-X2 & 3x2.85 GHz Cortex-A710 & 4x1.80 GHz Cortex-A510)"},{"label":"GPU","value":"Adreno 730 Mali-G710 MC10"}]},{"category":"Memory","specs":[{"label":"Card slot","value":"No"},{"label":"Internal","value":"256GB 12GB RAM"}]},{"category":"Main Camera","specs":[{"label":"Triple","value":"50 MP, f/1.9, 24mm (wide),  1/1.56\\", 1.0µm, PDAF"},{"label":"Features","value":"LED flash, HDR, panorama"},{"label":"Video","value":"8K@24fps, 4K@30/60fps, 4K@120fps (Snapdragon model), 1080p@30/60/120/240fps, 720p@480fps; gyro-EIS, HDR10+"}]},{"category":"Selfie camera","specs":[{"label":"Single","value":"12 MP, 28mm (wide)"},{"label":"Video","value":"1080p@30fps"},{"label":"Features","value":"Panorama, HDR"}]},{"category":"Sound","specs":[{"label":"Loudspeaker","value":"Yes, with stereo speakers (2 amplifiers)"},{"label":"3.5mm jack","value":"Yes"}]},{"category":"Comms","specs":[{"label":"WLAN","value":"Wi-Fi 802.11 a/b/g/n/ac/6e, tri-band, Wi-Fi Direct"},{"label":"Bluetooth","value":"5.2, A2DP, LE, aptX HD, aptX Adaptive - Snapdragon model 5.3, A2DP, LE - MediaTek model"},{"label":"Positioning","value":"GPS (L1+L5), GLONASS (L1), BDS (B1I+B1c+B2a), GALILEO (E1+E5a), QZSS (L1+L5), NavIC (L5)"},{"label":"NFC","value":"Yes"},{"label":"USB","value":"USB Type-C 3.1 (side), USB Type-C 2.0 (bottom), OTG, accessory connector"},{"label":"Radio","value":"No"}]},{"category":"Features","specs":[{"label":"Sensors","value":"Fingerprint (under display, optical), accelerometer, gyro, proximity, compass"}]},{"category":"Battery","specs":[{"label":"Type","value":"Li-Po 6000 mAh"},{"label":"Charging","value":"65W wired, PD3.0, QC5 (Snapdragon model)"}]},{"category":"Misc","specs":[{"label":"Colors","value":"Night Black"},{"label":"Models","value":"AI2203_C"},{"label":"Price","value":"About 1500 EUR"}]}]');
INSERT OR IGNORE INTO device_pictures (device_id, url, position) VALUES (160, 'https://fdn2.gsmarena.com/vv/bigpic/asus-rog-phone-6-batman.jpg', 0);
INSERT OR IGNORE INTO device_pictures (device_id, url, position) VALUES (160, 'https://fdn2.gsmarena.com/vv/pics/asus/asus-rog-phone-6-batman-1.jpg', 1);
INSERT OR IGNORE INTO devices (id, brand_id, name, gsmarena_url, thumbnail_url, summary) VALUES (161, 2, 'Zenfone 9', 'https://www.gsmarena.com/asus_zenfone_9-11656.php', 'https://fdn2.gsmarena.com/vv/bigpic/asus-zenfone-9-new.jpg', 'Zenfone 9');
INSERT OR IGNORE INTO device_specs (device_id, announced, status, network, os, chipset, cpu, gpu, display_size, display_type, display_res, ram, storage, main_camera, selfie_camera, battery, charging, nfc, usb, bluetooth, wlan, colors, weight, dimensions, sim, sensors, popularity, fans, rating, full_specs_json) VALUES (161, '2022, July 28', 'Available. Released 2022, September 15', 'GSM / HSPA / LTE / 5G / 5G', 'Android 12, upgradable to Android 14', 'Qualcomm SM8475 Snapdragon 8+ Gen 1 (4 nm)', 'Octa-core (1x3.19 GHz Cortex-X2 & 3x2.75 GHz Cortex-A710 & 4x1.80 GHz Cortex-A510)', 'Adreno 730', '5.9 inches, 84.4 cm 2 (~84.6% screen-to-body ratio)', 'Super AMOLED, 120Hz, HDR10+, 1100 nits (peak)', '1080 x 2400 pixels, 20:9 ratio (~445 ppi density)', '6GB', '128GB', '50 MP, f/1.9, 24mm (wide), 1/1.56", 1.0µm, multi-directional PDAF, gimbal OIS, LED flash, HDR, panorama', '12 MP, f/2.5, 28mm (standard), 1/2.93", 1.22µm, dual pixel PDAF, 4K@30fps, 1080p@30/60fps', 'Li-Po 4300 mAh', '30W wired, PD3.0, PPS, QC4', 'Yes', 'USB Type-C, OTG', '5.2, A2DP, LE, aptX HD, aptX Adaptive, aptX Lossless', 'Wi-Fi 802.11 a/b/g/n/ac/6e, dual-band, Wi-Fi Direct', 'Starry Blue, Moonlight White, Sunset Red, Midnight Black', '169 g (5.96 oz)', '146.5 x 68.1 x 9.1 mm (5.77 x 2.68 x 0.36 in)', 'Nano-SIM + Nano-SIM', 'Fingerprint (side-mounted), accelerometer, gyro, proximity, compass', '£ 895.00 / € 560.12', NULL, NULL, '[{"category":"Network","specs":[{"label":"Technology","value":"GSM / HSPA / LTE / 5G"},{"label":"2G bands","value":"GSM 850 / 900 / 1800 / 1900"},{"label":"3G bands","value":"HSDPA 800 / 850 / 900 / 1700(AWS) / 1900 / 2100"},{"label":"4G bands","value":"1, 2, 3, 4, 5, 7, 8, 12, 17, 18, 19, 20, 26, 28, 34, 38, 39, 40, 41, 42 - A version"},{"label":"5G bands","value":"1, 2, 3, 5, 7, 8, 12, 20, 28, 38, 77, 78 - A version"},{"label":"Speed","value":"HSPA 42.2/5.76 Mbps, LTE (5CA) Cat20 2000/211 Mbps, 5G 4.5/0.9 Gbps"}]},{"category":"Launch","specs":[{"label":"Announced","value":"2022, July 28"},{"label":"Status","value":"Available. Released 2022, September 15"}]},{"category":"Body","specs":[{"label":"Dimensions","value":"146.5 x 68.1 x 9.1 mm (5.77 x 2.68 x 0.36 in)"},{"label":"Weight","value":"169 g (5.96 oz)"},{"label":"Build","value":"Glass front (Gorilla Glass Victus), plastic back, aluminum frame"},{"label":"SIM","value":"Nano-SIM + Nano-SIM"}]},{"category":"Display","specs":[{"label":"Type","value":"Super AMOLED, 120Hz, HDR10+, 1100 nits (peak)"},{"label":"Size","value":"5.9 inches, 84.4 cm 2 (~84.6% screen-to-body ratio)"},{"label":"Resolution","value":"1080 x 2400 pixels, 20:9 ratio (~445 ppi density)"},{"label":"Protection","value":"Corning Gorilla Glass Victus"}]},{"category":"Platform","specs":[{"label":"OS","value":"Android 12, upgradable to Android 14"},{"label":"Chipset","value":"Qualcomm SM8475 Snapdragon 8+ Gen 1 (4 nm)"},{"label":"CPU","value":"Octa-core (1x3.19 GHz Cortex-X2 & 3x2.75 GHz Cortex-A710 & 4x1.80 GHz Cortex-A510)"},{"label":"GPU","value":"Adreno 730"}]},{"category":"Memory","specs":[{"label":"Card slot","value":"No"},{"label":"Internal","value":"128GB 6GB RAM, 128GB 8GB RAM, 256GB 8GB RAM, 256GB 16GB RAM"}]},{"category":"Main Camera","specs":[{"label":"Dual","value":"50 MP, f/1.9, 24mm (wide), 1/1.56\\", 1.0µm, multi-directional PDAF, gimbal OIS"},{"label":"Features","value":"LED flash, HDR, panorama"},{"label":"Video","value":"8K@24fps, 4K@30/60/120fps, 1080p@30/60/240fps; gyro-EIS, HDR"}]},{"category":"Selfie camera","specs":[{"label":"Single","value":"12 MP, f/2.5, 28mm (standard), 1/2.93\\", 1.22µm, dual pixel PDAF"},{"label":"Video","value":"4K@30fps, 1080p@30/60fps"}]},{"category":"Sound","specs":[{"label":"Loudspeaker","value":"Yes, with stereo speakers"},{"label":"3.5mm jack","value":"Yes"}]},{"category":"Comms","specs":[{"label":"WLAN","value":"Wi-Fi 802.11 a/b/g/n/ac/6e, dual-band, Wi-Fi Direct"},{"label":"Bluetooth","value":"5.2, A2DP, LE, aptX HD, aptX Adaptive, aptX Lossless"},{"label":"Positioning","value":"GPS (L1+L5), GLONASS (L1), BDS (B1I+B1c+B2a), GALILEO (E1+E5a), QZSS (L1+L5), NavIC (L5)"},{"label":"NFC","value":"Yes"},{"label":"USB","value":"USB Type-C, OTG"},{"label":"Radio","value":"No"}]},{"category":"Features","specs":[{"label":"Sensors","value":"Fingerprint (side-mounted), accelerometer, gyro, proximity, compass"}]},{"category":"Battery","specs":[{"label":"Type","value":"Li-Po 4300 mAh"},{"label":"Charging","value":"30W wired, PD3.0, PPS, QC4"}]},{"category":"Misc","specs":[{"label":"Colors","value":"Starry Blue, Moonlight White, Sunset Red, Midnight Black"},{"label":"Models","value":"AI2202-1A006EU, AI2202, AI2202_B"},{"label":"Price","value":"£ 895.00 / € 560.12"}]}]');
INSERT OR IGNORE INTO device_pictures (device_id, url, position) VALUES (161, 'https://fdn2.gsmarena.com/vv/bigpic/asus-zenfone-9-new.jpg', 0);
INSERT OR IGNORE INTO device_pictures (device_id, url, position) VALUES (161, 'https://fdn2.gsmarena.com/vv/pics/asus/asus-zenfone-9-0.jpg', 1);
INSERT OR IGNORE INTO device_pictures (device_id, url, position) VALUES (161, 'https://fdn2.gsmarena.com/vv/pics/asus/asus-zenfone-9-2.jpg', 2);
INSERT OR IGNORE INTO device_pictures (device_id, url, position) VALUES (161, 'https://fdn.gsmarena.com/imgroot/reviews/22/asus-zenfone-9/lifestyle/-1024w2/gsmarena_001.jpg', 3);
INSERT OR IGNORE INTO device_pictures (device_id, url, position) VALUES (161, 'https://fdn.gsmarena.com/imgroot/reviews/22/asus-zenfone-9/lifestyle/-1024w2/gsmarena_002.jpg', 4);
INSERT OR IGNORE INTO device_pictures (device_id, url, position) VALUES (161, 'https://fdn.gsmarena.com/imgroot/reviews/22/asus-zenfone-9/lifestyle/-1024w2/gsmarena_003.jpg', 5);
INSERT OR IGNORE INTO device_pictures (device_id, url, position) VALUES (161, 'https://fdn.gsmarena.com/imgroot/reviews/22/asus-zenfone-9/lifestyle/-1024w2/gsmarena_004.jpg', 6);
INSERT OR IGNORE INTO device_pictures (device_id, url, position) VALUES (161, 'https://fdn.gsmarena.com/imgroot/reviews/22/asus-zenfone-9/lifestyle/-1024w2/gsmarena_005.jpg', 7);
INSERT OR IGNORE INTO device_pictures (device_id, url, position) VALUES (161, 'https://fdn.gsmarena.com/imgroot/reviews/22/asus-zenfone-9/lifestyle/-1024w2/gsmarena_006.jpg', 8);
INSERT OR IGNORE INTO device_pictures (device_id, url, position) VALUES (161, 'https://fdn.gsmarena.com/imgroot/reviews/22/asus-zenfone-9/lifestyle/-1024w2/gsmarena_007.jpg', 9);
INSERT OR IGNORE INTO devices (id, brand_id, name, gsmarena_url, thumbnail_url, summary) VALUES (162, 2, 'ROG Phone 6 Pro', 'https://www.gsmarena.com/asus_rog_phone_6_pro-11648.php', 'https://fdn2.gsmarena.com/vv/bigpic/asus-rog-phone6-pro.jpg', 'ROG Phone 6 Pro');
INSERT OR IGNORE INTO device_specs (device_id, announced, status, network, os, chipset, cpu, gpu, display_size, display_type, display_res, ram, storage, main_camera, selfie_camera, battery, charging, nfc, usb, bluetooth, wlan, colors, weight, dimensions, sim, sensors, popularity, fans, rating, full_specs_json) VALUES (162, '2022, July 05', 'Available. Released 2022, July 13', 'GSM / CDMA / HSPA / LTE / 5G / 5G', 'Android 12, upgradable to Android 13', 'Qualcomm SM8475 Snapdragon 8+ Gen 1 (4 nm)', 'Octa-core (1x3.19 GHz Cortex-X2 & 3x2.75 GHz Cortex-A710 & 4x1.80 GHz Cortex-A510)', 'Adreno 730', '6.78 inches, 109.5 cm 2 (~82.2% screen-to-body ratio)', 'AMOLED, 1B colors, 165Hz, HDR10+, 800 nits (typ), 1200 nits (peak)', '1080 x 2448 pixels (~395 ppi density)', '18GB', '512GB', '50 MP, f/1.9, (wide),  1/1.56", 1.0µm, PDAF, LED flash, HDR, panorama', '12 MP, 28mm (wide), 1080p@30fps', 'Li-Po 6000 mAh', '65W wired, PD3.0, QC5, 100% in 42 min', 'Yes', 'USB Type-C 3.1 (side), USB Type-C 2.0 (bottom), OTG, accessory connector', '5.2, A2DP, LE, aptX HD, aptX Adaptive, aptX Lossless', 'Wi-Fi 802.11 a/b/g/n/ac/6e, tri-band, Wi-Fi Direct', 'Storm White', '239 g (8.43 oz)', '173 x 77 x 10.3 mm (6.81 x 3.03 x 0.41 in)', 'Nano-SIM + Nano-SIM', 'Fingerprint (under display, optical), accelerometer, gyro, proximity, compass', 'About 800 EUR', NULL, NULL, '[{"category":"Network","specs":[{"label":"Technology","value":"GSM / CDMA / HSPA / LTE / 5G"},{"label":"2G bands","value":"GSM 850 / 900 / 1800 / 1900"},{"label":"3G bands","value":"HSDPA 800 / 850 / 900 / 1700(AWS) / 1900 / 2100"},{"label":"4G bands","value":"1, 2, 3, 4, 5, 7, 8, 12, 13, 17, 18, 19, 20, 25, 26, 28, 29, 30, 32, 34, 38, 39, 40, 41, 42, 43, 48, 66, 71 - Version A"},{"label":"5G bands","value":"1, 2, 3, 5, 7, 8, 12, 13, 18, 20, 25, 26, 28, 38, 40, 41, 48, 66, 71, 77, 78, 79 SA/NSA/Sub6 - Version A"},{"label":"Speed","value":"HSPA 42.2/5.76 Mbps, LTE (6CA) Cat20 2024/210 Mbps, 5G"}]},{"category":"Launch","specs":[{"label":"Announced","value":"2022, July 05"},{"label":"Status","value":"Available. Released 2022, July 13"}]},{"category":"Body","specs":[{"label":"Dimensions","value":"173 x 77 x 10.3 mm (6.81 x 3.03 x 0.41 in)"},{"label":"Weight","value":"239 g (8.43 oz)"},{"label":"Build","value":"Glass front (Gorilla Glass Victus), glass back (Gorilla Glass 3), aluminum frame"},{"label":"SIM","value":"Nano-SIM + Nano-SIM"}]},{"category":"Display","specs":[{"label":"Type","value":"AMOLED, 1B colors, 165Hz, HDR10+, 800 nits (typ), 1200 nits (peak)"},{"label":"Size","value":"6.78 inches, 109.5 cm 2 (~82.2% screen-to-body ratio)"},{"label":"Resolution","value":"1080 x 2448 pixels (~395 ppi density)"},{"label":"Protection","value":"Corning Gorilla Glass Victus"}]},{"category":"Platform","specs":[{"label":"OS","value":"Android 12, upgradable to Android 13"},{"label":"Chipset","value":"Qualcomm SM8475 Snapdragon 8+ Gen 1 (4 nm)"},{"label":"CPU","value":"Octa-core (1x3.19 GHz Cortex-X2 & 3x2.75 GHz Cortex-A710 & 4x1.80 GHz Cortex-A510)"},{"label":"GPU","value":"Adreno 730"}]},{"category":"Memory","specs":[{"label":"Card slot","value":"No"},{"label":"Internal","value":"512GB 18GB RAM"}]},{"category":"Main Camera","specs":[{"label":"Triple","value":"50 MP, f/1.9, (wide),  1/1.56\\", 1.0µm, PDAF"},{"label":"Features","value":"LED flash, HDR, panorama"},{"label":"Video","value":"8K@24fps, 4K@30/60/120fps, 1080p@30/60/120/240fps, 720p@480fps; gyro-EIS"}]},{"category":"Selfie camera","specs":[{"label":"Single","value":"12 MP, 28mm (wide)"},{"label":"Video","value":"1080p@30fps"},{"label":"Features","value":"Panorama, HDR"}]},{"category":"Sound","specs":[{"label":"Loudspeaker","value":"Yes, with stereo speakers (2 amplifiers)"},{"label":"3.5mm jack","value":"Yes"}]},{"category":"Comms","specs":[{"label":"WLAN","value":"Wi-Fi 802.11 a/b/g/n/ac/6e, tri-band, Wi-Fi Direct"},{"label":"Bluetooth","value":"5.2, A2DP, LE, aptX HD, aptX Adaptive, aptX Lossless"},{"label":"Positioning","value":"GPS (L1+L5), GLONASS (L1), BDS (B1I+B1c+B2a), GALILEO (E1+E5a), QZSS (L1+L5), NavIC (L5)"},{"label":"NFC","value":"Yes"},{"label":"USB","value":"USB Type-C 3.1 (side), USB Type-C 2.0 (bottom), OTG, accessory connector"},{"label":"Radio","value":"No"}]},{"category":"Features","specs":[{"label":"Sensors","value":"Fingerprint (under display, optical), accelerometer, gyro, proximity, compass"}]},{"category":"Battery","specs":[{"label":"Type","value":"Li-Po 6000 mAh"},{"label":"Charging","value":"65W wired, PD3.0, QC5, 100% in 42 min"}]},{"category":"Misc","specs":[{"label":"Colors","value":"Storm White"},{"label":"Models","value":"AI2201_D"},{"label":"Price","value":"About 800 EUR"}]}]');
INSERT OR IGNORE INTO device_pictures (device_id, url, position) VALUES (162, 'https://fdn2.gsmarena.com/vv/bigpic/asus-rog-phone6-pro.jpg', 0);
INSERT OR IGNORE INTO device_pictures (device_id, url, position) VALUES (162, 'https://fdn2.gsmarena.com/vv/pics/asus/asus-rog-phone6-pro-01.jpg', 1);
INSERT OR IGNORE INTO device_pictures (device_id, url, position) VALUES (162, 'https://fdn2.gsmarena.com/vv/pics/asus/asus-rog-phone6-pro-02.jpg', 2);
INSERT OR IGNORE INTO device_pictures (device_id, url, position) VALUES (162, 'https://fdn.gsmarena.com/imgroot/reviews/22/asus-rog-phone-6-pro/lifestyle/-1024w2/gsmarena_001.jpg', 3);
INSERT OR IGNORE INTO device_pictures (device_id, url, position) VALUES (162, 'https://fdn.gsmarena.com/imgroot/reviews/22/asus-rog-phone-6-pro/lifestyle/-1024w2/gsmarena_002.jpg', 4);
INSERT OR IGNORE INTO device_pictures (device_id, url, position) VALUES (162, 'https://fdn.gsmarena.com/imgroot/reviews/22/asus-rog-phone-6-pro/lifestyle/-1024w2/gsmarena_003.jpg', 5);
INSERT OR IGNORE INTO device_pictures (device_id, url, position) VALUES (162, 'https://fdn.gsmarena.com/imgroot/reviews/22/asus-rog-phone-6-pro/lifestyle/-1024w2/gsmarena_004.jpg', 6);
INSERT OR IGNORE INTO device_pictures (device_id, url, position) VALUES (162, 'https://fdn.gsmarena.com/imgroot/reviews/22/asus-rog-phone-6-pro/lifestyle/-1024w2/gsmarena_005.jpg', 7);
INSERT OR IGNORE INTO device_pictures (device_id, url, position) VALUES (162, 'https://fdn.gsmarena.com/imgroot/reviews/22/asus-rog-phone-6-pro/lifestyle/-1024w2/gsmarena_006.jpg', 8);
INSERT OR IGNORE INTO device_pictures (device_id, url, position) VALUES (162, 'https://fdn.gsmarena.com/imgroot/reviews/22/asus-rog-phone-6-pro/lifestyle/-1024w2/gsmarena_007.jpg', 9);
INSERT OR IGNORE INTO devices (id, brand_id, name, gsmarena_url, thumbnail_url, summary) VALUES (163, 2, 'ROG Phone 6', 'https://www.gsmarena.com/asus_rog_phone_6-11647.php', 'https://fdn2.gsmarena.com/vv/bigpic/asus-rog-phone6.jpg', 'ROG Phone 6');
INSERT OR IGNORE INTO device_specs (device_id, announced, status, network, os, chipset, cpu, gpu, display_size, display_type, display_res, ram, storage, main_camera, selfie_camera, battery, charging, nfc, usb, bluetooth, wlan, colors, weight, dimensions, sim, sensors, popularity, fans, rating, full_specs_json) VALUES (163, '2022, July 05', 'Available. Released 2022, July 13', 'GSM / CDMA / HSPA / LTE / 5G / 5G', 'Android 12, upgradable to Android 13', 'Qualcomm SM8475 Snapdragon 8+ Gen 1 (4 nm)', 'Octa-core (1x3.19 GHz Cortex-X2 & 3x2.75 GHz Cortex-A710 & 4x1.80 GHz Cortex-A510)', 'Adreno 730', '6.78 inches, 109.5 cm 2 (~82.2% screen-to-body ratio)', 'AMOLED, 1B colors, 165Hz, HDR10+, 800 nits (typ), 1200 nits (peak)', '1080 x 2448 pixels (~395 ppi density)', '8GB', '128GB', '50 MP, f/1.9, (wide), 1/1.56", 1.0µm, PDAF, LED flash, HDR, panorama', '12 MP, 28mm (wide), 1080p@30fps', 'Li-Po 6000 mAh', '65W wired, PD3.0, QC5, 100% in 42 min', 'Yes', 'USB Type-C 3.1 (side), USB Type-C 2.0 (bottom), OTG, accessory connector', '5.2, A2DP, LE, aptX HD, aptX Adaptive, aptX Lossless', 'Wi-Fi 802.11 a/b/g/n/ac/6e, tri-band, Wi-Fi Direct', 'Phantom Black, Storm White', '239 g (8.43 oz)', '173 x 77 x 10.3 mm (6.81 x 3.03 x 0.41 in)', 'Nano-SIM + Nano-SIM', 'Fingerprint (under display, optical), accelerometer, gyro, proximity, compass', 'About 760 EUR', NULL, NULL, '[{"category":"Network","specs":[{"label":"Technology","value":"GSM / CDMA / HSPA / LTE / 5G"},{"label":"2G bands","value":"GSM 850 / 900 / 1800 / 1900"},{"label":"3G bands","value":"HSDPA 800 / 850 / 900 / 1700(AWS) / 1900 / 2100 - Version A, Version C"},{"label":"4G bands","value":"1, 2, 3, 4, 5, 7, 8, 12, 13, 17, 18, 19, 20, 25, 26, 28, 29, 30, 32, 38, 39, 40, 41, 42, 43, 48, 66, 71,  - Version A"},{"label":"5G bands","value":"1, 2, 3, 5, 7, 8, 12, 13, 18, 20, 25, 26, 28, 38, 40, 41, 48, 66, 71, 77, 78, 79 SA/NSA/Sub6 - Version A"},{"label":"Speed","value":"HSPA 42.2/5.76 Mbps, LTE (6CA) Cat20 2024/210 Mbps, 5G"}]},{"category":"Launch","specs":[{"label":"Announced","value":"2022, July 05"},{"label":"Status","value":"Available. Released 2022, July 13"}]},{"category":"Body","specs":[{"label":"Dimensions","value":"173 x 77 x 10.3 mm (6.81 x 3.03 x 0.41 in)"},{"label":"Weight","value":"239 g (8.43 oz)"},{"label":"Build","value":"Glass front (Gorilla Glass Victus), glass back (Gorilla Glass 3), aluminum frame"},{"label":"SIM","value":"Nano-SIM + Nano-SIM"}]},{"category":"Display","specs":[{"label":"Type","value":"AMOLED, 1B colors, 165Hz, HDR10+, 800 nits (typ), 1200 nits (peak)"},{"label":"Size","value":"6.78 inches, 109.5 cm 2 (~82.2% screen-to-body ratio)"},{"label":"Resolution","value":"1080 x 2448 pixels (~395 ppi density)"},{"label":"Protection","value":"Corning Gorilla Glass Victus"}]},{"category":"Platform","specs":[{"label":"OS","value":"Android 12, upgradable to Android 13"},{"label":"Chipset","value":"Qualcomm SM8475 Snapdragon 8+ Gen 1 (4 nm)"},{"label":"CPU","value":"Octa-core (1x3.19 GHz Cortex-X2 & 3x2.75 GHz Cortex-A710 & 4x1.80 GHz Cortex-A510)"},{"label":"GPU","value":"Adreno 730"}]},{"category":"Memory","specs":[{"label":"Card slot","value":"No"},{"label":"Internal","value":"128GB 8GB RAM, 128GB 12GB RAM, 256GB 12GB RAM, 512GB 16GB RAM"}]},{"category":"Main Camera","specs":[{"label":"Triple","value":"50 MP, f/1.9, (wide), 1/1.56\\", 1.0µm, PDAF"},{"label":"Features","value":"LED flash, HDR, panorama"},{"label":"Video","value":"8K@24fps, 4K@30/60/120fps, 1080p@30/60/120/240fps, 720p@480fps; gyro-EIS"}]},{"category":"Selfie camera","specs":[{"label":"Single","value":"12 MP, 28mm (wide)"},{"label":"Video","value":"1080p@30fps"},{"label":"Features","value":"Panorama, HDR"}]},{"category":"Sound","specs":[{"label":"Loudspeaker","value":"Yes, with stereo speakers (2 amplifiers)"},{"label":"3.5mm jack","value":"Yes"}]},{"category":"Comms","specs":[{"label":"WLAN","value":"Wi-Fi 802.11 a/b/g/n/ac/6e, tri-band, Wi-Fi Direct"},{"label":"Bluetooth","value":"5.2, A2DP, LE, aptX HD, aptX Adaptive, aptX Lossless"},{"label":"Positioning","value":"GPS (L1+L5), GLONASS (L1), BDS (B1I+B1c+B2a), GALILEO (E1+E5a), QZSS (L1+L5), NavIC (L5)"},{"label":"NFC","value":"Yes"},{"label":"USB","value":"USB Type-C 3.1 (side), USB Type-C 2.0 (bottom), OTG, accessory connector"},{"label":"Radio","value":"No"}]},{"category":"Features","specs":[{"label":"Sensors","value":"Fingerprint (under display, optical), accelerometer, gyro, proximity, compass"}]},{"category":"Battery","specs":[{"label":"Type","value":"Li-Po 6000 mAh"},{"label":"Charging","value":"65W wired, PD3.0, QC5, 100% in 42 min"}]},{"category":"Misc","specs":[{"label":"Colors","value":"Phantom Black, Storm White"},{"label":"Models","value":"AI2201_C, AI2201_F, AI2201-1A030EU, AI2201_A, AI2201-1A029EU"},{"label":"Price","value":"About 760 EUR"}]}]');
INSERT OR IGNORE INTO device_pictures (device_id, url, position) VALUES (163, 'https://fdn2.gsmarena.com/vv/bigpic/asus-rog-phone6.jpg', 0);
INSERT OR IGNORE INTO device_pictures (device_id, url, position) VALUES (163, 'https://fdn2.gsmarena.com/vv/pics/asus/asus-rog-phone6-01.jpg', 1);
INSERT OR IGNORE INTO device_pictures (device_id, url, position) VALUES (163, 'https://fdn2.gsmarena.com/vv/pics/asus/asus-rog-phone6-02.jpg', 2);
INSERT OR IGNORE INTO devices (id, brand_id, name, gsmarena_url, thumbnail_url, summary) VALUES (164, 2, 'ROG Phone 5s Pro', 'https://www.gsmarena.com/asus_rog_phone_5s_pro-11053.php', 'https://fdn2.gsmarena.com/vv/bigpic/asus-rog-phone-5s-pro.jpg', 'ROG Phone 5s Pro');
INSERT OR IGNORE INTO device_specs (device_id, announced, status, network, os, chipset, cpu, gpu, display_size, display_type, display_res, ram, storage, main_camera, selfie_camera, battery, charging, nfc, usb, bluetooth, wlan, colors, weight, dimensions, sim, sensors, popularity, fans, rating, full_specs_json) VALUES (164, '2021, August 16', 'Available. Released 2021, August 24', 'GSM / HSPA / LTE / 5G / 5G', 'Android 11, upgradable to Android 13, ROG UI', 'Qualcomm SM8350 Snapdragon 888+ 5G (5 nm)', 'Octa-core (1x2.99 GHz Cortex-X1 & 3x2.42 GHz Cortex-A78 & 4x1.80 GHz Cortex-A55)', 'Adreno 660', '6.78 inches, 109.5 cm 2 (~82.0% screen-to-body ratio)', 'AMOLED, 1B colors, 144Hz, HDR10+, 800 nits (typ), 1200 nits (peak)', '1080 x 2448 pixels (~395 ppi density)', '18GB', '512GB', '64 MP, f/1.8, 26mm (wide), 1/1.73", 0.8µm, PDAF, LED flash, HDR, panorama', '24 MP, f/2.5, 27mm (wide), 0.9µm, 1080p@30fps', 'Li-Po 6000 mAh', '65W wired, PD3.0, QC5, 70% in 30 min, 100% in 52 min', 'Yes', 'USB Type-C 3.1 (side), USB Type-C 2.0 (bottom), OTG, accessory connector', '5.2, A2DP, LE, aptX HD, aptX Adaptive', 'Wi-Fi 802.11 a/b/g/n/ac/6e, dual-band, Wi-Fi Direct', 'Matte White', '238 g (8.40 oz)', '172.8 x 77.3 x 9.9 mm (6.80 x 3.04 x 0.39 in)', 'Nano-SIM + Nano-SIM', 'Fingerprint (under display, optical), accelerometer, gyro, proximity, compass', 'About 2000 EUR', NULL, NULL, '[{"category":"Network","specs":[{"label":"Technology","value":"GSM / HSPA / LTE / 5G"},{"label":"2G bands","value":"GSM 850 / 900 / 1800 / 1900"},{"label":"3G bands","value":"HSDPA 800 / 850 / 900 / 1700(AWS) / 1800 / 1900 / 2100"},{"label":"4G bands","value":"1, 2, 3, 4, 5, 7, 8, 12, 13, 17, 18, 19, 20, 25, 26, 28, 29, 30, 32, 34, 38, 39, 40, 41, 42, 48, 66, 71"},{"label":"5G bands","value":"1, 2, 3, 5, 7, 8, 12, 20, 25, 28, 38, 40, 41, 66, 71, 77, 78, 79 SA/NSA"},{"label":"Speed","value":"HSPA 42.2/5.76 Mbps, LTE (7CA) Cat20 1400/150 Mbps, 5G 4 Gbps DL"}]},{"category":"Launch","specs":[{"label":"Announced","value":"2021, August 16"},{"label":"Status","value":"Available. Released 2021, August 24"}]},{"category":"Body","specs":[{"label":"Dimensions","value":"172.8 x 77.3 x 9.9 mm (6.80 x 3.04 x 0.39 in)"},{"label":"Weight","value":"238 g (8.40 oz)"},{"label":"Build","value":"Glass front (Gorilla Glass Victus), glass back (Gorilla Glass 3), aluminum frame"},{"label":"SIM","value":"Nano-SIM + Nano-SIM"}]},{"category":"Display","specs":[{"label":"Type","value":"AMOLED, 1B colors, 144Hz, HDR10+, 800 nits (typ), 1200 nits (peak)"},{"label":"Size","value":"6.78 inches, 109.5 cm 2 (~82.0% screen-to-body ratio)"},{"label":"Resolution","value":"1080 x 2448 pixels (~395 ppi density)"},{"label":"Protection","value":"Corning Gorilla Glass Victus"}]},{"category":"Platform","specs":[{"label":"OS","value":"Android 11, upgradable to Android 13, ROG UI"},{"label":"Chipset","value":"Qualcomm SM8350 Snapdragon 888+ 5G (5 nm)"},{"label":"CPU","value":"Octa-core (1x2.99 GHz Cortex-X1 & 3x2.42 GHz Cortex-A78 & 4x1.80 GHz Cortex-A55)"},{"label":"GPU","value":"Adreno 660"}]},{"category":"Memory","specs":[{"label":"Card slot","value":"No"},{"label":"Internal","value":"512GB 18GB RAM"}]},{"category":"Main Camera","specs":[{"label":"Triple","value":"64 MP, f/1.8, 26mm (wide), 1/1.73\\", 0.8µm, PDAF"},{"label":"Features","value":"LED flash, HDR, panorama"},{"label":"Video","value":"8K@30fps, 4K@30/60/120fps, 1080p@30/60/120/240fps, 720p@480fps; gyro-EIS"}]},{"category":"Selfie camera","specs":[{"label":"Single","value":"24 MP, f/2.5, 27mm (wide), 0.9µm"},{"label":"Video","value":"1080p@30fps"},{"label":"Features","value":"Panorama, HDR"}]},{"category":"Sound","specs":[{"label":"Loudspeaker","value":"Yes, with stereo speakers (2 amplifiers)"},{"label":"3.5mm jack","value":"Yes"}]},{"category":"Comms","specs":[{"label":"WLAN","value":"Wi-Fi 802.11 a/b/g/n/ac/6e, dual-band, Wi-Fi Direct"},{"label":"Bluetooth","value":"5.2, A2DP, LE, aptX HD, aptX Adaptive"},{"label":"Positioning","value":"GPS (L1+L5), GLONASS (L1), BDS (B1I+B1c+B2a), GALILEO (E1+E5a), QZSS (L1+L5), NavIC (L5)"},{"label":"NFC","value":"Yes"},{"label":"USB","value":"USB Type-C 3.1 (side), USB Type-C 2.0 (bottom), OTG, accessory connector"},{"label":"Radio","value":"No"}]},{"category":"Features","specs":[{"label":"Sensors","value":"Fingerprint (under display, optical), accelerometer, gyro, proximity, compass"}]},{"category":"Battery","specs":[{"label":"Type","value":"Li-Po 6000 mAh"},{"label":"Charging","value":"65W wired, PD3.0, QC5, 70% in 30 min, 100% in 52 min"}]},{"category":"Misc","specs":[{"label":"Colors","value":"Matte White"},{"label":"Models","value":"ZS676KS"},{"label":"Price","value":"About 2000 EUR"}]}]');
INSERT OR IGNORE INTO device_pictures (device_id, url, position) VALUES (164, 'https://fdn2.gsmarena.com/vv/bigpic/asus-rog-phone-5s-pro.jpg', 0);
INSERT OR IGNORE INTO device_pictures (device_id, url, position) VALUES (164, 'https://fdn2.gsmarena.com/vv/pics/asus/asus-rog-phone-5s-pro-00.jpg', 1);
INSERT OR IGNORE INTO device_pictures (device_id, url, position) VALUES (164, 'https://fdn2.gsmarena.com/vv/pics/asus/asus-rog-phone-5s-pro-01.jpg', 2);
INSERT OR IGNORE INTO device_pictures (device_id, url, position) VALUES (164, 'https://fdn.gsmarena.com/imgroot/reviews/21/asus-rog-phone-5s-pro/lifestyle/-1024w2/gsmarena_001.jpg', 3);
INSERT OR IGNORE INTO device_pictures (device_id, url, position) VALUES (164, 'https://fdn.gsmarena.com/imgroot/reviews/21/asus-rog-phone-5s-pro/lifestyle/-1024w2/gsmarena_002.jpg', 4);
INSERT OR IGNORE INTO device_pictures (device_id, url, position) VALUES (164, 'https://fdn.gsmarena.com/imgroot/reviews/21/asus-rog-phone-5s-pro/lifestyle/-1024w2/gsmarena_003.jpg', 5);
INSERT OR IGNORE INTO device_pictures (device_id, url, position) VALUES (164, 'https://fdn.gsmarena.com/imgroot/reviews/21/asus-rog-phone-5s-pro/lifestyle/-1024w2/gsmarena_004.jpg', 6);
INSERT OR IGNORE INTO device_pictures (device_id, url, position) VALUES (164, 'https://fdn.gsmarena.com/imgroot/reviews/21/asus-rog-phone-5s-pro/lifestyle/-1024w2/gsmarena_005.jpg', 7);
INSERT OR IGNORE INTO device_pictures (device_id, url, position) VALUES (164, 'https://fdn.gsmarena.com/imgroot/reviews/21/asus-rog-phone-5s-pro/lifestyle/-1024w2/gsmarena_006.jpg', 8);
INSERT OR IGNORE INTO device_pictures (device_id, url, position) VALUES (164, 'https://fdn.gsmarena.com/imgroot/reviews/21/asus-rog-phone-5s-pro/lifestyle/-1024w2/gsmarena_007.jpg', 9);
INSERT OR IGNORE INTO devices (id, brand_id, name, gsmarena_url, thumbnail_url, summary) VALUES (165, 2, 'ROG Phone 5s', 'https://www.gsmarena.com/asus_rog_phone_5s-11054.php', 'https://fdn2.gsmarena.com/vv/bigpic/asus-rog-phone-5s-new.jpg', 'ROG Phone 5s');
INSERT OR IGNORE INTO device_specs (device_id, announced, status, network, os, chipset, cpu, gpu, display_size, display_type, display_res, ram, storage, main_camera, selfie_camera, battery, charging, nfc, usb, bluetooth, wlan, colors, weight, dimensions, sim, sensors, popularity, fans, rating, full_specs_json) VALUES (165, '2021, August 16', 'Available. Released 2021, August 26', 'GSM / HSPA / LTE / 5G / 5G', 'Android 11, upgradable to Android 13, ROG UI', 'Qualcomm SM8350 Snapdragon 888+ 5G (5 nm)', 'Octa-core (1x2.99 GHz Cortex-X1 & 3x2.42 GHz Cortex-A78 & 4x1.80 GHz Cortex-A55)', 'Adreno 660', '6.78 inches, 109.5 cm 2 (~82.0% screen-to-body ratio)', 'AMOLED, 1B colors, 144Hz, HDR10+, 800 nits (typ), 1200 nits (peak)', '1080 x 2448 pixels (~395 ppi density)', '8GB', '128GB', '64 MP, f/1.8, 26mm (wide), 1/1.73", 0.8µm, PDAF, LED flash, HDR, panorama', '24 MP, f/2.5, 27mm (wide), 0.9µm, 1080p@30fps', 'Li-Po 6000 mAh', '65W wired, PD3.0, QC5, 70% in 30 min, 100% in 52 min', 'Yes', 'USB Type-C 3.1 (side), USB Type-C 2.0 (bottom), OTG, accessory connector', '5.2, A2DP, LE, aptX HD, aptX Adaptive', 'Wi-Fi 802.11 a/b/g/n/ac/6e, dual-band, Wi-Fi Direct', 'Phantom Black, Storm White', '238 g (8.40 oz)', '172.8 x 77.3 x 9.9 mm (6.80 x 3.04 x 0.39 in)', 'Nano-SIM + Nano-SIM', 'Fingerprint (under display, optical), accelerometer, gyro, proximity, compass', 'About 1030 EUR', NULL, NULL, '[{"category":"Network","specs":[{"label":"Technology","value":"GSM / HSPA / LTE / 5G"},{"label":"2G bands","value":"GSM 850 / 900 / 1800 / 1900"},{"label":"3G bands","value":"HSDPA 800 / 850 / 900 / 1700(AWS) / 1800 / 1900 / 2100 - Version 1"},{"label":"4G bands","value":"1, 2, 3, 4, 5, 7, 8, 12, 13, 17, 18, 19, 20, 25, 26, 28, 29, 30, 32, 34, 38, 39, 40, 41, 42, 48, 66, 71 - Version 1"},{"label":"5G bands","value":"1, 2, 3, 5, 7, 8, 12, 20, 25, 28, 38, 40, 41, 66, 71, 77, 78, 79 SA/NSA - Version 1"},{"label":"Speed","value":"HSPA 42.2/5.76 Mbps, LTE (7CA) Cat20 1400/150 Mbps, 5G 4 Gbps DL"}]},{"category":"Launch","specs":[{"label":"Announced","value":"2021, August 16"},{"label":"Status","value":"Available. Released 2021, August 26"}]},{"category":"Body","specs":[{"label":"Dimensions","value":"172.8 x 77.3 x 9.9 mm (6.80 x 3.04 x 0.39 in)"},{"label":"Weight","value":"238 g (8.40 oz)"},{"label":"Build","value":"Glass front (Gorilla Glass Victus), glass back (Gorilla Glass 3), aluminum frame"},{"label":"SIM","value":"Nano-SIM + Nano-SIM"}]},{"category":"Display","specs":[{"label":"Type","value":"AMOLED, 1B colors, 144Hz, HDR10+, 800 nits (typ), 1200 nits (peak)"},{"label":"Size","value":"6.78 inches, 109.5 cm 2 (~82.0% screen-to-body ratio)"},{"label":"Resolution","value":"1080 x 2448 pixels (~395 ppi density)"},{"label":"Protection","value":"Corning Gorilla Glass Victus"}]},{"category":"Platform","specs":[{"label":"OS","value":"Android 11, upgradable to Android 13, ROG UI"},{"label":"Chipset","value":"Qualcomm SM8350 Snapdragon 888+ 5G (5 nm)"},{"label":"CPU","value":"Octa-core (1x2.99 GHz Cortex-X1 & 3x2.42 GHz Cortex-A78 & 4x1.80 GHz Cortex-A55)"},{"label":"GPU","value":"Adreno 660"}]},{"category":"Memory","specs":[{"label":"Card slot","value":"No"},{"label":"Internal","value":"128GB 8GB RAM, 128GB 12GB RAM, 256GB 12GB RAM, 256GB 16GB RAM, 512GB 16GB RAM, 512GB 18GB RAM"}]},{"category":"Main Camera","specs":[{"label":"Triple","value":"64 MP, f/1.8, 26mm (wide), 1/1.73\\", 0.8µm, PDAF"},{"label":"Features","value":"LED flash, HDR, panorama"},{"label":"Video","value":"8K@30fps, 4K@30/60/120fps, 1080p@30/60/120/240fps, 720p@480fps; gyro-EIS"}]},{"category":"Selfie camera","specs":[{"label":"Single","value":"24 MP, f/2.5, 27mm (wide), 0.9µm"},{"label":"Video","value":"1080p@30fps"},{"label":"Features","value":"Panorama, HDR"}]},{"category":"Sound","specs":[{"label":"Loudspeaker","value":"Yes, with stereo speakers (2 amplifiers)"},{"label":"3.5mm jack","value":"Yes"}]},{"category":"Comms","specs":[{"label":"WLAN","value":"Wi-Fi 802.11 a/b/g/n/ac/6e, dual-band, Wi-Fi Direct"},{"label":"Bluetooth","value":"5.2, A2DP, LE, aptX HD, aptX Adaptive"},{"label":"Positioning","value":"GPS (L1+L5), GLONASS (L1), BDS (B1I+B1c+B2a), GALILEO (E1+E5a), QZSS (L1+L5), NavIC (L5)"},{"label":"NFC","value":"Yes"},{"label":"USB","value":"USB Type-C 3.1 (side), USB Type-C 2.0 (bottom), OTG, accessory connector"},{"label":"Radio","value":"No"}]},{"category":"Features","specs":[{"label":"Sensors","value":"Fingerprint (under display, optical), accelerometer, gyro, proximity, compass"}]},{"category":"Battery","specs":[{"label":"Type","value":"Li-Po 6000 mAh"},{"label":"Charging","value":"65W wired, PD3.0, QC5, 70% in 30 min, 100% in 52 min"}]},{"category":"Misc","specs":[{"label":"Colors","value":"Phantom Black, Storm White"},{"label":"Models","value":"ZS676KS"},{"label":"Price","value":"About 1030 EUR"}]}]');
INSERT OR IGNORE INTO device_pictures (device_id, url, position) VALUES (165, 'https://fdn2.gsmarena.com/vv/bigpic/asus-rog-phone-5s-new.jpg', 0);
INSERT OR IGNORE INTO device_pictures (device_id, url, position) VALUES (165, 'https://fdn2.gsmarena.com/vv/pics/asus/asus-rog-phone-5s-0.jpg', 1);
INSERT OR IGNORE INTO device_pictures (device_id, url, position) VALUES (165, 'https://fdn2.gsmarena.com/vv/pics/asus/asus-rog-phone-5s-00.jpg', 2);
INSERT OR IGNORE INTO device_pictures (device_id, url, position) VALUES (165, 'https://fdn2.gsmarena.com/vv/pics/asus/asus-rog-phone-5s-01.jpg', 3);
INSERT OR IGNORE INTO device_pictures (device_id, url, position) VALUES (165, 'https://fdn2.gsmarena.com/vv/pics/asus/asus-rog-phone-5s-02.jpg', 4);
INSERT OR IGNORE INTO device_pictures (device_id, url, position) VALUES (165, 'https://fdn2.gsmarena.com/vv/pics/asus/asus-rog-phone-5s-03.jpg', 5);
INSERT OR IGNORE INTO devices (id, brand_id, name, gsmarena_url, thumbnail_url, summary) VALUES (166, 2, 'Smartphone for Snapdragon Insiders', 'https://www.gsmarena.com/asus_smartphone_for_snapdragon_insiders-11006.php', 'https://fdn2.gsmarena.com/vv/bigpic/asus-smartphone-for-snapdragon-insiders.jpg', 'Smartphone for Snapdragon Insiders');
INSERT OR IGNORE INTO device_specs (device_id, announced, status, network, os, chipset, cpu, gpu, display_size, display_type, display_res, ram, storage, main_camera, selfie_camera, battery, charging, nfc, usb, bluetooth, wlan, colors, weight, dimensions, sim, sensors, popularity, fans, rating, full_specs_json) VALUES (166, '2021, July 08', 'Available. Released 2021, August 31', 'GSM / HSPA / LTE / 5G / 5G', 'Android 11', 'Qualcomm SM8350 Snapdragon 888 5G (5 nm)', 'Octa-core (1x2.84 GHz Cortex-X1 & 3x2.42 GHz Cortex-A78 & 4x1.80 GHz Cortex-A55)', 'Adreno 660', '6.78 inches, 109.5 cm 2 (~81.8% screen-to-body ratio)', 'Super AMOLED, 144Hz, HDR10+, 800 nits (HBM), 1200 nits (peak)', '1080 x 2400 pixels (~395 ppi density)', '16GB', '512GB', '64 MP, f/1.8, 26mm (wide), 1/1.73", 0.8µm, PDAF, OIS, Dual-LED flash, HDR, panorama', '24 MP, f/2.5, 27mm (wide), 0.9µm, 1080p@30fps', 'Li-Po 4000 mAh', '65W wired, PD3.0, QC5, 50% in 30 min, 100% in 50 min', 'Yes', 'USB Type-C', '5.2, A2DP, LE, aptX HD, aptX Adaptive', 'Wi-Fi 802.11 a/b/g/n/ac/6e, dual-band, Wi-Fi Direct', 'Midnight blue', '210 g (7.41 oz)', '173.2 x 77.3 x 9.6 mm (6.82 x 3.04 x 0.38 in)', 'Nano-SIM + Nano-SIM', 'Fingerprint (rear-mounted, ultrasonic), accelerometer, gyro, proximity, compass', 'About 1270 EUR', NULL, NULL, '[{"category":"Network","specs":[{"label":"Technology","value":"GSM / HSPA / LTE / 5G"},{"label":"2G bands","value":"GSM 850 / 900 / 1800 / 1900"},{"label":"3G bands","value":"HSDPA 800 / 850 / 900 / 1700(AWS) / 1900 / 2100"},{"label":"4G bands","value":"1, 2, 3, 4, 5, 7, 8, 11, 12, 13, 14, 17, 18, 19, 20, 21, 25, 26, 28, 29, 30, 32, 34, 38, 39, 40, 41, 42, 43, 46, 48, 66, 71"},{"label":"5G bands","value":"1, 2, 3, 5, 7, 8, 11, 12, 13, 14, 18, 20, 21, 25, 26, 28, 30, 38, 40, 41, 42, 43, 46, 48, 66, 71, 77, 78, 79, 257, 258, 260, 261 SA/NSA/Sub6/mmWave"},{"label":"Speed","value":"HSPA 42.2/5.76 Mbps, LTE (6CA) Cat20 2000/150 Mbps, 5G"}]},{"category":"Launch","specs":[{"label":"Announced","value":"2021, July 08"},{"label":"Status","value":"Available. Released 2021, August 31"}]},{"category":"Body","specs":[{"label":"Dimensions","value":"173.2 x 77.3 x 9.6 mm (6.82 x 3.04 x 0.38 in)"},{"label":"Weight","value":"210 g (7.41 oz)"},{"label":"SIM","value":"Nano-SIM + Nano-SIM"}]},{"category":"Display","specs":[{"label":"Type","value":"Super AMOLED, 144Hz, HDR10+, 800 nits (HBM), 1200 nits (peak)"},{"label":"Size","value":"6.78 inches, 109.5 cm 2 (~81.8% screen-to-body ratio)"},{"label":"Resolution","value":"1080 x 2400 pixels (~395 ppi density)"},{"label":"Protection","value":"Corning Gorilla Glass Victus"}]},{"category":"Platform","specs":[{"label":"OS","value":"Android 11"},{"label":"Chipset","value":"Qualcomm SM8350 Snapdragon 888 5G (5 nm)"},{"label":"CPU","value":"Octa-core (1x2.84 GHz Cortex-X1 & 3x2.42 GHz Cortex-A78 & 4x1.80 GHz Cortex-A55)"},{"label":"GPU","value":"Adreno 660"}]},{"category":"Memory","specs":[{"label":"Card slot","value":"No"},{"label":"Internal","value":"512GB 16GB RAM"}]},{"category":"Main Camera","specs":[{"label":"Triple","value":"64 MP, f/1.8, 26mm (wide), 1/1.73\\", 0.8µm, PDAF, OIS"},{"label":"Features","value":"Dual-LED flash, HDR, panorama"},{"label":"Video","value":"8K@30fps, 4K@30/60fps, 1080p@30/60fps, gyro-EIS, HDR"}]},{"category":"Selfie camera","specs":[{"label":"Single","value":"24 MP, f/2.5, 27mm (wide), 0.9µm"},{"label":"Video","value":"1080p@30fps"},{"label":"Features","value":"HDR"}]},{"category":"Sound","specs":[{"label":"Loudspeaker","value":"Yes, with stereo speakers"},{"label":"3.5mm jack","value":"No"}]},{"category":"Comms","specs":[{"label":"WLAN","value":"Wi-Fi 802.11 a/b/g/n/ac/6e, dual-band, Wi-Fi Direct"},{"label":"Bluetooth","value":"5.2, A2DP, LE, aptX HD, aptX Adaptive"},{"label":"Positioning","value":"GPS (L1+L5), GLONASS (L1), BDS (B1I+B1c+B2a), GALILEO (E1+E5a), QZSS (L1+L5), NavIC (L5)"},{"label":"NFC","value":"Yes"},{"label":"USB","value":"USB Type-C"},{"label":"Radio","value":"No"}]},{"category":"Features","specs":[{"label":"Sensors","value":"Fingerprint (rear-mounted, ultrasonic), accelerometer, gyro, proximity, compass"}]},{"category":"Battery","specs":[{"label":"Type","value":"Li-Po 4000 mAh"},{"label":"Charging","value":"65W wired, PD3.0, QC5, 50% in 30 min, 100% in 50 min"}]},{"category":"Misc","specs":[{"label":"Colors","value":"Midnight blue"},{"label":"Models","value":"I007D"},{"label":"Price","value":"About 1270 EUR"}]}]');
INSERT OR IGNORE INTO device_pictures (device_id, url, position) VALUES (166, 'https://fdn2.gsmarena.com/vv/bigpic/asus-smartphone-for-snapdragon-insiders.jpg', 0);
INSERT OR IGNORE INTO device_pictures (device_id, url, position) VALUES (166, 'https://fdn2.gsmarena.com/vv/pics/asus/asus-smartphone-for-snapdragon-insiders-1.jpg', 1);
INSERT OR IGNORE INTO devices (id, brand_id, name, gsmarena_url, thumbnail_url, summary) VALUES (167, 2, 'Zenfone 8 Flip', 'https://www.gsmarena.com/asus_zenfone_8_flip-10892.php', 'https://fdn2.gsmarena.com/vv/bigpic/asus-zenfone-8-flip.jpg', 'Zenfone 8 Flip');
INSERT OR IGNORE INTO device_specs (device_id, announced, status, network, os, chipset, cpu, gpu, display_size, display_type, display_res, ram, storage, main_camera, selfie_camera, battery, charging, nfc, usb, bluetooth, wlan, colors, weight, dimensions, sim, sensors, popularity, fans, rating, full_specs_json) VALUES (167, '2021, May 12', 'Available. Released 2021, May 13', 'GSM / HSPA / LTE / 5G / 5G', 'Android 11, upgradable to Android 13', 'Qualcomm SM8350 Snapdragon 888 5G (5 nm)', 'Octa-core (1x2.84 GHz Cortex-X1 & 3x2.42 GHz Cortex-A78 & 4x1.80 GHz Cortex-A55)', 'Adreno 660', '6.67 inches, 107.4 cm 2 (~84.2% screen-to-body ratio)', 'Super AMOLED, 90Hz, HDR10+, 700 nits (HBM), 1000 nits (peak)', '1080 x 2400 pixels, 20:9 ratio (~395 ppi density)', '8GB', '128GB', '64 MP, f/1.8, 26mm (wide), 1/1.73", 0.8µm, PDAF, Dual-LED flash, HDR, auto panorama (motorized rotation)', '8K@30fps, 4K@30/60/120fps, 1080p@30/60/240fps, 720p@480fps; gyro-EIS, HDR', 'Li-Po 5000 mAh', '30W wired, PD3.0', 'Yes', 'USB Type-C 2.0', '5.2, A2DP, LE, aptX HD, aptX Adaptive', 'Wi-Fi 802.11 a/b/g/n/ac/6e, dual-band, Wi-Fi Direct', 'Galactic Black, Glacier Silver', '230 g (8.11 oz)', '165 x 77.3 x 9.6 mm (6.50 x 3.04 x 0.38 in)', 'Nano-SIM + Nano-SIM', 'Fingerprint (under display, optical), accelerometer, gyro, proximity, compass', 'About 380 EUR', NULL, NULL, '[{"category":"Network","specs":[{"label":"Technology","value":"GSM / HSPA / LTE / 5G"},{"label":"2G bands","value":"GSM 850 / 900 / 1800 / 1900"},{"label":"3G bands","value":"HSDPA 800 / 850 / 900 / 1700(AWS) / 1900 / 2100"},{"label":"4G bands","value":"1, 2, 3, 4, 5, 7, 8, 12, 17, 18, 19, 20, 26, 28, 34, 38, 39, 40, 41, 42"},{"label":"5G bands","value":"1, 2, 3, 5, 7, 8, 12, 20, 28, 38, 77, 78, 77, 78 SA/NSA"},{"label":"Speed","value":"HSPA 42.2/5.76 Mbps, LTE (6CA) Cat20 2000/150 Mbps, 5G"}]},{"category":"Launch","specs":[{"label":"Announced","value":"2021, May 12"},{"label":"Status","value":"Available. Released 2021, May 13"}]},{"category":"Body","specs":[{"label":"Dimensions","value":"165 x 77.3 x 9.6 mm (6.50 x 3.04 x 0.38 in)"},{"label":"Weight","value":"230 g (8.11 oz)"},{"label":"Build","value":"Glass front (Gorilla Glass 6), glass back (Gorilla Glass 3), aluminum frame"},{"label":"SIM","value":"Nano-SIM + Nano-SIM"}]},{"category":"Display","specs":[{"label":"Type","value":"Super AMOLED, 90Hz, HDR10+, 700 nits (HBM), 1000 nits (peak)"},{"label":"Size","value":"6.67 inches, 107.4 cm 2 (~84.2% screen-to-body ratio)"},{"label":"Resolution","value":"1080 x 2400 pixels, 20:9 ratio (~395 ppi density)"},{"label":"Protection","value":"Corning Gorilla Glass 6"}]},{"category":"Platform","specs":[{"label":"OS","value":"Android 11, upgradable to Android 13"},{"label":"Chipset","value":"Qualcomm SM8350 Snapdragon 888 5G (5 nm)"},{"label":"CPU","value":"Octa-core (1x2.84 GHz Cortex-X1 & 3x2.42 GHz Cortex-A78 & 4x1.80 GHz Cortex-A55)"},{"label":"GPU","value":"Adreno 660"}]},{"category":"Memory","specs":[{"label":"Card slot","value":"microSDXC (dedicated slot)"},{"label":"Internal","value":"128GB 8GB RAM, 256GB 8GB RAM"}]},{"category":"Main Camera","specs":[{"label":"Triple","value":"64 MP, f/1.8, 26mm (wide), 1/1.73\\", 0.8µm, PDAF"},{"label":"Features","value":"Dual-LED flash, HDR, auto panorama (motorized rotation)"},{"label":"Video","value":"8K@30fps, 4K@30/60/120fps, 1080p@30/60/240fps, 720p@480fps; gyro-EIS, HDR"}]},{"category":"Selfie camera","specs":[{"label":"Video","value":"8K@30fps, 4K@30/60/120fps, 1080p@30/60/240fps, 720p@480fps; gyro-EIS, HDR"},{"label":"Triple","value":"Motorized flip-up main camera module"},{"label":"Features","value":"Dual-LED flash, HDR, auto panorama (motorized rotation)"}]},{"category":"Sound","specs":[{"label":"Loudspeaker","value":"Yes, with stereo speakers"},{"label":"3.5mm jack","value":"No"}]},{"category":"Comms","specs":[{"label":"WLAN","value":"Wi-Fi 802.11 a/b/g/n/ac/6e, dual-band, Wi-Fi Direct"},{"label":"Bluetooth","value":"5.2, A2DP, LE, aptX HD, aptX Adaptive"},{"label":"Positioning","value":"GPS (L1+L5), GLONASS (L1), BDS (B1I+B1c+B2a), GALILEO (E1+E5a), QZSS (L1+L5), NavIC (L5)"},{"label":"NFC","value":"Yes"},{"label":"USB","value":"USB Type-C 2.0"},{"label":"Radio","value":"No"}]},{"category":"Features","specs":[{"label":"Sensors","value":"Fingerprint (under display, optical), accelerometer, gyro, proximity, compass"}]},{"category":"Battery","specs":[{"label":"Type","value":"Li-Po 5000 mAh"},{"label":"Charging","value":"30W wired, PD3.0"}]},{"category":"Misc","specs":[{"label":"Colors","value":"Galactic Black, Glacier Silver"},{"label":"Models","value":"ZS672KS, I004D"},{"label":"Price","value":"About 380 EUR"}]}]');
INSERT OR IGNORE INTO device_pictures (device_id, url, position) VALUES (167, 'https://fdn2.gsmarena.com/vv/bigpic/asus-zenfone-8-flip.jpg', 0);
INSERT OR IGNORE INTO device_pictures (device_id, url, position) VALUES (167, 'https://fdn2.gsmarena.com/vv/pics/asus/asus-zenfone-8-flip-01.jpg', 1);
INSERT OR IGNORE INTO device_pictures (device_id, url, position) VALUES (167, 'https://fdn2.gsmarena.com/vv/pics/asus/asus-zenfone-8-flip-02.jpg', 2);
INSERT OR IGNORE INTO device_pictures (device_id, url, position) VALUES (167, 'https://fdn.gsmarena.com/imgroot/reviews/21/asus-zenfone-8-flip/lifestyle/-1024w2/gsmarena_001.jpg', 3);
INSERT OR IGNORE INTO device_pictures (device_id, url, position) VALUES (167, 'https://fdn.gsmarena.com/imgroot/reviews/21/asus-zenfone-8-flip/lifestyle/-1024w2/gsmarena_002.jpg', 4);
INSERT OR IGNORE INTO device_pictures (device_id, url, position) VALUES (167, 'https://fdn.gsmarena.com/imgroot/reviews/21/asus-zenfone-8-flip/lifestyle/-1024w2/gsmarena_003.jpg', 5);
INSERT OR IGNORE INTO device_pictures (device_id, url, position) VALUES (167, 'https://fdn.gsmarena.com/imgroot/reviews/21/asus-zenfone-8-flip/lifestyle/-1024w2/gsmarena_004.jpg', 6);
INSERT OR IGNORE INTO device_pictures (device_id, url, position) VALUES (167, 'https://fdn.gsmarena.com/imgroot/reviews/21/asus-zenfone-8-flip/lifestyle/-1024w2/gsmarena_005.jpg', 7);
INSERT OR IGNORE INTO device_pictures (device_id, url, position) VALUES (167, 'https://fdn.gsmarena.com/imgroot/reviews/21/asus-zenfone-8-flip/lifestyle/-1024w2/gsmarena_006.jpg', 8);
INSERT OR IGNORE INTO device_pictures (device_id, url, position) VALUES (167, 'https://fdn.gsmarena.com/imgroot/reviews/21/asus-zenfone-8-flip/lifestyle/-1024w2/gsmarena_007.jpg', 9);
INSERT OR IGNORE INTO devices (id, brand_id, name, gsmarena_url, thumbnail_url, summary) VALUES (168, 2, 'Zenfone 8', 'https://www.gsmarena.com/asus_zenfone_8-10893.php', 'https://fdn2.gsmarena.com/vv/bigpic/asus-zenfone-8.jpg', 'Zenfone 8');
INSERT OR IGNORE INTO device_specs (device_id, announced, status, network, os, chipset, cpu, gpu, display_size, display_type, display_res, ram, storage, main_camera, selfie_camera, battery, charging, nfc, usb, bluetooth, wlan, colors, weight, dimensions, sim, sensors, popularity, fans, rating, full_specs_json) VALUES (168, '2021, May 12', 'Available. Released 2021, May 13', 'GSM / HSPA / LTE / 5G / 5G', 'Android 11, upgradable to Android 13', 'Qualcomm SM8350 Snapdragon 888 5G (5 nm)', 'Octa-core (1x2.84 GHz Cortex-X1 & 3x2.42 GHz Cortex-A78 & 4x1.80 GHz Cortex-A55)', 'Adreno 660', '5.9 inches, 84.0 cm 2 (~82.9% screen-to-body ratio)', 'Super AMOLED, 120Hz, HDR10+, 700 nits (HBM), 1100 nits (peak)', '1080 x 2400 pixels, 20:9 ratio (~446 ppi density)', '6GB', '128GB', '64 MP, f/1.8, 26mm (wide), 1/1.73", 0.8µm, PDAF, OIS, LED flash, HDR, panorama', '12 MP, f/2.5, 28mm (standard), 1/2.93", 1.22µm, dual pixel PDAF, 4K@30fps, 1080p@30/60fps', 'Li-Po 4000 mAh', '30W wired, PD3.0, 60% in 25 min, 100% in 80 min', 'Yes', 'USB Type-C 2.0, OTG', '5.2, A2DP, LE, aptX HD, aptX Adaptive', 'Wi-Fi 802.11 a/b/g/n/ac/6e, dual-band, Wi-Fi Direct', 'Obsidian Black, Horizon Silver', '169 g (5.96 oz)', '148 x 68.5 x 8.9 mm (5.83 x 2.70 x 0.35 in)', 'Nano-SIM + Nano-SIM', 'Fingerprint (under display, optical), accelerometer, gyro, proximity, compass', 'About 290 EUR', NULL, NULL, '[{"category":"Network","specs":[{"label":"Technology","value":"GSM / HSPA / LTE / 5G"},{"label":"2G bands","value":"GSM 850 / 900 / 1800 / 1900"},{"label":"3G bands","value":"HSDPA 800 / 850 / 900 / 1700(AWS) / 1900 / 2100"},{"label":"4G bands","value":"1, 2, 3, 4, 5, 7, 8, 12, 17, 18, 19, 20, 26, 28, 34, 38, 39, 40, 41, 42 - International"},{"label":"5G bands","value":"1, 2, 3, 5, 7, 8, 12, 20, 28, 38, 77, 78 SA/NSA - International"},{"label":"Speed","value":"HSPA 42.2/5.76 Mbps, LTE (5CA) Cat20 2000/150 Mbps, 5G"}]},{"category":"Launch","specs":[{"label":"Announced","value":"2021, May 12"},{"label":"Status","value":"Available. Released 2021, May 13"}]},{"category":"Body","specs":[{"label":"Dimensions","value":"148 x 68.5 x 8.9 mm (5.83 x 2.70 x 0.35 in)"},{"label":"Weight","value":"169 g (5.96 oz)"},{"label":"Build","value":"Glass front (Gorilla Glass Victus), glass back (Gorilla Glass 3), aluminum frame"},{"label":"SIM","value":"Nano-SIM + Nano-SIM"}]},{"category":"Display","specs":[{"label":"Type","value":"Super AMOLED, 120Hz, HDR10+, 700 nits (HBM), 1100 nits (peak)"},{"label":"Size","value":"5.9 inches, 84.0 cm 2 (~82.9% screen-to-body ratio)"},{"label":"Resolution","value":"1080 x 2400 pixels, 20:9 ratio (~446 ppi density)"},{"label":"Protection","value":"Corning Gorilla Glass Victus"}]},{"category":"Platform","specs":[{"label":"OS","value":"Android 11, upgradable to Android 13"},{"label":"Chipset","value":"Qualcomm SM8350 Snapdragon 888 5G (5 nm)"},{"label":"CPU","value":"Octa-core (1x2.84 GHz Cortex-X1 & 3x2.42 GHz Cortex-A78 & 4x1.80 GHz Cortex-A55)"},{"label":"GPU","value":"Adreno 660"}]},{"category":"Memory","specs":[{"label":"Card slot","value":"No"},{"label":"Internal","value":"128GB 6GB RAM, 128GB 8GB RAM, 256GB 8GB RAM, 256GB 12GB RAM, 256GB 16GB RAM"}]},{"category":"Main Camera","specs":[{"label":"Dual","value":"64 MP, f/1.8, 26mm (wide), 1/1.73\\", 0.8µm, PDAF, OIS"},{"label":"Features","value":"LED flash, HDR, panorama"},{"label":"Video","value":"8K@24fps, 4K@30/60/120fps, 1080p@30/60/240fps, 720p@480fps; gyro-EIS, HDR"}]},{"category":"Selfie camera","specs":[{"label":"Single","value":"12 MP, f/2.5, 28mm (standard), 1/2.93\\", 1.22µm, dual pixel PDAF"},{"label":"Video","value":"4K@30fps, 1080p@30/60fps"}]},{"category":"Sound","specs":[{"label":"Loudspeaker","value":"Yes, with stereo speakers"},{"label":"3.5mm jack","value":"Yes"}]},{"category":"Comms","specs":[{"label":"WLAN","value":"Wi-Fi 802.11 a/b/g/n/ac/6e, dual-band, Wi-Fi Direct"},{"label":"Bluetooth","value":"5.2, A2DP, LE, aptX HD, aptX Adaptive"},{"label":"Positioning","value":"GPS (L1+L5), GLONASS (L1), BDS (B1I+B1c+B2a), GALILEO (E1+E5a), QZSS (L1+L5), NavIC (L5)"},{"label":"NFC","value":"Yes"},{"label":"USB","value":"USB Type-C 2.0, OTG"},{"label":"Radio","value":"FM radio (market/region dependent)"}]},{"category":"Features","specs":[{"label":"Sensors","value":"Fingerprint (under display, optical), accelerometer, gyro, proximity, compass"}]},{"category":"Battery","specs":[{"label":"Type","value":"Li-Po 4000 mAh"},{"label":"Charging","value":"30W wired, PD3.0, 60% in 25 min, 100% in 80 min"}]},{"category":"Misc","specs":[{"label":"Colors","value":"Obsidian Black, Horizon Silver"},{"label":"Models","value":"ZS590KS, ZS590KS-2A007EU, I006D"},{"label":"Price","value":"About 290 EUR"}]}]');
INSERT OR IGNORE INTO device_pictures (device_id, url, position) VALUES (168, 'https://fdn2.gsmarena.com/vv/bigpic/asus-zenfone-8.jpg', 0);
INSERT OR IGNORE INTO device_pictures (device_id, url, position) VALUES (168, 'https://fdn2.gsmarena.com/vv/pics/asus/asus-zenfone-8-01.jpg', 1);
INSERT OR IGNORE INTO device_pictures (device_id, url, position) VALUES (168, 'https://fdn2.gsmarena.com/vv/pics/asus/asus-zenfone-8-02.jpg', 2);
INSERT OR IGNORE INTO device_pictures (device_id, url, position) VALUES (168, 'https://fdn.gsmarena.com/imgroot/reviews/21/asus-zenfone-8/lifestyle/-1024w2/gsmarena_001.jpg', 3);
INSERT OR IGNORE INTO device_pictures (device_id, url, position) VALUES (168, 'https://fdn.gsmarena.com/imgroot/reviews/21/asus-zenfone-8/lifestyle/-1024w2/gsmarena_002.jpg', 4);
INSERT OR IGNORE INTO device_pictures (device_id, url, position) VALUES (168, 'https://fdn.gsmarena.com/imgroot/reviews/21/asus-zenfone-8/lifestyle/-1024w2/gsmarena_003.jpg', 5);
INSERT OR IGNORE INTO device_pictures (device_id, url, position) VALUES (168, 'https://fdn.gsmarena.com/imgroot/reviews/21/asus-zenfone-8/lifestyle/-1024w2/gsmarena_004.jpg', 6);
INSERT OR IGNORE INTO device_pictures (device_id, url, position) VALUES (168, 'https://fdn.gsmarena.com/imgroot/reviews/21/asus-zenfone-8/lifestyle/-1024w2/gsmarena_005.jpg', 7);
INSERT OR IGNORE INTO device_pictures (device_id, url, position) VALUES (168, 'https://fdn.gsmarena.com/imgroot/reviews/21/asus-zenfone-8/lifestyle/-1024w2/gsmarena_006.jpg', 8);
INSERT OR IGNORE INTO device_pictures (device_id, url, position) VALUES (168, 'https://fdn.gsmarena.com/imgroot/reviews/21/asus-zenfone-8/lifestyle/-1024w2/gsmarena_007.jpg', 9);
INSERT OR IGNORE INTO devices (id, brand_id, name, gsmarena_url, thumbnail_url, summary) VALUES (169, 2, 'ROG Phone 5 Ultimate', 'https://www.gsmarena.com/asus_rog_phone_5_ultimate-10785.php', 'https://fdn2.gsmarena.com/vv/bigpic/asus-rog-phone-5-ultimate.jpg', 'ROG Phone 5 Ultimate');
INSERT OR IGNORE INTO device_specs (device_id, announced, status, network, os, chipset, cpu, gpu, display_size, display_type, display_res, ram, storage, main_camera, selfie_camera, battery, charging, nfc, usb, bluetooth, wlan, colors, weight, dimensions, sim, sensors, popularity, fans, rating, full_specs_json) VALUES (169, '2021, March 10', 'Available. Released 2021, June 07', 'GSM / HSPA / LTE / 5G / 5G', 'Android 11, upgradable to Android 13, ROG UI', 'Qualcomm SM8350 Snapdragon 888 5G (5 nm)', 'Octa-core (1x2.84 GHz Cortex-X1 & 3x2.42 GHz Cortex-A78 & 4x1.80 GHz Cortex-A55)', 'Adreno 660', '6.78 inches, 109.5 cm 2 (~82.0% screen-to-body ratio)', 'AMOLED, 1B colors, 144Hz, HDR10+, 800 nits (typ), 1200 nits (peak)', '1080 x 2448 pixels (~395 ppi density)', '18GB', '512GB', '64 MP, f/1.8, 26mm (wide), 1/1.73", 0.8µm, PDAF, LED flash, HDR, panorama', '24 MP, f/2.5, 27mm (wide), 0.9µm, 1080p@30fps', 'Li-Po 6000 mAh', '65W wired, PD3.0, QC5, 70% in 30 min, 100% in 52 min', 'Yes', 'USB Type-C 3.1 (side), USB Type-C 2.0 (bottom), OTG, accessory connector', '5.2, A2DP, LE, aptX HD, aptX Adaptive', 'Wi-Fi 802.11 a/b/g/n/ac/6e, dual-band, Wi-Fi Direct', 'Matte White', '238 g (8.40 oz)', '172.8 x 77.3 x 10.3 mm (6.80 x 3.04 x 0.41 in)', 'Nano-SIM + Nano-SIM', 'Fingerprint (under display, optical), accelerometer, gyro, proximity, compass', 'About 1300 EUR', NULL, NULL, '[{"category":"Network","specs":[{"label":"Technology","value":"GSM / HSPA / LTE / 5G"},{"label":"2G bands","value":"GSM 850 / 900 / 1800 / 1900"},{"label":"3G bands","value":"HSDPA 800 / 850 / 900 / 1700(AWS) / 1800 / 1900 / 2100"},{"label":"4G bands","value":"1, 2, 3, 4, 5, 7, 8, 12, 13, 17, 18, 19, 20, 25, 26, 28, 29, 30, 32, 34, 38, 39, 40, 41, 42, 48, 66, 71"},{"label":"5G bands","value":"1, 2, 3, 5, 7, 8, 12, 20, 25, 28, 38, 40, 41, 66, 71, 77, 78, 79 SA/NSA"},{"label":"Speed","value":"HSPA 42.2/5.76 Mbps, LTE (7CA) Cat20 1400/150 Mbps, 5G 4 Gbps DL"}]},{"category":"Launch","specs":[{"label":"Announced","value":"2021, March 10"},{"label":"Status","value":"Available. Released 2021, June 07"}]},{"category":"Body","specs":[{"label":"Dimensions","value":"172.8 x 77.3 x 10.3 mm (6.80 x 3.04 x 0.41 in)"},{"label":"Weight","value":"238 g (8.40 oz)"},{"label":"Build","value":"Glass front (Gorilla Glass Victus), glass back (Gorilla Glass 3), aluminum frame"},{"label":"SIM","value":"Nano-SIM + Nano-SIM"}]},{"category":"Display","specs":[{"label":"Type","value":"AMOLED, 1B colors, 144Hz, HDR10+, 800 nits (typ), 1200 nits (peak)"},{"label":"Size","value":"6.78 inches, 109.5 cm 2 (~82.0% screen-to-body ratio)"},{"label":"Resolution","value":"1080 x 2448 pixels (~395 ppi density)"},{"label":"Protection","value":"Corning Gorilla Glass Victus"}]},{"category":"Platform","specs":[{"label":"OS","value":"Android 11, upgradable to Android 13, ROG UI"},{"label":"Chipset","value":"Qualcomm SM8350 Snapdragon 888 5G (5 nm)"},{"label":"CPU","value":"Octa-core (1x2.84 GHz Cortex-X1 & 3x2.42 GHz Cortex-A78 & 4x1.80 GHz Cortex-A55)"},{"label":"GPU","value":"Adreno 660"}]},{"category":"Memory","specs":[{"label":"Card slot","value":"No"},{"label":"Internal","value":"512GB 18GB RAM"}]},{"category":"Main Camera","specs":[{"label":"Triple","value":"64 MP, f/1.8, 26mm (wide), 1/1.73\\", 0.8µm, PDAF"},{"label":"Features","value":"LED flash, HDR, panorama"},{"label":"Video","value":"8K@30fps, 4K@30/60/120fps, 1080p@30/60/120/240fps, 720p@480fps; gyro-EIS"}]},{"category":"Selfie camera","specs":[{"label":"Single","value":"24 MP, f/2.5, 27mm (wide), 0.9µm"},{"label":"Video","value":"1080p@30fps"},{"label":"Features","value":"Panorama, HDR"}]},{"category":"Sound","specs":[{"label":"Loudspeaker","value":"Yes, with DTS:X stereo speakers (2 dedicated amplifiers)"},{"label":"3.5mm jack","value":"Yes"}]},{"category":"Comms","specs":[{"label":"WLAN","value":"Wi-Fi 802.11 a/b/g/n/ac/6e, dual-band, Wi-Fi Direct"},{"label":"Bluetooth","value":"5.2, A2DP, LE, aptX HD, aptX Adaptive"},{"label":"Positioning","value":"GPS (L1+L5), GLONASS (L1), BDS (B1I+B1c+B2a), GALILEO (E1+E5a), QZSS (L1+L5), NavIC (L5)"},{"label":"NFC","value":"Yes"},{"label":"USB","value":"USB Type-C 3.1 (side), USB Type-C 2.0 (bottom), OTG, accessory connector"},{"label":"Radio","value":"No"}]},{"category":"Features","specs":[{"label":"Sensors","value":"Fingerprint (under display, optical), accelerometer, gyro, proximity, compass"}]},{"category":"Battery","specs":[{"label":"Type","value":"Li-Po 6000 mAh"},{"label":"Charging","value":"65W wired, PD3.0, QC5, 70% in 30 min, 100% in 52 min"}]},{"category":"Misc","specs":[{"label":"Colors","value":"Matte White"},{"label":"Models","value":"ZS673KS, ZS673KS-1B063IN, I005DC"},{"label":"Price","value":"About 1300 EUR"}]}]');
INSERT OR IGNORE INTO device_pictures (device_id, url, position) VALUES (169, 'https://fdn2.gsmarena.com/vv/bigpic/asus-rog-phone-5-ultimate.jpg', 0);
INSERT OR IGNORE INTO device_pictures (device_id, url, position) VALUES (169, 'https://fdn2.gsmarena.com/vv/pics/asus/asus-rog-phone-5-ultimate-01.jpg', 1);
INSERT OR IGNORE INTO device_pictures (device_id, url, position) VALUES (169, 'https://fdn2.gsmarena.com/vv/pics/asus/asus-rog-phone-5-ultimate-02.jpg', 2);
INSERT OR IGNORE INTO devices (id, brand_id, name, gsmarena_url, thumbnail_url, summary) VALUES (170, 2, 'ROG Phone 5 Pro', 'https://www.gsmarena.com/asus_rog_phone_5_pro-10784.php', 'https://fdn2.gsmarena.com/vv/bigpic/asus-rog-phone-5-pro.jpg', 'ROG Phone 5 Pro');
INSERT OR IGNORE INTO device_specs (device_id, announced, status, network, os, chipset, cpu, gpu, display_size, display_type, display_res, ram, storage, main_camera, selfie_camera, battery, charging, nfc, usb, bluetooth, wlan, colors, weight, dimensions, sim, sensors, popularity, fans, rating, full_specs_json) VALUES (170, '2021, March 10', 'Available. Released 2021, July 02', 'GSM / HSPA / LTE / 5G / 5G', 'Android 11, upgradable to Android 13, ROG UI', 'Qualcomm SM8350 Snapdragon 888 5G (5 nm)', 'Octa-core (1x2.84 GHz Cortex-X1 & 3x2.42 GHz Cortex-A78 & 4x1.80 GHz Cortex-A55)', 'Adreno 660', '6.78 inches, 109.5 cm 2 (~82.0% screen-to-body ratio)', 'AMOLED, 1B colors, 144Hz, HDR10+, 800 nits (typ), 1200 nits (peak)', '1080 x 2448 pixels (~395 ppi density)', '16GB', '512GB', '64 MP, f/1.8, 26mm (wide), 1/1.73", 0.8µm, PDAF, LED flash, HDR, panorama', '24 MP, f/2.5, 27mm (wide), 0.9µm, 1080p@30fps', 'Li-Po 6000 mAh', '65W wired, PD3.0, QC5, 70% in 30 min, 100% in 52 min', 'Yes', 'USB Type-C 3.1 (side), USB Type-C 2.0 (bottom), OTG, accessory connector', '5.2, A2DP, LE, aptX HD, aptX Adaptive', 'Wi-Fi 802.11 a/b/g/n/ac/6e, dual-band, Wi-Fi Direct', 'Glossy Black', '238 g (8.40 oz)', '172.8 x 77.3 x 10.3 mm (6.80 x 3.04 x 0.41 in)', 'Nano-SIM + Nano-SIM', 'Fingerprint (under display, optical), accelerometer, gyro, proximity, compass', 'About 680 EUR', NULL, NULL, '[{"category":"Network","specs":[{"label":"Technology","value":"GSM / HSPA / LTE / 5G"},{"label":"2G bands","value":"GSM 850 / 900 / 1800 / 1900"},{"label":"3G bands","value":"HSDPA 800 / 850 / 900 / 1700(AWS) / 1800 / 1900 / 2100"},{"label":"4G bands","value":"1, 2, 3, 4, 5, 7, 8, 12, 13, 17, 18, 19, 20, 25, 26, 28, 29, 30, 32, 34, 38, 39, 40, 41, 42, 48, 66, 71"},{"label":"5G bands","value":"1, 2, 3, 5, 7, 8, 12, 20, 25, 28, 38, 40, 41, 66, 71, 77, 78, 79 SA/NSA"},{"label":"Speed","value":"HSPA 42.2/5.76 Mbps, LTE (7CA) Cat20 1400/150 Mbps, 5G 4 Gbps DL"}]},{"category":"Launch","specs":[{"label":"Announced","value":"2021, March 10"},{"label":"Status","value":"Available. Released 2021, July 02"}]},{"category":"Body","specs":[{"label":"Dimensions","value":"172.8 x 77.3 x 10.3 mm (6.80 x 3.04 x 0.41 in)"},{"label":"Weight","value":"238 g (8.40 oz)"},{"label":"Build","value":"Glass front (Gorilla Glass Victus), glass back (Gorilla Glass 3), aluminum frame"},{"label":"SIM","value":"Nano-SIM + Nano-SIM"}]},{"category":"Display","specs":[{"label":"Type","value":"AMOLED, 1B colors, 144Hz, HDR10+, 800 nits (typ), 1200 nits (peak)"},{"label":"Size","value":"6.78 inches, 109.5 cm 2 (~82.0% screen-to-body ratio)"},{"label":"Resolution","value":"1080 x 2448 pixels (~395 ppi density)"},{"label":"Protection","value":"Corning Gorilla Glass Victus"}]},{"category":"Platform","specs":[{"label":"OS","value":"Android 11, upgradable to Android 13, ROG UI"},{"label":"Chipset","value":"Qualcomm SM8350 Snapdragon 888 5G (5 nm)"},{"label":"CPU","value":"Octa-core (1x2.84 GHz Cortex-X1 & 3x2.42 GHz Cortex-A78 & 4x1.80 GHz Cortex-A55)"},{"label":"GPU","value":"Adreno 660"}]},{"category":"Memory","specs":[{"label":"Card slot","value":"No"},{"label":"Internal","value":"512GB 16GB RAM"}]},{"category":"Main Camera","specs":[{"label":"Triple","value":"64 MP, f/1.8, 26mm (wide), 1/1.73\\", 0.8µm, PDAF"},{"label":"Features","value":"LED flash, HDR, panorama"},{"label":"Video","value":"8K@30fps, 4K@30/60/120fps, 1080p@30/60/120/240fps, 720p@480fps; gyro-EIS"}]},{"category":"Selfie camera","specs":[{"label":"Single","value":"24 MP, f/2.5, 27mm (wide), 0.9µm"},{"label":"Video","value":"1080p@30fps"},{"label":"Features","value":"Panorama, HDR"}]},{"category":"Sound","specs":[{"label":"Loudspeaker","value":"Yes, with DTS:X stereo speakers (2 dedicated amplifiers)"},{"label":"3.5mm jack","value":"Yes"}]},{"category":"Comms","specs":[{"label":"WLAN","value":"Wi-Fi 802.11 a/b/g/n/ac/6e, dual-band, Wi-Fi Direct"},{"label":"Bluetooth","value":"5.2, A2DP, LE, aptX HD, aptX Adaptive"},{"label":"Positioning","value":"GPS (L1+L5), GLONASS (L1), BDS (B1I+B1c+B2a), GALILEO (E1+E5a), QZSS (L1+L5), NavIC (L5)"},{"label":"NFC","value":"Yes"},{"label":"USB","value":"USB Type-C 3.1 (side), USB Type-C 2.0 (bottom), OTG, accessory connector"},{"label":"Radio","value":"No"}]},{"category":"Features","specs":[{"label":"Sensors","value":"Fingerprint (under display, optical), accelerometer, gyro, proximity, compass"}]},{"category":"Battery","specs":[{"label":"Type","value":"Li-Po 6000 mAh"},{"label":"Charging","value":"65W wired, PD3.0, QC5, 70% in 30 min, 100% in 52 min"}]},{"category":"Misc","specs":[{"label":"Colors","value":"Glossy Black"},{"label":"Models","value":"ZS673KS, ZS673KS-1A079IN"},{"label":"Price","value":"About 680 EUR"}]}]');
INSERT OR IGNORE INTO device_pictures (device_id, url, position) VALUES (170, 'https://fdn2.gsmarena.com/vv/bigpic/asus-rog-phone-5-pro.jpg', 0);
INSERT OR IGNORE INTO device_pictures (device_id, url, position) VALUES (170, 'https://fdn2.gsmarena.com/vv/pics/asus/asus-rog-phone-5-pro-1.jpg', 1);
INSERT OR IGNORE INTO devices (id, brand_id, name, gsmarena_url, thumbnail_url, summary) VALUES (171, 2, 'ROG Phone 5', 'https://www.gsmarena.com/asus_rog_phone_5-10715.php', 'https://fdn2.gsmarena.com/vv/bigpic/asus-rog-phone-5.jpg', 'ROG Phone 5');
INSERT OR IGNORE INTO device_specs (device_id, announced, status, network, os, chipset, cpu, gpu, display_size, display_type, display_res, ram, storage, main_camera, selfie_camera, battery, charging, nfc, usb, bluetooth, wlan, colors, weight, dimensions, sim, sensors, popularity, fans, rating, full_specs_json) VALUES (171, '2021, March 10', 'Available. Released 2021, April 26', 'GSM / HSPA / LTE / 5G / 5G', 'Android 11, upgradable to Android 13, ROG UI', 'Qualcomm SM8350 Snapdragon 888 5G (5 nm)', 'Octa-core (1x2.84 GHz Cortex-X1 & 3x2.42 GHz Cortex-A78 & 4x1.80 GHz Cortex-A55)', 'Adreno 660', '6.78 inches, 109.5 cm 2 (~82.0% screen-to-body ratio)', 'AMOLED, 1B colors, 144Hz, HDR10+, 800 nits (typ), 1200 nits (peak)', '1080 x 2448 pixels (~395 ppi density)', '8GB', '128GB', '64 MP, f/1.8, 26mm (wide), 1/1.73", 0.8µm, PDAF, LED flash, HDR, panorama', '24 MP, f/2.5, 27mm (wide), 0.9µm, 1080p@30fps', 'Li-Po 6000 mAh', '65W wired, PD3.0, QC5, 70% in 30 min, 100% in 52 min', 'Yes', 'USB Type-C 3.1 (side), USB Type-C 2.0 (bottom), OTG, accessory connector', '5.2, A2DP, LE, aptX HD, aptX Adaptive', 'Wi-Fi 802.11 a/b/g/n/ac/6e, dual-band, Wi-Fi Direct', 'Phantom Black, Storm White', '238 g (8.40 oz)', '172.8 x 77.3 x 10.3 mm (6.80 x 3.04 x 0.41 in)', 'Nano-SIM + Nano-SIM', 'Fingerprint (under display, optical), accelerometer, gyro, proximity, compass', 'About 370 EUR', NULL, NULL, '[{"category":"Network","specs":[{"label":"Technology","value":"GSM / HSPA / LTE / 5G"},{"label":"2G bands","value":"GSM 850 / 900 / 1800 / 1900"},{"label":"3G bands","value":"HSDPA 800 / 850 / 900 / 1700(AWS) / 1800 / 1900 / 2100 - Version 1"},{"label":"4G bands","value":"1, 2, 3, 4, 5, 7, 8, 12, 13, 17, 18, 19, 20, 25, 26, 28, 29, 30, 32, 34, 38, 39, 40, 41, 42, 48, 66, 71 - Version 1"},{"label":"5G bands","value":"1, 2, 3, 5, 7, 8, 12, 20, 25, 28, 38, 40, 41, 66, 71, 77, 78, 79 SA/NSA - Version 1"},{"label":"Speed","value":"HSPA 42.2/5.76 Mbps, LTE (7CA) Cat20 1400/150 Mbps, 5G 4 Gbps DL"}]},{"category":"Launch","specs":[{"label":"Announced","value":"2021, March 10"},{"label":"Status","value":"Available. Released 2021, April 26"}]},{"category":"Body","specs":[{"label":"Dimensions","value":"172.8 x 77.3 x 10.3 mm (6.80 x 3.04 x 0.41 in)"},{"label":"Weight","value":"238 g (8.40 oz)"},{"label":"Build","value":"Glass front (Gorilla Glass Victus), glass back (Gorilla Glass 3), aluminum frame"},{"label":"SIM","value":"Nano-SIM + Nano-SIM"}]},{"category":"Display","specs":[{"label":"Type","value":"AMOLED, 1B colors, 144Hz, HDR10+, 800 nits (typ), 1200 nits (peak)"},{"label":"Size","value":"6.78 inches, 109.5 cm 2 (~82.0% screen-to-body ratio)"},{"label":"Resolution","value":"1080 x 2448 pixels (~395 ppi density)"},{"label":"Protection","value":"Corning Gorilla Glass Victus"}]},{"category":"Platform","specs":[{"label":"OS","value":"Android 11, upgradable to Android 13, ROG UI"},{"label":"Chipset","value":"Qualcomm SM8350 Snapdragon 888 5G (5 nm)"},{"label":"CPU","value":"Octa-core (1x2.84 GHz Cortex-X1 & 3x2.42 GHz Cortex-A78 & 4x1.80 GHz Cortex-A55)"},{"label":"GPU","value":"Adreno 660"}]},{"category":"Memory","specs":[{"label":"Card slot","value":"No"},{"label":"Internal","value":"128GB 8GB RAM, 128GB 12GB RAM, 256GB 12GB RAM, 256GB 16GB RAM"}]},{"category":"Main Camera","specs":[{"label":"Triple","value":"64 MP, f/1.8, 26mm (wide), 1/1.73\\", 0.8µm, PDAF"},{"label":"Features","value":"LED flash, HDR, panorama"},{"label":"Video","value":"8K@30fps, 4K@30/60/120fps, 1080p@30/60/120/240fps, 720p@480fps; gyro-EIS"}]},{"category":"Selfie camera","specs":[{"label":"Single","value":"24 MP, f/2.5, 27mm (wide), 0.9µm"},{"label":"Video","value":"1080p@30fps"},{"label":"Features","value":"Panorama, HDR"}]},{"category":"Sound","specs":[{"label":"Loudspeaker","value":"Yes, with DTS:X stereo speakers (2 dedicated amplifiers)"},{"label":"3.5mm jack","value":"Yes"}]},{"category":"Comms","specs":[{"label":"WLAN","value":"Wi-Fi 802.11 a/b/g/n/ac/6e, dual-band, Wi-Fi Direct"},{"label":"Bluetooth","value":"5.2, A2DP, LE, aptX HD, aptX Adaptive"},{"label":"Positioning","value":"GPS (L1+L5), GLONASS (L1), BDS (B1I+B1c+B2a), GALILEO (E1+E5a), QZSS (L1+L5), NavIC (L5)"},{"label":"NFC","value":"Yes"},{"label":"USB","value":"USB Type-C 3.1 (side), USB Type-C 2.0 (bottom), OTG, accessory connector"},{"label":"Radio","value":"No"}]},{"category":"Features","specs":[{"label":"Sensors","value":"Fingerprint (under display, optical), accelerometer, gyro, proximity, compass"}]},{"category":"Battery","specs":[{"label":"Type","value":"Li-Po 6000 mAh"},{"label":"Charging","value":"65W wired, PD3.0, QC5, 70% in 30 min, 100% in 52 min"}]},{"category":"Misc","specs":[{"label":"Colors","value":"Phantom Black, Storm White"},{"label":"Models","value":"ZS673KS, ZS673KS-1B048IN, ASUS_I005DB, ASUS_I005DA, I005DA, I005DB"},{"label":"Price","value":"About 370 EUR"}]}]');
INSERT OR IGNORE INTO device_pictures (device_id, url, position) VALUES (171, 'https://fdn2.gsmarena.com/vv/bigpic/asus-rog-phone-5.jpg', 0);
INSERT OR IGNORE INTO device_pictures (device_id, url, position) VALUES (171, 'https://fdn2.gsmarena.com/vv/pics/asus/asus-rog-phone-5-0.jpg', 1);
INSERT OR IGNORE INTO device_pictures (device_id, url, position) VALUES (171, 'https://fdn2.gsmarena.com/vv/pics/asus/asus-rog-phone-5-1.jpg', 2);
INSERT OR IGNORE INTO device_pictures (device_id, url, position) VALUES (171, 'https://fdn2.gsmarena.com/vv/pics/asus/asus-rog-phone-5-2.jpg', 3);
INSERT OR IGNORE INTO device_pictures (device_id, url, position) VALUES (171, 'https://fdn.gsmarena.com/imgroot/reviews/21/asus-rog-phone-5/lifestyle/-1024w2/gsmarena_002.jpg', 4);
INSERT OR IGNORE INTO device_pictures (device_id, url, position) VALUES (171, 'https://fdn.gsmarena.com/imgroot/reviews/21/asus-rog-phone-5/lifestyle/-1024w2/gsmarena_003.jpg', 5);
INSERT OR IGNORE INTO device_pictures (device_id, url, position) VALUES (171, 'https://fdn.gsmarena.com/imgroot/reviews/21/asus-rog-phone-5/lifestyle/-1024w2/gsmarena_004.jpg', 6);
INSERT OR IGNORE INTO device_pictures (device_id, url, position) VALUES (171, 'https://fdn.gsmarena.com/imgroot/reviews/21/asus-rog-phone-5/lifestyle/-1024w2/gsmarena_005.jpg', 7);
INSERT OR IGNORE INTO device_pictures (device_id, url, position) VALUES (171, 'https://fdn.gsmarena.com/imgroot/reviews/21/asus-rog-phone-5/lifestyle/-1024w2/gsmarena_006.jpg', 8);
INSERT OR IGNORE INTO device_pictures (device_id, url, position) VALUES (171, 'https://fdn.gsmarena.com/imgroot/reviews/21/asus-rog-phone-5/lifestyle/-1024w2/gsmarena_007.jpg', 9);
INSERT OR IGNORE INTO devices (id, brand_id, name, gsmarena_url, thumbnail_url, summary) VALUES (172, 2, 'Zenfone 7 Pro', 'https://www.gsmarena.com/asus_zenfone_7_pro-10393.php', 'https://fdn2.gsmarena.com/vv/bigpic/asus-zenfone7-pro-zs670ks-zs671ks-b.jpg', 'Zenfone 7 Pro');
INSERT OR IGNORE INTO device_specs (device_id, announced, status, network, os, chipset, cpu, gpu, display_size, display_type, display_res, ram, storage, main_camera, selfie_camera, battery, charging, nfc, usb, bluetooth, wlan, colors, weight, dimensions, sim, sensors, popularity, fans, rating, full_specs_json) VALUES (172, '2020, August 26. Released 2020, September 01', 'Discontinued', 'GSM / HSPA / LTE / 5G / 5G', 'Android 10, upgradable to Android 12, ZenUI', 'Qualcomm SM8250 Snapdragon 865 5G+ (7 nm+)', 'Octa-core (1x3.10 GHz Cortex-A77 & 3x2.42 GHz Cortex-A77 & 4x1.80 GHz Cortex-A55)', 'Adreno 650', '6.67 inches, 107.4 cm 2 (~84.2% screen-to-body ratio)', 'Super AMOLED , 90Hz, HDR10+, 700 nits (HBM)', '1080 x 2400 pixels, 20:9 ratio (~395 ppi density)', '8GB', '256GB', '64 MP, f/1.8, 26mm (wide), 1/1.72", 0.8µm, PDAF, OIS, Dual-LED flash, HDR, auto panorama (motorized rotation)', '8K@30fps, 4K@30/60/120fps, 1080p@30/60/240fps, 720p@480fps; gyro-EIS, HDR', 'Li-Po 5000 mAh', '30W wired, PD3.0, 60% in 34 min, 100% in 93 min', 'Yes', 'USB Type-C', '5.0, A2DP, LE, aptX Adaptive', 'Wi-Fi 802.11 a/b/g/n/ac/6, dual-band, Wi-Fi Direct', 'Aurora Black, Pastel White', '230 g (8.11 oz)', '165.1 x 77.3 x 9.6 mm (6.5 x 3.04 x 0.38 in)', 'Nano-SIM + Nano-SIM', 'Fingerprint (side-mounted), accelerometer, gyro, proximity, compass', 'About 670 EUR', NULL, NULL, '[{"category":"Network","specs":[{"label":"Technology","value":"GSM / HSPA / LTE / 5G"},{"label":"2G bands","value":"GSM 850 / 900 / 1800 / 1900"},{"label":"3G bands","value":"HSDPA 800 / 850 / 900 / 1700(AWS) / 1900 / 2100"},{"label":"4G bands","value":"1, 2, 3, 4, 5, 7, 8, 12, 17, 18, 19, 20, 26, 28, 29, 38, 39, 40, 41"},{"label":"5G bands","value":"1, 2, 3, 5, 7, 8, 12, 20, 28, 38, 77, 78 SA/NSA"},{"label":"Speed","value":"HSPA 42.2/5.76 Mbps, LTE (5CA) Cat19 1800/150 Mbps, 5G 3.6 Gbps DL"}]},{"category":"Launch","specs":[{"label":"Announced","value":"2020, August 26. Released 2020, September 01"},{"label":"Status","value":"Discontinued"}]},{"category":"Body","specs":[{"label":"Dimensions","value":"165.1 x 77.3 x 9.6 mm (6.5 x 3.04 x 0.38 in)"},{"label":"Weight","value":"230 g (8.11 oz)"},{"label":"Build","value":"Glass front (Gorilla Glass 6), glass back (Gorilla Glass 3), aluminum frame"},{"label":"SIM","value":"Nano-SIM + Nano-SIM"}]},{"category":"Display","specs":[{"label":"Type","value":"Super AMOLED , 90Hz, HDR10+, 700 nits (HBM)"},{"label":"Size","value":"6.67 inches, 107.4 cm 2 (~84.2% screen-to-body ratio)"},{"label":"Resolution","value":"1080 x 2400 pixels, 20:9 ratio (~395 ppi density)"},{"label":"Protection","value":"Corning Gorilla Glass 6"}]},{"category":"Platform","specs":[{"label":"OS","value":"Android 10, upgradable to Android 12, ZenUI"},{"label":"Chipset","value":"Qualcomm SM8250 Snapdragon 865 5G+ (7 nm+)"},{"label":"CPU","value":"Octa-core (1x3.10 GHz Cortex-A77 & 3x2.42 GHz Cortex-A77 & 4x1.80 GHz Cortex-A55)"},{"label":"GPU","value":"Adreno 650"}]},{"category":"Memory","specs":[{"label":"Card slot","value":"microSDXC (dedicated slot)"},{"label":"Internal","value":"256GB 8GB RAM"}]},{"category":"Main Camera","specs":[{"label":"Triple","value":"64 MP, f/1.8, 26mm (wide), 1/1.72\\", 0.8µm, PDAF, OIS"},{"label":"Features","value":"Dual-LED flash, HDR, auto panorama (motorized rotation)"},{"label":"Video","value":"8K@30fps, 4K@30/60/120fps, 1080p@30/60/240fps, 720p@480fps; gyro-EIS, HDR"}]},{"category":"Selfie camera","specs":[{"label":"Video","value":"8K@30fps, 4K@30/60/120fps, 1080p@30/60/240fps, 720p@480fps; gyro-EIS, HDR"},{"label":"Triple","value":"Motorized flip-up main camera module"},{"label":"Features","value":"Dual-LED flash, HDR, auto panorama (motorized rotation)"}]},{"category":"Sound","specs":[{"label":"Loudspeaker","value":"Yes, with stereo speakers"},{"label":"3.5mm jack","value":"No"}]},{"category":"Comms","specs":[{"label":"WLAN","value":"Wi-Fi 802.11 a/b/g/n/ac/6, dual-band, Wi-Fi Direct"},{"label":"Bluetooth","value":"5.0, A2DP, LE, aptX Adaptive"},{"label":"Positioning","value":"GPS (L1+L5), GLONASS (L1), BDS (B1+B2a), GALILEO (E1+E5a), QZSS (L1+L5), NavIC (L5)"},{"label":"NFC","value":"Yes"},{"label":"USB","value":"USB Type-C"},{"label":"Radio","value":"No"}]},{"category":"Features","specs":[{"label":"Sensors","value":"Fingerprint (side-mounted), accelerometer, gyro, proximity, compass"}]},{"category":"Battery","specs":[{"label":"Type","value":"Li-Po 5000 mAh"},{"label":"Charging","value":"30W wired, PD3.0, 60% in 34 min, 100% in 93 min"}]},{"category":"Misc","specs":[{"label":"Colors","value":"Aurora Black, Pastel White"},{"label":"Models","value":"ZS671KS, ASUS_I002DD"},{"label":"Price","value":"About 670 EUR"}]}]');
INSERT OR IGNORE INTO device_pictures (device_id, url, position) VALUES (172, 'https://fdn2.gsmarena.com/vv/bigpic/asus-zenfone7-pro-zs670ks-zs671ks-b.jpg', 0);
INSERT OR IGNORE INTO device_pictures (device_id, url, position) VALUES (172, 'https://fdn2.gsmarena.com/vv/pics/asus/asus-zenfone7-pro-zs670ks-zs671ks-1.jpg', 1);
INSERT OR IGNORE INTO device_pictures (device_id, url, position) VALUES (172, 'https://fdn2.gsmarena.com/vv/pics/asus/asus-zenfone7-pro-zs670ks-zs671ks-2.jpg', 2);
INSERT OR IGNORE INTO device_pictures (device_id, url, position) VALUES (172, 'https://fdn2.gsmarena.com/vv/pics/asus/asus-zenfone7-002.jpg', 3);
INSERT OR IGNORE INTO device_pictures (device_id, url, position) VALUES (172, 'https://fdn.gsmarena.com/imgroot/reviews/20/asus-zenfone-7-pro/review1/lifestyle/-1024w2/gsmarena_001.jpg', 4);
INSERT OR IGNORE INTO device_pictures (device_id, url, position) VALUES (172, 'https://fdn.gsmarena.com/imgroot/reviews/20/asus-zenfone-7-pro/review1/lifestyle/-1024w2/gsmarena_002.jpg', 5);
INSERT OR IGNORE INTO device_pictures (device_id, url, position) VALUES (172, 'https://fdn.gsmarena.com/imgroot/reviews/20/asus-zenfone-7-pro/review1/lifestyle/-1024w2/gsmarena_003.jpg', 6);
INSERT OR IGNORE INTO device_pictures (device_id, url, position) VALUES (172, 'https://fdn.gsmarena.com/imgroot/reviews/20/asus-zenfone-7-pro/review1/lifestyle/-1024w2/gsmarena_004.jpg', 7);
INSERT OR IGNORE INTO device_pictures (device_id, url, position) VALUES (172, 'https://fdn.gsmarena.com/imgroot/reviews/20/asus-zenfone-7-pro/review1/lifestyle/-1024w2/gsmarena_005.jpg', 8);
INSERT OR IGNORE INTO device_pictures (device_id, url, position) VALUES (172, 'https://fdn.gsmarena.com/imgroot/reviews/20/asus-zenfone-7-pro/review1/lifestyle/-1024w2/gsmarena_006.jpg', 9);
INSERT OR IGNORE INTO devices (id, brand_id, name, gsmarena_url, thumbnail_url, summary) VALUES (173, 2, 'Zenfone 7', 'https://www.gsmarena.com/asus_zenfone_7-10379.php', 'https://fdn2.gsmarena.com/vv/bigpic/asus-zenfone7-pro-zs670ks-zs671ks.jpg', 'Zenfone 7');
INSERT OR IGNORE INTO device_specs (device_id, announced, status, network, os, chipset, cpu, gpu, display_size, display_type, display_res, ram, storage, main_camera, selfie_camera, battery, charging, nfc, usb, bluetooth, wlan, colors, weight, dimensions, sim, sensors, popularity, fans, rating, full_specs_json) VALUES (173, '2020, August 26. Released 2020, September 01', 'Discontinued', 'GSM / HSPA / LTE / 5G / 5G', 'Android 10, upgradable to Android 12, ZenUI', 'Qualcomm SM8250 Snapdragon 865 5G (7 nm+)', 'Octa-core (1x2.84 GHz Cortex-A77 & 3x2.42 GHz Cortex-A77 & 4x1.80 GHz Cortex-A55)', 'Adreno 650', '6.67 inches, 107.4 cm 2 (~84.2% screen-to-body ratio)', 'Super AMOLED, 90Hz, HDR10+, 700 nits (HBM)', '1080 x 2400 pixels, 20:9 ratio (~395 ppi density)', '6GB', '128GB', '64 MP, f/1.8, 26mm (wide), 1/1.72", 0.8µm, PDAF, Dual-LED flash, HDR, auto panorama (motorized rotation)', '8K@30fps, 4K@30/60/120fps, 1080p@30/60/240fps, 720p@480fps; gyro-EIS, HDR', 'Li-Po 5000 mAh', '30W wired, PD3.0, 60% in 34 min, 100% in 93 min', 'Yes', 'USB Type-C', '5.0, A2DP, LE, aptX Adaptive', 'Wi-Fi 802.11 a/b/g/n/ac/6, dual-band, Wi-Fi Direct', 'Aurora Black, Pastel White', '230 g (8.11 oz)', '165.1 x 77.3 x 9.6 mm (6.5 x 3.04 x 0.38 in)', 'Nano-SIM + Nano-SIM', 'Fingerprint (side-mounted), accelerometer, gyro, proximity, compass', 'About 910 EUR', NULL, NULL, '[{"category":"Network","specs":[{"label":"Technology","value":"GSM / HSPA / LTE / 5G"},{"label":"2G bands","value":"GSM 850 / 900 / 1800 / 1900"},{"label":"3G bands","value":"HSDPA 800 / 850 / 900 / 1700(AWS) / 1900 / 2100"},{"label":"4G bands","value":"1, 2, 3, 4, 5, 7, 8, 12, 17, 18, 19, 20, 26, 28, 29, 38, 39, 40, 41"},{"label":"5G bands","value":"1, 2, 3, 5, 7, 8, 12, 20, 28, 38, 77, 78 SA/NSA"},{"label":"Speed","value":"HSPA 42.2/5.76 Mbps, LTE (5CA) Cat19 1800/150 Mbps, 5G 3.6 Gbps DL"}]},{"category":"Launch","specs":[{"label":"Announced","value":"2020, August 26. Released 2020, September 01"},{"label":"Status","value":"Discontinued"}]},{"category":"Body","specs":[{"label":"Dimensions","value":"165.1 x 77.3 x 9.6 mm (6.5 x 3.04 x 0.38 in)"},{"label":"Weight","value":"230 g (8.11 oz)"},{"label":"Build","value":"Glass front (Gorilla Glass 6), glass back (Gorilla Glass 3), aluminum frame"},{"label":"SIM","value":"Nano-SIM + Nano-SIM"}]},{"category":"Display","specs":[{"label":"Type","value":"Super AMOLED, 90Hz, HDR10+, 700 nits (HBM)"},{"label":"Size","value":"6.67 inches, 107.4 cm 2 (~84.2% screen-to-body ratio)"},{"label":"Resolution","value":"1080 x 2400 pixels, 20:9 ratio (~395 ppi density)"},{"label":"Protection","value":"Corning Gorilla Glass 6"}]},{"category":"Platform","specs":[{"label":"OS","value":"Android 10, upgradable to Android 12, ZenUI"},{"label":"Chipset","value":"Qualcomm SM8250 Snapdragon 865 5G (7 nm+)"},{"label":"CPU","value":"Octa-core (1x2.84 GHz Cortex-A77 & 3x2.42 GHz Cortex-A77 & 4x1.80 GHz Cortex-A55)"},{"label":"GPU","value":"Adreno 650"}]},{"category":"Memory","specs":[{"label":"Card slot","value":"microSDXC (dedicated slot)"},{"label":"Internal","value":"128GB 6GB RAM, 128GB 8GB RAM"}]},{"category":"Main Camera","specs":[{"label":"Triple","value":"64 MP, f/1.8, 26mm (wide), 1/1.72\\", 0.8µm, PDAF"},{"label":"Features","value":"Dual-LED flash, HDR, auto panorama (motorized rotation)"},{"label":"Video","value":"8K@30fps, 4K@30/60/120fps, 1080p@30/60/240fps, 720p@480fps; gyro-EIS, HDR"}]},{"category":"Selfie camera","specs":[{"label":"Video","value":"8K@30fps, 4K@30/60/120fps, 1080p@30/60/240fps, 720p@480fps; gyro-EIS, HDR"},{"label":"Triple","value":"Motorized flip-up main camera module"},{"label":"Features","value":"Dual-LED flash, HDR, auto panorama (motorized rotation)"}]},{"category":"Sound","specs":[{"label":"Loudspeaker","value":"Yes, with stereo speakers"},{"label":"3.5mm jack","value":"No"}]},{"category":"Comms","specs":[{"label":"WLAN","value":"Wi-Fi 802.11 a/b/g/n/ac/6, dual-band, Wi-Fi Direct"},{"label":"Bluetooth","value":"5.0, A2DP, LE, aptX Adaptive"},{"label":"Positioning","value":"GPS (L1+L5), GLONASS (L1), BDS (B1+B2a), GALILEO (E1+E5a), QZSS (L1+L5), NavIC (L5)"},{"label":"NFC","value":"Yes"},{"label":"USB","value":"USB Type-C"},{"label":"Radio","value":"No"}]},{"category":"Features","specs":[{"label":"Sensors","value":"Fingerprint (side-mounted), accelerometer, gyro, proximity, compass"}]},{"category":"Battery","specs":[{"label":"Type","value":"Li-Po 5000 mAh"},{"label":"Charging","value":"30W wired, PD3.0, 60% in 34 min, 100% in 93 min"}]},{"category":"Misc","specs":[{"label":"Colors","value":"Aurora Black, Pastel White"},{"label":"Models","value":"ZS670KS, ASUS_I002D, I002D"},{"label":"Price","value":"About 910 EUR"}]}]');
INSERT OR IGNORE INTO device_pictures (device_id, url, position) VALUES (173, 'https://fdn2.gsmarena.com/vv/bigpic/asus-zenfone7-pro-zs670ks-zs671ks.jpg', 0);
INSERT OR IGNORE INTO device_pictures (device_id, url, position) VALUES (173, 'https://fdn2.gsmarena.com/vv/pics/asus/asus-zenfone7-pro-zs670ks-zs671ks-1.jpg', 1);
INSERT OR IGNORE INTO device_pictures (device_id, url, position) VALUES (173, 'https://fdn2.gsmarena.com/vv/pics/asus/asus-zenfone7-pro-zs670ks-zs671ks-2.jpg', 2);
INSERT OR IGNORE INTO device_pictures (device_id, url, position) VALUES (173, 'https://fdn2.gsmarena.com/vv/pics/asus/asus-zenfone7-002.jpg', 3);
INSERT OR IGNORE INTO devices (id, brand_id, name, gsmarena_url, thumbnail_url, summary) VALUES (174, 2, 'ROG Phone 3', 'https://www.gsmarena.com/asus_rog_phone_3-10296.php', 'https://fdn2.gsmarena.com/vv/bigpic/asus-rog-phone-3-zs661ks.jpg', 'ROG Phone 3');
INSERT OR IGNORE INTO device_specs (device_id, announced, status, network, os, chipset, cpu, gpu, display_size, display_type, display_res, ram, storage, main_camera, selfie_camera, battery, charging, nfc, usb, bluetooth, wlan, colors, weight, dimensions, sim, sensors, popularity, fans, rating, full_specs_json) VALUES (174, '2020, July 22. Released 2020, July 23', 'Discontinued', 'GSM / CDMA / HSPA / LTE / 5G / 5G', 'Android 10, upgradable to Android 12, ROG UI', 'Qualcomm SM8250 Snapdragon 865 5G+ (7 nm+)', 'Octa-core (1x3.10 GHz Cortex-A77 & 3x2.42 GHz Cortex-A77 & 4x1.80 GHz Cortex-A55)', 'Adreno 650', '6.59 inches, 106.6 cm 2 (~79.9% screen-to-body ratio)', 'AMOLED, 1B colors, 144Hz, HDR10+, 650 nits (typ)', '1080 x 2340 pixels, 19.5:9 ratio (~391 ppi density)', '8GB', '128GB', '64 MP, f/1.8, 26mm (wide), 1/1.73", 0.8µm, PDAF, LED flash, HDR, panorama', '24 MP, f/2.0, 27mm (wide), 0.9µm, 1080p@30fps', 'Li-Po 6000 mAh', '30W wired, PD3.0, QC4', 'Yes', 'USB Type-C 3.1 (side), USB Type-C 2.0 (bottom), OTG, accessory connector', '5.1, A2DP, LE, aptX HD, aptX Adaptive', 'Wi-Fi 802.11 a/b/g/n/ac/6, dual-band, Wi-Fi Direct', 'Black Glare', '240 g (8.47 oz)', '171 x 78 x 9.9 mm (6.73 x 3.07 x 0.39 in)', 'Nano-SIM + Nano-SIM', 'Fingerprint (under display, optical), accelerometer, gyro, proximity, compass', 'About 650 EUR', NULL, NULL, '[{"category":"Network","specs":[{"label":"Technology","value":"GSM / CDMA / HSPA / LTE / 5G"},{"label":"2G bands","value":"GSM 850 / 900 / 1800 / 1900"},{"label":"3G bands","value":"HSDPA 800 / 850 / 900 / 1700(AWS) / 1800 / 1900 / 2100 - A version"},{"label":"4G bands","value":"1, 2, 3, 4, 5, 7, 8, 12, 13, 17, 18, 19, 20, 25, 26, 28, 29, 30, 32, 34, 38, 39, 40, 41, 42, 48, 66, 71 - A version"},{"label":"5G bands","value":"1, 2, 3, 5, 28, 41, 66, 71, 77, 78, 79 SA/NSA - A version"},{"label":"Speed","value":"HSPA 42.2/5.76 Mbps, LTE (6CA) Cat20 2000/150 Mbps, 5G 4.4 Gbps DL"}]},{"category":"Launch","specs":[{"label":"Announced","value":"2020, July 22. Released 2020, July 23"},{"label":"Status","value":"Discontinued"}]},{"category":"Body","specs":[{"label":"Dimensions","value":"171 x 78 x 9.9 mm (6.73 x 3.07 x 0.39 in)"},{"label":"Weight","value":"240 g (8.47 oz)"},{"label":"Build","value":"Glass front (Gorilla Glass 6), glass back (Gorilla Glass 3), aluminum frame"},{"label":"SIM","value":"Nano-SIM + Nano-SIM"}]},{"category":"Display","specs":[{"label":"Type","value":"AMOLED, 1B colors, 144Hz, HDR10+, 650 nits (typ)"},{"label":"Size","value":"6.59 inches, 106.6 cm 2 (~79.9% screen-to-body ratio)"},{"label":"Resolution","value":"1080 x 2340 pixels, 19.5:9 ratio (~391 ppi density)"},{"label":"Protection","value":"Corning Gorilla Glass 6"}]},{"category":"Platform","specs":[{"label":"OS","value":"Android 10, upgradable to Android 12, ROG UI"},{"label":"Chipset","value":"Qualcomm SM8250 Snapdragon 865 5G+ (7 nm+)"},{"label":"CPU","value":"Octa-core (1x3.10 GHz Cortex-A77 & 3x2.42 GHz Cortex-A77 & 4x1.80 GHz Cortex-A55)"},{"label":"GPU","value":"Adreno 650"}]},{"category":"Memory","specs":[{"label":"Card slot","value":"No"},{"label":"Internal","value":"128GB 8GB RAM, 128GB 12GB RAM, 256GB 12GB RAM, 512GB 12GB RAM, 512GB 16GB RAM"}]},{"category":"Main Camera","specs":[{"label":"Triple","value":"64 MP, f/1.8, 26mm (wide), 1/1.73\\", 0.8µm, PDAF"},{"label":"Features","value":"LED flash, HDR, panorama"},{"label":"Video","value":"8K@30fps, 4K@30/60/120fps, 1080p@30/60/240fps, 720p@480fps; gyro-EIS"}]},{"category":"Selfie camera","specs":[{"label":"Single","value":"24 MP, f/2.0, 27mm (wide), 0.9µm"},{"label":"Video","value":"1080p@30fps"},{"label":"Features","value":"Panorama, HDR"}]},{"category":"Sound","specs":[{"label":"Loudspeaker","value":"Yes, with DTS:X stereo speakers (2 dedicated amplifiers)"},{"label":"3.5mm jack","value":"No"}]},{"category":"Comms","specs":[{"label":"WLAN","value":"Wi-Fi 802.11 a/b/g/n/ac/6, dual-band, Wi-Fi Direct"},{"label":"Bluetooth","value":"5.1, A2DP, LE, aptX HD, aptX Adaptive"},{"label":"Positioning","value":"GPS (L1+L5), GLONASS, BDS, GALILEO, QZSS"},{"label":"NFC","value":"Yes"},{"label":"USB","value":"USB Type-C 3.1 (side), USB Type-C 2.0 (bottom), OTG, accessory connector"},{"label":"Radio","value":"No"}]},{"category":"Features","specs":[{"label":"Sensors","value":"Fingerprint (under display, optical), accelerometer, gyro, proximity, compass"}]},{"category":"Battery","specs":[{"label":"Type","value":"Li-Po 6000 mAh"},{"label":"Charging","value":"30W wired, PD3.0, QC4"}]},{"category":"Misc","specs":[{"label":"Colors","value":"Black Glare"},{"label":"Models","value":"ASUS_I003D, ZS661KS, I003DD, I003D"},{"label":"SAR","value":"0.74 W/kg (head)     1.50 W/kg (body)"},{"label":"Price","value":"About 650 EUR"}]}]');
INSERT OR IGNORE INTO device_pictures (device_id, url, position) VALUES (174, 'https://fdn2.gsmarena.com/vv/bigpic/asus-rog-phone-3-zs661ks.jpg', 0);
INSERT OR IGNORE INTO device_pictures (device_id, url, position) VALUES (174, 'https://fdn2.gsmarena.com/vv/pics/asus/asus-rog-phone3-1.jpg', 1);
INSERT OR IGNORE INTO device_pictures (device_id, url, position) VALUES (174, 'https://fdn.gsmarena.com/imgroot/reviews/20/asus-rog-phone-3/lifestyle/-1024w2/gsmarena_001.jpg', 2);
INSERT OR IGNORE INTO device_pictures (device_id, url, position) VALUES (174, 'https://fdn.gsmarena.com/imgroot/reviews/20/asus-rog-phone-3/lifestyle/-1024w2/gsmarena_002.jpg', 3);
INSERT OR IGNORE INTO device_pictures (device_id, url, position) VALUES (174, 'https://fdn.gsmarena.com/imgroot/reviews/20/asus-rog-phone-3/lifestyle/-1024w2/gsmarena_003.jpg', 4);
INSERT OR IGNORE INTO device_pictures (device_id, url, position) VALUES (174, 'https://fdn.gsmarena.com/imgroot/reviews/20/asus-rog-phone-3/lifestyle/-1024w2/gsmarena_004.jpg', 5);
INSERT OR IGNORE INTO device_pictures (device_id, url, position) VALUES (174, 'https://fdn.gsmarena.com/imgroot/reviews/20/asus-rog-phone-3/lifestyle/-1024w2/gsmarena_005.jpg', 6);
INSERT OR IGNORE INTO device_pictures (device_id, url, position) VALUES (174, 'https://fdn.gsmarena.com/imgroot/reviews/20/asus-rog-phone-3/lifestyle/-1024w2/gsmarena_006.jpg', 7);
INSERT OR IGNORE INTO device_pictures (device_id, url, position) VALUES (174, 'https://fdn.gsmarena.com/imgroot/reviews/20/asus-rog-phone-3/lifestyle/-1024w2/gsmarena_007.jpg', 8);
INSERT OR IGNORE INTO device_pictures (device_id, url, position) VALUES (174, 'https://fdn.gsmarena.com/imgroot/reviews/20/asus-rog-phone-3/lifestyle/-1024w2/gsmarena_008.jpg', 9);
INSERT OR IGNORE INTO devices (id, brand_id, name, gsmarena_url, thumbnail_url, summary) VALUES (175, 2, 'ROG Phone 3 Strix', 'https://www.gsmarena.com/asus_rog_phone_3_strix-10328.php', 'https://fdn2.gsmarena.com/vv/bigpic/asus-rog-phone3-strix.jpg', 'ROG Phone 3 Strix');
INSERT OR IGNORE INTO device_specs (device_id, announced, status, network, os, chipset, cpu, gpu, display_size, display_type, display_res, ram, storage, main_camera, selfie_camera, battery, charging, nfc, usb, bluetooth, wlan, colors, weight, dimensions, sim, sensors, popularity, fans, rating, full_specs_json) VALUES (175, '2020, July 22. Released 2020, July 23', 'Discontinued', 'GSM / CDMA / HSPA / LTE / 5G / 5G', 'Android 10, ROG UI', 'Qualcomm SM8250 Snapdragon 865 5G (7 nm+)', 'Octa-core (1x2.84 GHz Cortex-A77 & 3x2.42 GHz Cortex-A77 & 4x1.80 GHz Cortex-A55)', 'Adreno 650', '6.59 inches, 106.6 cm 2 (~79.9% screen-to-body ratio)', 'AMOLED, 1B colors, 144Hz, HDR10+, 650 nits (typ)', '1080 x 2340 pixels, 19.5:9 ratio (~391 ppi density)', '8GB', '128GB', '64 MP, f/1.8, 26mm (wide), 1/1.73", 0.8µm, PDAF, LED flash, HDR, panorama', '24 MP, f/2.0, 27mm (wide), 0.9µm, 1080p@30fps', 'Li-Po 6000 mAh', '30W wired, PD3.0, QC4', 'Yes', 'USB Type-C 3.1 (side), USB Type-C 2.0 (bottom), OTG, accessory connector', '5.1, A2DP, LE, aptX HD, aptX Adaptive', 'Wi-Fi 802.11 a/b/g/n/ac/6, dual-band, Wi-Fi Direct', 'Black Glare', '240 g (8.47 oz)', '171 x 78 x 9.9 mm (6.73 x 3.07 x 0.39 in)', 'Nano-SIM + Nano-SIM', 'Fingerprint (under display, optical), accelerometer, gyro, proximity, compass', 'About 1400 EUR', NULL, NULL, '[{"category":"Network","specs":[{"label":"Technology","value":"GSM / CDMA / HSPA / LTE / 5G"},{"label":"2G bands","value":"GSM 850 / 900 / 1800 / 1900"},{"label":"3G bands","value":"HSDPA 850 / 900 / 1700(AWS) / 1900 / 2100"},{"label":"4G bands","value":"1, 2, 3, 4, 5, 7, 8, 20, 28, 34, 38, 39, 40, 41"},{"label":"5G bands","value":"41, 77, 78, 79 SA/NSA"},{"label":"Speed","value":"HSPA 42.2/5.76 Mbps, LTE (6CA) Cat18 1200/150 Mbps, 5G 4.0 Gbps DL"}]},{"category":"Launch","specs":[{"label":"Announced","value":"2020, July 22. Released 2020, July 23"},{"label":"Status","value":"Discontinued"}]},{"category":"Body","specs":[{"label":"Dimensions","value":"171 x 78 x 9.9 mm (6.73 x 3.07 x 0.39 in)"},{"label":"Weight","value":"240 g (8.47 oz)"},{"label":"Build","value":"Glass front (Gorilla Glass 6), glass back (Gorilla Glass 3), aluminum frame"},{"label":"SIM","value":"Nano-SIM + Nano-SIM"}]},{"category":"Display","specs":[{"label":"Type","value":"AMOLED, 1B colors, 144Hz, HDR10+, 650 nits (typ)"},{"label":"Size","value":"6.59 inches, 106.6 cm 2 (~79.9% screen-to-body ratio)"},{"label":"Resolution","value":"1080 x 2340 pixels, 19.5:9 ratio (~391 ppi density)"},{"label":"Protection","value":"Corning Gorilla Glass 6"}]},{"category":"Platform","specs":[{"label":"OS","value":"Android 10, ROG UI"},{"label":"Chipset","value":"Qualcomm SM8250 Snapdragon 865 5G (7 nm+)"},{"label":"CPU","value":"Octa-core (1x2.84 GHz Cortex-A77 & 3x2.42 GHz Cortex-A77 & 4x1.80 GHz Cortex-A55)"},{"label":"GPU","value":"Adreno 650"}]},{"category":"Memory","specs":[{"label":"Card slot","value":"No"},{"label":"Internal","value":"128GB 8GB RAM, 128GB 12GB RAM, 256GB 8GB RAM"}]},{"category":"Main Camera","specs":[{"label":"Triple","value":"64 MP, f/1.8, 26mm (wide), 1/1.73\\", 0.8µm, PDAF"},{"label":"Features","value":"LED flash, HDR, panorama"},{"label":"Video","value":"8K@30fps, 4K@30/60/120fps, 1080p@30/60/240fps, 720p@480fps; gyro-EIS"}]},{"category":"Selfie camera","specs":[{"label":"Single","value":"24 MP, f/2.0, 27mm (wide), 0.9µm"},{"label":"Video","value":"1080p@30fps"},{"label":"Features","value":"Panorama, HDR"}]},{"category":"Sound","specs":[{"label":"Loudspeaker","value":"Yes, with DTS:X stereo speakers (2 dedicated amplifiers)"},{"label":"3.5mm jack","value":"No"}]},{"category":"Comms","specs":[{"label":"WLAN","value":"Wi-Fi 802.11 a/b/g/n/ac/6, dual-band, Wi-Fi Direct"},{"label":"Bluetooth","value":"5.1, A2DP, LE, aptX HD, aptX Adaptive"},{"label":"Positioning","value":"GPS (L1+L5), GLONASS, BDS, GALILEO, QZSS"},{"label":"NFC","value":"Yes"},{"label":"USB","value":"USB Type-C 3.1 (side), USB Type-C 2.0 (bottom), OTG, accessory connector"},{"label":"Radio","value":"No"}]},{"category":"Features","specs":[{"label":"Sensors","value":"Fingerprint (under display, optical), accelerometer, gyro, proximity, compass"}]},{"category":"Battery","specs":[{"label":"Type","value":"Li-Po 6000 mAh"},{"label":"Charging","value":"30W wired, PD3.0, QC4"}]},{"category":"Misc","specs":[{"label":"Colors","value":"Black Glare"},{"label":"Models","value":"ASUS_I003DD"},{"label":"Price","value":"About 1400 EUR"}]}]');
INSERT OR IGNORE INTO device_pictures (device_id, url, position) VALUES (175, 'https://fdn2.gsmarena.com/vv/bigpic/asus-rog-phone3-strix.jpg', 0);
INSERT OR IGNORE INTO device_pictures (device_id, url, position) VALUES (175, 'https://fdn2.gsmarena.com/vv/pics/asus/asus-rog-phone3-strix-1.jpg', 1);
INSERT OR IGNORE INTO device_pictures (device_id, url, position) VALUES (175, 'https://fdn2.gsmarena.com/vv/pics/asus/asus-rog-phone3-strix-2.jpg', 2);
INSERT OR IGNORE INTO devices (id, brand_id, name, gsmarena_url, thumbnail_url, summary) VALUES (176, 2, 'ROG Phone II ZS660KL', 'https://www.gsmarena.com/asus_rog_phone_ii_zs660kl-9770.php', 'https://fdn2.gsmarena.com/vv/bigpic/asus-rog-phone2.jpg', 'ROG Phone II ZS660KL');
INSERT OR IGNORE INTO device_specs (device_id, announced, status, network, os, chipset, cpu, gpu, display_size, display_type, display_res, ram, storage, main_camera, selfie_camera, battery, charging, nfc, usb, bluetooth, wlan, colors, weight, dimensions, sim, sensors, popularity, fans, rating, full_specs_json) VALUES (176, '2019, July 22. Released 2019, September', 'Discontinued', 'GSM / HSPA / LTE / 4G/LTE', 'Android 9.0 (Pie), ROG UI', 'Qualcomm SM8150 Snapdragon 855+ (7 nm)', 'Octa-core (1x2.96 GHz Kryo 485 & 3x2.42 GHz Kryo 485 & 4x1.78 GHz Kryo 485)', 'Adreno 640 (700 MHz)', '6.59 inches, 106.6 cm 2 (~80.3% screen-to-body ratio)', 'AMOLED, 1B colors, 120Hz, HDR10', '1080 x 2340 pixels, 19.5:9 ratio (~391 ppi density)', '8GB', '128GB', '48 MP, f/1.8, 26mm (wide), 1/2.0", 0.8µm, PDAF, Laser AF, LED flash, HDR, panorama', '24MP, f/2.2, 0.9µm, 1080p@30fps', 'Li-Po 6000 mAh, non-removable', '30W wired', 'Yes', 'USB Type-C 3.1, accessory connector, OTG', '5.0, A2DP, LE, aptX HD', 'Wi-Fi 802.11 a/b/g/n/ac/ad, dual-band, Wi-Fi Direct', 'Matte Black, Glossy Black', '240 g (8.47 oz)', '171 x 77.6 x 9.5 mm (6.73 x 3.06 x 0.37 in)', 'Nano-SIM + Nano-SIM', 'Fingerprint (under display, optical), accelerometer, gyro, proximity, compass', 'About 1070 EUR', NULL, NULL, '[{"category":"Network","specs":[{"label":"Technology","value":"GSM / HSPA / LTE"},{"label":"2G bands","value":"GSM 850 / 900 / 1800 / 1900"},{"label":"3G bands","value":"HSDPA 850 / 900 / 1900 / 2100"},{"label":"4G bands","value":"1, 2, 3, 4, 5, 7, 8, 12, 13, 17, 18, 19, 20, 28, 29, 32, 34, 38, 39, 40, 41, 46"},{"label":"Speed","value":"HSPA 42.2/5.76 Mbps, LTE (5CA) Cat18 (Cat20 Ultimate edition) 1200/150 Mbps"}]},{"category":"Launch","specs":[{"label":"Announced","value":"2019, July 22. Released 2019, September"},{"label":"Status","value":"Discontinued"}]},{"category":"Body","specs":[{"label":"Dimensions","value":"171 x 77.6 x 9.5 mm (6.73 x 3.06 x 0.37 in)"},{"label":"Weight","value":"240 g (8.47 oz)"},{"label":"Build","value":"Glass front (Gorilla Glass 6), glass back (Gorilla Glass 3), aluminum frame"},{"label":"SIM","value":"Nano-SIM + Nano-SIM"}]},{"category":"Display","specs":[{"label":"Type","value":"AMOLED, 1B colors, 120Hz, HDR10"},{"label":"Size","value":"6.59 inches, 106.6 cm 2 (~80.3% screen-to-body ratio)"},{"label":"Resolution","value":"1080 x 2340 pixels, 19.5:9 ratio (~391 ppi density)"},{"label":"Protection","value":"Corning Gorilla Glass 6"}]},{"category":"Platform","specs":[{"label":"OS","value":"Android 9.0 (Pie), ROG UI"},{"label":"Chipset","value":"Qualcomm SM8150 Snapdragon 855+ (7 nm)"},{"label":"CPU","value":"Octa-core (1x2.96 GHz Kryo 485 & 3x2.42 GHz Kryo 485 & 4x1.78 GHz Kryo 485)"},{"label":"GPU","value":"Adreno 640 (700 MHz)"}]},{"category":"Memory","specs":[{"label":"Card slot","value":"No"},{"label":"Internal","value":"128GB 8GB RAM, 256GB 12GB RAM, 512GB 12GB RAM, 1TB 12GB RAM"}]},{"category":"Main Camera","specs":[{"label":"Dual","value":"48 MP, f/1.8, 26mm (wide), 1/2.0\\", 0.8µm, PDAF"},{"label":"Features","value":"Laser AF, LED flash, HDR, panorama"},{"label":"Video","value":"4K@30/60fps, 1080p@30/60/240fps, 720p@480fps; gyro-EIS (except @240/480fps)"}]},{"category":"Selfie camera","specs":[{"label":"Single","value":"24MP, f/2.2, 0.9µm"},{"label":"Video","value":"1080p@30fps"},{"label":"Features","value":"Panorama, HDR"}]},{"category":"Sound","specs":[{"label":"Loudspeaker","value":"Yes, with DTS:X stereo speakers (2 dedicated amplifiers)"},{"label":"3.5mm jack","value":"Yes"}]},{"category":"Comms","specs":[{"label":"WLAN","value":"Wi-Fi 802.11 a/b/g/n/ac/ad, dual-band, Wi-Fi Direct"},{"label":"Bluetooth","value":"5.0, A2DP, LE, aptX HD"},{"label":"Positioning","value":"GPS (L1+L5), GLONASS, BDS, GALILEO, QZSS"},{"label":"NFC","value":"Yes"},{"label":"USB","value":"USB Type-C 3.1, accessory connector, OTG"},{"label":"Radio","value":"FM radio"}]},{"category":"Features","specs":[{"label":"Sensors","value":"Fingerprint (under display, optical), accelerometer, gyro, proximity, compass"}]},{"category":"Battery","specs":[{"label":"Type","value":"Li-Po 6000 mAh, non-removable"},{"label":"Charging","value":"30W wired"}]},{"category":"Misc","specs":[{"label":"Colors","value":"Matte Black, Glossy Black"},{"label":"Models","value":"ASUS_I001D, I001DA, I001DE, I001DC, I001DB, I001D, I001DD"},{"label":"Price","value":"About 1070 EUR"}]}]');
INSERT OR IGNORE INTO device_pictures (device_id, url, position) VALUES (176, 'https://fdn2.gsmarena.com/vv/bigpic/asus-rog-phone2.jpg', 0);
INSERT OR IGNORE INTO device_pictures (device_id, url, position) VALUES (176, 'https://fdn2.gsmarena.com/vv/pics/asus/asus-rog-phone2-1.jpg', 1);
INSERT OR IGNORE INTO device_pictures (device_id, url, position) VALUES (176, 'https://fdn2.gsmarena.com/vv/pics/asus/asus-rog-phone2-2.jpg', 2);
INSERT OR IGNORE INTO device_pictures (device_id, url, position) VALUES (176, 'https://fdn2.gsmarena.com/vv/pics/asus/asus-rog-phone2-3.jpg', 3);
INSERT OR IGNORE INTO device_pictures (device_id, url, position) VALUES (176, 'https://fdn2.gsmarena.com/vv/pics/asus/asus-rog-phone2-4.jpg', 4);
INSERT OR IGNORE INTO device_pictures (device_id, url, position) VALUES (176, 'https://fdn2.gsmarena.com/vv/pics/asus/asus-rog-phone2-5.jpg', 5);
INSERT OR IGNORE INTO device_pictures (device_id, url, position) VALUES (176, 'https://fdn.gsmarena.com/imgroot/reviews/19/asus-rog-phone-ii-zs660kl/gal/-1024w2/gsmarena_012.jpg', 6);
INSERT OR IGNORE INTO device_pictures (device_id, url, position) VALUES (176, 'https://fdn.gsmarena.com/imgroot/reviews/19/asus-rog-phone-ii-zs660kl/gal/-1024w2/gsmarena_013.jpg', 7);
INSERT OR IGNORE INTO device_pictures (device_id, url, position) VALUES (176, 'https://fdn.gsmarena.com/imgroot/reviews/19/asus-rog-phone-ii-zs660kl/gal/-1024w2/gsmarena_014.jpg', 8);
INSERT OR IGNORE INTO device_pictures (device_id, url, position) VALUES (176, 'https://fdn.gsmarena.com/imgroot/reviews/19/asus-rog-phone-ii-zs660kl/gal/-1024w2/gsmarena_015.jpg', 9);
INSERT OR IGNORE INTO devices (id, brand_id, name, gsmarena_url, thumbnail_url, summary) VALUES (177, 2, 'Zenfone 6 ZS630KL', 'https://www.gsmarena.com/asus_zenfone_6_zs630kl-9698.php', 'https://fdn2.gsmarena.com/vv/bigpic/asus-zenfone-6-zs630kl.jpg', 'Zenfone 6 ZS630KL');
INSERT OR IGNORE INTO device_specs (device_id, announced, status, network, os, chipset, cpu, gpu, display_size, display_type, display_res, ram, storage, main_camera, selfie_camera, battery, charging, nfc, usb, bluetooth, wlan, colors, weight, dimensions, sim, sensors, popularity, fans, rating, full_specs_json) VALUES (177, '2019, May 16. Released 2019, May', 'Discontinued', 'GSM / HSPA / LTE / 4G/LTE', 'Android 9.0 (Pie), upgradable to Android 11, ZenUI', 'Qualcomm SM8150 Snapdragon 855 (7 nm)', 'Octa-core (1x2.84 GHz Kryo 485 & 3x2.42 GHz Kryo 485 & 4x1.78 GHz Kryo 485)', 'Adreno 640', '6.4 inches, 100.5 cm 2 (~83.8% screen-to-body ratio)', 'IPS LCD, HDR10', '1080 x 2340 pixels, 19.5:9 ratio (~403 ppi density)', '6GB', '64GB', '48 MP, f/1.8, 26mm (wide), 1/2.0", 0.8µm, PDAF, Laser AF, Dual-LED flash, HDR, auto panorama (motorized rotation)', 'Motorized flip-up main camera module, 4K@30/60fps, 1080p@30/60/240fps, 720p@480fps; gyro-EIS (except @240/480fps)', 'Li-Po 5000 mAh, non-removable', '18W wired', 'Yes', 'USB Type-C 2.0', '5.0, A2DP, LE, aptX HD', 'Wi-Fi 802.11 a/b/g/n/ac, dual-band, Wi-Fi Direct', 'Midnight Black, Twilight Silver', '190 g (6.70 oz)', '159.1 x 75.4 x 9.2 mm (6.26 x 2.97 x 0.36 in)', 'Nano-SIM + Nano-SIM', 'Fingerprint (rear-mounted), accelerometer, gyro, proximity, compass', 'About 500 EUR', NULL, NULL, '[{"category":"Network","specs":[{"label":"Technology","value":"GSM / HSPA / LTE"},{"label":"2G bands","value":"GSM 850 / 900 / 1800 / 1900"},{"label":"3G bands","value":"HSDPA 850 / 900 / 1900 / 2100 - A version"},{"label":"4G bands","value":"1, 2, 3, 5, 7, 8, 20, 28, 38, 40, 41 - A version"},{"label":"Speed","value":"HSPA 42.2/5.76 Mbps, LTE (5CA) Cat18 1200/150 Mbps"}]},{"category":"Launch","specs":[{"label":"Announced","value":"2019, May 16. Released 2019, May"},{"label":"Status","value":"Discontinued"}]},{"category":"Body","specs":[{"label":"Dimensions","value":"159.1 x 75.4 x 9.2 mm (6.26 x 2.97 x 0.36 in)"},{"label":"Weight","value":"190 g (6.70 oz)"},{"label":"Build","value":"Glass front (Gorilla Glass 6), glass back (Gorilla Glass 3), aluminum frame"},{"label":"SIM","value":"Nano-SIM + Nano-SIM"}]},{"category":"Display","specs":[{"label":"Type","value":"IPS LCD, HDR10"},{"label":"Size","value":"6.4 inches, 100.5 cm 2 (~83.8% screen-to-body ratio)"},{"label":"Resolution","value":"1080 x 2340 pixels, 19.5:9 ratio (~403 ppi density)"},{"label":"Protection","value":"Corning Gorilla Glass 6"}]},{"category":"Platform","specs":[{"label":"OS","value":"Android 9.0 (Pie), upgradable to Android 11, ZenUI"},{"label":"Chipset","value":"Qualcomm SM8150 Snapdragon 855 (7 nm)"},{"label":"CPU","value":"Octa-core (1x2.84 GHz Kryo 485 & 3x2.42 GHz Kryo 485 & 4x1.78 GHz Kryo 485)"},{"label":"GPU","value":"Adreno 640"}]},{"category":"Memory","specs":[{"label":"Card slot","value":"microSDXC (dedicated slot)"},{"label":"Internal","value":"64GB 6GB RAM, 128GB 6GB RAM, 256GB 8GB RAM, 512GB 12GB RAM"}]},{"category":"Main Camera","specs":[{"label":"Dual","value":"48 MP, f/1.8, 26mm (wide), 1/2.0\\", 0.8µm, PDAF"},{"label":"Features","value":"Laser AF, Dual-LED flash, HDR, auto panorama (motorized rotation)"},{"label":"Video","value":"4K@30/60fps, 1080p@30/60/240fps, 720p@480fps; gyro-EIS (except @240/480fps)"}]},{"category":"Selfie camera","specs":[{"label":"Dual","value":"Motorized flip-up main camera module"},{"label":"Video","value":"4K@30/60fps, 1080p@30/60/240fps, 720p@480fps; gyro-EIS (except @240/480fps)"},{"label":"Features","value":"Dual-LED flash, HDR, auto panorama (motorized rotation)"}]},{"category":"Sound","specs":[{"label":"Loudspeaker","value":"Yes, with stereo speakers"},{"label":"3.5mm jack","value":"Yes"}]},{"category":"Comms","specs":[{"label":"WLAN","value":"Wi-Fi 802.11 a/b/g/n/ac, dual-band, Wi-Fi Direct"},{"label":"Bluetooth","value":"5.0, A2DP, LE, aptX HD"},{"label":"Positioning","value":"GPS (L1+L5), GLONASS (G1), BDS (B1), GALILEO (E1+E5a), QZSS (L1+L5)"},{"label":"NFC","value":"Yes"},{"label":"USB","value":"USB Type-C 2.0"},{"label":"Radio","value":"FM radio"}]},{"category":"Features","specs":[{"label":"Sensors","value":"Fingerprint (rear-mounted), accelerometer, gyro, proximity, compass"}]},{"category":"Battery","specs":[{"label":"Type","value":"Li-Po 5000 mAh, non-removable"},{"label":"Charging","value":"18W wired"},{"label":"Stand-by","value":"Up to 624 h (3G)"},{"label":"Talk time","value":"Up to 33 h (3G)"}]},{"category":"Misc","specs":[{"label":"Colors","value":"Midnight Black, Twilight Silver"},{"label":"Models","value":"ASUS_I01WD, ZS630KL, I01WD"},{"label":"Price","value":"About 500 EUR"}]}]');
INSERT OR IGNORE INTO device_pictures (device_id, url, position) VALUES (177, 'https://fdn2.gsmarena.com/vv/bigpic/asus-zenfone-6-zs630kl.jpg', 0);
INSERT OR IGNORE INTO device_pictures (device_id, url, position) VALUES (177, 'https://fdn2.gsmarena.com/vv/pics/asus/asus-zenfone-6-zs630kl-1.jpg', 1);
INSERT OR IGNORE INTO device_pictures (device_id, url, position) VALUES (177, 'https://fdn2.gsmarena.com/vv/pics/asus/asus-zenfone-6-zs630kl-2.jpg', 2);
INSERT OR IGNORE INTO device_pictures (device_id, url, position) VALUES (177, 'https://fdn2.gsmarena.com/vv/pics/asus/asus-zenfone-6-zs630kl-3.jpg', 3);
INSERT OR IGNORE INTO device_pictures (device_id, url, position) VALUES (177, 'https://fdn2.gsmarena.com/vv/pics/asus/asus-zenfone-6-2019-1.jpg', 4);
INSERT OR IGNORE INTO device_pictures (device_id, url, position) VALUES (177, 'https://fdn2.gsmarena.com/vv/pics/asus/asus-zenfone-6-2019-2.jpg', 5);
INSERT OR IGNORE INTO device_pictures (device_id, url, position) VALUES (177, 'https://fdn.gsmarena.com/imgroot/reviews/19/asus-zenfone-6/gal/-1024w2/gsmarena_001.jpg', 6);
INSERT OR IGNORE INTO device_pictures (device_id, url, position) VALUES (177, 'https://fdn.gsmarena.com/imgroot/reviews/19/asus-zenfone-6/gal/-1024w2/gsmarena_002.jpg', 7);
INSERT OR IGNORE INTO device_pictures (device_id, url, position) VALUES (177, 'https://fdn.gsmarena.com/imgroot/reviews/19/asus-zenfone-6/gal/-1024w2/gsmarena_003.jpg', 8);
INSERT OR IGNORE INTO device_pictures (device_id, url, position) VALUES (177, 'https://fdn.gsmarena.com/imgroot/reviews/19/asus-zenfone-6/gal/-1024w2/gsmarena_004.jpg', 9);
INSERT OR IGNORE INTO devices (id, brand_id, name, gsmarena_url, thumbnail_url, summary) VALUES (178, 2, 'ZenFone Live (L2)', 'https://www.gsmarena.com/asus_zenfone_live_(l2)-9667.php', 'https://fdn2.gsmarena.com/vv/bigpic/asus-zenfone-live-l2.jpg', 'ZenFone Live (L2)');
INSERT OR IGNORE INTO device_specs (device_id, announced, status, network, os, chipset, cpu, gpu, display_size, display_type, display_res, ram, storage, main_camera, selfie_camera, battery, charging, nfc, usb, bluetooth, wlan, colors, weight, dimensions, sim, sensors, popularity, fans, rating, full_specs_json) VALUES (178, '2019, April. Released 2019, May', 'Discontinued', 'GSM / HSPA / LTE / 4G/LTE', 'Android 8.0 Oreo (Go edition), ZenUI 5', 'Qualcomm MSM8917 Snapdragon 425 (28 nm) Qualcomm MSM8937 Snapdragon 430 (28 nm)', 'Quad-core 1.4 GHz Cortex-A53 Octa-core 1.4 GHz Cortex-A53', 'Adreno 308 Adreno 505', '5.5 inches, 78.1 cm 2 (~73.8% screen-to-body ratio)', 'IPS LCD', '720 x 1440 pixels, 18:9 ratio (~293 ppi density)', '2GB', '16GB', '8 MP or 13 MP, f/2.0, PDAF, LED flash, HDR, panorama', '5 MP, f/2.4', 'Li-Ion 3000 mAh, non-removable', NULL, 'No', 'microUSB 2.0', '4.0, A2DP, LE', 'Wi-Fi 802.11 b/g/n, Wi-Fi Direct', 'Rocket Red, Cosmic Blue', '140 g (4.94 oz)', '147.3 x 71.8 x 8.2 mm (5.80 x 2.83 x 0.32 in)', 'Nano-SIM + Nano-SIM', 'Accelerometer, gyro, proximity, compass', NULL, NULL, NULL, '[{"category":"Network","specs":[{"label":"Technology","value":"GSM / HSPA / LTE"},{"label":"2G bands","value":"GSM 850 / 900 / 1800 / 1900"},{"label":"3G bands","value":"HSDPA 850 / 900 / 1900 / 2100 - A version"},{"label":"4G bands","value":"1, 2, 3, 5, 7, 8, 20, 40 - A version"},{"label":"Speed","value":"HSPA 42.2/5.76 Mbps, LTE Cat4 150/50 Mbps"}]},{"category":"Launch","specs":[{"label":"Announced","value":"2019, April. Released 2019, May"},{"label":"Status","value":"Discontinued"}]},{"category":"Body","specs":[{"label":"Dimensions","value":"147.3 x 71.8 x 8.2 mm (5.80 x 2.83 x 0.32 in)"},{"label":"Weight","value":"140 g (4.94 oz)"},{"label":"SIM","value":"Nano-SIM + Nano-SIM"}]},{"category":"Display","specs":[{"label":"Type","value":"IPS LCD"},{"label":"Size","value":"5.5 inches, 78.1 cm 2 (~73.8% screen-to-body ratio)"},{"label":"Resolution","value":"720 x 1440 pixels, 18:9 ratio (~293 ppi density)"}]},{"category":"Platform","specs":[{"label":"OS","value":"Android 8.0 Oreo (Go edition), ZenUI 5"},{"label":"Chipset","value":"Qualcomm MSM8917 Snapdragon 425 (28 nm) Qualcomm MSM8937 Snapdragon 430 (28 nm)"},{"label":"CPU","value":"Quad-core 1.4 GHz Cortex-A53 Octa-core 1.4 GHz Cortex-A53"},{"label":"GPU","value":"Adreno 308 Adreno 505"}]},{"category":"Memory","specs":[{"label":"Card slot","value":"microSDXC (dedicated slot)"},{"label":"Internal","value":"16GB 2GB RAM, 32GB 2GB RAM"}]},{"category":"Main Camera","specs":[{"label":"Single","value":"8 MP or 13 MP, f/2.0, PDAF"},{"label":"Features","value":"LED flash, HDR, panorama"},{"label":"Video","value":"1080p@30fps"}]},{"category":"Selfie camera","specs":[{"label":"Single","value":"5 MP, f/2.4"},{"label":"Features","value":"LED flash, HDR"}]},{"category":"Sound","specs":[{"label":"Loudspeaker","value":"Yes"},{"label":"3.5mm jack","value":"Yes"}]},{"category":"Comms","specs":[{"label":"WLAN","value":"Wi-Fi 802.11 b/g/n, Wi-Fi Direct"},{"label":"Bluetooth","value":"4.0, A2DP, LE"},{"label":"Positioning","value":"GPS, GLONASS, BDS"},{"label":"NFC","value":"No"},{"label":"USB","value":"microUSB 2.0"},{"label":"Radio","value":"FM radio"}]},{"category":"Features","specs":[{"label":"Sensors","value":"Accelerometer, gyro, proximity, compass"}]},{"category":"Battery","specs":[{"label":"Type","value":"Li-Ion 3000 mAh, non-removable"}]},{"category":"Misc","specs":[{"label":"Colors","value":"Rocket Red, Cosmic Blue"}]}]');
INSERT OR IGNORE INTO device_pictures (device_id, url, position) VALUES (178, 'https://fdn2.gsmarena.com/vv/bigpic/asus-zenfone-live-l2.jpg', 0);
INSERT OR IGNORE INTO device_pictures (device_id, url, position) VALUES (178, 'https://fdn2.gsmarena.com/vv/pics/asus/asus-zenfone-live-l2-1.jpg', 1);
INSERT OR IGNORE INTO device_pictures (device_id, url, position) VALUES (178, 'https://fdn2.gsmarena.com/vv/pics/asus/asus-zenfone-live-l2-2.jpg', 2);
INSERT OR IGNORE INTO devices (id, brand_id, name, gsmarena_url, thumbnail_url, summary) VALUES (179, 2, 'Zenfone Max Plus (M2) ZB634KL', 'https://www.gsmarena.com/asus_zenfone_max_plus_(m2)_zb634kl-9634.php', 'https://fdn2.gsmarena.com/vv/bigpic/asus-zenfone-max-plus-m2.jpg', 'Zenfone Max Plus (M2) ZB634KL');
INSERT OR IGNORE INTO device_specs (device_id, announced, status, network, os, chipset, cpu, gpu, display_size, display_type, display_res, ram, storage, main_camera, selfie_camera, battery, charging, nfc, usb, bluetooth, wlan, colors, weight, dimensions, sim, sensors, popularity, fans, rating, full_specs_json) VALUES (179, '2019, March. Released 2019, March', 'Discontinued', 'GSM / HSPA / LTE / 4G/LTE', 'Android 8.0 (Oreo)', 'Qualcomm Snapdragon SiP 1', 'Octa-core 1.8 GHz', 'Adreno 506', '6.26 inches, 98.7 cm 2 (~81.4% screen-to-body ratio)', 'S-IPS LCD', '1080 x 2246 pixels, 18.7:9 ratio (~398 ppi density)', '3GB', '32GB', '12 MP, f/1.8, 1/2.9", 1.25μm, PDAF, LED flash, HDR, panorama', '8 MP, 1080p@30fps', 'Li-Po 4000 mAh, non-removable', '10W wired', 'No', 'microUSB 2.0, OTG', '4.2, A2DP, LE', 'Wi-Fi 802.11 a/b/g/n/ac, dual-band, Wi-Fi Direct', 'Red, Silver, Blue, Black', '165 g (5.82 oz)', '159.2 x 76.2 x 8.4 mm (6.27 x 3.00 x 0.33 in)', 'Nano-SIM + Nano-SIM', 'Fingerprint (rear-mounted), accelerometer, gyro, proximity', 'About 200 EUR', NULL, NULL, '[{"category":"Network","specs":[{"label":"Technology","value":"GSM / HSPA / LTE"},{"label":"2G bands","value":"GSM 850 / 900 / 1800 / 1900"},{"label":"3G bands","value":"HSDPA 850 / 900 / 1700(AWS) / 1900 / 2100"},{"label":"4G bands","value":"1, 2, 3, 4, 5, 7, 28"},{"label":"Speed","value":"HSPA 42.2/5.76 Mbps, LTE (2CA) Cat7 300/50 Mbps"}]},{"category":"Launch","specs":[{"label":"Announced","value":"2019, March. Released 2019, March"},{"label":"Status","value":"Discontinued"}]},{"category":"Body","specs":[{"label":"Dimensions","value":"159.2 x 76.2 x 8.4 mm (6.27 x 3.00 x 0.33 in)"},{"label":"Weight","value":"165 g (5.82 oz)"},{"label":"SIM","value":"Nano-SIM + Nano-SIM"}]},{"category":"Display","specs":[{"label":"Type","value":"S-IPS LCD"},{"label":"Size","value":"6.26 inches, 98.7 cm 2 (~81.4% screen-to-body ratio)"},{"label":"Resolution","value":"1080 x 2246 pixels, 18.7:9 ratio (~398 ppi density)"}]},{"category":"Platform","specs":[{"label":"OS","value":"Android 8.0 (Oreo)"},{"label":"Chipset","value":"Qualcomm Snapdragon SiP 1"},{"label":"CPU","value":"Octa-core 1.8 GHz"},{"label":"GPU","value":"Adreno 506"}]},{"category":"Memory","specs":[{"label":"Card slot","value":"microSDXC (dedicated slot)"},{"label":"Internal","value":"32GB 3GB RAM, 64GB 4GB RAM"}]},{"category":"Main Camera","specs":[{"label":"Dual","value":"12 MP, f/1.8, 1/2.9\\", 1.25μm, PDAF"},{"label":"Features","value":"LED flash, HDR, panorama"},{"label":"Video","value":"1080p@30fps"}]},{"category":"Selfie camera","specs":[{"label":"Single","value":"8 MP"},{"label":"Video","value":"1080p@30fps"},{"label":"Features","value":"LED flash"}]},{"category":"Sound","specs":[{"label":"Loudspeaker","value":"Yes"},{"label":"3.5mm jack","value":"Yes"}]},{"category":"Comms","specs":[{"label":"WLAN","value":"Wi-Fi 802.11 a/b/g/n/ac, dual-band, Wi-Fi Direct"},{"label":"Bluetooth","value":"4.2, A2DP, LE"},{"label":"Positioning","value":"GPS, GLONASS"},{"label":"NFC","value":"No"},{"label":"USB","value":"microUSB 2.0, OTG"},{"label":"Radio","value":"FM radio"}]},{"category":"Features","specs":[{"label":"Sensors","value":"Fingerprint (rear-mounted), accelerometer, gyro, proximity"}]},{"category":"Battery","specs":[{"label":"Type","value":"Li-Po 4000 mAh, non-removable"},{"label":"Charging","value":"10W wired"}]},{"category":"Misc","specs":[{"label":"Colors","value":"Red, Silver, Blue, Black"},{"label":"Price","value":"About 200 EUR"}]}]');
INSERT OR IGNORE INTO device_pictures (device_id, url, position) VALUES (179, 'https://fdn2.gsmarena.com/vv/bigpic/asus-zenfone-max-plus-m2.jpg', 0);
INSERT OR IGNORE INTO device_pictures (device_id, url, position) VALUES (179, 'https://fdn2.gsmarena.com/vv/pics/asus/asus-zenfone-max-plus-m2-1.jpg', 1);
INSERT OR IGNORE INTO device_pictures (device_id, url, position) VALUES (179, 'https://fdn2.gsmarena.com/vv/pics/asus/asus-zenfone-max-plus-m2-2.jpg', 2);
INSERT OR IGNORE INTO device_pictures (device_id, url, position) VALUES (179, 'https://fdn2.gsmarena.com/vv/pics/asus/asus-zenfone-max-plus-m2-3.jpg', 3);
INSERT OR IGNORE INTO devices (id, brand_id, name, gsmarena_url, thumbnail_url, summary) VALUES (180, 2, 'Zenfone Max Shot ZB634KL', 'https://www.gsmarena.com/asus_zenfone_max_shot_zb634kl-9633.php', 'https://fdn2.gsmarena.com/vv/bigpic/asus-zenfone-max-shot.jpg', 'Zenfone Max Shot ZB634KL');
INSERT OR IGNORE INTO device_specs (device_id, announced, status, network, os, chipset, cpu, gpu, display_size, display_type, display_res, ram, storage, main_camera, selfie_camera, battery, charging, nfc, usb, bluetooth, wlan, colors, weight, dimensions, sim, sensors, popularity, fans, rating, full_specs_json) VALUES (180, '2019, March. Released 2019, March', 'Discontinued', 'GSM / HSPA / LTE / 4G/LTE', 'Android 8.0 (Oreo)', 'Qualcomm Snapdragon SiP 1', 'Octa-core 1.8 GHz', 'Adreno 506', '6.26 inches, 98.7 cm 2 (~81.4% screen-to-body ratio)', 'S-IPS LCD', '1080 x 2246 pixels, 18.7:9 ratio (~398 ppi density)', '3GB', '32GB', '12 MP, f/1.8, 1/2.9", 1.25μm, PDAF, LED flash, HDR, panorama', '8 MP, 1080p@30fps', 'Li-Po 4000 mAh, non-removable', '10W wired', 'No', 'microUSB 2.0, OTG', '4.2, A2DP, LE', 'Wi-Fi 802.11 a/b/g/n/ac, dual-band, Wi-Fi Direct', 'Red, Silver, Blue, Black', '165 g (5.82 oz)', '159.2 x 76.2 x 8.4 mm (6.27 x 3.00 x 0.33 in)', 'Nano-SIM + Nano-SIM', 'Fingerprint (rear-mounted), accelerometer, gyro, proximity', 'About 310 EUR', NULL, NULL, '[{"category":"Network","specs":[{"label":"Technology","value":"GSM / HSPA / LTE"},{"label":"2G bands","value":"GSM 850 / 900 / 1800 / 1900"},{"label":"3G bands","value":"HSDPA 850 / 900 / 1700(AWS) / 1900 / 2100"},{"label":"4G bands","value":"1, 2, 3, 4, 5, 7, 28"},{"label":"Speed","value":"HSPA 42.2/5.76 Mbps, LTE (2CA) Cat7 300/50 Mbps"}]},{"category":"Launch","specs":[{"label":"Announced","value":"2019, March. Released 2019, March"},{"label":"Status","value":"Discontinued"}]},{"category":"Body","specs":[{"label":"Dimensions","value":"159.2 x 76.2 x 8.4 mm (6.27 x 3.00 x 0.33 in)"},{"label":"Weight","value":"165 g (5.82 oz)"},{"label":"SIM","value":"Nano-SIM + Nano-SIM"}]},{"category":"Display","specs":[{"label":"Type","value":"S-IPS LCD"},{"label":"Size","value":"6.26 inches, 98.7 cm 2 (~81.4% screen-to-body ratio)"},{"label":"Resolution","value":"1080 x 2246 pixels, 18.7:9 ratio (~398 ppi density)"}]},{"category":"Platform","specs":[{"label":"OS","value":"Android 8.0 (Oreo)"},{"label":"Chipset","value":"Qualcomm Snapdragon SiP 1"},{"label":"CPU","value":"Octa-core 1.8 GHz"},{"label":"GPU","value":"Adreno 506"}]},{"category":"Memory","specs":[{"label":"Card slot","value":"microSDXC (dedicated slot)"},{"label":"Internal","value":"32GB 3GB RAM, 64GB 3GB RAM, 64GB 4GB RAM"}]},{"category":"Main Camera","specs":[{"label":"Triple","value":"12 MP, f/1.8, 1/2.9\\", 1.25μm, PDAF"},{"label":"Features","value":"LED flash, HDR, panorama"},{"label":"Video","value":"1080p@30fps"}]},{"category":"Selfie camera","specs":[{"label":"Single","value":"8 MP"},{"label":"Video","value":"1080p@30fps"},{"label":"Features","value":"LED flash"}]},{"category":"Sound","specs":[{"label":"Loudspeaker","value":"Yes"},{"label":"3.5mm jack","value":"Yes"}]},{"category":"Comms","specs":[{"label":"WLAN","value":"Wi-Fi 802.11 a/b/g/n/ac, dual-band, Wi-Fi Direct"},{"label":"Bluetooth","value":"4.2, A2DP, LE"},{"label":"Positioning","value":"GPS, GLONASS"},{"label":"NFC","value":"No"},{"label":"USB","value":"microUSB 2.0, OTG"},{"label":"Radio","value":"FM radio"}]},{"category":"Features","specs":[{"label":"Sensors","value":"Fingerprint (rear-mounted), accelerometer, gyro, proximity"}]},{"category":"Battery","specs":[{"label":"Type","value":"Li-Po 4000 mAh, non-removable"},{"label":"Charging","value":"10W wired"}]},{"category":"Misc","specs":[{"label":"Colors","value":"Red, Silver, Blue, Black"},{"label":"Models","value":"A001D"},{"label":"Price","value":"About 310 EUR"}]}]');
INSERT OR IGNORE INTO device_pictures (device_id, url, position) VALUES (180, 'https://fdn2.gsmarena.com/vv/bigpic/asus-zenfone-max-shot.jpg', 0);
INSERT OR IGNORE INTO device_pictures (device_id, url, position) VALUES (180, 'https://fdn2.gsmarena.com/vv/pics/asus/asus-zenfone-max-shot-1.jpg', 1);
INSERT OR IGNORE INTO device_pictures (device_id, url, position) VALUES (180, 'https://fdn2.gsmarena.com/vv/pics/asus/asus-zenfone-max-shot-2.jpg', 2);
INSERT OR IGNORE INTO device_pictures (device_id, url, position) VALUES (180, 'https://fdn2.gsmarena.com/vv/pics/asus/asus-zenfone-max-shot-3.jpg', 3);
INSERT OR IGNORE INTO devices (id, brand_id, name, gsmarena_url, thumbnail_url, summary) VALUES (181, 2, 'Zenfone Max Pro (M2) ZB631KL', 'https://www.gsmarena.com/asus_zenfone_max_pro_(m2)_zb631kl-9410.php', 'https://fdn2.gsmarena.com/vv/bigpic/asus-zenfone-max-pro-m2r1.jpg', 'Zenfone Max Pro (M2) ZB631KL');
INSERT OR IGNORE INTO device_specs (device_id, announced, status, network, os, chipset, cpu, gpu, display_size, display_type, display_res, ram, storage, main_camera, selfie_camera, battery, charging, nfc, usb, bluetooth, wlan, colors, weight, dimensions, sim, sensors, popularity, fans, rating, full_specs_json) VALUES (181, '2018, December. Released 2018, December', 'Discontinued', 'GSM / HSPA / LTE / 4G/LTE', 'Android 8.1 (Oreo), upgradable to Android 9.0 (Pie)', 'Qualcomm SDM660 Snapdragon 660 (14 nm)', 'Octa-core (4x2.2 GHz Kryo 260 Gold & 4x1.8 GHz Kryo 260 Silver)', 'Adreno 512', '6.26 inches, 97.8 cm 2 (~82.0% screen-to-body ratio)', 'IPS LCD', '1080 x 2280 pixels, 19:9 ratio (~403 ppi density)', '3GB', '32GB', '12 MP, f/1.8, 1/2.9", 1.25μm, PDAF, LED flash, HDR, panorama', '13 MP, f/2.0, (wide), 1/3.1", 1.12µm, 1080p@30fps', 'Li-Po 5000 mAh, non-removable', '10W wired', 'Yes', 'microUSB 2.0, OTG', '5.0, A2DP, LE', 'Wi-Fi 802.11 b/g/n, Wi-Fi Direct', 'Blue, Titanium', '175 g (6.17 oz)', '157.9 x 75.5 x 8.5 mm (6.22 x 2.97 x 0.33 in)', 'Nano-SIM + Nano-SIM', 'Fingerprint (rear-mounted), accelerometer, gyro, proximity, compass', 'About 370 EUR', NULL, NULL, '[{"category":"Network","specs":[{"label":"Technology","value":"GSM / HSPA / LTE"},{"label":"2G bands","value":"GSM 850 / 900 / 1800 / 1900"},{"label":"3G bands","value":"HSDPA 850 / 900 / 2100"},{"label":"4G bands","value":"1, 3, 5, 7, 8, 20, 40"},{"label":"Speed","value":"HSPA 42.2/5.76 Mbps, LTE (3CA) Cat9 450/50 Mbps"}]},{"category":"Launch","specs":[{"label":"Announced","value":"2018, December. Released 2018, December"},{"label":"Status","value":"Discontinued"}]},{"category":"Body","specs":[{"label":"Dimensions","value":"157.9 x 75.5 x 8.5 mm (6.22 x 2.97 x 0.33 in)"},{"label":"Weight","value":"175 g (6.17 oz)"},{"label":"Build","value":"Glass front (Gorilla Glass 6), plastic back, plastic frame"},{"label":"SIM","value":"Nano-SIM + Nano-SIM"}]},{"category":"Display","specs":[{"label":"Type","value":"IPS LCD"},{"label":"Size","value":"6.26 inches, 97.8 cm 2 (~82.0% screen-to-body ratio)"},{"label":"Resolution","value":"1080 x 2280 pixels, 19:9 ratio (~403 ppi density)"},{"label":"Protection","value":"Corning Gorilla Glass 6"}]},{"category":"Platform","specs":[{"label":"OS","value":"Android 8.1 (Oreo), upgradable to Android 9.0 (Pie)"},{"label":"Chipset","value":"Qualcomm SDM660 Snapdragon 660 (14 nm)"},{"label":"CPU","value":"Octa-core (4x2.2 GHz Kryo 260 Gold & 4x1.8 GHz Kryo 260 Silver)"},{"label":"GPU","value":"Adreno 512"}]},{"category":"Memory","specs":[{"label":"Card slot","value":"microSDXC (dedicated slot)"},{"label":"Internal","value":"32GB 3GB RAM, 64GB 4GB RAM, 64GB 6GB RAM, 128GB 4GB RAM"}]},{"category":"Main Camera","specs":[{"label":"Dual","value":"12 MP, f/1.8, 1/2.9\\", 1.25μm, PDAF"},{"label":"Features","value":"LED flash, HDR, panorama"},{"label":"Video","value":"4K@30fps, 1080p@30/60fps, gyro-EIS"}]},{"category":"Selfie camera","specs":[{"label":"Single","value":"13 MP, f/2.0, (wide), 1/3.1\\", 1.12µm"},{"label":"Video","value":"1080p@30fps"},{"label":"Features","value":"LED flash, HDR"}]},{"category":"Sound","specs":[{"label":"Loudspeaker","value":"Yes"},{"label":"3.5mm jack","value":"Yes"}]},{"category":"Comms","specs":[{"label":"WLAN","value":"Wi-Fi 802.11 b/g/n, Wi-Fi Direct"},{"label":"Bluetooth","value":"5.0, A2DP, LE"},{"label":"Positioning","value":"GPS, GLONASS, BDS, GALILEO, QZSS"},{"label":"NFC","value":"Yes"},{"label":"USB","value":"microUSB 2.0, OTG"},{"label":"Radio","value":"FM radio"}]},{"category":"Features","specs":[{"label":"Sensors","value":"Fingerprint (rear-mounted), accelerometer, gyro, proximity, compass"}]},{"category":"Battery","specs":[{"label":"Type","value":"Li-Po 5000 mAh, non-removable"},{"label":"Charging","value":"10W wired"}]},{"category":"Misc","specs":[{"label":"Colors","value":"Blue, Titanium"},{"label":"Models","value":"X01BDA, Zenfone Max Pro M2, ZB631KL"},{"label":"Price","value":"About 370 EUR"}]}]');
INSERT OR IGNORE INTO device_pictures (device_id, url, position) VALUES (181, 'https://fdn2.gsmarena.com/vv/bigpic/asus-zenfone-max-pro-m2r1.jpg', 0);
INSERT OR IGNORE INTO device_pictures (device_id, url, position) VALUES (181, 'https://fdn2.gsmarena.com/vv/pics/asus/asus-zenfone-max-pro-m2-zb631kl-1.jpg', 1);
INSERT OR IGNORE INTO device_pictures (device_id, url, position) VALUES (181, 'https://fdn2.gsmarena.com/vv/pics/asus/asus-zenfone-max-pro-m2-zb631kl-2.jpg', 2);
INSERT OR IGNORE INTO device_pictures (device_id, url, position) VALUES (181, 'https://fdn2.gsmarena.com/vv/pics/asus/asus-zenfone-max-pro-m2-zb631kl-3.jpg', 3);
INSERT OR IGNORE INTO devices (id, brand_id, name, gsmarena_url, thumbnail_url, summary) VALUES (182, 2, 'Zenfone Max (M2) ZB633KL', 'https://www.gsmarena.com/asus_zenfone_max_(m2)_zb633kl-9437.php', 'https://fdn2.gsmarena.com/vv/bigpic/asus-zenfone-max-m2-zb633kl-r.jpg', 'Zenfone Max (M2) ZB633KL');
INSERT OR IGNORE INTO device_specs (device_id, announced, status, network, os, chipset, cpu, gpu, display_size, display_type, display_res, ram, storage, main_camera, selfie_camera, battery, charging, nfc, usb, bluetooth, wlan, colors, weight, dimensions, sim, sensors, popularity, fans, rating, full_specs_json) VALUES (182, '2018, December. Released 2018, December', 'Discontinued', 'GSM / HSPA / LTE / 4G/LTE', 'Android 8.1 (Oreo), upgradable to Android 9.0 (Pie)', 'Qualcomm SDM632 Snapdragon 632 (14 nm)', 'Octa-core (4x1.8 GHz Kryo 250 Gold & 4x1.8 GHz Kryo 250 Silver)', 'Adreno 506', '6.26 inches, 97.8 cm 2 (~80.9% screen-to-body ratio)', 'IPS LCD', '720 x 1520 pixels, 19:9 ratio (~269 ppi density)', '3GB', '32GB', '13 MP, f/1.8, 1/3.1", 1.12µm, PDAF, LED flash, HDR, panorama', '8 MP, f/2.0, 1/4.0", 1.12µm, 1080p@30fps', 'Li-Ion 4000 mAh, non-removable', NULL, 'No', 'microUSB 2.0, OTG', '4.2, A2DP, LE', 'Wi-Fi 802.11 b/g/n, Wi-Fi Direct', 'Black, Blue', '160 g (5.64 oz)', '158.4 x 76.3 x 7.7 mm (6.24 x 3.00 x 0.30 in)', 'Nano-SIM + Nano-SIM', 'Fingerprint (rear-mounted), accelerometer, gyro, proximity, compass', NULL, NULL, NULL, '[{"category":"Network","specs":[{"label":"Technology","value":"GSM / HSPA / LTE"},{"label":"2G bands","value":"GSM 850 / 900 / 1800 / 1900"},{"label":"3G bands","value":"HSDPA 850 / 900 / 1900 / 2100"},{"label":"4G bands","value":"1, 2, 3, 5, 7, 8, 20, 40"},{"label":"Speed","value":"HSPA 42.2/5.76 Mbps, LTE Cat4 150/50 Mbps"}]},{"category":"Launch","specs":[{"label":"Announced","value":"2018, December. Released 2018, December"},{"label":"Status","value":"Discontinued"}]},{"category":"Body","specs":[{"label":"Dimensions","value":"158.4 x 76.3 x 7.7 mm (6.24 x 3.00 x 0.30 in)"},{"label":"Weight","value":"160 g (5.64 oz)"},{"label":"SIM","value":"Nano-SIM + Nano-SIM"}]},{"category":"Display","specs":[{"label":"Type","value":"IPS LCD"},{"label":"Size","value":"6.26 inches, 97.8 cm 2 (~80.9% screen-to-body ratio)"},{"label":"Resolution","value":"720 x 1520 pixels, 19:9 ratio (~269 ppi density)"}]},{"category":"Platform","specs":[{"label":"OS","value":"Android 8.1 (Oreo), upgradable to Android 9.0 (Pie)"},{"label":"Chipset","value":"Qualcomm SDM632 Snapdragon 632 (14 nm)"},{"label":"CPU","value":"Octa-core (4x1.8 GHz Kryo 250 Gold & 4x1.8 GHz Kryo 250 Silver)"},{"label":"GPU","value":"Adreno 506"}]},{"category":"Memory","specs":[{"label":"Card slot","value":"microSDXC (dedicated slot)"},{"label":"Internal","value":"32GB 3GB RAM, 64GB 4GB RAM"}]},{"category":"Main Camera","specs":[{"label":"Dual","value":"13 MP, f/1.8, 1/3.1\\", 1.12µm, PDAF"},{"label":"Features","value":"LED flash, HDR, panorama"},{"label":"Video","value":"4K@30fps, 1080p@30fps"}]},{"category":"Selfie camera","specs":[{"label":"Single","value":"8 MP, f/2.0, 1/4.0\\", 1.12µm"},{"label":"Video","value":"1080p@30fps"},{"label":"Features","value":"LED flash, HDR"}]},{"category":"Sound","specs":[{"label":"Loudspeaker","value":"Yes"},{"label":"3.5mm jack","value":"Yes"}]},{"category":"Comms","specs":[{"label":"WLAN","value":"Wi-Fi 802.11 b/g/n, Wi-Fi Direct"},{"label":"Bluetooth","value":"4.2, A2DP, LE"},{"label":"Positioning","value":"GPS, GLONASS, BDS"},{"label":"NFC","value":"No"},{"label":"USB","value":"microUSB 2.0, OTG"},{"label":"Radio","value":"FM radio"}]},{"category":"Features","specs":[{"label":"Sensors","value":"Fingerprint (rear-mounted), accelerometer, gyro, proximity, compass"}]},{"category":"Battery","specs":[{"label":"Type","value":"Li-Ion 4000 mAh, non-removable"}]},{"category":"Misc","specs":[{"label":"Colors","value":"Black, Blue"},{"label":"Models","value":"X01AD, X01BD"}]}]');
INSERT OR IGNORE INTO device_pictures (device_id, url, position) VALUES (182, 'https://fdn2.gsmarena.com/vv/bigpic/asus-zenfone-max-m2-zb633kl-r.jpg', 0);
INSERT OR IGNORE INTO device_pictures (device_id, url, position) VALUES (182, 'https://fdn2.gsmarena.com/vv/pics/asus/asus-zenfone-max-m2-zb633kl-1.jpg', 1);
INSERT OR IGNORE INTO device_pictures (device_id, url, position) VALUES (182, 'https://fdn2.gsmarena.com/vv/pics/asus/asus-zenfone-max-m2-zb633kl-2.jpg', 2);
INSERT OR IGNORE INTO device_pictures (device_id, url, position) VALUES (182, 'https://fdn2.gsmarena.com/vv/pics/asus/asus-zenfone-max-m2-zb633kl-3.jpg', 3);
INSERT OR IGNORE INTO devices (id, brand_id, name, gsmarena_url, thumbnail_url, summary) VALUES (183, 2, 'Zenfone Max (M1) ZB556KL', 'https://www.gsmarena.com/asus_zenfone_max_(m1)_zb556kl-9373.php', 'https://fdn2.gsmarena.com/vv/bigpic/asus-zenfone-max-m1-zb556kl.jpg', 'Zenfone Max (M1) ZB556KL');
INSERT OR IGNORE INTO device_specs (device_id, announced, status, network, os, chipset, cpu, gpu, display_size, display_type, display_res, ram, storage, main_camera, selfie_camera, battery, charging, nfc, usb, bluetooth, wlan, colors, weight, dimensions, sim, sensors, popularity, fans, rating, full_specs_json) VALUES (183, '2018, October. Released 2018, October', 'Discontinued', 'GSM / HSPA / LTE / 4G/LTE', 'Android 8 (Oreo), ZenUI 5', 'Qualcomm MSM8937 Snapdragon 430 (28 nm)', 'Octa-core 1.4 GHz Cortex-A53', 'Adreno 505', '5.45 inches, 86.5 cm 2 (~82.8% screen-to-body ratio)', 'IPS LCD', '720 x 1440 pixels, 16:10 ratio (~247 ppi density)', '3GB', '32GB', '13 MP, f/2.0, (wide), 1/3.1", 1.12µm, PDAF, LED flash, HDR, panorama', '8 MP, f/2.0, 25mm (wide), 1/4.0", 1.12µm, 1080p@30fps', 'Li-Po 4000 mAh, non-removable', '10W wired', 'No', 'microUSB 2.0, OTG', '4.0, A2DP, LE', 'Wi-Fi 802.11 b/g/n, Wi-Fi Direct', 'Deepsea Black, Sunlight Gold', '150 g (5.29 oz)', '147.3 x 70.9 x 8.7 mm (5.80 x 2.79 x 0.34 in)', 'Nano-SIM + Nano-SIM', 'Fingerprint (rear-mounted), accelerometer, proximity, compass', 'About 120 EUR', NULL, NULL, '[{"category":"Network","specs":[{"label":"Technology","value":"GSM / HSPA / LTE"},{"label":"2G bands","value":"GSM 850 / 900 / 1800 / 1900"},{"label":"3G bands","value":"HSDPA 850 / 900 / 1900 / 2100 - A version"},{"label":"4G bands","value":"1, 2, 3, 5, 7, 8, 20, 40 - A version"},{"label":"Speed","value":"HSPA 42.2/5.76 Mbps, LTE Cat4 150/50 Mbps"}]},{"category":"Launch","specs":[{"label":"Announced","value":"2018, October. Released 2018, October"},{"label":"Status","value":"Discontinued"}]},{"category":"Body","specs":[{"label":"Dimensions","value":"147.3 x 70.9 x 8.7 mm (5.80 x 2.79 x 0.34 in)"},{"label":"Weight","value":"150 g (5.29 oz)"},{"label":"Build","value":"Glass front, plastic back, plastic frame"},{"label":"SIM","value":"Nano-SIM + Nano-SIM"}]},{"category":"Display","specs":[{"label":"Type","value":"IPS LCD"},{"label":"Size","value":"5.45 inches, 86.5 cm 2 (~82.8% screen-to-body ratio)"},{"label":"Resolution","value":"720 x 1440 pixels, 16:10 ratio (~247 ppi density)"}]},{"category":"Platform","specs":[{"label":"OS","value":"Android 8 (Oreo), ZenUI 5"},{"label":"Chipset","value":"Qualcomm MSM8937 Snapdragon 430 (28 nm)"},{"label":"CPU","value":"Octa-core 1.4 GHz Cortex-A53"},{"label":"GPU","value":"Adreno 505"}]},{"category":"Memory","specs":[{"label":"Card slot","value":"microSDXC (dedicated slot)"},{"label":"Internal","value":"32GB 3GB RAM"}]},{"category":"Main Camera","specs":[{"label":"Single","value":"13 MP, f/2.0, (wide), 1/3.1\\", 1.12µm, PDAF"},{"label":"Features","value":"LED flash, HDR, panorama"},{"label":"Video","value":"1080p@30fps (gyro-EIS)"}]},{"category":"Selfie camera","specs":[{"label":"Single","value":"8 MP, f/2.0, 25mm (wide), 1/4.0\\", 1.12µm"},{"label":"Video","value":"1080p@30fps"},{"label":"Features","value":"LED flash"}]},{"category":"Sound","specs":[{"label":"Loudspeaker","value":"Yes"},{"label":"3.5mm jack","value":"Yes"}]},{"category":"Comms","specs":[{"label":"WLAN","value":"Wi-Fi 802.11 b/g/n, Wi-Fi Direct"},{"label":"Bluetooth","value":"4.0, A2DP, LE"},{"label":"Positioning","value":"GPS, GLONASS, BDS"},{"label":"NFC","value":"No"},{"label":"USB","value":"microUSB 2.0, OTG"},{"label":"Radio","value":"FM radio"}]},{"category":"Features","specs":[{"label":"Sensors","value":"Fingerprint (rear-mounted), accelerometer, proximity, compass"}]},{"category":"Battery","specs":[{"label":"Type","value":"Li-Po 4000 mAh, non-removable"},{"label":"Charging","value":"10W wired"}]},{"category":"Misc","specs":[{"label":"Colors","value":"Deepsea Black, Sunlight Gold"},{"label":"Price","value":"About 120 EUR"}]}]');
INSERT OR IGNORE INTO device_pictures (device_id, url, position) VALUES (183, 'https://fdn2.gsmarena.com/vv/bigpic/asus-zenfone-max-m1-zb556kl.jpg', 0);
INSERT OR IGNORE INTO device_pictures (device_id, url, position) VALUES (183, 'https://fdn2.gsmarena.com/vv/pics/asus/asus-zenfone-max-m1-zb556kl-4g002in-1.jpg', 1);
INSERT OR IGNORE INTO device_pictures (device_id, url, position) VALUES (183, 'https://fdn2.gsmarena.com/vv/pics/asus/asus-zenfone-max-m1-zb556kl-4g002in-2.jpg', 2);
INSERT OR IGNORE INTO devices (id, brand_id, name, gsmarena_url, thumbnail_url, summary) VALUES (184, 2, 'ZenFone Lite (L1) ZA551KL', 'https://www.gsmarena.com/asus_zenfone_lite_(l1)_za551kl-9372.php', 'https://fdn2.gsmarena.com/vv/bigpic/asus-zenfone-lite-l1-za551kl.jpg', 'ZenFone Lite (L1) ZA551KL');
INSERT OR IGNORE INTO device_specs (device_id, announced, status, network, os, chipset, cpu, gpu, display_size, display_type, display_res, ram, storage, main_camera, selfie_camera, battery, charging, nfc, usb, bluetooth, wlan, colors, weight, dimensions, sim, sensors, popularity, fans, rating, full_specs_json) VALUES (184, '2018, October. Released 2018, October', 'Discontinued', 'GSM / HSPA / LTE / 4G/LTE', 'Android 8.0 Oreo', 'Qualcomm MSM8937 Snapdragon 430 (28 nm)', 'Octa-core 1.4 GHz Cortex-A53', 'Adreno 505', '5.45 inches, 76.7 cm 2 (~72.5% screen-to-body ratio)', 'IPS LCD', '720 x 1440 pixels, 18:9 ratio (~295 ppi density)', '2GB', '16GB', '13 MP, f/2.0, 1/3.1", 1.12µm, PDAF, LED flash, HDR, panorama', '5 MP, f/2.4, 1/5.0", 1.12µm', 'Li-Ion 3000 mAh, non-removable', NULL, 'No', 'microUSB 2.0, OTG', '4.0, A2DP, LE', 'Wi-Fi 802.11 b/g/n, Wi-Fi Direct', 'Black, Gold', '140 g (4.94 oz)', '147.3 x 71.8 x 8.2 mm (5.80 x 2.83 x 0.32 in)', 'Nano-SIM + Nano-SIM', 'Accelerometer, proximity, compass', 'About 80 EUR', NULL, NULL, '[{"category":"Network","specs":[{"label":"Technology","value":"GSM / HSPA / LTE"},{"label":"2G bands","value":"GSM 850 / 900 / 1800 / 1900"},{"label":"3G bands","value":"HSDPA 850 / 900 / 2100"},{"label":"4G bands","value":"1, 3, 5, 8, 40"},{"label":"Speed","value":"HSPA, LTE"}]},{"category":"Launch","specs":[{"label":"Announced","value":"2018, October. Released 2018, October"},{"label":"Status","value":"Discontinued"}]},{"category":"Body","specs":[{"label":"Dimensions","value":"147.3 x 71.8 x 8.2 mm (5.80 x 2.83 x 0.32 in)"},{"label":"Weight","value":"140 g (4.94 oz)"},{"label":"Build","value":"Glass front, plastic back, plastic frame"},{"label":"SIM","value":"Nano-SIM + Nano-SIM"}]},{"category":"Display","specs":[{"label":"Type","value":"IPS LCD"},{"label":"Size","value":"5.45 inches, 76.7 cm 2 (~72.5% screen-to-body ratio)"},{"label":"Resolution","value":"720 x 1440 pixels, 18:9 ratio (~295 ppi density)"}]},{"category":"Platform","specs":[{"label":"OS","value":"Android 8.0 Oreo"},{"label":"Chipset","value":"Qualcomm MSM8937 Snapdragon 430 (28 nm)"},{"label":"CPU","value":"Octa-core 1.4 GHz Cortex-A53"},{"label":"GPU","value":"Adreno 505"}]},{"category":"Memory","specs":[{"label":"Card slot","value":"microSDXC (dedicated slot)"},{"label":"Internal","value":"16GB 2GB RAM"}]},{"category":"Main Camera","specs":[{"label":"Single","value":"13 MP, f/2.0, 1/3.1\\", 1.12µm, PDAF"},{"label":"Features","value":"LED flash, HDR, panorama"},{"label":"Video","value":"1080p@30fps"}]},{"category":"Selfie camera","specs":[{"label":"Single","value":"5 MP, f/2.4, 1/5.0\\", 1.12µm"},{"label":"Features","value":"LED flash"}]},{"category":"Sound","specs":[{"label":"Loudspeaker","value":"Yes"},{"label":"3.5mm jack","value":"Yes"}]},{"category":"Comms","specs":[{"label":"WLAN","value":"Wi-Fi 802.11 b/g/n, Wi-Fi Direct"},{"label":"Bluetooth","value":"4.0, A2DP, LE"},{"label":"Positioning","value":"GPS, GLONASS, BDS"},{"label":"NFC","value":"No"},{"label":"USB","value":"microUSB 2.0, OTG"},{"label":"Radio","value":"FM radio"}]},{"category":"Features","specs":[{"label":"Sensors","value":"Accelerometer, proximity, compass"}]},{"category":"Battery","specs":[{"label":"Type","value":"Li-Ion 3000 mAh, non-removable"}]},{"category":"Misc","specs":[{"label":"Colors","value":"Black, Gold"},{"label":"Price","value":"About 80 EUR"}]}]');
INSERT OR IGNORE INTO device_pictures (device_id, url, position) VALUES (184, 'https://fdn2.gsmarena.com/vv/bigpic/asus-zenfone-lite-l1-za551kl.jpg', 0);
INSERT OR IGNORE INTO device_pictures (device_id, url, position) VALUES (184, 'https://fdn2.gsmarena.com/vv/pics/asus/asus-zenfone-lite-l1-za551kl-4g022in-1.jpg', 1);
INSERT OR IGNORE INTO device_pictures (device_id, url, position) VALUES (184, 'https://fdn2.gsmarena.com/vv/pics/asus/asus-zenfone-lite-l1-za551kl-4g022in-2.jpg', 2);
INSERT OR IGNORE INTO devices (id, brand_id, name, gsmarena_url, thumbnail_url, summary) VALUES (185, 2, 'ROG Phone ZS600KL', 'https://www.gsmarena.com/asus_rog_phone_zs600kl-9224.php', 'https://fdn2.gsmarena.com/vv/bigpic/asus-rog-phone.jpg', 'ROG Phone ZS600KL');
INSERT OR IGNORE INTO device_specs (device_id, announced, status, network, os, chipset, cpu, gpu, display_size, display_type, display_res, ram, storage, main_camera, selfie_camera, battery, charging, nfc, usb, bluetooth, wlan, colors, weight, dimensions, sim, sensors, popularity, fans, rating, full_specs_json) VALUES (185, '2018, June. Released 2018, October', 'Discontinued', 'GSM / CDMA / HSPA / LTE / 4G/LTE', 'Android 8.1 (Oreo), upgradable to Android 9.0 (Pie), ROG Gaming X UI', 'Qualcomm SDM845 Snapdragon 845 (10 nm)', 'Octa-core (4x2.96 GHz Kryo 385 Gold & 4x1.7 GHz Kryo 385 Silver)', 'Adreno 630', '6.0 inches, 92.9 cm 2 (~76.8% screen-to-body ratio)', 'AMOLED, 90Hz, HDR', '1080 x 2160 pixels, 18:9 ratio (~402 ppi density)', '8GB', '128GB', '12 MP, f/1.8, 24mm (wide), 1/2.55", 1.4µm, dual pixel PDAF, 4-axis OIS, LED flash, panorama, HDR', '8 MP, f/2.0, 24mm (wide), 1080p@30fps', 'Li-Ion 4000 mAh, non-removable', '30W wired, QC4', 'Yes', 'USB Type-C 3.1, accessory connector', '5.0, A2DP, LE, aptX HD', 'Wi-Fi 802.11 a/b/g/n/ac/ad, dual-band, Wi-Fi Direct', 'Black', '200 g (7.05 oz)', '158.8 x 76.2 x 8.3 mm (6.25 x 3.00 x 0.33 in)', 'Nano-SIM + Nano-SIM', 'Fingerprint (rear-mounted), accelerometer, gyro, proximity, compass', 'About 1110 EUR', NULL, NULL, '[{"category":"Network","specs":[{"label":"Technology","value":"GSM / CDMA / HSPA / LTE"},{"label":"2G bands","value":"GSM 850 / 900 / 1800 / 1900"},{"label":"3G bands","value":"HSDPA 800 / 850 / 900 / 1700(AWS) / 1800 / 1900 / 2100 - A version, B version"},{"label":"4G bands","value":"1, 2, 3, 4, 5, 7, 8, 12, 13, 17, 18, 19, 20, 28, 29, 32, 34, 38, 39, 40, 41, 46 - A version, B version"},{"label":"Speed","value":"HSPA 42.2/5.76 Mbps, LTE (5CA) Cat18 1200/150 Mbps"}]},{"category":"Launch","specs":[{"label":"Announced","value":"2018, June. Released 2018, October"},{"label":"Status","value":"Discontinued"}]},{"category":"Body","specs":[{"label":"Dimensions","value":"158.8 x 76.2 x 8.3 mm (6.25 x 3.00 x 0.33 in)"},{"label":"Weight","value":"200 g (7.05 oz)"},{"label":"Build","value":"Glass front (Gorilla Glass 6), glass back (Gorilla Glass 5), aluminum frame"},{"label":"SIM","value":"Nano-SIM + Nano-SIM"}]},{"category":"Display","specs":[{"label":"Type","value":"AMOLED, 90Hz, HDR"},{"label":"Size","value":"6.0 inches, 92.9 cm 2 (~76.8% screen-to-body ratio)"},{"label":"Resolution","value":"1080 x 2160 pixels, 18:9 ratio (~402 ppi density)"},{"label":"Protection","value":"Corning Gorilla Glass 6"}]},{"category":"Platform","specs":[{"label":"OS","value":"Android 8.1 (Oreo), upgradable to Android 9.0 (Pie), ROG Gaming X UI"},{"label":"Chipset","value":"Qualcomm SDM845 Snapdragon 845 (10 nm)"},{"label":"CPU","value":"Octa-core (4x2.96 GHz Kryo 385 Gold & 4x1.7 GHz Kryo 385 Silver)"},{"label":"GPU","value":"Adreno 630"}]},{"category":"Memory","specs":[{"label":"Card slot","value":"No"},{"label":"Internal","value":"128GB 8GB RAM, 512GB 8GB RAM"}]},{"category":"Main Camera","specs":[{"label":"Dual","value":"12 MP, f/1.8, 24mm (wide), 1/2.55\\", 1.4µm, dual pixel PDAF, 4-axis OIS"},{"label":"Features","value":"LED flash, panorama, HDR"},{"label":"Video","value":"4K@30/60fps, 1080p@30/60/240fps, (3-axis gyro-EIS)"}]},{"category":"Selfie camera","specs":[{"label":"Single","value":"8 MP, f/2.0, 24mm (wide)"},{"label":"Video","value":"1080p@30fps"},{"label":"Features","value":"Panorama, HDR"}]},{"category":"Sound","specs":[{"label":"Loudspeaker","value":"Yes, with stereo speakers"},{"label":"3.5mm jack","value":"Yes"}]},{"category":"Comms","specs":[{"label":"WLAN","value":"Wi-Fi 802.11 a/b/g/n/ac/ad, dual-band, Wi-Fi Direct"},{"label":"Bluetooth","value":"5.0, A2DP, LE, aptX HD"},{"label":"Positioning","value":"GPS, GLONASS, BDS, GALILEO, QZSS"},{"label":"NFC","value":"Yes"},{"label":"USB","value":"USB Type-C 3.1, accessory connector"},{"label":"Radio","value":"FM radio"}]},{"category":"Features","specs":[{"label":"Sensors","value":"Fingerprint (rear-mounted), accelerometer, gyro, proximity, compass"}]},{"category":"Battery","specs":[{"label":"Type","value":"Li-Ion 4000 mAh, non-removable"},{"label":"Charging","value":"30W wired, QC4"}]},{"category":"Misc","specs":[{"label":"Colors","value":"Black"},{"label":"Models","value":"Z01QD, ZS600KL"},{"label":"Price","value":"About 1110 EUR"}]}]');
INSERT OR IGNORE INTO device_pictures (device_id, url, position) VALUES (185, 'https://fdn2.gsmarena.com/vv/bigpic/asus-rog-phone.jpg', 0);
INSERT OR IGNORE INTO device_pictures (device_id, url, position) VALUES (185, 'https://fdn2.gsmarena.com/vv/pics/asus/asus-rog-phone-3.jpg', 1);
INSERT OR IGNORE INTO device_pictures (device_id, url, position) VALUES (185, 'https://fdn2.gsmarena.com/vv/pics/asus/asus-rog-phone-4.jpg', 2);
INSERT OR IGNORE INTO device_pictures (device_id, url, position) VALUES (185, 'https://fdn2.gsmarena.com/vv/pics/asus/asus-rog-phone-5.jpg', 3);
INSERT OR IGNORE INTO device_pictures (device_id, url, position) VALUES (185, 'https://fdn2.gsmarena.com/vv/pics/asus/asus-rog-phone-6.jpg', 4);
INSERT OR IGNORE INTO device_pictures (device_id, url, position) VALUES (185, 'https://fdn2.gsmarena.com/vv/pics/asus/asus-rog-phone-7.jpg', 5);
INSERT OR IGNORE INTO device_pictures (device_id, url, position) VALUES (185, 'https://fdn.gsmarena.com/imgroot/reviews/18/asus-rog-phone/gal/-1024w2/gsmarena_001.jpg', 6);
INSERT OR IGNORE INTO device_pictures (device_id, url, position) VALUES (185, 'https://fdn.gsmarena.com/imgroot/reviews/18/asus-rog-phone/gal/-1024w2/gsmarena_002.jpg', 7);
INSERT OR IGNORE INTO device_pictures (device_id, url, position) VALUES (185, 'https://fdn.gsmarena.com/imgroot/reviews/18/asus-rog-phone/gal/-1024w2/gsmarena_003.jpg', 8);
INSERT OR IGNORE INTO device_pictures (device_id, url, position) VALUES (185, 'https://fdn.gsmarena.com/imgroot/reviews/18/asus-rog-phone/gal/-1024w2/gsmarena_004.jpg', 9);
INSERT OR IGNORE INTO devices (id, brand_id, name, gsmarena_url, thumbnail_url, summary) VALUES (186, 2, 'ZenFone Live (L1) ZA550KL', 'https://www.gsmarena.com/asus_zenfone_live_(l1)_za550kl-9194.php', 'https://fdn2.gsmarena.com/vv/bigpic/asus-zenfone-live-l1-za550kl-.jpg', 'ZenFone Live (L1) ZA550KL');
INSERT OR IGNORE INTO device_specs (device_id, announced, status, network, os, chipset, cpu, gpu, display_size, display_type, display_res, ram, storage, main_camera, selfie_camera, battery, charging, nfc, usb, bluetooth, wlan, colors, weight, dimensions, sim, sensors, popularity, fans, rating, full_specs_json) VALUES (186, '2018, May. Released 2018, May', 'Discontinued', 'GSM / HSPA / LTE / 4G/LTE', 'Android 8.0 Oreo (Go edition), ZenUI 5', 'Qualcomm MSM8917 Snapdragon 425 (28 nm)', 'Quad-core 1.4 GHz Cortex-A53', 'Adreno 308', '5.5 inches, 78.1 cm 2 (~73.8% screen-to-body ratio)', 'IPS LCD', '720 x 1440 pixels, 18:9 ratio (~293 ppi density)', '1GB', '16GB', '13 MP, f/2.0, PDAF, LED flash, HDR, panorama', '5 MP, f/2.4', 'Li-Ion 3000 mAh, non-removable', NULL, 'No', 'microUSB 2.0', '4.0, A2DP, LE', 'Wi-Fi 802.11 b/g/n, Wi-Fi Direct', 'Space Blue, Rose Pink, Shimmer Gold, Midnight Black', '140 g (4.94 oz)', '147.3 x 71.8 x 8.2 mm (5.80 x 2.83 x 0.32 in)', 'Nano-SIM + Nano-SIM', 'Accelerometer, gyro, proximity, compass', 'About 100 EUR', NULL, NULL, '[{"category":"Network","specs":[{"label":"Technology","value":"GSM / HSPA / LTE"},{"label":"2G bands","value":"GSM 850 / 900 / 1800 / 1900"},{"label":"3G bands","value":"HSDPA 850 / 900 / 2100"},{"label":"4G bands","value":"1, 3, 5, 8, 40"},{"label":"Speed","value":"HSPA 42.2/5.76 Mbps, LTE Cat4 150/50 Mbps"}]},{"category":"Launch","specs":[{"label":"Announced","value":"2018, May. Released 2018, May"},{"label":"Status","value":"Discontinued"}]},{"category":"Body","specs":[{"label":"Dimensions","value":"147.3 x 71.8 x 8.2 mm (5.80 x 2.83 x 0.32 in)"},{"label":"Weight","value":"140 g (4.94 oz)"},{"label":"Build","value":"Glass front, plastic back, plastic frame"},{"label":"SIM","value":"Nano-SIM + Nano-SIM"}]},{"category":"Display","specs":[{"label":"Type","value":"IPS LCD"},{"label":"Size","value":"5.5 inches, 78.1 cm 2 (~73.8% screen-to-body ratio)"},{"label":"Resolution","value":"720 x 1440 pixels, 18:9 ratio (~293 ppi density)"}]},{"category":"Platform","specs":[{"label":"OS","value":"Android 8.0 Oreo (Go edition), ZenUI 5"},{"label":"Chipset","value":"Qualcomm MSM8917 Snapdragon 425 (28 nm)"},{"label":"CPU","value":"Quad-core 1.4 GHz Cortex-A53"},{"label":"GPU","value":"Adreno 308"}]},{"category":"Memory","specs":[{"label":"Card slot","value":"microSDXC (dedicated slot)"},{"label":"Internal","value":"16GB 1GB RAM, 16GB 2GB RAM, 32GB 2GB RAM"}]},{"category":"Main Camera","specs":[{"label":"Single","value":"13 MP, f/2.0, PDAF"},{"label":"Features","value":"LED flash, HDR, panorama"},{"label":"Video","value":"1080p@30fps"}]},{"category":"Selfie camera","specs":[{"label":"Single","value":"5 MP, f/2.4"},{"label":"Features","value":"LED flash"}]},{"category":"Sound","specs":[{"label":"Loudspeaker","value":"Yes"},{"label":"3.5mm jack","value":"Yes"}]},{"category":"Comms","specs":[{"label":"WLAN","value":"Wi-Fi 802.11 b/g/n, Wi-Fi Direct"},{"label":"Bluetooth","value":"4.0, A2DP, LE"},{"label":"Positioning","value":"GPS, GLONASS, BDS"},{"label":"NFC","value":"No"},{"label":"USB","value":"microUSB 2.0"},{"label":"Radio","value":"FM radio"}]},{"category":"Features","specs":[{"label":"Sensors","value":"Accelerometer, gyro, proximity, compass"}]},{"category":"Battery","specs":[{"label":"Type","value":"Li-Ion 3000 mAh, non-removable"}]},{"category":"Misc","specs":[{"label":"Colors","value":"Space Blue, Rose Pink, Shimmer Gold, Midnight Black"},{"label":"Models","value":"X00RD, ZA550KL"},{"label":"Price","value":"About 100 EUR"}]}]');
INSERT OR IGNORE INTO device_pictures (device_id, url, position) VALUES (186, 'https://fdn2.gsmarena.com/vv/bigpic/asus-zenfone-live-l1-za550kl-.jpg', 0);
INSERT OR IGNORE INTO device_pictures (device_id, url, position) VALUES (186, 'https://fdn2.gsmarena.com/vv/pics/asus/asus-zenfone-live-l1-za550kl-1.jpg', 1);
INSERT OR IGNORE INTO device_pictures (device_id, url, position) VALUES (186, 'https://fdn2.gsmarena.com/vv/pics/asus/asus-zenfone-live-l1-za550kl-2.jpg', 2);
INSERT OR IGNORE INTO devices (id, brand_id, name, gsmarena_url, thumbnail_url, summary) VALUES (187, 2, 'Zenfone Max Pro (M1) ZB601KL/ZB602K', 'https://www.gsmarena.com/asus_zenfone_max_pro_(m1)_zb601kl_zb602k-9173.php', 'https://fdn2.gsmarena.com/vv/bigpic/asus-zenfone-max-pro-m1-zb601kl-.jpg', 'Zenfone Max Pro (M1) ZB601KL/ZB602K');
INSERT OR IGNORE INTO device_specs (device_id, announced, status, network, os, chipset, cpu, gpu, display_size, display_type, display_res, ram, storage, main_camera, selfie_camera, battery, charging, nfc, usb, bluetooth, wlan, colors, weight, dimensions, sim, sensors, popularity, fans, rating, full_specs_json) VALUES (187, '2018, April. Released 2018, May', 'Discontinued', 'GSM / HSPA / LTE / 4G/LTE', 'Android 8.1 (Oreo), upgradable to Android 9.0 (Pie)', 'Qualcomm SDM636 Snapdragon 636 (14 nm)', 'Octa-core (4x1.8 GHz Kryo 260 Gold & 4x1.6 GHz Kryo 260 Silver)', 'Adreno 509', '5.99 inches, 92.1 cm 2 (~76.2% screen-to-body ratio)', 'IPS LCD', '1080 x 2160 pixels, 18:9 ratio (~404 ppi density)', '3GB', '32GB', '13 MP, f/2.2, 25mm (wide), 1.12µm, PDAF, LED flash, HDR, panorama', '8 MP, f/2.2, 26mm (wide), 1.0µm, 1080p@30fps', 'Li-Po 5000 mAh, non-removable', '10W wired', 'Yes (market dependent)', 'microUSB 2.0, OTG', '5.0, A2DP, LE', 'Wi-Fi 802.11 b/g/n, Wi-Fi Direct', 'Meteor Silver, Deepsea Black', '180 g (6.35 oz)', '159 x 76 x 8.5 mm (6.26 x 2.99 x 0.33 in)', 'Nano-SIM + Nano-SIM', 'Fingerprint (rear-mounted), accelerometer, proximity, compass, gyroscope, ambient light sensor', 'About 160 EUR', NULL, NULL, '[{"category":"Network","specs":[{"label":"Technology","value":"GSM / HSPA / LTE"},{"label":"2G bands","value":"GSM 850 / 900 / 1800 / 1900"},{"label":"3G bands","value":"HSDPA 850 / 900 / 1900 / 2100"},{"label":"4G bands","value":"1, 3, 5, 7, 8, 20, 40 - India"},{"label":"Speed","value":"HSPA 42.2/5.76 Mbps, LTE Cat4 150/50 Mbps"}]},{"category":"Launch","specs":[{"label":"Announced","value":"2018, April. Released 2018, May"},{"label":"Status","value":"Discontinued"}]},{"category":"Body","specs":[{"label":"Dimensions","value":"159 x 76 x 8.5 mm (6.26 x 2.99 x 0.33 in)"},{"label":"Weight","value":"180 g (6.35 oz)"},{"label":"Build","value":"Glass front, aluminum back, plastic frame"},{"label":"SIM","value":"Nano-SIM + Nano-SIM"}]},{"category":"Display","specs":[{"label":"Type","value":"IPS LCD"},{"label":"Size","value":"5.99 inches, 92.1 cm 2 (~76.2% screen-to-body ratio)"},{"label":"Resolution","value":"1080 x 2160 pixels, 18:9 ratio (~404 ppi density)"}]},{"category":"Platform","specs":[{"label":"OS","value":"Android 8.1 (Oreo), upgradable to Android 9.0 (Pie)"},{"label":"Chipset","value":"Qualcomm SDM636 Snapdragon 636 (14 nm)"},{"label":"CPU","value":"Octa-core (4x1.8 GHz Kryo 260 Gold & 4x1.6 GHz Kryo 260 Silver)"},{"label":"GPU","value":"Adreno 509"}]},{"category":"Memory","specs":[{"label":"Card slot","value":"microSDXC (dedicated slot)"},{"label":"Internal","value":"32GB 3GB RAM, 64GB 4GB RAM, 128GB 6GB RAM"}]},{"category":"Main Camera","specs":[{"label":"Dual","value":"13 MP, f/2.2, 25mm (wide), 1.12µm, PDAF"},{"label":"Features","value":"LED flash, HDR, panorama"},{"label":"Video","value":"4K@30fps, 1080p@30/60fps"}]},{"category":"Selfie camera","specs":[{"label":"Single","value":"8 MP, f/2.2, 26mm (wide), 1.0µm"},{"label":"Video","value":"1080p@30fps"},{"label":"Features","value":"LED flash"}]},{"category":"Sound","specs":[{"label":"Loudspeaker","value":"Yes"},{"label":"3.5mm jack","value":"Yes"}]},{"category":"Comms","specs":[{"label":"WLAN","value":"Wi-Fi 802.11 b/g/n, Wi-Fi Direct"},{"label":"Bluetooth","value":"5.0, A2DP, LE"},{"label":"Positioning","value":"GPS, GLONASS, BDS"},{"label":"NFC","value":"Yes (market dependent)"},{"label":"USB","value":"microUSB 2.0, OTG"},{"label":"Radio","value":"FM radio"}]},{"category":"Features","specs":[{"label":"Sensors","value":"Fingerprint (rear-mounted), accelerometer, proximity, compass, gyroscope, ambient light sensor"}]},{"category":"Battery","specs":[{"label":"Type","value":"Li-Po 5000 mAh, non-removable"},{"label":"Charging","value":"10W wired"},{"label":"Stand-by","value":"Up to 840 h (3G)"},{"label":"Talk time","value":"Up to 42 h (3G)"},{"label":"Music play","value":"Up to 199 h"}]},{"category":"Misc","specs":[{"label":"Colors","value":"Meteor Silver, Deepsea Black"},{"label":"Models","value":"X00TD, X00TDB, X00TDA, ZB601KL, ZB602K, ZB602KL, ASUS_X00TD, X00T, X00TDE"},{"label":"Price","value":"About 160 EUR"}]}]');
INSERT OR IGNORE INTO device_pictures (device_id, url, position) VALUES (187, 'https://fdn2.gsmarena.com/vv/bigpic/asus-zenfone-max-pro-m1-zb601kl-.jpg', 0);
INSERT OR IGNORE INTO device_pictures (device_id, url, position) VALUES (187, 'https://fdn2.gsmarena.com/vv/pics/asus/asus-zenfone-max-pro-m1-zb601kl-0.jpg', 1);
INSERT OR IGNORE INTO device_pictures (device_id, url, position) VALUES (187, 'https://fdn2.gsmarena.com/vv/pics/asus/asus-zenfone-max-pro-m1-zb601kl-1.jpg', 2);
INSERT OR IGNORE INTO device_pictures (device_id, url, position) VALUES (187, 'https://fdn2.gsmarena.com/vv/pics/asus/asus-zenfone-max-pro-m1-zb601kl-2.jpg', 3);
INSERT OR IGNORE INTO devices (id, brand_id, name, gsmarena_url, thumbnail_url, summary) VALUES (188, 2, 'Zenfone 5z ZS620KL', 'https://www.gsmarena.com/asus_zenfone_5z_zs620kl-9096.php', 'https://fdn2.gsmarena.com/vv/bigpic/asus-zenfone-5-ze620kl-5z-zs620kl.jpg', 'Zenfone 5z ZS620KL');
INSERT OR IGNORE INTO device_specs (device_id, announced, status, network, os, chipset, cpu, gpu, display_size, display_type, display_res, ram, storage, main_camera, selfie_camera, battery, charging, nfc, usb, bluetooth, wlan, colors, weight, dimensions, sim, sensors, popularity, fans, rating, full_specs_json) VALUES (188, '2018, February. Released 2018, June', 'Discontinued', 'GSM / CDMA / HSPA / LTE / 4G/LTE', 'Android 8.0 (Oreo), upgradable to Android 10', 'Qualcomm SDM845 Snapdragon 845 (10 nm)', 'Octa-core (4x2.7 GHz Kryo 385 Gold & 4x1.7 GHz Kryo 385 Silver)', 'Adreno 630', '6.2 inches, 96.9 cm 2 (~83.6% screen-to-body ratio)', 'IPS LCD', '1080 x 2246 pixels, 18.7:9 ratio (~402 ppi density)', '4GB', '64GB', '12 MP, f/1.8, 24mm (wide), 1/2.55", 1.4µm, PDAF, 4-axis OIS, Dual-LED dual-tone flash, HDR, panorama', '8 MP, f/2.0, 24mm (wide), 1/4.0", 1.12µm, 1080p@30fps (gyro-EIS)', 'Li-Ion 3300 mAh, non-removable', '18W wired', 'Yes', 'USB Type-C 2.0, OTG', 'v5.0, A2DP, LE', 'Wi-Fi 802.11 a/b/g/n/ac, Wi-Fi Direct', 'Midnight Blue, Meteor Silver', '165 g (5.82 oz)', '153 x 75.7 x 7.9 mm (6.02 x 2.98 x 0.31 in)', 'Nano-SIM + Nano-SIM', 'Fingerprint (rear-mounted), accelerometer, gyro, proximity, compass', 'About 500 EUR', NULL, NULL, '[{"category":"Network","specs":[{"label":"Technology","value":"GSM / CDMA / HSPA / LTE"},{"label":"2G bands","value":"GSM 850 / 900 / 1800 / 1900"},{"label":"3G bands","value":"HSDPA 800 / 850 / 900 / 1700(AWS) / 1800 / 1900 / 2100 - B version, C version"},{"label":"4G bands","value":"1, 2, 3, 4, 5, 7, 8, 12, 17, 18, 19, 20, 26, 28, 29, 30, 32, 34, 38, 39, 40, 41 - B version, C version"},{"label":"Speed","value":"HSPA 42.2/5.76 Mbps, LTE (5CA) Cat18 1200/150 Mbps"}]},{"category":"Launch","specs":[{"label":"Announced","value":"2018, February. Released 2018, June"},{"label":"Status","value":"Discontinued"}]},{"category":"Body","specs":[{"label":"Dimensions","value":"153 x 75.7 x 7.9 mm (6.02 x 2.98 x 0.31 in)"},{"label":"Weight","value":"165 g (5.82 oz)"},{"label":"Build","value":"Glass front (Gorilla Glass), aluminum back, aluminum frame"},{"label":"SIM","value":"Nano-SIM + Nano-SIM"}]},{"category":"Display","specs":[{"label":"Type","value":"IPS LCD"},{"label":"Size","value":"6.2 inches, 96.9 cm 2 (~83.6% screen-to-body ratio)"},{"label":"Resolution","value":"1080 x 2246 pixels, 18.7:9 ratio (~402 ppi density)"},{"label":"Protection","value":"Corning Gorilla Glass (unspecified version)"}]},{"category":"Platform","specs":[{"label":"OS","value":"Android 8.0 (Oreo), upgradable to Android 10"},{"label":"Chipset","value":"Qualcomm SDM845 Snapdragon 845 (10 nm)"},{"label":"CPU","value":"Octa-core (4x2.7 GHz Kryo 385 Gold & 4x1.7 GHz Kryo 385 Silver)"},{"label":"GPU","value":"Adreno 630"}]},{"category":"Memory","specs":[{"label":"Card slot","value":"microSDXC (uses shared SIM slot)"},{"label":"Internal","value":"64GB 4GB RAM, 64GB 6GB RAM, 128GB 6GB RAM, 256GB 8GB RAM"}]},{"category":"Main Camera","specs":[{"label":"Dual","value":"12 MP, f/1.8, 24mm (wide), 1/2.55\\", 1.4µm, PDAF, 4-axis OIS"},{"label":"Features","value":"Dual-LED dual-tone flash, HDR, panorama"},{"label":"Video","value":"4K@30fps, 1080p@60/120fps, 1080p@30fps (gyro-EIS), 720p@240fps"}]},{"category":"Selfie camera","specs":[{"label":"Single","value":"8 MP, f/2.0, 24mm (wide), 1/4.0\\", 1.12µm"},{"label":"Video","value":"1080p@30fps (gyro-EIS)"},{"label":"Features","value":"HDR"}]},{"category":"Sound","specs":[{"label":"Loudspeaker","value":"Yes, with dual speakers"},{"label":"3.5mm jack","value":"Yes"}]},{"category":"Comms","specs":[{"label":"WLAN","value":"Wi-Fi 802.11 a/b/g/n/ac, Wi-Fi Direct"},{"label":"Bluetooth","value":"v5.0, A2DP, LE"},{"label":"Positioning","value":"GPS, GLONASS, BDS"},{"label":"NFC","value":"Yes"},{"label":"USB","value":"USB Type-C 2.0, OTG"},{"label":"Radio","value":"FM radio"}]},{"category":"Features","specs":[{"label":"Sensors","value":"Fingerprint (rear-mounted), accelerometer, gyro, proximity, compass"}]},{"category":"Battery","specs":[{"label":"Type","value":"Li-Ion 3300 mAh, non-removable"},{"label":"Charging","value":"18W wired"}]},{"category":"Misc","specs":[{"label":"Colors","value":"Midnight Blue, Meteor Silver"},{"label":"Models","value":"Z01RD"},{"label":"Price","value":"About 500 EUR"}]}]');
INSERT OR IGNORE INTO device_pictures (device_id, url, position) VALUES (188, 'https://fdn2.gsmarena.com/vv/bigpic/asus-zenfone-5-ze620kl-5z-zs620kl.jpg', 0);
INSERT OR IGNORE INTO device_pictures (device_id, url, position) VALUES (188, 'https://fdn2.gsmarena.com/vv/pics/asus/asus-zenfone-5-ze620kl-5z-zs620kl-1.jpg', 1);
INSERT OR IGNORE INTO device_pictures (device_id, url, position) VALUES (188, 'https://fdn2.gsmarena.com/vv/pics/asus/asus-zenfone-5-ze620kl-5z-zs620kl-3.jpg', 2);
INSERT OR IGNORE INTO device_pictures (device_id, url, position) VALUES (188, 'https://fdn2.gsmarena.com/vv/pics/asus/asus-zenfone-5-ze620kl-5z-zs620kl-2.jpg', 3);
INSERT OR IGNORE INTO devices (id, brand_id, name, gsmarena_url, thumbnail_url, summary) VALUES (189, 2, 'Zenfone 5 ZE620KL', 'https://www.gsmarena.com/asus_zenfone_5_ze620kl-9061.php', 'https://fdn2.gsmarena.com/vv/bigpic/asus-zenfone-5-ze620kl-5z-zs620kl.jpg', 'Zenfone 5 ZE620KL');
INSERT OR IGNORE INTO device_specs (device_id, announced, status, network, os, chipset, cpu, gpu, display_size, display_type, display_res, ram, storage, main_camera, selfie_camera, battery, charging, nfc, usb, bluetooth, wlan, colors, weight, dimensions, sim, sensors, popularity, fans, rating, full_specs_json) VALUES (189, '2018, February. Released 2018, May', 'Discontinued', 'GSM / HSPA / LTE / 4G/LTE', 'Android 8.0 (Oreo), upgradable to Android 9.0 (Pie), ZenUI 5', 'Qualcomm SDM636 Snapdragon 636 (14 nm)', 'Octa-core (4x1.8 GHz Kryo 260 Gold & 4x1.6 GHz Kryo 260 Silver)', 'Adreno 509', '6.2 inches, 96.9 cm 2 (~83.6% screen-to-body ratio)', 'IPS LCD', '1080 x 2246 pixels, 18.7:9 ratio (~402 ppi density)', '4GB', '64GB', '12 MP, f/1.8, 24mm (wide), 1/2.55", 1.4µm, PDAF, 4-axis OIS, Dual-LED dual-tone flash, HDR, panorama', '8 MP, f/2.0, 24mm (wide), 1/4.0", 1.12µm, 1080p@30fps (gyro-EIS)', 'Li-Ion 3300 mAh, non-removable', '10W wired', 'Yes', 'USB Type-C 2.0, OTG', 'v5.0, A2DP, LE', 'Wi-Fi 802.11 a/b/g/n/ac, Wi-Fi Direct', 'Midnight Blue, Meteor Silver', '165 g (5.82 oz)', '153 x 75.7 x 7.7 mm (6.02 x 2.98 x 0.30 in)', 'Nano-SIM + Nano-SIM', 'Fingerprint (rear-mounted), accelerometer, gyro, proximity, compass', 'About 320 EUR', NULL, NULL, '[{"category":"Network","specs":[{"label":"Technology","value":"GSM / HSPA / LTE"},{"label":"2G bands","value":"GSM 850 / 900 / 1800 / 1900"},{"label":"3G bands","value":"HSDPA 800 / 850 / 900 / 1900 / 2100 - A version, B version"},{"label":"4G bands","value":"1, 2, 3, 5, 7, 8, 18, 19, 20, 26, 28, 32, 34, 38, 39, 40, 41 - A version"},{"label":"Speed","value":"HSPA 42.2/5.76 Mbps, LTE (2CA) Cat6 400/75 Mbps"}]},{"category":"Launch","specs":[{"label":"Announced","value":"2018, February. Released 2018, May"},{"label":"Status","value":"Discontinued"}]},{"category":"Body","specs":[{"label":"Dimensions","value":"153 x 75.7 x 7.7 mm (6.02 x 2.98 x 0.30 in)"},{"label":"Weight","value":"165 g (5.82 oz)"},{"label":"Build","value":"Glass front (Gorilla Glass), glass back, aluminum frame"},{"label":"SIM","value":"Nano-SIM + Nano-SIM"}]},{"category":"Display","specs":[{"label":"Type","value":"IPS LCD"},{"label":"Size","value":"6.2 inches, 96.9 cm 2 (~83.6% screen-to-body ratio)"},{"label":"Resolution","value":"1080 x 2246 pixels, 18.7:9 ratio (~402 ppi density)"},{"label":"Protection","value":"Corning Gorilla Glass (unspecified version)"}]},{"category":"Platform","specs":[{"label":"OS","value":"Android 8.0 (Oreo), upgradable to Android 9.0 (Pie), ZenUI 5"},{"label":"Chipset","value":"Qualcomm SDM636 Snapdragon 636 (14 nm)"},{"label":"CPU","value":"Octa-core (4x1.8 GHz Kryo 260 Gold & 4x1.6 GHz Kryo 260 Silver)"},{"label":"GPU","value":"Adreno 509"}]},{"category":"Memory","specs":[{"label":"Card slot","value":"microSDXC (uses shared SIM slot)"},{"label":"Internal","value":"64GB 4GB RAM, 64GB 6GB RAM"}]},{"category":"Main Camera","specs":[{"label":"Dual","value":"12 MP, f/1.8, 24mm (wide), 1/2.55\\", 1.4µm, PDAF, 4-axis OIS"},{"label":"Features","value":"Dual-LED dual-tone flash, HDR, panorama"},{"label":"Video","value":"4K@30fps, 1080p@60fps, 1080p@30fps (gyro-EIS)"}]},{"category":"Selfie camera","specs":[{"label":"Single","value":"8 MP, f/2.0, 24mm (wide), 1/4.0\\", 1.12µm"},{"label":"Video","value":"1080p@30fps (gyro-EIS)"}]},{"category":"Sound","specs":[{"label":"Loudspeaker","value":"Yes, with dual speakers"},{"label":"3.5mm jack","value":"Yes"}]},{"category":"Comms","specs":[{"label":"WLAN","value":"Wi-Fi 802.11 a/b/g/n/ac, Wi-Fi Direct"},{"label":"Bluetooth","value":"v5.0, A2DP, LE"},{"label":"Positioning","value":"GPS, GLONASS, BDS, GALILEO"},{"label":"NFC","value":"Yes"},{"label":"USB","value":"USB Type-C 2.0, OTG"},{"label":"Radio","value":"FM radio"}]},{"category":"Features","specs":[{"label":"Sensors","value":"Fingerprint (rear-mounted), accelerometer, gyro, proximity, compass"}]},{"category":"Battery","specs":[{"label":"Type","value":"Li-Ion 3300 mAh, non-removable"},{"label":"Charging","value":"10W wired"}]},{"category":"Misc","specs":[{"label":"Colors","value":"Midnight Blue, Meteor Silver"},{"label":"Models","value":"X00QD, ZE620KL, ZF620KL, X00QDA"},{"label":"Price","value":"About 320 EUR"}]}]');
INSERT OR IGNORE INTO device_pictures (device_id, url, position) VALUES (189, 'https://fdn2.gsmarena.com/vv/bigpic/asus-zenfone-5-ze620kl-5z-zs620kl.jpg', 0);
INSERT OR IGNORE INTO device_pictures (device_id, url, position) VALUES (189, 'https://fdn2.gsmarena.com/vv/pics/asus/asus-zenfone-5-ze620kl-5z-zs620kl-1.jpg', 1);
INSERT OR IGNORE INTO device_pictures (device_id, url, position) VALUES (189, 'https://fdn2.gsmarena.com/vv/pics/asus/asus-zenfone-5-ze620kl-5z-zs620kl-3.jpg', 2);
INSERT OR IGNORE INTO device_pictures (device_id, url, position) VALUES (189, 'https://fdn2.gsmarena.com/vv/pics/asus/asus-zenfone-5-ze620kl-5z-zs620kl-2.jpg', 3);
INSERT OR IGNORE INTO devices (id, brand_id, name, gsmarena_url, thumbnail_url, summary) VALUES (190, 2, 'Zenfone 5 Lite ZC600KL', 'https://www.gsmarena.com/asus_zenfone_5_lite_zc600kl-9068.php', 'https://fdn2.gsmarena.com/vv/bigpic/asus-zenfone-5-lite-r.jpg', 'Zenfone 5 Lite ZC600KL');
INSERT OR IGNORE INTO device_specs (device_id, announced, status, network, os, chipset, cpu, gpu, display_size, display_type, display_res, ram, storage, main_camera, selfie_camera, battery, charging, nfc, usb, bluetooth, wlan, colors, weight, dimensions, sim, sensors, popularity, fans, rating, full_specs_json) VALUES (190, '2018, February. Released 2018, May', 'Discontinued', 'GSM / HSPA / LTE / 4G/LTE', 'Android 7.1.1 (Nougat), upgradable to Android 9.0 (Pie)', 'Qualcomm SDM630 Snapdragon 630 (14 nm) Qualcomm MSM8937 Snapdragon 430 (28 nm)', 'Octa-core 2.2 GHz Cortex-A53 Octa-core 1.4 GHz Cortex-A53', 'Adreno 508 Adreno 505', '6.0 inches, 92.9 cm 2 (~75.9% screen-to-body ratio)', 'IPS LCD', '1080 x 2160 pixels, 18:9 ratio (~402 ppi density)', '3GB', '32GB', '16 MP, f/2.2, 26mm (wide), PDAF, LED flash, HDR, panorama', '20 MP, f/2.0, 23mm (wide), 1/2.8", 1.0µm, 1080p@30fps (gyro-EIS)', 'Li-Ion 3300 mAh, non-removable', NULL, 'Yes', 'microUSB 2.0, OTG', '4.1 or 4.2 (SDM630 only), A2DP, LE', 'Wi-Fi 802.11 a/b/g/n/ac, dual-band, Wi-Fi Direct (SDM630) Wi-Fi 802.11, b/g/n, Wi-Fi Direct (MSM8937)', 'Midnight Black, Moonlight White, Rouge Red', '168 g (5.93 oz)', '160.6 x 76.2 x 7.8 mm (6.32 x 3.00 x 0.31 in)', 'Nano-SIM + Nano-SIM', 'Fingerprint (rear-mounted), accelerometer, gyro, proximity, compass', 'About 200 EUR', NULL, NULL, '[{"category":"Network","specs":[{"label":"Technology","value":"GSM / HSPA / LTE"},{"label":"2G bands","value":"GSM 850 / 900 / 1800 / 1900"},{"label":"3G bands","value":"HSDPA 850 / 900 / 2100 - Europe"},{"label":"4G bands","value":"1, 3, 5, 7, 8, 20, 40 - Europe"},{"label":"Speed","value":"HSPA 42.2/5.76 Mbps, LTE (2CA) Cat6 400/75 Mbps (SDM630) HSPA 42.2/5.76 Mbps, LTE Cat4 150/75 Mbps (MSM8937)"}]},{"category":"Launch","specs":[{"label":"Announced","value":"2018, February. Released 2018, May"},{"label":"Status","value":"Discontinued"}]},{"category":"Body","specs":[{"label":"Dimensions","value":"160.6 x 76.2 x 7.8 mm (6.32 x 3.00 x 0.31 in)"},{"label":"Weight","value":"168 g (5.93 oz)"},{"label":"Build","value":"Glass front, glass back, aluminum frame"},{"label":"SIM","value":"Nano-SIM + Nano-SIM"}]},{"category":"Display","specs":[{"label":"Type","value":"IPS LCD"},{"label":"Size","value":"6.0 inches, 92.9 cm 2 (~75.9% screen-to-body ratio)"},{"label":"Resolution","value":"1080 x 2160 pixels, 18:9 ratio (~402 ppi density)"}]},{"category":"Platform","specs":[{"label":"OS","value":"Android 7.1.1 (Nougat), upgradable to Android 9.0 (Pie)"},{"label":"Chipset","value":"Qualcomm SDM630 Snapdragon 630 (14 nm) Qualcomm MSM8937 Snapdragon 430 (28 nm)"},{"label":"CPU","value":"Octa-core 2.2 GHz Cortex-A53 Octa-core 1.4 GHz Cortex-A53"},{"label":"GPU","value":"Adreno 508 Adreno 505"}]},{"category":"Memory","specs":[{"label":"Card slot","value":"microSDXC (dedicated slot)"},{"label":"Internal","value":"32GB 3GB RAM, 64GB 4GB RAM"}]},{"category":"Main Camera","specs":[{"label":"Dual","value":"16 MP, f/2.2, 26mm (wide), PDAF"},{"label":"Features","value":"LED flash, HDR, panorama"},{"label":"Video","value":"4K@30fps (SDM630 only), 1080p@60fps, 1080p@30fps (gyro-EIS)"}]},{"category":"Selfie camera","specs":[{"label":"Dual","value":"20 MP, f/2.0, 23mm (wide), 1/2.8\\", 1.0µm"},{"label":"Video","value":"1080p@30fps (gyro-EIS)"},{"label":"Features","value":"LED flash"}]},{"category":"Sound","specs":[{"label":"Loudspeaker","value":"Yes"},{"label":"3.5mm jack","value":"Yes"}]},{"category":"Comms","specs":[{"label":"WLAN","value":"Wi-Fi 802.11 a/b/g/n/ac, dual-band, Wi-Fi Direct (SDM630) Wi-Fi 802.11, b/g/n, Wi-Fi Direct (MSM8937)"},{"label":"Bluetooth","value":"4.1 or 4.2 (SDM630 only), A2DP, LE"},{"label":"Positioning","value":"GPS, GLONASS, BDS"},{"label":"NFC","value":"Yes"},{"label":"USB","value":"microUSB 2.0, OTG"},{"label":"Radio","value":"FM radio"}]},{"category":"Features","specs":[{"label":"Sensors","value":"Fingerprint (rear-mounted), accelerometer, gyro, proximity, compass"}]},{"category":"Battery","specs":[{"label":"Type","value":"Li-Ion 3300 mAh, non-removable"},{"label":"Talk time","value":"Up to 30 h (3G)"}]},{"category":"Misc","specs":[{"label":"Colors","value":"Midnight Black, Moonlight White, Rouge Red"},{"label":"Models","value":"X017DA, X017D"},{"label":"Price","value":"About 200 EUR"}]}]');
INSERT OR IGNORE INTO device_pictures (device_id, url, position) VALUES (190, 'https://fdn2.gsmarena.com/vv/bigpic/asus-zenfone-5-lite-r.jpg', 0);
INSERT OR IGNORE INTO device_pictures (device_id, url, position) VALUES (190, 'https://fdn2.gsmarena.com/vv/pics/asus/asus-zenfone-5-lite-zc600kl-1.jpg', 1);
INSERT OR IGNORE INTO device_pictures (device_id, url, position) VALUES (190, 'https://fdn2.gsmarena.com/vv/pics/asus/asus-zenfone-5-lite-zc600kl-2.jpg', 2);
INSERT OR IGNORE INTO device_pictures (device_id, url, position) VALUES (190, 'https://fdn2.gsmarena.com/vv/pics/asus/asus-zenfone-5-lite-zc600kl-3.jpg', 3);
INSERT OR IGNORE INTO devices (id, brand_id, name, gsmarena_url, thumbnail_url, summary) VALUES (191, 2, 'Zenfone Max (M1) ZB555KL', 'https://www.gsmarena.com/asus_zenfone_max_(m1)_zb555kl-9097.php', 'https://fdn2.gsmarena.com/vv/bigpic/asus-zenfone-max-m1-zb555kl.jpg', 'Zenfone Max (M1) ZB555KL');
INSERT OR IGNORE INTO device_specs (device_id, announced, status, network, os, chipset, cpu, gpu, display_size, display_type, display_res, ram, storage, main_camera, selfie_camera, battery, charging, nfc, usb, bluetooth, wlan, colors, weight, dimensions, sim, sensors, popularity, fans, rating, full_specs_json) VALUES (191, '2018, February. Released 2018, May', 'Discontinued', 'GSM / HSPA / LTE / 4G/LTE', 'Android 8 (Oreo), ZenUI 5', 'Qualcomm MSM8917 Snapdragon 425 (28 nm) Qualcomm MSM8937 Snapdragon 430 (28 nm)', 'Quad-core 1.4 GHz Cortex-A53 Octa-core 1.4 GHz Cortex-A53', 'Adreno 308 Adreno 505', '5.5 inches, 88.1 cm 2 (~84.4% screen-to-body ratio)', 'IPS LCD', '720 x 1440 pixels, 16:10 ratio (~245 ppi density)', '2GB', '16GB', '13 MP, f/2.0, PDAF, LED flash, HDR, panorama', '8 MP, f/2.2, 25mm (wide), 1080p@30fps (gyro-EIS)', 'Li-Po 4000 mAh, non-removable', '10W wired', 'No', 'microUSB 2.0, OTG', '4.2, A2DP, LE', 'Wi-Fi 802.11 b/g/n, Wi-Fi Direct', 'Deepsea Black, Sunlight Gold, Ruby Red', '150 g (5.29 oz)', '147.3 x 70.9 x 8.7 mm (5.80 x 2.79 x 0.34 in)', 'Nano-SIM + Nano-SIM', 'Fingerprint (rear-mounted), accelerometer, proximity, compass', 'About 150 EUR', NULL, NULL, '[{"category":"Network","specs":[{"label":"Technology","value":"GSM / HSPA / LTE"},{"label":"2G bands","value":"GSM 850 / 900 / 1800 / 1900"},{"label":"3G bands","value":"HSDPA 850 / 900 / 1900 / 2100 - A version"},{"label":"4G bands","value":"1, 2, 3, 5, 7, 8, 20, 40 - A version"},{"label":"Speed","value":"HSPA 42.2/5.76 Mbps, LTE Cat4 150/50 Mbps"}]},{"category":"Launch","specs":[{"label":"Announced","value":"2018, February. Released 2018, May"},{"label":"Status","value":"Discontinued"}]},{"category":"Body","specs":[{"label":"Dimensions","value":"147.3 x 70.9 x 8.7 mm (5.80 x 2.79 x 0.34 in)"},{"label":"Weight","value":"150 g (5.29 oz)"},{"label":"Build","value":"Glass front, plastic back, plastic frame"},{"label":"SIM","value":"Nano-SIM + Nano-SIM"}]},{"category":"Display","specs":[{"label":"Type","value":"IPS LCD"},{"label":"Size","value":"5.5 inches, 88.1 cm 2 (~84.4% screen-to-body ratio)"},{"label":"Resolution","value":"720 x 1440 pixels, 16:10 ratio (~245 ppi density)"}]},{"category":"Platform","specs":[{"label":"OS","value":"Android 8 (Oreo), ZenUI 5"},{"label":"Chipset","value":"Qualcomm MSM8917 Snapdragon 425 (28 nm) Qualcomm MSM8937 Snapdragon 430 (28 nm)"},{"label":"CPU","value":"Quad-core 1.4 GHz Cortex-A53 Octa-core 1.4 GHz Cortex-A53"},{"label":"GPU","value":"Adreno 308 Adreno 505"}]},{"category":"Memory","specs":[{"label":"Card slot","value":"microSDXC (dedicated slot)"},{"label":"Internal","value":"16GB 2GB RAM, 32GB 2GB RAM, 32GB 3GB RAM"}]},{"category":"Main Camera","specs":[{"label":"Dual","value":"13 MP, f/2.0, PDAF"},{"label":"Features","value":"LED flash, HDR, panorama"},{"label":"Video","value":"1080p@30fps (gyro-EIS)"}]},{"category":"Selfie camera","specs":[{"label":"Single","value":"8 MP, f/2.2, 25mm (wide)"},{"label":"Video","value":"1080p@30fps (gyro-EIS)"}]},{"category":"Sound","specs":[{"label":"Loudspeaker","value":"Yes"},{"label":"3.5mm jack","value":"Yes"}]},{"category":"Comms","specs":[{"label":"WLAN","value":"Wi-Fi 802.11 b/g/n, Wi-Fi Direct"},{"label":"Bluetooth","value":"4.2, A2DP, LE"},{"label":"Positioning","value":"GPS, GLONASS, BDS"},{"label":"NFC","value":"No"},{"label":"USB","value":"microUSB 2.0, OTG"},{"label":"Radio","value":"FM radio"}]},{"category":"Features","specs":[{"label":"Sensors","value":"Fingerprint (rear-mounted), accelerometer, proximity, compass"}]},{"category":"Battery","specs":[{"label":"Type","value":"Li-Po 4000 mAh, non-removable"},{"label":"Charging","value":"10W wired"},{"label":"Talk time","value":"Up to 36 h (3G)"}]},{"category":"Misc","specs":[{"label":"Colors","value":"Deepsea Black, Sunlight Gold, Ruby Red"},{"label":"Models","value":"X00PD"},{"label":"Price","value":"About 150 EUR"}]}]');
INSERT OR IGNORE INTO device_pictures (device_id, url, position) VALUES (191, 'https://fdn2.gsmarena.com/vv/bigpic/asus-zenfone-max-m1-zb555kl.jpg', 0);
INSERT OR IGNORE INTO device_pictures (device_id, url, position) VALUES (191, 'https://fdn2.gsmarena.com/vv/pics/asus/asus-zenfone-max-m1-.jpg', 1);
INSERT OR IGNORE INTO device_pictures (device_id, url, position) VALUES (191, 'https://fdn2.gsmarena.com/vv/pics/asus/asus-zenfone-max-m1-zb555kl-2.jpg', 2);
INSERT OR IGNORE INTO devices (id, brand_id, name, gsmarena_url, thumbnail_url, summary) VALUES (192, 2, 'Zenfone Max Plus (M1) ZB570TL', 'https://www.gsmarena.com/asus_zenfone_max_plus_(m1)_zb570tl-8953.php', 'https://fdn2.gsmarena.com/vv/bigpic/asus-zenfone-max-m1.jpg', 'Zenfone Max Plus (M1) ZB570TL');
INSERT OR IGNORE INTO device_specs (device_id, announced, status, network, os, chipset, cpu, gpu, display_size, display_type, display_res, ram, storage, main_camera, selfie_camera, battery, charging, nfc, usb, bluetooth, wlan, colors, weight, dimensions, sim, sensors, popularity, fans, rating, full_specs_json) VALUES (192, '2017, November. Released 2017, December', 'Discontinued', 'GSM / CDMA / HSPA / LTE / 4G/LTE', 'Android 7 (Nougat), ZenUI 4', 'Mediatek MT6750T (28 nm)', 'Octa-core (4x1.5 GHz Cortex-A53 & 4x1.0 GHz Cortex-A53)', 'Mali-T860MP2', '5.7 inches, 83.8 cm 2 (~75.3% screen-to-body ratio)', 'IPS LCD', '1080 x 2160 pixels, 18:9 ratio (~424 ppi density)', '2GB', '16GB', '16 MP, f/2.0, 35mm (standard), PDAF, LED flash, HDR, panorama', '8 MP, f/2.0, 25mm (wide)', 'Li-Po 4130 mAh, non-removable', '10W wired', 'No', 'microUSB 2.0, OTG', '4.0, A2DP, LE', 'Wi-Fi 802.11 b/g/n, Wi-Fi Direct', 'Sunlight Gold, Azure Silver, Deepsea Black', '160 g (5.64 oz)', '152.6 x 73 x 8.8 mm (6.01 x 2.87 x 0.35 in)', 'Nano-SIM + Nano-SIM', 'Fingerprint (rear-mounted), accelerometer, gyro, proximity, compass', 'About 250 EUR', NULL, NULL, '[{"category":"Network","specs":[{"label":"Technology","value":"GSM / CDMA / HSPA / LTE"},{"label":"2G bands","value":"GSM 850 / 900 / 1800 / 1900 - SIM 1 & SIM 2"},{"label":"3G bands","value":"HSDPA 850 / 900 / 1900 / 2100 - Global, China"},{"label":"4G bands","value":"1, 2, 3, 5, 7, 8, 20, 40 - Global"},{"label":"Speed","value":"HSPA 42.2/5.76 Mbps, LTE Cat4 150/50 Mbps"}]},{"category":"Launch","specs":[{"label":"Announced","value":"2017, November. Released 2017, December"},{"label":"Status","value":"Discontinued"}]},{"category":"Body","specs":[{"label":"Dimensions","value":"152.6 x 73 x 8.8 mm (6.01 x 2.87 x 0.35 in)"},{"label":"Weight","value":"160 g (5.64 oz)"},{"label":"Build","value":"Glass front, aluminum back, aluminum frame"},{"label":"SIM","value":"Nano-SIM + Nano-SIM"}]},{"category":"Display","specs":[{"label":"Type","value":"IPS LCD"},{"label":"Size","value":"5.7 inches, 83.8 cm 2 (~75.3% screen-to-body ratio)"},{"label":"Resolution","value":"1080 x 2160 pixels, 18:9 ratio (~424 ppi density)"}]},{"category":"Platform","specs":[{"label":"OS","value":"Android 7 (Nougat), ZenUI 4"},{"label":"Chipset","value":"Mediatek MT6750T (28 nm)"},{"label":"CPU","value":"Octa-core (4x1.5 GHz Cortex-A53 & 4x1.0 GHz Cortex-A53)"},{"label":"GPU","value":"Mali-T860MP2"}]},{"category":"Memory","specs":[{"label":"Card slot","value":"microSDXC (dedicated slot)"},{"label":"Internal","value":"16GB 2GB RAM, 32GB 3GB RAM, 64GB 4GB RAM"}]},{"category":"Main Camera","specs":[{"label":"Dual","value":"16 MP, f/2.0, 35mm (standard), PDAF"},{"label":"Features","value":"LED flash, HDR, panorama"},{"label":"Video","value":"1080p@30fps"}]},{"category":"Selfie camera","specs":[{"label":"Single","value":"8 MP, f/2.0, 25mm (wide)"}]},{"category":"Sound","specs":[{"label":"Loudspeaker","value":"Yes"},{"label":"3.5mm jack","value":"Yes"}]},{"category":"Comms","specs":[{"label":"WLAN","value":"Wi-Fi 802.11 b/g/n, Wi-Fi Direct"},{"label":"Bluetooth","value":"4.0, A2DP, LE"},{"label":"Positioning","value":"GPS, GLONASS"},{"label":"NFC","value":"No"},{"label":"USB","value":"microUSB 2.0, OTG"},{"label":"Radio","value":"FM radio"}]},{"category":"Features","specs":[{"label":"Sensors","value":"Fingerprint (rear-mounted), accelerometer, gyro, proximity, compass"}]},{"category":"Battery","specs":[{"label":"Type","value":"Li-Po 4130 mAh, non-removable"},{"label":"Charging","value":"10W wired"}]},{"category":"Misc","specs":[{"label":"Colors","value":"Sunlight Gold, Azure Silver, Deepsea Black"},{"label":"Models","value":"X018D"},{"label":"Price","value":"About 250 EUR"}]}]');
INSERT OR IGNORE INTO device_pictures (device_id, url, position) VALUES (192, 'https://fdn2.gsmarena.com/vv/bigpic/asus-zenfone-max-m1.jpg', 0);
INSERT OR IGNORE INTO device_pictures (device_id, url, position) VALUES (192, 'https://fdn2.gsmarena.com/vv/pics/asus/asus-zenfone-max-m1-1.jpg', 1);
INSERT OR IGNORE INTO devices (id, brand_id, name, gsmarena_url, thumbnail_url, summary) VALUES (193, 2, 'Zenfone V V520KL', 'https://www.gsmarena.com/asus_zenfone_v_v520kl-8866.php', 'https://fdn2.gsmarena.com/vv/bigpic/asus-zenfone-v-v520kl.jpg', 'Zenfone V V520KL');
INSERT OR IGNORE INTO device_specs (device_id, announced, status, network, os, chipset, cpu, gpu, display_size, display_type, display_res, ram, storage, main_camera, selfie_camera, battery, charging, nfc, usb, bluetooth, wlan, colors, weight, dimensions, sim, sensors, popularity, fans, rating, full_specs_json) VALUES (193, '2017, September. Released 2017, September', 'Discontinued', 'GSM / HSPA / LTE / 4G/LTE', 'Android 7 (Nougat), ZenUI 3', 'Qualcomm MSM8996 Snapdragon 820 (14 nm)', 'Quad-core (2x2.15 GHz Kryo & 2x1.6 GHz Kryo)', 'Adreno 530', '5.2 inches, 74.5 cm 2 (~70.0% screen-to-body ratio)', 'AMOLED', '1080 x 1920 pixels, 16:9 ratio (~424 ppi density)', '4GB', '32GB', '23 MP, f/2.0, 1/2.6", 1.0µm, PDAF, 4-axis OIS, Laser AF, Dual-LED dual-tone flash, HDR, panorama', '8 MP, f/2.0, 1080p@30fps', 'Li-Ion 3000 mAh, non-removable', '18W wired, PD 2.0, QC2, 60% in 37 min', 'No', 'USB Type-C 3.0', '4.2, A2DP, EDR, LE', 'Wi-Fi 802.11 a/b/g/n/ac, dual-band, Wi-Fi Direct', 'Sapphire Black', '147.1 g (5.19 oz)', '146.6 x 72.6 x 7.6 mm (5.77 x 2.86 x 0.30 in)', 'Nano-SIM + Nano-SIM', 'Fingerprint (front-mounted), accelerometer, gyro, proximity, compass', 'About 100 EUR', NULL, NULL, '[{"category":"Network","specs":[{"label":"Technology","value":"GSM / HSPA / LTE"},{"label":"2G bands","value":"GSM 850 / 900 / 1800 / 1900 - SIM 1 & SIM 2"},{"label":"3G bands","value":"HSDPA 850 / 900 / 1900 / 2100"},{"label":"4G bands","value":"2, 4, 5, 13"},{"label":"Speed","value":"HSPA 42.2/5.76 Mbps, LTE (2CA) Cat6 400/50 Mbps"}]},{"category":"Launch","specs":[{"label":"Announced","value":"2017, September. Released 2017, September"},{"label":"Status","value":"Discontinued"}]},{"category":"Body","specs":[{"label":"Dimensions","value":"146.6 x 72.6 x 7.6 mm (5.77 x 2.86 x 0.30 in)"},{"label":"Weight","value":"147.1 g (5.19 oz)"},{"label":"SIM","value":"Nano-SIM + Nano-SIM"}]},{"category":"Display","specs":[{"label":"Type","value":"AMOLED"},{"label":"Size","value":"5.2 inches, 74.5 cm 2 (~70.0% screen-to-body ratio)"},{"label":"Resolution","value":"1080 x 1920 pixels, 16:9 ratio (~424 ppi density)"},{"label":"Protection","value":"Corning Gorilla Glass 3"}]},{"category":"Platform","specs":[{"label":"OS","value":"Android 7 (Nougat), ZenUI 3"},{"label":"Chipset","value":"Qualcomm MSM8996 Snapdragon 820 (14 nm)"},{"label":"CPU","value":"Quad-core (2x2.15 GHz Kryo & 2x1.6 GHz Kryo)"},{"label":"GPU","value":"Adreno 530"}]},{"category":"Memory","specs":[{"label":"Card slot","value":"microSDXC (uses shared SIM slot)"},{"label":"Internal","value":"32GB 4GB RAM"}]},{"category":"Main Camera","specs":[{"label":"Single","value":"23 MP, f/2.0, 1/2.6\\", 1.0µm, PDAF, 4-axis OIS"},{"label":"Features","value":"Laser AF, Dual-LED dual-tone flash, HDR, panorama"},{"label":"Video","value":"4K@30fps, 1080p@30fps"}]},{"category":"Selfie camera","specs":[{"label":"Single","value":"8 MP, f/2.0"},{"label":"Video","value":"1080p@30fps"},{"label":"Features","value":"HDR, panorama"}]},{"category":"Sound","specs":[{"label":"Loudspeaker","value":"Yes"},{"label":"3.5mm jack","value":"Yes"}]},{"category":"Comms","specs":[{"label":"WLAN","value":"Wi-Fi 802.11 a/b/g/n/ac, dual-band, Wi-Fi Direct"},{"label":"Bluetooth","value":"4.2, A2DP, EDR, LE"},{"label":"Positioning","value":"GPS, GLONASS, BDS"},{"label":"NFC","value":"No"},{"label":"USB","value":"USB Type-C 3.0"},{"label":"Radio","value":"No"}]},{"category":"Features","specs":[{"label":"Sensors","value":"Fingerprint (front-mounted), accelerometer, gyro, proximity, compass"}]},{"category":"Battery","specs":[{"label":"Type","value":"Li-Ion 3000 mAh, non-removable"},{"label":"Charging","value":"18W wired, PD 2.0, QC2, 60% in 37 min"},{"label":"Stand-by","value":"Up to 210 h (3G)"},{"label":"Talk time","value":"Up to 18 h (3G)"}]},{"category":"Misc","specs":[{"label":"Colors","value":"Sapphire Black"},{"label":"Models","value":"A006, A009"},{"label":"Price","value":"About 100 EUR"}]}]');
INSERT OR IGNORE INTO device_pictures (device_id, url, position) VALUES (193, 'https://fdn2.gsmarena.com/vv/bigpic/asus-zenfone-v-v520kl.jpg', 0);
INSERT OR IGNORE INTO device_pictures (device_id, url, position) VALUES (193, 'https://fdn2.gsmarena.com/vv/pics/asus/asus-zenfone-v-v520kl-1.jpg', 1);
INSERT OR IGNORE INTO device_pictures (device_id, url, position) VALUES (193, 'https://fdn2.gsmarena.com/vv/pics/asus/asus-zenfone-v-v520kl-5.jpg', 2);
INSERT OR IGNORE INTO devices (id, brand_id, name, gsmarena_url, thumbnail_url, summary) VALUES (194, 2, 'Zenfone 4 Pro ZS551KL', 'https://www.gsmarena.com/asus_zenfone_4_pro_zs551kl-8783.php', 'https://fdn2.gsmarena.com/vv/bigpic/asus-zenfone-4-pro-zs551kl.jpg', 'Zenfone 4 Pro ZS551KL');
INSERT OR IGNORE INTO device_specs (device_id, announced, status, network, os, chipset, cpu, gpu, display_size, display_type, display_res, ram, storage, main_camera, selfie_camera, battery, charging, nfc, usb, bluetooth, wlan, colors, weight, dimensions, sim, sensors, popularity, fans, rating, full_specs_json) VALUES (194, '2017, August. Released 2017, October', 'Discontinued', 'GSM / HSPA / LTE / 4G/LTE', 'Android 7.1.1 (Nougat), upgradable to Android 8 (Oreo), ZenUI 4', 'Qualcomm MSM8998 Snapdragon 835 (10 nm)', 'Octa-core (4x2.45 GHz Kryo & 4x1.9 GHz Kryo)', 'Adreno 540', '5.5 inches, 83.4 cm 2 (~70.3% screen-to-body ratio)', 'AMOLED', '1080 x 1920 pixels, 16:9 ratio (~401 ppi density)', '6GB', '64GB', '12 MP, f/1.7, 25mm (wide), 1/2.55", 1.4µm, dual pixel PDAF, 4-axis OIS, Laser AF, color spectrum sensor, LED flash, HDR, panorama', '8 MP, f/1.9, 22mm (wide), 1/3.2", 1.4µm, PDAF, 1080p@30fps', 'Li-Ion 3600 mAh, non-removable', '18W wired, 50% in 32 min', 'Yes', 'USB Type-C 2.0, OTG', '5.0, A2DP, EDR, LE, aptX', 'Wi-Fi 802.11 a/b/g/n/ac, dual-band, Wi-Fi Direct', 'Moonlight white, Pure Black', '175 g (6.17 oz)', '156.9 x 75.6 x 7.6 mm (6.18 x 2.98 x 0.30 in)', 'Nano-SIM + Nano-SIM', 'Fingerprint (front-mounted), accelerometer, gyro, proximity, compass', 'About 350 EUR', NULL, NULL, '[{"category":"Network","specs":[{"label":"Technology","value":"GSM / HSPA / LTE"},{"label":"2G bands","value":"GSM 850 / 900 / 1800 / 1900 - SIM 1 & SIM 2"},{"label":"3G bands","value":"HSDPA 800 / 850 / 900 / 1700(AWS) / 1800 / 1900 / 2100"},{"label":"4G bands","value":"1, 2, 3, 4, 5, 7, 8, 17, 19, 20, 28, 38, 39, 40, 41 - Global, Taiwan"},{"label":"Speed","value":"HSPA 42.2/5.76 Mbps, LTE (3CA) Cat12 600/150 or 100 Mbps"}]},{"category":"Launch","specs":[{"label":"Announced","value":"2017, August. Released 2017, October"},{"label":"Status","value":"Discontinued"}]},{"category":"Body","specs":[{"label":"Dimensions","value":"156.9 x 75.6 x 7.6 mm (6.18 x 2.98 x 0.30 in)"},{"label":"Weight","value":"175 g (6.17 oz)"},{"label":"Build","value":"Glass front (Gorilla Glass 5), glass back (Gorilla Glass 5), aluminum frame"},{"label":"SIM","value":"Nano-SIM + Nano-SIM"}]},{"category":"Display","specs":[{"label":"Type","value":"AMOLED"},{"label":"Size","value":"5.5 inches, 83.4 cm 2 (~70.3% screen-to-body ratio)"},{"label":"Resolution","value":"1080 x 1920 pixels, 16:9 ratio (~401 ppi density)"},{"label":"Protection","value":"Corning Gorilla Glass 5"}]},{"category":"Platform","specs":[{"label":"OS","value":"Android 7.1.1 (Nougat), upgradable to Android 8 (Oreo), ZenUI 4"},{"label":"Chipset","value":"Qualcomm MSM8998 Snapdragon 835 (10 nm)"},{"label":"CPU","value":"Octa-core (4x2.45 GHz Kryo & 4x1.9 GHz Kryo)"},{"label":"GPU","value":"Adreno 540"}]},{"category":"Memory","specs":[{"label":"Card slot","value":"microSDXC (uses shared SIM slot)"},{"label":"Internal","value":"64GB 6GB RAM, 128GB 6GB RAM"}]},{"category":"Main Camera","specs":[{"label":"Dual","value":"12 MP, f/1.7, 25mm (wide), 1/2.55\\", 1.4µm, dual pixel PDAF, 4-axis OIS"},{"label":"Features","value":"Laser AF, color spectrum sensor, LED flash, HDR, panorama"},{"label":"Video","value":"4K@30fps, 1080p@30/60fps, 1080p@120fps, 720p@240fps"}]},{"category":"Selfie camera","specs":[{"label":"Single","value":"8 MP, f/1.9, 22mm (wide), 1/3.2\\", 1.4µm, PDAF"},{"label":"Video","value":"1080p@30fps"},{"label":"Features","value":"HDR"}]},{"category":"Sound","specs":[{"label":"Loudspeaker","value":"Yes, dual speakers"},{"label":"3.5mm jack","value":"Yes"}]},{"category":"Comms","specs":[{"label":"WLAN","value":"Wi-Fi 802.11 a/b/g/n/ac, dual-band, Wi-Fi Direct"},{"label":"Bluetooth","value":"5.0, A2DP, EDR, LE, aptX"},{"label":"Positioning","value":"GPS, GLONASS, BDS, GALILEO"},{"label":"NFC","value":"Yes"},{"label":"USB","value":"USB Type-C 2.0, OTG"},{"label":"Radio","value":"FM radio"},{"label":"Infrared port","value":"Yes"}]},{"category":"Features","specs":[{"label":"Sensors","value":"Fingerprint (front-mounted), accelerometer, gyro, proximity, compass"}]},{"category":"Battery","specs":[{"label":"Type","value":"Li-Ion 3600 mAh, non-removable"},{"label":"Charging","value":"18W wired, 50% in 32 min"},{"label":"Talk time","value":"Up to 27 h 30 min (3G)"}]},{"category":"Misc","specs":[{"label":"Colors","value":"Moonlight white, Pure Black"},{"label":"Models","value":"Z01GD, Z01GS"},{"label":"Price","value":"About 350 EUR"}]}]');
INSERT OR IGNORE INTO device_pictures (device_id, url, position) VALUES (194, 'https://fdn2.gsmarena.com/vv/bigpic/asus-zenfone-4-pro-zs551kl.jpg', 0);
INSERT OR IGNORE INTO device_pictures (device_id, url, position) VALUES (194, 'https://fdn2.gsmarena.com/vv/pics/asus/asus-zenfone-4-pro-zs551kl-1.jpg', 1);
INSERT OR IGNORE INTO device_pictures (device_id, url, position) VALUES (194, 'https://fdn2.gsmarena.com/vv/pics/asus/asus-zenfone-4-pro-zs551kl-2.jpg', 2);
INSERT OR IGNORE INTO device_pictures (device_id, url, position) VALUES (194, 'https://fdn2.gsmarena.com/vv/pics/asus/asus-zenfone-4-pro-zs551kl-3.jpg', 3);
INSERT OR IGNORE INTO devices (id, brand_id, name, gsmarena_url, thumbnail_url, summary) VALUES (195, 2, 'Zenfone 4 ZE554KL', 'https://www.gsmarena.com/asus_zenfone_4_ze554kl-8782.php', 'https://fdn2.gsmarena.com/vv/bigpic/asus-zenfone-4-ze554kl.jpg', 'Zenfone 4 ZE554KL');
INSERT OR IGNORE INTO device_specs (device_id, announced, status, network, os, chipset, cpu, gpu, display_size, display_type, display_res, ram, storage, main_camera, selfie_camera, battery, charging, nfc, usb, bluetooth, wlan, colors, weight, dimensions, sim, sensors, popularity, fans, rating, full_specs_json) VALUES (195, '2017, August. Released 2017, October', 'Discontinued', 'GSM / HSPA / LTE / 4G/LTE', 'Android 7.1.1 (Nougat), ZenUI 4', 'Qualcomm SDM630 Snapdragon 630 (14 nm) Qualcomm SDM660 Snapdragon 660 (14 nm)', 'Octa-core (4x2.2 GHz Cortex-A53 & 4x1.8 GHz Cortex A53) Octa-core (4x2.2 GHz Kryo 260 Gold & 4x1.8 GHz Kryo 260 Silver)', 'Adreno 508 Adreno 512', '5.5 inches, 83.4 cm 2 (~71.4% screen-to-body ratio)', 'IPS LCD', '1080 x 1920 pixels, 16:9 ratio (~401 ppi density)', '4GB', '64GB', '12 MP, f/1.8, 25mm (wide), 1/2.55", 1.4µm, dual pixel PDAF, OIS, Dual-LED dual-tone flash, HDR, panorama', '8 MP, f/2.0, 24mm (wide), 1080p@30fps', 'Li-Ion 3300 mAh, non-removable', '18W wired', 'Yes', 'USB Type-C 2.0, OTG', '5.0, A2DP, EDR, LE', 'Wi-Fi 802.11 a/b/g/n/ac, dual-band, Wi-Fi Direct', 'Moonlight white, Mint Green, Midnight Black', '165 g (5.82 oz)', '155.4 x 75.2 x 7.7 mm (6.12 x 2.96 x 0.30 in)', 'Nano-SIM + Nano-SIM', 'Fingerprint (front-mounted), accelerometer, gyro, proximity, compass', 'About 350 EUR', NULL, NULL, '[{"category":"Network","specs":[{"label":"Technology","value":"GSM / HSPA / LTE"},{"label":"2G bands","value":"GSM 850 / 900 / 1800 / 1900 - SIM 1 & SIM 2"},{"label":"3G bands","value":"HSDPA 850 / 900 / 1800 / 1900 / 2100"},{"label":"4G bands","value":"1, 2, 3, 5, 7, 8, 18, 19, 20, 26, 28, 32, 38, 39, 40, 41"},{"label":"Speed","value":"HSPA 42.2/5.76 Mbps, LTE (3CA) Cat12 600/150 Mbps"}]},{"category":"Launch","specs":[{"label":"Announced","value":"2017, August. Released 2017, October"},{"label":"Status","value":"Discontinued"}]},{"category":"Body","specs":[{"label":"Dimensions","value":"155.4 x 75.2 x 7.7 mm (6.12 x 2.96 x 0.30 in)"},{"label":"Weight","value":"165 g (5.82 oz)"},{"label":"Build","value":"Glass front (Gorilla Glass 5), glass back (Gorilla Glass 5), aluminum frame"},{"label":"SIM","value":"Nano-SIM + Nano-SIM"}]},{"category":"Display","specs":[{"label":"Type","value":"IPS LCD"},{"label":"Size","value":"5.5 inches, 83.4 cm 2 (~71.4% screen-to-body ratio)"},{"label":"Resolution","value":"1080 x 1920 pixels, 16:9 ratio (~401 ppi density)"},{"label":"Protection","value":"Corning Gorilla Glass 3"}]},{"category":"Platform","specs":[{"label":"OS","value":"Android 7.1.1 (Nougat), ZenUI 4"},{"label":"Chipset","value":"Qualcomm SDM630 Snapdragon 630 (14 nm) Qualcomm SDM660 Snapdragon 660 (14 nm)"},{"label":"CPU","value":"Octa-core (4x2.2 GHz Cortex-A53 & 4x1.8 GHz Cortex A53) Octa-core (4x2.2 GHz Kryo 260 Gold & 4x1.8 GHz Kryo 260 Silver)"},{"label":"GPU","value":"Adreno 508 Adreno 512"}]},{"category":"Memory","specs":[{"label":"Card slot","value":"microSDXC (uses shared SIM slot)"},{"label":"Internal","value":"64GB 4GB RAM, 64GB 6GB RAM"}]},{"category":"Main Camera","specs":[{"label":"Dual","value":"12 MP, f/1.8, 25mm (wide), 1/2.55\\", 1.4µm, dual pixel PDAF, OIS"},{"label":"Features","value":"Dual-LED dual-tone flash, HDR, panorama"},{"label":"Video","value":"4K@30fps"}]},{"category":"Selfie camera","specs":[{"label":"Single","value":"8 MP, f/2.0, 24mm (wide)"},{"label":"Video","value":"1080p@30fps"},{"label":"Features","value":"HDR, panorama"}]},{"category":"Sound","specs":[{"label":"Loudspeaker","value":"Yes, dual speakers"},{"label":"3.5mm jack","value":"Yes"}]},{"category":"Comms","specs":[{"label":"WLAN","value":"Wi-Fi 802.11 a/b/g/n/ac, dual-band, Wi-Fi Direct"},{"label":"Bluetooth","value":"5.0, A2DP, EDR, LE"},{"label":"Positioning","value":"GPS, GLONASS, BDS, GALILEO"},{"label":"NFC","value":"Yes"},{"label":"USB","value":"USB Type-C 2.0, OTG"},{"label":"Radio","value":"FM radio"}]},{"category":"Features","specs":[{"label":"Sensors","value":"Fingerprint (front-mounted), accelerometer, gyro, proximity, compass"}]},{"category":"Battery","specs":[{"label":"Type","value":"Li-Ion 3300 mAh, non-removable"},{"label":"Charging","value":"18W wired"}]},{"category":"Misc","specs":[{"label":"Colors","value":"Moonlight white, Mint Green, Midnight Black"},{"label":"Models","value":"Z01KD, Z01KDA, Z01KS"},{"label":"Price","value":"About 350 EUR"}]}]');
INSERT OR IGNORE INTO device_pictures (device_id, url, position) VALUES (195, 'https://fdn2.gsmarena.com/vv/bigpic/asus-zenfone-4-ze554kl.jpg', 0);
INSERT OR IGNORE INTO device_pictures (device_id, url, position) VALUES (195, 'https://fdn2.gsmarena.com/vv/pics/asus/asus-zenfone-4-ze554kl-1.jpg', 1);
INSERT OR IGNORE INTO device_pictures (device_id, url, position) VALUES (195, 'https://fdn2.gsmarena.com/vv/pics/asus/asus-zenfone-4-ze554kl-2.jpg', 2);
INSERT OR IGNORE INTO device_pictures (device_id, url, position) VALUES (195, 'https://fdn2.gsmarena.com/vv/pics/asus/asus-zenfone-4-ze554kl-3.jpg', 3);
INSERT OR IGNORE INTO device_pictures (device_id, url, position) VALUES (195, 'https://fdn.gsmarena.com/imgroot//reviews/18/asus-zenfone-4-ze554kl/gal/-1200x900w1/gsmarena_001.jpg', 4);
INSERT OR IGNORE INTO device_pictures (device_id, url, position) VALUES (195, 'https://fdn.gsmarena.com/imgroot//reviews/18/asus-zenfone-4-ze554kl/gal/-1200x900w1/gsmarena_002.jpg', 5);
INSERT OR IGNORE INTO device_pictures (device_id, url, position) VALUES (195, 'https://fdn.gsmarena.com/imgroot//reviews/18/asus-zenfone-4-ze554kl/gal/-1200x900w1/gsmarena_003.jpg', 6);
INSERT OR IGNORE INTO device_pictures (device_id, url, position) VALUES (195, 'https://fdn.gsmarena.com/imgroot//reviews/18/asus-zenfone-4-ze554kl/gal/-1200x900w1/gsmarena_004.jpg', 7);
INSERT OR IGNORE INTO device_pictures (device_id, url, position) VALUES (195, 'https://fdn.gsmarena.com/imgroot//reviews/18/asus-zenfone-4-ze554kl/gal/-1200x900w1/gsmarena_005.jpg', 8);
INSERT OR IGNORE INTO device_pictures (device_id, url, position) VALUES (195, 'https://fdn.gsmarena.com/imgroot//reviews/18/asus-zenfone-4-ze554kl/gal/-1200x900w1/gsmarena_006.jpg', 9);
INSERT OR IGNORE INTO devices (id, brand_id, name, gsmarena_url, thumbnail_url, summary) VALUES (196, 2, 'Zenfone 4 Selfie Lite ZB553KL', 'https://www.gsmarena.com/asus_zenfone_4_selfie_lite_zb553kl-8892.php', 'https://fdn2.gsmarena.com/vv/bigpic/asus-zenfone-4-selfie-zb553kl.jpg', 'Zenfone 4 Selfie Lite ZB553KL');
INSERT OR IGNORE INTO device_specs (device_id, announced, status, network, os, chipset, cpu, gpu, display_size, display_type, display_res, ram, storage, main_camera, selfie_camera, battery, charging, nfc, usb, bluetooth, wlan, colors, weight, dimensions, sim, sensors, popularity, fans, rating, full_specs_json) VALUES (196, '2017, October. Released 2017, November', 'Discontinued', 'GSM / HSPA / LTE / 4G/LTE', 'Android 7 (Nougat), ZenUI 4', 'Qualcomm MSM8917 Snapdragon 425 (28 nm)', 'Quad-core 1.4 GHz Cortex-A53', 'Adreno 308', '5.5 inches, 83.4 cm 2 (~70.6% screen-to-body ratio)', 'IPS LCD', '720 x 1280 pixels, 16:9 ratio (~267 ppi density)', '2GB', '16GB', '13 MP, PDAF, LED flash, panorama, HDR', '13 MP, f/2.0', 'Li-Ion 3000 mAh, non-removable', NULL, 'No', 'microUSB 2.0, OTG', '4.1, A2DP, EDR, LE', 'Wi-Fi 802.11 b/g/n, Wi-Fi Direct', 'Deepsea Black, Mint Green, Rose Pink, Sunlight Gold', '144 g (5.08 oz)', '155.7 x 75.9 x 7.9 mm (6.13 x 2.99 x 0.31 in)', 'Nano-SIM + Nano-SIM', 'Fingerprint (front-mounted), accelerometer, gyro, proximity, compass', 'About 180 EUR', NULL, NULL, '[{"category":"Network","specs":[{"label":"Technology","value":"GSM / HSPA / LTE"},{"label":"2G bands","value":"GSM 850 / 900 / 1800 / 1900 - SIM 1 & SIM 2"},{"label":"3G bands","value":"HSDPA 850 / 900 / 2100 - Global"},{"label":"4G bands","value":"1, 3, 5, 7, 8, 20, 40 - Global"},{"label":"Speed","value":"HSPA 42.2/5.76 Mbps, LTE Cat4 150/50 Mbps"}]},{"category":"Launch","specs":[{"label":"Announced","value":"2017, October. Released 2017, November"},{"label":"Status","value":"Discontinued"}]},{"category":"Body","specs":[{"label":"Dimensions","value":"155.7 x 75.9 x 7.9 mm (6.13 x 2.99 x 0.31 in)"},{"label":"Weight","value":"144 g (5.08 oz)"},{"label":"SIM","value":"Nano-SIM + Nano-SIM"}]},{"category":"Display","specs":[{"label":"Type","value":"IPS LCD"},{"label":"Size","value":"5.5 inches, 83.4 cm 2 (~70.6% screen-to-body ratio)"},{"label":"Resolution","value":"720 x 1280 pixels, 16:9 ratio (~267 ppi density)"}]},{"category":"Platform","specs":[{"label":"OS","value":"Android 7 (Nougat), ZenUI 4"},{"label":"Chipset","value":"Qualcomm MSM8917 Snapdragon 425 (28 nm)"},{"label":"CPU","value":"Quad-core 1.4 GHz Cortex-A53"},{"label":"GPU","value":"Adreno 308"}]},{"category":"Memory","specs":[{"label":"Card slot","value":"microSDXC (dedicated slot)"},{"label":"Internal","value":"16GB 2GB RAM, 32GB 2GB RAM"}]},{"category":"Main Camera","specs":[{"label":"Single","value":"13 MP, PDAF"},{"label":"Features","value":"LED flash, panorama, HDR"},{"label":"Video","value":"1080p@30fps"}]},{"category":"Selfie camera","specs":[{"label":"Single","value":"13 MP, f/2.0"},{"label":"Features","value":"LED flash"}]},{"category":"Sound","specs":[{"label":"Loudspeaker","value":"Yes"},{"label":"3.5mm jack","value":"Yes"}]},{"category":"Comms","specs":[{"label":"WLAN","value":"Wi-Fi 802.11 b/g/n, Wi-Fi Direct"},{"label":"Bluetooth","value":"4.1, A2DP, EDR, LE"},{"label":"Positioning","value":"GPS, GLONASS, BDS, GALILEO"},{"label":"NFC","value":"No"},{"label":"USB","value":"microUSB 2.0, OTG"},{"label":"Radio","value":"FM radio"}]},{"category":"Features","specs":[{"label":"Sensors","value":"Fingerprint (front-mounted), accelerometer, gyro, proximity, compass"}]},{"category":"Battery","specs":[{"label":"Type","value":"Li-Ion 3000 mAh, non-removable"}]},{"category":"Misc","specs":[{"label":"Colors","value":"Deepsea Black, Mint Green, Rose Pink, Sunlight Gold"},{"label":"Models","value":"X00LDA"},{"label":"Price","value":"About 180 EUR"}]}]');
INSERT OR IGNORE INTO device_pictures (device_id, url, position) VALUES (196, 'https://fdn2.gsmarena.com/vv/bigpic/asus-zenfone-4-selfie-zb553kl.jpg', 0);
INSERT OR IGNORE INTO device_pictures (device_id, url, position) VALUES (196, 'https://fdn2.gsmarena.com/vv/pics/asus/asus-zenfone-4-selfie-lite-zb553kl-1.jpg', 1);
INSERT OR IGNORE INTO device_pictures (device_id, url, position) VALUES (196, 'https://fdn2.gsmarena.com/vv/pics/asus/asus-zenfone-4-selfie-lite-zb553kl-2.jpg', 2);
INSERT OR IGNORE INTO devices (id, brand_id, name, gsmarena_url, thumbnail_url, summary) VALUES (197, 2, 'Zenfone 4 Selfie ZB553KL', 'https://www.gsmarena.com/asus_zenfone_4_selfie_zb553kl-8862.php', 'https://fdn2.gsmarena.com/vv/bigpic/asus-zenfone-4-selfie-zb553kl.jpg', 'Zenfone 4 Selfie ZB553KL');
INSERT OR IGNORE INTO device_specs (device_id, announced, status, network, os, chipset, cpu, gpu, display_size, display_type, display_res, ram, storage, main_camera, selfie_camera, battery, charging, nfc, usb, bluetooth, wlan, colors, weight, dimensions, sim, sensors, popularity, fans, rating, full_specs_json) VALUES (197, '2017, September. Released 2017, November', 'Discontinued', 'GSM / HSPA / LTE / 4G/LTE', 'Android 7.0 (Nougat), upgradable to Android 8.1 (Oreo), ZenUI 5', 'Qualcomm MSM8937 Snapdragon 430 (28 nm)', 'Octa-core 1.4 GHz Cortex-A53', 'Adreno 505', '5.5 inches, 83.4 cm 2 (~70.6% screen-to-body ratio)', 'IPS LCD', '720 x 1280 pixels, 16:9 ratio (~267 ppi density)', '3GB', '32GB', '13 MP, PDAF, LED flash, panorama, HDR', '13 MP, f/2.0', 'Li-Ion 3000 mAh, non-removable', NULL, 'No', 'microUSB 2.0, OTG', '4.1, A2DP, EDR, LE', 'Wi-Fi 802.11 b/g/n, Wi-Fi Direct', 'Deepsea Black, Rose Pink, Sunlight Gold', '144 g (5.08 oz)', '155.7 x 75.9 x 7.9 mm (6.13 x 2.99 x 0.31 in)', 'Nano-SIM + Nano-SIM', 'Fingerprint (front-mounted), accelerometer, gyro, proximity, compass', 'About 150 EUR', NULL, NULL, '[{"category":"Network","specs":[{"label":"Technology","value":"GSM / HSPA / LTE"},{"label":"2G bands","value":"GSM 850 / 900 / 1800 / 1900 - SIM 1 & SIM 2"},{"label":"3G bands","value":"HSDPA 850 / 900 / 2100"},{"label":"4G bands","value":"1, 3, 5, 7, 8, 20, 40"},{"label":"Speed","value":"HSPA 42.2/5.76 Mbps, LTE Cat4 150/50 Mbps"}]},{"category":"Launch","specs":[{"label":"Announced","value":"2017, September. Released 2017, November"},{"label":"Status","value":"Discontinued"}]},{"category":"Body","specs":[{"label":"Dimensions","value":"155.7 x 75.9 x 7.9 mm (6.13 x 2.99 x 0.31 in)"},{"label":"Weight","value":"144 g (5.08 oz)"},{"label":"SIM","value":"Nano-SIM + Nano-SIM"}]},{"category":"Display","specs":[{"label":"Type","value":"IPS LCD"},{"label":"Size","value":"5.5 inches, 83.4 cm 2 (~70.6% screen-to-body ratio)"},{"label":"Resolution","value":"720 x 1280 pixels, 16:9 ratio (~267 ppi density)"}]},{"category":"Platform","specs":[{"label":"OS","value":"Android 7.0 (Nougat), upgradable to Android 8.1 (Oreo), ZenUI 5"},{"label":"Chipset","value":"Qualcomm MSM8937 Snapdragon 430 (28 nm)"},{"label":"CPU","value":"Octa-core 1.4 GHz Cortex-A53"},{"label":"GPU","value":"Adreno 505"}]},{"category":"Memory","specs":[{"label":"Card slot","value":"microSDXC (dedicated slot)"},{"label":"Internal","value":"32GB 3GB RAM"}]},{"category":"Main Camera","specs":[{"label":"Single","value":"13 MP, PDAF"},{"label":"Features","value":"LED flash, panorama, HDR"},{"label":"Video","value":"1080p@30fps"}]},{"category":"Selfie camera","specs":[{"label":"Single","value":"13 MP, f/2.0"},{"label":"Features","value":"LED flash"}]},{"category":"Sound","specs":[{"label":"Loudspeaker","value":"Yes"},{"label":"3.5mm jack","value":"Yes"}]},{"category":"Comms","specs":[{"label":"WLAN","value":"Wi-Fi 802.11 b/g/n, Wi-Fi Direct"},{"label":"Bluetooth","value":"4.1, A2DP, EDR, LE"},{"label":"Positioning","value":"GPS, GLONASS, BDS"},{"label":"NFC","value":"No"},{"label":"USB","value":"microUSB 2.0, OTG"},{"label":"Radio","value":"FM radio"}]},{"category":"Features","specs":[{"label":"Sensors","value":"Fingerprint (front-mounted), accelerometer, gyro, proximity, compass"}]},{"category":"Battery","specs":[{"label":"Type","value":"Li-Ion 3000 mAh, non-removable"}]},{"category":"Misc","specs":[{"label":"Colors","value":"Deepsea Black, Rose Pink, Sunlight Gold"},{"label":"Models","value":"X00LDB"},{"label":"Price","value":"About 150 EUR"}]}]');
INSERT OR IGNORE INTO device_pictures (device_id, url, position) VALUES (197, 'https://fdn2.gsmarena.com/vv/bigpic/asus-zenfone-4-selfie-zb553kl.jpg', 0);
INSERT OR IGNORE INTO device_pictures (device_id, url, position) VALUES (197, 'https://fdn2.gsmarena.com/vv/pics/asus/asus-zenfone-4-selfie-zb553kl-1.jpg', 1);
INSERT OR IGNORE INTO device_pictures (device_id, url, position) VALUES (197, 'https://fdn2.gsmarena.com/vv/pics/asus/asus-zenfone-4-selfie-zb553kl-2.jpg', 2);
INSERT OR IGNORE INTO device_pictures (device_id, url, position) VALUES (197, 'https://fdn2.gsmarena.com/vv/pics/asus/asus-zenfone-4-selfie-zb553kl-3.jpg', 3);
INSERT OR IGNORE INTO devices (id, brand_id, name, gsmarena_url, thumbnail_url, summary) VALUES (198, 2, 'Zenfone 4 Selfie Pro ZD552KL', 'https://www.gsmarena.com/asus_zenfone_4_selfie_pro_zd552kl-8808.php', 'https://fdn2.gsmarena.com/vv/bigpic/asus-zenfone-4-selfie-pro-zd552kl.jpg', 'Zenfone 4 Selfie Pro ZD552KL');
INSERT OR IGNORE INTO device_specs (device_id, announced, status, network, os, chipset, cpu, gpu, display_size, display_type, display_res, ram, storage, main_camera, selfie_camera, battery, charging, nfc, usb, bluetooth, wlan, colors, weight, dimensions, sim, sensors, popularity, fans, rating, full_specs_json) VALUES (198, '2017, August. Released 2017, October', 'Discontinued', 'GSM / HSPA / LTE / 4G/LTE', 'Android 7 (Nougat), ZenUI 4', 'Qualcomm MSM8953 Snapdragon 625 (14 nm)', 'Octa-core 2.0 GHz Cortex-A53', 'Adreno 506', '5.5 inches, 83.4 cm 2 (~72.4% screen-to-body ratio)', 'AMOLED', '1080 x 1920 pixels, 16:9 ratio (~401 ppi density)', '3GB', '64GB', '16 MP, 26mm (wide), dual pixel PDAF, Dual-LED dual-tone flash, HDR, panorama', '12 MP, f/1.8, 25mm (wide), 1/2.55", 1.4µm, 4K@30fps', 'Li-Ion 3000 mAh, non-removable', '18W wired', 'No', 'microUSB 2.0', '4.2, A2DP, EDR, LE', 'Wi-Fi 802.11 b/g/n, Wi-Fi Direct', 'Rouge Red, Sunlight Gold, Deepsea Black', '147 g (5.19 oz)', '154 x 74.8 x 6.9 mm (6.06 x 2.94 x 0.27 in)', 'Nano-SIM + Nano-SIM', 'Fingerprint (front-mounted), accelerometer, gyro, proximity, compass', 'About 250 EUR', NULL, NULL, '[{"category":"Network","specs":[{"label":"Technology","value":"GSM / HSPA / LTE"},{"label":"2G bands","value":"GSM 850 / 900 / 1800 / 1900 - SIM 1 & SIM 2"},{"label":"3G bands","value":"HSDPA 850 / 900 / 2100 - Global"},{"label":"4G bands","value":"1, 3, 5, 7, 8, 20, 40 - Global"},{"label":"Speed","value":"HSPA 42.2/5.76 Mbps, LTE Cat4 150/50 Mbps LTE (2CA) Cat6 300/50 Mbps - TW/JP/HK"}]},{"category":"Launch","specs":[{"label":"Announced","value":"2017, August. Released 2017, October"},{"label":"Status","value":"Discontinued"}]},{"category":"Body","specs":[{"label":"Dimensions","value":"154 x 74.8 x 6.9 mm (6.06 x 2.94 x 0.27 in)"},{"label":"Weight","value":"147 g (5.19 oz)"},{"label":"SIM","value":"Nano-SIM + Nano-SIM"}]},{"category":"Display","specs":[{"label":"Type","value":"AMOLED"},{"label":"Size","value":"5.5 inches, 83.4 cm 2 (~72.4% screen-to-body ratio)"},{"label":"Resolution","value":"1080 x 1920 pixels, 16:9 ratio (~401 ppi density)"},{"label":"Protection","value":"Corning Gorilla Glass 5"}]},{"category":"Platform","specs":[{"label":"OS","value":"Android 7 (Nougat), ZenUI 4"},{"label":"Chipset","value":"Qualcomm MSM8953 Snapdragon 625 (14 nm)"},{"label":"CPU","value":"Octa-core 2.0 GHz Cortex-A53"},{"label":"GPU","value":"Adreno 506"}]},{"category":"Memory","specs":[{"label":"Card slot","value":"microSDXC (uses shared SIM slot)"},{"label":"Internal","value":"64GB 3GB RAM, 64GB 4GB RAM"}]},{"category":"Main Camera","specs":[{"label":"Single","value":"16 MP, 26mm (wide), dual pixel PDAF"},{"label":"Features","value":"Dual-LED dual-tone flash, HDR, panorama"},{"label":"Video","value":"4K@30fps, 1080p@30/60fps, 720p@120fps"}]},{"category":"Selfie camera","specs":[{"label":"Dual","value":"12 MP, f/1.8, 25mm (wide), 1/2.55\\", 1.4µm"},{"label":"Video","value":"4K@30fps"},{"label":"Features","value":"LED flash, panorama, HDR"}]},{"category":"Sound","specs":[{"label":"Loudspeaker","value":"Yes"},{"label":"3.5mm jack","value":"Yes"}]},{"category":"Comms","specs":[{"label":"WLAN","value":"Wi-Fi 802.11 b/g/n, Wi-Fi Direct"},{"label":"Bluetooth","value":"4.2, A2DP, EDR, LE"},{"label":"Positioning","value":"GPS, GLONASS, BDS, GALILEO"},{"label":"NFC","value":"No"},{"label":"USB","value":"microUSB 2.0"},{"label":"Radio","value":"FM radio"}]},{"category":"Features","specs":[{"label":"Sensors","value":"Fingerprint (front-mounted), accelerometer, gyro, proximity, compass"}]},{"category":"Battery","specs":[{"label":"Type","value":"Li-Ion 3000 mAh, non-removable"},{"label":"Charging","value":"18W wired"}]},{"category":"Misc","specs":[{"label":"Colors","value":"Rouge Red, Sunlight Gold, Deepsea Black"},{"label":"Models","value":"Z01MD, Z01MDA"},{"label":"Price","value":"About 250 EUR"}]}]');
INSERT OR IGNORE INTO device_pictures (device_id, url, position) VALUES (198, 'https://fdn2.gsmarena.com/vv/bigpic/asus-zenfone-4-selfie-pro-zd552kl.jpg', 0);
INSERT OR IGNORE INTO device_pictures (device_id, url, position) VALUES (198, 'https://fdn2.gsmarena.com/vv/pics/asus/asus-zenfone-4-selfie-pro-zd552kl-1.jpg', 1);
INSERT OR IGNORE INTO device_pictures (device_id, url, position) VALUES (198, 'https://fdn2.gsmarena.com/vv/pics/asus/asus-zenfone-4-selfie-pro-zd552kl-2.jpg', 2);
INSERT OR IGNORE INTO devices (id, brand_id, name, gsmarena_url, thumbnail_url, summary) VALUES (199, 2, 'Zenfone 4 Selfie ZD553KL', 'https://www.gsmarena.com/asus_zenfone_4_selfie_zd553kl-8784.php', 'https://fdn2.gsmarena.com/vv/bigpic/asus-zenfone-4-selfie-zd553kl.jpg', 'Zenfone 4 Selfie ZD553KL');
INSERT OR IGNORE INTO device_specs (device_id, announced, status, network, os, chipset, cpu, gpu, display_size, display_type, display_res, ram, storage, main_camera, selfie_camera, battery, charging, nfc, usb, bluetooth, wlan, colors, weight, dimensions, sim, sensors, popularity, fans, rating, full_specs_json) VALUES (199, '2017, August. Released 2017, October', 'Discontinued', 'GSM / HSPA / LTE / 4G/LTE', 'Android 7.0 (Nougat), upgradable to Android 8.1 (Oreo), ZenUI 5', 'Qualcomm MSM8937 Snapdragon 430 (28 nm)', 'Octa-core 1.4 GHz Cortex-A53', 'Adreno 505', '5.5 inches, 83.4 cm 2 (~70.6% screen-to-body ratio)', 'IPS LCD', '720 x 1280 pixels, 16:9 ratio (~267 ppi density)', '4GB', '64GB', '16 MP, 26mm (wide), PDAF, LED flash, panorama, HDR', '20 MP, f/2.0, 31mm (standard), 1/2.8", 1.0µm', 'Li-Ion 3000 mAh, non-removable', NULL, 'No', 'microUSB 2.0, OTG', '4.1, A2DP, EDR, LE', 'Wi-Fi 802.11 b/g/n, Wi-Fi Direct', 'Deepsea Black, Mint Green, Rose Pink, Sunlight Gold', '144 g (5.08 oz)', '155.7 x 75.9 x 7.9 mm (6.13 x 2.99 x 0.31 in)', 'Nano-SIM + Nano-SIM', 'Fingerprint (front-mounted), accelerometer, gyro, proximity, compass', 'About 250 EUR', NULL, NULL, '[{"category":"Network","specs":[{"label":"Technology","value":"GSM / HSPA / LTE"},{"label":"2G bands","value":"GSM 850 / 900 / 1800 / 1900 - SIM 1 & SIM 2"},{"label":"3G bands","value":"HSDPA 850 / 900 / 2100 - Global, India, Indonesia"},{"label":"4G bands","value":"1, 3, 5, 7, 8, 20, 40 - Global, India, Indonesia"},{"label":"Speed","value":"HSPA 42.2/5.76 Mbps, LTE Cat4 150/50 Mbps"}]},{"category":"Launch","specs":[{"label":"Announced","value":"2017, August. Released 2017, October"},{"label":"Status","value":"Discontinued"}]},{"category":"Body","specs":[{"label":"Dimensions","value":"155.7 x 75.9 x 7.9 mm (6.13 x 2.99 x 0.31 in)"},{"label":"Weight","value":"144 g (5.08 oz)"},{"label":"Build","value":"Glass front, aluminum back, aluminum frame"},{"label":"SIM","value":"Nano-SIM + Nano-SIM"}]},{"category":"Display","specs":[{"label":"Type","value":"IPS LCD"},{"label":"Size","value":"5.5 inches, 83.4 cm 2 (~70.6% screen-to-body ratio)"},{"label":"Resolution","value":"720 x 1280 pixels, 16:9 ratio (~267 ppi density)"}]},{"category":"Platform","specs":[{"label":"OS","value":"Android 7.0 (Nougat), upgradable to Android 8.1 (Oreo), ZenUI 5"},{"label":"Chipset","value":"Qualcomm MSM8937 Snapdragon 430 (28 nm)"},{"label":"CPU","value":"Octa-core 1.4 GHz Cortex-A53"},{"label":"GPU","value":"Adreno 505"}]},{"category":"Memory","specs":[{"label":"Card slot","value":"microSDXC (dedicated slot)"},{"label":"Internal","value":"64GB 4GB RAM"}]},{"category":"Main Camera","specs":[{"label":"Single","value":"16 MP, 26mm (wide), PDAF"},{"label":"Features","value":"LED flash, panorama, HDR"},{"label":"Video","value":"1080p@30fps"}]},{"category":"Selfie camera","specs":[{"label":"Dual","value":"20 MP, f/2.0, 31mm (standard), 1/2.8\\", 1.0µm"},{"label":"Features","value":"LED flash, panorama, HDR"}]},{"category":"Sound","specs":[{"label":"Loudspeaker","value":"Yes"},{"label":"3.5mm jack","value":"Yes"}]},{"category":"Comms","specs":[{"label":"WLAN","value":"Wi-Fi 802.11 b/g/n, Wi-Fi Direct"},{"label":"Bluetooth","value":"4.1, A2DP, EDR, LE"},{"label":"Positioning","value":"GPS, GLONASS, BDS, GALILEO"},{"label":"NFC","value":"No"},{"label":"USB","value":"microUSB 2.0, OTG"},{"label":"Radio","value":"FM radio"}]},{"category":"Features","specs":[{"label":"Sensors","value":"Fingerprint (front-mounted), accelerometer, gyro, proximity, compass"}]},{"category":"Battery","specs":[{"label":"Type","value":"Li-Ion 3000 mAh, non-removable"}]},{"category":"Misc","specs":[{"label":"Colors","value":"Deepsea Black, Mint Green, Rose Pink, Sunlight Gold"},{"label":"Models","value":"X00LD"},{"label":"Price","value":"About 250 EUR"}]}]');
INSERT OR IGNORE INTO device_pictures (device_id, url, position) VALUES (199, 'https://fdn2.gsmarena.com/vv/bigpic/asus-zenfone-4-selfie-zd553kl.jpg', 0);
INSERT OR IGNORE INTO device_pictures (device_id, url, position) VALUES (199, 'https://fdn2.gsmarena.com/vv/pics/asus/asus-zenfone-4-selfie-zd553kl-1.jpg', 1);
INSERT OR IGNORE INTO device_pictures (device_id, url, position) VALUES (199, 'https://fdn2.gsmarena.com/vv/pics/asus/asus-zenfone-4-selfie-zd553kl-2.jpg', 2);
INSERT OR IGNORE INTO devices (id, brand_id, name, gsmarena_url, thumbnail_url, summary) VALUES (200, 2, 'Zenfone 4 Max ZC520KL', 'https://www.gsmarena.com/asus_zenfone_4_max_zc520kl-8811.php', 'https://fdn2.gsmarena.com/vv/bigpic/asus-ZC520KL.jpg', 'Zenfone 4 Max ZC520KL');
INSERT OR IGNORE INTO device_specs (device_id, announced, status, network, os, chipset, cpu, gpu, display_size, display_type, display_res, ram, storage, main_camera, selfie_camera, battery, charging, nfc, usb, bluetooth, wlan, colors, weight, dimensions, sim, sensors, popularity, fans, rating, full_specs_json) VALUES (200, '2017, August. Released 2017, October', 'Discontinued', 'GSM / HSPA / LTE / 4G/LTE', 'Android 7 (Nougat), upgradable to Android 8 (Oreo), ZenUI 4', 'Qualcomm MSM8917 Snapdragon 425 (28 nm)', 'Quad-core 1.4 GHz Cortex-A53', 'Adreno 308', '5.2 inches, 74.5 cm 2 (~67.6% screen-to-body ratio)', 'IPS LCD', '720 x 1280 pixels, 16:9 ratio (~282 ppi density)', '2GB', '16GB', '13 MP, AF, LED flash, HDR, panorama', '8 MP, 1080p@30fps', 'Li-Po 4100 mAh, non-removable', 'Reverse wired', 'No', 'microUSB 2.0, OTG', '4.1, A2DP, LE', 'Wi-Fi 802.11 b/g/n, Wi-Fi Direct', 'Black, Gold, Silver', '156 g (5.50 oz)', '150.5 x 73.3 x 8.8 mm (5.93 x 2.89 x 0.35 in)', 'Nano-SIM + Micro-SIM', 'Fingerprint (front-mounted), accelerometer, gyro, proximity, compass', 'About 180 EUR', NULL, NULL, '[{"category":"Network","specs":[{"label":"Technology","value":"GSM / HSPA / LTE"},{"label":"2G bands","value":"GSM 850 / 900 / 1800 / 1900 - SIM 1 & SIM 2"},{"label":"3G bands","value":"HSDPA 850 / 900 / 2100"},{"label":"4G bands","value":"1, 3, 5, 7, 8, 20, 40"},{"label":"Speed","value":"HSPA 42.2/5.76 Mbps, LTE Cat4 150/50 Mbps"}]},{"category":"Launch","specs":[{"label":"Announced","value":"2017, August. Released 2017, October"},{"label":"Status","value":"Discontinued"}]},{"category":"Body","specs":[{"label":"Dimensions","value":"150.5 x 73.3 x 8.8 mm (5.93 x 2.89 x 0.35 in)"},{"label":"Weight","value":"156 g (5.50 oz)"},{"label":"SIM","value":"Nano-SIM + Micro-SIM"}]},{"category":"Display","specs":[{"label":"Type","value":"IPS LCD"},{"label":"Size","value":"5.2 inches, 74.5 cm 2 (~67.6% screen-to-body ratio)"},{"label":"Resolution","value":"720 x 1280 pixels, 16:9 ratio (~282 ppi density)"}]},{"category":"Platform","specs":[{"label":"OS","value":"Android 7 (Nougat), upgradable to Android 8 (Oreo), ZenUI 4"},{"label":"Chipset","value":"Qualcomm MSM8917 Snapdragon 425 (28 nm)"},{"label":"CPU","value":"Quad-core 1.4 GHz Cortex-A53"},{"label":"GPU","value":"Adreno 308"}]},{"category":"Memory","specs":[{"label":"Card slot","value":"microSDXC (dedicated slot)"},{"label":"Internal","value":"16GB 2GB RAM, 32GB 3GB RAM"}]},{"category":"Main Camera","specs":[{"label":"Dual","value":"13 MP, AF"},{"label":"Features","value":"LED flash, HDR, panorama"},{"label":"Video","value":"1080p@30fps"}]},{"category":"Selfie camera","specs":[{"label":"Single","value":"8 MP"},{"label":"Video","value":"1080p@30fps"},{"label":"Features","value":"LED flash"}]},{"category":"Sound","specs":[{"label":"Loudspeaker","value":"Yes"},{"label":"3.5mm jack","value":"Yes"}]},{"category":"Comms","specs":[{"label":"WLAN","value":"Wi-Fi 802.11 b/g/n, Wi-Fi Direct"},{"label":"Bluetooth","value":"4.1, A2DP, LE"},{"label":"Positioning","value":"GPS, GLONASS"},{"label":"NFC","value":"No"},{"label":"USB","value":"microUSB 2.0, OTG"},{"label":"Radio","value":"FM radio"}]},{"category":"Features","specs":[{"label":"Sensors","value":"Fingerprint (front-mounted), accelerometer, gyro, proximity, compass"}]},{"category":"Battery","specs":[{"label":"Type","value":"Li-Po 4100 mAh, non-removable"},{"label":"Charging","value":"Reverse wired"}]},{"category":"Misc","specs":[{"label":"Colors","value":"Black, Gold, Silver"},{"label":"Models","value":"X00HD"},{"label":"Price","value":"About 180 EUR"}]}]');
INSERT OR IGNORE INTO device_pictures (device_id, url, position) VALUES (200, 'https://fdn2.gsmarena.com/vv/bigpic/asus-ZC520KL.jpg', 0);
INSERT OR IGNORE INTO device_pictures (device_id, url, position) VALUES (200, 'https://fdn2.gsmarena.com/vv/pics/asus/asus-ZC520KL.jpg', 1);
INSERT OR IGNORE INTO devices (id, brand_id, name, gsmarena_url, thumbnail_url, summary) VALUES (201, 2, 'Zenfone 4 Max Pro ZC554KL', 'https://www.gsmarena.com/asus_zenfone_4_max_pro_zc554kl-8814.php', 'https://fdn2.gsmarena.com/vv/bigpic/asus-zenfone-4-max-zc554kl.jpg', 'Zenfone 4 Max Pro ZC554KL');
INSERT OR IGNORE INTO device_specs (device_id, announced, status, network, os, chipset, cpu, gpu, display_size, display_type, display_res, ram, storage, main_camera, selfie_camera, battery, charging, nfc, usb, bluetooth, wlan, colors, weight, dimensions, sim, sensors, popularity, fans, rating, full_specs_json) VALUES (201, '2017, August. Released 2017, September', 'Discontinued', 'GSM / HSPA / LTE / 4G/LTE', 'Android 7 (Nougat), ZenUI 4', 'Qualcomm MSM8917 Snapdragon 425 (28 nm) Qualcomm MSM8937 Snapdragon 430 (28 nm)', 'Quad-core 1.4 GHz Cortex-A53 Octa-core 1.4 GHz Cortex-A53', 'Adreno 308 Adreno 505', '5.5 inches, 83.4 cm 2 (~70.4% screen-to-body ratio)', 'IPS LCD', '720 x 1280 pixels, 16:9 ratio (~267 ppi density)', '2GB', '32GB', '16 MP, f/2.0, 26mm (wide), PDAF, LED flash, HDR, panorama', '16 MP, f/2.0, 18mm (ultrawide), 1/3.06", 1.0µm', 'Li-Po 5000 mAh, non-removable', '18W wired', 'No', 'microUSB 2.0, OTG', '4.1, A2DP, LE', 'Wi-Fi 802.11 b/g/n, Wi-Fi Direct', 'Deepsea Black, Sunlight Gold, Rose Pink', '181 g (6.38 oz)', '154 x 76.9 x 8.9 mm (6.06 x 3.03 x 0.35 in)', 'Nano-SIM + Nano-SIM', 'Fingerprint (front-mounted), accelerometer, gyro, proximity, compass', 'About 250 EUR', NULL, NULL, '[{"category":"Network","specs":[{"label":"Technology","value":"GSM / HSPA / LTE"},{"label":"2G bands","value":"GSM 850 / 900 / 1800 / 1900 - SIM 1 & SIM 2"},{"label":"3G bands","value":"HSDPA 850 / 900 / 2100 - Global, India, Indonesia"},{"label":"4G bands","value":"1, 3, 5, 7, 8, 20, 40 - Global, India, Indonesia"},{"label":"Speed","value":"HSPA 42.2/5.76 Mbps, LTE Cat4 150/50 Mbps"}]},{"category":"Launch","specs":[{"label":"Announced","value":"2017, August. Released 2017, September"},{"label":"Status","value":"Discontinued"}]},{"category":"Body","specs":[{"label":"Dimensions","value":"154 x 76.9 x 8.9 mm (6.06 x 3.03 x 0.35 in)"},{"label":"Weight","value":"181 g (6.38 oz)"},{"label":"Build","value":"Glass front, aluminum back, aluminum frame"},{"label":"SIM","value":"Nano-SIM + Nano-SIM"}]},{"category":"Display","specs":[{"label":"Type","value":"IPS LCD"},{"label":"Size","value":"5.5 inches, 83.4 cm 2 (~70.4% screen-to-body ratio)"},{"label":"Resolution","value":"720 x 1280 pixels, 16:9 ratio (~267 ppi density)"}]},{"category":"Platform","specs":[{"label":"OS","value":"Android 7 (Nougat), ZenUI 4"},{"label":"Chipset","value":"Qualcomm MSM8917 Snapdragon 425 (28 nm) Qualcomm MSM8937 Snapdragon 430 (28 nm)"},{"label":"CPU","value":"Quad-core 1.4 GHz Cortex-A53 Octa-core 1.4 GHz Cortex-A53"},{"label":"GPU","value":"Adreno 308 Adreno 505"}]},{"category":"Memory","specs":[{"label":"Card slot","value":"microSDXC (dedicated slot)"},{"label":"Internal","value":"32GB 2GB RAM, 32GB 3GB RAM"}]},{"category":"Main Camera","specs":[{"label":"Single","value":"16 MP, f/2.0, 26mm (wide), PDAF"},{"label":"Features","value":"LED flash, HDR, panorama"},{"label":"Video","value":"1080p@30fps"}]},{"category":"Selfie camera","specs":[{"label":"Single","value":"16 MP, f/2.0, 18mm (ultrawide), 1/3.06\\", 1.0µm"},{"label":"Features","value":"LED"}]},{"category":"Sound","specs":[{"label":"Loudspeaker","value":"Yes"},{"label":"3.5mm jack","value":"Yes"}]},{"category":"Comms","specs":[{"label":"WLAN","value":"Wi-Fi 802.11 b/g/n, Wi-Fi Direct"},{"label":"Bluetooth","value":"4.1, A2DP, LE"},{"label":"Positioning","value":"GPS, GLONASS, BDS, GALILEO"},{"label":"NFC","value":"No"},{"label":"USB","value":"microUSB 2.0, OTG"},{"label":"Radio","value":"No"}]},{"category":"Features","specs":[{"label":"Sensors","value":"Fingerprint (front-mounted), accelerometer, gyro, proximity, compass"}]},{"category":"Battery","specs":[{"label":"Type","value":"Li-Po 5000 mAh, non-removable"},{"label":"Charging","value":"18W wired"},{"label":"Stand-by","value":"Up to 1104 h (3G)"},{"label":"Talk time","value":"Up to 40 h (3G)"}]},{"category":"Misc","specs":[{"label":"Colors","value":"Deepsea Black, Sunlight Gold, Rose Pink"},{"label":"Price","value":"About 250 EUR"}]}]');
INSERT OR IGNORE INTO device_pictures (device_id, url, position) VALUES (201, 'https://fdn2.gsmarena.com/vv/bigpic/asus-zenfone-4-max-zc554kl.jpg', 0);
INSERT OR IGNORE INTO device_pictures (device_id, url, position) VALUES (201, 'https://fdn2.gsmarena.com/vv/pics/asus/asus-zenfone-4-max-zc554kl1.jpg', 1);
INSERT OR IGNORE INTO device_pictures (device_id, url, position) VALUES (201, 'https://fdn2.gsmarena.com/vv/pics/asus/asus-zenfone-4-max-zc554kl2.jpg', 2);
INSERT OR IGNORE INTO devices (id, brand_id, name, gsmarena_url, thumbnail_url, summary) VALUES (202, 2, 'Zenfone 4 Max Plus ZC554KL', 'https://www.gsmarena.com/asus_zenfone_4_max_plus_zc554kl-8810.php', 'https://fdn2.gsmarena.com/vv/bigpic/asus-zenfone-4-max-zc554kl.jpg', 'Zenfone 4 Max Plus ZC554KL');
INSERT OR IGNORE INTO device_specs (device_id, announced, status, network, os, chipset, cpu, gpu, display_size, display_type, display_res, ram, storage, main_camera, selfie_camera, battery, charging, nfc, usb, bluetooth, wlan, colors, weight, dimensions, sim, sensors, popularity, fans, rating, full_specs_json) VALUES (202, '2017, August. Released 2017, September', 'Discontinued', 'GSM / HSPA / LTE / 4G/LTE', 'Android 7 (Nougat), ZenUI 4', 'Qualcomm MSM8917 Snapdragon 425 (28 nm)', 'Quad-core 1.4 GHz Cortex-A53', 'Adreno 308', '5.5 inches, 83.4 cm 2 (~70.4% screen-to-body ratio)', 'IPS LCD', '720 x 1280 pixels, 16:9 ratio (~267 ppi density)', '3GB', '32GB', '13 MP, AF, LED flash, HDR, panorama', '8 MP', 'Li-Po 5000 mAh, non-removable', 'Reverse wired', 'No', 'microUSB 2.0, OTG', '4.1, A2DP, LE', 'Wi-Fi 802.11 b/g/n, Wi-Fi Direct', 'Deepsea Black, Sunlight Gold, Rose Pink', '181 g (6.38 oz)', '154 x 76.9 x 8.9 mm (6.06 x 3.03 x 0.35 in)', 'Nano-SIM + Micro-SIM', 'Fingerprint (front-mounted), accelerometer, gyro, proximity, compass', 'About 220 EUR', NULL, NULL, '[{"category":"Network","specs":[{"label":"Technology","value":"GSM / HSPA / LTE"},{"label":"2G bands","value":"GSM 850 / 900 / 1800 / 1900 - SIM 1 & SIM 2"},{"label":"3G bands","value":"HSDPA 850 / 900 / 2100"},{"label":"4G bands","value":"1, 3, 5, 7, 8, 20, 40"},{"label":"Speed","value":"HSPA 42.2/5.76 Mbps, LTE Cat4 150/50 Mbps"}]},{"category":"Launch","specs":[{"label":"Announced","value":"2017, August. Released 2017, September"},{"label":"Status","value":"Discontinued"}]},{"category":"Body","specs":[{"label":"Dimensions","value":"154 x 76.9 x 8.9 mm (6.06 x 3.03 x 0.35 in)"},{"label":"Weight","value":"181 g (6.38 oz)"},{"label":"SIM","value":"Nano-SIM + Micro-SIM"}]},{"category":"Display","specs":[{"label":"Type","value":"IPS LCD"},{"label":"Size","value":"5.5 inches, 83.4 cm 2 (~70.4% screen-to-body ratio)"},{"label":"Resolution","value":"720 x 1280 pixels, 16:9 ratio (~267 ppi density)"}]},{"category":"Platform","specs":[{"label":"OS","value":"Android 7 (Nougat), ZenUI 4"},{"label":"Chipset","value":"Qualcomm MSM8917 Snapdragon 425 (28 nm)"},{"label":"CPU","value":"Quad-core 1.4 GHz Cortex-A53"},{"label":"GPU","value":"Adreno 308"}]},{"category":"Memory","specs":[{"label":"Card slot","value":"microSDXC (dedicated slot)"},{"label":"Internal","value":"32GB 3GB RAM"}]},{"category":"Main Camera","specs":[{"label":"Dual","value":"13 MP, AF"},{"label":"Features","value":"LED flash, HDR, panorama"},{"label":"Video","value":"1080p@30fps"}]},{"category":"Selfie camera","specs":[{"label":"Single","value":"8 MP"},{"label":"Features","value":"LED"}]},{"category":"Sound","specs":[{"label":"Loudspeaker","value":"Yes"},{"label":"3.5mm jack","value":"Yes"}]},{"category":"Comms","specs":[{"label":"WLAN","value":"Wi-Fi 802.11 b/g/n, Wi-Fi Direct"},{"label":"Bluetooth","value":"4.1, A2DP, LE"},{"label":"Positioning","value":"GPS, GLONASS"},{"label":"NFC","value":"No"},{"label":"USB","value":"microUSB 2.0, OTG"},{"label":"Radio","value":"No"}]},{"category":"Features","specs":[{"label":"Sensors","value":"Fingerprint (front-mounted), accelerometer, gyro, proximity, compass"}]},{"category":"Battery","specs":[{"label":"Type","value":"Li-Po 5000 mAh, non-removable"},{"label":"Charging","value":"Reverse wired"}]},{"category":"Misc","specs":[{"label":"Colors","value":"Deepsea Black, Sunlight Gold, Rose Pink"},{"label":"Models","value":"ZC550TL, ZC554KL, X015D"},{"label":"Price","value":"About 220 EUR"}]}]');
INSERT OR IGNORE INTO device_pictures (device_id, url, position) VALUES (202, 'https://fdn2.gsmarena.com/vv/bigpic/asus-zenfone-4-max-zc554kl.jpg', 0);
INSERT OR IGNORE INTO device_pictures (device_id, url, position) VALUES (202, 'https://fdn2.gsmarena.com/vv/pics/asus/asus-zenfone-4-max-zc554kl1.jpg', 1);
INSERT OR IGNORE INTO device_pictures (device_id, url, position) VALUES (202, 'https://fdn2.gsmarena.com/vv/pics/asus/asus-zenfone-4-max-zc554kl2.jpg', 2);
INSERT OR IGNORE INTO devices (id, brand_id, name, gsmarena_url, thumbnail_url, summary) VALUES (203, 2, 'Zenfone 4 Max ZC554KL', 'https://www.gsmarena.com/asus_zenfone_4_max_zc554kl-8749.php', 'https://fdn2.gsmarena.com/vv/bigpic/asus-zenfone-4-max-zc554kl.jpg', 'Zenfone 4 Max ZC554KL');
INSERT OR IGNORE INTO device_specs (device_id, announced, status, network, os, chipset, cpu, gpu, display_size, display_type, display_res, ram, storage, main_camera, selfie_camera, battery, charging, nfc, usb, bluetooth, wlan, colors, weight, dimensions, sim, sensors, popularity, fans, rating, full_specs_json) VALUES (203, '2017, July. Released 2017, September', 'Discontinued', 'GSM / HSPA / LTE / 4G/LTE', 'Android 7 (Nougat), ZenUI 4', 'Qualcomm MSM8937 Snapdragon 430 (28 nm)', 'Octa-core 1.4 GHz Cortex-A53', 'Adreno 505', '5.5 inches, 83.4 cm 2 (~70.4% screen-to-body ratio)', 'S-IPS LCD', '720 x 1280 pixels, 16:9 ratio (~267 ppi density)', '3GB', '32GB', '13 MP, f/2.0, 25mm (wide), AF, LED flash, HDR, panorama', '8 MP, f/2.2, 24mm (wide)', 'Li-Po 5000 mAh, non-removable', '10W wired', 'No', 'microUSB 2.0, OTG', '4.1, A2DP, LE', 'Wi-Fi 802.11 b/g/n, Wi-Fi Direct', 'Titanium Gray, Rose Pink, Sand Gold, Deepsea Black', '181 g (6.38 oz)', '154 x 76.9 x 8.9 mm (6.06 x 3.03 x 0.35 in)', 'Nano-SIM + Nano-SIM', 'Fingerprint (front-mounted), accelerometer, gyro, proximity, compass', 'About 270 EUR', NULL, NULL, '[{"category":"Network","specs":[{"label":"Technology","value":"GSM / HSPA / LTE"},{"label":"2G bands","value":"GSM 850 / 900 / 1800 / 1900 - SIM 1 & SIM 2"},{"label":"3G bands","value":"HSDPA 850 / 900 / 1900 / 2100"},{"label":"4G bands","value":"1, 3, 5, 7, 8, 20, 40"},{"label":"Speed","value":"HSPA 42.2/5.76 Mbps, LTE Cat4 150/50 Mbps"}]},{"category":"Launch","specs":[{"label":"Announced","value":"2017, July. Released 2017, September"},{"label":"Status","value":"Discontinued"}]},{"category":"Body","specs":[{"label":"Dimensions","value":"154 x 76.9 x 8.9 mm (6.06 x 3.03 x 0.35 in)"},{"label":"Weight","value":"181 g (6.38 oz)"},{"label":"Build","value":"Glass front (Gorilla Glass), aluminum back, aluminum frame"},{"label":"SIM","value":"Nano-SIM + Nano-SIM"}]},{"category":"Display","specs":[{"label":"Type","value":"S-IPS LCD"},{"label":"Size","value":"5.5 inches, 83.4 cm 2 (~70.4% screen-to-body ratio)"},{"label":"Resolution","value":"720 x 1280 pixels, 16:9 ratio (~267 ppi density)"},{"label":"Protection","value":"Corning Gorilla Glass (unspecified version)"}]},{"category":"Platform","specs":[{"label":"OS","value":"Android 7 (Nougat), ZenUI 4"},{"label":"Chipset","value":"Qualcomm MSM8937 Snapdragon 430 (28 nm)"},{"label":"CPU","value":"Octa-core 1.4 GHz Cortex-A53"},{"label":"GPU","value":"Adreno 505"}]},{"category":"Memory","specs":[{"label":"Card slot","value":"microSDXC (dedicated slot)"},{"label":"Internal","value":"32GB 3GB RAM"}]},{"category":"Main Camera","specs":[{"label":"Dual","value":"13 MP, f/2.0, 25mm (wide), AF"},{"label":"Features","value":"LED flash, HDR, panorama"},{"label":"Video","value":"1080p@30fps"}]},{"category":"Selfie camera","specs":[{"label":"Single","value":"8 MP, f/2.2, 24mm (wide)"},{"label":"Features","value":"LED flash"}]},{"category":"Sound","specs":[{"label":"Loudspeaker","value":"Yes"},{"label":"3.5mm jack","value":"Yes"}]},{"category":"Comms","specs":[{"label":"WLAN","value":"Wi-Fi 802.11 b/g/n, Wi-Fi Direct"},{"label":"Bluetooth","value":"4.1, A2DP, LE"},{"label":"Positioning","value":"GPS, GLONASS, BDS"},{"label":"NFC","value":"No"},{"label":"USB","value":"microUSB 2.0, OTG"},{"label":"Radio","value":"FM radio"}]},{"category":"Features","specs":[{"label":"Sensors","value":"Fingerprint (front-mounted), accelerometer, gyro, proximity, compass"}]},{"category":"Battery","specs":[{"label":"Type","value":"Li-Po 5000 mAh, non-removable"},{"label":"Charging","value":"10W wired"}]},{"category":"Misc","specs":[{"label":"Colors","value":"Titanium Gray, Rose Pink, Sand Gold, Deepsea Black"},{"label":"Models","value":"X00ID, X00IS, X00HDA, ZC554KL"},{"label":"Price","value":"About 270 EUR"}]}]');
INSERT OR IGNORE INTO device_pictures (device_id, url, position) VALUES (203, 'https://fdn2.gsmarena.com/vv/bigpic/asus-zenfone-4-max-zc554kl.jpg', 0);
INSERT OR IGNORE INTO device_pictures (device_id, url, position) VALUES (203, 'https://fdn2.gsmarena.com/vv/pics/asus/asus-zenfone-4-max-zc554kl1.jpg', 1);
INSERT OR IGNORE INTO device_pictures (device_id, url, position) VALUES (203, 'https://fdn2.gsmarena.com/vv/pics/asus/asus-zenfone-4-max-zc554kl2.jpg', 2);
INSERT OR IGNORE INTO devices (id, brand_id, name, gsmarena_url, thumbnail_url, summary) VALUES (204, 2, 'Zenpad Z8s ZT582KL', 'https://www.gsmarena.com/asus_zenpad_z8s_zt582kl-8801.php', 'https://fdn2.gsmarena.com/vv/bigpic/asus-zenpad-z8s-zt582kl.jpg', 'Zenpad Z8s ZT582KL');
INSERT OR IGNORE INTO device_specs (device_id, announced, status, network, os, chipset, cpu, gpu, display_size, display_type, display_res, ram, storage, main_camera, selfie_camera, battery, charging, nfc, usb, bluetooth, wlan, colors, weight, dimensions, sim, sensors, popularity, fans, rating, full_specs_json) VALUES (204, '2017, August. Released 2017, August', 'Discontinued', 'GSM / HSPA / LTE / 4G/LTE', 'Android 7.0 (Nougat)', 'Qualcomm MSM8976 Snapdragon 652 (28 nm)', 'Octa-core (4x1.8 GHz Cortex-A72 & 4x1.2 GHz Cortex-A53)', 'Adreno 510', '7.9 inches, 193.3 cm 2 (~70.8% screen-to-body ratio)', 'S-IPS LCD', '1536 x 2048 pixels, 4:3 ratio (~324 ppi density)', '3GB', '16GB', '13 MP, f/2.0, AF', '5 MP', 'Li-Po 4680 mAh, non-removable (18 Wh)', NULL, 'No', 'USB Type-C', '4.2, A2DP, LE, aptX', 'Wi-Fi 802.11 a/b/g/n/ac, dual-band, Wi-Fi Direct', 'Black', '306 g (10.79 oz)', '204 x 133.9 x 6.9 mm (8.03 x 5.27 x 0.27 in)', 'Nano-SIM', 'Accelerometer, gyro, proximity, compass', 'About 210 EUR', NULL, NULL, '[{"category":"Network","specs":[{"label":"Technology","value":"GSM / HSPA / LTE"},{"label":"2G bands","value":"GSM 850 / 900 / 1800 / 1900"},{"label":"3G bands","value":"HSDPA"},{"label":"4G bands","value":"2, 4, 5, 13"},{"label":"Speed","value":"HSPA 42.2/5.76 Mbps, LTE Cat4 150/50 Mbps"},{"label":"GPRS","value":"Yes"},{"label":"EDGE","value":"Yes"}]},{"category":"Launch","specs":[{"label":"Announced","value":"2017, August. Released 2017, August"},{"label":"Status","value":"Discontinued"}]},{"category":"Body","specs":[{"label":"Dimensions","value":"204 x 133.9 x 6.9 mm (8.03 x 5.27 x 0.27 in)"},{"label":"Weight","value":"306 g (10.79 oz)"},{"label":"Build","value":"Glass front, aluminum back, aluminum frame"},{"label":"SIM","value":"Nano-SIM"}]},{"category":"Display","specs":[{"label":"Type","value":"S-IPS LCD"},{"label":"Size","value":"7.9 inches, 193.3 cm 2 (~70.8% screen-to-body ratio)"},{"label":"Resolution","value":"1536 x 2048 pixels, 4:3 ratio (~324 ppi density)"}]},{"category":"Platform","specs":[{"label":"OS","value":"Android 7.0 (Nougat)"},{"label":"Chipset","value":"Qualcomm MSM8976 Snapdragon 652 (28 nm)"},{"label":"CPU","value":"Octa-core (4x1.8 GHz Cortex-A72 & 4x1.2 GHz Cortex-A53)"},{"label":"GPU","value":"Adreno 510"}]},{"category":"Memory","specs":[{"label":"Card slot","value":"microSDXC (dedicated slot)"},{"label":"Internal","value":"16GB 3GB RAM"}]},{"category":"Main Camera","specs":[{"label":"Single","value":"13 MP, f/2.0, AF"},{"label":"Video","value":"1080p@30fps"}]},{"category":"Selfie camera","specs":[{"label":"Single","value":"5 MP"}]},{"category":"Sound","specs":[{"label":"Loudspeaker","value":"Yes, with stereo speakers"},{"label":"3.5mm jack","value":"Yes"}]},{"category":"Comms","specs":[{"label":"WLAN","value":"Wi-Fi 802.11 a/b/g/n/ac, dual-band, Wi-Fi Direct"},{"label":"Bluetooth","value":"4.2, A2DP, LE, aptX"},{"label":"Positioning","value":"GPS, GLONASS"},{"label":"NFC","value":"No"},{"label":"USB","value":"USB Type-C"},{"label":"Radio","value":"No"}]},{"category":"Features","specs":[{"label":"Sensors","value":"Accelerometer, gyro, proximity, compass"}]},{"category":"Battery","specs":[{"label":"Type","value":"Li-Po 4680 mAh, non-removable (18 Wh)"}]},{"category":"Misc","specs":[{"label":"Colors","value":"Black"},{"label":"SAR","value":"1.19 W/kg (body)"},{"label":"Price","value":"About 210 EUR"}]}]');
INSERT OR IGNORE INTO device_pictures (device_id, url, position) VALUES (204, 'https://fdn2.gsmarena.com/vv/bigpic/asus-zenpad-z8s-zt582kl.jpg', 0);
INSERT OR IGNORE INTO device_pictures (device_id, url, position) VALUES (204, 'https://fdn2.gsmarena.com/vv/pics/asus/asus-zenpad-z8s-zt582kl-1.jpg', 1);
INSERT OR IGNORE INTO device_pictures (device_id, url, position) VALUES (204, 'https://fdn2.gsmarena.com/vv/pics/asus/asus-zenpad-z8s-zt582kl-2.jpg', 2);
INSERT OR IGNORE INTO devices (id, brand_id, name, gsmarena_url, thumbnail_url, summary) VALUES (205, 2, 'Zenpad 3s 8.0 Z582KL', 'https://www.gsmarena.com/asus_zenpad_3s_8_0_z582kl-8711.php', 'https://fdn2.gsmarena.com/vv/bigpic/asus-zenpad-3-80-z581kl-.jpg', 'Zenpad 3s 8.0 Z582KL');
INSERT OR IGNORE INTO device_specs (device_id, announced, status, network, os, chipset, cpu, gpu, display_size, display_type, display_res, ram, storage, main_camera, selfie_camera, battery, charging, nfc, usb, bluetooth, wlan, colors, weight, dimensions, sim, sensors, popularity, fans, rating, full_specs_json) VALUES (205, '2017, May. Released 2017, November', 'Discontinued', 'GSM / HSPA / LTE / 4G/LTE', 'Android 7.1 (Nougat)', 'Qualcomm MSM8976 Snapdragon 652 (28 nm)', 'Octa-core (4x1.8 GHz Cortex-A72 & 4x1.4 GHz Cortex-A53)', 'Adreno 510', '7.9 inches, 193.3 cm 2', 'IPS LCD', '1536 x 2048 pixels, 4:3 ratio (~324 ppi density)', '3GB', '32GB', '13 MP, f/2.0, AF', '5 MP', 'Li-Ion 4680 mAh, non-removable (18 Wh)', NULL, 'No', 'USB Type-C', '4.1, A2DP, LE, aptX', 'Wi-Fi 802.11 a/b/g/n/ac, dual-band, Wi-Fi Direct', 'Black', '-', '6.9 mm thickness', 'Micro-SIM', 'Accelerometer, gyro, proximity, compass', 'About 250 EUR', NULL, NULL, '[{"category":"Network","specs":[{"label":"Technology","value":"GSM / HSPA / LTE"},{"label":"2G bands","value":"GSM 850 / 900 / 1800 / 1900"},{"label":"3G bands","value":"HSDPA 850 / 900 / 2100"},{"label":"4G bands","value":"LTE"},{"label":"Speed","value":"HSPA 42.2/5.76 Mbps, LTE (2CA) Cat6 300/50 Mbps"}]},{"category":"Launch","specs":[{"label":"Announced","value":"2017, May. Released 2017, November"},{"label":"Status","value":"Discontinued"}]},{"category":"Body","specs":[{"label":"Dimensions","value":"6.9 mm thickness"},{"label":"Weight","value":"-"},{"label":"SIM","value":"Micro-SIM"}]},{"category":"Display","specs":[{"label":"Type","value":"IPS LCD"},{"label":"Size","value":"7.9 inches, 193.3 cm 2"},{"label":"Resolution","value":"1536 x 2048 pixels, 4:3 ratio (~324 ppi density)"}]},{"category":"Platform","specs":[{"label":"OS","value":"Android 7.1 (Nougat)"},{"label":"Chipset","value":"Qualcomm MSM8976 Snapdragon 652 (28 nm)"},{"label":"CPU","value":"Octa-core (4x1.8 GHz Cortex-A72 & 4x1.4 GHz Cortex-A53)"},{"label":"GPU","value":"Adreno 510"}]},{"category":"Memory","specs":[{"label":"Card slot","value":"microSDXC (dedicated slot)"},{"label":"Internal","value":"32GB 3GB RAM, 64GB 4GB RAM"}]},{"category":"Main Camera","specs":[{"label":"Single","value":"13 MP, f/2.0, AF"},{"label":"Video","value":"1080p@30fps"}]},{"category":"Selfie camera","specs":[{"label":"Single","value":"5 MP"}]},{"category":"Sound","specs":[{"label":"Loudspeaker","value":"Yes, with stereo speakers"},{"label":"3.5mm jack","value":"Yes"}]},{"category":"Comms","specs":[{"label":"WLAN","value":"Wi-Fi 802.11 a/b/g/n/ac, dual-band, Wi-Fi Direct"},{"label":"Bluetooth","value":"4.1, A2DP, LE, aptX"},{"label":"Positioning","value":"GPS, GLONASS"},{"label":"NFC","value":"No"},{"label":"USB","value":"USB Type-C"},{"label":"Radio","value":"No"}]},{"category":"Features","specs":[{"label":"Sensors","value":"Accelerometer, gyro, proximity, compass"}]},{"category":"Battery","specs":[{"label":"Type","value":"Li-Ion 4680 mAh, non-removable (18 Wh)"}]},{"category":"Misc","specs":[{"label":"Colors","value":"Black"},{"label":"Price","value":"About 250 EUR"}]}]');
INSERT OR IGNORE INTO device_pictures (device_id, url, position) VALUES (205, 'https://fdn2.gsmarena.com/vv/bigpic/asus-zenpad-3-80-z581kl-.jpg', 0);
INSERT OR IGNORE INTO device_pictures (device_id, url, position) VALUES (205, 'https://fdn2.gsmarena.com/vv/pics/asus/asus-zenpad-3-80-z581kl-1.jpg', 1);
INSERT OR IGNORE INTO device_pictures (device_id, url, position) VALUES (205, 'https://fdn2.gsmarena.com/vv/pics/asus/asus-zenpad-3-80-z581kl-2.jpg', 2);
INSERT OR IGNORE INTO devices (id, brand_id, name, gsmarena_url, thumbnail_url, summary) VALUES (206, 2, 'Zenfone Go ZB552KL', 'https://www.gsmarena.com/asus_zenfone_go_zb552kl-8681.php', 'https://fdn2.gsmarena.com/vv/bigpic/asus-zenfone-go-zb551kl.jpg', 'Zenfone Go ZB552KL');
INSERT OR IGNORE INTO device_specs (device_id, announced, status, network, os, chipset, cpu, gpu, display_size, display_type, display_res, ram, storage, main_camera, selfie_camera, battery, charging, nfc, usb, bluetooth, wlan, colors, weight, dimensions, sim, sensors, popularity, fans, rating, full_specs_json) VALUES (206, '2017, May. Released 2017, May', 'Discontinued', 'GSM / HSPA / LTE / 4G/LTE', 'Android 6 (Marshmallow), ZenUI 3', 'Qualcomm MSM8916 Snapdragon 410 (28 nm)', 'Quad-core 1.2 GHz Cortex-A53', 'Adreno 306', '5.5 inches, 83.4 cm 2 (~71.2% screen-to-body ratio)', 'IPS LCD', '720 x 1280 pixels, 16:9 ratio (~267 ppi density)', '2GB', '16GB', '13 MP, f/2.0, AF, Dual-LED dual-tone flash, HDR, panorama', '5 MP, f/2.0, AF', 'Li-Ion 3000 mAh, non-removable', NULL, 'No', 'microUSB 2.0', '4.0, A2DP, EDR', 'Wi-Fi 802.11 b/g/n, Wi-Fi Direct', 'Charcoal Black, Pearl White, Glamor Red, Sheer Gold, Glacier Gray, Silver Blue', '168 g (5.93 oz)', '153.4 x 76.4 x 10.9 mm (6.04 x 3.01 x 0.43 in)', 'Dual SIM (Micro-SIM, dual stand-by)', 'Accelerometer, proximity, compass', 'About 120 EUR', NULL, NULL, '[{"category":"Network","specs":[{"label":"Technology","value":"GSM / HSPA / LTE"},{"label":"2G bands","value":"GSM 850 / 900 / 1800 / 1900 - SIM 1 & SIM 2"},{"label":"3G bands","value":"HSDPA 850 / 900 / 1900 / 2100 - Global"},{"label":"4G bands","value":"1, 2, 3, 5, 7, 8, 20 - Global"},{"label":"Speed","value":"HSPA 42.2/5.76 Mbps, LTE Cat4 150/50 Mbps"}]},{"category":"Launch","specs":[{"label":"Announced","value":"2017, May. Released 2017, May"},{"label":"Status","value":"Discontinued"}]},{"category":"Body","specs":[{"label":"Dimensions","value":"153.4 x 76.4 x 10.9 mm (6.04 x 3.01 x 0.43 in)"},{"label":"Weight","value":"168 g (5.93 oz)"},{"label":"SIM","value":"Dual SIM (Micro-SIM, dual stand-by)"}]},{"category":"Display","specs":[{"label":"Type","value":"IPS LCD"},{"label":"Size","value":"5.5 inches, 83.4 cm 2 (~71.2% screen-to-body ratio)"},{"label":"Resolution","value":"720 x 1280 pixels, 16:9 ratio (~267 ppi density)"}]},{"category":"Platform","specs":[{"label":"OS","value":"Android 6 (Marshmallow), ZenUI 3"},{"label":"Chipset","value":"Qualcomm MSM8916 Snapdragon 410 (28 nm)"},{"label":"CPU","value":"Quad-core 1.2 GHz Cortex-A53"},{"label":"GPU","value":"Adreno 306"}]},{"category":"Memory","specs":[{"label":"Card slot","value":"microSDXC (dedicated slot)"},{"label":"Internal","value":"16GB 2GB RAM, 32GB 2GB RAM"}]},{"category":"Main Camera","specs":[{"label":"Single","value":"13 MP, f/2.0, AF"},{"label":"Features","value":"Dual-LED dual-tone flash, HDR, panorama"},{"label":"Video","value":"1080p@30fps"}]},{"category":"Selfie camera","specs":[{"label":"Single","value":"5 MP, f/2.0, AF"}]},{"category":"Sound","specs":[{"label":"Loudspeaker","value":"Yes"},{"label":"3.5mm jack","value":"Yes"}]},{"category":"Comms","specs":[{"label":"WLAN","value":"Wi-Fi 802.11 b/g/n, Wi-Fi Direct"},{"label":"Bluetooth","value":"4.0, A2DP, EDR"},{"label":"Positioning","value":"GPS, GLONASS, BDS"},{"label":"NFC","value":"No"},{"label":"USB","value":"microUSB 2.0"},{"label":"Radio","value":"FM radio"}]},{"category":"Features","specs":[{"label":"Sensors","value":"Accelerometer, proximity, compass"}]},{"category":"Battery","specs":[{"label":"Type","value":"Li-Ion 3000 mAh, non-removable"},{"label":"Stand-by","value":"Up to 480 h (3G)"},{"label":"Talk time","value":"Up to 16 h (3G)"}]},{"category":"Misc","specs":[{"label":"Colors","value":"Charcoal Black, Pearl White, Glamor Red, Sheer Gold, Glacier Gray, Silver Blue"},{"label":"Models","value":"X007D, X007DA"},{"label":"Price","value":"About 120 EUR"}]}]');
INSERT OR IGNORE INTO device_pictures (device_id, url, position) VALUES (206, 'https://fdn2.gsmarena.com/vv/bigpic/asus-zenfone-go-zb551kl.jpg', 0);
INSERT OR IGNORE INTO device_pictures (device_id, url, position) VALUES (206, 'https://fdn2.gsmarena.com/vv/pics/asus/asus-zenfone-go-zb552kl-1.jpg', 1);
INSERT OR IGNORE INTO device_pictures (device_id, url, position) VALUES (206, 'https://fdn2.gsmarena.com/vv/pics/asus/asus-zenfone-go-zb552kl-2.jpg', 2);
INSERT OR IGNORE INTO device_pictures (device_id, url, position) VALUES (206, 'https://fdn2.gsmarena.com/vv/pics/asus/asus-zenfone-go-zb552kl-3.jpg', 3);
INSERT OR IGNORE INTO devices (id, brand_id, name, gsmarena_url, thumbnail_url, summary) VALUES (207, 2, 'Zenfone Live ZB501KL', 'https://www.gsmarena.com/asus_zenfone_live_zb501kl-8579.php', 'https://fdn2.gsmarena.com/vv/bigpic/asus-zenfone-live-zb501kl.jpg', 'Zenfone Live ZB501KL');
INSERT OR IGNORE INTO device_specs (device_id, announced, status, network, os, chipset, cpu, gpu, display_size, display_type, display_res, ram, storage, main_camera, selfie_camera, battery, charging, nfc, usb, bluetooth, wlan, colors, weight, dimensions, sim, sensors, popularity, fans, rating, full_specs_json) VALUES (207, '2017, February. Released 2017, March', 'Discontinued', 'GSM / HSPA / LTE / 4G/LTE', 'Android 6.0 (Marshmallow), ZenUI 3.5', 'Qualcomm MSM8916 Snapdragon 410 (28 nm)', 'Quad-core 1.2 GHz Cortex-A53', 'Adreno 306', '5.0 inches, 68.9 cm 2 (~68.1% screen-to-body ratio)', 'IPS LCD', '720 x 1280 pixels, 16:9 ratio (~294 ppi density)', '2GB', '16GB', '13 MP, f/2.0, AF, LED flash, panorama', '5 MP, f/2.2, 1.4µm, AF', 'Li-Ion 2650 mAh, non-removable', NULL, 'No', 'microUSB 2.0, OTG', '4.0, A2DP', 'Wi-Fi 802.11 b/g/n, Wi-Fi Direct', 'Shimmer Gold/Rose, Pink/Navy Black', '120 g (4.23 oz)', '141.2 x 71.7 x 8 mm (5.56 x 2.82 x 0.31 in)', 'Nano-SIM + Nano-SIM', 'Accelerometer, proximity, compass', 'About 150 EUR', NULL, NULL, '[{"category":"Network","specs":[{"label":"Technology","value":"GSM / HSPA / LTE"},{"label":"2G bands","value":"GSM 850 / 900 / 1800 / 1900 - SIM 1 & SIM 2"},{"label":"3G bands","value":"HSDPA 900 / 1900 / 2100"},{"label":"4G bands","value":"1, 3, 7, 8, 20"},{"label":"Speed","value":"HSPA 42.2/5.76 Mbps, LTE Cat4 150/50 Mbps"}]},{"category":"Launch","specs":[{"label":"Announced","value":"2017, February. Released 2017, March"},{"label":"Status","value":"Discontinued"}]},{"category":"Body","specs":[{"label":"Dimensions","value":"141.2 x 71.7 x 8 mm (5.56 x 2.82 x 0.31 in)"},{"label":"Weight","value":"120 g (4.23 oz)"},{"label":"Build","value":"Glass front, aluminum back, aluminum frame"},{"label":"SIM","value":"Nano-SIM + Nano-SIM"}]},{"category":"Display","specs":[{"label":"Type","value":"IPS LCD"},{"label":"Size","value":"5.0 inches, 68.9 cm 2 (~68.1% screen-to-body ratio)"},{"label":"Resolution","value":"720 x 1280 pixels, 16:9 ratio (~294 ppi density)"}]},{"category":"Platform","specs":[{"label":"OS","value":"Android 6.0 (Marshmallow), ZenUI 3.5"},{"label":"Chipset","value":"Qualcomm MSM8916 Snapdragon 410 (28 nm)"},{"label":"CPU","value":"Quad-core 1.2 GHz Cortex-A53"},{"label":"GPU","value":"Adreno 306"}]},{"category":"Memory","specs":[{"label":"Card slot","value":"microSDXC (uses shared SIM slot)"},{"label":"Internal","value":"16GB 2GB RAM, 32GB 2GB RAM"}]},{"category":"Main Camera","specs":[{"label":"Single","value":"13 MP, f/2.0, AF"},{"label":"Features","value":"LED flash, panorama"},{"label":"Video","value":"1080p@30fps"}]},{"category":"Selfie camera","specs":[{"label":"Single","value":"5 MP, f/2.2, 1.4µm, AF"},{"label":"Features","value":"LED falsh"}]},{"category":"Sound","specs":[{"label":"Loudspeaker","value":"Yes"},{"label":"3.5mm jack","value":"Yes"}]},{"category":"Comms","specs":[{"label":"WLAN","value":"Wi-Fi 802.11 b/g/n, Wi-Fi Direct"},{"label":"Bluetooth","value":"4.0, A2DP"},{"label":"Positioning","value":"GPS, GLONASS"},{"label":"NFC","value":"No"},{"label":"USB","value":"microUSB 2.0, OTG"},{"label":"Radio","value":"FM radio"}]},{"category":"Features","specs":[{"label":"Sensors","value":"Accelerometer, proximity, compass"}]},{"category":"Battery","specs":[{"label":"Type","value":"Li-Ion 2650 mAh, non-removable"}]},{"category":"Misc","specs":[{"label":"Colors","value":"Shimmer Gold/Rose, Pink/Navy Black"},{"label":"Models","value":"A007"},{"label":"Price","value":"About 150 EUR"}]}]');
INSERT OR IGNORE INTO device_pictures (device_id, url, position) VALUES (207, 'https://fdn2.gsmarena.com/vv/bigpic/asus-zenfone-live-zb501kl.jpg', 0);
INSERT OR IGNORE INTO device_pictures (device_id, url, position) VALUES (207, 'https://fdn2.gsmarena.com/vv/pics/asus/asus-zenfone-live-zb501kl-1.jpg', 1);
INSERT OR IGNORE INTO device_pictures (device_id, url, position) VALUES (207, 'https://fdn2.gsmarena.com/vv/pics/asus/asus-zenfone-live-zb501kl-3.jpg', 2);
INSERT OR IGNORE INTO device_pictures (device_id, url, position) VALUES (207, 'https://fdn2.gsmarena.com/vv/pics/asus/asus-zenfone-live-zb501kl-2.jpg', 3);
INSERT OR IGNORE INTO devices (id, brand_id, name, gsmarena_url, thumbnail_url, summary) VALUES (208, 2, 'Zenfone 3s Max ZC521TL', 'https://www.gsmarena.com/asus_zenfone_3s_max_zc521tl-8550.php', 'https://fdn2.gsmarena.com/vv/bigpic/asus-zenfone-3s-max-zc-521tl.jpg', 'Zenfone 3s Max ZC521TL');
INSERT OR IGNORE INTO device_specs (device_id, announced, status, network, os, chipset, cpu, gpu, display_size, display_type, display_res, ram, storage, main_camera, selfie_camera, battery, charging, nfc, usb, bluetooth, wlan, colors, weight, dimensions, sim, sensors, popularity, fans, rating, full_specs_json) VALUES (208, '2017, January. Released 2017, February', 'Discontinued', 'GSM / HSPA / LTE / 4G/LTE', 'Android 7 (Nougat), ZenUI 3', 'Mediatek MT6750 (28 nm)', 'Octa-core (4x1.5 GHz Cortex-A53 & 4x1.0 GHz Cortex-A53)', 'Mali-T860MP2', '5.2 inches, 74.5 cm 2 (~67.7% screen-to-body ratio)', 'IPS LCD', '720 x 1280 pixels, 16:9 ratio (~282 ppi density)', '3GB', '32GB', '13 MP, f/2.0, AF, Dual-LED dual-tone flash, panorama, HDR', '8 MP, 1080p@30fps', 'Li-Po 5000 mAh, non-removable', 'Reverse wired', 'No', 'microUSB 2.0, OTG', '4.0, A2DP, EDR', 'Wi-Fi 802.11 a/b/g/n/ac, dual-band, Wi-Fi Direct', 'Gold, Black', '175 g (5.22 oz)', '149.5 x 73.7 x 8.9 mm (5.89 x 2.90 x 0.35 in)', 'Nano-SIM + Micro-SIM', 'Fingerprint (front-mounted), accelerometer, gyro, proximity, compass', 'About 180 EUR', NULL, NULL, '[{"category":"Network","specs":[{"label":"Technology","value":"GSM / HSPA / LTE"},{"label":"2G bands","value":"GSM 850 / 900 / 1800 / 1900 - SIM 1 & SIM 2"},{"label":"3G bands","value":"HSDPA 850 / 900 / 1900 / 2100 - Global"},{"label":"4G bands","value":"1, 2, 3, 4, 5, 7, 8, 18, 19, 26, 28, 38, 41 - Taiwan"},{"label":"Speed","value":"HSPA 42.2/5.76 Mbps, LTE Cat4 150/50 Mbps"}]},{"category":"Launch","specs":[{"label":"Announced","value":"2017, January. Released 2017, February"},{"label":"Status","value":"Discontinued"}]},{"category":"Body","specs":[{"label":"Dimensions","value":"149.5 x 73.7 x 8.9 mm (5.89 x 2.90 x 0.35 in)"},{"label":"Weight","value":"175 g (5.22 oz)"},{"label":"SIM","value":"Nano-SIM + Micro-SIM"}]},{"category":"Display","specs":[{"label":"Type","value":"IPS LCD"},{"label":"Size","value":"5.2 inches, 74.5 cm 2 (~67.7% screen-to-body ratio)"},{"label":"Resolution","value":"720 x 1280 pixels, 16:9 ratio (~282 ppi density)"}]},{"category":"Platform","specs":[{"label":"OS","value":"Android 7 (Nougat), ZenUI 3"},{"label":"Chipset","value":"Mediatek MT6750 (28 nm)"},{"label":"CPU","value":"Octa-core (4x1.5 GHz Cortex-A53 & 4x1.0 GHz Cortex-A53)"},{"label":"GPU","value":"Mali-T860MP2"}]},{"category":"Memory","specs":[{"label":"Card slot","value":"microSDXC (uses shared SIM slot)"},{"label":"Internal","value":"32GB 3GB RAM"}]},{"category":"Main Camera","specs":[{"label":"Single","value":"13 MP, f/2.0, AF"},{"label":"Features","value":"Dual-LED dual-tone flash, panorama, HDR"},{"label":"Video","value":"1080p@30fps"}]},{"category":"Selfie camera","specs":[{"label":"Single","value":"8 MP"},{"label":"Video","value":"1080p@30fps"}]},{"category":"Sound","specs":[{"label":"Loudspeaker","value":"Yes"},{"label":"3.5mm jack","value":"Yes"}]},{"category":"Comms","specs":[{"label":"WLAN","value":"Wi-Fi 802.11 a/b/g/n/ac, dual-band, Wi-Fi Direct"},{"label":"Bluetooth","value":"4.0, A2DP, EDR"},{"label":"Positioning","value":"GPS, GLONASS, BDS"},{"label":"NFC","value":"No"},{"label":"USB","value":"microUSB 2.0, OTG"},{"label":"Radio","value":"FM radio"}]},{"category":"Features","specs":[{"label":"Sensors","value":"Fingerprint (front-mounted), accelerometer, gyro, proximity, compass"}]},{"category":"Battery","specs":[{"label":"Type","value":"Li-Po 5000 mAh, non-removable"},{"label":"Charging","value":"Reverse wired"},{"label":"Stand-by","value":"Up to 816 h (3G)"},{"label":"Talk time","value":"Up to 28 h (3G)"}]},{"category":"Misc","specs":[{"label":"Colors","value":"Gold, Black"},{"label":"Models","value":"X00GD"},{"label":"Price","value":"About 180 EUR"}]}]');
INSERT OR IGNORE INTO device_pictures (device_id, url, position) VALUES (208, 'https://fdn2.gsmarena.com/vv/bigpic/asus-zenfone-3s-max-zc-521tl.jpg', 0);
INSERT OR IGNORE INTO device_pictures (device_id, url, position) VALUES (208, 'https://fdn2.gsmarena.com/vv/pics/asus/asus-zenfone-3s-max-zc-521tl.jpg', 1);
INSERT OR IGNORE INTO devices (id, brand_id, name, gsmarena_url, thumbnail_url, summary) VALUES (209, 2, 'Zenpad 3S 10 Z500KL', 'https://www.gsmarena.com/asus_zenpad_3s_10_z500kl-8543.php', 'https://fdn2.gsmarena.com/vv/bigpic/asus-zenpad-3s.jpg', 'Zenpad 3S 10 Z500KL');
INSERT OR IGNORE INTO device_specs (device_id, announced, status, network, os, chipset, cpu, gpu, display_size, display_type, display_res, ram, storage, main_camera, selfie_camera, battery, charging, nfc, usb, bluetooth, wlan, colors, weight, dimensions, sim, sensors, popularity, fans, rating, full_specs_json) VALUES (209, '2017, January. Released 2017, January', 'Discontinued', 'GSM / HSPA / LTE / 4G/LTE', 'Android 6.0 (Marshmallow)', 'Qualcomm MSM8956 Snapdragon 650', 'Hexa-core (4x1.4 GHz Cortex-A53 & 2x1.8 GHz Cortex-A72)', 'Adreno 510', '9.7 inches, 291.4 cm 2 (~73.2% screen-to-body ratio)', 'IPS LCD', '1536 x 2048 pixels, 4:3 ratio (~264 ppi density)', '4GB', '32GB', '8 MP, AF, HDR, panorama', '5 MP, 1080p@30fps', 'Li-Po 7800 mAh, non-removable (30 Wh)', '18W wired, QC3', 'No', 'USB Type-C 2.0', '4.1, A2DP, LE, EDR, aptX', 'Wi-Fi 802.11 a/b/g/n/ac, dual-band, Wi-Fi Direct', 'Silver, Grey', '490 g (1.08 lb)', '242.3 x 164.2 x 6.8 mm (9.54 x 6.46 x 0.27 in)', 'Nano-SIM + Nano-SIM', 'Accelerometer, gyro, proximity, compass', 'About 350 EUR', NULL, NULL, '[{"category":"Network","specs":[{"label":"Technology","value":"GSM / HSPA / LTE"},{"label":"2G bands","value":"GSM 850 / 900 / 1800 / 1900 - SIM 1 & SIM 2 (dual-SIM model only)"},{"label":"3G bands","value":"HSDPA 850 / 900 / 2100"},{"label":"4G bands","value":"1, 3, 5, 7, 8, 9, 18, 19, 20, 26, 28, 38, 40"},{"label":"Speed","value":"HSPA, LTE"}]},{"category":"Launch","specs":[{"label":"Announced","value":"2017, January. Released 2017, January"},{"label":"Status","value":"Discontinued"}]},{"category":"Body","specs":[{"label":"Dimensions","value":"242.3 x 164.2 x 6.8 mm (9.54 x 6.46 x 0.27 in)"},{"label":"Weight","value":"490 g (1.08 lb)"},{"label":"SIM","value":"Nano-SIM + Nano-SIM"}]},{"category":"Display","specs":[{"label":"Type","value":"IPS LCD"},{"label":"Size","value":"9.7 inches, 291.4 cm 2 (~73.2% screen-to-body ratio)"},{"label":"Resolution","value":"1536 x 2048 pixels, 4:3 ratio (~264 ppi density)"},{"label":"Protection","value":"Oleophobic coating"}]},{"category":"Platform","specs":[{"label":"OS","value":"Android 6.0 (Marshmallow)"},{"label":"Chipset","value":"Qualcomm MSM8956 Snapdragon 650"},{"label":"CPU","value":"Hexa-core (4x1.4 GHz Cortex-A53 & 2x1.8 GHz Cortex-A72)"},{"label":"GPU","value":"Adreno 510"}]},{"category":"Memory","specs":[{"label":"Card slot","value":"microSDXC (uses shared SIM slot)"},{"label":"Internal","value":"32GB 4GB RAM"}]},{"category":"Main Camera","specs":[{"label":"Single","value":"8 MP, AF"},{"label":"Features","value":"HDR, panorama"},{"label":"Video","value":"1080p@30fps"}]},{"category":"Selfie camera","specs":[{"label":"Single","value":"5 MP"},{"label":"Video","value":"1080p@30fps"}]},{"category":"Sound","specs":[{"label":"Loudspeaker","value":"Yes, with stereo speakers"},{"label":"3.5mm jack","value":"Yes"}]},{"category":"Comms","specs":[{"label":"WLAN","value":"Wi-Fi 802.11 a/b/g/n/ac, dual-band, Wi-Fi Direct"},{"label":"Bluetooth","value":"4.1, A2DP, LE, EDR, aptX"},{"label":"Positioning","value":"GPS, GLONASS"},{"label":"NFC","value":"No"},{"label":"USB","value":"USB Type-C 2.0"},{"label":"Radio","value":"No"}]},{"category":"Features","specs":[{"label":"Sensors","value":"Accelerometer, gyro, proximity, compass"}]},{"category":"Battery","specs":[{"label":"Type","value":"Li-Po 7800 mAh, non-removable (30 Wh)"},{"label":"Charging","value":"18W wired, QC3"},{"label":"Talk time","value":"Up to 16 h (multimedia)"}]},{"category":"Misc","specs":[{"label":"Colors","value":"Silver, Grey"},{"label":"Price","value":"About 350 EUR"}]}]');
INSERT OR IGNORE INTO device_pictures (device_id, url, position) VALUES (209, 'https://fdn2.gsmarena.com/vv/bigpic/asus-zenpad-3s.jpg', 0);
INSERT OR IGNORE INTO device_pictures (device_id, url, position) VALUES (209, 'https://fdn2.gsmarena.com/vv/pics/asus/asus-zenpad-3s-10-z500kl-1.jpg', 1);
INSERT OR IGNORE INTO device_pictures (device_id, url, position) VALUES (209, 'https://fdn2.gsmarena.com/vv/pics/asus/asus-zenpad-3s-10-z500kl-2.jpg', 2);
INSERT OR IGNORE INTO devices (id, brand_id, name, gsmarena_url, thumbnail_url, summary) VALUES (210, 2, 'Zenfone AR ZS571KL', 'https://www.gsmarena.com/asus_zenfone_ar_zs571kl-8502.php', 'https://fdn2.gsmarena.com/vv/bigpic/asus-zenfone-ar-.jpg', 'Zenfone AR ZS571KL');
INSERT OR IGNORE INTO device_specs (device_id, announced, status, network, os, chipset, cpu, gpu, display_size, display_type, display_res, ram, storage, main_camera, selfie_camera, battery, charging, nfc, usb, bluetooth, wlan, colors, weight, dimensions, sim, sensors, popularity, fans, rating, full_specs_json) VALUES (210, '2017, January. Released 2017, June', 'Discontinued', 'GSM / HSPA / LTE / 4G/LTE', 'Android 7 (Nougat), ZenUI 3', 'Qualcomm MSM8996 Snapdragon 821 (14 nm)', 'Quad-core (2x2.35 GHz Kryo & 2x1.6 GHz Kryo)', 'Adreno 530', '5.7 inches, 89.6 cm 2 (~72.6% screen-to-body ratio)', 'Super AMOLED', '1440 x 2560 pixels, 16:9 ratio (~515 ppi density)', '6GB', '64GB', '23 MP, f/2.0, 1/2.6", 1.0µm, PDAF, 4-axis OIS, depth & motion tracking sensors, Dual-LED dual-tone flash, HDR, panorama', '8 MP, f/2.0, 1080p@30fps', 'Li-Ion 3300 mAh, non-removable', '18W wired, QC3, 60% in 39 min', 'No', 'USB Type-C 2.0, OTG', '4.2, A2DP, LE', 'Wi-Fi 802.11 a/b/g/n/ac, dual-band, Wi-Fi Direct', 'Black', '170 g (6.00 oz)', '158.7 x 77.7 x 9 mm (6.25 x 3.06 x 0.35 in)', 'Nano-SIM + Nano-SIM', 'Fingerprint (front-mounted), accelerometer, gyro, proximity, compass, barometer', 'About 370 EUR', NULL, NULL, '[{"category":"Network","specs":[{"label":"Technology","value":"GSM / HSPA / LTE"},{"label":"2G bands","value":"GSM 850 / 900 / 1800 / 1900 - SIM 1 & SIM 2"},{"label":"3G bands","value":"HSDPA 850 / 900 / 1900 / 2100 - Global"},{"label":"4G bands","value":"1, 3, 5, 7, 8, 18, 19, 20, 26, 28, 38, 40, 41 - Global"},{"label":"Speed","value":"HSPA 42.2/5.76 Mbps, LTE (3CA) Cat12 600/75 Mbps"}]},{"category":"Launch","specs":[{"label":"Announced","value":"2017, January. Released 2017, June"},{"label":"Status","value":"Discontinued"}]},{"category":"Body","specs":[{"label":"Dimensions","value":"158.7 x 77.7 x 9 mm (6.25 x 3.06 x 0.35 in)"},{"label":"Weight","value":"170 g (6.00 oz)"},{"label":"SIM","value":"Nano-SIM + Nano-SIM"}]},{"category":"Display","specs":[{"label":"Type","value":"Super AMOLED"},{"label":"Size","value":"5.7 inches, 89.6 cm 2 (~72.6% screen-to-body ratio)"},{"label":"Resolution","value":"1440 x 2560 pixels, 16:9 ratio (~515 ppi density)"},{"label":"Protection","value":"Corning Gorilla Glass 4"}]},{"category":"Platform","specs":[{"label":"OS","value":"Android 7 (Nougat), ZenUI 3"},{"label":"Chipset","value":"Qualcomm MSM8996 Snapdragon 821 (14 nm)"},{"label":"CPU","value":"Quad-core (2x2.35 GHz Kryo & 2x1.6 GHz Kryo)"},{"label":"GPU","value":"Adreno 530"}]},{"category":"Memory","specs":[{"label":"Card slot","value":"microSDXC (uses shared SIM slot)"},{"label":"Internal","value":"64GB 6GB RAM, 128GB 6GB RAM, 256GB 8GB RAM"}]},{"category":"Main Camera","specs":[{"label":"Single","value":"23 MP, f/2.0, 1/2.6\\", 1.0µm, PDAF, 4-axis OIS, depth & motion tracking sensors"},{"label":"Features","value":"Dual-LED dual-tone flash, HDR, panorama"},{"label":"Video","value":"4K@24fps, 1080p@30fps"}]},{"category":"Selfie camera","specs":[{"label":"Single","value":"8 MP, f/2.0"},{"label":"Video","value":"1080p@30fps"}]},{"category":"Sound","specs":[{"label":"Loudspeaker","value":"Yes"},{"label":"3.5mm jack","value":"Yes"}]},{"category":"Comms","specs":[{"label":"WLAN","value":"Wi-Fi 802.11 a/b/g/n/ac, dual-band, Wi-Fi Direct"},{"label":"Bluetooth","value":"4.2, A2DP, LE"},{"label":"Positioning","value":"GPS, GLONASS, BDS"},{"label":"NFC","value":"No"},{"label":"USB","value":"USB Type-C 2.0, OTG"},{"label":"Radio","value":"FM radio"}]},{"category":"Features","specs":[{"label":"Sensors","value":"Fingerprint (front-mounted), accelerometer, gyro, proximity, compass, barometer"}]},{"category":"Battery","specs":[{"label":"Type","value":"Li-Ion 3300 mAh, non-removable"},{"label":"Charging","value":"18W wired, QC3, 60% in 39 min"}]},{"category":"Misc","specs":[{"label":"Colors","value":"Black"},{"label":"Models","value":"A002A, A002, V570KL, ZS571KL"},{"label":"Price","value":"About 370 EUR"}]}]');
INSERT OR IGNORE INTO device_pictures (device_id, url, position) VALUES (210, 'https://fdn2.gsmarena.com/vv/bigpic/asus-zenfone-ar-.jpg', 0);
INSERT OR IGNORE INTO device_pictures (device_id, url, position) VALUES (210, 'https://fdn2.gsmarena.com/vv/pics/asus/asus-zenfone-ar-.jpg', 1);
INSERT OR IGNORE INTO devices (id, brand_id, name, gsmarena_url, thumbnail_url, summary) VALUES (211, 2, 'Zenfone 3 Zoom ZE553KL', 'https://www.gsmarena.com/asus_zenfone_3_zoom_ze553kl-8509.php', 'https://fdn2.gsmarena.com/vv/bigpic/asus-zenfone-3-zoom-ze553kl.jpg', 'Zenfone 3 Zoom ZE553KL');
INSERT OR IGNORE INTO device_specs (device_id, announced, status, network, os, chipset, cpu, gpu, display_size, display_type, display_res, ram, storage, main_camera, selfie_camera, battery, charging, nfc, usb, bluetooth, wlan, colors, weight, dimensions, sim, sensors, popularity, fans, rating, full_specs_json) VALUES (211, '2017, January. Released 2017, February', 'Discontinued', 'GSM / HSPA / LTE / 4G/LTE', 'Android 6.1 (Marshmallow), upgradable to Android 8 (Oreo), ZenUI 3', 'Qualcomm MSM8953 Snapdragon 625 (14 nm)', 'Octa-core 2.0 GHz Cortex-A53', 'Adreno 506', '5.5 inches, 83.4 cm 2 (~70.2% screen-to-body ratio)', 'AMOLED', '1080 x 1920 pixels, 16:9 ratio (~401 ppi density)', '3GB', '32GB', '12 MP, f/1.7, 25mm (wide), 1/2.55", 1.4µm, dual pixel PDAF, 4-axis OIS, Laser AF, Dual-LED dual-tone flash, panorama, HDR', '13 MP, f/2.0, (wide), 1/3.1", 1.12µm, 1080p@30fps', 'Li-Ion 5000 mAh, non-removable', '18W wired', 'No', 'USB Type-C 2.0, OTG', '4.2, A2DP, EDR, LE', 'Wi-Fi 802.11 b/g/n', 'Navy Black, Glacier Silver, Rose Gold', '170 g (6.00 oz)', '154.3 x 77 x 8 mm (6.07 x 3.03 x 0.31 in)', 'Nano-SIM + Nano-SIM', 'Fingerprint (rear-mounted), accelerometer, gyro, proximity, compass', 'About 320 EUR', NULL, NULL, '[{"category":"Network","specs":[{"label":"Technology","value":"GSM / HSPA / LTE"},{"label":"2G bands","value":"GSM 850 / 900 / 1800 / 1900 - SIM 1 & SIM 2"},{"label":"3G bands","value":"HSDPA 850 / 900 / 1900 / 2100 - Global"},{"label":"4G bands","value":"1, 2, 3, 5, 7, 8, 20 - Global"},{"label":"Speed","value":"HSPA 42.2/5.76 Mbps, LTE Cat4 150/50 Mbps (Global), LTE (2CA) Cat6 300/50 Mbps (Taiwan)"}]},{"category":"Launch","specs":[{"label":"Announced","value":"2017, January. Released 2017, February"},{"label":"Status","value":"Discontinued"}]},{"category":"Body","specs":[{"label":"Dimensions","value":"154.3 x 77 x 8 mm (6.07 x 3.03 x 0.31 in)"},{"label":"Weight","value":"170 g (6.00 oz)"},{"label":"SIM","value":"Nano-SIM + Nano-SIM"}]},{"category":"Display","specs":[{"label":"Type","value":"AMOLED"},{"label":"Size","value":"5.5 inches, 83.4 cm 2 (~70.2% screen-to-body ratio)"},{"label":"Resolution","value":"1080 x 1920 pixels, 16:9 ratio (~401 ppi density)"},{"label":"Protection","value":"Corning Gorilla Glass 5"}]},{"category":"Platform","specs":[{"label":"OS","value":"Android 6.1 (Marshmallow), upgradable to Android 8 (Oreo), ZenUI 3"},{"label":"Chipset","value":"Qualcomm MSM8953 Snapdragon 625 (14 nm)"},{"label":"CPU","value":"Octa-core 2.0 GHz Cortex-A53"},{"label":"GPU","value":"Adreno 506"}]},{"category":"Memory","specs":[{"label":"Card slot","value":"microSDXC (uses shared SIM slot)"},{"label":"Internal","value":"32GB 3GB RAM, 32GB 4GB RAM, 64GB 4GB RAM, 128GB 4GB RAM"}]},{"category":"Main Camera","specs":[{"label":"Dual","value":"12 MP, f/1.7, 25mm (wide), 1/2.55\\", 1.4µm, dual pixel PDAF, 4-axis OIS"},{"label":"Features","value":"Laser AF, Dual-LED dual-tone flash, panorama, HDR"},{"label":"Video","value":"4K@24fps, 1080p@30fps"}]},{"category":"Selfie camera","specs":[{"label":"Single","value":"13 MP, f/2.0, (wide), 1/3.1\\", 1.12µm"},{"label":"Video","value":"1080p@30fps"}]},{"category":"Sound","specs":[{"label":"Loudspeaker","value":"Yes"},{"label":"3.5mm jack","value":"Yes"}]},{"category":"Comms","specs":[{"label":"WLAN","value":"Wi-Fi 802.11 b/g/n"},{"label":"Bluetooth","value":"4.2, A2DP, EDR, LE"},{"label":"Positioning","value":"GPS, GLONASS, BDS"},{"label":"NFC","value":"No"},{"label":"USB","value":"USB Type-C 2.0, OTG"},{"label":"Radio","value":"FM radio"}]},{"category":"Features","specs":[{"label":"Sensors","value":"Fingerprint (rear-mounted), accelerometer, gyro, proximity, compass"}]},{"category":"Battery","specs":[{"label":"Type","value":"Li-Ion 5000 mAh, non-removable"},{"label":"Charging","value":"18W wired"}]},{"category":"Misc","specs":[{"label":"Colors","value":"Navy Black, Glacier Silver, Rose Gold"},{"label":"Models","value":"Z01HD, Z01HDA, ZE553KL"},{"label":"Price","value":"About 320 EUR"}]}]');
INSERT OR IGNORE INTO device_pictures (device_id, url, position) VALUES (211, 'https://fdn2.gsmarena.com/vv/bigpic/asus-zenfone-3-zoom-ze553kl.jpg', 0);
INSERT OR IGNORE INTO device_pictures (device_id, url, position) VALUES (211, 'https://fdn2.gsmarena.com/vv/pics/asus/asus-zenfone-3-zoom-ze553kl-1.jpg', 1);
INSERT OR IGNORE INTO device_pictures (device_id, url, position) VALUES (211, 'https://fdn2.gsmarena.com/vv/pics/asus/asus-zenfone-3-zoom-ze553kl-2.jpg', 2);
INSERT OR IGNORE INTO device_pictures (device_id, url, position) VALUES (211, 'https://fdn2.gsmarena.com/vv/pics/asus/asus-zenfone-3-zoom-ze553kl-3.jpg', 3);
INSERT OR IGNORE INTO devices (id, brand_id, name, gsmarena_url, thumbnail_url, summary) VALUES (212, 2, 'Zenfone Go ZB690KG', 'https://www.gsmarena.com/asus_zenfone_go_zb690kg-8503.php', 'https://fdn2.gsmarena.com/vv/bigpic/asus-zenfone-go-zb690kg.jpg', 'Zenfone Go ZB690KG');
INSERT OR IGNORE INTO device_specs (device_id, announced, status, network, os, chipset, cpu, gpu, display_size, display_type, display_res, ram, storage, main_camera, selfie_camera, battery, charging, nfc, usb, bluetooth, wlan, colors, weight, dimensions, sim, sensors, popularity, fans, rating, full_specs_json) VALUES (212, '2016, December. Released 2016, December', 'Discontinued', 'GSM / HSPA', 'Android 5.1 (Lollipop)', NULL, 'Quad-core', NULL, '6.9 inches, 134.0 cm 2 (~70.3% screen-to-body ratio)', 'IPS LCD', '600 x 1024 pixels, 16:9 ratio (~172 ppi density)', '1GB', '8GB', '5 MP or 8 MP, f/2.0, AF, LED flash, HDR', '2 MP', 'Li-Ion 3480 mAh, non-removable', NULL, 'No', 'microUSB 2.0', '4.0, A2DP', 'Wi-Fi 802.11 b/g/n, hotspot', 'Glacier Grey, Pearl White', '270 g (9.52 oz)', '188 x 101.4 x 8.9 mm (7.40 x 3.99 x 0.35 in)', 'Dual SIM (Micro-SIM, dual stand-by)', 'Accelerometer, proximity, compass', 'About 120 EUR', NULL, NULL, '[{"category":"Network","specs":[{"label":"Technology","value":"GSM / HSPA"},{"label":"2G bands","value":"GSM 850 / 900 / 1800 / 1900"},{"label":"3G bands","value":"HSDPA 850 / 900 / 1900 / 2100"},{"label":"Speed","value":"HSPA"}]},{"category":"Launch","specs":[{"label":"Announced","value":"2016, December. Released 2016, December"},{"label":"Status","value":"Discontinued"}]},{"category":"Body","specs":[{"label":"Dimensions","value":"188 x 101.4 x 8.9 mm (7.40 x 3.99 x 0.35 in)"},{"label":"Weight","value":"270 g (9.52 oz)"},{"label":"SIM","value":"Dual SIM (Micro-SIM, dual stand-by)"}]},{"category":"Display","specs":[{"label":"Type","value":"IPS LCD"},{"label":"Size","value":"6.9 inches, 134.0 cm 2 (~70.3% screen-to-body ratio)"},{"label":"Resolution","value":"600 x 1024 pixels, 16:9 ratio (~172 ppi density)"}]},{"category":"Platform","specs":[{"label":"OS","value":"Android 5.1 (Lollipop)"},{"label":"CPU","value":"Quad-core"}]},{"category":"Memory","specs":[{"label":"Card slot","value":"microSDXC (dedicated slot)"},{"label":"Internal","value":"8GB 1GB RAM"}]},{"category":"Main Camera","specs":[{"label":"Single","value":"5 MP or 8 MP, f/2.0, AF"},{"label":"Features","value":"LED flash, HDR"},{"label":"Video","value":"1080p@30fps"}]},{"category":"Selfie camera","specs":[{"label":"Single","value":"2 MP"}]},{"category":"Sound","specs":[{"label":"Loudspeaker","value":"Yes"},{"label":"3.5mm jack","value":"Yes"}]},{"category":"Comms","specs":[{"label":"WLAN","value":"Wi-Fi 802.11 b/g/n, hotspot"},{"label":"Bluetooth","value":"4.0, A2DP"},{"label":"Positioning","value":"GPS, GLONASS, BDS"},{"label":"NFC","value":"No"},{"label":"USB","value":"microUSB 2.0"},{"label":"Radio","value":"No"}]},{"category":"Features","specs":[{"label":"Sensors","value":"Accelerometer, proximity, compass"}]},{"category":"Battery","specs":[{"label":"Type","value":"Li-Ion 3480 mAh, non-removable"},{"label":"Stand-by","value":"Up to 735 h (3G)"},{"label":"Talk time","value":"Up to 20 h (3G)"}]},{"category":"Misc","specs":[{"label":"Colors","value":"Glacier Grey, Pearl White"},{"label":"Models","value":"L001"},{"label":"Price","value":"About 120 EUR"}]}]');
INSERT OR IGNORE INTO device_pictures (device_id, url, position) VALUES (212, 'https://fdn2.gsmarena.com/vv/bigpic/asus-zenfone-go-zb690kg.jpg', 0);
INSERT OR IGNORE INTO device_pictures (device_id, url, position) VALUES (212, 'https://fdn2.gsmarena.com/vv/pics/asus/asus-zenfone-go-zb690kg-1.jpg', 1);
INSERT OR IGNORE INTO device_pictures (device_id, url, position) VALUES (212, 'https://fdn2.gsmarena.com/vv/pics/asus/asus-zenfone-go-zb690kg-2.jpg', 2);
INSERT OR IGNORE INTO devices (id, brand_id, name, gsmarena_url, thumbnail_url, summary) VALUES (213, 2, 'Zenpad 3 8.0 Z581KL', 'https://www.gsmarena.com/asus_zenpad_3_8_0_z581kl-8493.php', 'https://fdn2.gsmarena.com/vv/bigpic/asus-zenpad-3-80-z581kl-.jpg', 'Zenpad 3 8.0 Z581KL');
INSERT OR IGNORE INTO device_specs (device_id, announced, status, network, os, chipset, cpu, gpu, display_size, display_type, display_res, ram, storage, main_camera, selfie_camera, battery, charging, nfc, usb, bluetooth, wlan, colors, weight, dimensions, sim, sensors, popularity, fans, rating, full_specs_json) VALUES (213, '2016, December. Released 2017, January', 'Discontinued', 'GSM / HSPA / LTE / 4G/LTE', 'Android 6.0 (Marshmallow)', 'Qualcomm MSM8956 Snapdragon 650', 'Hexa-core (4x1.4 GHz Cortex-A53 & 2x1.8 GHz Cortex-A72)', 'Adreno 510', '7.9 inches, 193.3 cm 2 (~69.0% screen-to-body ratio)', 'IPS LCD', '1536 x 2048 pixels, 4:3 ratio (~324 ppi density)', '4GB', '32GB', '8 MP', '2 MP', 'Li-Po 4680 mAh, non-removable (18 Wh)', NULL, 'No', 'USB Type-C', '4.1, A2DP, LE, aptX', 'Wi-Fi 802.11 a/b/g/n/ac, dual-band, Wi-Fi Direct', 'Black', '320 g (11.29 oz)', '205.4 x 136.4 x 7.6 mm (8.09 x 5.37 x 0.30 in)', 'Micro-SIM', 'Accelerometer, gyro, proximity, compass', 'About 280 EUR', NULL, NULL, '[{"category":"Network","specs":[{"label":"Technology","value":"GSM / HSPA / LTE"},{"label":"2G bands","value":"GSM 850 / 900 / 1800 / 1900"},{"label":"3G bands","value":"HSDPA 850 / 900 / 2100"},{"label":"4G bands","value":"1, 3, 5, 7, 18, 20, 26, 28, 38, 41"},{"label":"Speed","value":"HSPA 42.2/5.76 Mbps, LTE (2CA) Cat6 300/50 Mbps"}]},{"category":"Launch","specs":[{"label":"Announced","value":"2016, December. Released 2017, January"},{"label":"Status","value":"Discontinued"}]},{"category":"Body","specs":[{"label":"Dimensions","value":"205.4 x 136.4 x 7.6 mm (8.09 x 5.37 x 0.30 in)"},{"label":"Weight","value":"320 g (11.29 oz)"},{"label":"SIM","value":"Micro-SIM"}]},{"category":"Display","specs":[{"label":"Type","value":"IPS LCD"},{"label":"Size","value":"7.9 inches, 193.3 cm 2 (~69.0% screen-to-body ratio)"},{"label":"Resolution","value":"1536 x 2048 pixels, 4:3 ratio (~324 ppi density)"}]},{"category":"Platform","specs":[{"label":"OS","value":"Android 6.0 (Marshmallow)"},{"label":"Chipset","value":"Qualcomm MSM8956 Snapdragon 650"},{"label":"CPU","value":"Hexa-core (4x1.4 GHz Cortex-A53 & 2x1.8 GHz Cortex-A72)"},{"label":"GPU","value":"Adreno 510"}]},{"category":"Memory","specs":[{"label":"Card slot","value":"microSDXC (dedicated slot)"},{"label":"Internal","value":"32GB 4GB RAM"}]},{"category":"Main Camera","specs":[{"label":"Single","value":"8 MP"},{"label":"Video","value":"1080p@30fps"}]},{"category":"Selfie camera","specs":[{"label":"Single","value":"2 MP"}]},{"category":"Sound","specs":[{"label":"Loudspeaker","value":"Yes, with stereo speakers"},{"label":"3.5mm jack","value":"Yes"}]},{"category":"Comms","specs":[{"label":"WLAN","value":"Wi-Fi 802.11 a/b/g/n/ac, dual-band, Wi-Fi Direct"},{"label":"Bluetooth","value":"4.1, A2DP, LE, aptX"},{"label":"Positioning","value":"GPS, GLONASS"},{"label":"NFC","value":"No"},{"label":"USB","value":"USB Type-C"},{"label":"Radio","value":"No"}]},{"category":"Features","specs":[{"label":"Sensors","value":"Accelerometer, gyro, proximity, compass"}]},{"category":"Battery","specs":[{"label":"Type","value":"Li-Po 4680 mAh, non-removable (18 Wh)"},{"label":"Talk time","value":"Up to 10 h (multimedia)"}]},{"category":"Misc","specs":[{"label":"Colors","value":"Black"},{"label":"Price","value":"About 280 EUR"}]}]');
INSERT OR IGNORE INTO device_pictures (device_id, url, position) VALUES (213, 'https://fdn2.gsmarena.com/vv/bigpic/asus-zenpad-3-80-z581kl-.jpg', 0);
INSERT OR IGNORE INTO device_pictures (device_id, url, position) VALUES (213, 'https://fdn2.gsmarena.com/vv/pics/asus/asus-zenpad-3-80-z581kl-1.jpg', 1);
INSERT OR IGNORE INTO device_pictures (device_id, url, position) VALUES (213, 'https://fdn2.gsmarena.com/vv/pics/asus/asus-zenpad-3-80-z581kl-2.jpg', 2);
INSERT OR IGNORE INTO devices (id, brand_id, name, gsmarena_url, thumbnail_url, summary) VALUES (214, 2, 'Zenfone Go ZB500KL', 'https://www.gsmarena.com/asus_zenfone_go_zb500kl-8467.php', 'https://fdn2.gsmarena.com/vv/bigpic/asus-zenfone-go-zb500kl.jpg', 'Zenfone Go ZB500KL');
INSERT OR IGNORE INTO device_specs (device_id, announced, status, network, os, chipset, cpu, gpu, display_size, display_type, display_res, ram, storage, main_camera, selfie_camera, battery, charging, nfc, usb, bluetooth, wlan, colors, weight, dimensions, sim, sensors, popularity, fans, rating, full_specs_json) VALUES (214, '2016, October. Released 2016, October', 'Discontinued', 'GSM / HSPA / LTE / 4G/LTE', 'Android 6.0 (Marshmallow)', 'Qualcomm MSM8916 Snapdragon 410 (28 nm)', 'Quad-core 1.0 GHz Cortex-A53', 'Adreno 306', '5.0 inches, 68.9 cm 2 (~67.6% screen-to-body ratio)', 'IPS LCD', '720 x 1280 pixels, 16:9 ratio (~294 ppi density)', '2GB', '16GB', '13 MP, f/2.0, AF, LED flash, HDR, panorama', '5 MP, f/2.0, AF', 'Li-Ion 2600 mAh, removable', NULL, 'No', 'microUSB 2.0', '4.0, A2DP, EDR', 'Wi-Fi 802.11 b/g/n, Wi-Fi Direct', 'Glacier Gray, Sheer Gold, Silver Blue, Glamour Red, Charcoal Black, Pearl White', '150 g (5.29 oz)', '143.7 x 70.9 x 11.3 mm (5.66 x 2.79 x 0.44 in)', 'Hybrid Dual SIM (Dual stand-by)', 'Accelerometer, proximity, compass', 'About 130 EUR', NULL, NULL, '[{"category":"Network","specs":[{"label":"Technology","value":"GSM / HSPA / LTE"},{"label":"2G bands","value":"GSM 850 / 900 / 1800 / 1900 - SIM 1 & SIM 2"},{"label":"3G bands","value":"HSDPA 850 / 900 / 1900 / 2100 - Global, India"},{"label":"4G bands","value":"1, 2, 3, 5, 6, 7, 8, 9, 18, 19, 28, 38, 41 - Brazil"},{"label":"Speed","value":"HSPA 21.1/5.76 Mbps, LTE Cat4 150/50 Mbps"}]},{"category":"Launch","specs":[{"label":"Announced","value":"2016, October. Released 2016, October"},{"label":"Status","value":"Discontinued"}]},{"category":"Body","specs":[{"label":"Dimensions","value":"143.7 x 70.9 x 11.3 mm (5.66 x 2.79 x 0.44 in)"},{"label":"Weight","value":"150 g (5.29 oz)"},{"label":"Build","value":"Glass front, plastic back, plastic frame"},{"label":"SIM","value":"Hybrid Dual SIM (Dual stand-by)"}]},{"category":"Display","specs":[{"label":"Type","value":"IPS LCD"},{"label":"Size","value":"5.0 inches, 68.9 cm 2 (~67.6% screen-to-body ratio)"},{"label":"Resolution","value":"720 x 1280 pixels, 16:9 ratio (~294 ppi density)"}]},{"category":"Platform","specs":[{"label":"OS","value":"Android 6.0 (Marshmallow)"},{"label":"Chipset","value":"Qualcomm MSM8916 Snapdragon 410 (28 nm)"},{"label":"CPU","value":"Quad-core 1.0 GHz Cortex-A53"},{"label":"GPU","value":"Adreno 306"}]},{"category":"Memory","specs":[{"label":"Card slot","value":"microSDXC (uses shared SIM slot)"},{"label":"Internal","value":"16GB 2GB RAM"}]},{"category":"Main Camera","specs":[{"label":"Single","value":"13 MP, f/2.0, AF"},{"label":"Features","value":"LED flash, HDR, panorama"},{"label":"Video","value":"1080p@30fps"}]},{"category":"Selfie camera","specs":[{"label":"Single","value":"5 MP, f/2.0, AF"}]},{"category":"Sound","specs":[{"label":"Loudspeaker","value":"Yes"},{"label":"3.5mm jack","value":"Yes"}]},{"category":"Comms","specs":[{"label":"WLAN","value":"Wi-Fi 802.11 b/g/n, Wi-Fi Direct"},{"label":"Bluetooth","value":"4.0, A2DP, EDR"},{"label":"Positioning","value":"GPS, GLONASS"},{"label":"NFC","value":"No"},{"label":"USB","value":"microUSB 2.0"},{"label":"Radio","value":"FM radio"}]},{"category":"Features","specs":[{"label":"Sensors","value":"Accelerometer, proximity, compass"}]},{"category":"Battery","specs":[{"label":"Type","value":"Li-Ion 2600 mAh, removable"},{"label":"Stand-by","value":"Up to 440 h (3G)"},{"label":"Talk time","value":"Up to 9 h (3G)"}]},{"category":"Misc","specs":[{"label":"Colors","value":"Glacier Gray, Sheer Gold, Silver Blue, Glamour Red, Charcoal Black, Pearl White"},{"label":"Models","value":"X00AD, X00BD, X00ADC, ZB500KL, ZB500KG"},{"label":"Price","value":"About 130 EUR"}]}]');
INSERT OR IGNORE INTO device_pictures (device_id, url, position) VALUES (214, 'https://fdn2.gsmarena.com/vv/bigpic/asus-zenfone-go-zb500kl.jpg', 0);
INSERT OR IGNORE INTO device_pictures (device_id, url, position) VALUES (214, 'https://fdn2.gsmarena.com/vv/pics/asus/asus-zenfone-go-zb500kl-1.jpg', 1);
INSERT OR IGNORE INTO device_pictures (device_id, url, position) VALUES (214, 'https://fdn2.gsmarena.com/vv/pics/asus/asus-zenfone-go-zb500kl-2.jpg', 2);
INSERT OR IGNORE INTO device_pictures (device_id, url, position) VALUES (214, 'https://fdn2.gsmarena.com/vv/pics/asus/asus-zenfone-go-zb500kl-3.jpg', 3);
INSERT OR IGNORE INTO devices (id, brand_id, name, gsmarena_url, thumbnail_url, summary) VALUES (215, 2, 'Zenfone 3 Max ZC553KL', 'https://www.gsmarena.com/asus_zenfone_3_max_zc553kl-8425.php', 'https://fdn2.gsmarena.com/vv/bigpic/asus-zenfone-3-max-zc553kl.jpg', 'Zenfone 3 Max ZC553KL');
INSERT OR IGNORE INTO device_specs (device_id, announced, status, network, os, chipset, cpu, gpu, display_size, display_type, display_res, ram, storage, main_camera, selfie_camera, battery, charging, nfc, usb, bluetooth, wlan, colors, weight, dimensions, sim, sensors, popularity, fans, rating, full_specs_json) VALUES (215, '2016, November. Released 2016, November', 'Discontinued', 'GSM / HSPA / LTE / 4G/LTE', 'Android 6.0.1 (Marshmallow), upgradable to Android 8.1 (Oreo), ZenUI 4', 'Qualcomm MSM8937 Snapdragon 430 (28 nm)', 'Octa-core 1.4 GHz Cortex-A53', 'Adreno 505', '5.5 inches, 83.4 cm 2 (~72.3% screen-to-body ratio)', 'IPS LCD', '1080 x 1920 pixels, 16:9 ratio (~401 ppi density)', '2GB', '32GB', '16 MP, f/2.0, 1/3.0", PDAF, Laser AF, Dual-LED dual-tone flash, panorama, HDR', '8 MP, f/2.2', 'Li-Ion 4100 mAh, non-removable', '18W wired', 'No', 'microUSB 2.0, OTG', '4.1, A2DP, LE', 'Wi-Fi 802.11 b/g/n, Wi-Fi Direct', 'Titanium Gray, Glacier Silver, Rose Pink, Sand Gold', '175 g (6.17 oz)', '151.4 x 76.2 x 8.3 mm (5.96 x 3.00 x 0.33 in)', 'Nano-SIM + Nano-SIM', 'Fingerprint (rear-mounted), accelerometer, gyro, proximity, compass', 'About 190 EUR', NULL, NULL, '[{"category":"Network","specs":[{"label":"Technology","value":"GSM / HSPA / LTE"},{"label":"2G bands","value":"GSM 850 / 900 / 1800 / 1900 - SIM 1 & SIM 2"},{"label":"3G bands","value":"HSDPA 850 / 900 / 1900 / 2100 - Global"},{"label":"4G bands","value":"1, 2, 3, 5, 7, 8, 20 - Global"},{"label":"Speed","value":"HSPA 42.2/5.76 Mbps, LTE Cat4 150/50 Mbps"}]},{"category":"Launch","specs":[{"label":"Announced","value":"2016, November. Released 2016, November"},{"label":"Status","value":"Discontinued"}]},{"category":"Body","specs":[{"label":"Dimensions","value":"151.4 x 76.2 x 8.3 mm (5.96 x 3.00 x 0.33 in)"},{"label":"Weight","value":"175 g (6.17 oz)"},{"label":"Build","value":"Glass front, aluminum back, aluminum frame"},{"label":"SIM","value":"Nano-SIM + Nano-SIM"}]},{"category":"Display","specs":[{"label":"Type","value":"IPS LCD"},{"label":"Size","value":"5.5 inches, 83.4 cm 2 (~72.3% screen-to-body ratio)"},{"label":"Resolution","value":"1080 x 1920 pixels, 16:9 ratio (~401 ppi density)"},{"label":"Protection","value":"Oleophobic coating"}]},{"category":"Platform","specs":[{"label":"OS","value":"Android 6.0.1 (Marshmallow), upgradable to Android 8.1 (Oreo), ZenUI 4"},{"label":"Chipset","value":"Qualcomm MSM8937 Snapdragon 430 (28 nm)"},{"label":"CPU","value":"Octa-core 1.4 GHz Cortex-A53"},{"label":"GPU","value":"Adreno 505"}]},{"category":"Memory","specs":[{"label":"Card slot","value":"microSDXC (uses shared SIM slot)"},{"label":"Internal","value":"32GB 2GB RAM, 32GB 3GB RAM, 32GB 4GB RAM"}]},{"category":"Main Camera","specs":[{"label":"Single","value":"16 MP, f/2.0, 1/3.0\\", PDAF"},{"label":"Features","value":"Laser AF, Dual-LED dual-tone flash, panorama, HDR"},{"label":"Video","value":"1080p@30fps"}]},{"category":"Selfie camera","specs":[{"label":"Single","value":"8 MP, f/2.2"}]},{"category":"Sound","specs":[{"label":"Loudspeaker","value":"Yes"},{"label":"3.5mm jack","value":"Yes"}]},{"category":"Comms","specs":[{"label":"WLAN","value":"Wi-Fi 802.11 b/g/n, Wi-Fi Direct"},{"label":"Bluetooth","value":"4.1, A2DP, LE"},{"label":"Positioning","value":"GPS, GLONASS, BDS"},{"label":"NFC","value":"No"},{"label":"USB","value":"microUSB 2.0, OTG"},{"label":"Radio","value":"FM radio"}]},{"category":"Features","specs":[{"label":"Sensors","value":"Fingerprint (rear-mounted), accelerometer, gyro, proximity, compass"}]},{"category":"Battery","specs":[{"label":"Type","value":"Li-Ion 4100 mAh, non-removable"},{"label":"Charging","value":"18W wired"},{"label":"Stand-by","value":"Up to 912 h (3G)"},{"label":"Talk time","value":"Up to 17 h (3G)"},{"label":"Music play","value":"Up to 72 h"}]},{"category":"Misc","specs":[{"label":"Colors","value":"Titanium Gray, Glacier Silver, Rose Pink, Sand Gold"},{"label":"Models","value":"X00DDB, X00DDA, X00DD"},{"label":"Price","value":"About 190 EUR"}]}]');
INSERT OR IGNORE INTO device_pictures (device_id, url, position) VALUES (215, 'https://fdn2.gsmarena.com/vv/bigpic/asus-zenfone-3-max-zc553kl.jpg', 0);
INSERT OR IGNORE INTO device_pictures (device_id, url, position) VALUES (215, 'https://fdn2.gsmarena.com/vv/pics/asus/asus-zenfone-3-max-zc553kl-1.jpg', 1);
INSERT OR IGNORE INTO device_pictures (device_id, url, position) VALUES (215, 'https://fdn2.gsmarena.com/vv/pics/asus/asus-zenfone-3-max-zc553kl-2.jpg', 2);
INSERT OR IGNORE INTO devices (id, brand_id, name, gsmarena_url, thumbnail_url, summary) VALUES (216, 2, 'Zenfone 3 Deluxe 5.5 ZS550KL', 'https://www.gsmarena.com/asus_zenfone_3_deluxe_5_5_zs550kl-8384.php', 'https://fdn2.gsmarena.com/vv/bigpic/asus-zenfone-3-deluxe-55-inch.jpg', 'Zenfone 3 Deluxe 5.5 ZS550KL');
INSERT OR IGNORE INTO device_specs (device_id, announced, status, network, os, chipset, cpu, gpu, display_size, display_type, display_res, ram, storage, main_camera, selfie_camera, battery, charging, nfc, usb, bluetooth, wlan, colors, weight, dimensions, sim, sensors, popularity, fans, rating, full_specs_json) VALUES (216, '2016, October. Released 2016, October', 'Discontinued', 'GSM / HSPA / LTE / 4G/LTE', 'Android 6.1 (Marshmallow), upgradable to 7 (Nougat), ZenUI 3', 'Qualcomm MSM8953 Snapdragon 625 (14 nm)', 'Octa-core 2.0 GHz Cortex-A53', 'Adreno 506', '5.5 inches, 83.4 cm 2 (~71.8% screen-to-body ratio)', 'IPS LCD', '1080 x 1920 pixels, 16:9 ratio (~401 ppi density)', '4GB', '64GB', '16 MP, f/2.0, PDAF, OIS, Laser AF, Dual-LED dual-tone flash, HDR, panorama', '8 MP, f/2.0, 1080p@30fps', 'Li-Ion 3000 mAh, non-removable', '18W wired, QC3, 60% in 40 min', 'Yes', 'USB Type-C 2.0, OTG', '4.2, A2DP, EDR, LE', 'Wi-Fi 802.11 a/b/g/n/ac, Wi-Fi Direct', 'Shimmer Gold', '151 g (5.33 oz)', '151.5 x 76.7 x 7.8 mm (5.96 x 3.02 x 0.31 in)', 'Nano-SIM + Micro-SIM', 'Fingerprint (rear-mounted), accelerometer, gyro, proximity, compass', 'About 280 EUR', NULL, NULL, '[{"category":"Network","specs":[{"label":"Technology","value":"GSM / HSPA / LTE"},{"label":"2G bands","value":"GSM 850 / 900 / 1800 / 1900 - SIM 1 & SIM 2"},{"label":"3G bands","value":"HSDPA 800 / 850 / 900 / 1700(AWS) / 1900 / 2100"},{"label":"4G bands","value":"1, 2, 3, 4, 5, 7, 8, 12, 17, 18, 19, 20, 26, 28"},{"label":"Speed","value":"HSPA 42.2/5.76 Mbps, LTE (2CA) Cat6 300/50 Mbps"}]},{"category":"Launch","specs":[{"label":"Announced","value":"2016, October. Released 2016, October"},{"label":"Status","value":"Discontinued"}]},{"category":"Body","specs":[{"label":"Dimensions","value":"151.5 x 76.7 x 7.8 mm (5.96 x 3.02 x 0.31 in)"},{"label":"Weight","value":"151 g (5.33 oz)"},{"label":"SIM","value":"Nano-SIM + Micro-SIM"}]},{"category":"Display","specs":[{"label":"Type","value":"IPS LCD"},{"label":"Size","value":"5.5 inches, 83.4 cm 2 (~71.8% screen-to-body ratio)"},{"label":"Resolution","value":"1080 x 1920 pixels, 16:9 ratio (~401 ppi density)"},{"label":"Protection","value":"Corning Gorilla Glass 4"}]},{"category":"Platform","specs":[{"label":"OS","value":"Android 6.1 (Marshmallow), upgradable to 7 (Nougat), ZenUI 3"},{"label":"Chipset","value":"Qualcomm MSM8953 Snapdragon 625 (14 nm)"},{"label":"CPU","value":"Octa-core 2.0 GHz Cortex-A53"},{"label":"GPU","value":"Adreno 506"}]},{"category":"Memory","specs":[{"label":"Card slot","value":"microSDXC (uses shared SIM slot)"},{"label":"Internal","value":"64GB 4GB RAM"}]},{"category":"Main Camera","specs":[{"label":"Single","value":"16 MP, f/2.0, PDAF, OIS"},{"label":"Features","value":"Laser AF, Dual-LED dual-tone flash, HDR, panorama"},{"label":"Video","value":"4K@30fps"}]},{"category":"Selfie camera","specs":[{"label":"Single","value":"8 MP, f/2.0"},{"label":"Video","value":"1080p@30fps"}]},{"category":"Sound","specs":[{"label":"Loudspeaker","value":"Yes"},{"label":"3.5mm jack","value":"Yes"}]},{"category":"Comms","specs":[{"label":"WLAN","value":"Wi-Fi 802.11 a/b/g/n/ac, Wi-Fi Direct"},{"label":"Bluetooth","value":"4.2, A2DP, EDR, LE"},{"label":"Positioning","value":"GPS, GLONASS, BDS"},{"label":"NFC","value":"Yes"},{"label":"USB","value":"USB Type-C 2.0, OTG"},{"label":"Radio","value":"FM radio"}]},{"category":"Features","specs":[{"label":"Sensors","value":"Fingerprint (rear-mounted), accelerometer, gyro, proximity, compass"}]},{"category":"Battery","specs":[{"label":"Type","value":"Li-Ion 3000 mAh, non-removable"},{"label":"Charging","value":"18W wired, QC3, 60% in 40 min"}]},{"category":"Misc","specs":[{"label":"Colors","value":"Shimmer Gold"},{"label":"Models","value":"Z01FD"},{"label":"Price","value":"About 280 EUR"}]}]');
INSERT OR IGNORE INTO device_pictures (device_id, url, position) VALUES (216, 'https://fdn2.gsmarena.com/vv/bigpic/asus-zenfone-3-deluxe-55-inch.jpg', 0);
INSERT OR IGNORE INTO device_pictures (device_id, url, position) VALUES (216, 'https://fdn2.gsmarena.com/vv/pics/asus/asus-zenfone-3-deluxe-55-inch.jpg', 1);
INSERT OR IGNORE INTO devices (id, brand_id, name, gsmarena_url, thumbnail_url, summary) VALUES (217, 2, 'Zenpad Z10 ZT500KL', 'https://www.gsmarena.com/asus_zenpad_z10_zt500kl-8370.php', 'https://fdn2.gsmarena.com/vv/bigpic/asus-zenpad-z10-zt500kl.jpg', 'Zenpad Z10 ZT500KL');
INSERT OR IGNORE INTO device_specs (device_id, announced, status, network, os, chipset, cpu, gpu, display_size, display_type, display_res, ram, storage, main_camera, selfie_camera, battery, charging, nfc, usb, bluetooth, wlan, colors, weight, dimensions, sim, sensors, popularity, fans, rating, full_specs_json) VALUES (217, '2016, October. Released 2016, October', 'Discontinued', 'LTE / 4G/LTE', 'Android 6.0 (Marshmallow), upgradable to 7.0 (Nougat)', 'Qualcomm MSM8956 Snapdragon 650', 'Hexa-core (4x1.4 GHz Cortex-A53 & 2x1.8 GHz Cortex-A72)', 'Adreno 510', '9.7 inches, 291.4 cm 2 (~72.4% screen-to-body ratio)', 'IPS LCD', '1536 x 2048 pixels, 4:3 ratio (~264 ppi density)', '3GB', '32GB', '8 MP, HDR, panorama', '5 MP, 1080p@30fps', 'Li-Po 7800 mAh, non-removable', NULL, 'No', 'USB Type-C', '4.2, A2DP, LE', 'Wi-Fi 802.11 a/b/g/n/ac, dual-band, Wi-Fi Direct', 'Gray', '490 g (1.08 lb)', '242.3 x 166.1 x 7.1 mm (9.54 x 6.54 x 0.28 in)', 'Nano-SIM', 'Accelerometer, gyro, proximity, compass', 'About 300 EUR', NULL, NULL, '[{"category":"Network","specs":[{"label":"Technology","value":"LTE"},{"label":"2G bands","value":"N/A"},{"label":"4G bands","value":"2, 4, 5, 13"},{"label":"Speed","value":"LTE Cat6 300/50 Mbps"},{"label":"GPRS","value":"No"},{"label":"EDGE","value":"No"}]},{"category":"Launch","specs":[{"label":"Announced","value":"2016, October. Released 2016, October"},{"label":"Status","value":"Discontinued"}]},{"category":"Body","specs":[{"label":"Dimensions","value":"242.3 x 166.1 x 7.1 mm (9.54 x 6.54 x 0.28 in)"},{"label":"Weight","value":"490 g (1.08 lb)"},{"label":"SIM","value":"Nano-SIM"}]},{"category":"Display","specs":[{"label":"Type","value":"IPS LCD"},{"label":"Size","value":"9.7 inches, 291.4 cm 2 (~72.4% screen-to-body ratio)"},{"label":"Resolution","value":"1536 x 2048 pixels, 4:3 ratio (~264 ppi density)"}]},{"category":"Platform","specs":[{"label":"OS","value":"Android 6.0 (Marshmallow), upgradable to 7.0 (Nougat)"},{"label":"Chipset","value":"Qualcomm MSM8956 Snapdragon 650"},{"label":"CPU","value":"Hexa-core (4x1.4 GHz Cortex-A53 & 2x1.8 GHz Cortex-A72)"},{"label":"GPU","value":"Adreno 510"}]},{"category":"Memory","specs":[{"label":"Card slot","value":"microSDXC (dedicated slot)"},{"label":"Internal","value":"32GB 3GB RAM"}]},{"category":"Main Camera","specs":[{"label":"Single","value":"8 MP"},{"label":"Features","value":"HDR, panorama"},{"label":"Video","value":"1080p@30fps"}]},{"category":"Selfie camera","specs":[{"label":"Single","value":"5 MP"},{"label":"Video","value":"1080p@30fps"}]},{"category":"Sound","specs":[{"label":"Loudspeaker","value":"Yes, with stereo speakers"},{"label":"3.5mm jack","value":"Yes"}]},{"category":"Comms","specs":[{"label":"WLAN","value":"Wi-Fi 802.11 a/b/g/n/ac, dual-band, Wi-Fi Direct"},{"label":"Bluetooth","value":"4.2, A2DP, LE"},{"label":"Positioning","value":"GPS"},{"label":"NFC","value":"No"},{"label":"USB","value":"USB Type-C"},{"label":"Radio","value":"No"}]},{"category":"Features","specs":[{"label":"Sensors","value":"Accelerometer, gyro, proximity, compass"}]},{"category":"Battery","specs":[{"label":"Type","value":"Li-Po 7800 mAh, non-removable"},{"label":"Stand-by","value":"Up to 1344 h (3G)"},{"label":"Talk time","value":"Up to 20 h (3G)"}]},{"category":"Misc","specs":[{"label":"Colors","value":"Gray"},{"label":"SAR","value":"1.25 W/kg (head)"},{"label":"Price","value":"About 300 EUR"}]}]');
INSERT OR IGNORE INTO device_pictures (device_id, url, position) VALUES (217, 'https://fdn2.gsmarena.com/vv/bigpic/asus-zenpad-z10-zt500kl.jpg', 0);
INSERT OR IGNORE INTO device_pictures (device_id, url, position) VALUES (217, 'https://fdn2.gsmarena.com/vv/pics/asus/asus-zenpad-z10-zt500kl.jpg', 1);
INSERT OR IGNORE INTO device_pictures (device_id, url, position) VALUES (217, 'https://fdn2.gsmarena.com/vv/pics/asus/asus-zenpad-z10-zt500kl1.jpg', 2);
INSERT OR IGNORE INTO devices (id, brand_id, name, gsmarena_url, thumbnail_url, summary) VALUES (218, 2, 'Zenwatch 3 WI503Q', 'https://www.gsmarena.com/asus_zenwatch_3_wi503q-8271.php', 'https://fdn2.gsmarena.com/vv/bigpic/asus-zenwatch-3.jpg', 'Zenwatch 3 WI503Q');
INSERT OR IGNORE INTO device_specs (device_id, announced, status, network, os, chipset, cpu, gpu, display_size, display_type, display_res, ram, storage, main_camera, selfie_camera, battery, charging, nfc, usb, bluetooth, wlan, colors, weight, dimensions, sim, sensors, popularity, fans, rating, full_specs_json) VALUES (218, '2016, August. Released 2016, December', 'Discontinued', 'No cellular connectivity', 'Android Wear OS 2.1', 'Qualcomm MSM8909W Snapdragon Wear 2100', 'Quad-core 1.1 GHz Cortex-A7', 'Adreno 304', '1.39 inches', 'AMOLED', '400 x 400 pixels (~287 ppi density)', NULL, '4GB', NULL, NULL, 'Li-Ion 341 mAh, non-removable', '18W wired, 60% in 15 min', 'No', 'No', '4.1, LE', 'Wi-Fi 802.11 b/g/n', 'Gunmetal, Silver, Rose gold', '48 g (1.69 oz)', '45 x 45 x 10.8 mm (1.77 x 1.77 x 0.43 in)', 'No', 'Accelerometer, gyro', 'About 230 EUR', NULL, NULL, '[{"category":"Network","specs":[{"label":"Technology","value":"No cellular connectivity"},{"label":"2G bands","value":"N/A"},{"label":"GPRS","value":"No"},{"label":"EDGE","value":"No"}]},{"category":"Launch","specs":[{"label":"Announced","value":"2016, August. Released 2016, December"},{"label":"Status","value":"Discontinued"}]},{"category":"Body","specs":[{"label":"Dimensions","value":"45 x 45 x 10.8 mm (1.77 x 1.77 x 0.43 in)"},{"label":"Weight","value":"48 g (1.69 oz)"},{"label":"Build","value":"Glass front (Gorilla Glass 3), stainless steel 316L frame"},{"label":"SIM","value":"No"}]},{"category":"Display","specs":[{"label":"Type","value":"AMOLED"},{"label":"Size","value":"1.39 inches"},{"label":"Resolution","value":"400 x 400 pixels (~287 ppi density)"},{"label":"Protection","value":"Corning Gorilla Glass 3"}]},{"category":"Platform","specs":[{"label":"OS","value":"Android Wear OS 2.1"},{"label":"Chipset","value":"Qualcomm MSM8909W Snapdragon Wear 2100"},{"label":"CPU","value":"Quad-core 1.1 GHz Cortex-A7"},{"label":"GPU","value":"Adreno 304"}]},{"category":"Memory","specs":[{"label":"Card slot","value":"No"},{"label":"Internal","value":"4GB 512MB RAM"}]},{"category":"Sound","specs":[{"label":"Loudspeaker","value":"Yes"},{"label":"3.5mm jack","value":"No"}]},{"category":"Comms","specs":[{"label":"WLAN","value":"Wi-Fi 802.11 b/g/n"},{"label":"Bluetooth","value":"4.1, LE"},{"label":"Positioning","value":"No"},{"label":"NFC","value":"No"},{"label":"USB","value":"No"},{"label":"Radio","value":"No"}]},{"category":"Features","specs":[{"label":"Sensors","value":"Accelerometer, gyro"}]},{"category":"Battery","specs":[{"label":"Type","value":"Li-Ion 341 mAh, non-removable"},{"label":"Charging","value":"18W wired, 60% in 15 min"}]},{"category":"Misc","specs":[{"label":"Colors","value":"Gunmetal, Silver, Rose gold"},{"label":"Price","value":"About 230 EUR"}]}]');
INSERT OR IGNORE INTO device_pictures (device_id, url, position) VALUES (218, 'https://fdn2.gsmarena.com/vv/bigpic/asus-zenwatch-3.jpg', 0);
INSERT OR IGNORE INTO device_pictures (device_id, url, position) VALUES (218, 'https://fdn2.gsmarena.com/vv/pics/asus/asus-zenwatch-3-1.jpg', 1);
INSERT OR IGNORE INTO device_pictures (device_id, url, position) VALUES (218, 'https://fdn2.gsmarena.com/vv/pics/asus/asus-zenwatch-3-2.jpg', 2);
INSERT OR IGNORE INTO devices (id, brand_id, name, gsmarena_url, thumbnail_url, summary) VALUES (219, 2, 'Zenpad 3S 10 Z500M', 'https://www.gsmarena.com/asus_zenpad_3s_10_z500m-8218.php', 'https://fdn2.gsmarena.com/vv/bigpic/asus-zenpad-3s.jpg', 'Zenpad 3S 10 Z500M');
INSERT OR IGNORE INTO device_specs (device_id, announced, status, network, os, chipset, cpu, gpu, display_size, display_type, display_res, ram, storage, main_camera, selfie_camera, battery, charging, nfc, usb, bluetooth, wlan, colors, weight, dimensions, sim, sensors, popularity, fans, rating, full_specs_json) VALUES (219, '2016, July. Released 2016, August', 'Discontinued', 'No cellular connectivity', 'Android 6.0 (Marshmallow), upgradable to 7.0 (Nougat)', 'Mediatek MT8176', 'Hexa-core (2x2.1 GHz Cortex-A72 & 4x1.7 GHz Cortex-A53)', 'PowerVR GX6250', '9.7 inches, 291.4 cm 2 (~74.0% screen-to-body ratio)', 'IPS LCD', '1536 x 2048 pixels, 4:3 ratio (~264 ppi density)', '4GB', '32GB', '8 MP, HDR, panorama', '5 MP, 1080p@30fps', 'Li-Po 5900 mAh, non-removable (22 Wh)', '18W wired, QC3', 'No', 'USB Type-C 2.0', '4.2, A2DP, LE, EDR, aptX', 'Wi-Fi 802.11 a/b/g/n/ac, dual-band, Wi-Fi Direct', 'Silver, Grey', '430 g (15.17 oz)', '240.5 x 163.7 x 7.2 mm (9.47 x 6.44 x 0.28 in)', 'No', 'Fingerprint (front-mounted), accelerometer, gyro, proximity, compass', 'About 340 EUR', NULL, NULL, '[{"category":"Network","specs":[{"label":"Technology","value":"No cellular connectivity"},{"label":"2G bands","value":"N/A"},{"label":"GPRS","value":"No"},{"label":"EDGE","value":"No"}]},{"category":"Launch","specs":[{"label":"Announced","value":"2016, July. Released 2016, August"},{"label":"Status","value":"Discontinued"}]},{"category":"Body","specs":[{"label":"Dimensions","value":"240.5 x 163.7 x 7.2 mm (9.47 x 6.44 x 0.28 in)"},{"label":"Weight","value":"430 g (15.17 oz)"},{"label":"SIM","value":"No"}]},{"category":"Display","specs":[{"label":"Type","value":"IPS LCD"},{"label":"Size","value":"9.7 inches, 291.4 cm 2 (~74.0% screen-to-body ratio)"},{"label":"Resolution","value":"1536 x 2048 pixels, 4:3 ratio (~264 ppi density)"},{"label":"Protection","value":"Oleophobic coating"}]},{"category":"Platform","specs":[{"label":"OS","value":"Android 6.0 (Marshmallow), upgradable to 7.0 (Nougat)"},{"label":"Chipset","value":"Mediatek MT8176"},{"label":"CPU","value":"Hexa-core (2x2.1 GHz Cortex-A72 & 4x1.7 GHz Cortex-A53)"},{"label":"GPU","value":"PowerVR GX6250"}]},{"category":"Memory","specs":[{"label":"Card slot","value":"microSDXC (dedicated slot)"},{"label":"Internal","value":"32GB 4GB RAM, 64GB 4GB RAM"}]},{"category":"Main Camera","specs":[{"label":"Single","value":"8 MP"},{"label":"Features","value":"HDR, panorama"},{"label":"Video","value":"1080p@30fps"}]},{"category":"Selfie camera","specs":[{"label":"Single","value":"5 MP"},{"label":"Video","value":"1080p@30fps"}]},{"category":"Sound","specs":[{"label":"Loudspeaker","value":"Yes, with stereo speakers"},{"label":"3.5mm jack","value":"Yes"}]},{"category":"Comms","specs":[{"label":"WLAN","value":"Wi-Fi 802.11 a/b/g/n/ac, dual-band, Wi-Fi Direct"},{"label":"Bluetooth","value":"4.2, A2DP, LE, EDR, aptX"},{"label":"Positioning","value":"GPS, GLONASS"},{"label":"NFC","value":"No"},{"label":"USB","value":"USB Type-C 2.0"},{"label":"Radio","value":"No"}]},{"category":"Features","specs":[{"label":"Sensors","value":"Fingerprint (front-mounted), accelerometer, gyro, proximity, compass"}]},{"category":"Battery","specs":[{"label":"Type","value":"Li-Po 5900 mAh, non-removable (22 Wh)"},{"label":"Charging","value":"18W wired, QC3"},{"label":"Talk time","value":"Up to 10 h (multimedia)"}]},{"category":"Misc","specs":[{"label":"Colors","value":"Silver, Grey"},{"label":"Models","value":"P027"},{"label":"Price","value":"About 340 EUR"}]}]');
INSERT OR IGNORE INTO device_pictures (device_id, url, position) VALUES (219, 'https://fdn2.gsmarena.com/vv/bigpic/asus-zenpad-3s.jpg', 0);
INSERT OR IGNORE INTO device_pictures (device_id, url, position) VALUES (219, 'https://fdn2.gsmarena.com/vv/pics/asus/asus-zenpad-3s-1.jpg', 1);
INSERT OR IGNORE INTO device_pictures (device_id, url, position) VALUES (219, 'https://fdn2.gsmarena.com/vv/pics/asus/asus-zenpad-3s-2.jpg', 2);
INSERT OR IGNORE INTO device_pictures (device_id, url, position) VALUES (219, 'https://fdn2.gsmarena.com/vv/pics/asus/asus-zenpad-3s-3.jpg', 3);
INSERT OR IGNORE INTO devices (id, brand_id, name, gsmarena_url, thumbnail_url, summary) VALUES (220, 2, 'Zenfone 3 Max ZC520TL', 'https://www.gsmarena.com/asus_zenfone_3_max_zc520tl-8207.php', 'https://fdn2.gsmarena.com/vv/bigpic/asus-zenfone-3-max-zc520tl.jpg', 'Zenfone 3 Max ZC520TL');
INSERT OR IGNORE INTO device_specs (device_id, announced, status, network, os, chipset, cpu, gpu, display_size, display_type, display_res, ram, storage, main_camera, selfie_camera, battery, charging, nfc, usb, bluetooth, wlan, colors, weight, dimensions, sim, sensors, popularity, fans, rating, full_specs_json) VALUES (220, '2016, July. Released 2016, August', 'Discontinued', 'GSM / HSPA / LTE / 4G/LTE', 'Android 6.0.1 (Marshmallow), upgradable to 7.0 (Nougat), ZenUI 3', 'Mediatek MT6737M (28 nm)', 'Quad-core 1.25 GHz Cortex-A53', 'Mali-T720MP2', '5.2 inches, 74.5 cm 2 (~67.7% screen-to-body ratio)', 'IPS LCD', '720 x 1280 pixels, 16:9 ratio (~282 ppi density)', '2GB', '16GB', '13 MP, f/2.2, AF, LED flash, panorama, HDR', '5 MP, f/2.0', 'Li-Po 4130 mAh, non-removable', 'Reverse wired', 'No', 'microUSB 2.0, OTG', '4.0, A2DP, EDR', 'Wi-Fi 802.11 b/g/n, Wi-Fi Direct', 'Titanium Grey, Glacier Silver, Sand Gold', '148 g (5.22 oz)', '149.5 x 73.7 x 8.6 mm (5.89 x 2.90 x 0.34 in)', 'Nano-SIM + Micro-SIM', 'Fingerprint (rear-mounted), accelerometer, proximity, compass', 'About 230 EUR', NULL, NULL, '[{"category":"Network","specs":[{"label":"Technology","value":"GSM / HSPA / LTE"},{"label":"2G bands","value":"GSM 850 / 900 / 1800 / 1900 - SIM 1 & SIM 2"},{"label":"3G bands","value":"HSDPA 850 / 900 / 1900 / 2100 - Global"},{"label":"4G bands","value":"1, 2, 3, 4, 5, 7, 8, 18, 19, 26, 28, 38, 41 - Taiwan"},{"label":"Speed","value":"HSPA 42.2/5.76 Mbps, LTE Cat4 150/50 Mbps"}]},{"category":"Launch","specs":[{"label":"Announced","value":"2016, July. Released 2016, August"},{"label":"Status","value":"Discontinued"}]},{"category":"Body","specs":[{"label":"Dimensions","value":"149.5 x 73.7 x 8.6 mm (5.89 x 2.90 x 0.34 in)"},{"label":"Weight","value":"148 g (5.22 oz)"},{"label":"Build","value":"Glass front, aluminum back, aluminum frame"},{"label":"SIM","value":"Nano-SIM + Micro-SIM"}]},{"category":"Display","specs":[{"label":"Type","value":"IPS LCD"},{"label":"Size","value":"5.2 inches, 74.5 cm 2 (~67.7% screen-to-body ratio)"},{"label":"Resolution","value":"720 x 1280 pixels, 16:9 ratio (~282 ppi density)"}]},{"category":"Platform","specs":[{"label":"OS","value":"Android 6.0.1 (Marshmallow), upgradable to 7.0 (Nougat), ZenUI 3"},{"label":"Chipset","value":"Mediatek MT6737M (28 nm)"},{"label":"CPU","value":"Quad-core 1.25 GHz Cortex-A53"},{"label":"GPU","value":"Mali-T720MP2"}]},{"category":"Memory","specs":[{"label":"Card slot","value":"microSDHC (uses shared SIM slot)"},{"label":"Internal","value":"16GB 2GB RAM, 32GB 3GB RAM"}]},{"category":"Main Camera","specs":[{"label":"Single","value":"13 MP, f/2.2, AF"},{"label":"Features","value":"LED flash, panorama, HDR"},{"label":"Video","value":"1080p@30fps"}]},{"category":"Selfie camera","specs":[{"label":"Single","value":"5 MP, f/2.0"}]},{"category":"Sound","specs":[{"label":"Loudspeaker","value":"Yes"},{"label":"3.5mm jack","value":"Yes"}]},{"category":"Comms","specs":[{"label":"WLAN","value":"Wi-Fi 802.11 b/g/n, Wi-Fi Direct"},{"label":"Bluetooth","value":"4.0, A2DP, EDR"},{"label":"Positioning","value":"GPS, GLONASS, BDS"},{"label":"NFC","value":"No"},{"label":"USB","value":"microUSB 2.0, OTG"},{"label":"Radio","value":"FM radio"}]},{"category":"Features","specs":[{"label":"Sensors","value":"Fingerprint (rear-mounted), accelerometer, proximity, compass"}]},{"category":"Battery","specs":[{"label":"Type","value":"Li-Po 4130 mAh, non-removable"},{"label":"Charging","value":"Reverse wired"},{"label":"Stand-by","value":"Up to 720 h (3G)"},{"label":"Talk time","value":"Up to 20 h (3G)"},{"label":"Music play","value":"Up to 87 h"}]},{"category":"Misc","specs":[{"label":"Colors","value":"Titanium Grey, Glacier Silver, Sand Gold"},{"label":"Models","value":"X008D, X008DA, X008DC, X00KD"},{"label":"Price","value":"About 230 EUR"}]}]');
INSERT OR IGNORE INTO device_pictures (device_id, url, position) VALUES (220, 'https://fdn2.gsmarena.com/vv/bigpic/asus-zenfone-3-max-zc520tl.jpg', 0);
INSERT OR IGNORE INTO device_pictures (device_id, url, position) VALUES (220, 'https://fdn2.gsmarena.com/vv/pics/asus/asus-zenfone-3-max-zc520t-1.jpg', 1);
INSERT OR IGNORE INTO device_pictures (device_id, url, position) VALUES (220, 'https://fdn2.gsmarena.com/vv/pics/asus/asus-zenfone-3-max-zc520t-4.jpg', 2);
INSERT OR IGNORE INTO devices (id, brand_id, name, gsmarena_url, thumbnail_url, summary) VALUES (221, 2, 'Zenfone 3 Laser ZC551KL', 'https://www.gsmarena.com/asus_zenfone_3_laser_zc551kl-8206.php', 'https://fdn2.gsmarena.com/vv/bigpic/asus-zenfone-3-laser-zc551kl.jpg', 'Zenfone 3 Laser ZC551KL');
INSERT OR IGNORE INTO device_specs (device_id, announced, status, network, os, chipset, cpu, gpu, display_size, display_type, display_res, ram, storage, main_camera, selfie_camera, battery, charging, nfc, usb, bluetooth, wlan, colors, weight, dimensions, sim, sensors, popularity, fans, rating, full_specs_json) VALUES (221, '2016, July. Released 2016, August', 'Discontinued', 'GSM / HSPA / LTE / 4G/LTE', 'Android 6.1 (Marshmallow), upgradable to Android 8.0 (Oreo)', 'Qualcomm MSM8937 Snapdragon 430 (28 nm)', 'Octa-core 1.4 GHz Cortex-A53', 'Adreno 505', '5.5 inches, 83.4 cm 2 (~73.6% screen-to-body ratio)', 'IPS LCD', '1080 x 1920 pixels, 16:9 ratio (~401 ppi density)', '2GB', '16GB', '13 MP, f/2.0, 1/3.1", 1.12µm, Laser AF, Dual-LED dual-tone flash, panorama, HDR', '8 MP, f/2.0, 24mm', 'Li-Ion 3000 mAh, non-removable', NULL, 'No', 'microUSB 2.0', '4.2, A2DP, EDR, LE', 'Wi-Fi 802.11 b/g/n, Wi-Fi Direct', 'Sand Gold, Glacier Silver', '150 g (5.29 oz)', '149 x 76 x 7.9 mm (5.87 x 2.99 x 0.31 in)', 'Hybrid Dual SIM (Micro-SIM, dual stand-by)', 'Fingerprint (rear-mounted), accelerometer, gyro, proximity, compass', 'About 160 EUR', NULL, NULL, '[{"category":"Network","specs":[{"label":"Technology","value":"GSM / HSPA / LTE"},{"label":"2G bands","value":"GSM 850 / 900 / 1800 / 1900 - SIM 1 & SIM 2"},{"label":"3G bands","value":"HSDPA 850 / 900 / 1900 / 2100 - Global"},{"label":"4G bands","value":"1, 2, 3, 5, 7, 8, 20 - Global"},{"label":"Speed","value":"HSPA 42.2/5.76 Mbps, LTE Cat4 150/50 Mbps"}]},{"category":"Launch","specs":[{"label":"Announced","value":"2016, July. Released 2016, August"},{"label":"Status","value":"Discontinued"}]},{"category":"Body","specs":[{"label":"Dimensions","value":"149 x 76 x 7.9 mm (5.87 x 2.99 x 0.31 in)"},{"label":"Weight","value":"150 g (5.29 oz)"},{"label":"SIM","value":"Hybrid Dual SIM (Micro-SIM, dual stand-by)"}]},{"category":"Display","specs":[{"label":"Type","value":"IPS LCD"},{"label":"Size","value":"5.5 inches, 83.4 cm 2 (~73.6% screen-to-body ratio)"},{"label":"Resolution","value":"1080 x 1920 pixels, 16:9 ratio (~401 ppi density)"},{"label":"Protection","value":"Corning Gorilla Glass 3"}]},{"category":"Platform","specs":[{"label":"OS","value":"Android 6.1 (Marshmallow), upgradable to Android 8.0 (Oreo)"},{"label":"Chipset","value":"Qualcomm MSM8937 Snapdragon 430 (28 nm)"},{"label":"CPU","value":"Octa-core 1.4 GHz Cortex-A53"},{"label":"GPU","value":"Adreno 505"}]},{"category":"Memory","specs":[{"label":"Card slot","value":"microSDXC (uses shared SIM slot)"},{"label":"Internal","value":"16GB 2GB RAM, 32GB 4GB RAM"}]},{"category":"Main Camera","specs":[{"label":"Single","value":"13 MP, f/2.0, 1/3.1\\", 1.12µm"},{"label":"Features","value":"Laser AF, Dual-LED dual-tone flash, panorama, HDR"},{"label":"Video","value":"1080p@30fps (gyro-EIS)"}]},{"category":"Selfie camera","specs":[{"label":"Single","value":"8 MP, f/2.0, 24mm"}]},{"category":"Sound","specs":[{"label":"Loudspeaker","value":"Yes"},{"label":"3.5mm jack","value":"Yes"}]},{"category":"Comms","specs":[{"label":"WLAN","value":"Wi-Fi 802.11 b/g/n, Wi-Fi Direct"},{"label":"Bluetooth","value":"4.2, A2DP, EDR, LE"},{"label":"Positioning","value":"GPS, GLONASS, BDS"},{"label":"NFC","value":"No"},{"label":"USB","value":"microUSB 2.0"},{"label":"Radio","value":"FM radio"}]},{"category":"Features","specs":[{"label":"Sensors","value":"Fingerprint (rear-mounted), accelerometer, gyro, proximity, compass"}]},{"category":"Battery","specs":[{"label":"Type","value":"Li-Ion 3000 mAh, non-removable"}]},{"category":"Misc","specs":[{"label":"Colors","value":"Sand Gold, Glacier Silver"},{"label":"Models","value":"Z01BDB, Z01BDA, Z01BD, Z01BDC, Z01BS"},{"label":"Price","value":"About 160 EUR"}]}]');
INSERT OR IGNORE INTO device_pictures (device_id, url, position) VALUES (221, 'https://fdn2.gsmarena.com/vv/bigpic/asus-zenfone-3-laser-zc551kl.jpg', 0);
INSERT OR IGNORE INTO device_pictures (device_id, url, position) VALUES (221, 'https://fdn2.gsmarena.com/vv/pics/asus/asus-zenfone-3-laser-zc551kl-1.jpg', 1);
INSERT OR IGNORE INTO device_pictures (device_id, url, position) VALUES (221, 'https://fdn2.gsmarena.com/vv/pics/asus/asus-zenfone-3-laser-zc551kl-2.jpg', 2);
INSERT OR IGNORE INTO devices (id, brand_id, name, gsmarena_url, thumbnail_url, summary) VALUES (222, 2, 'Zenfone 3 ZE520KL', 'https://www.gsmarena.com/asus_zenfone_3_ze520kl-8197.php', 'https://fdn2.gsmarena.com/vv/bigpic/asus-zenfone-3-ZE520KL-1.jpg', 'Zenfone 3 ZE520KL');
INSERT OR IGNORE INTO device_specs (device_id, announced, status, network, os, chipset, cpu, gpu, display_size, display_type, display_res, ram, storage, main_camera, selfie_camera, battery, charging, nfc, usb, bluetooth, wlan, colors, weight, dimensions, sim, sensors, popularity, fans, rating, full_specs_json) VALUES (222, '2016, July. Released 2016, August', 'Discontinued', 'GSM / HSPA / LTE / 4G/LTE', 'Android 6.1 (Marshmallow), upgradable to 8 (Oreo), ZenUI', 'Qualcomm MSM8953 Snapdragon 625 (14 nm)', 'Octa-core 2.0 GHz Cortex-A53', 'Adreno 506', '5.2 inches, 74.5 cm 2 (~68.6% screen-to-body ratio)', 'Super IPS+', '1080 x 1920 pixels, 16:9 ratio (~424 ppi density)', '3GB', '32GB', '16 MP, f/2.0, PDAF, 4-axis OIS, Laser AF, Dual-LED dual-tone flash, panorama, HDR', '8 MP, f/2.0, 1080p@30fps', 'Li-Ion 2600 mAh, non-removable', NULL, 'No', 'USB Type-C 2.0, OTG', '4.2, A2DP, EDR, LE', 'Wi-Fi 802.11 a/b/g/n/ac, Wi-Fi Direct', 'Sapphire Black, Moonlight White, Shimmer Gold', '144 g (5.08 oz)', '146.9 x 74 x 7.7 mm (5.78 x 2.91 x 0.30 in)', 'Nano-SIM + Micro-SIM', 'Fingerprint (rear-mounted), accelerometer, gyro, proximity, compass', 'About 280 EUR', NULL, NULL, '[{"category":"Network","specs":[{"label":"Technology","value":"GSM / HSPA / LTE"},{"label":"2G bands","value":"GSM 850 / 900 / 1800 / 1900 - SIM 1 & SIM 2"},{"label":"3G bands","value":"HSDPA 850 / 900 / 1900 / 2100 / 800 - Taiwan"},{"label":"4G bands","value":"1, 2, 3, 5, 7, 8, 18, 19, 26, 28, 38, 39, 40, 41 - Taiwan"},{"label":"Speed","value":"HSPA 42.2/5.76 Mbps, LTE Cat4 150/50 Mbps (Global) or LTE (2CA) Cat6 300/50 Mbps (TW/HK/SG/PH)"}]},{"category":"Launch","specs":[{"label":"Announced","value":"2016, July. Released 2016, August"},{"label":"Status","value":"Discontinued"}]},{"category":"Body","specs":[{"label":"Dimensions","value":"146.9 x 74 x 7.7 mm (5.78 x 2.91 x 0.30 in)"},{"label":"Weight","value":"144 g (5.08 oz)"},{"label":"SIM","value":"Nano-SIM + Micro-SIM"}]},{"category":"Display","specs":[{"label":"Type","value":"Super IPS+"},{"label":"Size","value":"5.2 inches, 74.5 cm 2 (~68.6% screen-to-body ratio)"},{"label":"Resolution","value":"1080 x 1920 pixels, 16:9 ratio (~424 ppi density)"},{"label":"Protection","value":"Corning Gorilla Glass 3"}]},{"category":"Platform","specs":[{"label":"OS","value":"Android 6.1 (Marshmallow), upgradable to 8 (Oreo), ZenUI"},{"label":"Chipset","value":"Qualcomm MSM8953 Snapdragon 625 (14 nm)"},{"label":"CPU","value":"Octa-core 2.0 GHz Cortex-A53"},{"label":"GPU","value":"Adreno 506"}]},{"category":"Memory","specs":[{"label":"Card slot","value":"microSDXC (uses shared SIM slot)"},{"label":"Internal","value":"32GB 3GB RAM, 64GB 4GB RAM"}]},{"category":"Main Camera","specs":[{"label":"Single","value":"16 MP, f/2.0, PDAF, 4-axis OIS"},{"label":"Features","value":"Laser AF, Dual-LED dual-tone flash, panorama, HDR"},{"label":"Video","value":"4K@30fps, 1080p@60fps"}]},{"category":"Selfie camera","specs":[{"label":"Single","value":"8 MP, f/2.0"},{"label":"Video","value":"1080p@30fps"}]},{"category":"Sound","specs":[{"label":"Loudspeaker","value":"Yes"},{"label":"3.5mm jack","value":"Yes"}]},{"category":"Comms","specs":[{"label":"WLAN","value":"Wi-Fi 802.11 a/b/g/n/ac, Wi-Fi Direct"},{"label":"Bluetooth","value":"4.2, A2DP, EDR, LE"},{"label":"Positioning","value":"GPS, GLONASS, BDS"},{"label":"NFC","value":"No"},{"label":"USB","value":"USB Type-C 2.0, OTG"},{"label":"Radio","value":"FM radio, RDS"}]},{"category":"Features","specs":[{"label":"Sensors","value":"Fingerprint (rear-mounted), accelerometer, gyro, proximity, compass"}]},{"category":"Battery","specs":[{"label":"Type","value":"Li-Ion 2600 mAh, non-removable"}]},{"category":"Misc","specs":[{"label":"Colors","value":"Sapphire Black, Moonlight White, Shimmer Gold"},{"label":"Models","value":"Z017DB, Z017D, Z017DA, Z017DC, ZE520KL, ZA520KL"},{"label":"Price","value":"About 280 EUR"}]}]');
INSERT OR IGNORE INTO device_pictures (device_id, url, position) VALUES (222, 'https://fdn2.gsmarena.com/vv/bigpic/asus-zenfone-3-ZE520KL-1.jpg', 0);
INSERT OR IGNORE INTO device_pictures (device_id, url, position) VALUES (222, 'https://fdn2.gsmarena.com/vv/pics/asus/asus-zenfone-3-ZE520KL.jpg', 1);
INSERT OR IGNORE INTO devices (id, brand_id, name, gsmarena_url, thumbnail_url, summary) VALUES (223, 2, 'Zenfone Pegasus 3', 'https://www.gsmarena.com/asus_zenfone_pegasus_3-8156.php', 'https://fdn2.gsmarena.com/vv/bigpic/asus-zenfone-pegasus-3.jpg', 'Zenfone Pegasus 3');
INSERT OR IGNORE INTO device_specs (device_id, announced, status, network, os, chipset, cpu, gpu, display_size, display_type, display_res, ram, storage, main_camera, selfie_camera, battery, charging, nfc, usb, bluetooth, wlan, colors, weight, dimensions, sim, sensors, popularity, fans, rating, full_specs_json) VALUES (223, '2016, June. Released 2016, June', 'Discontinued', 'GSM / HSPA / LTE / 4G/LTE', 'Android 6.0.1 (Marshmallow), ZenUI', 'Mediatek MT6737 (28 nm)', 'Quad-core 1.3 GHz Cortex-A53', 'Mali-T720MP2', '5.2 inches, 74.5 cm 2 (~67.7% screen-to-body ratio)', 'IPS LCD', '720 x 1280 pixels, 16:9 ratio (~282 ppi density)', '2GB', '16GB', '13 MP, f/2.2, AF, LED flash, panorama, HDR', '5 MP, f/2.0', 'Li-Ion 4100 mAh, non-removable', NULL, 'No', 'microUSB 2.0', '4.0, A2DP', 'Wi-Fi 802.11 b/g/n', 'Gold, silver, gray, rose gold', '158.4 g (5.57 oz)', '149.5 x 73.7 x 8.6 mm (5.89 x 2.90 x 0.34 in)', 'Hybrid Dual SIM', 'Fingerprint (rear-mounted), accelerometer, proximity, compass', 'About 210 EUR', NULL, NULL, '[{"category":"Network","specs":[{"label":"Technology","value":"GSM / HSPA / LTE"},{"label":"2G bands","value":"GSM 850 / 900 / 1800 / 1900 - SIM 1 & SIM 2"},{"label":"3G bands","value":"HSDPA 850 / 900 / 1900 / 2100 & TD-SCDMA"},{"label":"4G bands","value":"1, 3, 7, 38, 39, 40, 41"},{"label":"Speed","value":"HSPA 42.2/5.76 Mbps, LTE Cat4 150/50 Mbps"}]},{"category":"Launch","specs":[{"label":"Announced","value":"2016, June. Released 2016, June"},{"label":"Status","value":"Discontinued"}]},{"category":"Body","specs":[{"label":"Dimensions","value":"149.5 x 73.7 x 8.6 mm (5.89 x 2.90 x 0.34 in)"},{"label":"Weight","value":"158.4 g (5.57 oz)"},{"label":"SIM","value":"Hybrid Dual SIM"}]},{"category":"Display","specs":[{"label":"Type","value":"IPS LCD"},{"label":"Size","value":"5.2 inches, 74.5 cm 2 (~67.7% screen-to-body ratio)"},{"label":"Resolution","value":"720 x 1280 pixels, 16:9 ratio (~282 ppi density)"}]},{"category":"Platform","specs":[{"label":"OS","value":"Android 6.0.1 (Marshmallow), ZenUI"},{"label":"Chipset","value":"Mediatek MT6737 (28 nm)"},{"label":"CPU","value":"Quad-core 1.3 GHz Cortex-A53"},{"label":"GPU","value":"Mali-T720MP2"}]},{"category":"Memory","specs":[{"label":"Card slot","value":"microSDXC (uses shared SIM slot)"},{"label":"Internal","value":"16GB 2GB RAM, 32GB 3GB RAM"}]},{"category":"Main Camera","specs":[{"label":"Single","value":"13 MP, f/2.2, AF"},{"label":"Features","value":"LED flash, panorama, HDR"},{"label":"Video","value":"1080p@30fps"}]},{"category":"Selfie camera","specs":[{"label":"Single","value":"5 MP, f/2.0"}]},{"category":"Sound","specs":[{"label":"Loudspeaker","value":"Yes"},{"label":"3.5mm jack","value":"Yes"}]},{"category":"Comms","specs":[{"label":"WLAN","value":"Wi-Fi 802.11 b/g/n"},{"label":"Bluetooth","value":"4.0, A2DP"},{"label":"Positioning","value":"GPS, GLONASS"},{"label":"NFC","value":"No"},{"label":"USB","value":"microUSB 2.0"},{"label":"Radio","value":"FM radio"}]},{"category":"Features","specs":[{"label":"Sensors","value":"Fingerprint (rear-mounted), accelerometer, proximity, compass"}]},{"category":"Battery","specs":[{"label":"Type","value":"Li-Ion 4100 mAh, non-removable"}]},{"category":"Misc","specs":[{"label":"Colors","value":"Gold, silver, gray, rose gold"},{"label":"Models","value":"X008, X008DB"},{"label":"Price","value":"About 210 EUR"}]}]');
INSERT OR IGNORE INTO device_pictures (device_id, url, position) VALUES (223, 'https://fdn2.gsmarena.com/vv/bigpic/asus-zenfone-pegasus-3.jpg', 0);
INSERT OR IGNORE INTO device_pictures (device_id, url, position) VALUES (223, 'https://fdn2.gsmarena.com/vv/pics/asus/asus-zenfone-pegasus-3-1.jpg', 1);
INSERT OR IGNORE INTO device_pictures (device_id, url, position) VALUES (223, 'https://fdn2.gsmarena.com/vv/pics/asus/asus-zenfone-pegasus-3-2.jpg', 2);
INSERT OR IGNORE INTO device_pictures (device_id, url, position) VALUES (223, 'https://fdn2.gsmarena.com/vv/pics/asus/asus-zenfone-pegasus-3-3.jpg', 3);
INSERT OR IGNORE INTO devices (id, brand_id, name, gsmarena_url, thumbnail_url, summary) VALUES (224, 2, 'Zenpad Z8', 'https://www.gsmarena.com/asus_zenpad_z8-8160.php', 'https://fdn2.gsmarena.com/vv/bigpic/asus-zenpad-z8.jpg', 'Zenpad Z8');
INSERT OR IGNORE INTO device_specs (device_id, announced, status, network, os, chipset, cpu, gpu, display_size, display_type, display_res, ram, storage, main_camera, selfie_camera, battery, charging, nfc, usb, bluetooth, wlan, colors, weight, dimensions, sim, sensors, popularity, fans, rating, full_specs_json) VALUES (224, '2016, June. Released 2016, June', 'Discontinued', 'LTE / 4G/LTE', 'Android 6.0 (Marshmallow)', 'Qualcomm MSM8956 Snapdragon 650', 'Hexa-core (4x1.4 GHz Cortex-A53 & 2x1.8 GHz Cortex-A72)', 'Adreno 510', '7.9 inches, 193.3 cm 2 (~69.1% screen-to-body ratio)', 'IPS LCD', '1536 x 2048 pixels, 4:3 ratio (~324 ppi density)', '2GB', '16GB', '8 MP', 'Yes', 'Li-Ion 4680 mAh, non-removable', NULL, 'No', 'microUSB 2.0', '4.0, A2DP', 'Wi-Fi 802.11 b/g/n', 'Black', '320.1 g (11.29 oz)', '205.2 mm x 136.4 mm x (unknown thickness) mm', 'Micro-SIM (built-in)', 'Accelerometer', NULL, NULL, NULL, '[{"category":"Network","specs":[{"label":"Technology","value":"LTE"},{"label":"4G bands","value":"2, 4, 5, 13"},{"label":"Speed","value":"LTE"},{"label":"GPRS","value":"Yes"},{"label":"EDGE","value":"Yes"}]},{"category":"Launch","specs":[{"label":"Announced","value":"2016, June. Released 2016, June"},{"label":"Status","value":"Discontinued"}]},{"category":"Body","specs":[{"label":"Dimensions","value":"205.2 mm x 136.4 mm x (unknown thickness) mm"},{"label":"Weight","value":"320.1 g (11.29 oz)"},{"label":"SIM","value":"Micro-SIM (built-in)"}]},{"category":"Display","specs":[{"label":"Type","value":"IPS LCD"},{"label":"Size","value":"7.9 inches, 193.3 cm 2 (~69.1% screen-to-body ratio)"},{"label":"Resolution","value":"1536 x 2048 pixels, 4:3 ratio (~324 ppi density)"}]},{"category":"Platform","specs":[{"label":"OS","value":"Android 6.0 (Marshmallow)"},{"label":"Chipset","value":"Qualcomm MSM8956 Snapdragon 650"},{"label":"CPU","value":"Hexa-core (4x1.4 GHz Cortex-A53 & 2x1.8 GHz Cortex-A72)"},{"label":"GPU","value":"Adreno 510"}]},{"category":"Memory","specs":[{"label":"Card slot","value":"microSDXC (dedicated slot)"},{"label":"Internal","value":"16GB 2GB RAM"}]},{"category":"Main Camera","specs":[{"label":"Single","value":"8 MP"},{"label":"Video","value":"Yes"}]},{"category":"Selfie camera","specs":[{"label":"Single","value":"Yes"}]},{"category":"Sound","specs":[{"label":"Loudspeaker","value":"Yes, dual speakers"},{"label":"3.5mm jack","value":"Yes"}]},{"category":"Comms","specs":[{"label":"WLAN","value":"Wi-Fi 802.11 b/g/n"},{"label":"Bluetooth","value":"4.0, A2DP"},{"label":"Positioning","value":"GPS"},{"label":"NFC","value":"No"},{"label":"USB","value":"microUSB 2.0"},{"label":"Radio","value":"No"}]},{"category":"Features","specs":[{"label":"Sensors","value":"Accelerometer"}]},{"category":"Battery","specs":[{"label":"Type","value":"Li-Ion 4680 mAh, non-removable"}]},{"category":"Misc","specs":[{"label":"Colors","value":"Black"}]}]');
INSERT OR IGNORE INTO device_pictures (device_id, url, position) VALUES (224, 'https://fdn2.gsmarena.com/vv/bigpic/asus-zenpad-z8.jpg', 0);
INSERT OR IGNORE INTO device_pictures (device_id, url, position) VALUES (224, 'https://fdn2.gsmarena.com/vv/pics/asus/asus-zenpad-z8.jpg', 1);
INSERT OR IGNORE INTO devices (id, brand_id, name, gsmarena_url, thumbnail_url, summary) VALUES (225, 2, 'Zenfone 3 Ultra ZU680KL', 'https://www.gsmarena.com/asus_zenfone_3_ultra_zu680kl-8130.php', 'https://fdn2.gsmarena.com/vv/bigpic/asus-zenfone-3-ultra-zu680kl.jpg', 'Zenfone 3 Ultra ZU680KL');
INSERT OR IGNORE INTO device_specs (device_id, announced, status, network, os, chipset, cpu, gpu, display_size, display_type, display_res, ram, storage, main_camera, selfie_camera, battery, charging, nfc, usb, bluetooth, wlan, colors, weight, dimensions, sim, sensors, popularity, fans, rating, full_specs_json) VALUES (225, '2016, May. Released 2016, August', 'Discontinued', 'GSM / HSPA / LTE / 4G/LTE', 'Android 6.1 (Marshmallow), ZenUI 3', 'Qualcomm MSM8976 Snapdragon 652 (28 nm)', 'Octa-core (4x1.8 GHz Cortex-A72 & 4x1.4 GHz Cortex-A53)', 'Adreno 510', '6.8 inches, 127.5 cm 2 (~72.8% screen-to-body ratio)', 'IPS LCD', '1080 x 1920 pixels, 16:9 ratio (~324 ppi density)', '3GB', '32GB', '23 MP, f/2.0, 1/2.6", 1.0µm, PDAF, 4-axis OIS, Laser AF, Dual-LED dual-tone flash, HDR, panorama', '8 MP, f/2.0, 1080p@30fps', 'Li-Ion 4600 mAh, non-removable', '18W wired, QC3, 60% in 45 min', 'No', 'USB Type-C 2.0, OTG', '4.2, A2DP, EDR, LE', 'Wi-Fi 802.11 a/b/g/n/ac, Wi-Fi Direct', 'Glacier Silver, Titanium Gray, Metallic Pink', '233 g (8.22 oz)', '186.4 x 93.9 x 6.8 mm (7.34 x 3.70 x 0.27 in)', 'Nano-SIM + Nano-SIM', 'Fingerprint (front-mounted), accelerometer, gyro, proximity, compass', 'About 300 EUR', NULL, NULL, '[{"category":"Network","specs":[{"label":"Technology","value":"GSM / HSPA / LTE"},{"label":"2G bands","value":"GSM 850 / 900 / 1800 / 1900 - SIM 1 & SIM 2"},{"label":"3G bands","value":"HSDPA 850 / 900 / 1900 / 2100 / 800"},{"label":"4G bands","value":"1, 3, 5, 7, 8, 18, 19, 20, 26, 28, 38, 40, 41"},{"label":"Speed","value":"HSPA 42.2/5.76 Mbps, LTE (2CA) Cat6 300/50 Mbps"}]},{"category":"Launch","specs":[{"label":"Announced","value":"2016, May. Released 2016, August"},{"label":"Status","value":"Discontinued"}]},{"category":"Body","specs":[{"label":"Dimensions","value":"186.4 x 93.9 x 6.8 mm (7.34 x 3.70 x 0.27 in)"},{"label":"Weight","value":"233 g (8.22 oz)"},{"label":"SIM","value":"Nano-SIM + Nano-SIM"}]},{"category":"Display","specs":[{"label":"Type","value":"IPS LCD"},{"label":"Size","value":"6.8 inches, 127.5 cm 2 (~72.8% screen-to-body ratio)"},{"label":"Resolution","value":"1080 x 1920 pixels, 16:9 ratio (~324 ppi density)"},{"label":"Protection","value":"Corning Gorilla Glass 4"}]},{"category":"Platform","specs":[{"label":"OS","value":"Android 6.1 (Marshmallow), ZenUI 3"},{"label":"Chipset","value":"Qualcomm MSM8976 Snapdragon 652 (28 nm)"},{"label":"CPU","value":"Octa-core (4x1.8 GHz Cortex-A72 & 4x1.4 GHz Cortex-A53)"},{"label":"GPU","value":"Adreno 510"}]},{"category":"Memory","specs":[{"label":"Card slot","value":"microSDXC (uses shared SIM slot)"},{"label":"Internal","value":"32GB 3GB RAM, 64GB 3GB RAM, 128GB 4GB RAM"}]},{"category":"Main Camera","specs":[{"label":"Single","value":"23 MP, f/2.0, 1/2.6\\", 1.0µm, PDAF, 4-axis OIS"},{"label":"Features","value":"Laser AF, Dual-LED dual-tone flash, HDR, panorama"},{"label":"Video","value":"1080p@30fps"}]},{"category":"Selfie camera","specs":[{"label":"Single","value":"8 MP, f/2.0"},{"label":"Video","value":"1080p@30fps"}]},{"category":"Sound","specs":[{"label":"Loudspeaker","value":"Yes, dual speakers"},{"label":"3.5mm jack","value":"Yes"}]},{"category":"Comms","specs":[{"label":"WLAN","value":"Wi-Fi 802.11 a/b/g/n/ac, Wi-Fi Direct"},{"label":"Bluetooth","value":"4.2, A2DP, EDR, LE"},{"label":"Positioning","value":"GPS, GLONASS, BDS"},{"label":"NFC","value":"No"},{"label":"USB","value":"USB Type-C 2.0, OTG"},{"label":"Radio","value":"FM radio"}]},{"category":"Features","specs":[{"label":"Sensors","value":"Fingerprint (front-mounted), accelerometer, gyro, proximity, compass"}]},{"category":"Battery","specs":[{"label":"Type","value":"Li-Ion 4600 mAh, non-removable"},{"label":"Charging","value":"18W wired, QC3, 60% in 45 min"},{"label":"Talk time","value":"Up to 34 h (3G)"}]},{"category":"Misc","specs":[{"label":"Colors","value":"Glacier Silver, Titanium Gray, Metallic Pink"},{"label":"Price","value":"About 300 EUR"}]}]');
