INSERT OR IGNORE INTO device_pictures (device_id, url, position) VALUES (736, 'https://fdn2.gsmarena.com/vv/bigpic/vivo-y21d.jpg', 0);
INSERT OR IGNORE INTO device_pictures (device_id, url, position) VALUES (736, 'https://fdn2.gsmarena.com/vv/pics/vivo/vivo-y21d-1.jpg', 1);
INSERT OR IGNORE INTO device_pictures (device_id, url, position) VALUES (736, 'https://fdn2.gsmarena.com/vv/pics/vivo/vivo-y21d-2.jpg', 2);
INSERT OR IGNORE INTO devices (id, brand_id, name, gsmarena_url, thumbnail_url, summary) VALUES (737, 5, 'Y19s', 'https://www.gsmarena.com/vivo_y19s_5g-14276.php', 'https://fdn2.gsmarena.com/vv/bigpic/vivo-y04.jpg', 'Y19s');
INSERT OR IGNORE INTO device_specs (device_id, announced, status, network, os, chipset, cpu, gpu, display_size, display_type, display_res, ram, storage, main_camera, selfie_camera, battery, charging, nfc, usb, bluetooth, wlan, colors, weight, dimensions, sim, sensors, popularity, fans, rating, full_specs_json) VALUES (737, '2025, November 03', 'Available. Released 2025, November 03', 'GSM / HSPA / LTE / 5G / 5G', 'Android 15, Funtouch 15', 'Mediatek Dimensity 6300 (6 nm)', 'Octa-core (2x2.4 GHz Cortex-A76 & 6x2.0 GHz Cortex-A55)', 'Mali-G57 MC2', '6.74 inches, 109.7 cm 2 (~85.1% screen-to-body ratio)', 'IPS LCD, 90Hz, 700 nits (HBM)', '720 x 1600 pixels, 20:9 ratio (~260 ppi density)', '4GB', '64GB', '13 MP, f/2.2, (wide), AF, LED flash, panorama', '5 MP, f/2.2, (wide), Yes', 'Si/C Li-Ion 6000 mAh', '15W wired', 'No', 'USB Type-C 2.0, OTG', '5.4, A2DP, LE', 'Wi-Fi 802.11 a/b/g/n/ac, dual-band', 'Majestic Green, Titanium Silver', '199 g (7.02 oz)', '167.3 x 77 x 8.2 mm (6.59 x 3.03 x 0.32 in)', 'Nano-SIM + Nano-SIM', 'Fingerprint (side-mounted), accelerometer, proximity, compass', 'About 100 EUR', NULL, NULL, '[{"category":"Network","specs":[{"label":"Technology","value":"GSM / HSPA / LTE / 5G"},{"label":"2G bands","value":"GSM 850 / 900 / 1800 / 1900"},{"label":"3G bands","value":"HSDPA 850 / 900 / 2100"},{"label":"4G bands","value":"1, 3, 5, 8, 28, 38, 40, 41"},{"label":"5G bands","value":"1, 3, 5, 8, 28, 40, 77, 78 SA/NSA"},{"label":"Speed","value":"HSPA, LTE, 5G"}]},{"category":"Launch","specs":[{"label":"Announced","value":"2025, November 03"},{"label":"Status","value":"Available. Released 2025, November 03"}]},{"category":"Body","specs":[{"label":"Dimensions","value":"167.3 x 77 x 8.2 mm (6.59 x 3.03 x 0.32 in)"},{"label":"Weight","value":"199 g (7.02 oz)"},{"label":"Build","value":"Glass front, plastic frame, plastic back"},{"label":"SIM","value":"Nano-SIM + Nano-SIM"}]},{"category":"Display","specs":[{"label":"Type","value":"IPS LCD, 90Hz, 700 nits (HBM)"},{"label":"Size","value":"6.74 inches, 109.7 cm 2 (~85.1% screen-to-body ratio)"},{"label":"Resolution","value":"720 x 1600 pixels, 20:9 ratio (~260 ppi density)"}]},{"category":"Platform","specs":[{"label":"OS","value":"Android 15, Funtouch 15"},{"label":"Chipset","value":"Mediatek Dimensity 6300 (6 nm)"},{"label":"CPU","value":"Octa-core (2x2.4 GHz Cortex-A76 & 6x2.0 GHz Cortex-A55)"},{"label":"GPU","value":"Mali-G57 MC2"}]},{"category":"Memory","specs":[{"label":"Card slot","value":"microSDXC (dedicated slot)"},{"label":"Internal","value":"64GB 4GB RAM, 128GB 4GB RAM, 128GB 6GB RAM"}]},{"category":"Main Camera","specs":[{"label":"Dual","value":"13 MP, f/2.2, (wide), AF"},{"label":"Features","value":"LED flash, panorama"},{"label":"Video","value":"1080p@30fps"}]},{"category":"Selfie camera","specs":[{"label":"Single","value":"5 MP, f/2.2, (wide)"},{"label":"Video","value":"Yes"}]},{"category":"Sound","specs":[{"label":"Loudspeaker","value":"Yes, with stereo speakers"},{"label":"3.5mm jack","value":"Yes"}]},{"category":"Comms","specs":[{"label":"WLAN","value":"Wi-Fi 802.11 a/b/g/n/ac, dual-band"},{"label":"Bluetooth","value":"5.4, A2DP, LE"},{"label":"Positioning","value":"GPS, GALILEO, GLONASS, BDS, QZSS"},{"label":"NFC","value":"No"},{"label":"USB","value":"USB Type-C 2.0, OTG"},{"label":"Radio","value":"FM radio"}]},{"category":"Features","specs":[{"label":"Sensors","value":"Fingerprint (side-mounted), accelerometer, proximity, compass"}]},{"category":"Battery","specs":[{"label":"Type","value":"Si/C Li-Ion 6000 mAh"},{"label":"Charging","value":"15W wired"}]},{"category":"Misc","specs":[{"label":"Colors","value":"Majestic Green, Titanium Silver"},{"label":"SAR","value":"0.91 W/kg (head)     0.88 W/kg (body)"},{"label":"Price","value":"About 100 EUR"}]}]');
INSERT OR IGNORE INTO device_pictures (device_id, url, position) VALUES (737, 'https://fdn2.gsmarena.com/vv/bigpic/vivo-y04.jpg', 0);
INSERT OR IGNORE INTO device_pictures (device_id, url, position) VALUES (737, 'https://fdn2.gsmarena.com/vv/pics/vivo/vivo-y04-1.jpg', 1);
INSERT OR IGNORE INTO device_pictures (device_id, url, position) VALUES (737, 'https://fdn2.gsmarena.com/vv/pics/vivo/vivo-y04-2.jpg', 2);
INSERT OR IGNORE INTO devices (id, brand_id, name, gsmarena_url, thumbnail_url, summary) VALUES (738, 5, 'iQOO Neo11 (China)', 'https://www.gsmarena.com/vivo_iqoo_neo11_5g_(china)-14268.php', 'https://fdn2.gsmarena.com/vv/bigpic/vivo-iqoo-neo11-cn.jpg', 'iQOO Neo11 (China)');
INSERT OR IGNORE INTO device_specs (device_id, announced, status, network, os, chipset, cpu, gpu, display_size, display_type, display_res, ram, storage, main_camera, selfie_camera, battery, charging, nfc, usb, bluetooth, wlan, colors, weight, dimensions, sim, sensors, popularity, fans, rating, full_specs_json) VALUES (738, '2025, October 30', 'Available. Released 2025, October 30', 'GSM / HSPA / LTE / 5G / 5G', 'Android 16, OriginOS 6', 'Qualcomm SM8750-AC Snapdragon 8 Elite (3 nm)', 'Octa-core (2x4.32 GHz Oryon V2 Phoenix L + 6x3.53 GHz Oryon V2 Phoenix M)', 'Adreno 830', '6.82 inches, 113.0 cm 2 (~90.2% screen-to-body ratio)', 'LTPO AMOLED, 1B colors, 144Hz, 2592Hz PWM, HDR10+', '1440 x 3168 pixels (~510 ppi density)', '12GB', '256GB', '50 MP, f/1.9, (wide), 1/1.56", PDAF, OIS, LED flash, panorama, HDR', '16 MP, f/2.5, (wide), 1080p@30fps', 'Si/C Li-Ion 7500 mAh', '100W wired, 44W UFCS, 55W PD3.0/PPS', 'Yes', 'USB Type-C 2.0, OTG', '5.4, A2DP, LE, aptX HD, aptX Adaptive, aptX Lossless, LHDC 5', 'Wi-Fi 802.11 a/b/g/n/ac/6/7, dual-band', 'Black, White, Orange, Blue', '210 g or 216 g (7.41 oz)', '163.4 x 76.7 x 8.1 mm (6.43 x 3.02 x 0.32 in)', 'Nano-SIM + Nano-SIM', 'Fingerprint (under display, ultrasonic), accelerometer, gyro, proximity, compass', 'About 320 EUR', NULL, NULL, '[{"category":"Network","specs":[{"label":"Technology","value":"GSM / HSPA / LTE / 5G"},{"label":"2G bands","value":"GSM 850 / 900 / 1800 / 1900"},{"label":"3G bands","value":"HSDPA 800 / 850 / 900 / 1700(AWS) / 1900 / 2100"},{"label":"4G bands","value":"1, 3, 4, 5, 7, 8, 18, 19, 26, 28, 34, 38, 39, 40, 41, 42, 43, 48, 66"},{"label":"5G bands","value":"1, 3, 5, 7, 8, 18, 26, 28, 38, 40, 41, 48, 66, 77, 78 SA/NSA"},{"label":"Speed","value":"HSPA, LTE, 5G"}]},{"category":"Launch","specs":[{"label":"Announced","value":"2025, October 30"},{"label":"Status","value":"Available. Released 2025, October 30"}]},{"category":"Body","specs":[{"label":"Dimensions","value":"163.4 x 76.7 x 8.1 mm (6.43 x 3.02 x 0.32 in)"},{"label":"Weight","value":"210 g or 216 g (7.41 oz)"},{"label":"Build","value":"Glass front, aluminum alloy frame, fiber-reinforced plastic back"},{"label":"SIM","value":"Nano-SIM + Nano-SIM"}]},{"category":"Display","specs":[{"label":"Type","value":"LTPO AMOLED, 1B colors, 144Hz, 2592Hz PWM, HDR10+"},{"label":"Size","value":"6.82 inches, 113.0 cm 2 (~90.2% screen-to-body ratio)"},{"label":"Resolution","value":"1440 x 3168 pixels (~510 ppi density)"},{"label":"Protection","value":"Rock Glass"}]},{"category":"Platform","specs":[{"label":"OS","value":"Android 16, OriginOS 6"},{"label":"Chipset","value":"Qualcomm SM8750-AC Snapdragon 8 Elite (3 nm)"},{"label":"CPU","value":"Octa-core (2x4.32 GHz Oryon V2 Phoenix L + 6x3.53 GHz Oryon V2 Phoenix M)"},{"label":"GPU","value":"Adreno 830"}]},{"category":"Memory","specs":[{"label":"Card slot","value":"No"},{"label":"Internal","value":"256GB 12GB RAM, 256GB 16GB RAM, 512GB 12GB RAM, 512GB 16GB RAM, 1TB 16GB RAM"}]},{"category":"Main Camera","specs":[{"label":"Dual","value":"50 MP, f/1.9, (wide), 1/1.56\\", PDAF, OIS"},{"label":"Features","value":"LED flash, panorama, HDR"},{"label":"Video","value":"8K, 4K, 1080p, gyro-EIS"}]},{"category":"Selfie camera","specs":[{"label":"Single","value":"16 MP, f/2.5, (wide)"},{"label":"Video","value":"1080p@30fps"}]},{"category":"Sound","specs":[{"label":"Loudspeaker","value":"Yes, with stereo speakers"},{"label":"3.5mm jack","value":"No"}]},{"category":"Comms","specs":[{"label":"WLAN","value":"Wi-Fi 802.11 a/b/g/n/ac/6/7, dual-band"},{"label":"Bluetooth","value":"5.4, A2DP, LE, aptX HD, aptX Adaptive, aptX Lossless, LHDC 5"},{"label":"Positioning","value":"GPS (L1+L5), GLONASS, BDS (B1I+B1c+B2a), GALILEO (E1+E5a), QZSS (L1+L5)"},{"label":"NFC","value":"Yes"},{"label":"USB","value":"USB Type-C 2.0, OTG"},{"label":"Radio","value":"No"},{"label":"Infrared port","value":"Yes"}]},{"category":"Features","specs":[{"label":"Sensors","value":"Fingerprint (under display, ultrasonic), accelerometer, gyro, proximity, compass"}]},{"category":"Battery","specs":[{"label":"Type","value":"Si/C Li-Ion 7500 mAh"},{"label":"Charging","value":"100W wired, 44W UFCS, 55W PD3.0/PPS"}]},{"category":"Misc","specs":[{"label":"Colors","value":"Black, White, Orange, Blue"},{"label":"Models","value":"V2520A"},{"label":"Price","value":"About 320 EUR"}]}]');
INSERT OR IGNORE INTO device_pictures (device_id, url, position) VALUES (738, 'https://fdn2.gsmarena.com/vv/bigpic/vivo-iqoo-neo11-cn.jpg', 0);
INSERT OR IGNORE INTO device_pictures (device_id, url, position) VALUES (738, 'https://fdn2.gsmarena.com/vv/pics/vivo/vivo-iqoo-neo11-cn-01.jpg', 1);
INSERT OR IGNORE INTO device_pictures (device_id, url, position) VALUES (738, 'https://fdn2.gsmarena.com/vv/pics/vivo/vivo-iqoo-neo11-cn-02.jpg', 2);
INSERT OR IGNORE INTO device_pictures (device_id, url, position) VALUES (738, 'https://fdn2.gsmarena.com/vv/pics/vivo/vivo-iqoo-neo11-cn-03.jpg', 3);
INSERT OR IGNORE INTO devices (id, brand_id, name, gsmarena_url, thumbnail_url, summary) VALUES (739, 5, 'iQOO 15', 'https://www.gsmarena.com/vivo_iqoo_15_5g-14198.php', 'https://fdn2.gsmarena.com/vv/bigpic/vivo-iqoo-15.jpg', 'iQOO 15');
INSERT OR IGNORE INTO device_specs (device_id, announced, status, network, os, chipset, cpu, gpu, display_size, display_type, display_res, ram, storage, main_camera, selfie_camera, battery, charging, nfc, usb, bluetooth, wlan, colors, weight, dimensions, sim, sensors, popularity, fans, rating, full_specs_json) VALUES (739, '2025, October 20', 'Available. Released 2025, October 20', 'GSM / HSPA / LTE / 5G / 5G', 'Android 16, up to 5 major Android upgrades, OriginOS 6', 'Qualcomm SM8850-AC Snapdragon 8 Elite Gen 5 (3 nm)', 'Octa-core (2x4.6 GHz Oryon V3 Phoenix L + 6x3.62 GHz Oryon V3 Phoenix M)', 'Adreno 840', '6.85 inches, 114.0 cm 2 (~90.7% screen-to-body ratio)', 'LTPO AMOLED, 1B colors, 144Hz, PWM, Dolby Vision, HDR10+, HDR Vivid, 1000 nits (typ), 2600 nits (HBM), 6000 nits (peak)', '1440 x 3168 pixels (~508 ppi density)', '12GB', '256GB', '50 MP, f/1.9, 24mm (wide), 1/1.56", 1.0µm, PDAF, OIS, LED flash, HDR, panorama', '32 MP, f/2.2, 21mm (wide), 1/3.1", 0.7µm, 4K@30/60fps, 1080p@30/60fps', 'Si/C Li-Ion 7000 mAh', '100W wired, PPS, PD', 'Yes', 'USB Type-C 3.2, OTG', '6.0, A2DP, LE, aptX HD, aptX Adaptive, aptX Lossless, LHDC 5', 'Wi-Fi 802.11 a/b/g/n/ac/6/7, dual-band, Wi-Fi Direct', 'Alpha, Legend, Gray, Green, Blue', '215 g or 220 g (7.58 oz)', '163.7 x 76.8 x 8.1 mm (6.44 x 3.02 x 0.32 in)', '· Nano-SIM + Nano-SIM + eSIM (max 2 at a time) - International · Nano-SIM + Nano-SIM - China', 'Fingerprint (under display, ultrasonic), accelerometer, gyro, proximity, compass', '₹ 72,998', NULL, NULL, '[{"category":"Network","specs":[{"label":"Technology","value":"GSM / HSPA / LTE / 5G"},{"label":"2G bands","value":"GSM 850 / 900 / 1800 / 1900"},{"label":"3G bands","value":"HSDPA 800 / 850 / 900 / 1700(AWS) / 1900 / 2100"},{"label":"4G bands","value":"1, 2, 3, 4, 5, 7, 8, 18, 19, 20, 26, 28, 34, 38, 39, 40, 41, 42, 43, 48, 66, 71 - International"},{"label":"5G bands","value":"1, 2, 3, 5, 7, 8, 18, 20, 26, 28, 38, 40, 41, 48, 66, 71, 77, 78 SA/NSA - International"},{"label":"Speed","value":"HSPA, LTE, 5G"}]},{"category":"Launch","specs":[{"label":"Announced","value":"2025, October 20"},{"label":"Status","value":"Available. Released 2025, October 20"}]},{"category":"Body","specs":[{"label":"Dimensions","value":"163.7 x 76.8 x 8.1 mm (6.44 x 3.02 x 0.32 in)"},{"label":"Weight","value":"215 g or 220 g (7.58 oz)"},{"label":"Build","value":"Glass front, aluminum frame, fiber-reinforced plastic back or glass back"},{"label":"SIM","value":"· Nano-SIM + Nano-SIM + eSIM (max 2 at a time) - International · Nano-SIM + Nano-SIM - China"}]},{"category":"Display","specs":[{"label":"Type","value":"LTPO AMOLED, 1B colors, 144Hz, PWM, Dolby Vision, HDR10+, HDR Vivid, 1000 nits (typ), 2600 nits (HBM), 6000 nits (peak)"},{"label":"Size","value":"6.85 inches, 114.0 cm 2 (~90.7% screen-to-body ratio)"},{"label":"Resolution","value":"1440 x 3168 pixels (~508 ppi density)"}]},{"category":"Platform","specs":[{"label":"OS","value":"Android 16, up to 5 major Android upgrades, OriginOS 6"},{"label":"Chipset","value":"Qualcomm SM8850-AC Snapdragon 8 Elite Gen 5 (3 nm)"},{"label":"CPU","value":"Octa-core (2x4.6 GHz Oryon V3 Phoenix L + 6x3.62 GHz Oryon V3 Phoenix M)"},{"label":"GPU","value":"Adreno 840"}]},{"category":"Memory","specs":[{"label":"Card slot","value":"No"},{"label":"Internal","value":"256GB 12GB RAM, 256GB 16GB RAM, 512GB 12GB RAM, 512GB 16GB RAM, 1TB 16GB RAM"}]},{"category":"Main Camera","specs":[{"label":"Triple","value":"50 MP, f/1.9, 24mm (wide), 1/1.56\\", 1.0µm, PDAF, OIS"},{"label":"Features","value":"LED flash, HDR, panorama"},{"label":"Video","value":"8K@30fps, 4K@24/30/60fps, 1080p@30/60/120/240fps, gyro-EIS"}]},{"category":"Selfie camera","specs":[{"label":"Single","value":"32 MP, f/2.2, 21mm (wide), 1/3.1\\", 0.7µm"},{"label":"Video","value":"4K@30/60fps, 1080p@30/60fps"},{"label":"Features","value":"HDR"}]},{"category":"Sound","specs":[{"label":"Loudspeaker","value":"Yes, with stereo speakers"},{"label":"3.5mm jack","value":"No"}]},{"category":"Comms","specs":[{"label":"WLAN","value":"Wi-Fi 802.11 a/b/g/n/ac/6/7, dual-band, Wi-Fi Direct"},{"label":"Bluetooth","value":"6.0, A2DP, LE, aptX HD, aptX Adaptive, aptX Lossless, LHDC 5"},{"label":"Positioning","value":"GPS (L1+L5), GLONASS (G1), BDS (B1I+B1c+B2a), GALILEO (E1+E5a), QZSS (L1+L5)"},{"label":"NFC","value":"Yes"},{"label":"USB","value":"USB Type-C 3.2, OTG"},{"label":"Radio","value":"No"},{"label":"Infrared port","value":"Yes"}]},{"category":"Features","specs":[{"label":"Sensors","value":"Fingerprint (under display, ultrasonic), accelerometer, gyro, proximity, compass"}]},{"category":"Battery","specs":[{"label":"Type","value":"Si/C Li-Ion 7000 mAh"},{"label":"Charging","value":"100W wired, PPS, PD"}]},{"category":"Misc","specs":[{"label":"Colors","value":"Alpha, Legend, Gray, Green, Blue"},{"label":"Models","value":"I2501, V2505A"},{"label":"Price","value":"₹ 72,998"}]}]');
INSERT OR IGNORE INTO device_pictures (device_id, url, position) VALUES (739, 'https://fdn2.gsmarena.com/vv/bigpic/vivo-iqoo-15.jpg', 0);
INSERT OR IGNORE INTO device_pictures (device_id, url, position) VALUES (739, 'https://fdn2.gsmarena.com/vv/pics/vivo/vivo-iqoo-15-1.jpg', 1);
INSERT OR IGNORE INTO device_pictures (device_id, url, position) VALUES (739, 'https://fdn2.gsmarena.com/vv/pics/vivo/vivo-iqoo-15-22.jpg', 2);
INSERT OR IGNORE INTO device_pictures (device_id, url, position) VALUES (739, 'https://fdn2.gsmarena.com/vv/pics/vivo/vivo-iqoo-15-3.jpg', 3);
INSERT OR IGNORE INTO device_pictures (device_id, url, position) VALUES (739, 'https://fdn2.gsmarena.com/vv/pics/vivo/vivo-iqoo-15-4.jpg', 4);
INSERT OR IGNORE INTO device_pictures (device_id, url, position) VALUES (739, 'https://fdn.gsmarena.com/imgroot/reviews/25/iqoo-15/lifestyle/-1024w2/gsmarena_001.jpg', 5);
INSERT OR IGNORE INTO device_pictures (device_id, url, position) VALUES (739, 'https://fdn.gsmarena.com/imgroot/reviews/25/iqoo-15/lifestyle/-1024w2/gsmarena_002.jpg', 6);
INSERT OR IGNORE INTO device_pictures (device_id, url, position) VALUES (739, 'https://fdn.gsmarena.com/imgroot/reviews/25/iqoo-15/lifestyle/-1024w2/gsmarena_004.jpg', 7);
INSERT OR IGNORE INTO device_pictures (device_id, url, position) VALUES (739, 'https://fdn.gsmarena.com/imgroot/reviews/25/iqoo-15/lifestyle/-1024w2/gsmarena_005.jpg', 8);
INSERT OR IGNORE INTO device_pictures (device_id, url, position) VALUES (739, 'https://fdn.gsmarena.com/imgroot/reviews/25/iqoo-15/lifestyle/-1024w2/gsmarena_006.jpg', 9);
INSERT OR IGNORE INTO devices (id, brand_id, name, gsmarena_url, thumbnail_url, summary) VALUES (740, 5, 'X300 Pro', 'https://www.gsmarena.com/vivo_x300_pro_5g-14225.php', 'https://fdn2.gsmarena.com/vv/bigpic/vivo-x300-pro.jpg', 'X300 Pro');
INSERT OR IGNORE INTO device_specs (device_id, announced, status, network, os, chipset, cpu, gpu, display_size, display_type, display_res, ram, storage, main_camera, selfie_camera, battery, charging, nfc, usb, bluetooth, wlan, colors, weight, dimensions, sim, sensors, popularity, fans, rating, full_specs_json) VALUES (740, '2025, October 13', 'Available. Released 2025, October 17', 'GSM / HSPA / LTE / 5G / 5G', 'Android 16, up to 5 major Android upgrades, OriginOS 6', 'Mediatek Dimensity 9500 (3 nm)', 'Octa-core (1x4.21 GHz C1-Ultra & 3x3.5 GHz C1-Premium & 4x2.7 GHz C1-Pro)', 'Arm G1-Ultra', '6.78 inches, 111.5 cm 2 (~91.6% screen-to-body ratio)', 'LTPO AMOLED, 1B colors, 120Hz, 2160Hz PWM, HDR10+, HDR Vivid, Dolby Vision, 4500 nits (peak)', '1260 x 2800 pixels, 20:9 ratio (~452 ppi density)', '12GB', '256GB', '50 MP, f/1.6, 24mm (wide), 1/1.28", 1.22µm, PDAF, OIS, Laser AF, color spectrum sensor, Zeiss optics, Zeiss T* lens coating, LED flash, panorama, HDR, 3D LUT import', '50 MP, f/2.0, 20mm (wide), 1/2.76", 0.64µm, AF, 4K@30/60fps, 1080p@30/60fps', '· Si/C Li-Ion 6510 mAh (Global) · Si/C Li-Ion 5440 mAh (EU markets)', '90W wired', 'Yes', 'USB Type-C 3.2, OTG', '5.4, A2DP, LE, aptX HD, LHDC 5', 'Wi-Fi 802.11 a/b/g/n/ac/6/7, dual-band', 'Phantom Black, Mist Blue, Dune Brown, Cloud White', '226 g (7.97 oz)', '161.2 x 75.5 x 8 mm (6.35 x 2.97 x 0.31 in)', '· Nano-SIM + Nano-SIM + eSIM (max 2 at a time) - International · Nano-SIM + Nano-SIM - China', 'Fingerprint (under display, ultrasonic), accelerometer, gyro, proximity, compass', '₹ 109,998 / $ 797.48 / € 1,299.00', NULL, NULL, '[{"category":"Network","specs":[{"label":"Technology","value":"GSM / HSPA / LTE / 5G"},{"label":"2G bands","value":"GSM 850 / 900 / 1800 / 1900"},{"label":"3G bands","value":"HSDPA 800 / 850 / 900 / 1700(AWS) / 1900 / 2100 - China"},{"label":"4G bands","value":"1, 2, 3, 4, 5, 7, 8, 18, 19, 20, 25, 26, 28, 34, 38, 39, 40, 41, 42, 43, 48, 66"},{"label":"5G bands","value":"1, 2, 3, 5, 7, 8, 18, 20, 25, 26, 28, 34, 38, 39, 40, 41, 48, 66, 77, 78, 79 SA/NSA/Sub6"},{"label":"Speed","value":"HSPA, LTE, 5G"}]},{"category":"Launch","specs":[{"label":"Announced","value":"2025, October 13"},{"label":"Status","value":"Available. Released 2025, October 17"}]},{"category":"Body","specs":[{"label":"Dimensions","value":"161.2 x 75.5 x 8 mm (6.35 x 2.97 x 0.31 in)"},{"label":"Weight","value":"226 g (7.97 oz)"},{"label":"Build","value":"Glass front (Armor Glass), aluminum alloy frame, glass back"},{"label":"SIM","value":"· Nano-SIM + Nano-SIM + eSIM (max 2 at a time) - International · Nano-SIM + Nano-SIM - China"}]},{"category":"Display","specs":[{"label":"Type","value":"LTPO AMOLED, 1B colors, 120Hz, 2160Hz PWM, HDR10+, HDR Vivid, Dolby Vision, 4500 nits (peak)"},{"label":"Size","value":"6.78 inches, 111.5 cm 2 (~91.6% screen-to-body ratio)"},{"label":"Resolution","value":"1260 x 2800 pixels, 20:9 ratio (~452 ppi density)"},{"label":"Protection","value":"Armor Glass, Mohs level 4"}]},{"category":"Platform","specs":[{"label":"OS","value":"Android 16, up to 5 major Android upgrades, OriginOS 6"},{"label":"Chipset","value":"Mediatek Dimensity 9500 (3 nm)"},{"label":"CPU","value":"Octa-core (1x4.21 GHz C1-Ultra & 3x3.5 GHz C1-Premium & 4x2.7 GHz C1-Pro)"},{"label":"GPU","value":"Arm G1-Ultra"}]},{"category":"Memory","specs":[{"label":"Card slot","value":"No"},{"label":"Internal","value":"256GB 12GB RAM, 512GB 16GB RAM, 1TB 16GB RAM"}]},{"category":"Main Camera","specs":[{"label":"Triple","value":"50 MP, f/1.6, 24mm (wide), 1/1.28\\", 1.22µm, PDAF, OIS"},{"label":"Features","value":"Laser AF, color spectrum sensor, Zeiss optics, Zeiss T* lens coating, LED flash, panorama, HDR, 3D LUT import"},{"label":"Video","value":"8K@30fps, 4K@30/60/120fps, 1080p@30/60/120/240fps, gyro-EIS, 4K@120fps 10-bit Log, Dolby Vision HDR"}]},{"category":"Selfie camera","specs":[{"label":"Single","value":"50 MP, f/2.0, 20mm (wide), 1/2.76\\", 0.64µm, AF"},{"label":"Video","value":"4K@30/60fps, 1080p@30/60fps"},{"label":"Features","value":"HDR"}]},{"category":"Sound","specs":[{"label":"Loudspeaker","value":"Yes, with stereo speakers"},{"label":"3.5mm jack","value":"No"}]},{"category":"Comms","specs":[{"label":"WLAN","value":"Wi-Fi 802.11 a/b/g/n/ac/6/7, dual-band"},{"label":"Bluetooth","value":"5.4, A2DP, LE, aptX HD, LHDC 5"},{"label":"Positioning","value":"GPS (L1+L5), GLONASS (L1), BDS (B1I+B1c+B2a+B2b), GALILEO (E1+E5a+E5b), QZSS (L1+L5), NavIC (L5)"},{"label":"NFC","value":"Yes"},{"label":"USB","value":"USB Type-C 3.2, OTG"},{"label":"Radio","value":"No"},{"label":"Infrared port","value":"Yes"}]},{"category":"Features","specs":[{"label":"Sensors","value":"Fingerprint (under display, ultrasonic), accelerometer, gyro, proximity, compass"}]},{"category":"Battery","specs":[{"label":"Type","value":"· Si/C Li-Ion 6510 mAh (Global) · Si/C Li-Ion 5440 mAh (EU markets)"},{"label":"Charging","value":"90W wired"}]},{"category":"Misc","specs":[{"label":"Colors","value":"Phantom Black, Mist Blue, Dune Brown, Cloud White"},{"label":"Models","value":"V2514, V2502A"},{"label":"Price","value":"₹ 109,998 / $ 797.48 / € 1,299.00"}]}]');
INSERT OR IGNORE INTO device_pictures (device_id, url, position) VALUES (740, 'https://fdn2.gsmarena.com/vv/bigpic/vivo-x300-pro.jpg', 0);
INSERT OR IGNORE INTO device_pictures (device_id, url, position) VALUES (740, 'https://fdn2.gsmarena.com/vv/pics/vivo/vivo-x300-pro-1.jpg', 1);
INSERT OR IGNORE INTO device_pictures (device_id, url, position) VALUES (740, 'https://fdn2.gsmarena.com/vv/pics/vivo/vivo-x300-pro-2.jpg', 2);
INSERT OR IGNORE INTO device_pictures (device_id, url, position) VALUES (740, 'https://fdn2.gsmarena.com/vv/pics/vivo/vivo-x300-pro-3.jpg', 3);
INSERT OR IGNORE INTO device_pictures (device_id, url, position) VALUES (740, 'https://fdn2.gsmarena.com/vv/pics/vivo/vivo-x300-pro-11.jpg', 4);
INSERT OR IGNORE INTO device_pictures (device_id, url, position) VALUES (740, 'https://fdn.gsmarena.com/imgroot/reviews/25/vivo-x300-and-x300-pro/lifestyle/-1024w2/gsmarena_001.jpg', 5);
INSERT OR IGNORE INTO device_pictures (device_id, url, position) VALUES (740, 'https://fdn.gsmarena.com/imgroot/reviews/25/vivo-x300-and-x300-pro/lifestyle/-1024w2/gsmarena_003.jpg', 6);
INSERT OR IGNORE INTO device_pictures (device_id, url, position) VALUES (740, 'https://fdn.gsmarena.com/imgroot/reviews/25/vivo-x300-and-x300-pro/lifestyle/-1024w2/gsmarena_004.jpg', 7);
INSERT OR IGNORE INTO device_pictures (device_id, url, position) VALUES (740, 'https://fdn.gsmarena.com/imgroot/reviews/25/vivo-x300-and-x300-pro/lifestyle/-1024w2/gsmarena_005.jpg', 8);
INSERT OR IGNORE INTO device_pictures (device_id, url, position) VALUES (740, 'https://fdn.gsmarena.com/imgroot/reviews/25/vivo-x300-and-x300-pro/lifestyle/-1024w2/gsmarena_006.jpg', 9);
INSERT OR IGNORE INTO devices (id, brand_id, name, gsmarena_url, thumbnail_url, summary) VALUES (741, 5, 'X300', 'https://www.gsmarena.com/vivo_x300_5g-14224.php', 'https://fdn2.gsmarena.com/vv/bigpic/vivo-x300.jpg', 'X300');
INSERT OR IGNORE INTO device_specs (device_id, announced, status, network, os, chipset, cpu, gpu, display_size, display_type, display_res, ram, storage, main_camera, selfie_camera, battery, charging, nfc, usb, bluetooth, wlan, colors, weight, dimensions, sim, sensors, popularity, fans, rating, full_specs_json) VALUES (741, '2025, October 13', 'Available. Released 2025, October 17', 'GSM / HSPA / LTE / 5G / 5G', 'Android 16, up to 5 major Android upgrades, OriginOS 6', 'Mediatek Dimensity 9500 (3 nm)', 'Octa-core (1x4.21 GHz C1-Ultra & 3x3.5 GHz C1-Premium & 4x2.7 GHz C1-Pro)', 'Arm G1-Ultra', '6.31 inches, 97.6 cm 2 (~90.1% screen-to-body ratio)', 'LTPO AMOLED, 1B colors, 120Hz, 2160Hz PWM, HDR10+, HDR Vivid, 4500 nits (peak)', '1216 x 2640 pixels, 19.5:9 ratio (~461 ppi density)', '12GB', '256GB', '200 MP, f/1.7, 23mm (wide), 1/1.4", 0.56µm, PDAF, OIS, Laser AF, Zeiss optics, Zeiss T* lens coating, LED flash, panorama, HDR, 3D LUT import', '50 MP, f/2.0, 20mm (wide), 1/2.76", 0.64µm, AF, 4K@30/60fps, 1080p@30/60fps', '· Si/C Li-Ion 6040 mAh (Global) · Si/C Li-Ion 5360 mAh (EU markets)', '90W wired', 'Yes', 'USB Type-C 3.2, OTG', '5.4, A2DP, LE, aptX HD, LHDC 5', 'Wi-Fi 802.11 a/b/g/n/ac/6/7, dual-band', 'Phantom Black, Mist Blue, Summit Red, Iris Purple, Halo Pink', '190 g (6.70 oz)', '150.6 x 71.9 x 8 mm (5.93 x 2.83 x 0.31 in)', '· Nano-SIM + Nano-SIM + eSIM (max 2 at a time) - International · Nano-SIM + Nano-SIM - China', 'Fingerprint (under display, ultrasonic), accelerometer, gyro, proximity, compass', '₹ 75,998 / € 949.00', NULL, NULL, '[{"category":"Network","specs":[{"label":"Technology","value":"GSM / HSPA / LTE / 5G"},{"label":"2G bands","value":"GSM 850 / 900 / 1800 / 1900"},{"label":"3G bands","value":"HSDPA 850 / 900 / 1700(AWS) / 1900 / 2100 - International"},{"label":"4G bands","value":"1, 2, 3, 4, 5, 7, 8, 18, 19, 20, 25, 26, 28, 34, 38, 39, 40, 41, 42, 43, 48, 66"},{"label":"5G bands","value":"1, 2, 3, 5, 7, 8, 18, 20, 25, 26, 28, 34, 38, 39, 40, 41, 48, 66, 77, 78 SA/NSA/Sub6"},{"label":"Speed","value":"HSPA, LTE, 5G"}]},{"category":"Launch","specs":[{"label":"Announced","value":"2025, October 13"},{"label":"Status","value":"Available. Released 2025, October 17"}]},{"category":"Body","specs":[{"label":"Dimensions","value":"150.6 x 71.9 x 8 mm (5.93 x 2.83 x 0.31 in)"},{"label":"Weight","value":"190 g (6.70 oz)"},{"label":"Build","value":"Glass front, aluminum alloy frame, glass back"},{"label":"SIM","value":"· Nano-SIM + Nano-SIM + eSIM (max 2 at a time) - International · Nano-SIM + Nano-SIM - China"}]},{"category":"Display","specs":[{"label":"Type","value":"LTPO AMOLED, 1B colors, 120Hz, 2160Hz PWM, HDR10+, HDR Vivid, 4500 nits (peak)"},{"label":"Size","value":"6.31 inches, 97.6 cm 2 (~90.1% screen-to-body ratio)"},{"label":"Resolution","value":"1216 x 2640 pixels, 19.5:9 ratio (~461 ppi density)"},{"label":"Protection","value":"Reinforced Glass, Mohs level 4"}]},{"category":"Platform","specs":[{"label":"OS","value":"Android 16, up to 5 major Android upgrades, OriginOS 6"},{"label":"Chipset","value":"Mediatek Dimensity 9500 (3 nm)"},{"label":"CPU","value":"Octa-core (1x4.21 GHz C1-Ultra & 3x3.5 GHz C1-Premium & 4x2.7 GHz C1-Pro)"},{"label":"GPU","value":"Arm G1-Ultra"}]},{"category":"Memory","specs":[{"label":"Card slot","value":"No"},{"label":"Internal","value":"256GB 12GB RAM, 256GB 16GB RAM, 512GB 12GB RAM, 512GB 16GB RAM, 1TB 16GB RAM"}]},{"category":"Main Camera","specs":[{"label":"Triple","value":"200 MP, f/1.7, 23mm (wide), 1/1.4\\", 0.56µm, PDAF, OIS"},{"label":"Features","value":"Laser AF, Zeiss optics, Zeiss T* lens coating, LED flash, panorama, HDR, 3D LUT import"},{"label":"Video","value":"4K@30/60/120fps, 1080p@30/60/120/240fps, gyro-EIS, 4K@120fps HDR"}]},{"category":"Selfie camera","specs":[{"label":"Single","value":"50 MP, f/2.0, 20mm (wide), 1/2.76\\", 0.64µm, AF"},{"label":"Video","value":"4K@30/60fps, 1080p@30/60fps"},{"label":"Features","value":"HDR"}]},{"category":"Sound","specs":[{"label":"Loudspeaker","value":"Yes, with stereo speakers"},{"label":"3.5mm jack","value":"No"}]},{"category":"Comms","specs":[{"label":"WLAN","value":"Wi-Fi 802.11 a/b/g/n/ac/6/7, dual-band"},{"label":"Bluetooth","value":"5.4, A2DP, LE, aptX HD, LHDC 5"},{"label":"Positioning","value":"GPS (L1+L5), GLONASS (L1), BDS (B1I+B1c+B2a+B2b), GALILEO (E1+E5a+E5b), QZSS (L1+L5), NavIC (L5)"},{"label":"NFC","value":"Yes"},{"label":"USB","value":"USB Type-C 3.2, OTG"},{"label":"Radio","value":"No"},{"label":"Infrared port","value":"Yes"}]},{"category":"Features","specs":[{"label":"Sensors","value":"Fingerprint (under display, ultrasonic), accelerometer, gyro, proximity, compass"}]},{"category":"Battery","specs":[{"label":"Type","value":"· Si/C Li-Ion 6040 mAh (Global) · Si/C Li-Ion 5360 mAh (EU markets)"},{"label":"Charging","value":"90W wired"}]},{"category":"Misc","specs":[{"label":"Colors","value":"Phantom Black, Mist Blue, Summit Red, Iris Purple, Halo Pink"},{"label":"Models","value":"V2515, V2509A"},{"label":"Price","value":"₹ 75,998 / € 949.00"}]}]');
INSERT OR IGNORE INTO device_pictures (device_id, url, position) VALUES (741, 'https://fdn2.gsmarena.com/vv/bigpic/vivo-x300.jpg', 0);
INSERT OR IGNORE INTO device_pictures (device_id, url, position) VALUES (741, 'https://fdn2.gsmarena.com/vv/pics/vivo/vivo-x300-1.jpg', 1);
INSERT OR IGNORE INTO device_pictures (device_id, url, position) VALUES (741, 'https://fdn2.gsmarena.com/vv/pics/vivo/vivo-x300-2.jpg', 2);
INSERT OR IGNORE INTO device_pictures (device_id, url, position) VALUES (741, 'https://fdn2.gsmarena.com/vv/pics/vivo/vivo-x300-3.jpg', 3);
INSERT OR IGNORE INTO device_pictures (device_id, url, position) VALUES (741, 'https://fdn.gsmarena.com/imgroot/reviews/25/vivo-x300-and-x300-pro/lifestyle/-1024w2/gsmarena_001.jpg', 4);
INSERT OR IGNORE INTO device_pictures (device_id, url, position) VALUES (741, 'https://fdn.gsmarena.com/imgroot/reviews/25/vivo-x300-and-x300-pro/lifestyle/-1024w2/gsmarena_002.jpg', 5);
INSERT OR IGNORE INTO device_pictures (device_id, url, position) VALUES (741, 'https://fdn.gsmarena.com/imgroot/reviews/25/vivo-x300-and-x300-pro/lifestyle/-1024w2/gsmarena_011.jpg', 6);
INSERT OR IGNORE INTO device_pictures (device_id, url, position) VALUES (741, 'https://fdn.gsmarena.com/imgroot/reviews/25/vivo-x300-and-x300-pro/lifestyle/-1024w2/gsmarena_012.jpg', 7);
INSERT OR IGNORE INTO device_pictures (device_id, url, position) VALUES (741, 'https://fdn.gsmarena.com/imgroot/reviews/25/vivo-x300-and-x300-pro/lifestyle/-1024w2/gsmarena_013.jpg', 8);
INSERT OR IGNORE INTO device_pictures (device_id, url, position) VALUES (741, 'https://fdn.gsmarena.com/imgroot/reviews/25/vivo-x300-and-x300-pro/lifestyle/-1024w2/gsmarena_014.jpg', 9);
INSERT OR IGNORE INTO devices (id, brand_id, name, gsmarena_url, thumbnail_url, summary) VALUES (742, 5, 'Pad5e', 'https://www.gsmarena.com/vivo_pad5e-14226.php', 'https://fdn2.gsmarena.com/vv/bigpic/vivo-pad5e.jpg', 'Pad5e');
INSERT OR IGNORE INTO device_specs (device_id, announced, status, network, os, chipset, cpu, gpu, display_size, display_type, display_res, ram, storage, main_camera, selfie_camera, battery, charging, nfc, usb, bluetooth, wlan, colors, weight, dimensions, sim, sensors, popularity, fans, rating, full_specs_json) VALUES (742, '2025, October 13', 'Available. Released 2025, October 17', 'No cellular connectivity / 4G/LTE', 'Android 15, OriginOS 5 HD', 'Qualcomm SM8635 Snapdragon 8s Gen 3 (4 nm)', 'Octa-core (1x3.0 GHz Cortex-X4 & 4x2.8 GHz Cortex-A720 & 3x2.0 GHz Cortex-A520)', 'Adreno 735', '12.1 inches, 444.4 cm 2 (~86.9% screen-to-body ratio)', 'IPS LCD, 1B colors, 144Hz, HDR10, 900 nits (peak)', '1968 x 2800 pixels (~283 ppi density)', '8GB', '128GB', '8 MP, LED flash', '5 MP, 1080p@30fps', '10000 mAh', '44W wired, PD', 'No', 'USB Type-C 3.2, OTG, magnetic connector', '5.4, A2DP, LE', 'Wi-Fi 802.11 a/b/g/n/ac/6, dual-band', 'Gray, Blue, Purple, Green, Gray, Silver', '584 g or 591 g (1.29 lb)', '266.4 x 192 x 6.6 mm (10.49 x 7.56 x 0.26 in)', 'No', 'Accelerometer, proximity (accessories only), gyro', 'About 240 EUR', NULL, NULL, '[{"category":"Network","specs":[{"label":"Technology","value":"No cellular connectivity"},{"label":"2G bands","value":"N/A"},{"label":"3G bands","value":"N/A"},{"label":"4G bands","value":"N/A"},{"label":"GPRS","value":"No"},{"label":"EDGE","value":"No"}]},{"category":"Launch","specs":[{"label":"Announced","value":"2025, October 13"},{"label":"Status","value":"Available. Released 2025, October 17"}]},{"category":"Body","specs":[{"label":"Dimensions","value":"266.4 x 192 x 6.6 mm (10.49 x 7.56 x 0.26 in)"},{"label":"Weight","value":"584 g or 591 g (1.29 lb)"},{"label":"Build","value":"Glass front, aluminum back, aluminum frame"},{"label":"SIM","value":"No"}]},{"category":"Display","specs":[{"label":"Type","value":"IPS LCD, 1B colors, 144Hz, HDR10, 900 nits (peak)"},{"label":"Size","value":"12.1 inches, 444.4 cm 2 (~86.9% screen-to-body ratio)"},{"label":"Resolution","value":"1968 x 2800 pixels (~283 ppi density)"}]},{"category":"Platform","specs":[{"label":"OS","value":"Android 15, OriginOS 5 HD"},{"label":"Chipset","value":"Qualcomm SM8635 Snapdragon 8s Gen 3 (4 nm)"},{"label":"CPU","value":"Octa-core (1x3.0 GHz Cortex-X4 & 4x2.8 GHz Cortex-A720 & 3x2.0 GHz Cortex-A520)"},{"label":"GPU","value":"Adreno 735"}]},{"category":"Memory","specs":[{"label":"Card slot","value":"No"},{"label":"Internal","value":"128GB 8GB RAM, 256GB 8GB RAM, 256GB 12GB RAM, 512GB 16GB RAM"}]},{"category":"Main Camera","specs":[{"label":"Single","value":"8 MP"},{"label":"Features","value":"LED flash"},{"label":"Video","value":"1080p@30fps"}]},{"category":"Selfie camera","specs":[{"label":"Single","value":"5 MP"},{"label":"Video","value":"1080p@30fps"}]},{"category":"Sound","specs":[{"label":"Loudspeaker","value":"Yes, with stereo speakers (4 speakers)"},{"label":"3.5mm jack","value":"No"}]},{"category":"Comms","specs":[{"label":"WLAN","value":"Wi-Fi 802.11 a/b/g/n/ac/6, dual-band"},{"label":"Bluetooth","value":"5.4, A2DP, LE"},{"label":"Positioning","value":"Unspecified"},{"label":"NFC","value":"No"},{"label":"USB","value":"USB Type-C 3.2, OTG, magnetic connector"},{"label":"Radio","value":"No"}]},{"category":"Features","specs":[{"label":"Sensors","value":"Accelerometer, proximity (accessories only), gyro"}]},{"category":"Battery","specs":[{"label":"Type","value":"10000 mAh"},{"label":"Charging","value":"44W wired, PD"}]},{"category":"Misc","specs":[{"label":"Colors","value":"Gray, Blue, Purple, Green, Gray, Silver"},{"label":"Price","value":"About 240 EUR"}]}]');
INSERT OR IGNORE INTO device_pictures (device_id, url, position) VALUES (742, 'https://fdn2.gsmarena.com/vv/bigpic/vivo-pad5e.jpg', 0);
INSERT OR IGNORE INTO device_pictures (device_id, url, position) VALUES (742, 'https://fdn2.gsmarena.com/vv/pics/vivo/vivo-pad5e-1.jpg', 1);
INSERT OR IGNORE INTO device_pictures (device_id, url, position) VALUES (742, 'https://fdn2.gsmarena.com/vv/pics/vivo/vivo-pad5e-2.jpg', 2);
INSERT OR IGNORE INTO device_pictures (device_id, url, position) VALUES (742, 'https://fdn2.gsmarena.com/vv/pics/vivo/vivo-iqoo-pad5e.jpg', 3);
INSERT OR IGNORE INTO devices (id, brand_id, name, gsmarena_url, thumbnail_url, summary) VALUES (743, 5, 'Watch GT 2', 'https://www.gsmarena.com/vivo_watch_gt_2-14227.php', 'https://fdn2.gsmarena.com/vv/bigpic/vivo-watch-gt2.jpg', 'Watch GT 2');
INSERT OR IGNORE INTO device_specs (device_id, announced, status, network, os, chipset, cpu, gpu, display_size, display_type, display_res, ram, storage, main_camera, selfie_camera, battery, charging, nfc, usb, bluetooth, wlan, colors, weight, dimensions, sim, sensors, popularity, fans, rating, full_specs_json) VALUES (743, '2025, October 13', 'Available. Released 2025, October 17', 'HSPA / LTE / 4G/LTE', 'Blue OS 3.0', NULL, NULL, NULL, '2.07 inches', 'AMOLED, 2400 nits (peak)', '432 x 514 pixels (~324 ppi density)', NULL, 'Unspecified', NULL, NULL, '· 595 mAh - eSIM version · 695 mAh - bluetooth version', NULL, 'Yes', 'No', '5.4, A2DP, LE', 'No', 'Glossy Black (eSIM only), Matte Silver, Matte Dark Blue', '34.8 g or 35.8 g (1.23 oz)', '47.5 x 40.2 x 11 mm (1.87 x 1.58 x 0.43 in)', 'eSIM - cellular model only', 'Accelerometer, gyro, heart rate, compass, SpO2', 'About 90 EUR', NULL, NULL, '[{"category":"Network","specs":[{"label":"Technology","value":"HSPA / LTE"},{"label":"2G bands","value":"N/A"},{"label":"3G bands","value":"HSDPA 850 / 900 / 2100 - cellular model only"},{"label":"4G bands","value":"LTE - cellular model only"},{"label":"Speed","value":"HSPA, LTE - cellular model only"}]},{"category":"Launch","specs":[{"label":"Announced","value":"2025, October 13"},{"label":"Status","value":"Available. Released 2025, October 17"}]},{"category":"Body","specs":[{"label":"Dimensions","value":"47.5 x 40.2 x 11 mm (1.87 x 1.58 x 0.43 in)"},{"label":"Weight","value":"34.8 g or 35.8 g (1.23 oz)"},{"label":"Build","value":"Glass front, aluminum alloy frame, plastic back"},{"label":"SIM","value":"eSIM - cellular model only"}]},{"category":"Display","specs":[{"label":"Type","value":"AMOLED, 2400 nits (peak)"},{"label":"Size","value":"2.07 inches"},{"label":"Resolution","value":"432 x 514 pixels (~324 ppi density)"}]},{"category":"Platform","specs":[{"label":"OS","value":"Blue OS 3.0"}]},{"category":"Memory","specs":[{"label":"Card slot","value":"No"},{"label":"Internal","value":"Unspecified"}]},{"category":"Sound","specs":[{"label":"Loudspeaker","value":"Yes"},{"label":"3.5mm jack","value":"No"}]},{"category":"Comms","specs":[{"label":"WLAN","value":"No"},{"label":"Bluetooth","value":"5.4, A2DP, LE"},{"label":"Positioning","value":"GPS, GLONASS, GALILEO, BDS, QZSS"},{"label":"NFC","value":"Yes"},{"label":"USB","value":"No"},{"label":"Radio","value":"No"}]},{"category":"Features","specs":[{"label":"Sensors","value":"Accelerometer, gyro, heart rate, compass, SpO2"}]},{"category":"Battery","specs":[{"label":"Type","value":"· 595 mAh - eSIM version · 695 mAh - bluetooth version"}]},{"category":"Misc","specs":[{"label":"Colors","value":"Glossy Black (eSIM only), Matte Silver, Matte Dark Blue"},{"label":"Models","value":"WA2536B"},{"label":"Price","value":"About 90 EUR"}]}]');
INSERT OR IGNORE INTO device_pictures (device_id, url, position) VALUES (743, 'https://fdn2.gsmarena.com/vv/bigpic/vivo-watch-gt2.jpg', 0);
INSERT OR IGNORE INTO device_pictures (device_id, url, position) VALUES (743, 'https://fdn2.gsmarena.com/vv/pics/vivo/vivo-watch-gt2-1.jpg', 1);
INSERT OR IGNORE INTO device_pictures (device_id, url, position) VALUES (743, 'https://fdn2.gsmarena.com/vv/pics/vivo/vivo-watch-gt2-2.jpg', 2);
INSERT OR IGNORE INTO device_pictures (device_id, url, position) VALUES (743, 'https://fdn2.gsmarena.com/vv/pics/vivo/vivo-watch-gt2-3.jpg', 3);
INSERT OR IGNORE INTO devices (id, brand_id, name, gsmarena_url, thumbnail_url, summary) VALUES (744, 5, 'V60e', 'https://www.gsmarena.com/vivo_v60e_5g-14194.php', 'https://fdn2.gsmarena.com/vv/bigpic/vivo-v60e.jpg', 'V60e');
INSERT OR IGNORE INTO device_specs (device_id, announced, status, network, os, chipset, cpu, gpu, display_size, display_type, display_res, ram, storage, main_camera, selfie_camera, battery, charging, nfc, usb, bluetooth, wlan, colors, weight, dimensions, sim, sensors, popularity, fans, rating, full_specs_json) VALUES (744, '2025, October 07', 'Available. Released 2025, October 10', 'GSM / HSPA / LTE / 5G / 5G', 'Android 15, up to 3 major Android upgrades, Funtouch 15', 'Mediatek Dimensity 7360 Turbo (4 nm)', 'Octa-core (4x2.5 GHz Cortex-A78 & 4x2.0 GHz Cortex-A55)', 'Mali-G615 MC2', '6.77 inches, 110.9 cm 2 (~88.1% screen-to-body ratio)', 'AMOLED, 1B colors, 120Hz, HDR10+, 1600 nits (HBM), 5000 nits (peak)', '1080 x 2392 pixels (~388 ppi density)', '8GB', '128GB', '200 MP, f/1.9, 23mm (wide), 1/1.56", PDAF, OIS, Ring-LED flash, panorama, HDR', '50 MP, f/2.0, 22mm (wide), 1/2.76", 0.64µm, AF, 4K, 1080p', 'Si/C Li-Ion 6500 mAh', '90W wired', 'Yes', 'USB Type-C 2.0, OTG', '5.4, A2DP, LE', 'Wi-Fi 802.11 a/b/g/n/ac, dual-band', 'Elite Purple, Noble Gold', '190 g (6.70 oz)', '163.5 x 77 x 7.5 mm (6.44 x 3.03 x 0.30 in)', 'Nano-SIM + Nano-SIM', 'Fingerprint (under display, optical), accelerometer, gyro, proximity, compass', '₹ 27,870', NULL, NULL, '[{"category":"Network","specs":[{"label":"Technology","value":"GSM / HSPA / LTE / 5G"},{"label":"2G bands","value":"GSM 850 / 900 / 1800 / 1900"},{"label":"3G bands","value":"HSDPA 850 / 900 / 2100"},{"label":"4G bands","value":"1, 3, 5, 8, 28, 38, 40, 41"},{"label":"5G bands","value":"1, 3, 5, 8, 28, 38, 40, 41, 77, 78 SA/NSA"},{"label":"Speed","value":"HSPA, LTE, 5G"}]},{"category":"Launch","specs":[{"label":"Announced","value":"2025, October 07"},{"label":"Status","value":"Available. Released 2025, October 10"}]},{"category":"Body","specs":[{"label":"Dimensions","value":"163.5 x 77 x 7.5 mm (6.44 x 3.03 x 0.30 in)"},{"label":"Weight","value":"190 g (6.70 oz)"},{"label":"Build","value":"Glass front (Diamond Shield Glass), plastic back, plastic frame"},{"label":"SIM","value":"Nano-SIM + Nano-SIM"}]},{"category":"Display","specs":[{"label":"Type","value":"AMOLED, 1B colors, 120Hz, HDR10+, 1600 nits (HBM), 5000 nits (peak)"},{"label":"Size","value":"6.77 inches, 110.9 cm 2 (~88.1% screen-to-body ratio)"},{"label":"Resolution","value":"1080 x 2392 pixels (~388 ppi density)"},{"label":"Protection","value":"Diamond Shield Glass"}]},{"category":"Platform","specs":[{"label":"OS","value":"Android 15, up to 3 major Android upgrades, Funtouch 15"},{"label":"Chipset","value":"Mediatek Dimensity 7360 Turbo (4 nm)"},{"label":"CPU","value":"Octa-core (4x2.5 GHz Cortex-A78 & 4x2.0 GHz Cortex-A55)"},{"label":"GPU","value":"Mali-G615 MC2"}]},{"category":"Memory","specs":[{"label":"Card slot","value":"No"},{"label":"Internal","value":"128GB 8GB RAM, 256GB 8GB RAM, 256GB 12GB RAM"}]},{"category":"Main Camera","specs":[{"label":"Dual","value":"200 MP, f/1.9, 23mm (wide), 1/1.56\\", PDAF, OIS"},{"label":"Features","value":"Ring-LED flash, panorama, HDR"},{"label":"Video","value":"4K, 1080p, HDR, gyro-EIS, OIS"}]},{"category":"Selfie camera","specs":[{"label":"Single","value":"50 MP, f/2.0, 22mm (wide), 1/2.76\\", 0.64µm, AF"},{"label":"Video","value":"4K, 1080p"}]},{"category":"Sound","specs":[{"label":"Loudspeaker","value":"Yes, with stereo speakers"},{"label":"3.5mm jack","value":"No"}]},{"category":"Comms","specs":[{"label":"WLAN","value":"Wi-Fi 802.11 a/b/g/n/ac, dual-band"},{"label":"Bluetooth","value":"5.4, A2DP, LE"},{"label":"Positioning","value":"GPS, GALILEO, GLONASS, BDS, QZSS"},{"label":"NFC","value":"Yes"},{"label":"USB","value":"USB Type-C 2.0, OTG"},{"label":"Radio","value":"No"},{"label":"Infrared port","value":"Yes"}]},{"category":"Features","specs":[{"label":"Sensors","value":"Fingerprint (under display, optical), accelerometer, gyro, proximity, compass"}]},{"category":"Battery","specs":[{"label":"Type","value":"Si/C Li-Ion 6500 mAh"},{"label":"Charging","value":"90W wired"}]},{"category":"Misc","specs":[{"label":"Colors","value":"Elite Purple, Noble Gold"},{"label":"Price","value":"₹ 27,870"},{"label":"SAR EU","value":"1.11 W/kg (head)     0.91 W/kg (body)"}]}]');
INSERT OR IGNORE INTO device_pictures (device_id, url, position) VALUES (744, 'https://fdn2.gsmarena.com/vv/bigpic/vivo-v60e.jpg', 0);
INSERT OR IGNORE INTO device_pictures (device_id, url, position) VALUES (744, 'https://fdn2.gsmarena.com/vv/pics/vivo/vivo-v60e-1.jpg', 1);
INSERT OR IGNORE INTO device_pictures (device_id, url, position) VALUES (744, 'https://fdn2.gsmarena.com/vv/pics/vivo/vivo-v60e-2.jpg', 2);
INSERT OR IGNORE INTO devices (id, brand_id, name, gsmarena_url, thumbnail_url, summary) VALUES (745, 5, 'V60 Lite', 'https://www.gsmarena.com/vivo_v60_lite_5g-14180.php', 'https://fdn2.gsmarena.com/vv/bigpic/vivo-v60-lite.jpg', 'V60 Lite');
INSERT OR IGNORE INTO device_specs (device_id, announced, status, network, os, chipset, cpu, gpu, display_size, display_type, display_res, ram, storage, main_camera, selfie_camera, battery, charging, nfc, usb, bluetooth, wlan, colors, weight, dimensions, sim, sensors, popularity, fans, rating, full_specs_json) VALUES (745, '2025, September 24', 'Available. Released 2025, September 24', 'GSM / HSPA / LTE / 5G / 5G', 'Android 15, Funtouch 15', 'Mediatek Dimensity 7360 Turbo (4 nm)', 'Octa-core (4x2.5 GHz Cortex-A78 & 4x2.0 GHz Cortex-A55)', 'Mali-G615 MC2', '6.77 inches, 110.9 cm 2 (~88.7% screen-to-body ratio)', 'AMOLED, 1B colors, 120Hz, HDR10+', '1080 x 2392 pixels (~388 ppi density)', '8GB', '256GB', '50 MP, f/1.8, (wide), 1/1.95", 0.8µm, PDAF, Ring-LED flash, panorama, HDR', '32 MP, f/2.5, (wide), 1/3.1", 4K@30fps, 1080p@30fps, gyro-EIS', 'Si/C Li-Ion 6500 mAh', '90W wired, 100% in 52 min', 'Yes', 'USB Type-C 2.0, OTG', '5.4, A2DP, LE', 'Wi-Fi 802.11 a/b/g/n/ac/6, dual-band', 'Vitality Pink, Titanium Mist Blue, Ocean Night Black', '194 g (6.84 oz)', '163.8 x 76.3 x 7.6 mm (6.45 x 3.00 x 0.30 in)', 'Nano-SIM + Nano-SIM', 'Fingerprint (under display, optical), accelerometer, gyro, proximity, compass', '€ 411.40', NULL, NULL, '[{"category":"Network","specs":[{"label":"Technology","value":"GSM / HSPA / LTE / 5G"},{"label":"2G bands","value":"GSM 850 / 900 / 1800 / 1900"},{"label":"3G bands","value":"HSDPA 850 / 900 / 1700(AWS) / 1900 / 2100"},{"label":"4G bands","value":"1, 2, 3, 4, 5, 7, 8, 19, 20, 28, 38, 39, 40, 41"},{"label":"5G bands","value":"1, 3, 5, 7, 8, 20, 28, 38, 40, 41, 77, 78 SA/NSA"},{"label":"Speed","value":"HSPA, LTE, 5G"}]},{"category":"Launch","specs":[{"label":"Announced","value":"2025, September 24"},{"label":"Status","value":"Available. Released 2025, September 24"}]},{"category":"Body","specs":[{"label":"Dimensions","value":"163.8 x 76.3 x 7.6 mm (6.45 x 3.00 x 0.30 in)"},{"label":"Weight","value":"194 g (6.84 oz)"},{"label":"Build","value":"Glass front, plastic back, plastic frame"},{"label":"SIM","value":"Nano-SIM + Nano-SIM"}]},{"category":"Display","specs":[{"label":"Type","value":"AMOLED, 1B colors, 120Hz, HDR10+"},{"label":"Size","value":"6.77 inches, 110.9 cm 2 (~88.7% screen-to-body ratio)"},{"label":"Resolution","value":"1080 x 2392 pixels (~388 ppi density)"},{"label":"Protection","value":"Mohs level 4"}]},{"category":"Platform","specs":[{"label":"OS","value":"Android 15, Funtouch 15"},{"label":"Chipset","value":"Mediatek Dimensity 7360 Turbo (4 nm)"},{"label":"CPU","value":"Octa-core (4x2.5 GHz Cortex-A78 & 4x2.0 GHz Cortex-A55)"},{"label":"GPU","value":"Mali-G615 MC2"}]},{"category":"Memory","specs":[{"label":"Card slot","value":"No"},{"label":"Internal","value":"256GB 8GB RAM, 256GB 12GB RAM, 512GB 8GB RAM, 512GB 12GB RAM"}]},{"category":"Main Camera","specs":[{"label":"Dual","value":"50 MP, f/1.8, (wide), 1/1.95\\", 0.8µm, PDAF"},{"label":"Features","value":"Ring-LED flash, panorama, HDR"},{"label":"Video","value":"4K@30fps, 1080p@30/60fps, gyro-EIS"}]},{"category":"Selfie camera","specs":[{"label":"Single","value":"32 MP, f/2.5, (wide), 1/3.1\\""},{"label":"Video","value":"4K@30fps, 1080p@30fps, gyro-EIS"}]},{"category":"Sound","specs":[{"label":"Loudspeaker","value":"Yes, with stereo speakers"},{"label":"3.5mm jack","value":"No"}]},{"category":"Comms","specs":[{"label":"WLAN","value":"Wi-Fi 802.11 a/b/g/n/ac/6, dual-band"},{"label":"Bluetooth","value":"5.4, A2DP, LE"},{"label":"Positioning","value":"GPS, GLONASS, GALILEO, BDS, QZSS"},{"label":"NFC","value":"Yes"},{"label":"USB","value":"USB Type-C 2.0, OTG"},{"label":"Radio","value":"No"}]},{"category":"Features","specs":[{"label":"Sensors","value":"Fingerprint (under display, optical), accelerometer, gyro, proximity, compass"}]},{"category":"Battery","specs":[{"label":"Type","value":"Si/C Li-Ion 6500 mAh"},{"label":"Charging","value":"90W wired, 100% in 52 min"}]},{"category":"Misc","specs":[{"label":"Colors","value":"Vitality Pink, Titanium Mist Blue, Ocean Night Black"},{"label":"Models","value":"V2529"},{"label":"Price","value":"€ 411.40"}]}]');
INSERT OR IGNORE INTO device_pictures (device_id, url, position) VALUES (745, 'https://fdn2.gsmarena.com/vv/bigpic/vivo-v60-lite.jpg', 0);
INSERT OR IGNORE INTO device_pictures (device_id, url, position) VALUES (745, 'https://fdn2.gsmarena.com/vv/pics/vivo/vivo-v60-lite-1.jpg', 1);
INSERT OR IGNORE INTO device_pictures (device_id, url, position) VALUES (745, 'https://fdn2.gsmarena.com/vv/pics/vivo/vivo-v60-lite-2.jpg', 2);
INSERT OR IGNORE INTO device_pictures (device_id, url, position) VALUES (745, 'https://fdn2.gsmarena.com/vv/pics/vivo/vivo-v60-lite-3.jpg', 3);
INSERT OR IGNORE INTO devices (id, brand_id, name, gsmarena_url, thumbnail_url, summary) VALUES (746, 5, 'V60 Lite 4G', 'https://www.gsmarena.com/vivo_v60_lite-14172.php', 'https://fdn2.gsmarena.com/vv/bigpic/vivo-v60-lite-4g.jpg', 'V60 Lite 4G');
INSERT OR IGNORE INTO device_specs (device_id, announced, status, network, os, chipset, cpu, gpu, display_size, display_type, display_res, ram, storage, main_camera, selfie_camera, battery, charging, nfc, usb, bluetooth, wlan, colors, weight, dimensions, sim, sensors, popularity, fans, rating, full_specs_json) VALUES (746, '2025, September 25', 'Available. Released 2025, October 08', 'GSM / HSPA / LTE / 4G/LTE', 'Android 15, Funtouch 15', 'Qualcomm SM6225 Snapdragon 685 (6 nm) - V2530 Qualcomm Snapdragon 6s 4G Gen 2 - V2549', 'Octa-core (4x2.8 GHz Cortex-A73 & 4x1.9 GHz Cortex-A53) - V2530 Octa-core (4x2.9 GHz Cortex-A73 & 4x1.9 GHz Cortex-A53) - V2549', 'Adreno 610', '6.77 inches, 110.9 cm 2 (~88.7% screen-to-body ratio)', 'AMOLED, 1B colors, 120Hz', '1080 x 2392 pixels (~388 ppi density)', '8GB', '128GB', '50 MP, f/1.8, (wide), 1/1.95", 0.8µm, PDAF, Ring-LED flash, panorama, HDR', '32 MP, f/2.5, (wide), 1/3.1", 1080p@30fps', 'Si/C Li-Ion 6500 mAh', '90W wired, 100% in 55 min', 'Yes (market/region dependent)', 'USB Type-C 2.0, OTG', '5.0, A2DP, LE', 'Wi-Fi 802.11 a/b/g/n/ac, dual-band', 'Black, Blue', '194 g (6.84 oz)', '163.8 x 76.3 x 7.6 mm (6.45 x 3.00 x 0.30 in)', '· Nano-SIM · Nano-SIM + Nano-SIM', 'Fingerprint (under display, optical), accelerometer, gyro, proximity, compass', '$ 325.53', NULL, NULL, '[{"category":"Network","specs":[{"label":"Technology","value":"GSM / HSPA / LTE"},{"label":"2G bands","value":"GSM 850 / 900 / 1800 / 1900"},{"label":"3G bands","value":"HSDPA 850 / 900 / 2100 - V2530"},{"label":"4G bands","value":"1, 3, 5, 7, 8, 20, 28, 38, 40, 41 - V2530"},{"label":"Speed","value":"HSPA, LTE"}]},{"category":"Launch","specs":[{"label":"Announced","value":"2025, September 25"},{"label":"Status","value":"Available. Released 2025, October 08"}]},{"category":"Body","specs":[{"label":"Dimensions","value":"163.8 x 76.3 x 7.6 mm (6.45 x 3.00 x 0.30 in)"},{"label":"Weight","value":"194 g (6.84 oz)"},{"label":"Build","value":"Glass front, plastic back, plastic frame"},{"label":"SIM","value":"· Nano-SIM · Nano-SIM + Nano-SIM"}]},{"category":"Display","specs":[{"label":"Type","value":"AMOLED, 1B colors, 120Hz"},{"label":"Size","value":"6.77 inches, 110.9 cm 2 (~88.7% screen-to-body ratio)"},{"label":"Resolution","value":"1080 x 2392 pixels (~388 ppi density)"}]},{"category":"Platform","specs":[{"label":"OS","value":"Android 15, Funtouch 15"},{"label":"Chipset","value":"Qualcomm SM6225 Snapdragon 685 (6 nm) - V2530 Qualcomm Snapdragon 6s 4G Gen 2 - V2549"},{"label":"CPU","value":"Octa-core (4x2.8 GHz Cortex-A73 & 4x1.9 GHz Cortex-A53) - V2530 Octa-core (4x2.9 GHz Cortex-A73 & 4x1.9 GHz Cortex-A53) - V2549"},{"label":"GPU","value":"Adreno 610"}]},{"category":"Memory","specs":[{"label":"Card slot","value":"No"},{"label":"Internal","value":"128GB 8GB RAM, 256GB 8GB RAM"}]},{"category":"Main Camera","specs":[{"label":"Dual","value":"50 MP, f/1.8, (wide), 1/1.95\\", 0.8µm, PDAF"},{"label":"Features","value":"Ring-LED flash, panorama, HDR"},{"label":"Video","value":"1080p@30fps"}]},{"category":"Selfie camera","specs":[{"label":"Single","value":"32 MP, f/2.5, (wide), 1/3.1\\""},{"label":"Video","value":"1080p@30fps"}]},{"category":"Sound","specs":[{"label":"Loudspeaker","value":"Yes, with stereo speakers"},{"label":"3.5mm jack","value":"No"}]},{"category":"Comms","specs":[{"label":"WLAN","value":"Wi-Fi 802.11 a/b/g/n/ac, dual-band"},{"label":"Bluetooth","value":"5.0, A2DP, LE"},{"label":"Positioning","value":"GPS, GLONASS, GALILEO, BDS, QZSS"},{"label":"NFC","value":"Yes (market/region dependent)"},{"label":"USB","value":"USB Type-C 2.0, OTG"},{"label":"Radio","value":"No"}]},{"category":"Features","specs":[{"label":"Sensors","value":"Fingerprint (under display, optical), accelerometer, gyro, proximity, compass"}]},{"category":"Battery","specs":[{"label":"Type","value":"Si/C Li-Ion 6500 mAh"},{"label":"Charging","value":"90W wired, 100% in 55 min"}]},{"category":"Misc","specs":[{"label":"Colors","value":"Black, Blue"},{"label":"Models","value":"V2530, V2549, V2441U"},{"label":"Price","value":"$ 325.53"}]}]');
INSERT OR IGNORE INTO device_pictures (device_id, url, position) VALUES (746, 'https://fdn2.gsmarena.com/vv/bigpic/vivo-v60-lite-4g.jpg', 0);
INSERT OR IGNORE INTO device_pictures (device_id, url, position) VALUES (746, 'https://fdn2.gsmarena.com/vv/pics/vivo/vivo-v60-lite-4g-2.jpg', 1);
INSERT OR IGNORE INTO device_pictures (device_id, url, position) VALUES (746, 'https://fdn2.gsmarena.com/vv/pics/vivo/vivo-v60-lite-4g-3.jpg', 2);
INSERT OR IGNORE INTO devices (id, brand_id, name, gsmarena_url, thumbnail_url, summary) VALUES (747, 5, 'Y31 Pro', 'https://www.gsmarena.com/vivo_y31_pro_5g-14144.php', 'https://fdn2.gsmarena.com/vv/bigpic/vivo-y31-pro.jpg', 'Y31 Pro');
INSERT OR IGNORE INTO device_specs (device_id, announced, status, network, os, chipset, cpu, gpu, display_size, display_type, display_res, ram, storage, main_camera, selfie_camera, battery, charging, nfc, usb, bluetooth, wlan, colors, weight, dimensions, sim, sensors, popularity, fans, rating, full_specs_json) VALUES (747, '2025, September 15', 'Available. Released 2025, September 15', 'GSM / HSPA / LTE / 5G / 5G', 'Android 15, Funtouch 15', 'Mediatek Dimensity 7300 (4 nm)', 'Octa-core (4x2.5 GHz Cortex-A78 & 4x2.0 GHz Cortex-A55)', 'Mali-G615 MC2', '6.72 inches, 108.8 cm 2 (~86.0% screen-to-body ratio)', 'IPS LCD, 120Hz, 960Hz PWM, 1050 nits (HBM)', '1080 x 2408 pixels, 20:9 ratio (~393 ppi density)', '8GB', '128GB', '50 MP, f/1.8, (wide), PDAF, Ring-LED flash, panorama', '8 MP, (wide), 1080p@30fps', 'Li-Ion 6500 mAh', '44W wired, 50% in 40 min', 'No', 'USB Type-C 2.0, OTG', '5.4, A2DP, LE', 'Wi-Fi 802.11 a/b/g/n/ac, dual-band', 'Dreamy White, Mocha Brown', '204 g or 208 g (7.20 oz)', '165.7 x 76.3 x 8.1 mm (6.52 x 3.00 x 0.32 in)', 'Nano-SIM + Nano-SIM', 'Fingerprint (side-mounted), accelerometer, gyro, proximity, compass', 'About 180 EUR', NULL, NULL, '[{"category":"Network","specs":[{"label":"Technology","value":"GSM / HSPA / LTE / 5G"},{"label":"2G bands","value":"GSM 850 / 900 / 1800 / 1900"},{"label":"3G bands","value":"HSDPA 850 / 900 / 2100"},{"label":"4G bands","value":"1, 3, 5, 8, 28, 38, 40, 41"},{"label":"5G bands","value":"1, 3, 5, 8, 28, 40, 77, 78 SA/NSA"},{"label":"Speed","value":"HSPA, LTE, 5G"}]},{"category":"Launch","specs":[{"label":"Announced","value":"2025, September 15"},{"label":"Status","value":"Available. Released 2025, September 15"}]},{"category":"Body","specs":[{"label":"Dimensions","value":"165.7 x 76.3 x 8.1 mm (6.52 x 3.00 x 0.32 in)"},{"label":"Weight","value":"204 g or 208 g (7.20 oz)"},{"label":"Build","value":"Glass front, plastic back, plastic frame"},{"label":"SIM","value":"Nano-SIM + Nano-SIM"}]},{"category":"Display","specs":[{"label":"Type","value":"IPS LCD, 120Hz, 960Hz PWM, 1050 nits (HBM)"},{"label":"Size","value":"6.72 inches, 108.8 cm 2 (~86.0% screen-to-body ratio)"},{"label":"Resolution","value":"1080 x 2408 pixels, 20:9 ratio (~393 ppi density)"}]},{"category":"Platform","specs":[{"label":"OS","value":"Android 15, Funtouch 15"},{"label":"Chipset","value":"Mediatek Dimensity 7300 (4 nm)"},{"label":"CPU","value":"Octa-core (4x2.5 GHz Cortex-A78 & 4x2.0 GHz Cortex-A55)"},{"label":"GPU","value":"Mali-G615 MC2"}]},{"category":"Memory","specs":[{"label":"Card slot","value":"No"},{"label":"Internal","value":"128GB 8GB RAM, 256GB 8GB RAM"}]},{"category":"Main Camera","specs":[{"label":"Dual","value":"50 MP, f/1.8, (wide), PDAF"},{"label":"Features","value":"Ring-LED flash, panorama"},{"label":"Video","value":"4K@30fps, 1080p@30fps, gyro-EIS"}]},{"category":"Selfie camera","specs":[{"label":"Single","value":"8 MP, (wide)"},{"label":"Video","value":"1080p@30fps"}]},{"category":"Sound","specs":[{"label":"Loudspeaker","value":"Yes, with stereo speakers"},{"label":"3.5mm jack","value":"No"}]},{"category":"Comms","specs":[{"label":"WLAN","value":"Wi-Fi 802.11 a/b/g/n/ac, dual-band"},{"label":"Bluetooth","value":"5.4, A2DP, LE"},{"label":"Positioning","value":"GPS, GLONASS, GALILEO, BDS, QZSS"},{"label":"NFC","value":"No"},{"label":"USB","value":"USB Type-C 2.0, OTG"},{"label":"Radio","value":"No"},{"label":"Infrared port","value":"Yes"}]},{"category":"Features","specs":[{"label":"Sensors","value":"Fingerprint (side-mounted), accelerometer, gyro, proximity, compass"}]},{"category":"Battery","specs":[{"label":"Type","value":"Li-Ion 6500 mAh"},{"label":"Charging","value":"44W wired, 50% in 40 min"}]},{"category":"Misc","specs":[{"label":"Colors","value":"Dreamy White, Mocha Brown"},{"label":"SAR","value":"0.98 W/kg (head)     0.94 W/kg (body)"},{"label":"Price","value":"About 180 EUR"}]}]');
INSERT OR IGNORE INTO device_pictures (device_id, url, position) VALUES (747, 'https://fdn2.gsmarena.com/vv/bigpic/vivo-y31-pro.jpg', 0);
INSERT OR IGNORE INTO device_pictures (device_id, url, position) VALUES (747, 'https://fdn2.gsmarena.com/vv/pics/vivo/vivo-y31-pro-1.jpg', 1);
INSERT OR IGNORE INTO device_pictures (device_id, url, position) VALUES (747, 'https://fdn2.gsmarena.com/vv/pics/vivo/vivo-y31-pro-2.jpg', 2);
INSERT OR IGNORE INTO devices (id, brand_id, name, gsmarena_url, thumbnail_url, summary) VALUES (748, 5, 'Y31', 'https://www.gsmarena.com/vivo_y31_5g-14143.php', 'https://fdn2.gsmarena.com/vv/bigpic/vivo-y31-5g.jpg', 'Y31');
INSERT OR IGNORE INTO device_specs (device_id, announced, status, network, os, chipset, cpu, gpu, display_size, display_type, display_res, ram, storage, main_camera, selfie_camera, battery, charging, nfc, usb, bluetooth, wlan, colors, weight, dimensions, sim, sensors, popularity, fans, rating, full_specs_json) VALUES (748, '2025, September 15', 'Available. Released 2025, September 15', 'GSM / HSPA / LTE / 5G / 5G', 'Android 15, Funtouch 15', 'Qualcomm SM4450 Snapdragon 4 Gen 2 (4 nm)', 'Octa-core (2x2.2 GHz Cortex-A78 & 6x1.95 GHz Cortex-A55)', 'Adreno 613', '6.68 inches, 107.4 cm 2 (~84.0% screen-to-body ratio)', 'IPS LCD, 120Hz, 1000 nits (HBM)', '720 x 1608 pixels, 20:9 ratio (~264 ppi density)', '4GB', '128GB', '50 MP, f/1.8, (wide), PDAF, Ring-LED flash, panorama', '8 MP, f/2.0, (wide), 1080p@30fps', 'Li-Ion 6500 mAh', '44W wired, 50% in 38 min', 'No', 'USB Type-C 2.0, OTG', '4.2, A2DP, LE', 'Wi-Fi 802.11 a/b/g/n/ac, dual-band', 'Rose Red, Diamond Green', '209 g (7.37 oz)', '166.1 x 77 x 8.4 mm (6.54 x 3.03 x 0.33 in)', 'Nano-SIM + Nano-SIM', 'Fingerprint (side-mounted), accelerometer, proximity, compass', 'About 150 EUR', NULL, NULL, '[{"category":"Network","specs":[{"label":"Technology","value":"GSM / HSPA / LTE / 5G"},{"label":"2G bands","value":"GSM 850 / 900 / 1800 / 1900"},{"label":"3G bands","value":"HSDPA 850 / 900 / 2100"},{"label":"4G bands","value":"1, 3, 5, 8, 28, 38, 40, 41"},{"label":"5G bands","value":"1, 3, 5, 8, 28, 40, 77, 78 SA/NSA"},{"label":"Speed","value":"HSPA, LTE, 5G"}]},{"category":"Launch","specs":[{"label":"Announced","value":"2025, September 15"},{"label":"Status","value":"Available. Released 2025, September 15"}]},{"category":"Body","specs":[{"label":"Dimensions","value":"166.1 x 77 x 8.4 mm (6.54 x 3.03 x 0.33 in)"},{"label":"Weight","value":"209 g (7.37 oz)"},{"label":"SIM","value":"Nano-SIM + Nano-SIM"}]},{"category":"Display","specs":[{"label":"Type","value":"IPS LCD, 120Hz, 1000 nits (HBM)"},{"label":"Size","value":"6.68 inches, 107.4 cm 2 (~84.0% screen-to-body ratio)"},{"label":"Resolution","value":"720 x 1608 pixels, 20:9 ratio (~264 ppi density)"},{"label":"Protection","value":"Guardian Glass (ion-strengthened)"}]},{"category":"Platform","specs":[{"label":"OS","value":"Android 15, Funtouch 15"},{"label":"Chipset","value":"Qualcomm SM4450 Snapdragon 4 Gen 2 (4 nm)"},{"label":"CPU","value":"Octa-core (2x2.2 GHz Cortex-A78 & 6x1.95 GHz Cortex-A55)"},{"label":"GPU","value":"Adreno 613"}]},{"category":"Memory","specs":[{"label":"Card slot","value":"microSDXC (uses shared SIM slot)"},{"label":"Internal","value":"128GB 4GB RAM, 128GB 6GB RAM, 128GB 8GB RAM, 256GB 8GB RAM"}]},{"category":"Main Camera","specs":[{"label":"Single","value":"50 MP, f/1.8, (wide), PDAF"},{"label":"Features","value":"Ring-LED flash, panorama"},{"label":"Video","value":"1080p@30fps"}]},{"category":"Selfie camera","specs":[{"label":"Single","value":"8 MP, f/2.0, (wide)"},{"label":"Video","value":"1080p@30fps"}]},{"category":"Sound","specs":[{"label":"Loudspeaker","value":"Yes, with stereo speakers"},{"label":"3.5mm jack","value":"No"}]},{"category":"Comms","specs":[{"label":"WLAN","value":"Wi-Fi 802.11 a/b/g/n/ac, dual-band"},{"label":"Bluetooth","value":"4.2, A2DP, LE"},{"label":"Positioning","value":"GPS, GLONASS, GALILEO, BDS, QZSS"},{"label":"NFC","value":"No"},{"label":"USB","value":"USB Type-C 2.0, OTG"},{"label":"Radio","value":"No"}]},{"category":"Features","specs":[{"label":"Sensors","value":"Fingerprint (side-mounted), accelerometer, proximity, compass"}]},{"category":"Battery","specs":[{"label":"Type","value":"Li-Ion 6500 mAh"},{"label":"Charging","value":"44W wired, 50% in 38 min"}]},{"category":"Misc","specs":[{"label":"Colors","value":"Rose Red, Diamond Green"},{"label":"SAR","value":"1.13 W/kg (head)     0.99 W/kg (body)"},{"label":"Price","value":"About 150 EUR"}]}]');
INSERT OR IGNORE INTO device_pictures (device_id, url, position) VALUES (748, 'https://fdn2.gsmarena.com/vv/bigpic/vivo-y31-5g.jpg', 0);
INSERT OR IGNORE INTO device_pictures (device_id, url, position) VALUES (748, 'https://fdn2.gsmarena.com/vv/pics/vivo/vivo-y31-5g-1.jpg', 1);
INSERT OR IGNORE INTO device_pictures (device_id, url, position) VALUES (748, 'https://fdn2.gsmarena.com/vv/pics/vivo/vivo-y31-5g-2.jpg', 2);
INSERT OR IGNORE INTO devices (id, brand_id, name, gsmarena_url, thumbnail_url, summary) VALUES (749, 5, 'Y500 (China)', 'https://www.gsmarena.com/vivo_y500_5g_(china)-14097.php', 'https://fdn2.gsmarena.com/vv/bigpic/vivo-y500-cn.jpg', 'Y500 (China)');
INSERT OR IGNORE INTO device_specs (device_id, announced, status, network, os, chipset, cpu, gpu, display_size, display_type, display_res, ram, storage, main_camera, selfie_camera, battery, charging, nfc, usb, bluetooth, wlan, colors, weight, dimensions, sim, sensors, popularity, fans, rating, full_specs_json) VALUES (749, '2025, September 01', 'Available. Released 2025, September 05', 'GSM / CDMA / HSPA / LTE / 5G / 5G', 'Android 15, OriginOS 5', 'Mediatek Dimensity 7300 (4 nm)', 'Octa-core (4x2.5 GHz Cortex-A78 & 4x2.0 GHz Cortex-A55)', 'Mali-G615 MC2', '6.77 inches, 110.9 cm 2 (~89.6% screen-to-body ratio)', 'AMOLED, 1B colors, 120Hz, 3840Hz PWM, 5000 nits (peak)', '1080 x 2392 pixels (~388 ppi density)', '8GB', '128GB', '50 MP, f/1.8, (wide), PDAF, Ring-LED flash, panorama, HDR', '8 MP, f/2.1, (wide), 1080p@30fps', 'Si/C Li-Ion 8200 mAh', '90W wired', 'Yes', 'USB Type-C 2.0, OTG', '5.4, A2DP, LE, aptX HD', 'Wi-Fi 802.11 a/b/g/n/ac/6, dual-band', 'Black, Blue, Purple', '213 g (7.51 oz)', '163.1 x 75.9 x 8.2 mm (6.42 x 2.99 x 0.32 in)', 'Nano-SIM + Nano-SIM', 'Fingerprint (under display, optical), accelerometer, gyro, proximity, compass', 'About 170 EUR', NULL, NULL, '[{"category":"Network","specs":[{"label":"Technology","value":"GSM / CDMA / HSPA / LTE / 5G"},{"label":"2G bands","value":"GSM 850 / 900 / 1800 / 1900"},{"label":"3G bands","value":"HSDPA 850 / 900 / 2100"},{"label":"4G bands","value":"1, 3, 5, 8, 28, 34, 38, 39, 40, 41"},{"label":"5G bands","value":"1, 3, 5, 8, 28, 38, 40, 41, 77, 78 SA/NSA"},{"label":"Speed","value":"HSPA, LTE, 5G"}]},{"category":"Launch","specs":[{"label":"Announced","value":"2025, September 01"},{"label":"Status","value":"Available. Released 2025, September 05"}]},{"category":"Body","specs":[{"label":"Dimensions","value":"163.1 x 75.9 x 8.2 mm (6.42 x 2.99 x 0.32 in)"},{"label":"Weight","value":"213 g (7.51 oz)"},{"label":"SIM","value":"Nano-SIM + Nano-SIM"}]},{"category":"Display","specs":[{"label":"Type","value":"AMOLED, 1B colors, 120Hz, 3840Hz PWM, 5000 nits (peak)"},{"label":"Size","value":"6.77 inches, 110.9 cm 2 (~89.6% screen-to-body ratio)"},{"label":"Resolution","value":"1080 x 2392 pixels (~388 ppi density)"},{"label":"Protection","value":"Diamond Shield Glass"}]},{"category":"Platform","specs":[{"label":"OS","value":"Android 15, OriginOS 5"},{"label":"Chipset","value":"Mediatek Dimensity 7300 (4 nm)"},{"label":"CPU","value":"Octa-core (4x2.5 GHz Cortex-A78 & 4x2.0 GHz Cortex-A55)"},{"label":"GPU","value":"Mali-G615 MC2"}]},{"category":"Memory","specs":[{"label":"Card slot","value":"No"},{"label":"Internal","value":"128GB 8GB RAM, 256GB 8GB RAM, 256GB 12GB RAM, 512GB 12GB RAM"}]},{"category":"Main Camera","specs":[{"label":"Dual","value":"50 MP, f/1.8, (wide), PDAF"},{"label":"Features","value":"Ring-LED flash, panorama, HDR"},{"label":"Video","value":"4K@30fps, 1080p@30fps, gyro-EIS"}]},{"category":"Selfie camera","specs":[{"label":"Single","value":"8 MP, f/2.1, (wide)"},{"label":"Video","value":"1080p@30fps"},{"label":"Features","value":"Panorama"}]},{"category":"Sound","specs":[{"label":"Loudspeaker","value":"Yes, with stereo speakers"},{"label":"3.5mm jack","value":"No"}]},{"category":"Comms","specs":[{"label":"WLAN","value":"Wi-Fi 802.11 a/b/g/n/ac/6, dual-band"},{"label":"Bluetooth","value":"5.4, A2DP, LE, aptX HD"},{"label":"Positioning","value":"GPS, GALILEO, GLONASS, QZSS, BDS"},{"label":"NFC","value":"Yes"},{"label":"USB","value":"USB Type-C 2.0, OTG"},{"label":"Radio","value":"No"}]},{"category":"Features","specs":[{"label":"Sensors","value":"Fingerprint (under display, optical), accelerometer, gyro, proximity, compass"}]},{"category":"Battery","specs":[{"label":"Type","value":"Si/C Li-Ion 8200 mAh"},{"label":"Charging","value":"90W wired"}]},{"category":"Misc","specs":[{"label":"Colors","value":"Black, Blue, Purple"},{"label":"Models","value":"V2506A"},{"label":"Price","value":"About 170 EUR"}]}]');
INSERT OR IGNORE INTO device_pictures (device_id, url, position) VALUES (749, 'https://fdn2.gsmarena.com/vv/bigpic/vivo-y500-cn.jpg', 0);
INSERT OR IGNORE INTO device_pictures (device_id, url, position) VALUES (749, 'https://fdn2.gsmarena.com/vv/pics/vivo/vivo-y500-cn-1.jpg', 1);
INSERT OR IGNORE INTO device_pictures (device_id, url, position) VALUES (749, 'https://fdn2.gsmarena.com/vv/pics/vivo/vivo-y500-cn-2.jpg', 2);
INSERT OR IGNORE INTO devices (id, brand_id, name, gsmarena_url, thumbnail_url, summary) VALUES (750, 5, 'T4 Pro', 'https://www.gsmarena.com/vivo_t4_pro_5g-14095.php', 'https://fdn2.gsmarena.com/vv/bigpic/vivo-t4-pro.jpg', 'T4 Pro');
INSERT OR IGNORE INTO device_specs (device_id, announced, status, network, os, chipset, cpu, gpu, display_size, display_type, display_res, ram, storage, main_camera, selfie_camera, battery, charging, nfc, usb, bluetooth, wlan, colors, weight, dimensions, sim, sensors, popularity, fans, rating, full_specs_json) VALUES (750, '2025, August 26', 'Available. Released 2025, August 26', 'GSM / HSPA / LTE / 5G / 5G', 'Android 15, up to 4 major Android upgrades, Funtouch 15', 'Qualcomm SM7750-AB Snapdragon 7 Gen 4 (4 nm)', 'Octa-core (1x2.8 GHz Cortex-720 & 4x2.4 GHz Cortex-720 & 3x1.8 GHz Cortex-520)', 'Adreno 722', '6.77 inches, 110.9 cm 2 (~88.1% screen-to-body ratio)', 'AMOLED, 1B colors, HDR10+, 120Hz, 1500 nits (HBM), 5000 nits (peak)', '1080 x 2392 pixels (~388 ppi density)', '8GB', '128GB', '50 MP, f/1.8, 26mm (wide), 1/1.95", 0.8µm, PDAF, OIS, Ring-LED flash, panorama, HDR', '32 MP, f/2.5, 30mm (wide), 4K@30fps, 1080p@30fps', 'Si/C Li-Ion 6500 mAh', '90W wired, PD', 'No', 'USB Type-C 2.0, OTG', '5.4, A2DP, LE', 'Wi-Fi 802.11 a/b/g/n/ac/6, dual-band', 'Nitro Blue, Blaze Gold', '192 g (6.77 oz)', '163.5 x 77 x 7.5 mm (6.44 x 3.03 x 0.30 in)', 'Nano-SIM + Nano-SIM', 'Fingerprint (under display, optical), accelerometer, gyro, proximity, compass', '₹ 26,847', NULL, NULL, '[{"category":"Network","specs":[{"label":"Technology","value":"GSM / HSPA / LTE / 5G"},{"label":"2G bands","value":"GSM 850 / 900 / 1800 / 1900"},{"label":"3G bands","value":"HSDPA 800 / 850 / 900 / 1700(AWS) / 1900 / 2100"},{"label":"4G bands","value":"1, 3, 4, 5, 7, 8, 18, 19, 20, 26, 28, 38, 39, 40, 41, 42, 66"},{"label":"5G bands","value":"1, 3, 5, 8, 28, 38, 40, 41, 66, 77, 78 SA/NSA"},{"label":"Speed","value":"HSPA, LTE, 5G"}]},{"category":"Launch","specs":[{"label":"Announced","value":"2025, August 26"},{"label":"Status","value":"Available. Released 2025, August 26"}]},{"category":"Body","specs":[{"label":"Dimensions","value":"163.5 x 77 x 7.5 mm (6.44 x 3.03 x 0.30 in)"},{"label":"Weight","value":"192 g (6.77 oz)"},{"label":"Build","value":"Glass front, plastic frame, plastic back"},{"label":"SIM","value":"Nano-SIM + Nano-SIM"}]},{"category":"Display","specs":[{"label":"Type","value":"AMOLED, 1B colors, HDR10+, 120Hz, 1500 nits (HBM), 5000 nits (peak)"},{"label":"Size","value":"6.77 inches, 110.9 cm 2 (~88.1% screen-to-body ratio)"},{"label":"Resolution","value":"1080 x 2392 pixels (~388 ppi density)"},{"label":"Protection","value":"Diamond Shield Glass"}]},{"category":"Platform","specs":[{"label":"OS","value":"Android 15, up to 4 major Android upgrades, Funtouch 15"},{"label":"Chipset","value":"Qualcomm SM7750-AB Snapdragon 7 Gen 4 (4 nm)"},{"label":"CPU","value":"Octa-core (1x2.8 GHz Cortex-720 & 4x2.4 GHz Cortex-720 & 3x1.8 GHz Cortex-520)"},{"label":"GPU","value":"Adreno 722"}]},{"category":"Memory","specs":[{"label":"Card slot","value":"No"},{"label":"Internal","value":"128GB 8GB RAM, 256GB 8GB RAM, 256GB 12GB RAM"}]},{"category":"Main Camera","specs":[{"label":"Triple","value":"50 MP, f/1.8, 26mm (wide), 1/1.95\\", 0.8µm, PDAF, OIS"},{"label":"Features","value":"Ring-LED flash, panorama, HDR"},{"label":"Video","value":"4K@30fps, 1080p@30fps, gyro-EIS, OIS"}]},{"category":"Selfie camera","specs":[{"label":"Single","value":"32 MP, f/2.5, 30mm (wide)"},{"label":"Video","value":"4K@30fps, 1080p@30fps"}]},{"category":"Sound","specs":[{"label":"Loudspeaker","value":"Yes, with stereo speakers"},{"label":"3.5mm jack","value":"No"}]},{"category":"Comms","specs":[{"label":"WLAN","value":"Wi-Fi 802.11 a/b/g/n/ac/6, dual-band"},{"label":"Bluetooth","value":"5.4, A2DP, LE"},{"label":"Positioning","value":"GPS, GALILEO, GLONASS, QZSS, BDS, NavIC"},{"label":"NFC","value":"No"},{"label":"USB","value":"USB Type-C 2.0, OTG"},{"label":"Radio","value":"No"},{"label":"Infrared port","value":"Yes"}]},{"category":"Features","specs":[{"label":"Sensors","value":"Fingerprint (under display, optical), accelerometer, gyro, proximity, compass"}]},{"category":"Battery","specs":[{"label":"Type","value":"Si/C Li-Ion 6500 mAh"},{"label":"Charging","value":"90W wired, PD"}]},{"category":"Misc","specs":[{"label":"Colors","value":"Nitro Blue, Blaze Gold"},{"label":"Models","value":"V2510"},{"label":"SAR","value":"0.99 W/kg (head)     0.93 W/kg (body)"},{"label":"Price","value":"₹ 26,847"}]}]');
INSERT OR IGNORE INTO device_pictures (device_id, url, position) VALUES (750, 'https://fdn2.gsmarena.com/vv/bigpic/vivo-t4-pro.jpg', 0);
INSERT OR IGNORE INTO device_pictures (device_id, url, position) VALUES (750, 'https://fdn2.gsmarena.com/vv/pics/vivo/vivo-t4-pro-1.jpg', 1);
INSERT OR IGNORE INTO device_pictures (device_id, url, position) VALUES (750, 'https://fdn2.gsmarena.com/vv/pics/vivo/vivo-t4-pro-2.jpg', 2);
INSERT OR IGNORE INTO device_pictures (device_id, url, position) VALUES (750, 'https://fdn2.gsmarena.com/vv/pics/vivo/vivo-t4-pro-3.jpg', 3);
INSERT OR IGNORE INTO devices (id, brand_id, name, gsmarena_url, thumbnail_url, summary) VALUES (751, 5, 'V60', 'https://www.gsmarena.com/vivo_v60_5g-14021.php', 'https://fdn2.gsmarena.com/vv/bigpic/vivo-v60.jpg', 'V60');
INSERT OR IGNORE INTO device_specs (device_id, announced, status, network, os, chipset, cpu, gpu, display_size, display_type, display_res, ram, storage, main_camera, selfie_camera, battery, charging, nfc, usb, bluetooth, wlan, colors, weight, dimensions, sim, sensors, popularity, fans, rating, full_specs_json) VALUES (751, '2025, August 12', 'Available. Released 2025, August 19', 'GSM / HSPA / LTE / 5G / 5G', 'Android 15, up to 4 major Android upgrades, Funtouch 15', 'Qualcomm SM7750-AB Snapdragon 7 Gen 4 (4 nm)', 'Octa-core (1x2.8 GHz Cortex-720 & 4x2.4 GHz Cortex-720 & 3x1.8 GHz Cortex-520)', 'Adreno 722', '6.77 inches, 110.9 cm 2 (~88.1% screen-to-body ratio)', 'AMOLED, 1B colors, HDR10+, 120Hz, 1500 nits (HBM), 5000 nits (peak)', '1080 x 2392 pixels (~388 ppi density)', '8GB', '128GB', '50 MP, f/1.9, 23mm (wide), 1/1.56", 1.0µm, PDAF, OIS, Zeiss optics, Ring-LED flash, panorama, HDR', '50 MP, f/2.2, 21mm (wide), 1/2.76", 0.64µm, AF, 4K@30fps, 1080p@30/60fps', 'Si/C Li-Ion 6500 mAh', '90W wired, PD', 'Yes', 'USB Type-C 2.0, OTG', '5.4, A2DP, LE', 'Wi-Fi 802.11 a/b/g/n/ac/6, dual-band', 'Mist Grey, Moonlit Blue, Ocean Blue, Auspicious Gold, Berry Purple', '192 g or 201 g (6.77 oz)', '163.5 x 77 x 7.5 mm or 7.8 mm', 'Nano-SIM + Nano-SIM', 'Fingerprint (under display, optical), accelerometer, gyro, compass', '₹ 34,741', NULL, NULL, '[{"category":"Network","specs":[{"label":"Technology","value":"GSM / HSPA / LTE / 5G"},{"label":"2G bands","value":"GSM 850 / 900 / 1800 / 1900"},{"label":"3G bands","value":"HSDPA 800 / 850 / 900 / 1700(AWS) / 1900 / 2100"},{"label":"4G bands","value":"1, 2, 3, 4, 5, 7, 8, 12, 17, 18, 19, 20, 26, 28, 38, 39, 40, 41, 42, 66 - International"},{"label":"5G bands","value":"1, 3, 5, 7, 8, 20, 26, 28, 38, 40, 41, 66, 77, 78 SA/NSA - International"},{"label":"Speed","value":"HSPA, LTE, 5G"}]},{"category":"Launch","specs":[{"label":"Announced","value":"2025, August 12"},{"label":"Status","value":"Available. Released 2025, August 19"}]},{"category":"Body","specs":[{"label":"Dimensions","value":"163.5 x 77 x 7.5 mm or 7.8 mm"},{"label":"Weight","value":"192 g or 201 g (6.77 oz)"},{"label":"Build","value":"Glass front, plastic frame, plastic back or glass back"},{"label":"SIM","value":"Nano-SIM + Nano-SIM"}]},{"category":"Display","specs":[{"label":"Type","value":"AMOLED, 1B colors, HDR10+, 120Hz, 1500 nits (HBM), 5000 nits (peak)"},{"label":"Size","value":"6.77 inches, 110.9 cm 2 (~88.1% screen-to-body ratio)"},{"label":"Resolution","value":"1080 x 2392 pixels (~388 ppi density)"},{"label":"Protection","value":"Schott Xensation Core"}]},{"category":"Platform","specs":[{"label":"OS","value":"Android 15, up to 4 major Android upgrades, Funtouch 15"},{"label":"Chipset","value":"Qualcomm SM7750-AB Snapdragon 7 Gen 4 (4 nm)"},{"label":"CPU","value":"Octa-core (1x2.8 GHz Cortex-720 & 4x2.4 GHz Cortex-720 & 3x1.8 GHz Cortex-520)"},{"label":"GPU","value":"Adreno 722"}]},{"category":"Memory","specs":[{"label":"Card slot","value":"No"},{"label":"Internal","value":"128GB 8GB RAM, 256GB 8GB RAM, 256GB 12GB RAM, 512GB 12GB RAM, 512GB 16GB RAM"}]},{"category":"Main Camera","specs":[{"label":"Triple","value":"50 MP, f/1.9, 23mm (wide), 1/1.56\\", 1.0µm, PDAF, OIS"},{"label":"Features","value":"Zeiss optics, Ring-LED flash, panorama, HDR"},{"label":"Video","value":"4K@30fps, 1080p@30/60fps, gyro-EIS, OIS"}]},{"category":"Selfie camera","specs":[{"label":"Single","value":"50 MP, f/2.2, 21mm (wide), 1/2.76\\", 0.64µm, AF"},{"label":"Video","value":"4K@30fps, 1080p@30/60fps"},{"label":"Features","value":"Zeiss optics, HDR"}]},{"category":"Sound","specs":[{"label":"Loudspeaker","value":"Yes, with stereo speakers"},{"label":"3.5mm jack","value":"No"}]},{"category":"Comms","specs":[{"label":"WLAN","value":"Wi-Fi 802.11 a/b/g/n/ac/6, dual-band"},{"label":"Bluetooth","value":"5.4, A2DP, LE"},{"label":"Positioning","value":"GPS, GALILEO, GLONASS, QZSS, BDS, NavIC"},{"label":"NFC","value":"Yes"},{"label":"USB","value":"USB Type-C 2.0, OTG"},{"label":"Radio","value":"No"},{"label":"Infrared port","value":"Yes"}]},{"category":"Features","specs":[{"label":"Sensors","value":"Fingerprint (under display, optical), accelerometer, gyro, compass"}]},{"category":"Battery","specs":[{"label":"Type","value":"Si/C Li-Ion 6500 mAh"},{"label":"Charging","value":"90W wired, PD"}]},{"category":"Misc","specs":[{"label":"Colors","value":"Mist Grey, Moonlit Blue, Ocean Blue, Auspicious Gold, Berry Purple"},{"label":"Models","value":"V2511"},{"label":"SAR","value":"0.99 W/kg (head)     0.93 W/kg (body)"},{"label":"Price","value":"₹ 34,741"}]}]');
INSERT OR IGNORE INTO device_pictures (device_id, url, position) VALUES (751, 'https://fdn2.gsmarena.com/vv/bigpic/vivo-v60.jpg', 0);
INSERT OR IGNORE INTO device_pictures (device_id, url, position) VALUES (751, 'https://fdn2.gsmarena.com/vv/pics/vivo/vivo-v60-1.jpg', 1);
INSERT OR IGNORE INTO device_pictures (device_id, url, position) VALUES (751, 'https://fdn2.gsmarena.com/vv/pics/vivo/vivo-v60-2.jpg', 2);
INSERT OR IGNORE INTO device_pictures (device_id, url, position) VALUES (751, 'https://fdn2.gsmarena.com/vv/pics/vivo/vivo-v60-5.jpg', 3);
INSERT OR IGNORE INTO device_pictures (device_id, url, position) VALUES (751, 'https://fdn2.gsmarena.com/vv/pics/vivo/vivo-v60-3.jpg', 4);
INSERT OR IGNORE INTO device_pictures (device_id, url, position) VALUES (751, 'https://fdn.gsmarena.com/imgroot/reviews/25/vivo-v60/lifestyle/-1024w2/gsmarena_001.jpg', 5);
INSERT OR IGNORE INTO device_pictures (device_id, url, position) VALUES (751, 'https://fdn.gsmarena.com/imgroot/reviews/25/vivo-v60/lifestyle/-1024w2/gsmarena_002.jpg', 6);
INSERT OR IGNORE INTO device_pictures (device_id, url, position) VALUES (751, 'https://fdn.gsmarena.com/imgroot/reviews/25/vivo-v60/lifestyle/-1024w2/gsmarena_003.jpg', 7);
INSERT OR IGNORE INTO device_pictures (device_id, url, position) VALUES (751, 'https://fdn.gsmarena.com/imgroot/reviews/25/vivo-v60/lifestyle/-1024w2/gsmarena_004.jpg', 8);
INSERT OR IGNORE INTO device_pictures (device_id, url, position) VALUES (751, 'https://fdn.gsmarena.com/imgroot/reviews/25/vivo-v60/lifestyle/-1024w2/gsmarena_005.jpg', 9);
INSERT OR IGNORE INTO devices (id, brand_id, name, gsmarena_url, thumbnail_url, summary) VALUES (752, 5, 'iQOO Z10 Turbo+', 'https://www.gsmarena.com/vivo_iqoo_z10_turbo+_5g-14038.php', 'https://fdn2.gsmarena.com/vv/bigpic/vivo-iqoo-z10-turbo-plus.jpg', 'iQOO Z10 Turbo+');
INSERT OR IGNORE INTO device_specs (device_id, announced, status, network, os, chipset, cpu, gpu, display_size, display_type, display_res, ram, storage, main_camera, selfie_camera, battery, charging, nfc, usb, bluetooth, wlan, colors, weight, dimensions, sim, sensors, popularity, fans, rating, full_specs_json) VALUES (752, '2025, August 07', 'Available. Released 2025, August 07', 'GSM / HSPA / LTE / 5G / 5G', 'Android 15, OriginOS 5', 'Mediatek Dimensity 9400+ (3 nm)', 'Octa-core (1x3.73 GHz Cortex-X925 & 3x3.3 GHz Cortex-X4 & 4x2.4 GHz Cortex-A720)', 'Immortalis-G925', '6.78 inches, 111.0 cm 2 (~89.3% screen-to-body ratio)', 'AMOLED, 1B colors, 144Hz, HDR, 4320Hz PWM, 2000 nits (HBM), 5500 nits (peak)', '1260 x 2800 pixels, 20:9 ratio (~453 ppi density)', '12GB', '256GB', '50 MP, f/1.8, (wide), 1/1.95", 0.8µm, PDAF, OIS, Color spectrum sensor, LED flash, HDR, panorama', '16 MP, f/2.5, (wide), 1/3.0", 1.0µm, 1080p@30fps, gyro-EIS', 'Si/C Li-Ion 8000 mAh', '90W wired, 55W PD/PPS', 'Yes', 'USB Type-C 2.0, OTG', '5.4, A2DP, LE, aptX HD, LHDC 5', 'Wi-Fi 802.11 a/b/g/n/ac/6/7, dual-band', 'White, Gray, Gold', '212 g (7.48 oz)', '163.7 x 75.9 x 8.2 mm (6.44 x 2.99 x 0.32 in)', 'Nano-SIM + Nano-SIM', 'Fingerprint (under display, optical), accelerometer, gyro, proximity, compass', 'About 250 EUR', NULL, NULL, '[{"category":"Network","specs":[{"label":"Technology","value":"GSM / HSPA / LTE / 5G"},{"label":"2G bands","value":"GSM 850 / 900 / 1800 / 1900"},{"label":"3G bands","value":"HSDPA 800 / 850 / 900 / 2100"},{"label":"4G bands","value":"1, 3, 5, 8, 18, 19, 26, 28, 34, 38, 39, 40, 41, 42, 43, 48"},{"label":"5G bands","value":"1, 3, 5, 8, 18, 26, 28, 34, 38, 39, 40, 41, 48, 77, 78 SA/NSA"},{"label":"Speed","value":"HSPA, LTE, 5G"}]},{"category":"Launch","specs":[{"label":"Announced","value":"2025, August 07"},{"label":"Status","value":"Available. Released 2025, August 07"}]},{"category":"Body","specs":[{"label":"Dimensions","value":"163.7 x 75.9 x 8.2 mm (6.44 x 2.99 x 0.32 in)"},{"label":"Weight","value":"212 g (7.48 oz)"},{"label":"SIM","value":"Nano-SIM + Nano-SIM"}]},{"category":"Display","specs":[{"label":"Type","value":"AMOLED, 1B colors, 144Hz, HDR, 4320Hz PWM, 2000 nits (HBM), 5500 nits (peak)"},{"label":"Size","value":"6.78 inches, 111.0 cm 2 (~89.3% screen-to-body ratio)"},{"label":"Resolution","value":"1260 x 2800 pixels, 20:9 ratio (~453 ppi density)"}]},{"category":"Platform","specs":[{"label":"OS","value":"Android 15, OriginOS 5"},{"label":"Chipset","value":"Mediatek Dimensity 9400+ (3 nm)"},{"label":"CPU","value":"Octa-core (1x3.73 GHz Cortex-X925 & 3x3.3 GHz Cortex-X4 & 4x2.4 GHz Cortex-A720)"},{"label":"GPU","value":"Immortalis-G925"}]},{"category":"Memory","specs":[{"label":"Card slot","value":"No"},{"label":"Internal","value":"256GB 12GB RAM, 256GB 16GB RAM, 512GB 12GB RAM, 512GB 16GB RAM"}]},{"category":"Main Camera","specs":[{"label":"Dual","value":"50 MP, f/1.8, (wide), 1/1.95\\", 0.8µm, PDAF, OIS"},{"label":"Features","value":"Color spectrum sensor, LED flash, HDR, panorama"},{"label":"Video","value":"4K, 1080p, gyro-EIS, OIS"}]},{"category":"Selfie camera","specs":[{"label":"Single","value":"16 MP, f/2.5, (wide), 1/3.0\\", 1.0µm"},{"label":"Video","value":"1080p@30fps, gyro-EIS"}]},{"category":"Sound","specs":[{"label":"Loudspeaker","value":"Yes, with stereo speakers"},{"label":"3.5mm jack","value":"No"}]},{"category":"Comms","specs":[{"label":"WLAN","value":"Wi-Fi 802.11 a/b/g/n/ac/6/7, dual-band"},{"label":"Bluetooth","value":"5.4, A2DP, LE, aptX HD, LHDC 5"},{"label":"Positioning","value":"GPS (L1+L5), BDS (B1I+B1C+B2a+B2b), GALILEO (E1+E5a+E5b), QZSS (L1+L5), NavIC (L5), GLONASS"},{"label":"NFC","value":"Yes"},{"label":"USB","value":"USB Type-C 2.0, OTG"},{"label":"Radio","value":"No"},{"label":"Infrared port","value":"Yes"}]},{"category":"Features","specs":[{"label":"Sensors","value":"Fingerprint (under display, optical), accelerometer, gyro, proximity, compass"}]},{"category":"Battery","specs":[{"label":"Type","value":"Si/C Li-Ion 8000 mAh"},{"label":"Charging","value":"90W wired, 55W PD/PPS"}]},{"category":"Misc","specs":[{"label":"Colors","value":"White, Gray, Gold"},{"label":"Models","value":"V2507A"},{"label":"Price","value":"About 250 EUR"}]}]');
INSERT OR IGNORE INTO device_pictures (device_id, url, position) VALUES (752, 'https://fdn2.gsmarena.com/vv/bigpic/vivo-iqoo-z10-turbo-plus.jpg', 0);
INSERT OR IGNORE INTO device_pictures (device_id, url, position) VALUES (752, 'https://fdn2.gsmarena.com/vv/pics/vivo/vivo-iqoo-z10-turbo-plus-1.jpg', 1);
INSERT OR IGNORE INTO device_pictures (device_id, url, position) VALUES (752, 'https://fdn2.gsmarena.com/vv/pics/vivo/vivo-iqoo-z10-turbo-plus-2.jpg', 2);
INSERT OR IGNORE INTO devices (id, brand_id, name, gsmarena_url, thumbnail_url, summary) VALUES (753, 5, 'Y19s GT', 'https://www.gsmarena.com/vivo_y19s_gt_5g-14045.php', 'https://fdn2.gsmarena.com/vv/bigpic/vivo-y19s-gt-5g.jpg', 'Y19s GT');
INSERT OR IGNORE INTO device_specs (device_id, announced, status, network, os, chipset, cpu, gpu, display_size, display_type, display_res, ram, storage, main_camera, selfie_camera, battery, charging, nfc, usb, bluetooth, wlan, colors, weight, dimensions, sim, sensors, popularity, fans, rating, full_specs_json) VALUES (753, '2025, July 13', 'Available. Released 2025, July', 'GSM / HSPA / LTE / 5G / 5G', 'Android 15, Funtouch 15', 'Mediatek Dimensity 6300 (6 nm)', 'Octa-core (2x2.4 GHz Cortex-A76 & 6x2.0 GHz Cortex-A55)', 'Mali-G57 MC2', '6.74 inches, 109.7 cm 2 (~85.1% screen-to-body ratio)', 'IPS LCD, 90Hz, 570 nits (HBM)', '720 x 1600 pixels, 20:9 ratio (~260 ppi density)', '6GB', '128GB', '50 MP, f/1.8, (wide), PDAF, LED flash, panorama', '5 MP, f/2.2, (wide), Yes', 'Li-Ion 5500 mAh', '15W wired', 'Yes', 'USB Type-C 2.0, OTG', '5.4, A2DP, LE', 'Wi-Fi 802.11 a/b/g/n/ac, dual-band', 'Jade Green, Crystal Purple', '199 g (7.02 oz)', '167.3 x 77 x 8.2 mm (6.59 x 3.03 x 0.32 in)', 'Nano-SIM + Nano-SIM', 'Fingerprint (side-mounted), accelerometer, proximity', 'About 110 EUR', NULL, NULL, '[{"category":"Network","specs":[{"label":"Technology","value":"GSM / HSPA / LTE / 5G"},{"label":"2G bands","value":"GSM 850 / 900 / 1800 / 1900"},{"label":"3G bands","value":"HSDPA 850 / 900 / 2100"},{"label":"4G bands","value":"1, 3, 5, 7, 8, 20, 28, 38, 40, 41"},{"label":"5G bands","value":"1, 3, 5, 7, 8, 20, 28, 38, 40, 41, 77, 78 SA/NSA"},{"label":"Speed","value":"HSPA, LTE"}]},{"category":"Launch","specs":[{"label":"Announced","value":"2025, July 13"},{"label":"Status","value":"Available. Released 2025, July"}]},{"category":"Body","specs":[{"label":"Dimensions","value":"167.3 x 77 x 8.2 mm (6.59 x 3.03 x 0.32 in)"},{"label":"Weight","value":"199 g (7.02 oz)"},{"label":"Build","value":"Glass front, plastic frame, plastic back"},{"label":"SIM","value":"Nano-SIM + Nano-SIM"}]},{"category":"Display","specs":[{"label":"Type","value":"IPS LCD, 90Hz, 570 nits (HBM)"},{"label":"Size","value":"6.74 inches, 109.7 cm 2 (~85.1% screen-to-body ratio)"},{"label":"Resolution","value":"720 x 1600 pixels, 20:9 ratio (~260 ppi density)"}]},{"category":"Platform","specs":[{"label":"OS","value":"Android 15, Funtouch 15"},{"label":"Chipset","value":"Mediatek Dimensity 6300 (6 nm)"},{"label":"CPU","value":"Octa-core (2x2.4 GHz Cortex-A76 & 6x2.0 GHz Cortex-A55)"},{"label":"GPU","value":"Mali-G57 MC2"}]},{"category":"Memory","specs":[{"label":"Card slot","value":"microSDXC (dedicated slot)"},{"label":"Internal","value":"128GB 6GB RAM, 128GB 8GB RAM, 256GB 8GB RAM"}]},{"category":"Main Camera","specs":[{"label":"Single","value":"50 MP, f/1.8, (wide), PDAF"},{"label":"Features","value":"LED flash, panorama"},{"label":"Video","value":"1080p@30fps"}]},{"category":"Selfie camera","specs":[{"label":"Single","value":"5 MP, f/2.2, (wide)"},{"label":"Video","value":"Yes"}]},{"category":"Sound","specs":[{"label":"Loudspeaker","value":"Yes"},{"label":"3.5mm jack","value":"Yes"}]},{"category":"Comms","specs":[{"label":"WLAN","value":"Wi-Fi 802.11 a/b/g/n/ac, dual-band"},{"label":"Bluetooth","value":"5.4, A2DP, LE"},{"label":"Positioning","value":"GPS, GALILEO, GLONASS, BDS, QZSS"},{"label":"NFC","value":"Yes"},{"label":"USB","value":"USB Type-C 2.0, OTG"},{"label":"Radio","value":"FM radio"}]},{"category":"Features","specs":[{"label":"Sensors","value":"Fingerprint (side-mounted), accelerometer, proximity"}]},{"category":"Battery","specs":[{"label":"Type","value":"Li-Ion 5500 mAh"},{"label":"Charging","value":"15W wired"}]},{"category":"Misc","specs":[{"label":"Colors","value":"Jade Green, Crystal Purple"},{"label":"Models","value":"V2459"},{"label":"Price","value":"About 110 EUR"}]}]');
INSERT OR IGNORE INTO device_pictures (device_id, url, position) VALUES (753, 'https://fdn2.gsmarena.com/vv/bigpic/vivo-y19s-gt-5g.jpg', 0);
INSERT OR IGNORE INTO device_pictures (device_id, url, position) VALUES (753, 'https://fdn2.gsmarena.com/vv/pics/vivo/vivo-y04-1.jpg', 1);
INSERT OR IGNORE INTO device_pictures (device_id, url, position) VALUES (753, 'https://fdn2.gsmarena.com/vv/pics/vivo/vivo-y19s-gt-5g-1.jpg', 2);
INSERT OR IGNORE INTO devices (id, brand_id, name, gsmarena_url, thumbnail_url, summary) VALUES (754, 5, 'Y400', 'https://www.gsmarena.com/vivo_y400_5g-14043.php', 'https://fdn2.gsmarena.com/vv/bigpic/vivo-y400-5g.jpg', 'Y400');
INSERT OR IGNORE INTO device_specs (device_id, announced, status, network, os, chipset, cpu, gpu, display_size, display_type, display_res, ram, storage, main_camera, selfie_camera, battery, charging, nfc, usb, bluetooth, wlan, colors, weight, dimensions, sim, sensors, popularity, fans, rating, full_specs_json) VALUES (754, '2025, August 04', 'Available. Released 2025, August 07', 'GSM / HSPA / LTE / 5G / 5G', 'Android 15, Funtouch 15', 'Qualcomm SM4450 Snapdragon 4 Gen 2 (4 nm)', 'Octa-core (2x2.2 GHz Cortex-A78 & 6x1.95 GHz Cortex-A55)', 'Adreno 613', '6.67 inches, 107.4 cm 2 (~87.9% screen-to-body ratio)', 'AMOLED, 120Hz, 1200 nits (HBM), 1800 nits (peak)', '1080 x 2400 pixels, 20:9 ratio (~395 ppi density)', '8GB', '128GB', '50 MP, f/1.8, (wide), 1/2.96", PDAF, Ring-LED flash, panorama, HDR', '32 MP, f/2.5, (wide), 1080p@30fps', 'Li-Ion 6000 mAh', '90W wired, 50% in 20 min', 'No', 'USB Type-C 2.0, OTG', '5.0, A2DP, LE', 'Wi-Fi 802.11 a/b/g/n/ac, dual-band', 'Glam White, Olive Green', '197 g (6.95 oz)', '162.3 x 75.3 x 7.9 mm (6.39 x 2.96 x 0.31 in)', 'Nano-SIM + Nano-SIM', 'Fingerprint (under display, optical), accelerometer, gyro, proximity, compass', '₹ 25,999', NULL, NULL, '[{"category":"Network","specs":[{"label":"Technology","value":"GSM / HSPA / LTE / 5G"},{"label":"2G bands","value":"GSM 850 / 900 / 1800 / 1900"},{"label":"3G bands","value":"HSDPA 800 / 850 / 900 / 2100"},{"label":"4G bands","value":"1, 3, 4, 5, 8, 18, 19, 26, 28, 38, 40, 41, 42, 48"},{"label":"5G bands","value":"1, 3, 5, 8, 28, 40, 77, 78 SA/NSA"},{"label":"Speed","value":"HSPA, LTE, 5G"}]},{"category":"Launch","specs":[{"label":"Announced","value":"2025, August 04"},{"label":"Status","value":"Available. Released 2025, August 07"}]},{"category":"Body","specs":[{"label":"Dimensions","value":"162.3 x 75.3 x 7.9 mm (6.39 x 2.96 x 0.31 in)"},{"label":"Weight","value":"197 g (6.95 oz)"},{"label":"Build","value":"Glass front, plastic back, plastic frame"},{"label":"SIM","value":"Nano-SIM + Nano-SIM"}]},{"category":"Display","specs":[{"label":"Type","value":"AMOLED, 120Hz, 1200 nits (HBM), 1800 nits (peak)"},{"label":"Size","value":"6.67 inches, 107.4 cm 2 (~87.9% screen-to-body ratio)"},{"label":"Resolution","value":"1080 x 2400 pixels, 20:9 ratio (~395 ppi density)"}]},{"category":"Platform","specs":[{"label":"OS","value":"Android 15, Funtouch 15"},{"label":"Chipset","value":"Qualcomm SM4450 Snapdragon 4 Gen 2 (4 nm)"},{"label":"CPU","value":"Octa-core (2x2.2 GHz Cortex-A78 & 6x1.95 GHz Cortex-A55)"},{"label":"GPU","value":"Adreno 613"}]},{"category":"Memory","specs":[{"label":"Card slot","value":"Unspecified"},{"label":"Internal","value":"128GB 8GB RAM, 256GB 8GB RAM"}]},{"category":"Main Camera","specs":[{"label":"Dual","value":"50 MP, f/1.8, (wide), 1/2.96\\", PDAF"},{"label":"Features","value":"Ring-LED flash, panorama, HDR"},{"label":"Video","value":"1080p@30fps"}]},{"category":"Selfie camera","specs":[{"label":"Single","value":"32 MP, f/2.5, (wide)"},{"label":"Video","value":"1080p@30fps"}]},{"category":"Sound","specs":[{"label":"Loudspeaker","value":"Yes, with stereo speakers"},{"label":"3.5mm jack","value":"No"}]},{"category":"Comms","specs":[{"label":"WLAN","value":"Wi-Fi 802.11 a/b/g/n/ac, dual-band"},{"label":"Bluetooth","value":"5.0, A2DP, LE"},{"label":"Positioning","value":"GPS, GLONASS, GALILEO, BDS, QZSS"},{"label":"NFC","value":"No"},{"label":"USB","value":"USB Type-C 2.0, OTG"},{"label":"Radio","value":"No"}]},{"category":"Features","specs":[{"label":"Sensors","value":"Fingerprint (under display, optical), accelerometer, gyro, proximity, compass"}]},{"category":"Battery","specs":[{"label":"Type","value":"Li-Ion 6000 mAh"},{"label":"Charging","value":"90W wired, 50% in 20 min"}]},{"category":"Misc","specs":[{"label":"Colors","value":"Glam White, Olive Green"},{"label":"SAR","value":"0.99 W/kg (head)     0.80 W/kg (body)"},{"label":"Price","value":"₹ 25,999"}]}]');
INSERT OR IGNORE INTO device_pictures (device_id, url, position) VALUES (754, 'https://fdn2.gsmarena.com/vv/bigpic/vivo-y400-5g.jpg', 0);
INSERT OR IGNORE INTO device_pictures (device_id, url, position) VALUES (754, 'https://fdn2.gsmarena.com/vv/pics/vivo/vivo-y400-4g-1.jpg', 1);
INSERT OR IGNORE INTO device_pictures (device_id, url, position) VALUES (754, 'https://fdn2.gsmarena.com/vv/pics/vivo/vivo-y400-4g-2.jpg', 2);
INSERT OR IGNORE INTO devices (id, brand_id, name, gsmarena_url, thumbnail_url, summary) VALUES (755, 5, 'Y400 4G', 'https://www.gsmarena.com/vivo_y400-14040.php', 'https://fdn2.gsmarena.com/vv/bigpic/vivo-y400-4g.jpg', 'Y400 4G');
INSERT OR IGNORE INTO device_specs (device_id, announced, status, network, os, chipset, cpu, gpu, display_size, display_type, display_res, ram, storage, main_camera, selfie_camera, battery, charging, nfc, usb, bluetooth, wlan, colors, weight, dimensions, sim, sensors, popularity, fans, rating, full_specs_json) VALUES (755, '2025, July 28', 'Available. Released 2025, July 28', 'GSM / HSPA / LTE / 4G/LTE', 'Android 15, Funtouch 15', 'Qualcomm SM6225 Snapdragon 685 (6 nm)', 'Octa-core (4x2.8 GHz Cortex-A73 & 4x1.9 GHz Cortex-A53)', 'Adreno 610', '6.67 inches, 107.4 cm 2 (~87.9% screen-to-body ratio)', 'AMOLED, 120Hz, 1200 nits (HBM), 1800 nits (peak)', '1080 x 2400 pixels, 20:9 ratio (~395 ppi density)', '8GB', '128GB', '50 MP, f/1.8, (wide), 1/2.96", PDAF, Ring-LED flash, panorama, HDR', '8 MP, f/2.1, (wide), 1080p@30fps', 'Si/C Li-Ion 6000 mAh', '44W wired', 'Yes (market/region dependent)', 'USB Type-C 2.0, OTG', '5.0, A2DP, LE', 'Wi-Fi 802.11 a/b/g/n/ac, dual-band', 'Purple Twilight, Tropical Green (Dynamic Green), Pearl White', '196 g or 198 g (6.91 oz)', '162.3 x 75.3 x 7.9 mm (6.39 x 2.96 x 0.31 in)', 'Nano-SIM + Nano-SIM', 'Fingerprint (under display, optical), accelerometer, gyro, proximity, compass', 'About 200 EUR', NULL, NULL, '[{"category":"Network","specs":[{"label":"Technology","value":"GSM / HSPA / LTE"},{"label":"2G bands","value":"GSM 850 / 900 / 1800 / 1900"},{"label":"3G bands","value":"HSDPA 850 / 900 / 2100"},{"label":"4G bands","value":"1, 3, 5, 7, 8, 20, 28, 38, 40, 41"},{"label":"Speed","value":"HSPA, LTE"}]},{"category":"Launch","specs":[{"label":"Announced","value":"2025, July 28"},{"label":"Status","value":"Available. Released 2025, July 28"}]},{"category":"Body","specs":[{"label":"Dimensions","value":"162.3 x 75.3 x 7.9 mm (6.39 x 2.96 x 0.31 in)"},{"label":"Weight","value":"196 g or 198 g (6.91 oz)"},{"label":"Build","value":"Glass front, plastic back, plastic frame"},{"label":"SIM","value":"Nano-SIM + Nano-SIM"}]},{"category":"Display","specs":[{"label":"Type","value":"AMOLED, 120Hz, 1200 nits (HBM), 1800 nits (peak)"},{"label":"Size","value":"6.67 inches, 107.4 cm 2 (~87.9% screen-to-body ratio)"},{"label":"Resolution","value":"1080 x 2400 pixels, 20:9 ratio (~395 ppi density)"}]},{"category":"Platform","specs":[{"label":"OS","value":"Android 15, Funtouch 15"},{"label":"Chipset","value":"Qualcomm SM6225 Snapdragon 685 (6 nm)"},{"label":"CPU","value":"Octa-core (4x2.8 GHz Cortex-A73 & 4x1.9 GHz Cortex-A53)"},{"label":"GPU","value":"Adreno 610"}]},{"category":"Memory","specs":[{"label":"Card slot","value":"No"},{"label":"Internal","value":"128GB 8GB RAM, 256GB 8GB RAM"}]},{"category":"Main Camera","specs":[{"label":"Dual","value":"50 MP, f/1.8, (wide), 1/2.96\\", PDAF"},{"label":"Features","value":"Ring-LED flash, panorama, HDR"},{"label":"Video","value":"1080p@30fps"}]},{"category":"Selfie camera","specs":[{"label":"Single","value":"8 MP, f/2.1, (wide)"},{"label":"Video","value":"1080p@30fps"}]},{"category":"Sound","specs":[{"label":"Loudspeaker","value":"Yes, with stereo speakers"},{"label":"3.5mm jack","value":"No"}]},{"category":"Comms","specs":[{"label":"WLAN","value":"Wi-Fi 802.11 a/b/g/n/ac, dual-band"},{"label":"Bluetooth","value":"5.0, A2DP, LE"},{"label":"Positioning","value":"GPS, GLONASS, GALILEO, BDS, QZSS"},{"label":"NFC","value":"Yes (market/region dependent)"},{"label":"USB","value":"USB Type-C 2.0, OTG"},{"label":"Radio","value":"No"}]},{"category":"Features","specs":[{"label":"Sensors","value":"Fingerprint (under display, optical), accelerometer, gyro, proximity, compass"}]},{"category":"Battery","specs":[{"label":"Type","value":"Si/C Li-Ion 6000 mAh"},{"label":"Charging","value":"44W wired"}]},{"category":"Misc","specs":[{"label":"Colors","value":"Purple Twilight, Tropical Green (Dynamic Green), Pearl White"},{"label":"Models","value":"I2502"},{"label":"Price","value":"About 200 EUR"}]}]');
INSERT OR IGNORE INTO device_pictures (device_id, url, position) VALUES (755, 'https://fdn2.gsmarena.com/vv/bigpic/vivo-y400-4g.jpg', 0);
INSERT OR IGNORE INTO device_pictures (device_id, url, position) VALUES (755, 'https://fdn2.gsmarena.com/vv/pics/vivo/vivo-y400-4g-1.jpg', 1);
INSERT OR IGNORE INTO device_pictures (device_id, url, position) VALUES (755, 'https://fdn2.gsmarena.com/vv/pics/vivo/vivo-y400-4g-2.jpg', 2);
INSERT OR IGNORE INTO device_pictures (device_id, url, position) VALUES (755, 'https://fdn2.gsmarena.com/vv/pics/vivo/vivo-y400-4g-3.jpg', 3);
INSERT OR IGNORE INTO devices (id, brand_id, name, gsmarena_url, thumbnail_url, summary) VALUES (756, 5, 'T4R', 'https://www.gsmarena.com/vivo_t4r_5g-14035.php', 'https://fdn2.gsmarena.com/vv/bigpic/vivo-v50e.jpg', 'T4R');
INSERT OR IGNORE INTO device_specs (device_id, announced, status, network, os, chipset, cpu, gpu, display_size, display_type, display_res, ram, storage, main_camera, selfie_camera, battery, charging, nfc, usb, bluetooth, wlan, colors, weight, dimensions, sim, sensors, popularity, fans, rating, full_specs_json) VALUES (756, '2025, July 31', 'Available. Released 2025, August 05', 'GSM / HSPA / LTE / 5G / 5G', 'Android 15, up to 2 major Android upgrades, Funtouch 15', 'Mediatek Dimensity 7400 (4 nm)', 'Octa-core (4x2.6 GHz Cortex-A78 & 4x2.0 GHz Cortex-A55)', 'Mali-G615 MC2', '6.77 inches, 110.9 cm 2 (~88.5% screen-to-body ratio)', 'AMOLED, 1B colors, 120Hz, 2160Hz PWM, HDR10+, 1300 nits (HBM), 1800 nits (peak)', '1080 x 2392 pixels (~388 ppi density)', '8GB', '128GB', '50 MP, f/1.8, (wide), 1/1.95", 0.8µm, PDAF, OIS, LED flash, HDR, panorama', '32 MP, f/2.5, (wide), 4K@30fps, 1080p@30/60fps', 'Li-Ion 5700 mAh', '44W wired', 'No', 'USB Type-C 2.0, OTG', '5.4, A2DP, LE', 'Wi-Fi 802.11 a/b/g/n/ac/6, dual-band', 'Arctic White, Twilight Blue', '183.5 g (6.49 oz)', '163.3 x 76.7 x 7.4 mm (6.43 x 3.02 x 0.29 in)', 'Nano-SIM + Nano-SIM', 'Fingerprint (under display, optical), accelerometer, gyro, proximity, compass', '₹ 21,830', NULL, NULL, '[{"category":"Network","specs":[{"label":"Technology","value":"GSM / HSPA / LTE / 5G"},{"label":"2G bands","value":"GSM 850 / 900 / 1800 / 1900"},{"label":"3G bands","value":"HSDPA 850 / 900 / 1700(AWS) / 2100"},{"label":"4G bands","value":"1, 3, 5, 8, 19, 28, 38, 40, 41, 42"},{"label":"5G bands","value":"1, 3, 5, 8, 28, 40, 77, 78 SA/NSA"},{"label":"Speed","value":"HSPA, LTE, 5G"}]},{"category":"Launch","specs":[{"label":"Announced","value":"2025, July 31"},{"label":"Status","value":"Available. Released 2025, August 05"}]},{"category":"Body","specs":[{"label":"Dimensions","value":"163.3 x 76.7 x 7.4 mm (6.43 x 3.02 x 0.29 in)"},{"label":"Weight","value":"183.5 g (6.49 oz)"},{"label":"SIM","value":"Nano-SIM + Nano-SIM"}]},{"category":"Display","specs":[{"label":"Type","value":"AMOLED, 1B colors, 120Hz, 2160Hz PWM, HDR10+, 1300 nits (HBM), 1800 nits (peak)"},{"label":"Size","value":"6.77 inches, 110.9 cm 2 (~88.5% screen-to-body ratio)"},{"label":"Resolution","value":"1080 x 2392 pixels (~388 ppi density)"},{"label":"Protection","value":"Diamond Shield Glass"}]},{"category":"Platform","specs":[{"label":"OS","value":"Android 15, up to 2 major Android upgrades, Funtouch 15"},{"label":"Chipset","value":"Mediatek Dimensity 7400 (4 nm)"},{"label":"CPU","value":"Octa-core (4x2.6 GHz Cortex-A78 & 4x2.0 GHz Cortex-A55)"},{"label":"GPU","value":"Mali-G615 MC2"}]},{"category":"Memory","specs":[{"label":"Card slot","value":"No"},{"label":"Internal","value":"128GB 8GB RAM, 256GB 8GB RAM, 256GB 12GB RAM"}]},{"category":"Main Camera","specs":[{"label":"Dual","value":"50 MP, f/1.8, (wide), 1/1.95\\", 0.8µm, PDAF, OIS"},{"label":"Features","value":"LED flash, HDR, panorama"},{"label":"Video","value":"4K@30fps, 1080p@30/60fps, gyro-EIS"}]},{"category":"Selfie camera","specs":[{"label":"Single","value":"32 MP, f/2.5, (wide)"},{"label":"Video","value":"4K@30fps, 1080p@30/60fps"}]},{"category":"Sound","specs":[{"label":"Loudspeaker","value":"Yes, with stereo speakers"},{"label":"3.5mm jack","value":"No"}]},{"category":"Comms","specs":[{"label":"WLAN","value":"Wi-Fi 802.11 a/b/g/n/ac/6, dual-band"},{"label":"Bluetooth","value":"5.4, A2DP, LE"},{"label":"Positioning","value":"GPS, GLONASS, GALILEO, BDS, QZSS"},{"label":"NFC","value":"No"},{"label":"USB","value":"USB Type-C 2.0, OTG"},{"label":"Radio","value":"No"}]},{"category":"Features","specs":[{"label":"Sensors","value":"Fingerprint (under display, optical), accelerometer, gyro, proximity, compass"}]},{"category":"Battery","specs":[{"label":"Type","value":"Li-Ion 5700 mAh"},{"label":"Charging","value":"44W wired"}]},{"category":"Misc","specs":[{"label":"Colors","value":"Arctic White, Twilight Blue"},{"label":"Price","value":"₹ 21,830"}]}]');
INSERT OR IGNORE INTO device_pictures (device_id, url, position) VALUES (756, 'https://fdn2.gsmarena.com/vv/bigpic/vivo-v50e.jpg', 0);
INSERT OR IGNORE INTO device_pictures (device_id, url, position) VALUES (756, 'https://fdn2.gsmarena.com/vv/pics/vivo/vivo-t4r-0.jpg', 1);
INSERT OR IGNORE INTO device_pictures (device_id, url, position) VALUES (756, 'https://fdn2.gsmarena.com/vv/pics/vivo/vivo-t4r-2.jpg', 2);
INSERT OR IGNORE INTO devices (id, brand_id, name, gsmarena_url, thumbnail_url, summary) VALUES (757, 5, 'Y50 (China)', 'https://www.gsmarena.com/vivo_y50_5g_(china)-14004.php', 'https://fdn2.gsmarena.com/vv/bigpic/vivo-y50-cn.jpg', 'Y50 (China)');
INSERT OR IGNORE INTO device_specs (device_id, announced, status, network, os, chipset, cpu, gpu, display_size, display_type, display_res, ram, storage, main_camera, selfie_camera, battery, charging, nfc, usb, bluetooth, wlan, colors, weight, dimensions, sim, sensors, popularity, fans, rating, full_specs_json) VALUES (757, '2025, July 21', 'Available. Released 2025, July 21', 'GSM / HSPA / LTE / 5G / 5G', 'Android 15, OriginOS 5', 'Mediatek Dimensity 6300 (6 nm)', 'Octa-core (2x2.4 GHz Cortex-A76 & 6x2.0 GHz Cortex-A55)', 'Mali-G57 MC2', '6.74 inches, 109.7 cm 2 (~85.1% screen-to-body ratio)', 'IPS LCD, 90Hz, 1000 nits (HBM)', '720 x 1600 pixels, 20:9 ratio (~260 ppi density)', '4GB', '128GB', '13 MP, f/2.2, (wide), PDAF, LED flash, panorama', '5 MP, f/2.2, (wide), Yes', '6000 mAh', '44W wired', 'Yes', 'USB Type-C 2.0, OTG', '5.4, A2DP, LE, aptX HD', 'Wi-Fi 802.11 a/b/g/n/ac, dual-band', 'Platinum, Azure, Black', '204 g (7.20 oz)', '167.3 x 77 x 8.2 mm (6.59 x 3.03 x 0.32 in)', 'Nano-SIM + Nano-SIM', 'Fingerprint (side-mounted), accelerometer, proximity, compass', 'About 140 EUR', NULL, NULL, '[{"category":"Network","specs":[{"label":"Technology","value":"GSM / HSPA / LTE / 5G"},{"label":"2G bands","value":"GSM 850 / 900 / 1800 / 1900"},{"label":"3G bands","value":"HSDPA 850 / 900 / 2100"},{"label":"4G bands","value":"1, 3, 5, 8, 28, 34, 38, 39, 40, 41"},{"label":"5G bands","value":"1, 3, 5, 8, 28, 38, 40, 41, 77, 78 SA/NSA"},{"label":"Speed","value":"HSPA, LTE"}]},{"category":"Launch","specs":[{"label":"Announced","value":"2025, July 21"},{"label":"Status","value":"Available. Released 2025, July 21"}]},{"category":"Body","specs":[{"label":"Dimensions","value":"167.3 x 77 x 8.2 mm (6.59 x 3.03 x 0.32 in)"},{"label":"Weight","value":"204 g (7.20 oz)"},{"label":"Build","value":"Glass front, plastic frame, plastic back"},{"label":"SIM","value":"Nano-SIM + Nano-SIM"}]},{"category":"Display","specs":[{"label":"Type","value":"IPS LCD, 90Hz, 1000 nits (HBM)"},{"label":"Size","value":"6.74 inches, 109.7 cm 2 (~85.1% screen-to-body ratio)"},{"label":"Resolution","value":"720 x 1600 pixels, 20:9 ratio (~260 ppi density)"}]},{"category":"Platform","specs":[{"label":"OS","value":"Android 15, OriginOS 5"},{"label":"Chipset","value":"Mediatek Dimensity 6300 (6 nm)"},{"label":"CPU","value":"Octa-core (2x2.4 GHz Cortex-A76 & 6x2.0 GHz Cortex-A55)"},{"label":"GPU","value":"Mali-G57 MC2"}]},{"category":"Memory","specs":[{"label":"Card slot","value":"microSDXC"},{"label":"Internal","value":"128GB 4GB RAM, 128GB 6GB RAM, 256GB 6GB RAM, 256GB 8GB RAM, 256GB 12GB RAM"}]},{"category":"Main Camera","specs":[{"label":"Single","value":"13 MP, f/2.2, (wide), PDAF"},{"label":"Features","value":"LED flash, panorama"},{"label":"Video","value":"1080p@30fps"}]},{"category":"Selfie camera","specs":[{"label":"Single","value":"5 MP, f/2.2, (wide)"},{"label":"Video","value":"Yes"}]},{"category":"Sound","specs":[{"label":"Loudspeaker","value":"Yes"},{"label":"3.5mm jack","value":"Yes"}]},{"category":"Comms","specs":[{"label":"WLAN","value":"Wi-Fi 802.11 a/b/g/n/ac, dual-band"},{"label":"Bluetooth","value":"5.4, A2DP, LE, aptX HD"},{"label":"Positioning","value":"GPS, GALILEO, GLONASS, BDS, QZSS"},{"label":"NFC","value":"Yes"},{"label":"USB","value":"USB Type-C 2.0, OTG"},{"label":"Radio","value":"No"},{"label":"Infrared port","value":"Yes"}]},{"category":"Features","specs":[{"label":"Sensors","value":"Fingerprint (side-mounted), accelerometer, proximity, compass"}]},{"category":"Battery","specs":[{"label":"Type","value":"6000 mAh"},{"label":"Charging","value":"44W wired"}]},{"category":"Misc","specs":[{"label":"Colors","value":"Platinum, Azure, Black"},{"label":"Models","value":"V2443A, V2443BA"},{"label":"Price","value":"About 140 EUR"}]}]');
INSERT OR IGNORE INTO device_pictures (device_id, url, position) VALUES (757, 'https://fdn2.gsmarena.com/vv/bigpic/vivo-y50-cn.jpg', 0);
INSERT OR IGNORE INTO device_pictures (device_id, url, position) VALUES (757, 'https://fdn2.gsmarena.com/vv/pics/vivo/vivo-y50-5g-01.jpg', 1);
INSERT OR IGNORE INTO device_pictures (device_id, url, position) VALUES (757, 'https://fdn2.gsmarena.com/vv/pics/vivo/vivo-y50-5g-02.jpg', 2);
INSERT OR IGNORE INTO device_pictures (device_id, url, position) VALUES (757, 'https://fdn2.gsmarena.com/vv/pics/vivo/vivo-y50-5g-03.jpg', 3);
INSERT OR IGNORE INTO devices (id, brand_id, name, gsmarena_url, thumbnail_url, summary) VALUES (758, 5, 'iQOO Z10R (India)', 'https://www.gsmarena.com/vivo_iqoo_z10r-14024.php', 'https://fdn2.gsmarena.com/vv/bigpic/vivo-iqoo-z10r-.jpg', 'iQOO Z10R (India)');
INSERT OR IGNORE INTO device_specs (device_id, announced, status, network, os, chipset, cpu, gpu, display_size, display_type, display_res, ram, storage, main_camera, selfie_camera, battery, charging, nfc, usb, bluetooth, wlan, colors, weight, dimensions, sim, sensors, popularity, fans, rating, full_specs_json) VALUES (758, '2025, July 24', 'Available. Released 2025, July 29', 'GSM / HSPA / LTE / 5G / 5G', 'Android 15, up to 2 major Android upgrades, Funtouch 15', 'Mediatek Dimensity 7400 (4 nm)', 'Octa-core (4x2.6 GHz Cortex-A78 & 4x2.0 GHz Cortex-A55)', 'Mali-G615 MC2', '6.77 inches, 111.5 cm 2 (~89.0% screen-to-body ratio)', 'AMOLED, 120Hz, 2160Hz PWM, HDR10+, 1300 nits (HBM), 1800 nits (peak)', '1080 x 2392 pixels (~387 ppi density)', '8GB', '128GB', '50 MP, f/1.8, (wide), 1/1.95", 0.8µm, PDAF, OIS, LED flash, HDR, panorama', '32 MP, f/2.5, (wide), 4K@30fps, 1080p@30/60fps', 'Li-Ion 5700 mAh', '44W wired', 'No', 'USB Type-C 2.0, OTG', '5.4, A2DP, LE', 'Wi-Fi 802.11 a/b/g/n/ac/6, dual-band', 'Aquamarine, Moonstone', '184 g (6.49 oz)', '163.3 x 76.7 x 7.4 mm (6.43 x 3.02 x 0.29 in)', 'Nano-SIM + Nano-SIM', 'Fingerprint (under display, optical), accelerometer, gyro, proximity, compass', '₹ 22,998', NULL, NULL, '[{"category":"Network","specs":[{"label":"Technology","value":"GSM / HSPA / LTE / 5G"},{"label":"2G bands","value":"GSM 850 / 900 / 1800 / 1900"},{"label":"3G bands","value":"HSDPA 800 / 850 / 900 / 2100"},{"label":"4G bands","value":"1, 3, 5, 8, 19, 28, 38, 40, 41, 42"},{"label":"5G bands","value":"1, 3, 5, 8, 28, 40, 77, 78 SA/NSA"},{"label":"Speed","value":"HSPA, LTE, 5G"}]},{"category":"Launch","specs":[{"label":"Announced","value":"2025, July 24"},{"label":"Status","value":"Available. Released 2025, July 29"}]},{"category":"Body","specs":[{"label":"Dimensions","value":"163.3 x 76.7 x 7.4 mm (6.43 x 3.02 x 0.29 in)"},{"label":"Weight","value":"184 g (6.49 oz)"},{"label":"SIM","value":"Nano-SIM + Nano-SIM"}]},{"category":"Display","specs":[{"label":"Type","value":"AMOLED, 120Hz, 2160Hz PWM, HDR10+, 1300 nits (HBM), 1800 nits (peak)"},{"label":"Size","value":"6.77 inches, 111.5 cm 2 (~89.0% screen-to-body ratio)"},{"label":"Resolution","value":"1080 x 2392 pixels (~387 ppi density)"},{"label":"Protection","value":"Schott Xensation Alpha"}]},{"category":"Platform","specs":[{"label":"OS","value":"Android 15, up to 2 major Android upgrades, Funtouch 15"},{"label":"Chipset","value":"Mediatek Dimensity 7400 (4 nm)"},{"label":"CPU","value":"Octa-core (4x2.6 GHz Cortex-A78 & 4x2.0 GHz Cortex-A55)"},{"label":"GPU","value":"Mali-G615 MC2"}]},{"category":"Memory","specs":[{"label":"Card slot","value":"No"},{"label":"Internal","value":"128GB 8GB RAM, 256GB 8GB RAM, 256GB 12GB RAM"}]},{"category":"Main Camera","specs":[{"label":"Dual","value":"50 MP, f/1.8, (wide), 1/1.95\\", 0.8µm, PDAF, OIS"},{"label":"Features","value":"LED flash, HDR, panorama"},{"label":"Video","value":"4K@30fps, 1080p@30/60fps, gyro-EIS"}]},{"category":"Selfie camera","specs":[{"label":"Single","value":"32 MP, f/2.5, (wide)"},{"label":"Video","value":"4K@30fps, 1080p@30/60fps"}]},{"category":"Sound","specs":[{"label":"Loudspeaker","value":"Yes, with stereo speakers"},{"label":"3.5mm jack","value":"No"}]},{"category":"Comms","specs":[{"label":"WLAN","value":"Wi-Fi 802.11 a/b/g/n/ac/6, dual-band"},{"label":"Bluetooth","value":"5.4, A2DP, LE"},{"label":"Positioning","value":"GPS, GLONASS, GALILEO, BDS, QZSS"},{"label":"NFC","value":"No"},{"label":"USB","value":"USB Type-C 2.0, OTG"},{"label":"Radio","value":"No"}]},{"category":"Features","specs":[{"label":"Sensors","value":"Fingerprint (under display, optical), accelerometer, gyro, proximity, compass"}]},{"category":"Battery","specs":[{"label":"Type","value":"Li-Ion 5700 mAh"},{"label":"Charging","value":"44W wired"}]},{"category":"Misc","specs":[{"label":"Colors","value":"Aquamarine, Moonstone"},{"label":"Price","value":"₹ 22,998"}]}]');
INSERT OR IGNORE INTO device_pictures (device_id, url, position) VALUES (758, 'https://fdn2.gsmarena.com/vv/bigpic/vivo-iqoo-z10r-.jpg', 0);
INSERT OR IGNORE INTO device_pictures (device_id, url, position) VALUES (758, 'https://fdn2.gsmarena.com/vv/pics/vivo/vivo-iqoo-z10r-01.jpg', 1);
INSERT OR IGNORE INTO device_pictures (device_id, url, position) VALUES (758, 'https://fdn2.gsmarena.com/vv/pics/vivo/vivo-iqoo-z10r-02.jpg', 2);
INSERT OR IGNORE INTO devices (id, brand_id, name, gsmarena_url, thumbnail_url, summary) VALUES (759, 5, 'X Fold5', 'https://www.gsmarena.com/vivo_x_fold5_5g-13858.php', 'https://fdn2.gsmarena.com/vv/bigpic/vivo-x-fold5-new.jpg', 'X Fold5');
INSERT OR IGNORE INTO device_specs (device_id, announced, status, network, os, chipset, cpu, gpu, display_size, display_type, display_res, ram, storage, main_camera, selfie_camera, battery, charging, nfc, usb, bluetooth, wlan, colors, weight, dimensions, sim, sensors, popularity, fans, rating, full_specs_json) VALUES (759, '2025, June 25', 'Available. Released 2025, July 02', 'GSM / CDMA / HSPA / CDMA2000 / LTE / 5G / 5G', 'Android 15, up to 4 major Android upgrades, Funtouch 15 (International), OriginOS 5 (China)', 'Qualcomm SM8650-AB Snapdragon 8 Gen 3 (4 nm)', 'Octa-core (1x3.3 GHz Cortex-X4 & 3x3.2 GHz Cortex-A720 & 2x3.0 GHz Cortex-A720 & 2x2.3 GHz Cortex-A520)', 'Adreno 750', '8.03 inches, 206.5 cm 2 (~90.9% screen-to-body ratio)', 'Foldable LTPO AMOLED, 1B colors, 120Hz, 5280Hz PWM, HDR10+, Dolby Vision, 4500 nits (peak)', '2200 x 2480 pixels (~413 ppi density)', '12GB', '256GB', '50 MP, f/1.6, 23mm (wide), 1/1.56", 1.0µm, PDAF, OIS, Color spectrum sensor, Laser AF, Zeiss optics, Zeiss T* lens coating, Dual-LED flash, panorama', '20 MP, f/2.4, 21mm (wide), 1/3.6", 0.7µm, 1080p@30fps', 'Si/C Li-Ion 6000 mAh', '80W wired', 'Yes', 'USB Type-C 3.2, OTG, Display Port', '5.4, A2DP, LE, aptX HD, aptX Adaptive, aptX Lossless', 'Wi-Fi 802.11 a/b/g/n/ac/6e/7, dual-band or tri-band, Wi-Fi Direct', 'Titanium Gray, Green, White', '217 g or 226 g (7.65 oz)', 'Unfolded: 159.7 x 142.3 x 4.3 mm Folded: 159.7 x 72.6 x 9.2 mm', 'Nano-SIM + Nano-SIM', 'Fingerprint (side-mounted), accelerometer, gyro, proximity, compass', '₹ 149,998', NULL, NULL, '[{"category":"Network","specs":[{"label":"Technology","value":"GSM / CDMA / HSPA / CDMA2000 / LTE / 5G"},{"label":"2G bands","value":"GSM 850 / 900 / 1800 / 1900"},{"label":"3G bands","value":"HSDPA 800 / 850 / 900 / 1700(AWS) / 1900 / 2100"},{"label":"4G bands","value":"1, 2, 3, 4, 5, 7, 8, 12, 17, 18, 19, 20, 25, 26, 28, 34, 38, 39, 40, 41, 42, 43, 48, 66"},{"label":"5G bands","value":"1, 2, 3, 5, 7, 8, 12, 18, 20, 25, 26, 28, 38, 40, 41, 48, 66, 77, 78 SA/NSA"},{"label":"Speed","value":"HSPA, LTE, 5G"}]},{"category":"Launch","specs":[{"label":"Announced","value":"2025, June 25"},{"label":"Status","value":"Available. Released 2025, July 02"}]},{"category":"Body","specs":[{"label":"Dimensions","value":"Unfolded: 159.7 x 142.3 x 4.3 mm Folded: 159.7 x 72.6 x 9.2 mm"},{"label":"Weight","value":"217 g or 226 g (7.65 oz)"},{"label":"Build","value":"Glass front (closed), aluminum alloy frame, fiber-reinforced plastic back"},{"label":"SIM","value":"Nano-SIM + Nano-SIM"}]},{"category":"Display","specs":[{"label":"Type","value":"Foldable LTPO AMOLED, 1B colors, 120Hz, 5280Hz PWM, HDR10+, Dolby Vision, 4500 nits (peak)"},{"label":"Size","value":"8.03 inches, 206.5 cm 2 (~90.9% screen-to-body ratio)"},{"label":"Resolution","value":"2200 x 2480 pixels (~413 ppi density)"}]},{"category":"Platform","specs":[{"label":"OS","value":"Android 15, up to 4 major Android upgrades, Funtouch 15 (International), OriginOS 5 (China)"},{"label":"Chipset","value":"Qualcomm SM8650-AB Snapdragon 8 Gen 3 (4 nm)"},{"label":"CPU","value":"Octa-core (1x3.3 GHz Cortex-X4 & 3x3.2 GHz Cortex-A720 & 2x3.0 GHz Cortex-A720 & 2x2.3 GHz Cortex-A520)"},{"label":"GPU","value":"Adreno 750"}]},{"category":"Memory","specs":[{"label":"Card slot","value":"No"},{"label":"Internal","value":"256GB 12GB RAM, 512GB 12GB RAM, 512GB 16GB RAM, 1TB 16GB RAM"}]},{"category":"Main Camera","specs":[{"label":"Triple","value":"50 MP, f/1.6, 23mm (wide), 1/1.56\\", 1.0µm, PDAF, OIS"},{"label":"Features","value":"Color spectrum sensor, Laser AF, Zeiss optics, Zeiss T* lens coating, Dual-LED flash, panorama"},{"label":"Video","value":"8K@30fps, 4K@30/60fps, 1080p@30/60fps, gyro-EIS"}]},{"category":"Selfie camera","specs":[{"label":"Single","value":"20 MP, f/2.4, 21mm (wide), 1/3.6\\", 0.7µm"},{"label":"Video","value":"1080p@30fps"},{"label":"Features","value":"HDR"}]},{"category":"Sound","specs":[{"label":"Loudspeaker","value":"Yes, with stereo speakers"},{"label":"3.5mm jack","value":"No"}]},{"category":"Comms","specs":[{"label":"WLAN","value":"Wi-Fi 802.11 a/b/g/n/ac/6e/7, dual-band or tri-band, Wi-Fi Direct"},{"label":"Bluetooth","value":"5.4, A2DP, LE, aptX HD, aptX Adaptive, aptX Lossless"},{"label":"Positioning","value":"GPS (L1+L5), BDS (B1I+B1c+B2a), GALILEO (E1+E5a), QZSS (L1+L5), GLONASS"},{"label":"NFC","value":"Yes"},{"label":"USB","value":"USB Type-C 3.2, OTG, Display Port"},{"label":"Radio","value":"No"},{"label":"Infrared port","value":"Yes"}]},{"category":"Features","specs":[{"label":"Sensors","value":"Fingerprint (side-mounted), accelerometer, gyro, proximity, compass"}]},{"category":"Battery","specs":[{"label":"Type","value":"Si/C Li-Ion 6000 mAh"},{"label":"Charging","value":"80W wired"}]},{"category":"Misc","specs":[{"label":"Colors","value":"Titanium Gray, Green, White"},{"label":"Models","value":"V2436A, V2429"},{"label":"SAR","value":"0.86 W/kg (head)     0.85 W/kg (body)"},{"label":"Price","value":"₹ 149,998"}]}]');
INSERT OR IGNORE INTO device_pictures (device_id, url, position) VALUES (759, 'https://fdn2.gsmarena.com/vv/bigpic/vivo-x-fold5-new.jpg', 0);
INSERT OR IGNORE INTO device_pictures (device_id, url, position) VALUES (759, 'https://fdn2.gsmarena.com/vv/pics/vivo/vivo-x-fold5-1.jpg', 1);
INSERT OR IGNORE INTO device_pictures (device_id, url, position) VALUES (759, 'https://fdn2.gsmarena.com/vv/pics/vivo/vivo-x-fold5-2.jpg', 2);
INSERT OR IGNORE INTO device_pictures (device_id, url, position) VALUES (759, 'https://fdn2.gsmarena.com/vv/pics/vivo/vivo-x-fold5-3.jpg', 3);
INSERT OR IGNORE INTO device_pictures (device_id, url, position) VALUES (759, 'https://fdn2.gsmarena.com/vv/pics/vivo/vivo-x-fold5-4.jpg', 4);
INSERT OR IGNORE INTO device_pictures (device_id, url, position) VALUES (759, 'https://fdn2.gsmarena.com/vv/pics/vivo/vivo-x-fold5-01.jpg', 5);
INSERT OR IGNORE INTO device_pictures (device_id, url, position) VALUES (759, 'https://fdn2.gsmarena.com/vv/pics/vivo/vivo-x-fold5-5.jpg', 6);
INSERT OR IGNORE INTO device_pictures (device_id, url, position) VALUES (759, 'https://fdn.gsmarena.com/imgroot/reviews/25/vivo-x-fold5/lifestyle/-1024w2/gsmarena_001.jpg', 7);
INSERT OR IGNORE INTO device_pictures (device_id, url, position) VALUES (759, 'https://fdn.gsmarena.com/imgroot/reviews/25/vivo-x-fold5/lifestyle/-1024w2/gsmarena_002.jpg', 8);
INSERT OR IGNORE INTO device_pictures (device_id, url, position) VALUES (759, 'https://fdn.gsmarena.com/imgroot/reviews/25/vivo-x-fold5/lifestyle/-1024w2/gsmarena_003.jpg', 9);
INSERT OR IGNORE INTO devices (id, brand_id, name, gsmarena_url, thumbnail_url, summary) VALUES (760, 5, 'T4 Lite', 'https://www.gsmarena.com/vivo_t4_lite_5g-13961.php', 'https://fdn2.gsmarena.com/vv/bigpic/vivo-t4-lite.jpg', 'T4 Lite');
INSERT OR IGNORE INTO device_specs (device_id, announced, status, network, os, chipset, cpu, gpu, display_size, display_type, display_res, ram, storage, main_camera, selfie_camera, battery, charging, nfc, usb, bluetooth, wlan, colors, weight, dimensions, sim, sensors, popularity, fans, rating, full_specs_json) VALUES (760, '2025, June 24', 'Available. Released 2025, July 02', 'GSM / HSPA / LTE / 5G / 5G', 'Android 15, up to 2 major Android upgrades, Funtouch 15', 'Mediatek Dimensity 6300 (6 nm)', 'Octa-core (2x2.4 GHz Cortex-A76 & 6x2.0 GHz Cortex-A55)', 'Mali-G57 MC2', '6.74 inches, 109.7 cm 2 (~85.1% screen-to-body ratio)', 'IPS LCD, 90Hz, 1000 nits (HBM)', '720 x 1600 pixels, 20:9 ratio (~260 ppi density)', '4GB', '64GB', '50 MP, f/1.8, (wide), PDAF, LED flash, panorama', '5 MP, f/2.2, (wide), Yes', 'Li-Ion 6000 mAh', '15W wired', 'No', 'USB Type-C 2.0, OTG', '5.4, A2DP, LE', 'Wi-Fi 802.11 a/b/g/n/ac, dual-band', 'Prism Blue, Titanium Gold', '202 g (7.13 oz)', '167.3 x 77 x 8.2 mm (6.59 x 3.03 x 0.32 in)', 'Nano-SIM + Nano-SIM', 'Fingerprint (side-mounted), accelerometer, proximity, compass', 'About 100 EUR', NULL, NULL, '[{"category":"Network","specs":[{"label":"Technology","value":"GSM / HSPA / LTE / 5G"},{"label":"2G bands","value":"GSM 850 / 900 / 1800 / 1900"},{"label":"3G bands","value":"HSDPA 850 / 900 / 2100"},{"label":"4G bands","value":"1, 3, 5, 8, 28, 38, 40, 41"},{"label":"5G bands","value":"1, 3, 5, 8, 28, 38, 40, 77, 78 SA/NSA"},{"label":"Speed","value":"HSPA, LTE"}]},{"category":"Launch","specs":[{"label":"Announced","value":"2025, June 24"},{"label":"Status","value":"Available. Released 2025, July 02"}]},{"category":"Body","specs":[{"label":"Dimensions","value":"167.3 x 77 x 8.2 mm (6.59 x 3.03 x 0.32 in)"},{"label":"Weight","value":"202 g (7.13 oz)"},{"label":"Build","value":"Glass front, plastic frame, plastic back"},{"label":"SIM","value":"Nano-SIM + Nano-SIM"}]},{"category":"Display","specs":[{"label":"Type","value":"IPS LCD, 90Hz, 1000 nits (HBM)"},{"label":"Size","value":"6.74 inches, 109.7 cm 2 (~85.1% screen-to-body ratio)"},{"label":"Resolution","value":"720 x 1600 pixels, 20:9 ratio (~260 ppi density)"}]},{"category":"Platform","specs":[{"label":"OS","value":"Android 15, up to 2 major Android upgrades, Funtouch 15"},{"label":"Chipset","value":"Mediatek Dimensity 6300 (6 nm)"},{"label":"CPU","value":"Octa-core (2x2.4 GHz Cortex-A76 & 6x2.0 GHz Cortex-A55)"},{"label":"GPU","value":"Mali-G57 MC2"}]},{"category":"Memory","specs":[{"label":"Card slot","value":"microSDXC (dedicated slot)"},{"label":"Internal","value":"64GB 4GB RAM, 128GB 4GB RAM, 128GB 6GB RAM, 256GB 8GB RAM"}]},{"category":"Main Camera","specs":[{"label":"Dual","value":"50 MP, f/1.8, (wide), PDAF"},{"label":"Features","value":"LED flash, panorama"},{"label":"Video","value":"1080p@30fps"}]},{"category":"Selfie camera","specs":[{"label":"Single","value":"5 MP, f/2.2, (wide)"},{"label":"Video","value":"Yes"}]},{"category":"Sound","specs":[{"label":"Loudspeaker","value":"Yes, with stereo speakers"},{"label":"3.5mm jack","value":"Yes"}]},{"category":"Comms","specs":[{"label":"WLAN","value":"Wi-Fi 802.11 a/b/g/n/ac, dual-band"},{"label":"Bluetooth","value":"5.4, A2DP, LE"},{"label":"Positioning","value":"GPS, GALILEO, GLONASS, BDS, QZSS"},{"label":"NFC","value":"No"},{"label":"USB","value":"USB Type-C 2.0, OTG"},{"label":"Radio","value":"FM radio"}]},{"category":"Features","specs":[{"label":"Sensors","value":"Fingerprint (side-mounted), accelerometer, proximity, compass"}]},{"category":"Battery","specs":[{"label":"Type","value":"Li-Ion 6000 mAh"},{"label":"Charging","value":"15W wired"}]},{"category":"Misc","specs":[{"label":"Colors","value":"Prism Blue, Titanium Gold"},{"label":"Models","value":"V2509"},{"label":"SAR","value":"0.91 W/kg (head)     0.88 W/kg (body)"},{"label":"Price","value":"About 100 EUR"}]}]');
INSERT OR IGNORE INTO device_pictures (device_id, url, position) VALUES (760, 'https://fdn2.gsmarena.com/vv/bigpic/vivo-t4-lite.jpg', 0);
INSERT OR IGNORE INTO device_pictures (device_id, url, position) VALUES (760, 'https://fdn2.gsmarena.com/vv/pics/vivo/vivo-t4-lite-1.jpg', 1);
INSERT OR IGNORE INTO device_pictures (device_id, url, position) VALUES (760, 'https://fdn2.gsmarena.com/vv/pics/vivo/vivo-t4-lite-2.jpg', 2);
INSERT OR IGNORE INTO devices (id, brand_id, name, gsmarena_url, thumbnail_url, summary) VALUES (761, 5, 'X200 FE', 'https://www.gsmarena.com/vivo_x200_fe_5g-13847.php', 'https://fdn2.gsmarena.com/vv/bigpic/vivo-x200-fe.jpg', 'X200 FE');
INSERT OR IGNORE INTO device_specs (device_id, announced, status, network, os, chipset, cpu, gpu, display_size, display_type, display_res, ram, storage, main_camera, selfie_camera, battery, charging, nfc, usb, bluetooth, wlan, colors, weight, dimensions, sim, sensors, popularity, fans, rating, full_specs_json) VALUES (761, '2025, June 23', 'Available. Released 2025, July 05', 'GSM / HSPA / LTE / 5G / 5G', 'Android 15, up to 4 major Android upgrades, Funtouch 15', 'Mediatek Dimensity 9300+ (4 nm)', 'Octa-core (1x3.4 GHz Cortex-X4 & 3x2.85 GHz Cortex-X4 & 4x2.0 GHz Cortex-A720)', 'Immortalis-G720 MC12', '6.31 inches, 97.6 cm 2 (~90.2% screen-to-body ratio)', 'LTPO AMOLED, 1B colors, 120Hz, 2160Hz PWM, HDR10+, 4500 / 5000 nits (peak)', '1216 x 2640 pixels, 19.5:9 ratio (~461 ppi density)', '12GB', '256GB', '50 MP, f/1.9, 23mm (wide), 1/1.56", 1.0µm, PDAF, Laser AF, Zeiss optics, Zeiss T* lens coating, LED flash, panorama, HDR', '50 MP, f/2.0, 20mm (wide), 1/2.76", 0.64µm, PDAF, 4K@30/60fps, 1080p', 'Market-dependent versions: · Si/C Li-Ion 6500 mAh (Global) · Si/C Li-Ion 5300 mAh (Austria only)', '90W wired, 100% in 57 min', 'Yes', 'USB Type-C 2.0, OTG', '5.4, A2DP, LE, aptX HD', 'Wi-Fi 802.11 a/b/g/n/ac/6 or 7 (market specific), dual-band', 'Luxe Grey (Black Luxe), Frost Blue (Blue Breeze), Amber Yellow (Yellow Glow), Pink Vibe', '186 g (6.56 oz)', '150.8 x 71.8 x 8 mm (5.94 x 2.83 x 0.31 in)', '· Nano-SIM + Nano-SIM + eSIM (max 2 at a time) · Nano-SIM + Nano-SIM', 'Fingerprint (under display, optical), accelerometer, gyro, proximity, compass', '$ 956.27 / € 626.05', NULL, NULL, '[{"category":"Network","specs":[{"label":"Technology","value":"GSM / HSPA / LTE / 5G"},{"label":"2G bands","value":"GSM 850 / 900 / 1800 / 1900"},{"label":"3G bands","value":"HSDPA 800 / 850 / 900 / 1700(AWS) / 1900 / 2100"},{"label":"4G bands","value":"1, 2, 3, 4, 5, 7, 8, 12, 17, 18, 19, 20, 25, 26, 28, 32, 34, 38, 39, 40, 41, 42, 43, 48, 66, 71"},{"label":"5G bands","value":"1, 3, 5, 7, 8, 20, 26, 28, 38, 40, 41, 71, 77, 78 SA/NSA"},{"label":"Speed","value":"HSPA, LTE, 5G"}]},{"category":"Launch","specs":[{"label":"Announced","value":"2025, June 23"},{"label":"Status","value":"Available. Released 2025, July 05"}]},{"category":"Body","specs":[{"label":"Dimensions","value":"150.8 x 71.8 x 8 mm (5.94 x 2.83 x 0.31 in)"},{"label":"Weight","value":"186 g (6.56 oz)"},{"label":"Build","value":"Glass front, aluminum frame, glass back"},{"label":"SIM","value":"· Nano-SIM + Nano-SIM + eSIM (max 2 at a time) · Nano-SIM + Nano-SIM"}]},{"category":"Display","specs":[{"label":"Type","value":"LTPO AMOLED, 1B colors, 120Hz, 2160Hz PWM, HDR10+, 4500 / 5000 nits (peak)"},{"label":"Size","value":"6.31 inches, 97.6 cm 2 (~90.2% screen-to-body ratio)"},{"label":"Resolution","value":"1216 x 2640 pixels, 19.5:9 ratio (~461 ppi density)"},{"label":"Protection","value":"Schott Xensation Core or Shield Glass, Mohs level 5"}]},{"category":"Platform","specs":[{"label":"OS","value":"Android 15, up to 4 major Android upgrades, Funtouch 15"},{"label":"Chipset","value":"Mediatek Dimensity 9300+ (4 nm)"},{"label":"CPU","value":"Octa-core (1x3.4 GHz Cortex-X4 & 3x2.85 GHz Cortex-X4 & 4x2.0 GHz Cortex-A720)"},{"label":"GPU","value":"Immortalis-G720 MC12"}]},{"category":"Memory","specs":[{"label":"Card slot","value":"No"},{"label":"Internal","value":"256GB 12GB RAM, 512GB 12GB RAM, 512GB 16GB RAM"}]},{"category":"Main Camera","specs":[{"label":"Triple","value":"50 MP, f/1.9, 23mm (wide), 1/1.56\\", 1.0µm, PDAF"},{"label":"Features","value":"Laser AF, Zeiss optics, Zeiss T* lens coating, LED flash, panorama, HDR"},{"label":"Video","value":"4K@30/60fps, 1080p@30/60/120fps, gyro-EIS, HDR"}]},{"category":"Selfie camera","specs":[{"label":"Single","value":"50 MP, f/2.0, 20mm (wide), 1/2.76\\", 0.64µm, PDAF"},{"label":"Video","value":"4K@30/60fps, 1080p"},{"label":"Features","value":"HDR"}]},{"category":"Sound","specs":[{"label":"Loudspeaker","value":"Yes, with stereo speakers"},{"label":"3.5mm jack","value":"No"}]},{"category":"Comms","specs":[{"label":"WLAN","value":"Wi-Fi 802.11 a/b/g/n/ac/6 or 7 (market specific), dual-band"},{"label":"Bluetooth","value":"5.4, A2DP, LE, aptX HD"},{"label":"Positioning","value":"GPS, GALILEO, GLONASS, QZSS, BDS"},{"label":"NFC","value":"Yes"},{"label":"USB","value":"USB Type-C 2.0, OTG"},{"label":"Radio","value":"No"},{"label":"Infrared port","value":"Yes"}]},{"category":"Features","specs":[{"label":"Sensors","value":"Fingerprint (under display, optical), accelerometer, gyro, proximity, compass"}]},{"category":"Battery","specs":[{"label":"Type","value":"Market-dependent versions: · Si/C Li-Ion 6500 mAh (Global) · Si/C Li-Ion 5300 mAh (Austria only)"},{"label":"Charging","value":"90W wired, 100% in 57 min"}]},{"category":"Misc","specs":[{"label":"Colors","value":"Luxe Grey (Black Luxe), Frost Blue (Blue Breeze), Amber Yellow (Yellow Glow), Pink Vibe"},{"label":"Models","value":"V2503"},{"label":"SAR","value":"0.99 W/kg (head)     0.99 W/kg (body)"},{"label":"Price","value":"$ 956.27 / € 626.05"}]}]');
INSERT OR IGNORE INTO device_pictures (device_id, url, position) VALUES (761, 'https://fdn2.gsmarena.com/vv/bigpic/vivo-x200-fe.jpg', 0);
INSERT OR IGNORE INTO device_pictures (device_id, url, position) VALUES (761, 'https://fdn2.gsmarena.com/vv/pics/vivo/vivo-x200-fe-b.jpg', 1);
INSERT OR IGNORE INTO device_pictures (device_id, url, position) VALUES (761, 'https://fdn2.gsmarena.com/vv/pics/vivo/vivo-x200-fe-2.jpg', 2);
INSERT OR IGNORE INTO device_pictures (device_id, url, position) VALUES (761, 'https://fdn2.gsmarena.com/vv/pics/vivo/vivo-x200-fe-3.jpg', 3);
INSERT OR IGNORE INTO device_pictures (device_id, url, position) VALUES (761, 'https://fdn.gsmarena.com/imgroot/reviews/25/vivo-x200-fe/lifestyle/-1024w2/gsmarena_001.jpg', 4);
INSERT OR IGNORE INTO device_pictures (device_id, url, position) VALUES (761, 'https://fdn.gsmarena.com/imgroot/reviews/25/vivo-x200-fe/lifestyle/-1024w2/gsmarena_002.jpg', 5);
INSERT OR IGNORE INTO device_pictures (device_id, url, position) VALUES (761, 'https://fdn.gsmarena.com/imgroot/reviews/25/vivo-x200-fe/lifestyle/-1024w2/gsmarena_003.jpg', 6);
INSERT OR IGNORE INTO device_pictures (device_id, url, position) VALUES (761, 'https://fdn.gsmarena.com/imgroot/reviews/25/vivo-x200-fe/lifestyle/-1024w2/gsmarena_004.jpg', 7);
INSERT OR IGNORE INTO device_pictures (device_id, url, position) VALUES (761, 'https://fdn.gsmarena.com/imgroot/reviews/25/vivo-x200-fe/lifestyle/-1024w2/gsmarena_005.jpg', 8);
INSERT OR IGNORE INTO device_pictures (device_id, url, position) VALUES (761, 'https://fdn.gsmarena.com/imgroot/reviews/25/vivo-x200-fe/lifestyle/-1024w2/gsmarena_006.jpg', 9);
INSERT OR IGNORE INTO devices (id, brand_id, name, gsmarena_url, thumbnail_url, summary) VALUES (762, 5, 'Y400 Pro', 'https://www.gsmarena.com/vivo_y400_pro_5g-13941.php', 'https://fdn2.gsmarena.com/vv/bigpic/vivo-y400-pro.jpg', 'Y400 Pro');
INSERT OR IGNORE INTO device_specs (device_id, announced, status, network, os, chipset, cpu, gpu, display_size, display_type, display_res, ram, storage, main_camera, selfie_camera, battery, charging, nfc, usb, bluetooth, wlan, colors, weight, dimensions, sim, sensors, popularity, fans, rating, full_specs_json) VALUES (762, '2025, June 20', 'Available. Released 2025, June 27', 'GSM / HSPA / LTE / 5G / 5G', 'Android 15, Funtouch 15', 'Mediatek Dimensity 7300 (4 nm)', 'Octa-core (4x2.5 GHz Cortex-A78 & 4x2.0 GHz Cortex-A55)', 'Mali-G615 MC2', '6.77 inches, 110.9 cm 2 (~90.3% screen-to-body ratio)', 'AMOLED, 120Hz, HDR, 1300 nits (HBM), 4500 nits (peak)', '1080 x 2392 pixels (~388 ppi density)', '8GB', '128GB', '50 MP, f/1.8, (wide), 1/1.95", 0.8µm, PDAF, Ring-LED flash, panorama, HDR', '32 MP, f/2.5, (wide), 4K@30fps, 1080p@30fps', 'Li-Ion 5500 mAh', '90W wired, 50% in 19 min', 'No', 'USB Type-C 2.0, OTG', '5.4, A2DP, LE', 'Wi-Fi 802.11 a/b/g/n/ac, dual-band', 'Fest Gold, Freestyle White, Nebula Purple', '182 g (6.42 oz)', '163.8 x 75.0 x 7.5 or 7.7 mm', 'Nano-SIM + Nano-SIM', 'Fingerprint (under display, optical), accelerometer, gyro, proximity, compass', '₹ 25,999', NULL, NULL, '[{"category":"Network","specs":[{"label":"Technology","value":"GSM / HSPA / LTE / 5G"},{"label":"2G bands","value":"GSM 850 / 900 / 1800 / 1900"},{"label":"3G bands","value":"HSDPA 850 / 900 / 2100"},{"label":"4G bands","value":"1, 3, 5, 8, 28, 38, 40, 41"},{"label":"5G bands","value":"1, 3, 5, 8, 28, 38, 40, 41, 77, 78 SA/NSA"},{"label":"Speed","value":"HSPA, LTE, 5G"}]},{"category":"Launch","specs":[{"label":"Announced","value":"2025, June 20"},{"label":"Status","value":"Available. Released 2025, June 27"}]},{"category":"Body","specs":[{"label":"Dimensions","value":"163.8 x 75.0 x 7.5 or 7.7 mm"},{"label":"Weight","value":"182 g (6.42 oz)"},{"label":"Build","value":"Glass front, plastic back, plastic frame"},{"label":"SIM","value":"Nano-SIM + Nano-SIM"}]},{"category":"Display","specs":[{"label":"Type","value":"AMOLED, 120Hz, HDR, 1300 nits (HBM), 4500 nits (peak)"},{"label":"Size","value":"6.77 inches, 110.9 cm 2 (~90.3% screen-to-body ratio)"},{"label":"Resolution","value":"1080 x 2392 pixels (~388 ppi density)"}]},{"category":"Platform","specs":[{"label":"OS","value":"Android 15, Funtouch 15"},{"label":"Chipset","value":"Mediatek Dimensity 7300 (4 nm)"},{"label":"CPU","value":"Octa-core (4x2.5 GHz Cortex-A78 & 4x2.0 GHz Cortex-A55)"},{"label":"GPU","value":"Mali-G615 MC2"}]},{"category":"Memory","specs":[{"label":"Card slot","value":"No"},{"label":"Internal","value":"128GB 8GB RAM, 256GB 8GB RAM"}]},{"category":"Main Camera","specs":[{"label":"Dual","value":"50 MP, f/1.8, (wide), 1/1.95\\", 0.8µm, PDAF"},{"label":"Features","value":"Ring-LED flash, panorama, HDR"},{"label":"Video","value":"4K@30fps, 1080p@30fps, gyro-EIS"}]},{"category":"Selfie camera","specs":[{"label":"Single","value":"32 MP, f/2.5, (wide)"},{"label":"Video","value":"4K@30fps, 1080p@30fps"}]},{"category":"Sound","specs":[{"label":"Loudspeaker","value":"Yes, with stereo speakers"},{"label":"3.5mm jack","value":"No"}]},{"category":"Comms","specs":[{"label":"WLAN","value":"Wi-Fi 802.11 a/b/g/n/ac, dual-band"},{"label":"Bluetooth","value":"5.4, A2DP, LE"},{"label":"Positioning","value":"GPS, GLONASS, GALILEO, BDS, QZSS"},{"label":"NFC","value":"No"},{"label":"USB","value":"USB Type-C 2.0, OTG"},{"label":"Radio","value":"No"},{"label":"Infrared port","value":"Yes"}]},{"category":"Features","specs":[{"label":"Sensors","value":"Fingerprint (under display, optical), accelerometer, gyro, proximity, compass"}]},{"category":"Battery","specs":[{"label":"Type","value":"Li-Ion 5500 mAh"},{"label":"Charging","value":"90W wired, 50% in 19 min"}]},{"category":"Misc","specs":[{"label":"Colors","value":"Fest Gold, Freestyle White, Nebula Purple"},{"label":"SAR","value":"0.90 W/kg (head)"},{"label":"Price","value":"₹ 25,999"},{"label":"SAR EU","value":"0.85 W/kg (head)"}]}]');
INSERT OR IGNORE INTO device_pictures (device_id, url, position) VALUES (762, 'https://fdn2.gsmarena.com/vv/bigpic/vivo-y400-pro.jpg', 0);
INSERT OR IGNORE INTO device_pictures (device_id, url, position) VALUES (762, 'https://fdn2.gsmarena.com/vv/pics/vivo/vivo-y400-pro-1.jpg', 1);
INSERT OR IGNORE INTO device_pictures (device_id, url, position) VALUES (762, 'https://fdn2.gsmarena.com/vv/pics/vivo/vivo-y400-pro-3.jpg', 2);
INSERT OR IGNORE INTO devices (id, brand_id, name, gsmarena_url, thumbnail_url, summary) VALUES (763, 5, 'iQOO Z10 Lite', 'https://www.gsmarena.com/vivo_iqoo_z10_lite_5g-13959.php', 'https://fdn2.gsmarena.com/vv/bigpic/vivo-iqoo-z10-lite.jpg', 'iQOO Z10 Lite');
INSERT OR IGNORE INTO device_specs (device_id, announced, status, network, os, chipset, cpu, gpu, display_size, display_type, display_res, ram, storage, main_camera, selfie_camera, battery, charging, nfc, usb, bluetooth, wlan, colors, weight, dimensions, sim, sensors, popularity, fans, rating, full_specs_json) VALUES (763, '2025, June 18', 'Available. Released 2025, June 25', 'GSM / HSPA / LTE / 5G / 5G', 'Android 15, up to 2 major Android upgrades, Funtouch 15', 'Mediatek Dimensity 6300 (6 nm)', 'Octa-core (2x2.4 GHz Cortex-A76 & 6x2.0 GHz Cortex-A55)', 'Mali-G57 MC2', '6.74 inches, 109.7 cm 2 (~85.1% screen-to-body ratio)', 'IPS LCD, 90Hz, 1000 nits (HBM)', '720 x 1600 pixels, 20:9 ratio (~260 ppi density)', '4GB', '64GB', '50 MP, f/1.8, (wide), PDAF, LED flash, panorama', '5 MP, f/2.2, (wide), Yes', '6000 mAh', '15W wired', 'No', 'USB Type-C 2.0, OTG', '5.4, A2DP, LE', 'Wi-Fi 802.11 a/b/g/n/ac, dual-band', 'Titanium Blue, Cyber Green', '202 g (7.13 oz)', '167.3 x 77 x 8.2 mm (6.59 x 3.03 x 0.32 in)', 'Nano-SIM + Nano-SIM', 'Fingerprint (side-mounted), accelerometer, proximity, compass', '₹ 13,999', NULL, NULL, '[{"category":"Network","specs":[{"label":"Technology","value":"GSM / HSPA / LTE / 5G"},{"label":"2G bands","value":"GSM 850 / 900 / 1800 / 1900"},{"label":"3G bands","value":"HSDPA 850 / 900 / 2100"},{"label":"4G bands","value":"1, 3, 5, 8, 28, 38, 40, 41"},{"label":"5G bands","value":"1, 3, 5, 8, 28, 38, 40, 77, 78 SA/NSA"},{"label":"Speed","value":"HSPA, LTE"}]},{"category":"Launch","specs":[{"label":"Announced","value":"2025, June 18"},{"label":"Status","value":"Available. Released 2025, June 25"}]},{"category":"Body","specs":[{"label":"Dimensions","value":"167.3 x 77 x 8.2 mm (6.59 x 3.03 x 0.32 in)"},{"label":"Weight","value":"202 g (7.13 oz)"},{"label":"Build","value":"Glass front, plastic frame, plastic back"},{"label":"SIM","value":"Nano-SIM + Nano-SIM"}]},{"category":"Display","specs":[{"label":"Type","value":"IPS LCD, 90Hz, 1000 nits (HBM)"},{"label":"Size","value":"6.74 inches, 109.7 cm 2 (~85.1% screen-to-body ratio)"},{"label":"Resolution","value":"720 x 1600 pixels, 20:9 ratio (~260 ppi density)"}]},{"category":"Platform","specs":[{"label":"OS","value":"Android 15, up to 2 major Android upgrades, Funtouch 15"},{"label":"Chipset","value":"Mediatek Dimensity 6300 (6 nm)"},{"label":"CPU","value":"Octa-core (2x2.4 GHz Cortex-A76 & 6x2.0 GHz Cortex-A55)"},{"label":"GPU","value":"Mali-G57 MC2"}]},{"category":"Memory","specs":[{"label":"Card slot","value":"microSDXC (dedicated slot)"},{"label":"Internal","value":"64GB 4GB RAM, 128GB 4GB RAM, 128GB 6GB RAM, 256GB 8GB RAM"}]},{"category":"Main Camera","specs":[{"label":"Dual","value":"50 MP, f/1.8, (wide), PDAF"},{"label":"Features","value":"LED flash, panorama"},{"label":"Video","value":"1080p@30fps"}]},{"category":"Selfie camera","specs":[{"label":"Single","value":"5 MP, f/2.2, (wide)"},{"label":"Video","value":"Yes"}]},{"category":"Sound","specs":[{"label":"Loudspeaker","value":"Yes, with stereo speakers"},{"label":"3.5mm jack","value":"Yes"}]},{"category":"Comms","specs":[{"label":"WLAN","value":"Wi-Fi 802.11 a/b/g/n/ac, dual-band"},{"label":"Bluetooth","value":"5.4, A2DP, LE"},{"label":"Positioning","value":"GPS, GALILEO, GLONASS, BDS, QZSS"},{"label":"NFC","value":"No"},{"label":"USB","value":"USB Type-C 2.0, OTG"},{"label":"Radio","value":"FM radio"}]},{"category":"Features","specs":[{"label":"Sensors","value":"Fingerprint (side-mounted), accelerometer, proximity, compass"}]},{"category":"Battery","specs":[{"label":"Type","value":"6000 mAh"},{"label":"Charging","value":"15W wired"}]},{"category":"Misc","specs":[{"label":"Colors","value":"Titanium Blue, Cyber Green"},{"label":"Models","value":"I2409"},{"label":"Price","value":"₹ 13,999"}]}]');
INSERT OR IGNORE INTO device_pictures (device_id, url, position) VALUES (763, 'https://fdn2.gsmarena.com/vv/bigpic/vivo-iqoo-z10-lite.jpg', 0);
INSERT OR IGNORE INTO device_pictures (device_id, url, position) VALUES (763, 'https://fdn2.gsmarena.com/vv/pics/vivo/vivo-iqoo-z10-lite-1.jpg', 1);
INSERT OR IGNORE INTO device_pictures (device_id, url, position) VALUES (763, 'https://fdn2.gsmarena.com/vv/pics/vivo/vivo-iqoo-z10-lite-2.jpg', 2);
INSERT OR IGNORE INTO devices (id, brand_id, name, gsmarena_url, thumbnail_url, summary) VALUES (764, 5, 'T4 Ultra', 'https://www.gsmarena.com/vivo_t4_ultra_5g-13927.php', 'https://fdn2.gsmarena.com/vv/bigpic/vivo-t-4-ultra.jpg', 'T4 Ultra');
INSERT OR IGNORE INTO device_specs (device_id, announced, status, network, os, chipset, cpu, gpu, display_size, display_type, display_res, ram, storage, main_camera, selfie_camera, battery, charging, nfc, usb, bluetooth, wlan, colors, weight, dimensions, sim, sensors, popularity, fans, rating, full_specs_json) VALUES (764, '2025, June 11', 'Available. Released 2025, June 18', 'GSM / HSPA / LTE / 5G / 5G', 'Android 15, Funtouch 15', 'Mediatek Dimensity 9300+ (4 nm)', 'Octa-core (1x3.4 GHz Cortex-X4 & 3x2.85 GHz Cortex-X4 & 4x2.0 GHz Cortex-A720)', 'Immortalis-G720 MC12', '6.67 inches, 107.4 cm 2 (~89.2% screen-to-body ratio)', 'AMOLED, 1B colors, 120Hz, 2160Hz PWM, 1600 nits (HBM), 5000 nits (peak)', '1260 x 2800 pixels, 20:9 ratio (~460 ppi density)', '8GB', '256GB', '50 MP, f/1.9, 23mm (wide), 1/1.56", PDAF, OIS, Ring-LED flash, panorama, HDR', '32 MP, f/2.5, (wide), Yes', 'Si/C Li-Ion 5500 mAh', '90W wired, PD, 100% in 48 min', 'Yes', 'USB Type-C 2.0, OTG', '5.4, A2DP, LE', 'Wi-Fi 802.11 a/b/g/n/ac/6, dual-band, Wi-Fi Direct', 'Phoenix Gold, Meteor Grey', '192 g (6.84 oz)', '160.6 x 75 x 7.5 mm (6.32 x 2.95 x 0.30 in)', 'Nano-SIM + Nano-SIM', 'Fingerprint (under display, optical), accelerometer, gyro, proximity, compass', 'About 390 EUR', NULL, NULL, '[{"category":"Network","specs":[{"label":"Technology","value":"GSM / HSPA / LTE / 5G"},{"label":"2G bands","value":"GSM 850 / 900 / 1800 / 1900"},{"label":"3G bands","value":"HSDPA 850 / 900 / 1900 / 2100"},{"label":"4G bands","value":"1, 3, 4, 5, 7, 8, 18, 19, 20, 26, 28, 34, 38, 39, 40, 41, 42, 43, 48, 66"},{"label":"5G bands","value":"1, 3, 5, 7, 8, 18, 26, 28, 38, 40, 41, 48, 66, 77, 78 SA/NSA"},{"label":"Speed","value":"HSPA, LTE, 5G"}]},{"category":"Launch","specs":[{"label":"Announced","value":"2025, June 11"},{"label":"Status","value":"Available. Released 2025, June 18"}]},{"category":"Body","specs":[{"label":"Dimensions","value":"160.6 x 75 x 7.5 mm (6.32 x 2.95 x 0.30 in)"},{"label":"Weight","value":"192 g (6.84 oz)"},{"label":"Build","value":"Glass front, glass back"},{"label":"SIM","value":"Nano-SIM + Nano-SIM"}]},{"category":"Display","specs":[{"label":"Type","value":"AMOLED, 1B colors, 120Hz, 2160Hz PWM, 1600 nits (HBM), 5000 nits (peak)"},{"label":"Size","value":"6.67 inches, 107.4 cm 2 (~89.2% screen-to-body ratio)"},{"label":"Resolution","value":"1260 x 2800 pixels, 20:9 ratio (~460 ppi density)"}]},{"category":"Platform","specs":[{"label":"OS","value":"Android 15, Funtouch 15"},{"label":"Chipset","value":"Mediatek Dimensity 9300+ (4 nm)"},{"label":"CPU","value":"Octa-core (1x3.4 GHz Cortex-X4 & 3x2.85 GHz Cortex-X4 & 4x2.0 GHz Cortex-A720)"},{"label":"GPU","value":"Immortalis-G720 MC12"}]},{"category":"Memory","specs":[{"label":"Card slot","value":"No"},{"label":"Internal","value":"256GB 8GB RAM, 256GB 12GB RAM, 512GB 12GB RAM"}]},{"category":"Main Camera","specs":[{"label":"Triple","value":"50 MP, f/1.9, 23mm (wide), 1/1.56\\", PDAF, OIS"},{"label":"Features","value":"Ring-LED flash, panorama, HDR"},{"label":"Video","value":"4K, 1080p, gyro-EIS"}]},{"category":"Selfie camera","specs":[{"label":"Single","value":"32 MP, f/2.5, (wide)"},{"label":"Video","value":"Yes"}]},{"category":"Sound","specs":[{"label":"Loudspeaker","value":"Yes, with stereo speakers"},{"label":"3.5mm jack","value":"No"}]},{"category":"Comms","specs":[{"label":"WLAN","value":"Wi-Fi 802.11 a/b/g/n/ac/6, dual-band, Wi-Fi Direct"},{"label":"Bluetooth","value":"5.4, A2DP, LE"},{"label":"Positioning","value":"GPS, GLONASS, GALILEO, BDS, NavIC"},{"label":"NFC","value":"Yes"},{"label":"USB","value":"USB Type-C 2.0, OTG"},{"label":"Radio","value":"No"}]},{"category":"Features","specs":[{"label":"Sensors","value":"Fingerprint (under display, optical), accelerometer, gyro, proximity, compass"}]},{"category":"Battery","specs":[{"label":"Type","value":"Si/C Li-Ion 5500 mAh"},{"label":"Charging","value":"90W wired, PD, 100% in 48 min"}]},{"category":"Misc","specs":[{"label":"Colors","value":"Phoenix Gold, Meteor Grey"},{"label":"SAR","value":"0.99 W/kg (head)     1.00 W/kg (body)"},{"label":"Price","value":"About 390 EUR"}]}]');
INSERT OR IGNORE INTO device_pictures (device_id, url, position) VALUES (764, 'https://fdn2.gsmarena.com/vv/bigpic/vivo-t-4-ultra.jpg', 0);
INSERT OR IGNORE INTO device_pictures (device_id, url, position) VALUES (764, 'https://fdn2.gsmarena.com/vv/pics/vivo/vivo-t-4-ultra-1.jpg', 1);
INSERT OR IGNORE INTO devices (id, brand_id, name, gsmarena_url, thumbnail_url, summary) VALUES (765, 5, 'Y19s Pro', 'https://www.gsmarena.com/vivo_y19s_pro-13942.php', 'https://fdn2.gsmarena.com/vv/bigpic/vivo-y19s.jpg', 'Y19s Pro');
INSERT OR IGNORE INTO device_specs (device_id, announced, status, network, os, chipset, cpu, gpu, display_size, display_type, display_res, ram, storage, main_camera, selfie_camera, battery, charging, nfc, usb, bluetooth, wlan, colors, weight, dimensions, sim, sensors, popularity, fans, rating, full_specs_json) VALUES (765, '2025, June 10', 'Available. Released 2025, June 10', 'GSM / HSPA / LTE / 4G/LTE', 'Android 15, Funtouch 15', 'Unisoc Tiger T612 (12 nm)', 'Octa-core (2x1.8 GHz Cortex-A75 & 6x1.8 GHz Cortex-A55)', 'Mali-G57', '6.68 inches, 107.4 cm 2 (~85.1% screen-to-body ratio)', 'IPS LCD, 90Hz, 1000 nits (HBM)', '720 x 1608 pixels, 20:9 ratio (~264 ppi density)', '4GB', '64GB', '50 MP, f/1.8, (wide), 1/1.95", 0.8µm, PDAF, Ring-LED flash, panorama', '5 MP, f/2.2, Yes', 'Li-Ion 6000 mAh', '44W wired, 40% in 30 min', 'No', 'USB Type-C 2.0, OTG', '5.2, A2DP, LE', 'Wi-Fi 802.11 a/b/g/n/ac, dual-band', 'Pearl Silver, Glossy Black, Glacier Blue', '200 g (7.05 oz)', '165.8 x 76.1 x 8.1 mm (6.53 x 3.00 x 0.32 in)', 'Nano-SIM + Nano-SIM', 'Fingerprint (side-mounted), accelerometer, proximity, compass', 'About 100 EUR', NULL, NULL, '[{"category":"Network","specs":[{"label":"Technology","value":"GSM / HSPA / LTE"},{"label":"2G bands","value":"GSM 850 / 900 / 1800 / 1900"},{"label":"3G bands","value":"HSDPA 850 / 900 / 2100"},{"label":"4G bands","value":"1, 3, 5, 7, 8, 20, 28, 38, 40, 41"},{"label":"Speed","value":"HSPA, LTE"}]},{"category":"Launch","specs":[{"label":"Announced","value":"2025, June 10"},{"label":"Status","value":"Available. Released 2025, June 10"}]},{"category":"Body","specs":[{"label":"Dimensions","value":"165.8 x 76.1 x 8.1 mm (6.53 x 3.00 x 0.32 in)"},{"label":"Weight","value":"200 g (7.05 oz)"},{"label":"Build","value":"Glass front, plastic back, plastic frame"},{"label":"SIM","value":"Nano-SIM + Nano-SIM"}]},{"category":"Display","specs":[{"label":"Type","value":"IPS LCD, 90Hz, 1000 nits (HBM)"},{"label":"Size","value":"6.68 inches, 107.4 cm 2 (~85.1% screen-to-body ratio)"},{"label":"Resolution","value":"720 x 1608 pixels, 20:9 ratio (~264 ppi density)"}]},{"category":"Platform","specs":[{"label":"OS","value":"Android 15, Funtouch 15"},{"label":"Chipset","value":"Unisoc Tiger T612 (12 nm)"},{"label":"CPU","value":"Octa-core (2x1.8 GHz Cortex-A75 & 6x1.8 GHz Cortex-A55)"},{"label":"GPU","value":"Mali-G57"}]},{"category":"Memory","specs":[{"label":"Card slot","value":"microSDXC (dedicated slot)"},{"label":"Internal","value":"64GB 4GB RAM, 128GB 4GB RAM, 128GB 6GB RAM, 256GB 6GB RAM, 256GB 8GB RAM"}]},{"category":"Main Camera","specs":[{"label":"Single","value":"50 MP, f/1.8, (wide), 1/1.95\\", 0.8µm, PDAF"},{"label":"Features","value":"Ring-LED flash, panorama"},{"label":"Video","value":"1080p@30fps"}]},{"category":"Selfie camera","specs":[{"label":"Single","value":"5 MP, f/2.2"},{"label":"Video","value":"Yes"}]},{"category":"Sound","specs":[{"label":"Loudspeaker","value":"Yes, with dual speakers"},{"label":"3.5mm jack","value":"Yes"}]},{"category":"Comms","specs":[{"label":"WLAN","value":"Wi-Fi 802.11 a/b/g/n/ac, dual-band"},{"label":"Bluetooth","value":"5.2, A2DP, LE"},{"label":"Positioning","value":"GPS, GLONASS, GALILEO, BDS, QZSS"},{"label":"NFC","value":"No"},{"label":"USB","value":"USB Type-C 2.0, OTG"},{"label":"Radio","value":"FM radio"}]},{"category":"Features","specs":[{"label":"Sensors","value":"Fingerprint (side-mounted), accelerometer, proximity, compass"}]},{"category":"Battery","specs":[{"label":"Type","value":"Li-Ion 6000 mAh"},{"label":"Charging","value":"44W wired, 40% in 30 min"}]},{"category":"Misc","specs":[{"label":"Colors","value":"Pearl Silver, Glossy Black, Glacier Blue"},{"label":"Price","value":"About 100 EUR"}]}]');
INSERT OR IGNORE INTO device_pictures (device_id, url, position) VALUES (765, 'https://fdn2.gsmarena.com/vv/bigpic/vivo-y19s.jpg', 0);
INSERT OR IGNORE INTO device_pictures (device_id, url, position) VALUES (765, 'https://fdn2.gsmarena.com/vv/pics/vivo/vivo-y19s-1.jpg', 1);
INSERT OR IGNORE INTO device_pictures (device_id, url, position) VALUES (765, 'https://fdn2.gsmarena.com/vv/pics/vivo/vivo-y19s-2.jpg', 2);
INSERT OR IGNORE INTO devices (id, brand_id, name, gsmarena_url, thumbnail_url, summary) VALUES (766, 5, 'Pad5', 'https://www.gsmarena.com/vivo_pad5-13921.php', 'https://fdn2.gsmarena.com/vv/bigpic/vivo-pad5.jpg', 'Pad5');
INSERT OR IGNORE INTO device_specs (device_id, announced, status, network, os, chipset, cpu, gpu, display_size, display_type, display_res, ram, storage, main_camera, selfie_camera, battery, charging, nfc, usb, bluetooth, wlan, colors, weight, dimensions, sim, sensors, popularity, fans, rating, full_specs_json) VALUES (766, '2025, May 29', 'Available. Released 2025, June 06', 'No cellular connectivity / 4G/LTE', 'Android 15, OriginOS 5 HD', 'Mediatek Dimensity 9300+ (4 nm)', 'Octa-core (1x3.4 GHz Cortex-X4 & 3x2.85 GHz Cortex-X4 & 4x2.0 GHz Cortex-A720)', 'Immortalis-G720 MC12', '12.1 inches, 444.4 cm 2 (~86.9% screen-to-body ratio)', 'IPS LCD, 1B colors, 144Hz, HDR10, 900 nits (peak)', '1968 x 2800 pixels (~283 ppi density)', '8GB', '128GB', '8 MP, LED flash', '5 MP, 1080p@30fps', '10000 mAh', '44W wired, PD', 'No', 'USB Type-C 3.2, OTG, magnetic connector', '5.4, A2DP, LE', 'Wi-Fi 802.11 a/b/g/n/ac/6/7, dual-band', 'Gray, Blue, Pink', '590 g (1.30 lb)', '266.4 x 192 x 6.6 mm (10.49 x 7.56 x 0.26 in)', 'No', 'Accelerometer, proximity (accessories only), gyro', 'About 310 EUR', NULL, NULL, '[{"category":"Network","specs":[{"label":"Technology","value":"No cellular connectivity"},{"label":"2G bands","value":"N/A"},{"label":"3G bands","value":"N/A"},{"label":"4G bands","value":"N/A"},{"label":"GPRS","value":"No"},{"label":"EDGE","value":"No"}]},{"category":"Launch","specs":[{"label":"Announced","value":"2025, May 29"},{"label":"Status","value":"Available. Released 2025, June 06"}]},{"category":"Body","specs":[{"label":"Dimensions","value":"266.4 x 192 x 6.6 mm (10.49 x 7.56 x 0.26 in)"},{"label":"Weight","value":"590 g (1.30 lb)"},{"label":"Build","value":"Glass front, aluminum back, aluminum frame"},{"label":"SIM","value":"No"}]},{"category":"Display","specs":[{"label":"Type","value":"IPS LCD, 1B colors, 144Hz, HDR10, 900 nits (peak)"},{"label":"Size","value":"12.1 inches, 444.4 cm 2 (~86.9% screen-to-body ratio)"},{"label":"Resolution","value":"1968 x 2800 pixels (~283 ppi density)"}]},{"category":"Platform","specs":[{"label":"OS","value":"Android 15, OriginOS 5 HD"},{"label":"Chipset","value":"Mediatek Dimensity 9300+ (4 nm)"},{"label":"CPU","value":"Octa-core (1x3.4 GHz Cortex-X4 & 3x2.85 GHz Cortex-X4 & 4x2.0 GHz Cortex-A720)"},{"label":"GPU","value":"Immortalis-G720 MC12"}]},{"category":"Memory","specs":[{"label":"Card slot","value":"No"},{"label":"Internal","value":"128GB 8GB RAM, 256GB 8GB RAM, 256GB 12GB RAM, 512GB 16GB RAM"}]},{"category":"Main Camera","specs":[{"label":"Single","value":"8 MP"},{"label":"Features","value":"LED flash"},{"label":"Video","value":"1080p@30fps"}]},{"category":"Selfie camera","specs":[{"label":"Single","value":"5 MP"},{"label":"Video","value":"1080p@30fps"}]},{"category":"Sound","specs":[{"label":"Loudspeaker","value":"Yes, with stereo speakers (6 speakers)"},{"label":"3.5mm jack","value":"No"}]},{"category":"Comms","specs":[{"label":"WLAN","value":"Wi-Fi 802.11 a/b/g/n/ac/6/7, dual-band"},{"label":"Bluetooth","value":"5.4, A2DP, LE"},{"label":"Positioning","value":"Unspecified"},{"label":"NFC","value":"No"},{"label":"USB","value":"USB Type-C 3.2, OTG, magnetic connector"},{"label":"Radio","value":"No"}]},{"category":"Features","specs":[{"label":"Sensors","value":"Accelerometer, proximity (accessories only), gyro"}]},{"category":"Battery","specs":[{"label":"Type","value":"10000 mAh"},{"label":"Charging","value":"44W wired, PD"}]},{"category":"Misc","specs":[{"label":"Colors","value":"Gray, Blue, Pink"},{"label":"Price","value":"About 310 EUR"}]}]');
INSERT OR IGNORE INTO device_pictures (device_id, url, position) VALUES (766, 'https://fdn2.gsmarena.com/vv/bigpic/vivo-pad5.jpg', 0);
INSERT OR IGNORE INTO device_pictures (device_id, url, position) VALUES (766, 'https://fdn2.gsmarena.com/vv/pics/vivo/vivo-pad5-1.jpg', 1);
INSERT OR IGNORE INTO device_pictures (device_id, url, position) VALUES (766, 'https://fdn2.gsmarena.com/vv/pics/vivo/vivo-pad5-2.jpg', 2);
INSERT OR IGNORE INTO device_pictures (device_id, url, position) VALUES (766, 'https://fdn2.gsmarena.com/vv/pics/vivo/vivo-pad5-3.jpg', 3);
INSERT OR IGNORE INTO devices (id, brand_id, name, gsmarena_url, thumbnail_url, summary) VALUES (767, 5, 'S30 Pro mini', 'https://www.gsmarena.com/vivo_s30_pro_mini_5g-13920.php', 'https://fdn2.gsmarena.com/vv/bigpic/vivo-s30-pro-mini.jpg', 'S30 Pro mini');
INSERT OR IGNORE INTO device_specs (device_id, announced, status, network, os, chipset, cpu, gpu, display_size, display_type, display_res, ram, storage, main_camera, selfie_camera, battery, charging, nfc, usb, bluetooth, wlan, colors, weight, dimensions, sim, sensors, popularity, fans, rating, full_specs_json) VALUES (767, '2025, May 29', 'Available. Released 2025, June 06', 'GSM / HSPA / LTE / 5G / 5G', 'Android 15, OriginOS 5', 'Mediatek Dimensity 9300+ (4 nm)', 'Octa-core (1x3.4 GHz Cortex-X4 & 3x2.85 GHz Cortex-X4 & 4x2.0 GHz Cortex-A720)', 'Immortalis-G720 MC12', '6.31 inches, 97.6 cm 2 (~90.2% screen-to-body ratio)', 'LTPO AMOLED, 1B colors, 120Hz, 4320Hz PWM, HDR, 1300 nits (HBM), 5000 nits (peak)', '1216 x 2640 pixels, 19.5:9 ratio (~461 ppi density)', '12GB', '256GB', '50 MP, f/1.9, 23mm (wide), 1/1.56", PDAF, OIS, Ring-LED flash, panorama, HDR', '50 MP, f/2.0, 22mm (wide), AF, 4K, 1080p', 'Si/C Li-Ion 6500 mAh', '90W wired, PD', 'Yes', 'USB Type-C 2.0, OTG', '5.4, A2DP, LE, aptX HD, LHDC 5', 'Wi-Fi 802.11 a/b/g/n/ac/6/7, dual-band', 'Black, Blue, Yellow, Pink', '186 g (6.56 oz)', '150.8 x 71.8 x 8 mm (5.94 x 2.83 x 0.31 in)', 'Nano-SIM + Nano-SIM', 'Fingerprint (under display, optical), accelerometer, gyro, proximity, compass', 'About 430 EUR', NULL, NULL, '[{"category":"Network","specs":[{"label":"Technology","value":"GSM / HSPA / LTE / 5G"},{"label":"2G bands","value":"GSM 850 / 900 / 1800 / 1900"},{"label":"3G bands","value":"HSDPA 800 / 850 / 900 / 1700(AWS) / 1900 / 2100"},{"label":"4G bands","value":"1, 3, 4, 5, 7, 8, 18, 19, 26, 28, 34, 38, 39, 40, 41, 42, 43, 48, 66"},{"label":"5G bands","value":"1, 3, 5, 7, 8, 18, 26, 28, 34, 38, 39, 40, 41, 48, 66, 77, 78 SA/NSA"},{"label":"Speed","value":"HSPA, LTE, 5G"}]},{"category":"Launch","specs":[{"label":"Announced","value":"2025, May 29"},{"label":"Status","value":"Available. Released 2025, June 06"}]},{"category":"Body","specs":[{"label":"Dimensions","value":"150.8 x 71.8 x 8 mm (5.94 x 2.83 x 0.31 in)"},{"label":"Weight","value":"186 g (6.56 oz)"},{"label":"Build","value":"Glass front (Diamond Shield Glass), aluminum alloy frame, glass back"},{"label":"SIM","value":"Nano-SIM + Nano-SIM"}]},{"category":"Display","specs":[{"label":"Type","value":"LTPO AMOLED, 1B colors, 120Hz, 4320Hz PWM, HDR, 1300 nits (HBM), 5000 nits (peak)"},{"label":"Size","value":"6.31 inches, 97.6 cm 2 (~90.2% screen-to-body ratio)"},{"label":"Resolution","value":"1216 x 2640 pixels, 19.5:9 ratio (~461 ppi density)"},{"label":"Protection","value":"Diamond Shield Glass"}]},{"category":"Platform","specs":[{"label":"OS","value":"Android 15, OriginOS 5"},{"label":"Chipset","value":"Mediatek Dimensity 9300+ (4 nm)"},{"label":"CPU","value":"Octa-core (1x3.4 GHz Cortex-X4 & 3x2.85 GHz Cortex-X4 & 4x2.0 GHz Cortex-A720)"},{"label":"GPU","value":"Immortalis-G720 MC12"}]},{"category":"Memory","specs":[{"label":"Card slot","value":"No"},{"label":"Internal","value":"256GB 12GB RAM, 512GB 12GB RAM, 512GB 16GB RAM"}]},{"category":"Main Camera","specs":[{"label":"Triple","value":"50 MP, f/1.9, 23mm (wide), 1/1.56\\", PDAF, OIS"},{"label":"Features","value":"Ring-LED flash, panorama, HDR"},{"label":"Video","value":"4K, 1080p, gyro-EIS"}]},{"category":"Selfie camera","specs":[{"label":"Single","value":"50 MP, f/2.0, 22mm (wide), AF"},{"label":"Video","value":"4K, 1080p"},{"label":"Features","value":"HDR"}]},{"category":"Sound","specs":[{"label":"Loudspeaker","value":"Yes, with stereo speakers"},{"label":"3.5mm jack","value":"No"}]},{"category":"Comms","specs":[{"label":"WLAN","value":"Wi-Fi 802.11 a/b/g/n/ac/6/7, dual-band"},{"label":"Bluetooth","value":"5.4, A2DP, LE, aptX HD, LHDC 5"},{"label":"Positioning","value":"GPS (L1+L5), BDS (B1I+B1C+B2a+B2b), GALILEO (E1+E5a+E5b), QZSS (L1+L5), NavIC (L5), GLONASS"},{"label":"NFC","value":"Yes"},{"label":"USB","value":"USB Type-C 2.0, OTG"},{"label":"Radio","value":"No"},{"label":"Infrared port","value":"Yes"}]},{"category":"Features","specs":[{"label":"Sensors","value":"Fingerprint (under display, optical), accelerometer, gyro, proximity, compass"}]},{"category":"Battery","specs":[{"label":"Type","value":"Si/C Li-Ion 6500 mAh"},{"label":"Charging","value":"90W wired, PD"}]},{"category":"Misc","specs":[{"label":"Colors","value":"Black, Blue, Yellow, Pink"},{"label":"Models","value":"V2465A"},{"label":"Price","value":"About 430 EUR"}]}]');
INSERT OR IGNORE INTO device_pictures (device_id, url, position) VALUES (767, 'https://fdn2.gsmarena.com/vv/bigpic/vivo-s30-pro-mini.jpg', 0);
INSERT OR IGNORE INTO device_pictures (device_id, url, position) VALUES (767, 'https://fdn2.gsmarena.com/vv/pics/vivo/vivo-s30-pro-mini-1.jpg', 1);
INSERT OR IGNORE INTO device_pictures (device_id, url, position) VALUES (767, 'https://fdn2.gsmarena.com/vv/pics/vivo/vivo-s30-pro-mini-2.jpg', 2);
INSERT OR IGNORE INTO devices (id, brand_id, name, gsmarena_url, thumbnail_url, summary) VALUES (768, 5, 'S30', 'https://www.gsmarena.com/vivo_s30_5g-13919.php', 'https://fdn2.gsmarena.com/vv/bigpic/vivo-s30.jpg', 'S30');
INSERT OR IGNORE INTO device_specs (device_id, announced, status, network, os, chipset, cpu, gpu, display_size, display_type, display_res, ram, storage, main_camera, selfie_camera, battery, charging, nfc, usb, bluetooth, wlan, colors, weight, dimensions, sim, sensors, popularity, fans, rating, full_specs_json) VALUES (768, '2025, May 29', 'Available. Released 2025, May 29', 'GSM / CDMA / HSPA / LTE / 5G / 5G', 'Android 15, OriginOS 5', 'Qualcomm SM7750-AB Snapdragon 7 Gen 4 (4 nm)', 'Octa-core (1x2.8 GHz Cortex-720 & 4x2.4 GHz Cortex-720 & 3x1.8 GHz Cortex-520)', 'Adreno 722', '6.67 inches, 107.4 cm 2 (~90.1% screen-to-body ratio)', 'AMOLED, 1B colors, 120Hz, 3840Hz PWM, HDR, 1300 nits (HBM), 5000 nits (peak)', '1260 x 2800 pixels, 20:9 ratio (~460 ppi density)', '12GB', '256GB', '50 MP, f/1.9, 23mm (wide), 1/1.56", PDAF, OIS, Ring-LED flash, panorama, HDR', '50 MP, f/2.0, 22mm (wide), AF, 4K, 1080p', 'Si/C Li-Ion 6500 mAh', '90W wired, PD', 'Yes', 'USB Type-C 2.0, OTG', '5.4, A2DP, LE, aptX HD, aptX Adaptive, aptX Lossless, LHDC 5', 'Wi-Fi 802.11 a/b/g/n/ac/6, dual-band', 'Black, Blue, Yellow, Pink', '192 g (6.77 oz)', '160.2 x 74.4 x 7.5 mm (6.31 x 2.93 x 0.30 in)', 'Nano-SIM + Nano-SIM', 'Fingerprint (under display, optical), accelerometer, gyro, proximity, compass', 'About 330 EUR', NULL, NULL, '[{"category":"Network","specs":[{"label":"Technology","value":"GSM / CDMA / HSPA / LTE / 5G"},{"label":"2G bands","value":"GSM 850 / 900 / 1800 / 1900"},{"label":"3G bands","value":"HSDPA 800 / 850 / 900 / 1700(AWS) / 1900 / 2100"},{"label":"4G bands","value":"1, 3, 4, 5, 7, 8, 18, 19, 26, 28, 34, 38, 39, 40, 41, 42, 43, 48, 66"},{"label":"5G bands","value":"1, 3, 5, 7, 8, 18, 26, 28, 38, 40, 41, 48, 66, 77, 78 SA/NSA"},{"label":"Speed","value":"HSPA, LTE, 5G"}]},{"category":"Launch","specs":[{"label":"Announced","value":"2025, May 29"},{"label":"Status","value":"Available. Released 2025, May 29"}]},{"category":"Body","specs":[{"label":"Dimensions","value":"160.2 x 74.4 x 7.5 mm (6.31 x 2.93 x 0.30 in)"},{"label":"Weight","value":"192 g (6.77 oz)"},{"label":"Build","value":"Glass front (Diamond Shield Glass), plastic frame, glass back"},{"label":"SIM","value":"Nano-SIM + Nano-SIM"}]},{"category":"Display","specs":[{"label":"Type","value":"AMOLED, 1B colors, 120Hz, 3840Hz PWM, HDR, 1300 nits (HBM), 5000 nits (peak)"},{"label":"Size","value":"6.67 inches, 107.4 cm 2 (~90.1% screen-to-body ratio)"},{"label":"Resolution","value":"1260 x 2800 pixels, 20:9 ratio (~460 ppi density)"},{"label":"Protection","value":"Diamond Shield Glass"}]},{"category":"Platform","specs":[{"label":"OS","value":"Android 15, OriginOS 5"},{"label":"Chipset","value":"Qualcomm SM7750-AB Snapdragon 7 Gen 4 (4 nm)"},{"label":"CPU","value":"Octa-core (1x2.8 GHz Cortex-720 & 4x2.4 GHz Cortex-720 & 3x1.8 GHz Cortex-520)"},{"label":"GPU","value":"Adreno 722"}]},{"category":"Memory","specs":[{"label":"Card slot","value":"No"},{"label":"Internal","value":"256GB 12GB RAM, 512GB 12GB RAM, 512GB 16GB RAM"}]},{"category":"Main Camera","specs":[{"label":"Triple","value":"50 MP, f/1.9, 23mm (wide), 1/1.56\\", PDAF, OIS"},{"label":"Features","value":"Ring-LED flash, panorama, HDR"},{"label":"Video","value":"4K, 1080p, gyro-EIS"}]},{"category":"Selfie camera","specs":[{"label":"Single","value":"50 MP, f/2.0, 22mm (wide), AF"},{"label":"Video","value":"4K, 1080p"},{"label":"Features","value":"HDR"}]},{"category":"Sound","specs":[{"label":"Loudspeaker","value":"Yes, with stereo speakers"},{"label":"3.5mm jack","value":"No"}]},{"category":"Comms","specs":[{"label":"WLAN","value":"Wi-Fi 802.11 a/b/g/n/ac/6, dual-band"},{"label":"Bluetooth","value":"5.4, A2DP, LE, aptX HD, aptX Adaptive, aptX Lossless, LHDC 5"},{"label":"Positioning","value":"GPS, GALILEO, GLONASS, QZSS, BDS (B1I+B1c)"},{"label":"NFC","value":"Yes"},{"label":"USB","value":"USB Type-C 2.0, OTG"},{"label":"Radio","value":"No"},{"label":"Infrared port","value":"Yes"}]},{"category":"Features","specs":[{"label":"Sensors","value":"Fingerprint (under display, optical), accelerometer, gyro, proximity, compass"}]},{"category":"Battery","specs":[{"label":"Type","value":"Si/C Li-Ion 6500 mAh"},{"label":"Charging","value":"90W wired, PD"}]},{"category":"Misc","specs":[{"label":"Colors","value":"Black, Blue, Yellow, Pink"},{"label":"Models","value":"V2464A"},{"label":"Price","value":"About 330 EUR"}]}]');
INSERT OR IGNORE INTO device_pictures (device_id, url, position) VALUES (768, 'https://fdn2.gsmarena.com/vv/bigpic/vivo-s30.jpg', 0);
INSERT OR IGNORE INTO device_pictures (device_id, url, position) VALUES (768, 'https://fdn2.gsmarena.com/vv/pics/vivo/vivo-s30-1.jpg', 1);
INSERT OR IGNORE INTO device_pictures (device_id, url, position) VALUES (768, 'https://fdn2.gsmarena.com/vv/pics/vivo/vivo-s30-2.jpg', 2);
INSERT OR IGNORE INTO devices (id, brand_id, name, gsmarena_url, thumbnail_url, summary) VALUES (769, 5, 'iQOO Neo 10', 'https://www.gsmarena.com/vivo_iqoo_neo_10_5g-13904.php', 'https://fdn2.gsmarena.com/vv/bigpic/vivo-iqoo-neo-10.jpg', 'iQOO Neo 10');
INSERT OR IGNORE INTO device_specs (device_id, announced, status, network, os, chipset, cpu, gpu, display_size, display_type, display_res, ram, storage, main_camera, selfie_camera, battery, charging, nfc, usb, bluetooth, wlan, colors, weight, dimensions, sim, sensors, popularity, fans, rating, full_specs_json) VALUES (769, '2025, May 26', 'Available. Released 2025, June 02', 'GSM / HSPA / LTE / 5G / 5G', 'Android 15, up to 3 major Android upgrades, Funtouch 15', 'Qualcomm SM8735 Snapdragon 8s Gen 4 (4 nm)', 'Octa-core (1x3.21 GHz Cortex-X4 & 3x3.0 GHz Cortex-A720 & 2x2.8 GHz Cortex-A720 & 2x2.0 GHz Cortex-A720)', 'Adreno 825', '6.78 inches, 111.0 cm 2 (~89.3% screen-to-body ratio)', 'AMOLED, 1B colors, 144Hz, 4320Hz PWM, HDR, 2000 nits (HBM), 4400 nits (peak)', '1260 x 2800 pixels, 20:9 ratio (~453 ppi density)', '8GB', '128GB', '50 MP, f/1.8, (wide), 1/1.95", 0.8µm, multi-directional PDAF, OIS, LED flash, HDR, panorama', '32 MP, f/2.5, (wide), 4K@30/60fps, 1080p, gyro-EIS', 'Si/C Li-Ion 7000 mAh', '120W wired, 100W PD, 100W PPS, 50% in 15 min, 100% in 36 min', 'Yes', 'USB Type-C 2.0, OTG', '5.4, A2DP, LE', 'Wi-Fi 802.11 a/b/g/n/ac/6/7, dual-band', 'Inferno Red, Titanium Chrome, Blaze Orange, Onyx Black', '206 g (7.27 oz)', '163.7 x 75.9 x 8.1 mm (6.44 x 2.99 x 0.32 in)', 'Nano-SIM + Nano-SIM', 'Fingerprint (under display, optical), accelerometer, gyro, proximity, compass', '₹ 36,998', NULL, NULL, '[{"category":"Network","specs":[{"label":"Technology","value":"GSM / HSPA / LTE / 5G"},{"label":"2G bands","value":"GSM 850 / 900 / 1800 / 1900"},{"label":"3G bands","value":"HSDPA 800 / 850 / 900 / 2100"},{"label":"4G bands","value":"1, 3, 5, 7, 8, 18, 19, 20, 26, 28, 38, 40, 41, 42, 48"},{"label":"5G bands","value":"1, 3, 5, 7, 8, 18, 20, 26, 28, 38, 40, 41, 48, 77, 78 SA/NSA"},{"label":"Speed","value":"HSPA, LTE, 5G"}]},{"category":"Launch","specs":[{"label":"Announced","value":"2025, May 26"},{"label":"Status","value":"Available. Released 2025, June 02"}]},{"category":"Body","specs":[{"label":"Dimensions","value":"163.7 x 75.9 x 8.1 mm (6.44 x 2.99 x 0.32 in)"},{"label":"Weight","value":"206 g (7.27 oz)"},{"label":"Build","value":"Glass front, plastic back, plastic frame"},{"label":"SIM","value":"Nano-SIM + Nano-SIM"}]},{"category":"Display","specs":[{"label":"Type","value":"AMOLED, 1B colors, 144Hz, 4320Hz PWM, HDR, 2000 nits (HBM), 4400 nits (peak)"},{"label":"Size","value":"6.78 inches, 111.0 cm 2 (~89.3% screen-to-body ratio)"},{"label":"Resolution","value":"1260 x 2800 pixels, 20:9 ratio (~453 ppi density)"},{"label":"Protection","value":"Shield Glass"}]},{"category":"Platform","specs":[{"label":"OS","value":"Android 15, up to 3 major Android upgrades, Funtouch 15"},{"label":"Chipset","value":"Qualcomm SM8735 Snapdragon 8s Gen 4 (4 nm)"},{"label":"CPU","value":"Octa-core (1x3.21 GHz Cortex-X4 & 3x3.0 GHz Cortex-A720 & 2x2.8 GHz Cortex-A720 & 2x2.0 GHz Cortex-A720)"},{"label":"GPU","value":"Adreno 825"}]},{"category":"Memory","specs":[{"label":"Card slot","value":"No"},{"label":"Internal","value":"128GB 8GB RAM, 256GB 8GB RAM, 256GB 12GB RAM, 512GB 16GB RAM"}]},{"category":"Main Camera","specs":[{"label":"Dual","value":"50 MP, f/1.8, (wide), 1/1.95\\", 0.8µm, multi-directional PDAF, OIS"},{"label":"Features","value":"LED flash, HDR, panorama"},{"label":"Video","value":"4K@30/60fps, 1080p, gyro-EIS, OIS"}]},{"category":"Selfie camera","specs":[{"label":"Single","value":"32 MP, f/2.5, (wide)"},{"label":"Video","value":"4K@30/60fps, 1080p, gyro-EIS"}]},{"category":"Sound","specs":[{"label":"Loudspeaker","value":"Yes, with stereo speakers"},{"label":"3.5mm jack","value":"No"}]},{"category":"Comms","specs":[{"label":"WLAN","value":"Wi-Fi 802.11 a/b/g/n/ac/6/7, dual-band"},{"label":"Bluetooth","value":"5.4, A2DP, LE"},{"label":"Positioning","value":"GPS (L1+L5), GLONASS, GALILEO, BDS, QZSS, NavIC"},{"label":"NFC","value":"Yes"},{"label":"USB","value":"USB Type-C 2.0, OTG"},{"label":"Radio","value":"No"},{"label":"Infrared port","value":"Yes"}]},{"category":"Features","specs":[{"label":"Sensors","value":"Fingerprint (under display, optical), accelerometer, gyro, proximity, compass"}]},{"category":"Battery","specs":[{"label":"Type","value":"Si/C Li-Ion 7000 mAh"},{"label":"Charging","value":"120W wired, 100W PD, 100W PPS, 50% in 15 min, 100% in 36 min"}]},{"category":"Misc","specs":[{"label":"Colors","value":"Inferno Red, Titanium Chrome, Blaze Orange, Onyx Black"},{"label":"Price","value":"₹ 36,998"}]}]');
INSERT OR IGNORE INTO device_pictures (device_id, url, position) VALUES (769, 'https://fdn2.gsmarena.com/vv/bigpic/vivo-iqoo-neo-10.jpg', 0);
INSERT OR IGNORE INTO device_pictures (device_id, url, position) VALUES (769, 'https://fdn2.gsmarena.com/vv/pics/vivo/vivo-iqoo-neo-10-1.jpg', 1);
INSERT OR IGNORE INTO device_pictures (device_id, url, position) VALUES (769, 'https://fdn2.gsmarena.com/vv/pics/vivo/vivo-iqoo-neo-10-2.jpg', 2);
INSERT OR IGNORE INTO device_pictures (device_id, url, position) VALUES (769, 'https://fdn2.gsmarena.com/vv/pics/vivo/vivo-iqoo-neo-10-3.jpg', 3);
INSERT OR IGNORE INTO devices (id, brand_id, name, gsmarena_url, thumbnail_url, summary) VALUES (770, 5, 'IQOO Pad5 Pro', 'https://www.gsmarena.com/vivo_iqoo_pad5_pro-13887.php', 'https://fdn2.gsmarena.com/vv/bigpic/vivo-iqoo-pad5-pro.jpg', 'IQOO Pad5 Pro');
INSERT OR IGNORE INTO device_specs (device_id, announced, status, network, os, chipset, cpu, gpu, display_size, display_type, display_res, ram, storage, main_camera, selfie_camera, battery, charging, nfc, usb, bluetooth, wlan, colors, weight, dimensions, sim, sensors, popularity, fans, rating, full_specs_json) VALUES (770, '2025, May 20', 'Available. Released 2025, May 20', 'No cellular connectivity / 4G/LTE', 'Android 15, OriginOS 5 HD', 'Mediatek Dimensity 9400+ (3 nm)', 'Octa-core (1x3.73 GHz Cortex-X925 & 3x3.3 GHz Cortex-X4 & 4x2.4 GHz Cortex-A720)', 'Immortalis-G925 MC12', '13.0 inches, 503.2 cm 2 (~87.6% screen-to-body ratio)', 'IPS LCD, 1B colors, 144Hz, HDR10, 1200 nits (peak)', '2064 x 3096 pixels, 3:2 ratio (~286 ppi density)', '8GB', '256GB', '13 MP, LED flash, panorama', '8 MP, 1080p@30fps', '12050 mAh', '66W wired, PD', 'No', 'USB Type-C 3.2, OTG, magnetic connector', '5.4, A2DP, LE', 'Wi-Fi 802.11 a/b/g/n/ac/6/7, dual-band', 'Gray, Green, Silver', '635 g (1.40 lb)', '289.6 x 198.3 x 6.1 mm (11.40 x 7.81 x 0.24 in)', 'No', 'Accelerometer, gyro, proximity (accessories only)', 'About 390 EUR', NULL, NULL, '[{"category":"Network","specs":[{"label":"Technology","value":"No cellular connectivity"},{"label":"2G bands","value":"N/A"},{"label":"3G bands","value":"N/A"},{"label":"4G bands","value":"N/A"},{"label":"GPRS","value":"No"},{"label":"EDGE","value":"No"}]},{"category":"Launch","specs":[{"label":"Announced","value":"2025, May 20"},{"label":"Status","value":"Available. Released 2025, May 20"}]},{"category":"Body","specs":[{"label":"Dimensions","value":"289.6 x 198.3 x 6.1 mm (11.40 x 7.81 x 0.24 in)"},{"label":"Weight","value":"635 g (1.40 lb)"},{"label":"Build","value":"Glass front, aluminum back, aluminum frame"},{"label":"SIM","value":"No"}]},{"category":"Display","specs":[{"label":"Type","value":"IPS LCD, 1B colors, 144Hz, HDR10, 1200 nits (peak)"},{"label":"Size","value":"13.0 inches, 503.2 cm 2 (~87.6% screen-to-body ratio)"},{"label":"Resolution","value":"2064 x 3096 pixels, 3:2 ratio (~286 ppi density)"}]},{"category":"Platform","specs":[{"label":"OS","value":"Android 15, OriginOS 5 HD"},{"label":"Chipset","value":"Mediatek Dimensity 9400+ (3 nm)"},{"label":"CPU","value":"Octa-core (1x3.73 GHz Cortex-X925 & 3x3.3 GHz Cortex-X4 & 4x2.4 GHz Cortex-A720)"},{"label":"GPU","value":"Immortalis-G925 MC12"}]},{"category":"Memory","specs":[{"label":"Card slot","value":"No"},{"label":"Internal","value":"256GB 8GB RAM, 256GB 12GB RAM, 512GB 12GB RAM, 512GB 16GB RAM"}]},{"category":"Main Camera","specs":[{"label":"Single","value":"13 MP"},{"label":"Features","value":"LED flash, panorama"},{"label":"Video","value":"4K, 1080p"}]},{"category":"Selfie camera","specs":[{"label":"Single","value":"8 MP"},{"label":"Video","value":"1080p@30fps"}]},{"category":"Sound","specs":[{"label":"Loudspeaker","value":"Yes, with stereo speakers (8 speakers)"},{"label":"3.5mm jack","value":"No"}]},{"category":"Comms","specs":[{"label":"WLAN","value":"Wi-Fi 802.11 a/b/g/n/ac/6/7, dual-band"},{"label":"Bluetooth","value":"5.4, A2DP, LE"},{"label":"Positioning","value":"Unspecified"},{"label":"NFC","value":"No"},{"label":"USB","value":"USB Type-C 3.2, OTG, magnetic connector"},{"label":"Radio","value":"No"}]},{"category":"Features","specs":[{"label":"Sensors","value":"Accelerometer, gyro, proximity (accessories only)"}]},{"category":"Battery","specs":[{"label":"Type","value":"12050 mAh"},{"label":"Charging","value":"66W wired, PD"}]},{"category":"Misc","specs":[{"label":"Colors","value":"Gray, Green, Silver"},{"label":"Price","value":"About 390 EUR"}]}]');
INSERT OR IGNORE INTO device_pictures (device_id, url, position) VALUES (770, 'https://fdn2.gsmarena.com/vv/bigpic/vivo-iqoo-pad5-pro.jpg', 0);
INSERT OR IGNORE INTO device_pictures (device_id, url, position) VALUES (770, 'https://fdn2.gsmarena.com/vv/pics/vivo/vivo-iqoo-pad5-pro-1.jpg', 1);
INSERT OR IGNORE INTO device_pictures (device_id, url, position) VALUES (770, 'https://fdn2.gsmarena.com/vv/pics/vivo/vivo-iqoo-pad5-pro-2.jpg', 2);
INSERT OR IGNORE INTO devices (id, brand_id, name, gsmarena_url, thumbnail_url, summary) VALUES (771, 5, 'IQOO Pad5', 'https://www.gsmarena.com/vivo_iqoo_pad5-13888.php', 'https://fdn2.gsmarena.com/vv/bigpic/vivo-iqoo-pad5.jpg', 'IQOO Pad5');
INSERT OR IGNORE INTO device_specs (device_id, announced, status, network, os, chipset, cpu, gpu, display_size, display_type, display_res, ram, storage, main_camera, selfie_camera, battery, charging, nfc, usb, bluetooth, wlan, colors, weight, dimensions, sim, sensors, popularity, fans, rating, full_specs_json) VALUES (771, '2025, May 20', 'Available. Released 2025, May 20', 'No cellular connectivity / 4G/LTE', 'Android 15, OriginOS 5 HD', 'Mediatek Dimensity 9300+ (4 nm)', 'Octa-core (1x3.4 GHz Cortex-X4 & 3x2.85 GHz Cortex-X4 & 4x2.0 GHz Cortex-A720)', 'Immortalis-G720 MC12', '12.1 inches, 444.4 cm 2 (~86.9% screen-to-body ratio)', 'IPS LCD, 1B colors, 144Hz, HDR10, 900 nits (peak)', '1968 x 2800 pixels (~283 ppi density)', '8GB', '128GB', '8 MP, LED flash', '5 MP, 1080p@30fps', '10000 mAh', '44W wired, PD', 'No', 'USB Type-C 3.2, OTG, magnetic connector', '5.4, A2DP, LE', 'Wi-Fi 802.11 a/b/g/n/ac/6/7, dual-band', 'Gray, Green, Silver', '590 g (1.30 lb)', '266.4 x 192 x 6.6 mm (10.49 x 7.56 x 0.26 in)', 'No', 'Accelerometer, proximity (accessories only), gyro', 'About 290 EUR', NULL, NULL, '[{"category":"Network","specs":[{"label":"Technology","value":"No cellular connectivity"},{"label":"2G bands","value":"N/A"},{"label":"3G bands","value":"N/A"},{"label":"4G bands","value":"N/A"},{"label":"GPRS","value":"No"},{"label":"EDGE","value":"No"}]},{"category":"Launch","specs":[{"label":"Announced","value":"2025, May 20"},{"label":"Status","value":"Available. Released 2025, May 20"}]},{"category":"Body","specs":[{"label":"Dimensions","value":"266.4 x 192 x 6.6 mm (10.49 x 7.56 x 0.26 in)"},{"label":"Weight","value":"590 g (1.30 lb)"},{"label":"Build","value":"Glass front, aluminum back, aluminum frame"},{"label":"SIM","value":"No"}]},{"category":"Display","specs":[{"label":"Type","value":"IPS LCD, 1B colors, 144Hz, HDR10, 900 nits (peak)"},{"label":"Size","value":"12.1 inches, 444.4 cm 2 (~86.9% screen-to-body ratio)"},{"label":"Resolution","value":"1968 x 2800 pixels (~283 ppi density)"}]},{"category":"Platform","specs":[{"label":"OS","value":"Android 15, OriginOS 5 HD"},{"label":"Chipset","value":"Mediatek Dimensity 9300+ (4 nm)"},{"label":"CPU","value":"Octa-core (1x3.4 GHz Cortex-X4 & 3x2.85 GHz Cortex-X4 & 4x2.0 GHz Cortex-A720)"},{"label":"GPU","value":"Immortalis-G720 MC12"}]},{"category":"Memory","specs":[{"label":"Card slot","value":"No"},{"label":"Internal","value":"128GB 8GB RAM, 256GB 8GB RAM, 256GB 12GB RAM, 512GB 16GB RAM"}]},{"category":"Main Camera","specs":[{"label":"Single","value":"8 MP"},{"label":"Features","value":"LED flash"},{"label":"Video","value":"1080p@30fps"}]},{"category":"Selfie camera","specs":[{"label":"Single","value":"5 MP"},{"label":"Video","value":"1080p@30fps"}]},{"category":"Sound","specs":[{"label":"Loudspeaker","value":"Yes, with stereo speakers (6 speakers)"},{"label":"3.5mm jack","value":"No"}]},{"category":"Comms","specs":[{"label":"WLAN","value":"Wi-Fi 802.11 a/b/g/n/ac/6/7, dual-band"},{"label":"Bluetooth","value":"5.4, A2DP, LE"},{"label":"Positioning","value":"Unspecified"},{"label":"NFC","value":"No"},{"label":"USB","value":"USB Type-C 3.2, OTG, magnetic connector"},{"label":"Radio","value":"No"}]},{"category":"Features","specs":[{"label":"Sensors","value":"Accelerometer, proximity (accessories only), gyro"}]},{"category":"Battery","specs":[{"label":"Type","value":"10000 mAh"},{"label":"Charging","value":"44W wired, PD"}]},{"category":"Misc","specs":[{"label":"Colors","value":"Gray, Green, Silver"},{"label":"Price","value":"About 290 EUR"}]}]');
INSERT OR IGNORE INTO device_pictures (device_id, url, position) VALUES (771, 'https://fdn2.gsmarena.com/vv/bigpic/vivo-iqoo-pad5.jpg', 0);
INSERT OR IGNORE INTO device_pictures (device_id, url, position) VALUES (771, 'https://fdn2.gsmarena.com/vv/pics/vivo/vivo-iqoo-pad5-1.jpg', 1);
INSERT OR IGNORE INTO device_pictures (device_id, url, position) VALUES (771, 'https://fdn2.gsmarena.com/vv/pics/vivo/vivo-iqoo-pad5-2.jpg', 2);
INSERT OR IGNORE INTO devices (id, brand_id, name, gsmarena_url, thumbnail_url, summary) VALUES (772, 5, 'iQOO Neo10 Pro+ (China)', 'https://www.gsmarena.com/vivo_iqoo_neo10_pro+_(china)-13882.php', 'https://fdn2.gsmarena.com/vv/bigpic/vivo-iqoo-neo10-pro-plus-cn.jpg', 'iQOO Neo10 Pro+ (China)');
INSERT OR IGNORE INTO device_specs (device_id, announced, status, network, os, chipset, cpu, gpu, display_size, display_type, display_res, ram, storage, main_camera, selfie_camera, battery, charging, nfc, usb, bluetooth, wlan, colors, weight, dimensions, sim, sensors, popularity, fans, rating, full_specs_json) VALUES (772, '2025, May 20', 'Available. Released 2025, May 20', 'GSM / HSPA / LTE / 5G / 5G', 'Android 15, OriginOS 5', 'Qualcomm SM8750-AB Snapdragon 8 Elite (3 nm)', 'Octa-core (2x4.32 GHz Oryon V2 Phoenix L + 6x3.53 GHz Oryon V2 Phoenix M)', 'Adreno 830', '6.82 inches, 113.0 cm 2 (~90.1% screen-to-body ratio)', 'LTPO AMOLED, 1B colors, 144Hz, HDR10+, 1800 nits (HBM), 4500 nits (peak)', '1440 x 3168 pixels (~510 ppi density)', '12GB', '256GB', '50 MP, f/1.9, 23mm (wide), PDAF, OIS, LED flash, panorama, HDR', '16 MP, f/2.5, (wide), 1080p@30fps', 'Si/C Li-Ion 6800 mAh', '120W wired, 100W PPS+PD, 70% in 25 min', 'Yes', 'USB Type-C 2.0, OTG', '5.4, A2DP, LE, aptX HD, aptX Adaptive, aptX Lossless, LHDC 5', 'Wi-Fi 802.11 a/b/g/n/ac/6/7, dual-band', 'Black, White, Blue', '212 g or 217 g (7.48 oz)', '163.8 x 76.6 x 8.2 mm (6.45 x 3.02 x 0.32 in)', 'Nano-SIM + Nano-SIM', 'Fingerprint (under display, ultrasonic), accelerometer, gyro, proximity, compass', 'About 350 EUR', NULL, NULL, '[{"category":"Network","specs":[{"label":"Technology","value":"GSM / HSPA / LTE / 5G"},{"label":"2G bands","value":"GSM 850 / 900 / 1800 / 1900"},{"label":"3G bands","value":"HSDPA 800 / 850 / 900 / 1700(AWS) / 1900 / 2100"},{"label":"4G bands","value":"1, 3, 4, 5, 7, 8, 18, 19, 26, 28, 34, 38, 39, 40, 41, 42, 43, 48, 66"},{"label":"5G bands","value":"1, 3, 5, 7, 8, 18, 26, 28, 38, 40, 41, 48, 66, 77, 78 SA/NSA"},{"label":"Speed","value":"HSPA, LTE, 5G"}]},{"category":"Launch","specs":[{"label":"Announced","value":"2025, May 20"},{"label":"Status","value":"Available. Released 2025, May 20"}]},{"category":"Body","specs":[{"label":"Dimensions","value":"163.8 x 76.6 x 8.2 mm (6.45 x 3.02 x 0.32 in)"},{"label":"Weight","value":"212 g or 217 g (7.48 oz)"},{"label":"SIM","value":"Nano-SIM + Nano-SIM"}]},{"category":"Display","specs":[{"label":"Type","value":"LTPO AMOLED, 1B colors, 144Hz, HDR10+, 1800 nits (HBM), 4500 nits (peak)"},{"label":"Size","value":"6.82 inches, 113.0 cm 2 (~90.1% screen-to-body ratio)"},{"label":"Resolution","value":"1440 x 3168 pixels (~510 ppi density)"}]},{"category":"Platform","specs":[{"label":"OS","value":"Android 15, OriginOS 5"},{"label":"Chipset","value":"Qualcomm SM8750-AB Snapdragon 8 Elite (3 nm)"},{"label":"CPU","value":"Octa-core (2x4.32 GHz Oryon V2 Phoenix L + 6x3.53 GHz Oryon V2 Phoenix M)"},{"label":"GPU","value":"Adreno 830"}]},{"category":"Memory","specs":[{"label":"Card slot","value":"No"},{"label":"Internal","value":"256GB 12GB RAM, 256GB 16GB RAM, 512GB 12GB RAM, 512GB 16GB RAM, 1TB 16GB RAM"}]},{"category":"Main Camera","specs":[{"label":"Dual","value":"50 MP, f/1.9, 23mm (wide), PDAF, OIS"},{"label":"Features","value":"LED flash, panorama, HDR"},{"label":"Video","value":"8K, 4K, 1080p, gyro-EIS"}]},{"category":"Selfie camera","specs":[{"label":"Single","value":"16 MP, f/2.5, (wide)"},{"label":"Video","value":"1080p@30fps"}]},{"category":"Sound","specs":[{"label":"Loudspeaker","value":"Yes, with stereo speakers (closed type)"},{"label":"3.5mm jack","value":"No"}]},{"category":"Comms","specs":[{"label":"WLAN","value":"Wi-Fi 802.11 a/b/g/n/ac/6/7, dual-band"},{"label":"Bluetooth","value":"5.4, A2DP, LE, aptX HD, aptX Adaptive, aptX Lossless, LHDC 5"},{"label":"Positioning","value":"GPS (L1+L5), GLONASS, BDS (B1I+B1c+B2a), GALILEO (E1+E5a), QZSS (L1+L5)"},{"label":"NFC","value":"Yes"},{"label":"USB","value":"USB Type-C 2.0, OTG"},{"label":"Radio","value":"No"},{"label":"Infrared port","value":"Yes"}]},{"category":"Features","specs":[{"label":"Sensors","value":"Fingerprint (under display, ultrasonic), accelerometer, gyro, proximity, compass"}]},{"category":"Battery","specs":[{"label":"Type","value":"Si/C Li-Ion 6800 mAh"},{"label":"Charging","value":"120W wired, 100W PPS+PD, 70% in 25 min"}]},{"category":"Misc","specs":[{"label":"Colors","value":"Black, White, Blue"},{"label":"Price","value":"About 350 EUR"}]}]');
INSERT OR IGNORE INTO device_pictures (device_id, url, position) VALUES (772, 'https://fdn2.gsmarena.com/vv/bigpic/vivo-iqoo-neo10-pro-plus-cn.jpg', 0);
INSERT OR IGNORE INTO device_pictures (device_id, url, position) VALUES (772, 'https://fdn2.gsmarena.com/vv/pics/vivo/vivo-iqoo-neo10-pro-plus-cn-1.jpg', 1);
INSERT OR IGNORE INTO device_pictures (device_id, url, position) VALUES (772, 'https://fdn2.gsmarena.com/vv/pics/vivo/vivo-iqoo-neo10-pro-plus-cn-2.jpg', 2);
INSERT OR IGNORE INTO device_pictures (device_id, url, position) VALUES (772, 'https://fdn2.gsmarena.com/vv/pics/vivo/vivo-iqoo-neo10-pro-plus-cn-3.jpg', 3);
INSERT OR IGNORE INTO devices (id, brand_id, name, gsmarena_url, thumbnail_url, summary) VALUES (773, 5, 'Y300 GT', 'https://www.gsmarena.com/vivo_y300_gt_5g-13857.php', 'https://fdn2.gsmarena.com/vv/bigpic/vivoiy300-gt.jpg', 'Y300 GT');
INSERT OR IGNORE INTO device_specs (device_id, announced, status, network, os, chipset, cpu, gpu, display_size, display_type, display_res, ram, storage, main_camera, selfie_camera, battery, charging, nfc, usb, bluetooth, wlan, colors, weight, dimensions, sim, sensors, popularity, fans, rating, full_specs_json) VALUES (773, '2025, May 09', 'Available. Released 2025, May 09', 'GSM / HSPA / LTE / 5G / 5G', 'Android 15, OriginOS 5', 'Mediatek Dimensity 8400 (4 nm)', 'Octa-core (1x3.25 GHz Cortex-A725 & 3x3.0 GHz Cortex-A725 & 4x2.1 GHz Cortex-A725)', 'G720 MC7', '6.78 inches, 111.0 cm 2 (~89.3% screen-to-body ratio)', 'AMOLED, 1B colors, 144Hz, HDR, 5500 nits (peak)', '1260 x 2800 pixels, 20:9 ratio (~453 ppi density)', '8GB', '256GB', '50 MP, f/1.8, (wide), 1/1.95", 0.8µm, PDAF, OIS, Color spectrum sensor, LED flash, HDR, panorama', '16 MP, f/2.5, (wide), 1/3.0", 1.0µm, 1080p@30fps, gyro-EIS', 'Si/C Li-Ion 7620 mAh', '90W wired, 100% in 55 min', 'Yes', 'USB Type-C 2.0, OTG', '5.4, A2DP, LE, aptX HD', 'Wi-Fi 802.11 a/b/g/n/ac/6, dual-band', 'Black, Gold', '212 g (7.48 oz)', '163.7 x 75.9 x 8.1 mm (6.44 x 2.99 x 0.32 in)', 'Nano-SIM + Nano-SIM', 'Fingerprint (under display, optical), accelerometer, gyro, proximity, compass', 'About 250 EUR', NULL, NULL, '[{"category":"Network","specs":[{"label":"Technology","value":"GSM / HSPA / LTE / 5G"},{"label":"2G bands","value":"GSM 850 / 900 / 1800 / 1900"},{"label":"3G bands","value":"HSDPA 800 / 850 / 900 / 2100"},{"label":"4G bands","value":"1, 3, 5, 8, 19, 28, 34, 38, 39, 40, 41, 42, 48"},{"label":"5G bands","value":"1, 3, 5, 8, 28, 34, 38, 39, 40, 41, 48, 77, 78 SA/NSA"},{"label":"Speed","value":"HSPA, LTE, 5G"}]},{"category":"Launch","specs":[{"label":"Announced","value":"2025, May 09"},{"label":"Status","value":"Available. Released 2025, May 09"}]},{"category":"Body","specs":[{"label":"Dimensions","value":"163.7 x 75.9 x 8.1 mm (6.44 x 2.99 x 0.32 in)"},{"label":"Weight","value":"212 g (7.48 oz)"},{"label":"Build","value":"Glass front, plastic back, plastic frame"},{"label":"SIM","value":"Nano-SIM + Nano-SIM"}]},{"category":"Display","specs":[{"label":"Type","value":"AMOLED, 1B colors, 144Hz, HDR, 5500 nits (peak)"},{"label":"Size","value":"6.78 inches, 111.0 cm 2 (~89.3% screen-to-body ratio)"},{"label":"Resolution","value":"1260 x 2800 pixels, 20:9 ratio (~453 ppi density)"}]},{"category":"Platform","specs":[{"label":"OS","value":"Android 15, OriginOS 5"},{"label":"Chipset","value":"Mediatek Dimensity 8400 (4 nm)"},{"label":"CPU","value":"Octa-core (1x3.25 GHz Cortex-A725 & 3x3.0 GHz Cortex-A725 & 4x2.1 GHz Cortex-A725)"},{"label":"GPU","value":"G720 MC7"}]},{"category":"Memory","specs":[{"label":"Card slot","value":"No"},{"label":"Internal","value":"256GB 8GB RAM, 256GB 12GB RAM, 512GB 12GB RAM"}]},{"category":"Main Camera","specs":[{"label":"Dual","value":"50 MP, f/1.8, (wide), 1/1.95\\", 0.8µm, PDAF, OIS"},{"label":"Features","value":"Color spectrum sensor, LED flash, HDR, panorama"},{"label":"Video","value":"4K, 1080p, gyro-EIS, OIS"}]},{"category":"Selfie camera","specs":[{"label":"Single","value":"16 MP, f/2.5, (wide), 1/3.0\\", 1.0µm"},{"label":"Video","value":"1080p@30fps, gyro-EIS"}]},{"category":"Sound","specs":[{"label":"Loudspeaker","value":"Yes, with stereo speakers"},{"label":"3.5mm jack","value":"No"}]},{"category":"Comms","specs":[{"label":"WLAN","value":"Wi-Fi 802.11 a/b/g/n/ac/6, dual-band"},{"label":"Bluetooth","value":"5.4, A2DP, LE, aptX HD"},{"label":"Positioning","value":"GPS (L1+L5), BDS (B1I+B1C+B2a), GALILEO (E1+E5a), QZSS (L1+L5), NavIC (L5), GLONASS"},{"label":"NFC","value":"Yes"},{"label":"USB","value":"USB Type-C 2.0, OTG"},{"label":"Radio","value":"No"},{"label":"Infrared port","value":"Yes"}]},{"category":"Features","specs":[{"label":"Sensors","value":"Fingerprint (under display, optical), accelerometer, gyro, proximity, compass"}]},{"category":"Battery","specs":[{"label":"Type","value":"Si/C Li-Ion 7620 mAh"},{"label":"Charging","value":"90W wired, 100% in 55 min"}]},{"category":"Misc","specs":[{"label":"Colors","value":"Black, Gold"},{"label":"Models","value":"V2452GA"},{"label":"Price","value":"About 250 EUR"}]}]');
INSERT OR IGNORE INTO device_pictures (device_id, url, position) VALUES (773, 'https://fdn2.gsmarena.com/vv/bigpic/vivoiy300-gt.jpg', 0);
INSERT OR IGNORE INTO device_pictures (device_id, url, position) VALUES (773, 'https://fdn2.gsmarena.com/vv/pics/vivo/vivo-y300-gt-1.jpg', 1);
INSERT OR IGNORE INTO device_pictures (device_id, url, position) VALUES (773, 'https://fdn2.gsmarena.com/vv/pics/vivo/vivo-y300-gt-2.jpg', 2);
INSERT OR IGNORE INTO device_pictures (device_id, url, position) VALUES (773, 'https://fdn2.gsmarena.com/vv/pics/vivo/vivo-y300-gt-3.jpg', 3);
INSERT OR IGNORE INTO devices (id, brand_id, name, gsmarena_url, thumbnail_url, summary) VALUES (774, 5, 'Y19', 'https://www.gsmarena.com/vivo_y19_5g-13828.php', 'https://fdn2.gsmarena.com/vv/bigpic/vivo-y04.jpg', 'Y19');
INSERT OR IGNORE INTO device_specs (device_id, announced, status, network, os, chipset, cpu, gpu, display_size, display_type, display_res, ram, storage, main_camera, selfie_camera, battery, charging, nfc, usb, bluetooth, wlan, colors, weight, dimensions, sim, sensors, popularity, fans, rating, full_specs_json) VALUES (774, '2025, May 01', 'Available. Released 2025, May 01', 'GSM / HSPA / LTE / 5G / 5G', 'Android 15, Funtouch 15', 'Mediatek Dimensity 6300 (6 nm)', 'Octa-core (2x2.4 GHz Cortex-A76 & 6x2.0 GHz Cortex-A55)', 'Mali-G57 MC2', '6.74 inches, 109.7 cm 2 (~85.1% screen-to-body ratio)', 'IPS LCD, 90Hz, 570 nits (HBM)', '720 x 1600 pixels, 20:9 ratio (~260 ppi density)', '4GB', '64GB', '13 MP, f/2.2, (wide), AF, LED flash, panorama', '5 MP, f/2.2, (wide), Yes', 'Li-Ion 5500 mAh', '15W wired', 'No', 'USB Type-C 2.0, OTG', '5.4, A2DP, LE', 'Wi-Fi 802.11 a/b/g/n/ac, dual-band', 'Titanium Silver, Majestic Green', '199 g (7.02 oz)', '167.3 x 77 x 8.2 mm (6.59 x 3.03 x 0.32 in)', 'Nano-SIM + Nano-SIM', 'Fingerprint (side-mounted), accelerometer, proximity, compass', 'About 50 EUR', NULL, NULL, '[{"category":"Network","specs":[{"label":"Technology","value":"GSM / HSPA / LTE / 5G"},{"label":"2G bands","value":"GSM 850 / 900 / 1800 / 1900"},{"label":"3G bands","value":"HSDPA 850 / 900 / 2100"},{"label":"4G bands","value":"1, 3, 5, 8, 28, 38, 40, 41"},{"label":"5G bands","value":"1, 3, 5, 8, 28, 40, 77, 78 SA/NSA"},{"label":"Speed","value":"HSPA, LTE"}]},{"category":"Launch","specs":[{"label":"Announced","value":"2025, May 01"},{"label":"Status","value":"Available. Released 2025, May 01"}]},{"category":"Body","specs":[{"label":"Dimensions","value":"167.3 x 77 x 8.2 mm (6.59 x 3.03 x 0.32 in)"},{"label":"Weight","value":"199 g (7.02 oz)"},{"label":"Build","value":"Glass front, plastic frame, plastic back"},{"label":"SIM","value":"Nano-SIM + Nano-SIM"}]},{"category":"Display","specs":[{"label":"Type","value":"IPS LCD, 90Hz, 570 nits (HBM)"},{"label":"Size","value":"6.74 inches, 109.7 cm 2 (~85.1% screen-to-body ratio)"},{"label":"Resolution","value":"720 x 1600 pixels, 20:9 ratio (~260 ppi density)"}]},{"category":"Platform","specs":[{"label":"OS","value":"Android 15, Funtouch 15"},{"label":"Chipset","value":"Mediatek Dimensity 6300 (6 nm)"},{"label":"CPU","value":"Octa-core (2x2.4 GHz Cortex-A76 & 6x2.0 GHz Cortex-A55)"},{"label":"GPU","value":"Mali-G57 MC2"}]},{"category":"Memory","specs":[{"label":"Card slot","value":"microSDXC (dedicated slot)"},{"label":"Internal","value":"64GB 4GB RAM, 128GB 4GB RAM, 128GB 6GB RAM"}]},{"category":"Main Camera","specs":[{"label":"Single","value":"13 MP, f/2.2, (wide), AF"},{"label":"Features","value":"LED flash, panorama"},{"label":"Video","value":"1080p@30fps"}]},{"category":"Selfie camera","specs":[{"label":"Single","value":"5 MP, f/2.2, (wide)"},{"label":"Video","value":"Yes"}]},{"category":"Sound","specs":[{"label":"Loudspeaker","value":"Yes"},{"label":"3.5mm jack","value":"Yes"}]},{"category":"Comms","specs":[{"label":"WLAN","value":"Wi-Fi 802.11 a/b/g/n/ac, dual-band"},{"label":"Bluetooth","value":"5.4, A2DP, LE"},{"label":"Positioning","value":"GPS, GALILEO, GLONASS, BDS, QZSS"},{"label":"NFC","value":"No"},{"label":"USB","value":"USB Type-C 2.0, OTG"},{"label":"Radio","value":"FM radio"}]},{"category":"Features","specs":[{"label":"Sensors","value":"Fingerprint (side-mounted), accelerometer, proximity, compass"}]},{"category":"Battery","specs":[{"label":"Type","value":"Li-Ion 5500 mAh"},{"label":"Charging","value":"15W wired"}]},{"category":"Misc","specs":[{"label":"Colors","value":"Titanium Silver, Majestic Green"},{"label":"Models","value":"V2432"},{"label":"Price","value":"About 50 EUR"}]}]');
INSERT OR IGNORE INTO device_pictures (device_id, url, position) VALUES (774, 'https://fdn2.gsmarena.com/vv/bigpic/vivo-y04.jpg', 0);
INSERT OR IGNORE INTO device_pictures (device_id, url, position) VALUES (774, 'https://fdn2.gsmarena.com/vv/pics/vivo/vivo-y04-1.jpg', 1);
INSERT OR IGNORE INTO device_pictures (device_id, url, position) VALUES (774, 'https://fdn2.gsmarena.com/vv/pics/vivo/vivo-y04-2.jpg', 2);
INSERT OR IGNORE INTO devices (id, brand_id, name, gsmarena_url, thumbnail_url, summary) VALUES (775, 5, 'iQOO Z10 Turbo Pro', 'https://www.gsmarena.com/vivo_iqoo_z10_turbo_pro_5g-13800.php', 'https://fdn2.gsmarena.com/vv/bigpic/vivo-iqoo-z10-turbo-pro.jpg', 'iQOO Z10 Turbo Pro');
INSERT OR IGNORE INTO device_specs (device_id, announced, status, network, os, chipset, cpu, gpu, display_size, display_type, display_res, ram, storage, main_camera, selfie_camera, battery, charging, nfc, usb, bluetooth, wlan, colors, weight, dimensions, sim, sensors, popularity, fans, rating, full_specs_json) VALUES (775, '2025, April 28', 'Available. Released 2025, April 28', 'GSM / HSPA / LTE / 5G / 5G', 'Android 15, OriginOS 5', 'Qualcomm SM8735 Snapdragon 8s Gen 4 (4 nm)', 'Octa-core (1x3.21 GHz Cortex-X4 & 3x3.0 GHz Cortex-A720 & 2x2.8 GHz Cortex-A720 & 2x2.0 GHz Cortex-A720)', 'Adreno 825', '6.78 inches, 111.0 cm 2 (~89.3% screen-to-body ratio)', 'AMOLED, 1B colors, 144Hz, 4320Hz PWM, HDR, 2000 nits (HBM), 4400 nits (peak)', '1260 x 2800 pixels, 20:9 ratio (~453 ppi density)', '12GB', '256GB', '50 MP, f/1.8, (wide), 1/1.95", 0.8µm, PDAF, OIS, Color spectrum sensor, LED flash, HDR, panorama', '16 MP, f/2.5, (wide), 1/3.0", 1.0µm, 1080p@30fps, gyro-EIS', 'Si/C Li-Ion 7000 mAh', '120W wired, 100W PD, 100W PPS, 50% in 15 min, 100% in 33 min', 'Yes', 'USB Type-C 2.0, OTG', '6.0, A2DP, LE, aptX HD, aptX Adaptive, aptX Lossless, LHDC 5', 'Wi-Fi 802.11 a/b/g/n/ac/6/7, dual-band', 'White, Black, Orange, Gold', '206 g (7.27 oz)', '163.7 x 75.9 x 8.1 mm (6.44 x 2.99 x 0.32 in)', 'Nano-SIM + Nano-SIM', 'Fingerprint (under display, optical), accelerometer, gyro, proximity, compass', 'About 240 EUR', NULL, NULL, '[{"category":"Network","specs":[{"label":"Technology","value":"GSM / HSPA / LTE / 5G"},{"label":"2G bands","value":"GSM 850 / 900 / 1800 / 1900"},{"label":"3G bands","value":"HSDPA 800 / 850 / 900 / 2100"},{"label":"4G bands","value":"1, 3, 5, 8, 18, 19, 26, 28, 34, 38, 39, 40, 41, 42, 48"},{"label":"5G bands","value":"1, 3, 5, 8, 18, 26, 28, 38, 40, 41, 48, 77, 78 SA/NSA"},{"label":"Speed","value":"HSPA, LTE, 5G"}]},{"category":"Launch","specs":[{"label":"Announced","value":"2025, April 28"},{"label":"Status","value":"Available. Released 2025, April 28"}]},{"category":"Body","specs":[{"label":"Dimensions","value":"163.7 x 75.9 x 8.1 mm (6.44 x 2.99 x 0.32 in)"},{"label":"Weight","value":"206 g (7.27 oz)"},{"label":"Build","value":"Glass front, plastic back, plastic frame"},{"label":"SIM","value":"Nano-SIM + Nano-SIM"}]},{"category":"Display","specs":[{"label":"Type","value":"AMOLED, 1B colors, 144Hz, 4320Hz PWM, HDR, 2000 nits (HBM), 4400 nits (peak)"},{"label":"Size","value":"6.78 inches, 111.0 cm 2 (~89.3% screen-to-body ratio)"},{"label":"Resolution","value":"1260 x 2800 pixels, 20:9 ratio (~453 ppi density)"}]},{"category":"Platform","specs":[{"label":"OS","value":"Android 15, OriginOS 5"},{"label":"Chipset","value":"Qualcomm SM8735 Snapdragon 8s Gen 4 (4 nm)"},{"label":"CPU","value":"Octa-core (1x3.21 GHz Cortex-X4 & 3x3.0 GHz Cortex-A720 & 2x2.8 GHz Cortex-A720 & 2x2.0 GHz Cortex-A720)"},{"label":"GPU","value":"Adreno 825"}]},{"category":"Memory","specs":[{"label":"Card slot","value":"No"},{"label":"Internal","value":"256GB 12GB RAM, 256GB 16GB RAM, 512GB 12GB RAM, 512GB 16GB RAM"}]},{"category":"Main Camera","specs":[{"label":"Dual","value":"50 MP, f/1.8, (wide), 1/1.95\\", 0.8µm, PDAF, OIS"},{"label":"Features","value":"Color spectrum sensor, LED flash, HDR, panorama"},{"label":"Video","value":"4K@30/60fps, 1080p, gyro-EIS, OIS"}]},{"category":"Selfie camera","specs":[{"label":"Single","value":"16 MP, f/2.5, (wide), 1/3.0\\", 1.0µm"},{"label":"Video","value":"1080p@30fps, gyro-EIS"}]},{"category":"Sound","specs":[{"label":"Loudspeaker","value":"Yes, with stereo speakers"},{"label":"3.5mm jack","value":"No"}]},{"category":"Comms","specs":[{"label":"WLAN","value":"Wi-Fi 802.11 a/b/g/n/ac/6/7, dual-band"},{"label":"Bluetooth","value":"6.0, A2DP, LE, aptX HD, aptX Adaptive, aptX Lossless, LHDC 5"},{"label":"Positioning","value":"GPS (L1+L5), BDS (B1I+B1C+B2a), GALILEO (E1+E5a), QZSS (L1+L5), GLONASS"},{"label":"NFC","value":"Yes"},{"label":"USB","value":"USB Type-C 2.0, OTG"},{"label":"Radio","value":"No"},{"label":"Infrared port","value":"Yes"}]},{"category":"Features","specs":[{"label":"Sensors","value":"Fingerprint (under display, optical), accelerometer, gyro, proximity, compass"}]},{"category":"Battery","specs":[{"label":"Type","value":"Si/C Li-Ion 7000 mAh"},{"label":"Charging","value":"120W wired, 100W PD, 100W PPS, 50% in 15 min, 100% in 33 min"}]},{"category":"Misc","specs":[{"label":"Colors","value":"White, Black, Orange, Gold"},{"label":"Models","value":"V2453A"},{"label":"Price","value":"About 240 EUR"}]}]');
INSERT OR IGNORE INTO device_pictures (device_id, url, position) VALUES (775, 'https://fdn2.gsmarena.com/vv/bigpic/vivo-iqoo-z10-turbo-pro.jpg', 0);
INSERT OR IGNORE INTO device_pictures (device_id, url, position) VALUES (775, 'https://fdn2.gsmarena.com/vv/pics/vivo/vivo-iqoo-z10-turbo-pro-1.jpg', 1);
INSERT OR IGNORE INTO device_pictures (device_id, url, position) VALUES (775, 'https://fdn2.gsmarena.com/vv/pics/vivo/vivo-iqoo-z10-turbo-pro-2.jpg', 2);
INSERT OR IGNORE INTO device_pictures (device_id, url, position) VALUES (775, 'https://fdn2.gsmarena.com/vv/pics/vivo/vivo-iqoo-z10-turbo-pro-3.jpg', 3);
INSERT OR IGNORE INTO devices (id, brand_id, name, gsmarena_url, thumbnail_url, summary) VALUES (776, 5, 'iQOO Z10 Turbo', 'https://www.gsmarena.com/vivo_iqoo_z10_turbo_5g-13822.php', 'https://fdn2.gsmarena.com/vv/bigpic/vivo-iqoo-z10-turbo.jpg', 'iQOO Z10 Turbo');
INSERT OR IGNORE INTO device_specs (device_id, announced, status, network, os, chipset, cpu, gpu, display_size, display_type, display_res, ram, storage, main_camera, selfie_camera, battery, charging, nfc, usb, bluetooth, wlan, colors, weight, dimensions, sim, sensors, popularity, fans, rating, full_specs_json) VALUES (776, '2025, April 28', 'Available. Released 2025, April 28', 'GSM / HSPA / LTE / 5G / 5G', 'Android 15, OriginOS 5', 'Mediatek Dimensity 8400 (4 nm)', 'Octa-core (1x3.25 GHz Cortex-A725 & 3x3.0 GHz Cortex-A725 & 4x2.1 GHz Cortex-A725)', 'G720 MC7', '6.78 inches, 111.0 cm 2 (~89.3% screen-to-body ratio)', 'AMOLED, 1B colors, 144Hz, HDR, 2000 nits (HBM), 4400 nits (peak)', '1260 x 2800 pixels, 20:9 ratio (~453 ppi density)', '12GB', '256GB', '50 MP, f/1.8, (wide), 1/1.95", 0.8µm, PDAF, OIS, Color spectrum sensor, LED flash, HDR, panorama', '16 MP, f/2.5, (wide), 1/3.0", 1.0µm, 1080p@30fps, gyro-EIS', 'Si/C Li-Ion 7620 mAh', '90W wired, 100% in 55 min', 'Yes', 'USB Type-C 2.0, OTG', '6.0, A2DP, LE, aptX HD', 'Wi-Fi 802.11 a/b/g/n/ac/6, dual-band', 'White, Black, Orange, Gold', '212 g (7.48 oz)', '163.7 x 75.9 x 8.1 mm (6.44 x 2.99 x 0.32 in)', 'Nano-SIM + Nano-SIM', 'Fingerprint (under display, optical), accelerometer, gyro, proximity, compass', 'About 220 EUR', NULL, NULL, '[{"category":"Network","specs":[{"label":"Technology","value":"GSM / HSPA / LTE / 5G"},{"label":"2G bands","value":"GSM 850 / 900 / 1800 / 1900"},{"label":"3G bands","value":"HSDPA 800 / 850 / 900 / 2100"},{"label":"4G bands","value":"1, 3, 5, 8, 19, 28, 34, 38, 39, 40, 41, 42, 48"},{"label":"5G bands","value":"1, 3, 5, 8, 28, 34, 38, 39, 40, 41, 48, 77, 78 SA/NSA"},{"label":"Speed","value":"HSPA, LTE, 5G"}]},{"category":"Launch","specs":[{"label":"Announced","value":"2025, April 28"},{"label":"Status","value":"Available. Released 2025, April 28"}]},{"category":"Body","specs":[{"label":"Dimensions","value":"163.7 x 75.9 x 8.1 mm (6.44 x 2.99 x 0.32 in)"},{"label":"Weight","value":"212 g (7.48 oz)"},{"label":"Build","value":"Glass front, plastic back, plastic frame"},{"label":"SIM","value":"Nano-SIM + Nano-SIM"}]},{"category":"Display","specs":[{"label":"Type","value":"AMOLED, 1B colors, 144Hz, HDR, 2000 nits (HBM), 4400 nits (peak)"},{"label":"Size","value":"6.78 inches, 111.0 cm 2 (~89.3% screen-to-body ratio)"},{"label":"Resolution","value":"1260 x 2800 pixels, 20:9 ratio (~453 ppi density)"}]},{"category":"Platform","specs":[{"label":"OS","value":"Android 15, OriginOS 5"},{"label":"Chipset","value":"Mediatek Dimensity 8400 (4 nm)"},{"label":"CPU","value":"Octa-core (1x3.25 GHz Cortex-A725 & 3x3.0 GHz Cortex-A725 & 4x2.1 GHz Cortex-A725)"},{"label":"GPU","value":"G720 MC7"}]},{"category":"Memory","specs":[{"label":"Card slot","value":"No"},{"label":"Internal","value":"256GB 12GB RAM, 256GB 16GB RAM, 512GB 12GB RAM, 512GB 16GB RAM"}]},{"category":"Main Camera","specs":[{"label":"Dual","value":"50 MP, f/1.8, (wide), 1/1.95\\", 0.8µm, PDAF, OIS"},{"label":"Features","value":"Color spectrum sensor, LED flash, HDR, panorama"},{"label":"Video","value":"4K, 1080p, gyro-EIS, OIS"}]},{"category":"Selfie camera","specs":[{"label":"Single","value":"16 MP, f/2.5, (wide), 1/3.0\\", 1.0µm"},{"label":"Video","value":"1080p@30fps, gyro-EIS"}]},{"category":"Sound","specs":[{"label":"Loudspeaker","value":"Yes, with stereo speakers"},{"label":"3.5mm jack","value":"No"}]},{"category":"Comms","specs":[{"label":"WLAN","value":"Wi-Fi 802.11 a/b/g/n/ac/6, dual-band"},{"label":"Bluetooth","value":"6.0, A2DP, LE, aptX HD"},{"label":"Positioning","value":"GPS (L1+L5), BDS (B1I+B1C+B2a), GALILEO (E1+E5a), QZSS (L1+L5), NavIC (L5), GLONASS"},{"label":"NFC","value":"Yes"},{"label":"USB","value":"USB Type-C 2.0, OTG"},{"label":"Radio","value":"No"},{"label":"Infrared port","value":"Yes"}]},{"category":"Features","specs":[{"label":"Sensors","value":"Fingerprint (under display, optical), accelerometer, gyro, proximity, compass"}]},{"category":"Battery","specs":[{"label":"Type","value":"Si/C Li-Ion 7620 mAh"},{"label":"Charging","value":"90W wired, 100% in 55 min"}]},{"category":"Misc","specs":[{"label":"Colors","value":"White, Black, Orange, Gold"},{"label":"Models","value":"V2452A"},{"label":"Price","value":"About 220 EUR"}]}]');
INSERT OR IGNORE INTO device_pictures (device_id, url, position) VALUES (776, 'https://fdn2.gsmarena.com/vv/bigpic/vivo-iqoo-z10-turbo.jpg', 0);
INSERT OR IGNORE INTO device_pictures (device_id, url, position) VALUES (776, 'https://fdn2.gsmarena.com/vv/pics/vivo/vivo-iqoo-z10-turbo-pro-1.jpg', 1);
INSERT OR IGNORE INTO device_pictures (device_id, url, position) VALUES (776, 'https://fdn2.gsmarena.com/vv/pics/vivo/vivo-iqoo-z10-turbo-pro-2.jpg', 2);
INSERT OR IGNORE INTO device_pictures (device_id, url, position) VALUES (776, 'https://fdn2.gsmarena.com/vv/pics/vivo/vivo-iqoo-z10-turbo-pro-3.jpg', 3);
INSERT OR IGNORE INTO devices (id, brand_id, name, gsmarena_url, thumbnail_url, summary) VALUES (777, 5, 'T4', 'https://www.gsmarena.com/vivo_t4_5g-13781.php', 'https://fdn2.gsmarena.com/vv/bigpic/vivo-t4.jpg', 'T4');
INSERT OR IGNORE INTO device_specs (device_id, announced, status, network, os, chipset, cpu, gpu, display_size, display_type, display_res, ram, storage, main_camera, selfie_camera, battery, charging, nfc, usb, bluetooth, wlan, colors, weight, dimensions, sim, sensors, popularity, fans, rating, full_specs_json) VALUES (777, '2025, April 22', 'Available. Released 2025, April 29', 'GSM / HSPA / LTE / 5G / 5G', 'Android 15, up to 2 major Android upgrades, Funtouch 15', 'Qualcomm SM7635 Snapdragon 7s Gen 3 (4 nm)', 'Octa-core (1x2.5 GHz Cortex-A720 & 3x2.4 GHz Cortex-A720 & 4x1.8 GHz Cortex-A520)', 'Adreno 810', '6.77 inches, 110.9 cm 2 (~88.8% screen-to-body ratio)', 'AMOLED, 1B colors, 120Hz, 3840Hz PWM, HDR, 800 nits (typ), 1300 nits (HBM), 5000 nits (peak)', '1080 x 2392 pixels (~388 ppi density)', '8GB', '128GB', '50 MP, f/1.8, (wide), 1/1.95", 0.8µm, PDAF, OIS, LED flash, HDR, panorama', '32 MP, f/2.0, (wide), 4K@30fps, 1080p@30fps', 'Si/C Li-Ion 7300 mAh', '90W wired, 55W PPS, 44W UFCS, 50% in 33 min', 'No', 'USB Type-C 2.0, OTG', '5.2, A2DP, LE, aptX HD, aptX Adaptive', 'Wi-Fi 802.11 a/b/g/n/ac/6, dual-band', 'Emerald Blaze, Phantom Grey', '199 g (7.02 oz)', '163.4 x 76.4 x 7.9 mm (6.43 x 3.01 x 0.31 in)', 'Nano-SIM + Nano-SIM', 'Fingerprint (under display, optical), accelerometer, gyro, proximity, compass', '₹ 24,470', NULL, NULL, '[{"category":"Network","specs":[{"label":"Technology","value":"GSM / HSPA / LTE / 5G"},{"label":"2G bands","value":"GSM 850 / 900 / 1800 / 1900"},{"label":"3G bands","value":"HSDPA 800 / 850 / 900 / 2100"},{"label":"4G bands","value":"1, 3, 5, 8, 28, 38, 40, 41"},{"label":"5G bands","value":"1, 3, 5, 8, 28, 38, 40, 41, 77, 78 SA/NSA"},{"label":"Speed","value":"HSPA, LTE, 5G"}]},{"category":"Launch","specs":[{"label":"Announced","value":"2025, April 22"},{"label":"Status","value":"Available. Released 2025, April 29"}]},{"category":"Body","specs":[{"label":"Dimensions","value":"163.4 x 76.4 x 7.9 mm (6.43 x 3.01 x 0.31 in)"},{"label":"Weight","value":"199 g (7.02 oz)"},{"label":"SIM","value":"Nano-SIM + Nano-SIM"}]},{"category":"Display","specs":[{"label":"Type","value":"AMOLED, 1B colors, 120Hz, 3840Hz PWM, HDR, 800 nits (typ), 1300 nits (HBM), 5000 nits (peak)"},{"label":"Size","value":"6.77 inches, 110.9 cm 2 (~88.8% screen-to-body ratio)"},{"label":"Resolution","value":"1080 x 2392 pixels (~388 ppi density)"},{"label":"Protection","value":"Shield Glass"}]},{"category":"Platform","specs":[{"label":"OS","value":"Android 15, up to 2 major Android upgrades, Funtouch 15"},{"label":"Chipset","value":"Qualcomm SM7635 Snapdragon 7s Gen 3 (4 nm)"},{"label":"CPU","value":"Octa-core (1x2.5 GHz Cortex-A720 & 3x2.4 GHz Cortex-A720 & 4x1.8 GHz Cortex-A520)"},{"label":"GPU","value":"Adreno 810"}]},{"category":"Memory","specs":[{"label":"Card slot","value":"No"},{"label":"Internal","value":"128GB 8GB RAM, 256GB 8GB RAM, 256GB 12GB RAM"}]},{"category":"Main Camera","specs":[{"label":"Dual","value":"50 MP, f/1.8, (wide), 1/1.95\\", 0.8µm, PDAF, OIS"},{"label":"Features","value":"LED flash, HDR, panorama"},{"label":"Video","value":"4K@30fps, 1080p@30fps, gyro-EIS, OIS"}]},{"category":"Selfie camera","specs":[{"label":"Single","value":"32 MP, f/2.0, (wide)"},{"label":"Video","value":"4K@30fps, 1080p@30fps"}]},{"category":"Sound","specs":[{"label":"Loudspeaker","value":"Yes"},{"label":"3.5mm jack","value":"No"}]},{"category":"Comms","specs":[{"label":"WLAN","value":"Wi-Fi 802.11 a/b/g/n/ac/6, dual-band"},{"label":"Bluetooth","value":"5.2, A2DP, LE, aptX HD, aptX Adaptive"},{"label":"Positioning","value":"GPS, GALILEO, GLONASS, BDS"},{"label":"NFC","value":"No"},{"label":"USB","value":"USB Type-C 2.0, OTG"},{"label":"Radio","value":"No"},{"label":"Infrared port","value":"Yes"}]},{"category":"Features","specs":[{"label":"Sensors","value":"Fingerprint (under display, optical), accelerometer, gyro, proximity, compass"}]},{"category":"Battery","specs":[{"label":"Type","value":"Si/C Li-Ion 7300 mAh"},{"label":"Charging","value":"90W wired, 55W PPS, 44W UFCS, 50% in 33 min"}]},{"category":"Misc","specs":[{"label":"Colors","value":"Emerald Blaze, Phantom Grey"},{"label":"Models","value":"V2502"},{"label":"SAR","value":"0.99 W/kg (head)     0.87 W/kg (body)"},{"label":"Price","value":"₹ 24,470"}]}]');
INSERT OR IGNORE INTO device_pictures (device_id, url, position) VALUES (777, 'https://fdn2.gsmarena.com/vv/bigpic/vivo-t4.jpg', 0);
INSERT OR IGNORE INTO device_pictures (device_id, url, position) VALUES (777, 'https://fdn2.gsmarena.com/vv/pics/vivo/vivo-t4-1.jpg', 1);
INSERT OR IGNORE INTO device_pictures (device_id, url, position) VALUES (777, 'https://fdn2.gsmarena.com/vv/pics/vivo/vivo-t4-2.jpg', 2);
INSERT OR IGNORE INTO devices (id, brand_id, name, gsmarena_url, thumbnail_url, summary) VALUES (778, 5, 'X200 Ultra', 'https://www.gsmarena.com/vivo_x200_ultra-13762.php', 'https://fdn2.gsmarena.com/vv/bigpic/vivo-x200-ultra.jpg', 'X200 Ultra');
INSERT OR IGNORE INTO device_specs (device_id, announced, status, network, os, chipset, cpu, gpu, display_size, display_type, display_res, ram, storage, main_camera, selfie_camera, battery, charging, nfc, usb, bluetooth, wlan, colors, weight, dimensions, sim, sensors, popularity, fans, rating, full_specs_json) VALUES (778, '2025, April 21', 'Available. Released 2025, April 29', 'GSM / CDMA / HSPA / LTE / 5G / 5G', 'Android 15, OriginOS 5', 'Qualcomm SM8750-AB Snapdragon 8 Elite (3 nm)', 'Octa-core (2x4.32 GHz Oryon V2 Phoenix L + 6x3.53 GHz Oryon V2 Phoenix M)', 'Adreno 830', '6.82 inches, 113.0 cm 2 (~90.2% screen-to-body ratio)', 'LTPO AMOLED, 1B colors, 120Hz, 2160Hz PWM, Dolby Vision, HDR Vivid, 4500 nits (peak)', '1440 x 3168 pixels (~510 ppi density)', '12GB', '256GB', '50 MP, f/1.7, 35mm (wide), 1/1.28", 1.22µm, dual pixel PDAF, gimbal OIS, Laser AF, color spectrum sensor, Zeiss optics, Zeiss T* lens coating, LED flash, panorama, HDR, 3D LUT import', '50 MP, f/2.5, 24mm (wide), 1/2.76", 0.64µm, AF, 4K@30/60fps, 1080p@30/60fps', 'Si/C Li-Ion 6000 mAh', '90W wired, PD, PPS, QC, UFCS', 'Yes', 'USB Type-C 3.2, OTG, DisplayPort', '5.4, A2DP, LE, aptX HD, aptX Adaptive, aptX Lossless, LHDC 5', 'Wi-Fi 802.11 a/b/g/n/ac/6/7, dual-band', 'Black, Silver, Red', '229 g or 232 g (8.08 oz)', '163.1 x 76.8 x 8.7 mm (6.42 x 3.02 x 0.34 in)', 'Nano-SIM + Nano-SIM', 'Fingerprint (under display, ultrasonic), accelerometer, gyro, proximity, compass', 'About 780 EUR', NULL, NULL, '[{"category":"Network","specs":[{"label":"Technology","value":"GSM / CDMA / HSPA / LTE / 5G"},{"label":"2G bands","value":"GSM 850 / 900 / 1800 / 1900"},{"label":"3G bands","value":"HSDPA 800 / 850 / 900 / 1700(AWS) / 1900 / 2100"},{"label":"4G bands","value":"1, 2, 3, 4, 5, 7, 8, 12, 17, 18, 19, 20, 25, 26, 28, 34, 38, 39, 40, 41, 42, 43, 48, 66"},{"label":"5G bands","value":"1, 2, 3, 5, 7, 8, 12, 18, 20, 25, 26, 28, 38, 40, 41, 48, 66, 77, 78, 79, 80, 81, 83, 84, 89 SA/NSA"},{"label":"Speed","value":"HSPA, LTE, 5G"}]},{"category":"Launch","specs":[{"label":"Announced","value":"2025, April 21"},{"label":"Status","value":"Available. Released 2025, April 29"}]},{"category":"Body","specs":[{"label":"Dimensions","value":"163.1 x 76.8 x 8.7 mm (6.42 x 3.02 x 0.34 in)"},{"label":"Weight","value":"229 g or 232 g (8.08 oz)"},{"label":"Build","value":"Glass front, glass back, aluminum frame"},{"label":"SIM","value":"Nano-SIM + Nano-SIM"}]},{"category":"Display","specs":[{"label":"Type","value":"LTPO AMOLED, 1B colors, 120Hz, 2160Hz PWM, Dolby Vision, HDR Vivid, 4500 nits (peak)"},{"label":"Size","value":"6.82 inches, 113.0 cm 2 (~90.2% screen-to-body ratio)"},{"label":"Resolution","value":"1440 x 3168 pixels (~510 ppi density)"},{"label":"Protection","value":"Armor glass"}]},{"category":"Platform","specs":[{"label":"OS","value":"Android 15, OriginOS 5"},{"label":"Chipset","value":"Qualcomm SM8750-AB Snapdragon 8 Elite (3 nm)"},{"label":"CPU","value":"Octa-core (2x4.32 GHz Oryon V2 Phoenix L + 6x3.53 GHz Oryon V2 Phoenix M)"},{"label":"GPU","value":"Adreno 830"}]},{"category":"Memory","specs":[{"label":"Card slot","value":"No"},{"label":"Internal","value":"256GB 12GB RAM, 512GB 12GB RAM, 512GB 16GB RAM, 1TB 16GB RAM"}]},{"category":"Main Camera","specs":[{"label":"Triple","value":"50 MP, f/1.7, 35mm (wide), 1/1.28\\", 1.22µm, dual pixel PDAF, gimbal OIS"},{"label":"Features","value":"Laser AF, color spectrum sensor, Zeiss optics, Zeiss T* lens coating, LED flash, panorama, HDR, 3D LUT import"},{"label":"Video","value":"8K@30fps, 4K@30/60/120fps, 1080p@30/60/120/240fps, gyro-EIS, Dolby Vision HDR, 10-bit Log, HDR10+"}]},{"category":"Selfie camera","specs":[{"label":"Single","value":"50 MP, f/2.5, 24mm (wide), 1/2.76\\", 0.64µm, AF"},{"label":"Video","value":"4K@30/60fps, 1080p@30/60fps"},{"label":"Features","value":"HDR"}]},{"category":"Sound","specs":[{"label":"Loudspeaker","value":"Yes, with stereo speakers"},{"label":"3.5mm jack","value":"No"}]},{"category":"Comms","specs":[{"label":"WLAN","value":"Wi-Fi 802.11 a/b/g/n/ac/6/7, dual-band"},{"label":"Bluetooth","value":"5.4, A2DP, LE, aptX HD, aptX Adaptive, aptX Lossless, LHDC 5"},{"label":"Positioning","value":"GPS (L1+L5), BDS (B1I+B1c+B2a), GALILEO (E1+E5a), QZSS (L1+L5), GLONASS"},{"label":"NFC","value":"Yes"},{"label":"USB","value":"USB Type-C 3.2, OTG, DisplayPort"},{"label":"Radio","value":"No"},{"label":"Infrared port","value":"Yes"}]},{"category":"Features","specs":[{"label":"Sensors","value":"Fingerprint (under display, ultrasonic), accelerometer, gyro, proximity, compass"}]},{"category":"Battery","specs":[{"label":"Type","value":"Si/C Li-Ion 6000 mAh"},{"label":"Charging","value":"90W wired, PD, PPS, QC, UFCS"}]},{"category":"Misc","specs":[{"label":"Colors","value":"Black, Silver, Red"},{"label":"Models","value":"V2454A, V2454DA"},{"label":"Price","value":"About 780 EUR"}]}]');
INSERT OR IGNORE INTO device_pictures (device_id, url, position) VALUES (778, 'https://fdn2.gsmarena.com/vv/bigpic/vivo-x200-ultra.jpg', 0);
INSERT OR IGNORE INTO device_pictures (device_id, url, position) VALUES (778, 'https://fdn2.gsmarena.com/vv/pics/vivo/vivo-x200-ultra-1.jpg', 1);
INSERT OR IGNORE INTO device_pictures (device_id, url, position) VALUES (778, 'https://fdn2.gsmarena.com/vv/pics/vivo/vivo-x200-ultra-2.jpg', 2);
INSERT OR IGNORE INTO device_pictures (device_id, url, position) VALUES (778, 'https://fdn2.gsmarena.com/vv/pics/vivo/vivo-x200-ultra-3.jpg', 3);
INSERT OR IGNORE INTO device_pictures (device_id, url, position) VALUES (778, 'https://fdn2.gsmarena.com/vv/pics/vivo/vivo-x200-ultra-5.jpg', 4);
INSERT OR IGNORE INTO device_pictures (device_id, url, position) VALUES (778, 'https://fdn.gsmarena.com/imgroot/reviews/25/vivo-x200-ultra/lifestyle/-1024w2/gsmarena_001.jpg', 5);
INSERT OR IGNORE INTO device_pictures (device_id, url, position) VALUES (778, 'https://fdn.gsmarena.com/imgroot/reviews/25/vivo-x200-ultra/lifestyle/-1024w2/gsmarena_002.jpg', 6);
INSERT OR IGNORE INTO device_pictures (device_id, url, position) VALUES (778, 'https://fdn.gsmarena.com/imgroot/reviews/25/vivo-x200-ultra/lifestyle/-1024w2/gsmarena_003.jpg', 7);
INSERT OR IGNORE INTO device_pictures (device_id, url, position) VALUES (778, 'https://fdn.gsmarena.com/imgroot/reviews/25/vivo-x200-ultra/lifestyle/-1024w2/gsmarena_004.jpg', 8);
INSERT OR IGNORE INTO device_pictures (device_id, url, position) VALUES (778, 'https://fdn.gsmarena.com/imgroot/reviews/25/vivo-x200-ultra/lifestyle/-1024w2/gsmarena_005.jpg', 9);
INSERT OR IGNORE INTO devices (id, brand_id, name, gsmarena_url, thumbnail_url, summary) VALUES (779, 5, 'X200s', 'https://www.gsmarena.com/vivo_x200s_5g-13783.php', 'https://fdn2.gsmarena.com/vv/bigpic/vivo-x200s.jpg', 'X200s');
INSERT OR IGNORE INTO device_specs (device_id, announced, status, network, os, chipset, cpu, gpu, display_size, display_type, display_res, ram, storage, main_camera, selfie_camera, battery, charging, nfc, usb, bluetooth, wlan, colors, weight, dimensions, sim, sensors, popularity, fans, rating, full_specs_json) VALUES (779, '2025, April 21', 'Available. Released 2025, April 25', 'GSM / HSPA / LTE / 5G / 5G', 'Android 15, up to 4 major Android upgrades, Funtouch 15 (International), OriginOS 5 (China)', 'Mediatek Dimensity 9400+ (3 nm)', 'Octa-core (1x3.73 GHz Cortex-X925 & 3x3.3 GHz Cortex-X4 & 4x2.4 GHz Cortex-A720)', 'Immortalis-G925', '6.67 inches, 107.4 cm 2 (~90.4% screen-to-body ratio)', 'AMOLED, 1B colors, 120Hz, 2160Hz PWM, HDR10+, HDR Vivid, 5000 nits (peak)', '1260 x 2800 pixels, 20:9 ratio (~460 ppi density)', '12GB', '256GB', '50 MP, f/1.6, 23mm (wide), 1/1.56", PDAF, OIS, Laser AF, Zeiss optics, Zeiss T* lens coating, LED flash, panorama, HDR, 3D LUT import', '32 MP, f/2.0, 20mm (ultrawide), 4K@30/60fps, 1080p@30/60fps', 'Si/C Li-Ion 6200 mAh', '90W wired', 'Yes', 'USB Type-C 2.0, OTG', '5.4, A2DP, LE, aptX HD, LHDC 5', 'Wi-Fi 802.11 a/b/g/n/ac/6/7, dual-band', 'Gray, Silver, Mint, Purple', '203 g (7.16 oz)', '160 x 74.3 x 8 mm (6.30 x 2.93 x 0.31 in)', '· Nano-SIM + Nano-SIM + eSIM (max 2 at a time) · Nano-SIM + Nano-SIM', 'Fingerprint (under display, ultrasonic), accelerometer, gyro, proximity, compass', 'About 510 EUR', NULL, NULL, '[{"category":"Network","specs":[{"label":"Technology","value":"GSM / HSPA / LTE / 5G"},{"label":"2G bands","value":"GSM 850 / 900 / 1800 / 1900"},{"label":"3G bands","value":"HSDPA 850 / 900 / 1700(AWS) / 1900 / 2100"},{"label":"4G bands","value":"1, 2, 3, 4, 5, 7, 8, 18, 19, 25, 26, 28, 34, 38, 39, 40, 41, 42, 43, 48, 66"},{"label":"5G bands","value":"1, 2, 3, 5, 7, 8, 18, 25, 26, 28A, 34, 38, 39, 40, 41, 48, 66, 77, 78 SA/NSA/Sub6"},{"label":"Speed","value":"HSPA, LTE, 5G"}]},{"category":"Launch","specs":[{"label":"Announced","value":"2025, April 21"},{"label":"Status","value":"Available. Released 2025, April 25"}]},{"category":"Body","specs":[{"label":"Dimensions","value":"160 x 74.3 x 8 mm (6.30 x 2.93 x 0.31 in)"},{"label":"Weight","value":"203 g (7.16 oz)"},{"label":"SIM","value":"· Nano-SIM + Nano-SIM + eSIM (max 2 at a time) · Nano-SIM + Nano-SIM"}]},{"category":"Display","specs":[{"label":"Type","value":"AMOLED, 1B colors, 120Hz, 2160Hz PWM, HDR10+, HDR Vivid, 5000 nits (peak)"},{"label":"Size","value":"6.67 inches, 107.4 cm 2 (~90.4% screen-to-body ratio)"},{"label":"Resolution","value":"1260 x 2800 pixels, 20:9 ratio (~460 ppi density)"}]},{"category":"Platform","specs":[{"label":"OS","value":"Android 15, up to 4 major Android upgrades, Funtouch 15 (International), OriginOS 5 (China)"},{"label":"Chipset","value":"Mediatek Dimensity 9400+ (3 nm)"},{"label":"CPU","value":"Octa-core (1x3.73 GHz Cortex-X925 & 3x3.3 GHz Cortex-X4 & 4x2.4 GHz Cortex-A720)"},{"label":"GPU","value":"Immortalis-G925"}]},{"category":"Memory","specs":[{"label":"Card slot","value":"No"},{"label":"Internal","value":"256GB 12GB RAM, 256GB 16GB RAM, 512GB 12GB RAM, 512GB 16GB RAM, 1TB 16GB RAM"}]},{"category":"Main Camera","specs":[{"label":"Triple","value":"50 MP, f/1.6, 23mm (wide), 1/1.56\\", PDAF, OIS"},{"label":"Features","value":"Laser AF, Zeiss optics, Zeiss T* lens coating, LED flash, panorama, HDR, 3D LUT import"},{"label":"Video","value":"4K@30/60fps, 1080p@30/60/120/240fps, gyro-EIS"}]},{"category":"Selfie camera","specs":[{"label":"Single","value":"32 MP, f/2.0, 20mm (ultrawide)"},{"label":"Video","value":"4K@30/60fps, 1080p@30/60fps"},{"label":"Features","value":"HDR"}]},{"category":"Sound","specs":[{"label":"Loudspeaker","value":"Yes, with stereo speakers"},{"label":"3.5mm jack","value":"No"}]},{"category":"Comms","specs":[{"label":"WLAN","value":"Wi-Fi 802.11 a/b/g/n/ac/6/7, dual-band"},{"label":"Bluetooth","value":"5.4, A2DP, LE, aptX HD, LHDC 5"},{"label":"Positioning","value":"GPS (L1+L5), GLONASS (L1), BDS (B1I+B1c+B2a+B2b), GALILEO (E1+E5a+E5b), QZSS (L1+L5), NavIC (L1+L5)"},{"label":"NFC","value":"Yes"},{"label":"USB","value":"USB Type-C 2.0, OTG"},{"label":"Radio","value":"No"},{"label":"Infrared port","value":"Yes"}]},{"category":"Features","specs":[{"label":"Sensors","value":"Fingerprint (under display, ultrasonic), accelerometer, gyro, proximity, compass"}]},{"category":"Battery","specs":[{"label":"Type","value":"Si/C Li-Ion 6200 mAh"},{"label":"Charging","value":"90W wired"}]},{"category":"Misc","specs":[{"label":"Colors","value":"Gray, Silver, Mint, Purple"},{"label":"Models","value":"V2458A"},{"label":"Price","value":"About 510 EUR"}]}]');
INSERT OR IGNORE INTO device_pictures (device_id, url, position) VALUES (779, 'https://fdn2.gsmarena.com/vv/bigpic/vivo-x200s.jpg', 0);
INSERT OR IGNORE INTO device_pictures (device_id, url, position) VALUES (779, 'https://fdn2.gsmarena.com/vv/pics/vivo/vivo-x200s-1.jpg', 1);
INSERT OR IGNORE INTO device_pictures (device_id, url, position) VALUES (779, 'https://fdn2.gsmarena.com/vv/pics/vivo/vivo-x200s-4.jpg', 2);
INSERT OR IGNORE INTO device_pictures (device_id, url, position) VALUES (779, 'https://fdn2.gsmarena.com/vv/pics/vivo/vivo-x200s-3.jpg', 3);
INSERT OR IGNORE INTO device_pictures (device_id, url, position) VALUES (779, 'https://fdn2.gsmarena.com/vv/pics/vivo/vivo-x200s-5.jpg', 4);
INSERT OR IGNORE INTO devices (id, brand_id, name, gsmarena_url, thumbnail_url, summary) VALUES (780, 5, 'Pad5 Pro', 'https://www.gsmarena.com/vivo_pad5_pro-13808.php', 'https://fdn2.gsmarena.com/vv/bigpic/vivo-pad5-pro.jpg', 'Pad5 Pro');
INSERT OR IGNORE INTO device_specs (device_id, announced, status, network, os, chipset, cpu, gpu, display_size, display_type, display_res, ram, storage, main_camera, selfie_camera, battery, charging, nfc, usb, bluetooth, wlan, colors, weight, dimensions, sim, sensors, popularity, fans, rating, full_specs_json) VALUES (780, '2025, April 21', 'Available. Released 2025, April 25', 'No cellular connectivity / 4G/LTE', 'Android 15, OriginOS 5 HD', 'Mediatek Dimensity 9400 (3 nm)', 'Octa-core (1x3.63 GHz Cortex-X925 & 3x3.3 GHz Cortex-X4 & 4x2.4 GHz Cortex-A720)', 'Immortalis-G925', '13.0 inches, 503.2 cm 2 (~87.6% screen-to-body ratio)', 'IPS LCD, 1B colors, 144Hz, HDR10, 1200 nits (peak)', '2064 x 3096 pixels, 3:2 ratio (~286 ppi density)', '8GB', '128GB', '13 MP, LED flash, panorama', '8 MP, 1080p@30fps', '12050 mAh', '66W wired, PD', 'No', 'USB Type-C 3.2, OTG, magnetic connector', '5.4, A2DP, LE', 'Yes', 'Gray, Blue, White, Soft pink', '578 g or 635 g (1.27 lb)', '289.6 x 198.3 x 6.6 mm (11.40 x 7.81 x 0.26 in)', 'No', 'Accelerometer, gyro, proximity (accessories only)', 'About 360 EUR', NULL, NULL, '[{"category":"Network","specs":[{"label":"Technology","value":"No cellular connectivity"},{"label":"2G bands","value":"N/A"},{"label":"3G bands","value":"N/A"},{"label":"4G bands","value":"N/A"},{"label":"GPRS","value":"No"},{"label":"EDGE","value":"No"}]},{"category":"Launch","specs":[{"label":"Announced","value":"2025, April 21"},{"label":"Status","value":"Available. Released 2025, April 25"}]},{"category":"Body","specs":[{"label":"Dimensions","value":"289.6 x 198.3 x 6.6 mm (11.40 x 7.81 x 0.26 in)"},{"label":"Weight","value":"578 g or 635 g (1.27 lb)"},{"label":"Build","value":"Glass front, aluminum back, aluminum frame"},{"label":"SIM","value":"No"}]},{"category":"Display","specs":[{"label":"Type","value":"IPS LCD, 1B colors, 144Hz, HDR10, 1200 nits (peak)"},{"label":"Size","value":"13.0 inches, 503.2 cm 2 (~87.6% screen-to-body ratio)"},{"label":"Resolution","value":"2064 x 3096 pixels, 3:2 ratio (~286 ppi density)"}]},{"category":"Platform","specs":[{"label":"OS","value":"Android 15, OriginOS 5 HD"},{"label":"Chipset","value":"Mediatek Dimensity 9400 (3 nm)"},{"label":"CPU","value":"Octa-core (1x3.63 GHz Cortex-X925 & 3x3.3 GHz Cortex-X4 & 4x2.4 GHz Cortex-A720)"},{"label":"GPU","value":"Immortalis-G925"}]},{"category":"Memory","specs":[{"label":"Card slot","value":"No"},{"label":"Internal","value":"128GB 8GB RAM, 256GB 8GB RAM, 256GB 12GB RAM, 512GB 12GB RAM, 512GB 16GB RAM"}]},{"category":"Main Camera","specs":[{"label":"Single","value":"13 MP"},{"label":"Features","value":"LED flash, panorama"},{"label":"Video","value":"4K, 1080p"}]},{"category":"Selfie camera","specs":[{"label":"Single","value":"8 MP"},{"label":"Video","value":"1080p@30fps"}]},{"category":"Sound","specs":[{"label":"Loudspeaker","value":"Yes, with stereo speakers (8 speakers)"},{"label":"3.5mm jack","value":"No"}]},{"category":"Comms","specs":[{"label":"WLAN","value":"Yes"},{"label":"Bluetooth","value":"5.4, A2DP, LE"},{"label":"Positioning","value":"Unspecified"},{"label":"NFC","value":"No"},{"label":"USB","value":"USB Type-C 3.2, OTG, magnetic connector"},{"label":"Radio","value":"No"}]},{"category":"Features","specs":[{"label":"Sensors","value":"Accelerometer, gyro, proximity (accessories only)"}]},{"category":"Battery","specs":[{"label":"Type","value":"12050 mAh"},{"label":"Charging","value":"66W wired, PD"}]},{"category":"Misc","specs":[{"label":"Colors","value":"Gray, Blue, White, Soft pink"},{"label":"Price","value":"About 360 EUR"}]}]');
INSERT OR IGNORE INTO device_pictures (device_id, url, position) VALUES (780, 'https://fdn2.gsmarena.com/vv/bigpic/vivo-pad5-pro.jpg', 0);
INSERT OR IGNORE INTO device_pictures (device_id, url, position) VALUES (780, 'https://fdn2.gsmarena.com/vv/pics/vivo/vivo-pad5-pro-1.jpg', 1);
INSERT OR IGNORE INTO device_pictures (device_id, url, position) VALUES (780, 'https://fdn2.gsmarena.com/vv/pics/vivo/vivo-pad5-pro-2.jpg', 2);
INSERT OR IGNORE INTO device_pictures (device_id, url, position) VALUES (780, 'https://fdn2.gsmarena.com/vv/pics/vivo/vivo-pad5-pro-3.jpg', 3);
INSERT OR IGNORE INTO devices (id, brand_id, name, gsmarena_url, thumbnail_url, summary) VALUES (781, 5, 'Pad SE', 'https://www.gsmarena.com/vivo_pad_se-13812.php', 'https://fdn2.gsmarena.com/vv/bigpic/vivo-pad-se.jpg', 'Pad SE');
INSERT OR IGNORE INTO device_specs (device_id, announced, status, network, os, chipset, cpu, gpu, display_size, display_type, display_res, ram, storage, main_camera, selfie_camera, battery, charging, nfc, usb, bluetooth, wlan, colors, weight, dimensions, sim, sensors, popularity, fans, rating, full_specs_json) VALUES (781, '2025, April 21', 'Available. Released 2025, April 25', 'No cellular connectivity / 4G/LTE', 'Android 15, OriginOS 5 HD', 'Qualcomm SM4450 Snapdragon 4 Gen 2 (4 nm)', 'Octa-core (2x2.2 GHz Cortex-A78 & 6x1.95 GHz Cortex-A55)', 'Adreno 613', '12.3 inches, 445.8 cm 2 (~86.7% screen-to-body ratio)', 'IPS LCD, 90Hz, 600 nits', '1600 x 2464 pixels, 3:2 ratio (~239 ppi density)', '6GB', '128GB', '5 MP, LED flash', '5 MP, Yes', '8500 mAh', '15W wired', 'No', 'USB Type-C 2.0, OTG', '4.2, A2DP', 'Wi-Fi 802.11 a/b/g/n/ac, dual-band', 'Gray, Blue, Titanium', '559 g or 569 g (1.23 lb)', '277.1 x 185.6 x 6.8 mm (10.91 x 7.31 x 0.27 in)', 'No', 'Accelerometer, proximity (accessories only)', 'About 120 EUR', NULL, NULL, '[{"category":"Network","specs":[{"label":"Technology","value":"No cellular connectivity"},{"label":"2G bands","value":"N/A"},{"label":"3G bands","value":"N/A"},{"label":"4G bands","value":"N/A"},{"label":"GPRS","value":"No"},{"label":"EDGE","value":"No"}]},{"category":"Launch","specs":[{"label":"Announced","value":"2025, April 21"},{"label":"Status","value":"Available. Released 2025, April 25"}]},{"category":"Body","specs":[{"label":"Dimensions","value":"277.1 x 185.6 x 6.8 mm (10.91 x 7.31 x 0.27 in)"},{"label":"Weight","value":"559 g or 569 g (1.23 lb)"},{"label":"SIM","value":"No"}]},{"category":"Display","specs":[{"label":"Type","value":"IPS LCD, 90Hz, 600 nits"},{"label":"Size","value":"12.3 inches, 445.8 cm 2 (~86.7% screen-to-body ratio)"},{"label":"Resolution","value":"1600 x 2464 pixels, 3:2 ratio (~239 ppi density)"}]},{"category":"Platform","specs":[{"label":"OS","value":"Android 15, OriginOS 5 HD"},{"label":"Chipset","value":"Qualcomm SM4450 Snapdragon 4 Gen 2 (4 nm)"},{"label":"CPU","value":"Octa-core (2x2.2 GHz Cortex-A78 & 6x1.95 GHz Cortex-A55)"},{"label":"GPU","value":"Adreno 613"}]},{"category":"Memory","specs":[{"label":"Card slot","value":"No"},{"label":"Internal","value":"128GB 6GB RAM, 128GB 8GB RAM, 256GB 8GB RAM"}]},{"category":"Main Camera","specs":[{"label":"Single","value":"5 MP"},{"label":"Features","value":"LED flash"},{"label":"Video","value":"Yes"}]},{"category":"Selfie camera","specs":[{"label":"Single","value":"5 MP"},{"label":"Video","value":"Yes"}]},{"category":"Sound","specs":[{"label":"Loudspeaker","value":"Yes, with stereo speakers (4 speakers)"},{"label":"3.5mm jack","value":"No"}]},{"category":"Comms","specs":[{"label":"WLAN","value":"Wi-Fi 802.11 a/b/g/n/ac, dual-band"},{"label":"Bluetooth","value":"4.2, A2DP"},{"label":"Positioning","value":"No"},{"label":"NFC","value":"No"},{"label":"USB","value":"USB Type-C 2.0, OTG"},{"label":"Radio","value":"No"}]},{"category":"Features","specs":[{"label":"Sensors","value":"Accelerometer, proximity (accessories only)"}]},{"category":"Battery","specs":[{"label":"Type","value":"8500 mAh"},{"label":"Charging","value":"15W wired"}]},{"category":"Misc","specs":[{"label":"Colors","value":"Gray, Blue, Titanium"},{"label":"Price","value":"About 120 EUR"}]}]');
INSERT OR IGNORE INTO device_pictures (device_id, url, position) VALUES (781, 'https://fdn2.gsmarena.com/vv/bigpic/vivo-pad-se.jpg', 0);
INSERT OR IGNORE INTO device_pictures (device_id, url, position) VALUES (781, 'https://fdn2.gsmarena.com/vv/pics/vivo/vivo-pad-se-1.jpg', 1);
INSERT OR IGNORE INTO device_pictures (device_id, url, position) VALUES (781, 'https://fdn2.gsmarena.com/vv/pics/vivo/vivo-pad-se-3.jpg', 2);
INSERT OR IGNORE INTO devices (id, brand_id, name, gsmarena_url, thumbnail_url, summary) VALUES (782, 5, 'Watch 5', 'https://www.gsmarena.com/vivo_watch_5-13813.php', 'https://fdn2.gsmarena.com/vv/bigpic/vivo-watch5.jpg', 'Watch 5');
INSERT OR IGNORE INTO device_specs (device_id, announced, status, network, os, chipset, cpu, gpu, display_size, display_type, display_res, ram, storage, main_camera, selfie_camera, battery, charging, nfc, usb, bluetooth, wlan, colors, weight, dimensions, sim, sensors, popularity, fans, rating, full_specs_json) VALUES (782, '2025, April 21', 'Available. Released 2025, April 29', 'HSPA / LTE / 4G/LTE', 'Blue OS 2', NULL, NULL, NULL, '1.43 inches', 'AMOLED, 1500 nits (peak)', '466 x 466 pixels (~326 ppi density)', NULL, NULL, NULL, NULL, '505 mAh', NULL, 'Yes', 'No', '5.4, A2DP, LE', 'No', 'Black, White, Stainless steel silver', '32 g or 35 g (1.13 oz)', '45 x 45 x 11.4 mm (1.77 x 1.77 x 0.45 in)', 'eSIM - cellular model only', 'Accelerometer, gyro, heart rate, compass, SpO2', 'About 100 EUR', NULL, NULL, '[{"category":"Network","specs":[{"label":"Technology","value":"HSPA / LTE"},{"label":"2G bands","value":"N/A"},{"label":"3G bands","value":"HSDPA 850 / 900 / 2100"},{"label":"4G bands","value":"LTE - cellular model only"},{"label":"Speed","value":"HSPA, LTE - cellular model only"}]},{"category":"Launch","specs":[{"label":"Announced","value":"2025, April 21"},{"label":"Status","value":"Available. Released 2025, April 29"}]},{"category":"Body","specs":[{"label":"Dimensions","value":"45 x 45 x 11.4 mm (1.77 x 1.77 x 0.45 in)"},{"label":"Weight","value":"32 g or 35 g (1.13 oz)"},{"label":"Build","value":"Glass front, aluminum alloy frame or Stainless steel frame"},{"label":"SIM","value":"eSIM - cellular model only"}]},{"category":"Display","specs":[{"label":"Type","value":"AMOLED, 1500 nits (peak)"},{"label":"Size","value":"1.43 inches"},{"label":"Resolution","value":"466 x 466 pixels (~326 ppi density)"}]},{"category":"Platform","specs":[{"label":"OS","value":"Blue OS 2"}]},{"category":"Memory","specs":[{"label":"Card slot","value":"No"}]},{"category":"Sound","specs":[{"label":"Loudspeaker","value":"No"},{"label":"3.5mm jack","value":"No"}]},{"category":"Comms","specs":[{"label":"WLAN","value":"No"},{"label":"Bluetooth","value":"5.4, A2DP, LE"},{"label":"Positioning","value":"GPS, GLONASS, GALILEO, BDS, QZSS"},{"label":"NFC","value":"Yes"},{"label":"USB","value":"No"},{"label":"Radio","value":"No"}]},{"category":"Features","specs":[{"label":"Sensors","value":"Accelerometer, gyro, heart rate, compass, SpO2"}]},{"category":"Battery","specs":[{"label":"Type","value":"505 mAh"}]},{"category":"Misc","specs":[{"label":"Colors","value":"Black, White, Stainless steel silver"},{"label":"Price","value":"About 100 EUR"}]}]');
INSERT OR IGNORE INTO device_pictures (device_id, url, position) VALUES (782, 'https://fdn2.gsmarena.com/vv/bigpic/vivo-watch5.jpg', 0);
INSERT OR IGNORE INTO device_pictures (device_id, url, position) VALUES (782, 'https://fdn2.gsmarena.com/vv/pics/vivo/vivo-watch5-1.jpg', 1);
INSERT OR IGNORE INTO device_pictures (device_id, url, position) VALUES (782, 'https://fdn2.gsmarena.com/vv/pics/vivo/vivo-watch5-2.jpg', 2);
INSERT OR IGNORE INTO device_pictures (device_id, url, position) VALUES (782, 'https://fdn2.gsmarena.com/vv/pics/vivo/vivo-watch5-4.jpg', 3);
INSERT OR IGNORE INTO device_pictures (device_id, url, position) VALUES (782, 'https://fdn2.gsmarena.com/vv/pics/vivo/vivo-watch5-3.jpg', 4);
INSERT OR IGNORE INTO devices (id, brand_id, name, gsmarena_url, thumbnail_url, summary) VALUES (783, 5, 'iQOO Z10', 'https://www.gsmarena.com/vivo_iqoo_z10-13755.php', 'https://fdn2.gsmarena.com/vv/bigpic/vivo-iqoo-z10.jpg', 'iQOO Z10');
INSERT OR IGNORE INTO device_specs (device_id, announced, status, network, os, chipset, cpu, gpu, display_size, display_type, display_res, ram, storage, main_camera, selfie_camera, battery, charging, nfc, usb, bluetooth, wlan, colors, weight, dimensions, sim, sensors, popularity, fans, rating, full_specs_json) VALUES (783, '2025, April 11', 'Available. Released 2025, April 16', 'GSM / HSPA / LTE / 5G / 5G', 'Android 15, up to 2 major Android upgrades, Funtouch 15', 'Qualcomm SM7635 Snapdragon 7s Gen 3 (4 nm)', 'Octa-core (1x2.5 GHz Cortex-A720 & 3x2.4 GHz Cortex-A720 & 4x1.8 GHz Cortex-A520)', 'Adreno 810', '6.77 inches, 110.9 cm 2 (~88.8% screen-to-body ratio)', 'AMOLED, 120Hz, 3840Hz PWM, 1300 nits (HBM), 5000 nits (peak)', '1080 x 2392 pixels (~388 ppi density)', '8GB', '128GB', '50 MP, f/1.8, (wide), 1/1.95", 0.8µm, PDAF, OIS, LED flash, HDR, panorama', '32 MP, f/2.0, (wide), 1080p@30fps', 'Si/C Li-Ion 7300 mAh', '90W wired', 'Yes (market/region dependent)', 'USB Type-C 2.0, OTG', '5.2(IN), 5.4(IDN), A2DP, LE', 'Wi-Fi 802.11 a/b/g/n/ac, dual-band - India Wi-Fi 802.11 a/b/g/n/ac/6/7, dual-band - Indonesia', 'Stellar Black, Glacier Silver', '199 g (7.02 oz)', '163.4 x 76.4 x 7.9 mm (6.43 x 3.01 x 0.31 in)', 'Nano-SIM + Nano-SIM', 'Fingerprint (under display, optical), accelerometer, gyro, proximity, compass', '₹ 24,998', NULL, NULL, '[{"category":"Network","specs":[{"label":"Technology","value":"GSM / HSPA / LTE / 5G"},{"label":"2G bands","value":"GSM 850 / 900 / 1800 / 1900"},{"label":"3G bands","value":"HSDPA 800 / 850 / 900 / 2100"},{"label":"4G bands","value":"1, 3, 5, 8, 28, 38, 40, 41 - India"},{"label":"5G bands","value":"1, 3, 5, 8, 28, 38, 40, 41, 77, 78 SA/NSA - India"},{"label":"Speed","value":"HSPA, LTE, 5G"}]},{"category":"Launch","specs":[{"label":"Announced","value":"2025, April 11"},{"label":"Status","value":"Available. Released 2025, April 16"}]},{"category":"Body","specs":[{"label":"Dimensions","value":"163.4 x 76.4 x 7.9 mm (6.43 x 3.01 x 0.31 in)"},{"label":"Weight","value":"199 g (7.02 oz)"},{"label":"SIM","value":"Nano-SIM + Nano-SIM"}]},{"category":"Display","specs":[{"label":"Type","value":"AMOLED, 120Hz, 3840Hz PWM, 1300 nits (HBM), 5000 nits (peak)"},{"label":"Size","value":"6.77 inches, 110.9 cm 2 (~88.8% screen-to-body ratio)"},{"label":"Resolution","value":"1080 x 2392 pixels (~388 ppi density)"}]},{"category":"Platform","specs":[{"label":"OS","value":"Android 15, up to 2 major Android upgrades, Funtouch 15"},{"label":"Chipset","value":"Qualcomm SM7635 Snapdragon 7s Gen 3 (4 nm)"},{"label":"CPU","value":"Octa-core (1x2.5 GHz Cortex-A720 & 3x2.4 GHz Cortex-A720 & 4x1.8 GHz Cortex-A520)"},{"label":"GPU","value":"Adreno 810"}]},{"category":"Memory","specs":[{"label":"Card slot","value":"No"},{"label":"Internal","value":"128GB 8GB RAM, 256GB 8GB RAM, 256GB 12GB RAM, 512GB 12GB RAM"}]},{"category":"Main Camera","specs":[{"label":"Dual","value":"50 MP, f/1.8, (wide), 1/1.95\\", 0.8µm, PDAF, OIS"},{"label":"Features","value":"LED flash, HDR, panorama"},{"label":"Video","value":"4K@30fps, 1080p@30/60fps, gyro-EIS"}]},{"category":"Selfie camera","specs":[{"label":"Single","value":"32 MP, f/2.0, (wide)"},{"label":"Video","value":"1080p@30fps"}]},{"category":"Sound","specs":[{"label":"Loudspeaker","value":"Yes"},{"label":"3.5mm jack","value":"No"}]},{"category":"Comms","specs":[{"label":"WLAN","value":"Wi-Fi 802.11 a/b/g/n/ac, dual-band - India Wi-Fi 802.11 a/b/g/n/ac/6/7, dual-band - Indonesia"},{"label":"Bluetooth","value":"5.2(IN), 5.4(IDN), A2DP, LE"},{"label":"Positioning","value":"GPS, GLONASS, GALILEO, BDS, QZSS"},{"label":"NFC","value":"Yes (market/region dependent)"},{"label":"USB","value":"USB Type-C 2.0, OTG"},{"label":"Radio","value":"No"},{"label":"Infrared port","value":"Yes"}]},{"category":"Features","specs":[{"label":"Sensors","value":"Fingerprint (under display, optical), accelerometer, gyro, proximity, compass"}]},{"category":"Battery","specs":[{"label":"Type","value":"Si/C Li-Ion 7300 mAh"},{"label":"Charging","value":"90W wired"}]},{"category":"Misc","specs":[{"label":"Colors","value":"Stellar Black, Glacier Silver"},{"label":"SAR","value":"0.99 W/kg (head)     0.87 W/kg (body)"},{"label":"Price","value":"₹ 24,998"}]}]');
INSERT OR IGNORE INTO device_pictures (device_id, url, position) VALUES (783, 'https://fdn2.gsmarena.com/vv/bigpic/vivo-iqoo-z10.jpg', 0);
INSERT OR IGNORE INTO device_pictures (device_id, url, position) VALUES (783, 'https://fdn2.gsmarena.com/vv/pics/vivo/vivo-iqoo-z10-1.jpg', 1);
INSERT OR IGNORE INTO device_pictures (device_id, url, position) VALUES (783, 'https://fdn2.gsmarena.com/vv/pics/vivo/vivo-iqoo-z10-2.jpg', 2);
INSERT OR IGNORE INTO devices (id, brand_id, name, gsmarena_url, thumbnail_url, summary) VALUES (784, 5, 'iQOO Z10x', 'https://www.gsmarena.com/vivo_iqoo_z10x_5g-13773.php', 'https://fdn2.gsmarena.com/vv/bigpic/vivo-iqoo-z10x.jpg', 'iQOO Z10x');
INSERT OR IGNORE INTO device_specs (device_id, announced, status, network, os, chipset, cpu, gpu, display_size, display_type, display_res, ram, storage, main_camera, selfie_camera, battery, charging, nfc, usb, bluetooth, wlan, colors, weight, dimensions, sim, sensors, popularity, fans, rating, full_specs_json) VALUES (784, '2025, April 11', 'Available. Released 2025, April 22', 'GSM / HSPA / LTE / 5G / 5G', 'Android 15, up to 2 major Android upgrades, Funtouch 15', 'Mediatek Dimensity 7300 (4 nm)', 'Octa-core (4x2.5 GHz Cortex-A78 & 4x2.0 GHz Cortex-A55)', 'Mali-G615 MC2', '6.72 inches, 108.8 cm 2 (~86.0% screen-to-body ratio)', 'IPS LCD, 120Hz, 960Hz PWM, 1050 nits (HBM)', '1080 x 2408 pixels, 20:9 ratio (~393 ppi density)', '6GB', '128GB', '50 MP, f/1.8, (wide), PDAF, Ring-LED flash, panorama', '8 MP, (wide), 1080p@30fps', 'Li-Ion 6500 mAh', '44W wired', 'No', 'USB Type-C 2.0, OTG', '5.4, A2DP, LE', 'Wi-Fi 802.11 a/b/g/n/ac/6, dual-band', 'Ultramarine, Titanium, Ocean Blue', '204 g (7.20 oz)', '165.7 x 76.3 x 8.1 mm (6.52 x 3.00 x 0.32 in)', 'Nano-SIM + Nano-SIM', 'Fingerprint (side-mounted), accelerometer, gyro, proximity, compass', '₹ 16,998', NULL, NULL, '[{"category":"Network","specs":[{"label":"Technology","value":"GSM / HSPA / LTE / 5G"},{"label":"2G bands","value":"GSM 850 / 900 / 1800 / 1900"},{"label":"3G bands","value":"HSDPA 850 / 900 / 2100"},{"label":"4G bands","value":"1, 3, 5, 8, 28, 38, 40, 41"},{"label":"5G bands","value":"1, 3, 5, 8, 28, 40, 77, 78 SA/NSA"},{"label":"Speed","value":"HSPA, LTE, 5G"}]},{"category":"Launch","specs":[{"label":"Announced","value":"2025, April 11"},{"label":"Status","value":"Available. Released 2025, April 22"}]},{"category":"Body","specs":[{"label":"Dimensions","value":"165.7 x 76.3 x 8.1 mm (6.52 x 3.00 x 0.32 in)"},{"label":"Weight","value":"204 g (7.20 oz)"},{"label":"Build","value":"Glass front, plastic back, plastic frame"},{"label":"SIM","value":"Nano-SIM + Nano-SIM"}]},{"category":"Display","specs":[{"label":"Type","value":"IPS LCD, 120Hz, 960Hz PWM, 1050 nits (HBM)"},{"label":"Size","value":"6.72 inches, 108.8 cm 2 (~86.0% screen-to-body ratio)"},{"label":"Resolution","value":"1080 x 2408 pixels, 20:9 ratio (~393 ppi density)"}]},{"category":"Platform","specs":[{"label":"OS","value":"Android 15, up to 2 major Android upgrades, Funtouch 15"},{"label":"Chipset","value":"Mediatek Dimensity 7300 (4 nm)"},{"label":"CPU","value":"Octa-core (4x2.5 GHz Cortex-A78 & 4x2.0 GHz Cortex-A55)"},{"label":"GPU","value":"Mali-G615 MC2"}]},{"category":"Memory","specs":[{"label":"Card slot","value":"No"},{"label":"Internal","value":"128GB 6GB RAM, 128GB 8GB RAM, 256GB 8GB RAM, 256GB 12GB RAM, 512GB 12GB RAM"}]},{"category":"Main Camera","specs":[{"label":"Dual","value":"50 MP, f/1.8, (wide), PDAF"},{"label":"Features","value":"Ring-LED flash, panorama"},{"label":"Video","value":"4K, 1080p, gyro-EIS"}]},{"category":"Selfie camera","specs":[{"label":"Single","value":"8 MP, (wide)"},{"label":"Video","value":"1080p@30fps"}]},{"category":"Sound","specs":[{"label":"Loudspeaker","value":"Yes, with stereo speakers"},{"label":"3.5mm jack","value":"No"}]},{"category":"Comms","specs":[{"label":"WLAN","value":"Wi-Fi 802.11 a/b/g/n/ac/6, dual-band"},{"label":"Bluetooth","value":"5.4, A2DP, LE"},{"label":"Positioning","value":"GPS, GLONASS, GALILEO, BDS, QZSS"},{"label":"NFC","value":"No"},{"label":"USB","value":"USB Type-C 2.0, OTG"},{"label":"Radio","value":"No"},{"label":"Infrared port","value":"Yes"}]},{"category":"Features","specs":[{"label":"Sensors","value":"Fingerprint (side-mounted), accelerometer, gyro, proximity, compass"}]},{"category":"Battery","specs":[{"label":"Type","value":"Li-Ion 6500 mAh"},{"label":"Charging","value":"44W wired"}]},{"category":"Misc","specs":[{"label":"Colors","value":"Ultramarine, Titanium, Ocean Blue"},{"label":"Models","value":"I2404"},{"label":"Price","value":"₹ 16,998"}]}]');
INSERT OR IGNORE INTO device_pictures (device_id, url, position) VALUES (784, 'https://fdn2.gsmarena.com/vv/bigpic/vivo-iqoo-z10x.jpg', 0);
INSERT OR IGNORE INTO device_pictures (device_id, url, position) VALUES (784, 'https://fdn2.gsmarena.com/vv/pics/vivo/vivo-iqoo-z10x-1.jpg', 1);
INSERT OR IGNORE INTO device_pictures (device_id, url, position) VALUES (784, 'https://fdn2.gsmarena.com/vv/pics/vivo/vivo-iqoo-z10x-2.jpg', 2);
INSERT OR IGNORE INTO device_pictures (device_id, url, position) VALUES (784, 'https://fdn2.gsmarena.com/vv/pics/vivo/vivo-iqoo-z10x-3.jpg', 3);
INSERT OR IGNORE INTO devices (id, brand_id, name, gsmarena_url, thumbnail_url, summary) VALUES (785, 5, 'V50e', 'https://www.gsmarena.com/vivo_v50e_5g-13768.php', 'https://fdn2.gsmarena.com/vv/bigpic/vivo-v50e.jpg', 'V50e');
INSERT OR IGNORE INTO device_specs (device_id, announced, status, network, os, chipset, cpu, gpu, display_size, display_type, display_res, ram, storage, main_camera, selfie_camera, battery, charging, nfc, usb, bluetooth, wlan, colors, weight, dimensions, sim, sensors, popularity, fans, rating, full_specs_json) VALUES (785, '2025, April 10', 'Available. Released 2025, April 17', 'GSM / HSPA / LTE / 5G / 5G', 'Android 15, Funtouch 15', 'Mediatek Dimensity 7300 (4 nm)', 'Octa-core (4x2.5 GHz Cortex-A78 & 4x2.0 GHz Cortex-A55)', 'Mali-G615 MC2', '6.77 inches, 110.9 cm 2 (~88.5% screen-to-body ratio)', 'AMOLED, 1B colors, 120Hz, HDR10+, 1800 nits (peak)', '1080 x 2392 pixels (~388 ppi density)', '8GB', '128GB', '50 MP, f/1.8, (wide), 1/1.95", 0.8µm, PDAF, OIS, Ring-LED flash, panorama, HDR', '50 MP, f/2.0, 22mm (wide), 1/2.76", 0.64µm, AF, 4K, 1080p', 'Li-Ion 5600 mAh', '90W wired', 'No', 'USB Type-C 2.0, OTG', 'Yes', 'Yes', 'Sapphire Blue, Pearl White', '186 g (6.56 oz)', '163.3 x 76.7 x 7.4 mm or 7.6 mm', 'Nano-SIM + Nano-SIM', 'Fingerprint (under display, optical), accelerometer, gyro, proximity, compass', 'About 260 EUR', NULL, NULL, '[{"category":"Network","specs":[{"label":"Technology","value":"GSM / HSPA / LTE / 5G"},{"label":"2G bands","value":"GSM 850 / 900 / 1800 / 1900"},{"label":"3G bands","value":"HSDPA 850 / 900 / 1900 / 2100"},{"label":"4G bands","value":"1, 3, 5, 8, 18, 19, 26, 28, 38, 40, 41, 42"},{"label":"5G bands","value":"1, 3, 5, 8, 26, 28, 40, 77, 78 SA/NSA"},{"label":"Speed","value":"HSPA, LTE, 5G"}]},{"category":"Launch","specs":[{"label":"Announced","value":"2025, April 10"},{"label":"Status","value":"Available. Released 2025, April 17"}]},{"category":"Body","specs":[{"label":"Dimensions","value":"163.3 x 76.7 x 7.4 mm or 7.6 mm"},{"label":"Weight","value":"186 g (6.56 oz)"},{"label":"Build","value":"Glass front, plastic back"},{"label":"SIM","value":"Nano-SIM + Nano-SIM"}]},{"category":"Display","specs":[{"label":"Type","value":"AMOLED, 1B colors, 120Hz, HDR10+, 1800 nits (peak)"},{"label":"Size","value":"6.77 inches, 110.9 cm 2 (~88.5% screen-to-body ratio)"},{"label":"Resolution","value":"1080 x 2392 pixels (~388 ppi density)"},{"label":"Protection","value":"Diamond Shield Glass"}]},{"category":"Platform","specs":[{"label":"OS","value":"Android 15, Funtouch 15"},{"label":"Chipset","value":"Mediatek Dimensity 7300 (4 nm)"},{"label":"CPU","value":"Octa-core (4x2.5 GHz Cortex-A78 & 4x2.0 GHz Cortex-A55)"},{"label":"GPU","value":"Mali-G615 MC2"}]},{"category":"Memory","specs":[{"label":"Card slot","value":"No"},{"label":"Internal","value":"128GB 8GB RAM, 256GB 6GB RAM, 256GB 8GB RAM"}]},{"category":"Main Camera","specs":[{"label":"Dual","value":"50 MP, f/1.8, (wide), 1/1.95\\", 0.8µm, PDAF, OIS"},{"label":"Features","value":"Ring-LED flash, panorama, HDR"},{"label":"Video","value":"4K, 1080p, HDR, gyro-EIS, OIS"}]},{"category":"Selfie camera","specs":[{"label":"Single","value":"50 MP, f/2.0, 22mm (wide), 1/2.76\\", 0.64µm, AF"},{"label":"Video","value":"4K, 1080p"}]},{"category":"Sound","specs":[{"label":"Loudspeaker","value":"Yes, with stereo speakers"},{"label":"3.5mm jack","value":"No"}]},{"category":"Comms","specs":[{"label":"WLAN","value":"Yes"},{"label":"Bluetooth","value":"Yes"},{"label":"Positioning","value":"GPS, GALILEO, GLONASS, BDS, QZSS"},{"label":"NFC","value":"No"},{"label":"USB","value":"USB Type-C 2.0, OTG"},{"label":"Radio","value":"No"}]},{"category":"Features","specs":[{"label":"Sensors","value":"Fingerprint (under display, optical), accelerometer, gyro, proximity, compass"}]},{"category":"Battery","specs":[{"label":"Type","value":"Li-Ion 5600 mAh"},{"label":"Charging","value":"90W wired"}]},{"category":"Misc","specs":[{"label":"Colors","value":"Sapphire Blue, Pearl White"},{"label":"Models","value":"V2428"},{"label":"SAR","value":"0.99 W/kg (head)     0.87 W/kg (body)"},{"label":"Price","value":"About 260 EUR"}]}]');
INSERT OR IGNORE INTO device_pictures (device_id, url, position) VALUES (785, 'https://fdn2.gsmarena.com/vv/bigpic/vivo-v50e.jpg', 0);
INSERT OR IGNORE INTO device_pictures (device_id, url, position) VALUES (785, 'https://fdn2.gsmarena.com/vv/pics/vivo/vivo-v50e-1.jpg', 1);
INSERT OR IGNORE INTO device_pictures (device_id, url, position) VALUES (785, 'https://fdn2.gsmarena.com/vv/pics/vivo/vivo-v50e-2.jpg', 2);
INSERT OR IGNORE INTO devices (id, brand_id, name, gsmarena_url, thumbnail_url, summary) VALUES (786, 5, 'Y300t', 'https://www.gsmarena.com/vivo_y300t_5g-13766.php', 'https://fdn2.gsmarena.com/vv/bigpic/vivo-y300t.jpg', 'Y300t');
INSERT OR IGNORE INTO device_specs (device_id, announced, status, network, os, chipset, cpu, gpu, display_size, display_type, display_res, ram, storage, main_camera, selfie_camera, battery, charging, nfc, usb, bluetooth, wlan, colors, weight, dimensions, sim, sensors, popularity, fans, rating, full_specs_json) VALUES (786, '2025, March 31', 'Available. Released 2025, March 31', 'GSM / CDMA / HSPA / LTE / 5G / 5G', 'Android 15, OriginOS 5', 'Mediatek Dimensity 7300 (4 nm)', 'Octa-core (4x2.5 GHz Cortex-A78 & 4x2.0 GHz Cortex-A55)', 'Mali-G615 MC2', '6.72 inches, 108.8 cm 2 (~86.0% screen-to-body ratio)', 'IPS LCD, 120Hz, 1050 nits (HBM)', '1080 x 2408 pixels, 20:9 ratio (~393 ppi density)', '8GB', '128GB', '50 MP, f/1.8, (wide), PDAF, Ring-LED flash, panorama', '8 MP, f/2.1, (wide), 1080p@30fps', 'Li-Ion 6500 mAh', '44W wired, 50% in 40 min', 'Yes', 'USB Type-C 2.0, OTG', '5.4, A2DP, LE, aptX HD', 'Wi-Fi 802.11 a/b/g/n/ac/6, dual-band', 'Black, White, Blue', '204 g or 208 g (7.20 oz)', '165.7 x 76.3 x 8.1 mm (6.52 x 3.00 x 0.32 in)', 'Nano-SIM + Nano-SIM', 'Fingerprint (side-mounted), accelerometer, gyro, proximity, compass', 'About 150 EUR', NULL, NULL, '[{"category":"Network","specs":[{"label":"Technology","value":"GSM / CDMA / HSPA / LTE / 5G"},{"label":"2G bands","value":"GSM 850 / 900 / 1800 / 1900"},{"label":"3G bands","value":"HSDPA 850 / 900 / 2100"},{"label":"4G bands","value":"1, 3, 5, 8, 28, 34, 38, 39, 40, 41"},{"label":"5G bands","value":"1, 3, 5, 8, 28, 41, 77, 78 SA/NSA"},{"label":"Speed","value":"HSPA, LTE, 5G"}]},{"category":"Launch","specs":[{"label":"Announced","value":"2025, March 31"},{"label":"Status","value":"Available. Released 2025, March 31"}]},{"category":"Body","specs":[{"label":"Dimensions","value":"165.7 x 76.3 x 8.1 mm (6.52 x 3.00 x 0.32 in)"},{"label":"Weight","value":"204 g or 208 g (7.20 oz)"},{"label":"Build","value":"Glass front, plastic back, plastic frame"},{"label":"SIM","value":"Nano-SIM + Nano-SIM"}]},{"category":"Display","specs":[{"label":"Type","value":"IPS LCD, 120Hz, 1050 nits (HBM)"},{"label":"Size","value":"6.72 inches, 108.8 cm 2 (~86.0% screen-to-body ratio)"},{"label":"Resolution","value":"1080 x 2408 pixels, 20:9 ratio (~393 ppi density)"}]},{"category":"Platform","specs":[{"label":"OS","value":"Android 15, OriginOS 5"},{"label":"Chipset","value":"Mediatek Dimensity 7300 (4 nm)"},{"label":"CPU","value":"Octa-core (4x2.5 GHz Cortex-A78 & 4x2.0 GHz Cortex-A55)"},{"label":"GPU","value":"Mali-G615 MC2"}]},{"category":"Memory","specs":[{"label":"Card slot","value":"No"},{"label":"Internal","value":"128GB 8GB RAM, 256GB 8GB RAM, 256GB 12GB RAM, 512GB 12GB RAM"}]},{"category":"Main Camera","specs":[{"label":"Dual","value":"50 MP, f/1.8, (wide), PDAF"},{"label":"Features","value":"Ring-LED flash, panorama"},{"label":"Video","value":"4K@30fps, 1080p@30fps, gyro-EIS"}]},{"category":"Selfie camera","specs":[{"label":"Single","value":"8 MP, f/2.1, (wide)"},{"label":"Video","value":"1080p@30fps"}]},{"category":"Sound","specs":[{"label":"Loudspeaker","value":"Yes"},{"label":"3.5mm jack","value":"No"}]},{"category":"Comms","specs":[{"label":"WLAN","value":"Wi-Fi 802.11 a/b/g/n/ac/6, dual-band"},{"label":"Bluetooth","value":"5.4, A2DP, LE, aptX HD"},{"label":"Positioning","value":"GPS, GLONASS, GALILEO, BDS, QZSS"},{"label":"NFC","value":"Yes"},{"label":"USB","value":"USB Type-C 2.0, OTG"},{"label":"Radio","value":"No"},{"label":"Infrared port","value":"Yes"}]},{"category":"Features","specs":[{"label":"Sensors","value":"Fingerprint (side-mounted), accelerometer, gyro, proximity, compass"}]},{"category":"Battery","specs":[{"label":"Type","value":"Li-Ion 6500 mAh"},{"label":"Charging","value":"44W wired, 50% in 40 min"}]},{"category":"Misc","specs":[{"label":"Colors","value":"Black, White, Blue"},{"label":"Models","value":"V2445EA"},{"label":"Price","value":"About 150 EUR"}]}]');
INSERT OR IGNORE INTO device_pictures (device_id, url, position) VALUES (786, 'https://fdn2.gsmarena.com/vv/bigpic/vivo-y300t.jpg', 0);
INSERT OR IGNORE INTO device_pictures (device_id, url, position) VALUES (786, 'https://fdn2.gsmarena.com/vv/pics/vivo/vivo-y300t-5g-1.jpg', 1);
INSERT OR IGNORE INTO device_pictures (device_id, url, position) VALUES (786, 'https://fdn2.gsmarena.com/vv/pics/vivo/vivo-y300t-5g-2.jpg', 2);
INSERT OR IGNORE INTO device_pictures (device_id, url, position) VALUES (786, 'https://fdn2.gsmarena.com/vv/pics/vivo/vivo-y300t-5g-3.jpg', 3);
INSERT OR IGNORE INTO devices (id, brand_id, name, gsmarena_url, thumbnail_url, summary) VALUES (787, 5, 'Y300 Pro+', 'https://www.gsmarena.com/vivo_y300_pro+-13754.php', 'https://fdn2.gsmarena.com/vv/bigpic/vivo-y300-pro-plus.jpg', 'Y300 Pro+');
INSERT OR IGNORE INTO device_specs (device_id, announced, status, network, os, chipset, cpu, gpu, display_size, display_type, display_res, ram, storage, main_camera, selfie_camera, battery, charging, nfc, usb, bluetooth, wlan, colors, weight, dimensions, sim, sensors, popularity, fans, rating, full_specs_json) VALUES (787, 'March 31', 'Available. Released 2025, April 03', 'GSM / HSPA / LTE / 5G / 5G', 'Android 15, OriginOS 5', 'Qualcomm SM7635 Snapdragon 7s Gen 3 (4 nm)', 'Octa-core (1x2.5 GHz Cortex-A720 & 3x2.4 GHz Cortex-A720 & 4x1.8 GHz Cortex-A520)', 'Adreno 810', '6.77 inches, 110.9 cm 2 (~88.8% screen-to-body ratio)', 'AMOLED, 1B colors, 120Hz, 800 nits (typ), 1300 nits (HBM), 5000 nits (peak)', '1080 x 2392 pixels (~388 ppi density)', '8GB', '128GB', '50 MP, f/1.8, (wide), 1/1.95", 0.8µm, PDAF, OIS, LED flash, HDR, panorama', '32 MP, f/2.0, (wide), 1080p@30fps', 'Si/C Li-Ion 7300 mAh', '90W wired, 55W PPS, 44W UFCS', 'Yes', 'USB Type-C 2.0, OTG', '5.2, A2DP, LE, aptX HD, aptX Adaptive', 'Wi-Fi 802.11 a/b/g/n/ac/6, dual-band', 'Black, Silver, Pink', '199 g (7.02 oz)', '163.4 x 76.4 x 7.9 mm (6.43 x 3.01 x 0.31 in)', 'Nano-SIM + Nano-SIM', 'Fingerprint (under display, optical), accelerometer, gyro, proximity, compass', 'About 230 EUR', NULL, NULL, '[{"category":"Network","specs":[{"label":"Technology","value":"GSM / HSPA / LTE / 5G"},{"label":"2G bands","value":"GSM 850 / 900 / 1800 / 1900"},{"label":"3G bands","value":"HSDPA 800 / 850 / 900 / 2100"},{"label":"4G bands","value":"1, 3, 5, 8, 19, 28, 34, 38, 39, 40, 41, 42, 48"},{"label":"5G bands","value":"1, 3, 5, 8, 28, 38, 40, 41, 48, 77, 78 SA/NSA"},{"label":"Speed","value":"HSPA, LTE, 5G"}]},{"category":"Launch","specs":[{"label":"Announced","value":"March 31"},{"label":"Status","value":"Available. Released 2025, April 03"}]},{"category":"Body","specs":[{"label":"Dimensions","value":"163.4 x 76.4 x 7.9 mm (6.43 x 3.01 x 0.31 in)"},{"label":"Weight","value":"199 g (7.02 oz)"},{"label":"SIM","value":"Nano-SIM + Nano-SIM"}]},{"category":"Display","specs":[{"label":"Type","value":"AMOLED, 1B colors, 120Hz, 800 nits (typ), 1300 nits (HBM), 5000 nits (peak)"},{"label":"Size","value":"6.77 inches, 110.9 cm 2 (~88.8% screen-to-body ratio)"},{"label":"Resolution","value":"1080 x 2392 pixels (~388 ppi density)"}]},{"category":"Platform","specs":[{"label":"OS","value":"Android 15, OriginOS 5"},{"label":"Chipset","value":"Qualcomm SM7635 Snapdragon 7s Gen 3 (4 nm)"},{"label":"CPU","value":"Octa-core (1x2.5 GHz Cortex-A720 & 3x2.4 GHz Cortex-A720 & 4x1.8 GHz Cortex-A520)"},{"label":"GPU","value":"Adreno 810"}]},{"category":"Memory","specs":[{"label":"Card slot","value":"No"},{"label":"Internal","value":"128GB 8GB RAM, 256GB 8GB RAM, 256GB 12GB RAM, 512GB 12GB RAM"}]},{"category":"Main Camera","specs":[{"label":"Dual","value":"50 MP, f/1.8, (wide), 1/1.95\\", 0.8µm, PDAF, OIS"},{"label":"Features","value":"LED flash, HDR, panorama"},{"label":"Video","value":"4K@30fps, 1080p@30fps, gyro-EIS, OIS"}]},{"category":"Selfie camera","specs":[{"label":"Single","value":"32 MP, f/2.0, (wide)"},{"label":"Video","value":"1080p@30fps"}]},{"category":"Sound","specs":[{"label":"Loudspeaker","value":"Yes"},{"label":"3.5mm jack","value":"No"}]},{"category":"Comms","specs":[{"label":"WLAN","value":"Wi-Fi 802.11 a/b/g/n/ac/6, dual-band"},{"label":"Bluetooth","value":"5.2, A2DP, LE, aptX HD, aptX Adaptive"},{"label":"Positioning","value":"GPS (L1+L5), BDS (B1I+B1c+B2a), GALILEO (E1+E5a), QZSS (L1+L5), GLONASS"},{"label":"NFC","value":"Yes"},{"label":"USB","value":"USB Type-C 2.0, OTG"},{"label":"Radio","value":"No"},{"label":"Infrared port","value":"Yes"}]},{"category":"Features","specs":[{"label":"Sensors","value":"Fingerprint (under display, optical), accelerometer, gyro, proximity, compass"}]},{"category":"Battery","specs":[{"label":"Type","value":"Si/C Li-Ion 7300 mAh"},{"label":"Charging","value":"90W wired, 55W PPS, 44W UFCS"}]},{"category":"Misc","specs":[{"label":"Colors","value":"Black, Silver, Pink"},{"label":"Models","value":"V2456A"},{"label":"Price","value":"About 230 EUR"}]}]');
INSERT OR IGNORE INTO device_pictures (device_id, url, position) VALUES (787, 'https://fdn2.gsmarena.com/vv/bigpic/vivo-y300-pro-plus.jpg', 0);
INSERT OR IGNORE INTO device_pictures (device_id, url, position) VALUES (787, 'https://fdn2.gsmarena.com/vv/pics/vivo/vivo-y300-pro-plus-1.jpg', 1);
INSERT OR IGNORE INTO device_pictures (device_id, url, position) VALUES (787, 'https://fdn2.gsmarena.com/vv/pics/vivo/vivo-y300-pro-plus-2.jpg', 2);
INSERT OR IGNORE INTO devices (id, brand_id, name, gsmarena_url, thumbnail_url, summary) VALUES (788, 5, 'Y39', 'https://www.gsmarena.com/vivo_y39_5g-13763.php', 'https://fdn2.gsmarena.com/vv/bigpic/vivo-y39-5g.jpg', 'Y39');
INSERT OR IGNORE INTO device_specs (device_id, announced, status, network, os, chipset, cpu, gpu, display_size, display_type, display_res, ram, storage, main_camera, selfie_camera, battery, charging, nfc, usb, bluetooth, wlan, colors, weight, dimensions, sim, sensors, popularity, fans, rating, full_specs_json) VALUES (788, '2025, March 27', 'Available. Released 2025, March 27', 'GSM / HSPA / LTE / 5G / 5G', 'Android 15, Funtouch 15', 'Qualcomm SM4450 Snapdragon 4 Gen 2 (4 nm)', 'Octa-core (2x2.2 GHz Cortex-A78 & 6x1.95 GHz Cortex-A55)', 'Adreno 613', '6.68 inches, 107.4 cm 2 (~84.9% screen-to-body ratio)', 'IPS LCD, 120Hz, 1000 nits (HBM)', '720 x 1608 pixels, 20:9 ratio (~264 ppi density)', '8GB', '128GB', '50 MP, f/1.8, (wide), PDAF, LED flash, HDR, panorama', '8 MP, f/2.0, (wide), 1080p@30fps', 'Si/C Li-Ion 6500 mAh', '44W wired, 74% in 60 min', 'No', 'USB Type-C 2.0, OTG', '5.0, A2DP, LE', 'Wi-Fi 802.11 a/b/g/n/ac, dual-band', 'Lotus Purple, Ocean Blue', '205 g (7.23 oz)', '165.7 x 76.3 x 8.3 mm (6.52 x 3.00 x 0.33 in)', 'Nano-SIM + Nano-SIM', 'Fingerprint (side-mounted), accelerometer, gyro, proximity, compass', 'About 180 EUR', NULL, NULL, '[{"category":"Network","specs":[{"label":"Technology","value":"GSM / HSPA / LTE / 5G"},{"label":"2G bands","value":"GSM 850 / 900 / 1800 / 1900"},{"label":"3G bands","value":"HSDPA 850 / 900 / 2100"},{"label":"4G bands","value":"1, 3, 5, 8, 28, 38, 40, 41"},{"label":"5G bands","value":"1, 3, 5, 8, 28, 40, 77, 78 SA/NSA"},{"label":"Speed","value":"HSPA, LTE, 5G"}]},{"category":"Launch","specs":[{"label":"Announced","value":"2025, March 27"},{"label":"Status","value":"Available. Released 2025, March 27"}]},{"category":"Body","specs":[{"label":"Dimensions","value":"165.7 x 76.3 x 8.3 mm (6.52 x 3.00 x 0.33 in)"},{"label":"Weight","value":"205 g (7.23 oz)"},{"label":"Build","value":"Glass front, plastic frame, plastic back"},{"label":"SIM","value":"Nano-SIM + Nano-SIM"}]},{"category":"Display","specs":[{"label":"Type","value":"IPS LCD, 120Hz, 1000 nits (HBM)"},{"label":"Size","value":"6.68 inches, 107.4 cm 2 (~84.9% screen-to-body ratio)"},{"label":"Resolution","value":"720 x 1608 pixels, 20:9 ratio (~264 ppi density)"},{"label":"Protection","value":"Schott Glass"}]},{"category":"Platform","specs":[{"label":"OS","value":"Android 15, Funtouch 15"},{"label":"Chipset","value":"Qualcomm SM4450 Snapdragon 4 Gen 2 (4 nm)"},{"label":"CPU","value":"Octa-core (2x2.2 GHz Cortex-A78 & 6x1.95 GHz Cortex-A55)"},{"label":"GPU","value":"Adreno 613"}]},{"category":"Memory","specs":[{"label":"Card slot","value":"No"},{"label":"Internal","value":"128GB 8GB RAM, 256GB 8GB RAM"}]},{"category":"Main Camera","specs":[{"label":"Dual","value":"50 MP, f/1.8, (wide), PDAF"},{"label":"Features","value":"LED flash, HDR, panorama"},{"label":"Video","value":"1080p@30fps"}]},{"category":"Selfie camera","specs":[{"label":"Single","value":"8 MP, f/2.0, (wide)"},{"label":"Video","value":"1080p@30fps"}]},{"category":"Sound","specs":[{"label":"Loudspeaker","value":"Yes, with stereo speakers"},{"label":"3.5mm jack","value":"No"}]},{"category":"Comms","specs":[{"label":"WLAN","value":"Wi-Fi 802.11 a/b/g/n/ac, dual-band"},{"label":"Bluetooth","value":"5.0, A2DP, LE"},{"label":"Positioning","value":"GPS, GALILEO, GLONASS, BDS, QZSS"},{"label":"NFC","value":"No"},{"label":"USB","value":"USB Type-C 2.0, OTG"},{"label":"Radio","value":"No"}]},{"category":"Features","specs":[{"label":"Sensors","value":"Fingerprint (side-mounted), accelerometer, gyro, proximity, compass"}]},{"category":"Battery","specs":[{"label":"Type","value":"Si/C Li-Ion 6500 mAh"},{"label":"Charging","value":"44W wired, 74% in 60 min"}]},{"category":"Misc","specs":[{"label":"Colors","value":"Lotus Purple, Ocean Blue"},{"label":"Models","value":"V2443, V2436"},{"label":"SAR","value":"0.99 W/kg (head)     0.98 W/kg (body)"},{"label":"Price","value":"About 180 EUR"}]}]');
INSERT OR IGNORE INTO device_pictures (device_id, url, position) VALUES (788, 'https://fdn2.gsmarena.com/vv/bigpic/vivo-y39-5g.jpg', 0);
INSERT OR IGNORE INTO device_pictures (device_id, url, position) VALUES (788, 'https://fdn2.gsmarena.com/vv/pics/vivo/vivo-y39-5g-1.jpg', 1);
INSERT OR IGNORE INTO device_pictures (device_id, url, position) VALUES (788, 'https://fdn2.gsmarena.com/vv/pics/vivo/vivo-y39-5g-2.jpg', 2);
INSERT OR IGNORE INTO device_pictures (device_id, url, position) VALUES (788, 'https://fdn2.gsmarena.com/vv/pics/vivo/vivo-y39-5g-3.jpg', 3);
INSERT OR IGNORE INTO devices (id, brand_id, name, gsmarena_url, thumbnail_url, summary) VALUES (789, 5, 'V50 Lite', 'https://www.gsmarena.com/vivo_v50_lite-13745.php', 'https://fdn2.gsmarena.com/vv/bigpic/vivo-v50-lite-5g.jpg', 'V50 Lite');
INSERT OR IGNORE INTO device_specs (device_id, announced, status, network, os, chipset, cpu, gpu, display_size, display_type, display_res, ram, storage, main_camera, selfie_camera, battery, charging, nfc, usb, bluetooth, wlan, colors, weight, dimensions, sim, sensors, popularity, fans, rating, full_specs_json) VALUES (789, '2025, March 20', 'Available. Released 2025, March 25', 'GSM / HSPA / LTE / 5G / 5G', 'Android 15, Funtouch 15', 'Mediatek Dimensity 6300 (6 nm)', 'Octa-core (2x2.4 GHz Cortex-A76 & 6x2.0 GHz Cortex-A55)', 'Mali-G57 MC2', '6.77 inches, 110.9 cm 2 (~88.7% screen-to-body ratio)', 'AMOLED, 120Hz, 1300 nits (HBM), 1800 nits (peak)', '1080 x 2392 pixels (~388 ppi density)', '8GB', '256GB', '50 MP, f/1.8, (wide), 1/1.95", 0.8µm, PDAF, Ring-LED flash, panorama, HDR', '32 MP, f/2.5, (wide), Yes', 'Si/C Li-Ion 6500 mAh', '90W wired, 50% in 23 min, 100% in 52 min', 'Yes (market/region dependent)', 'USB Type-C 2.0, OTG', '5.4, A2DP, LE', 'Wi-Fi 802.11 a/b/g/n/ac, dual-band', 'Phantom Black, Titanium Gold, Fantasy Purple, Silk Green', '197 g (6.95 oz)', '163.8 x 76.3 x 7.8 mm (6.45 x 3.00 x 0.31 in)', 'Nano-SIM + Nano-SIM', 'Fingerprint (under display, optical), accelerometer, gyro, proximity, compass', '€ 269.00', NULL, NULL, '[{"category":"Network","specs":[{"label":"Technology","value":"GSM / HSPA / LTE / 5G"},{"label":"2G bands","value":"GSM 850 / 900 / 1800 / 1900"},{"label":"3G bands","value":"HSDPA 850 / 900 / 1700(AWS) / 1900 / 2100"},{"label":"4G bands","value":"1, 2, 3, 4, 5, 7, 8, 19, 20, 28, 38, 39, 40, 41"},{"label":"5G bands","value":"1, 3, 5, 7, 8, 20, 28, 38, 40, 41, 77, 78 SA/NSA"},{"label":"Speed","value":"HSPA, LTE, 5G"}]},{"category":"Launch","specs":[{"label":"Announced","value":"2025, March 20"},{"label":"Status","value":"Available. Released 2025, March 25"}]},{"category":"Body","specs":[{"label":"Dimensions","value":"163.8 x 76.3 x 7.8 mm (6.45 x 3.00 x 0.31 in)"},{"label":"Weight","value":"197 g (6.95 oz)"},{"label":"Build","value":"Glass front, plastic back, plastic frame"},{"label":"SIM","value":"Nano-SIM + Nano-SIM"}]},{"category":"Display","specs":[{"label":"Type","value":"AMOLED, 120Hz, 1300 nits (HBM), 1800 nits (peak)"},{"label":"Size","value":"6.77 inches, 110.9 cm 2 (~88.7% screen-to-body ratio)"},{"label":"Resolution","value":"1080 x 2392 pixels (~388 ppi density)"},{"label":"Protection","value":"Mohs level 4"}]},{"category":"Platform","specs":[{"label":"OS","value":"Android 15, Funtouch 15"},{"label":"Chipset","value":"Mediatek Dimensity 6300 (6 nm)"},{"label":"CPU","value":"Octa-core (2x2.4 GHz Cortex-A76 & 6x2.0 GHz Cortex-A55)"},{"label":"GPU","value":"Mali-G57 MC2"}]},{"category":"Memory","specs":[{"label":"Card slot","value":"No"},{"label":"Internal","value":"256GB 8GB RAM, 256GB 12GB RAM, 512GB 12GB RAM"}]},{"category":"Main Camera","specs":[{"label":"Dual","value":"50 MP, f/1.8, (wide), 1/1.95\\", 0.8µm, PDAF"},{"label":"Features","value":"Ring-LED flash, panorama, HDR"},{"label":"Video","value":"Yes"}]},{"category":"Selfie camera","specs":[{"label":"Single","value":"32 MP, f/2.5, (wide)"},{"label":"Video","value":"Yes"}]},{"category":"Sound","specs":[{"label":"Loudspeaker","value":"Yes, with stereo speakers"},{"label":"3.5mm jack","value":"No"}]},{"category":"Comms","specs":[{"label":"WLAN","value":"Wi-Fi 802.11 a/b/g/n/ac, dual-band"},{"label":"Bluetooth","value":"5.4, A2DP, LE"},{"label":"Positioning","value":"GPS, GLONASS, GALILEO, BDS, QZSS"},{"label":"NFC","value":"Yes (market/region dependent)"},{"label":"USB","value":"USB Type-C 2.0, OTG"},{"label":"Radio","value":"No"}]},{"category":"Features","specs":[{"label":"Sensors","value":"Fingerprint (under display, optical), accelerometer, gyro, proximity, compass"}]},{"category":"Battery","specs":[{"label":"Type","value":"Si/C Li-Ion 6500 mAh"},{"label":"Charging","value":"90W wired, 50% in 23 min, 100% in 52 min"}]},{"category":"Misc","specs":[{"label":"Colors","value":"Phantom Black, Titanium Gold, Fantasy Purple, Silk Green"},{"label":"Models","value":"V2440"},{"label":"Price","value":"€ 269.00"}]}]');
INSERT OR IGNORE INTO device_pictures (device_id, url, position) VALUES (789, 'https://fdn2.gsmarena.com/vv/bigpic/vivo-v50-lite-5g.jpg', 0);
INSERT OR IGNORE INTO device_pictures (device_id, url, position) VALUES (789, 'https://fdn2.gsmarena.com/vv/pics/vivo/vivo-v50-lite-5g-1.jpg', 1);
INSERT OR IGNORE INTO device_pictures (device_id, url, position) VALUES (789, 'https://fdn2.gsmarena.com/vv/pics/vivo/vivo-v50-lite-5g-2.jpg', 2);
INSERT OR IGNORE INTO device_pictures (device_id, url, position) VALUES (789, 'https://fdn2.gsmarena.com/vv/pics/vivo/vivo-v50-lite-5g-3.jpg', 3);
INSERT OR IGNORE INTO devices (id, brand_id, name, gsmarena_url, thumbnail_url, summary) VALUES (790, 5, 'V50 Lite 4G', 'https://www.gsmarena.com/vivo_v50_lite_4g-13718.php', 'https://fdn2.gsmarena.com/vv/bigpic/vivo-v50-lite-4g.jpg', 'V50 Lite 4G');
INSERT OR IGNORE INTO device_specs (device_id, announced, status, network, os, chipset, cpu, gpu, display_size, display_type, display_res, ram, storage, main_camera, selfie_camera, battery, charging, nfc, usb, bluetooth, wlan, colors, weight, dimensions, sim, sensors, popularity, fans, rating, full_specs_json) VALUES (790, '2025, March 17', 'Available. Released 2025, March', 'GSM / HSPA / LTE / 4G/LTE', 'Android 15, Funtouch 15', 'Qualcomm SM6225 Snapdragon 685 (6 nm)', 'Octa-core (4x2.8 GHz Cortex-A73 & 4x1.9 GHz Cortex-A53)', 'Adreno 610', '6.77 inches, 110.9 cm 2 (~88.7% screen-to-body ratio)', 'AMOLED, 120Hz, 1300 nits (HBM), 1800 nits (peak)', '1080 x 2392 pixels (~388 ppi density)', '8GB', '128GB', '50 MP, f/1.8, (wide), 1/1.95", 0.8µm, PDAF, Ring-LED flash, panorama, HDR', '32 MP, f/2.5, (wide), 1080p@30fps', 'Si/C Li-Ion 6500 mAh', '90W wired, 50% in 27 min, 100% in 58 min', 'Yes', 'USB Type-C 2.0, OTG', '5.0, A2DP, LE', 'Wi-Fi 802.11 a/b/g/n/ac, dual-band', 'Blue/Silver, Violet, Gold', '196 g (6.91 oz)', '163.8 x 76.3 x 7.8 mm (6.45 x 3.00 x 0.31 in)', 'Nano-SIM + Nano-SIM', 'Fingerprint (under display, optical), accelerometer, gyro, proximity, compass', '$ 306.86 / € 199.00', NULL, NULL, '[{"category":"Network","specs":[{"label":"Technology","value":"GSM / HSPA / LTE"},{"label":"2G bands","value":"GSM 850 / 900 / 1800 / 1900"},{"label":"3G bands","value":"HSDPA 850 / 900 / 2100"},{"label":"4G bands","value":"1, 3, 5, 7, 8, 20, 28, 38, 40, 41"},{"label":"Speed","value":"HSPA, LTE"}]},{"category":"Launch","specs":[{"label":"Announced","value":"2025, March 17"},{"label":"Status","value":"Available. Released 2025, March"}]},{"category":"Body","specs":[{"label":"Dimensions","value":"163.8 x 76.3 x 7.8 mm (6.45 x 3.00 x 0.31 in)"},{"label":"Weight","value":"196 g (6.91 oz)"},{"label":"Build","value":"Glass front, plastic back, plastic frame"},{"label":"SIM","value":"Nano-SIM + Nano-SIM"}]},{"category":"Display","specs":[{"label":"Type","value":"AMOLED, 120Hz, 1300 nits (HBM), 1800 nits (peak)"},{"label":"Size","value":"6.77 inches, 110.9 cm 2 (~88.7% screen-to-body ratio)"},{"label":"Resolution","value":"1080 x 2392 pixels (~388 ppi density)"},{"label":"Protection","value":"Mohs level 4"}]},{"category":"Platform","specs":[{"label":"OS","value":"Android 15, Funtouch 15"},{"label":"Chipset","value":"Qualcomm SM6225 Snapdragon 685 (6 nm)"},{"label":"CPU","value":"Octa-core (4x2.8 GHz Cortex-A73 & 4x1.9 GHz Cortex-A53)"},{"label":"GPU","value":"Adreno 610"}]},{"category":"Memory","specs":[{"label":"Card slot","value":"Unspecified"},{"label":"Internal","value":"128GB 8GB RAM, 256GB 8GB RAM"}]},{"category":"Main Camera","specs":[{"label":"Dual","value":"50 MP, f/1.8, (wide), 1/1.95\\", 0.8µm, PDAF"},{"label":"Features","value":"Ring-LED flash, panorama, HDR"},{"label":"Video","value":"1080p@30fps"}]},{"category":"Selfie camera","specs":[{"label":"Single","value":"32 MP, f/2.5, (wide)"},{"label":"Video","value":"1080p@30fps"}]},{"category":"Sound","specs":[{"label":"Loudspeaker","value":"Yes, with stereo speakers"},{"label":"3.5mm jack","value":"No"}]},{"category":"Comms","specs":[{"label":"WLAN","value":"Wi-Fi 802.11 a/b/g/n/ac, dual-band"},{"label":"Bluetooth","value":"5.0, A2DP, LE"},{"label":"Positioning","value":"GPS, GLONASS, GALILEO, BDS, QZSS"},{"label":"NFC","value":"Yes"},{"label":"USB","value":"USB Type-C 2.0, OTG"},{"label":"Radio","value":"No"}]},{"category":"Features","specs":[{"label":"Sensors","value":"Fingerprint (under display, optical), accelerometer, gyro, proximity, compass"}]},{"category":"Battery","specs":[{"label":"Type","value":"Si/C Li-Ion 6500 mAh"},{"label":"Charging","value":"90W wired, 50% in 27 min, 100% in 58 min"}]},{"category":"Misc","specs":[{"label":"Colors","value":"Blue/Silver, Violet, Gold"},{"label":"Models","value":"V2441"},{"label":"Price","value":"$ 306.86 / € 199.00"}]}]');
INSERT OR IGNORE INTO device_pictures (device_id, url, position) VALUES (790, 'https://fdn2.gsmarena.com/vv/bigpic/vivo-v50-lite-4g.jpg', 0);
INSERT OR IGNORE INTO device_pictures (device_id, url, position) VALUES (790, 'https://fdn2.gsmarena.com/vv/pics/vivo/vivo-v50-lite-4g-2.jpg', 1);
INSERT OR IGNORE INTO device_pictures (device_id, url, position) VALUES (790, 'https://fdn2.gsmarena.com/vv/pics/vivo/vivo-v50-lite-4g-3.jpg', 2);
INSERT OR IGNORE INTO device_pictures (device_id, url, position) VALUES (790, 'https://fdn2.gsmarena.com/vv/pics/vivo/vivo-v50-lite-4g-4.jpg', 3);
INSERT OR IGNORE INTO devices (id, brand_id, name, gsmarena_url, thumbnail_url, summary) VALUES (791, 5, 'Y29s', 'https://www.gsmarena.com/vivo_y29s-13717.php', 'https://fdn2.gsmarena.com/vv/bigpic/vivo-y04.jpg', 'Y29s');
INSERT OR IGNORE INTO device_specs (device_id, announced, status, network, os, chipset, cpu, gpu, display_size, display_type, display_res, ram, storage, main_camera, selfie_camera, battery, charging, nfc, usb, bluetooth, wlan, colors, weight, dimensions, sim, sensors, popularity, fans, rating, full_specs_json) VALUES (791, '2025, March 11', 'Available. Released 2025, April', 'GSM / HSPA / LTE / 5G / 5G', 'Android 15, Funtouch 15', 'Mediatek Dimensity 6300 (6 nm)', 'Octa-core (2x2.4 GHz Cortex-A76 & 6x2.0 GHz Cortex-A55)', 'Mali-G57 MC2', '6.74 inches, 109.7 cm 2 (~85.1% screen-to-body ratio)', 'IPS LCD, 90Hz, 570 nits (HBM)', '720 x 1600 pixels, 20:9 ratio (~260 ppi density)', '6GB', '128GB', '50 MP, f/1.8, (wide), PDAF, LED flash, panorama', '5 MP, f/2.2, (wide), Yes', 'Market-dependent versions: · Li-Ion 5500 mAh - Global · Li-Ion 5150 mAh - EU, LATAM', '15W wired', 'Yes (market/region dependent)', 'USB Type-C 2.0, OTG', '5.4, A2DP, LE', 'Wi-Fi 802.11 a/b/g/n/ac, dual-band', 'Titanium Gold, Dark Green', '199 g (7.02 oz)', '167.3 x 77 x 8.2 mm (6.59 x 3.03 x 0.32 in)', 'Nano-SIM + Nano-SIM', 'Fingerprint (side-mounted), accelerometer, proximity, compass', 'About 170 EUR', NULL, NULL, '[{"category":"Network","specs":[{"label":"Technology","value":"GSM / HSPA / LTE / 5G"},{"label":"2G bands","value":"GSM 850 / 900 / 1800 / 1900"},{"label":"3G bands","value":"HSDPA 850 / 900 / 2100"},{"label":"4G bands","value":"1, 3, 5, 7, 8, 20, 28, 38, 40, 41"},{"label":"5G bands","value":"1, 3, 5, 7, 8, 20, 28, 38, 40, 41, 77, 78 SA/NSA - Malaysia"},{"label":"Speed","value":"HSPA, LTE"}]},{"category":"Launch","specs":[{"label":"Announced","value":"2025, March 11"},{"label":"Status","value":"Available. Released 2025, April"}]},{"category":"Body","specs":[{"label":"Dimensions","value":"167.3 x 77 x 8.2 mm (6.59 x 3.03 x 0.32 in)"},{"label":"Weight","value":"199 g (7.02 oz)"},{"label":"Build","value":"Glass front, plastic frame, plastic back"},{"label":"SIM","value":"Nano-SIM + Nano-SIM"}]},{"category":"Display","specs":[{"label":"Type","value":"IPS LCD, 90Hz, 570 nits (HBM)"},{"label":"Size","value":"6.74 inches, 109.7 cm 2 (~85.1% screen-to-body ratio)"},{"label":"Resolution","value":"720 x 1600 pixels, 20:9 ratio (~260 ppi density)"},{"label":"Protection","value":"Mohs level 4"}]},{"category":"Platform","specs":[{"label":"OS","value":"Android 15, Funtouch 15"},{"label":"Chipset","value":"Mediatek Dimensity 6300 (6 nm)"},{"label":"CPU","value":"Octa-core (2x2.4 GHz Cortex-A76 & 6x2.0 GHz Cortex-A55)"},{"label":"GPU","value":"Mali-G57 MC2"}]},{"category":"Memory","specs":[{"label":"Card slot","value":"microSDXC (dedicated slot)"},{"label":"Internal","value":"128GB 6GB RAM, 256GB 6GB RAM, 256GB 8GB RAM"}]},{"category":"Main Camera","specs":[{"label":"Single","value":"50 MP, f/1.8, (wide), PDAF"},{"label":"Features","value":"LED flash, panorama"},{"label":"Video","value":"1080p@30fps"}]},{"category":"Selfie camera","specs":[{"label":"Single","value":"5 MP, f/2.2, (wide)"},{"label":"Video","value":"Yes"}]},{"category":"Sound","specs":[{"label":"Loudspeaker","value":"Yes, with stereo speakers"},{"label":"3.5mm jack","value":"Yes"}]},{"category":"Comms","specs":[{"label":"WLAN","value":"Wi-Fi 802.11 a/b/g/n/ac, dual-band"},{"label":"Bluetooth","value":"5.4, A2DP, LE"},{"label":"Positioning","value":"GPS, GALILEO, GLONASS, BDS, QZSS"},{"label":"NFC","value":"Yes (market/region dependent)"},{"label":"USB","value":"USB Type-C 2.0, OTG"},{"label":"Radio","value":"FM radio"}]},{"category":"Features","specs":[{"label":"Sensors","value":"Fingerprint (side-mounted), accelerometer, proximity, compass"}]},{"category":"Battery","specs":[{"label":"Type","value":"Market-dependent versions: · Li-Ion 5500 mAh - Global · Li-Ion 5150 mAh - EU, LATAM"},{"label":"Charging","value":"15W wired"}]},{"category":"Misc","specs":[{"label":"Colors","value":"Titanium Gold, Dark Green"},{"label":"Models","value":"V2446"},{"label":"Price","value":"About 170 EUR"}]}]');
INSERT OR IGNORE INTO device_pictures (device_id, url, position) VALUES (791, 'https://fdn2.gsmarena.com/vv/bigpic/vivo-y04.jpg', 0);
INSERT OR IGNORE INTO device_pictures (device_id, url, position) VALUES (791, 'https://fdn2.gsmarena.com/vv/pics/vivo/vivo-y04-1.jpg', 1);
INSERT OR IGNORE INTO device_pictures (device_id, url, position) VALUES (791, 'https://fdn2.gsmarena.com/vv/pics/vivo/vivo-y04-2.jpg', 2);
INSERT OR IGNORE INTO devices (id, brand_id, name, gsmarena_url, thumbnail_url, summary) VALUES (792, 5, 'iQOO Neo 10R', 'https://www.gsmarena.com/vivo_iqoo_neo_10r-13682.php', 'https://fdn2.gsmarena.com/vv/bigpic/vivo-iqoo-neo-10r.jpg', 'iQOO Neo 10R');
INSERT OR IGNORE INTO device_specs (device_id, announced, status, network, os, chipset, cpu, gpu, display_size, display_type, display_res, ram, storage, main_camera, selfie_camera, battery, charging, nfc, usb, bluetooth, wlan, colors, weight, dimensions, sim, sensors, popularity, fans, rating, full_specs_json) VALUES (792, '2025, March 11', 'Available. Released 2025, March 19', 'GSM / HSPA / LTE / 5G / 5G', 'Android 15, up to 3 major Android upgrades, Funtouch 15', 'Qualcomm SM8635 Snapdragon 8s Gen 3 (4 nm)', 'Octa-core (1x3.0 GHz Cortex-X4 & 4x2.8 GHz Cortex-A720 & 3x2.0 GHz Cortex-A520)', 'Adreno 735', '6.78 inches, 111.5 cm 2 (~89.7% screen-to-body ratio)', 'AMOLED, 1B colors, 144Hz, 3840Hz PWM, HDR10+, 4500 nits (peak)', '1260 x 2800 pixels, 20:9 ratio (~452 ppi density)', '8GB', '128GB', '50 MP, f/1.8, (wide), 1/1.95", 0.8µm, PDAF, OIS, LED flash, panorama, HDR', '32 MP, f/2.5, (wide), 1/3.1", 0.7µm, 4K@30/60fps, 1080p, gyro-EIS', 'Si/C Li-Ion 6400 mAh', '80W wired, 55W PD, 50% in 26 min, 100% in 55 min', 'No', 'USB Type-C 2.0, OTG', '5.4, A2DP, LE, aptX HD, aptX Adaptive, aptX Lossless', 'Wi-Fi 802.11 a/b/g/n/ac/6, dual-band, Wi-Fi Direct', 'Raging Blue, MoonKnight Titanium', '196 g (6.91 oz)', '163.7 x 75.9 x 8 mm (6.44 x 2.99 x 0.31 in)', 'Nano-SIM + Nano-SIM', 'Fingerprint (under display, optical), accelerometer, gyro, proximity, compass', '₹ 28,998', NULL, NULL, '[{"category":"Network","specs":[{"label":"Technology","value":"GSM / HSPA / LTE / 5G"},{"label":"2G bands","value":"GSM 850 / 900 / 1800 / 1900"},{"label":"3G bands","value":"HSDPA 850 / 900 / 2100"},{"label":"4G bands","value":"1, 3, 5, 8, 28, 38, 40, 41"},{"label":"5G bands","value":"1, 3, 5, 8, 28, 38, 40, 41, 77, 78 SA/NSA"},{"label":"Speed","value":"HSPA, LTE, 5G"}]},{"category":"Launch","specs":[{"label":"Announced","value":"2025, March 11"},{"label":"Status","value":"Available. Released 2025, March 19"}]},{"category":"Body","specs":[{"label":"Dimensions","value":"163.7 x 75.9 x 8 mm (6.44 x 2.99 x 0.31 in)"},{"label":"Weight","value":"196 g (6.91 oz)"},{"label":"Build","value":"Glass front (Schott Xensation Up), plastic back, plastic frame"},{"label":"SIM","value":"Nano-SIM + Nano-SIM"}]},{"category":"Display","specs":[{"label":"Type","value":"AMOLED, 1B colors, 144Hz, 3840Hz PWM, HDR10+, 4500 nits (peak)"},{"label":"Size","value":"6.78 inches, 111.5 cm 2 (~89.7% screen-to-body ratio)"},{"label":"Resolution","value":"1260 x 2800 pixels, 20:9 ratio (~452 ppi density)"},{"label":"Protection","value":"Schott Xensation Up"}]},{"category":"Platform","specs":[{"label":"OS","value":"Android 15, up to 3 major Android upgrades, Funtouch 15"},{"label":"Chipset","value":"Qualcomm SM8635 Snapdragon 8s Gen 3 (4 nm)"},{"label":"CPU","value":"Octa-core (1x3.0 GHz Cortex-X4 & 4x2.8 GHz Cortex-A720 & 3x2.0 GHz Cortex-A520)"},{"label":"GPU","value":"Adreno 735"}]},{"category":"Memory","specs":[{"label":"Card slot","value":"No"},{"label":"Internal","value":"128GB 8GB RAM, 256GB 8GB RAM, 256GB 12GB RAM"}]},{"category":"Main Camera","specs":[{"label":"Dual","value":"50 MP, f/1.8, (wide), 1/1.95\\", 0.8µm, PDAF, OIS"},{"label":"Features","value":"LED flash, panorama, HDR"},{"label":"Video","value":"4K@30/60fps, 1080p, gyro-EIS, OIS"}]},{"category":"Selfie camera","specs":[{"label":"Single","value":"32 MP, f/2.5, (wide), 1/3.1\\", 0.7µm"},{"label":"Video","value":"4K@30/60fps, 1080p, gyro-EIS"}]},{"category":"Sound","specs":[{"label":"Loudspeaker","value":"Yes, with stereo speakers"},{"label":"3.5mm jack","value":"No"}]},{"category":"Comms","specs":[{"label":"WLAN","value":"Wi-Fi 802.11 a/b/g/n/ac/6, dual-band, Wi-Fi Direct"},{"label":"Bluetooth","value":"5.4, A2DP, LE, aptX HD, aptX Adaptive, aptX Lossless"},{"label":"Positioning","value":"GPS, GLONASS, GALILEO, BDS, QZSS, NavIC"},{"label":"NFC","value":"No"},{"label":"USB","value":"USB Type-C 2.0, OTG"},{"label":"Radio","value":"No"},{"label":"Infrared port","value":"Yes"}]},{"category":"Features","specs":[{"label":"Sensors","value":"Fingerprint (under display, optical), accelerometer, gyro, proximity, compass"}]},{"category":"Battery","specs":[{"label":"Type","value":"Si/C Li-Ion 6400 mAh"},{"label":"Charging","value":"80W wired, 55W PD, 50% in 26 min, 100% in 55 min"}]},{"category":"Misc","specs":[{"label":"Colors","value":"Raging Blue, MoonKnight Titanium"},{"label":"Models","value":"I2221"},{"label":"Price","value":"₹ 28,998"}]}]');
INSERT OR IGNORE INTO device_pictures (device_id, url, position) VALUES (792, 'https://fdn2.gsmarena.com/vv/bigpic/vivo-iqoo-neo-10r.jpg', 0);
INSERT OR IGNORE INTO device_pictures (device_id, url, position) VALUES (792, 'https://fdn2.gsmarena.com/vv/pics/vivo/vivo-iqoo-neo-10r-1.jpg', 1);
INSERT OR IGNORE INTO device_pictures (device_id, url, position) VALUES (792, 'https://fdn2.gsmarena.com/vv/pics/vivo/vivo-iqoo-neo-10r-2.jpg', 2);
INSERT OR IGNORE INTO devices (id, brand_id, name, gsmarena_url, thumbnail_url, summary) VALUES (793, 5, 'Y300i', 'https://www.gsmarena.com/vivo_y300i-13713.php', 'https://fdn2.gsmarena.com/vv/bigpic/vivo-y300i-cn.jpg', 'Y300i');
INSERT OR IGNORE INTO device_specs (device_id, announced, status, network, os, chipset, cpu, gpu, display_size, display_type, display_res, ram, storage, main_camera, selfie_camera, battery, charging, nfc, usb, bluetooth, wlan, colors, weight, dimensions, sim, sensors, popularity, fans, rating, full_specs_json) VALUES (793, '2025, March 10', 'Available. Released 2025, March 14', 'GSM / CDMA / HSPA / LTE / 5G / 5G', 'Android 15, OriginOS 5', 'Qualcomm SM4450 Snapdragon 4 Gen 2 (4 nm)', 'Octa-core (2x2.2 GHz Cortex-A78 & 6x1.95 GHz Cortex-A55)', 'Adreno 613', '6.68 inches, 107.4 cm 2 (~84.9% screen-to-body ratio)', 'IPS LCD, 120Hz', '720 x 1608 pixels, 20:9 ratio (~264 ppi density)', '8GB', '128GB', '50 MP, f/1.8, (wide), PDAF, LED flash, HDR, panorama', '5 MP, f/2.0, (wide), 1080p@30fps', 'Si/C Li-Ion 6500 mAh', '44W wired', 'Yes', 'USB Type-C 2.0, OTG', '4.2, A2DP, aptX Adaptive', 'Wi-Fi 802.11 a/b/g/n/ac, dual-band', 'Black, Blue, Titanium', '205 g (7.23 oz)', '165.7 x 76.3 x 8.1 mm (6.52 x 3.00 x 0.32 in)', 'Nano-SIM + Nano-SIM', 'Fingerprint (side-mounted), accelerometer, proximity, compass', 'About 190 EUR', NULL, NULL, '[{"category":"Network","specs":[{"label":"Technology","value":"GSM / CDMA / HSPA / LTE / 5G"},{"label":"2G bands","value":"GSM 850 / 900 / 1800 / 1900"},{"label":"3G bands","value":"HSDPA 850 / 900 / 2100"},{"label":"4G bands","value":"1, 3, 5, 8, 28, 34, 38, 39, 40, 41"},{"label":"5G bands","value":"1, 3, 5, 8, 28, 38, 40, 41, 77, 78 SA/NSA"},{"label":"Speed","value":"HSPA, LTE, 5G"}]},{"category":"Launch","specs":[{"label":"Announced","value":"2025, March 10"},{"label":"Status","value":"Available. Released 2025, March 14"}]},{"category":"Body","specs":[{"label":"Dimensions","value":"165.7 x 76.3 x 8.1 mm (6.52 x 3.00 x 0.32 in)"},{"label":"Weight","value":"205 g (7.23 oz)"},{"label":"Build","value":"Glass front, plastic frame, plastic back"},{"label":"SIM","value":"Nano-SIM + Nano-SIM"}]},{"category":"Display","specs":[{"label":"Type","value":"IPS LCD, 120Hz"},{"label":"Size","value":"6.68 inches, 107.4 cm 2 (~84.9% screen-to-body ratio)"},{"label":"Resolution","value":"720 x 1608 pixels, 20:9 ratio (~264 ppi density)"}]},{"category":"Platform","specs":[{"label":"OS","value":"Android 15, OriginOS 5"},{"label":"Chipset","value":"Qualcomm SM4450 Snapdragon 4 Gen 2 (4 nm)"},{"label":"CPU","value":"Octa-core (2x2.2 GHz Cortex-A78 & 6x1.95 GHz Cortex-A55)"},{"label":"GPU","value":"Adreno 613"}]},{"category":"Memory","specs":[{"label":"Card slot","value":"No"},{"label":"Internal","value":"128GB 8GB RAM, 256GB 8GB RAM, 256GB 12GB RAM, 512GB 12GB RAM"}]},{"category":"Main Camera","specs":[{"label":"Single","value":"50 MP, f/1.8, (wide), PDAF"},{"label":"Features","value":"LED flash, HDR, panorama"},{"label":"Video","value":"1080p@30fps"}]},{"category":"Selfie camera","specs":[{"label":"Single","value":"5 MP, f/2.0, (wide)"},{"label":"Video","value":"1080p@30fps"}]},{"category":"Sound","specs":[{"label":"Loudspeaker","value":"Yes, with stereo speakers"},{"label":"3.5mm jack","value":"No"}]},{"category":"Comms","specs":[{"label":"WLAN","value":"Wi-Fi 802.11 a/b/g/n/ac, dual-band"},{"label":"Bluetooth","value":"4.2, A2DP, aptX Adaptive"},{"label":"Positioning","value":"GPS, GALILEO, GLONASS, BDS, QZSS"},{"label":"NFC","value":"Yes"},{"label":"USB","value":"USB Type-C 2.0, OTG"},{"label":"Radio","value":"No"},{"label":"Infrared port","value":"Yes"}]},{"category":"Features","specs":[{"label":"Sensors","value":"Fingerprint (side-mounted), accelerometer, proximity, compass"}]},{"category":"Battery","specs":[{"label":"Type","value":"Si/C Li-Ion 6500 mAh"},{"label":"Charging","value":"44W wired"}]},{"category":"Misc","specs":[{"label":"Colors","value":"Black, Blue, Titanium"},{"label":"Models","value":"V2444A"},{"label":"Price","value":"About 190 EUR"}]}]');
INSERT OR IGNORE INTO device_pictures (device_id, url, position) VALUES (793, 'https://fdn2.gsmarena.com/vv/bigpic/vivo-y300i-cn.jpg', 0);
INSERT OR IGNORE INTO device_pictures (device_id, url, position) VALUES (793, 'https://fdn2.gsmarena.com/vv/pics/vivo/vivo-y300i-1.jpg', 1);
INSERT OR IGNORE INTO device_pictures (device_id, url, position) VALUES (793, 'https://fdn2.gsmarena.com/vv/pics/vivo/vivo-y300i-2.jpg', 2);
INSERT OR IGNORE INTO device_pictures (device_id, url, position) VALUES (793, 'https://fdn2.gsmarena.com/vv/pics/vivo/vivo-y300i-3.jpg', 3);
INSERT OR IGNORE INTO devices (id, brand_id, name, gsmarena_url, thumbnail_url, summary) VALUES (794, 5, 'T4x', 'https://www.gsmarena.com/vivo_t4x-13707.php', 'https://fdn2.gsmarena.com/vv/bigpic/vivo-t4x-5g.jpg', 'T4x');
INSERT OR IGNORE INTO device_specs (device_id, announced, status, network, os, chipset, cpu, gpu, display_size, display_type, display_res, ram, storage, main_camera, selfie_camera, battery, charging, nfc, usb, bluetooth, wlan, colors, weight, dimensions, sim, sensors, popularity, fans, rating, full_specs_json) VALUES (794, '2025, March 05', 'Available. Released 2025, March 12', 'GSM / HSPA / LTE / 5G / 5G', 'Android 15, Funtouch 15', 'Mediatek Dimensity 7300 (4 nm)', 'Octa-core (4x2.5 GHz Cortex-A78 & 4x2.0 GHz Cortex-A55)', 'Mali-G615 MC2', '6.72 inches, 108.8 cm 2 (~86.0% screen-to-body ratio)', 'IPS LCD, 120Hz, 1050 nits (HBM)', '1080 x 2408 pixels, 20:9 ratio (~393 ppi density)', '6GB', '128GB', '50 MP, f/1.8, (wide), PDAF, Ring-LED flash, panorama', '8 MP, f/2.1, (wide), 1080p@30fps', 'Li-Ion 6500 mAh', '44W wired, 50% in 40 min', 'No', 'USB Type-C 2.0, OTG', '5.4, A2DP, LE', 'Wi-Fi 802.11 a/b/g/n/ac/6, dual-band', 'Pronto Purple, Marine Blue', '204 g or 208 g (7.20 oz)', '165.7 x 76.3 x 8.1 mm (6.52 x 3.00 x 0.32 in)', 'Nano-SIM + Nano-SIM', 'Fingerprint (side-mounted), accelerometer, gyro, proximity, compass', '₹ 17,370', NULL, NULL, '[{"category":"Network","specs":[{"label":"Technology","value":"GSM / HSPA / LTE / 5G"},{"label":"2G bands","value":"GSM 850 / 900 / 1800 / 1900"},{"label":"3G bands","value":"HSDPA 850 / 900 / 2100"},{"label":"4G bands","value":"1, 3, 5, 8, 20, 28, 38, 40, 41"},{"label":"5G bands","value":"SA/NSA"},{"label":"Speed","value":"HSPA, LTE, 5G"}]},{"category":"Launch","specs":[{"label":"Announced","value":"2025, March 05"},{"label":"Status","value":"Available. Released 2025, March 12"}]},{"category":"Body","specs":[{"label":"Dimensions","value":"165.7 x 76.3 x 8.1 mm (6.52 x 3.00 x 0.32 in)"},{"label":"Weight","value":"204 g or 208 g (7.20 oz)"},{"label":"Build","value":"Glass front, plastic back, plastic frame"},{"label":"SIM","value":"Nano-SIM + Nano-SIM"}]},{"category":"Display","specs":[{"label":"Type","value":"IPS LCD, 120Hz, 1050 nits (HBM)"},{"label":"Size","value":"6.72 inches, 108.8 cm 2 (~86.0% screen-to-body ratio)"},{"label":"Resolution","value":"1080 x 2408 pixels, 20:9 ratio (~393 ppi density)"}]},{"category":"Platform","specs":[{"label":"OS","value":"Android 15, Funtouch 15"},{"label":"Chipset","value":"Mediatek Dimensity 7300 (4 nm)"},{"label":"CPU","value":"Octa-core (4x2.5 GHz Cortex-A78 & 4x2.0 GHz Cortex-A55)"},{"label":"GPU","value":"Mali-G615 MC2"}]},{"category":"Memory","specs":[{"label":"Card slot","value":"No"},{"label":"Internal","value":"128GB 6GB RAM, 128GB 8GB RAM, 256GB 8GB RAM"}]},{"category":"Main Camera","specs":[{"label":"Dual","value":"50 MP, f/1.8, (wide), PDAF"},{"label":"Features","value":"Ring-LED flash, panorama"},{"label":"Video","value":"4K@30fps, 1080p@30fps"}]},{"category":"Selfie camera","specs":[{"label":"Single","value":"8 MP, f/2.1, (wide)"},{"label":"Video","value":"1080p@30fps"}]},{"category":"Sound","specs":[{"label":"Loudspeaker","value":"Yes, with stereo speakers"},{"label":"3.5mm jack","value":"No"}]},{"category":"Comms","specs":[{"label":"WLAN","value":"Wi-Fi 802.11 a/b/g/n/ac/6, dual-band"},{"label":"Bluetooth","value":"5.4, A2DP, LE"},{"label":"Positioning","value":"GPS, GLONASS, GALILEO, BDS, QZSS"},{"label":"NFC","value":"No"},{"label":"USB","value":"USB Type-C 2.0, OTG"},{"label":"Radio","value":"No"},{"label":"Infrared port","value":"Yes"}]},{"category":"Features","specs":[{"label":"Sensors","value":"Fingerprint (side-mounted), accelerometer, gyro, proximity, compass"}]},{"category":"Battery","specs":[{"label":"Type","value":"Li-Ion 6500 mAh"},{"label":"Charging","value":"44W wired, 50% in 40 min"}]},{"category":"Misc","specs":[{"label":"Colors","value":"Pronto Purple, Marine Blue"},{"label":"Models","value":"V2437"},{"label":"Price","value":"₹ 17,370"}]}]');
INSERT OR IGNORE INTO device_pictures (device_id, url, position) VALUES (794, 'https://fdn2.gsmarena.com/vv/bigpic/vivo-t4x-5g.jpg', 0);
INSERT OR IGNORE INTO device_pictures (device_id, url, position) VALUES (794, 'https://fdn2.gsmarena.com/vv/pics/vivo/vivo-t4x-5g-1.jpg', 1);
INSERT OR IGNORE INTO device_pictures (device_id, url, position) VALUES (794, 'https://fdn2.gsmarena.com/vv/pics/vivo/vivo-t4x-5g-2.jpg', 2);
INSERT OR IGNORE INTO devices (id, brand_id, name, gsmarena_url, thumbnail_url, summary) VALUES (795, 5, 'Y04', 'https://www.gsmarena.com/vivo_y04-13683.php', 'https://fdn2.gsmarena.com/vv/bigpic/vivo-y04.jpg', 'Y04');
INSERT OR IGNORE INTO device_specs (device_id, announced, status, network, os, chipset, cpu, gpu, display_size, display_type, display_res, ram, storage, main_camera, selfie_camera, battery, charging, nfc, usb, bluetooth, wlan, colors, weight, dimensions, sim, sensors, popularity, fans, rating, full_specs_json) VALUES (795, '2025, February 26', 'Available. Released 2025, March 11', 'GSM / HSPA / LTE / 4G/LTE', 'Android 14, Funtouch 14', 'Unisoc T7225 (12 nm)', 'Octa-core (2x2.0 GHz Cortex-A75 & 6x1.8 GHz Cortex-A55)', 'Mali-G52 MP1', '6.74 inches, 109.7 cm 2 (~85.1% screen-to-body ratio)', 'IPS LCD, 90Hz, 570 nits (HBM)', '720 x 1600 pixels, 20:9 ratio (~260 ppi density)', '4GB', '64GB', '13 MP, f/2.2, (wide), PDAF, LED flash, panorama', '5 MP, f/2.2, (wide), Yes', 'Li-Ion 5500 mAh', '15W wired', 'No', 'USB Type-C 2.0, OTG', '5.2, A2DP, LE', 'Wi-Fi 802.11 a/b/g/n/ac, dual-band', 'Titanium Gold (Titanium Silver), Dark Green (Majestic Green), Violet', '199 g (7.02 oz)', '167.3 x 77 x 8.2 mm (6.59 x 3.03 x 0.32 in)', 'Nano-SIM + Nano-SIM', 'Fingerprint (side-mounted), accelerometer, proximity, compass', 'About 110 EUR', NULL, NULL, '[{"category":"Network","specs":[{"label":"Technology","value":"GSM / HSPA / LTE"},{"label":"2G bands","value":"GSM 850 / 900 / 1800 / 1900"},{"label":"3G bands","value":"HSDPA 850 / 900 / 2100"},{"label":"4G bands","value":"1, 3, 5, 7, 8, 20, 28, 38, 40, 41 - International"},{"label":"Speed","value":"HSPA, LTE"}]},{"category":"Launch","specs":[{"label":"Announced","value":"2025, February 26"},{"label":"Status","value":"Available. Released 2025, March 11"}]},{"category":"Body","specs":[{"label":"Dimensions","value":"167.3 x 77 x 8.2 mm (6.59 x 3.03 x 0.32 in)"},{"label":"Weight","value":"199 g (7.02 oz)"},{"label":"Build","value":"Glass front, plastic frame, plastic back"},{"label":"SIM","value":"Nano-SIM + Nano-SIM"}]},{"category":"Display","specs":[{"label":"Type","value":"IPS LCD, 90Hz, 570 nits (HBM)"},{"label":"Size","value":"6.74 inches, 109.7 cm 2 (~85.1% screen-to-body ratio)"},{"label":"Resolution","value":"720 x 1600 pixels, 20:9 ratio (~260 ppi density)"},{"label":"Protection","value":"Mohs level 5"}]},{"category":"Platform","specs":[{"label":"OS","value":"Android 14, Funtouch 14"},{"label":"Chipset","value":"Unisoc T7225 (12 nm)"},{"label":"CPU","value":"Octa-core (2x2.0 GHz Cortex-A75 & 6x1.8 GHz Cortex-A55)"},{"label":"GPU","value":"Mali-G52 MP1"}]},{"category":"Memory","specs":[{"label":"Card slot","value":"microSDXC (dedicated slot)"},{"label":"Internal","value":"64GB 4GB RAM, 128GB 4GB RAM, 128GB 6GB RAM, 256GB 4GB RAM"}]},{"category":"Main Camera","specs":[{"label":"Single","value":"13 MP, f/2.2, (wide), PDAF"},{"label":"Features","value":"LED flash, panorama"},{"label":"Video","value":"1080p@30fps"}]},{"category":"Selfie camera","specs":[{"label":"Single","value":"5 MP, f/2.2, (wide)"},{"label":"Video","value":"Yes"}]},{"category":"Sound","specs":[{"label":"Loudspeaker","value":"Yes, with stereo speakers"},{"label":"3.5mm jack","value":"Yes"}]},{"category":"Comms","specs":[{"label":"WLAN","value":"Wi-Fi 802.11 a/b/g/n/ac, dual-band"},{"label":"Bluetooth","value":"5.2, A2DP, LE"},{"label":"Positioning","value":"GPS, GALILEO, GLONASS, BDS, QZSS"},{"label":"NFC","value":"No"},{"label":"USB","value":"USB Type-C 2.0, OTG"},{"label":"Radio","value":"FM radio"}]},{"category":"Features","specs":[{"label":"Sensors","value":"Fingerprint (side-mounted), accelerometer, proximity, compass"}]},{"category":"Battery","specs":[{"label":"Type","value":"Li-Ion 5500 mAh"},{"label":"Charging","value":"15W wired"}]},{"category":"Misc","specs":[{"label":"Colors","value":"Titanium Gold (Titanium Silver), Dark Green (Majestic Green), Violet"},{"label":"Models","value":"V2430"},{"label":"SAR","value":"0.97 W/kg (head)     0.93 W/kg (body)"},{"label":"Price","value":"About 110 EUR"}]}]');
INSERT OR IGNORE INTO device_pictures (device_id, url, position) VALUES (795, 'https://fdn2.gsmarena.com/vv/bigpic/vivo-y04.jpg', 0);
INSERT OR IGNORE INTO device_pictures (device_id, url, position) VALUES (795, 'https://fdn2.gsmarena.com/vv/pics/vivo/vivo-y04-1.jpg', 1);
INSERT OR IGNORE INTO device_pictures (device_id, url, position) VALUES (795, 'https://fdn2.gsmarena.com/vv/pics/vivo/vivo-y04-2.jpg', 2);
INSERT OR IGNORE INTO devices (id, brand_id, name, gsmarena_url, thumbnail_url, summary) VALUES (796, 5, 'Y29 4G', 'https://www.gsmarena.com/vivo_y29_4g-13670.php', 'https://fdn2.gsmarena.com/vv/bigpic/vivo-y29-4g.jpg', 'Y29 4G');
INSERT OR IGNORE INTO device_specs (device_id, announced, status, network, os, chipset, cpu, gpu, display_size, display_type, display_res, ram, storage, main_camera, selfie_camera, battery, charging, nfc, usb, bluetooth, wlan, colors, weight, dimensions, sim, sensors, popularity, fans, rating, full_specs_json) VALUES (796, '2025, February 19', 'Available. Released 2025, February 24', 'GSM / HSPA / LTE / 4G/LTE', 'Android 15, Funtouch 15', 'Qualcomm SM6225 Snapdragon 685 (6 nm)', 'Octa-core (4x2.8 GHz Cortex-A73 & 4x1.9 GHz Cortex-A53)', 'Adreno 610', '6.68 inches, 107.4 cm 2 (~84.9% screen-to-body ratio)', 'IPS LCD, 120Hz, 1000 nits (HBM)', '720 x 1608 pixels, 20:9 ratio (~264 ppi density)', '6GB', '128GB', '50 MP, f/1.8, (wide), PDAF, Ring-LED flash, panorama', '8 MP, f/2.0, (wide), 1080p@30fps', 'Li-Ion 6500 mAh', '44W wired, 50% in 41 min, 100% in 92 min', 'Yes (market/region dependent)', 'USB Type-C 2.0, OTG', '5.0, A2DP, LE', 'Wi-Fi 802.11 a/b/g/n/ac, dual-band', 'Noble Brown, Elegant White', '204 g or 208 g (7.20 oz)', '165.7 x 76.3 x 8.2 mm (6.52 x 3.00 x 0.32 in)', 'Nano-SIM + Nano-SIM', 'Fingerprint (side-mounted), accelerometer, proximity, compass', 'About 160 EUR', NULL, NULL, '[{"category":"Network","specs":[{"label":"Technology","value":"GSM / HSPA / LTE"},{"label":"2G bands","value":"GSM 850 / 900 / 1800 / 1900"},{"label":"3G bands","value":"HSDPA 850 / 900 / 2100"},{"label":"4G bands","value":"1, 3, 5, 8, 20, 28, 38, 40, 41"},{"label":"Speed","value":"HSPA, LTE"}]},{"category":"Launch","specs":[{"label":"Announced","value":"2025, February 19"},{"label":"Status","value":"Available. Released 2025, February 24"}]},{"category":"Body","specs":[{"label":"Dimensions","value":"165.7 x 76.3 x 8.2 mm (6.52 x 3.00 x 0.32 in)"},{"label":"Weight","value":"204 g or 208 g (7.20 oz)"},{"label":"Build","value":"Glass front, plastic back, plastic frame"},{"label":"SIM","value":"Nano-SIM + Nano-SIM"}]},{"category":"Display","specs":[{"label":"Type","value":"IPS LCD, 120Hz, 1000 nits (HBM)"},{"label":"Size","value":"6.68 inches, 107.4 cm 2 (~84.9% screen-to-body ratio)"},{"label":"Resolution","value":"720 x 1608 pixels, 20:9 ratio (~264 ppi density)"},{"label":"Protection","value":"Schott Glass"}]},{"category":"Platform","specs":[{"label":"OS","value":"Android 15, Funtouch 15"},{"label":"Chipset","value":"Qualcomm SM6225 Snapdragon 685 (6 nm)"},{"label":"CPU","value":"Octa-core (4x2.8 GHz Cortex-A73 & 4x1.9 GHz Cortex-A53)"},{"label":"GPU","value":"Adreno 610"}]},{"category":"Memory","specs":[{"label":"Card slot","value":"microSDXC (uses shared SIM slot)"},{"label":"Internal","value":"128GB 6GB RAM, 128GB 8GB RAM, 256GB 8GB RAM"}]},{"category":"Main Camera","specs":[{"label":"Dual","value":"50 MP, f/1.8, (wide), PDAF"},{"label":"Features","value":"Ring-LED flash, panorama"},{"label":"Video","value":"1080p@30fps"}]},{"category":"Selfie camera","specs":[{"label":"Single","value":"8 MP, f/2.0, (wide)"},{"label":"Video","value":"1080p@30fps"}]},{"category":"Sound","specs":[{"label":"Loudspeaker","value":"Yes, with stereo speakers"},{"label":"3.5mm jack","value":"No"}]},{"category":"Comms","specs":[{"label":"WLAN","value":"Wi-Fi 802.11 a/b/g/n/ac, dual-band"},{"label":"Bluetooth","value":"5.0, A2DP, LE"},{"label":"Positioning","value":"GPS, GLONASS, GALILEO, BDS, QZSS"},{"label":"NFC","value":"Yes (market/region dependent)"},{"label":"USB","value":"USB Type-C 2.0, OTG"},{"label":"Radio","value":"No"},{"label":"Infrared port","value":"Yes"}]},{"category":"Features","specs":[{"label":"Sensors","value":"Fingerprint (side-mounted), accelerometer, proximity, compass"}]},{"category":"Battery","specs":[{"label":"Type","value":"Li-Ion 6500 mAh"},{"label":"Charging","value":"44W wired, 50% in 41 min, 100% in 92 min"}]},{"category":"Misc","specs":[{"label":"Colors","value":"Noble Brown, Elegant White"},{"label":"Models","value":"V2434"},{"label":"Price","value":"About 160 EUR"}]}]');
INSERT OR IGNORE INTO device_pictures (device_id, url, position) VALUES (796, 'https://fdn2.gsmarena.com/vv/bigpic/vivo-y29-4g.jpg', 0);
INSERT OR IGNORE INTO device_pictures (device_id, url, position) VALUES (796, 'https://fdn2.gsmarena.com/vv/pics/vivo/vivo-y29-4g-1.jpg', 1);
INSERT OR IGNORE INTO device_pictures (device_id, url, position) VALUES (796, 'https://fdn2.gsmarena.com/vv/pics/vivo/vivo-y29-4g-2.jpg', 2);
INSERT OR IGNORE INTO device_pictures (device_id, url, position) VALUES (796, 'https://fdn2.gsmarena.com/vv/pics/vivo/vivo-y29-4g-3.jpg', 3);
INSERT OR IGNORE INTO devices (id, brand_id, name, gsmarena_url, thumbnail_url, summary) VALUES (797, 5, 'V50', 'https://www.gsmarena.com/vivo_v50-13656.php', 'https://fdn2.gsmarena.com/vv/bigpic/vivo-v50.jpg', 'V50');
INSERT OR IGNORE INTO device_specs (device_id, announced, status, network, os, chipset, cpu, gpu, display_size, display_type, display_res, ram, storage, main_camera, selfie_camera, battery, charging, nfc, usb, bluetooth, wlan, colors, weight, dimensions, sim, sensors, popularity, fans, rating, full_specs_json) VALUES (797, '2025, February 17', 'Available. Released 2025, February 25', 'GSM / HSPA / LTE / 5G / 5G', 'Android 15, up to 3 major Android upgrades, Funtouch 15', 'Qualcomm SM7550-AB Snapdragon 7 Gen 3 (4 nm)', 'Octa-core (1x2.63 GHz Cortex-A715 & 3x2.4 GHz Cortex-A715 & 4x1.8 GHz Cortex-A510)', 'Adreno 720', '6.77 inches, 110.9 cm 2 (~88.5% screen-to-body ratio)', 'AMOLED, 1B colors, HDR10+, 120Hz, 3840Hz PWM, 1300 nits (HBM), 4500 nits (peak)', '1080 x 2392 pixels (~388 ppi density)', '8GB', '128GB', '50 MP, f/1.9, 23mm (wide), 1/1.55", 1.0µm, PDAF, OIS, Color spectrum sensor, Zeiss optics, Ring-LED flash, panorama, HDR', '50 MP, f/2.0, 21mm (wide), 1/2.76", 0.64µm, AF, 4K@30fps, 1080p@30fps', 'Si/C Li-Ion 6000 mAh', '90W wired, PD', 'Yes (market/region dependent)', 'USB Type-C 2.0, OTG', '5.4, A2DP, LE', 'Wi-Fi 802.11 a/b/g/n/ac/6, dual-band', 'Ancora Red (Rose Red), Satin Black (Titanium Grey), Starry Blue (Starry Night), Mist Purple', '189 g or 199 g (6.67 oz)', '163.3 x 76.7 x 7.4 / 7.6 / 7.7 mm', 'Nano-SIM + Nano-SIM', 'Fingerprint (under display, optical), accelerometer, gyro, proximity, compass', '$ 590.23 / € 424.15', NULL, NULL, '[{"category":"Network","specs":[{"label":"Technology","value":"GSM / HSPA / LTE / 5G"},{"label":"2G bands","value":"GSM 850 / 900 / 1800 / 1900"},{"label":"3G bands","value":"HSDPA 850 / 900 / 1700(AWS) / 1900 / 2100"},{"label":"4G bands","value":"1, 2, 3, 4, 5, 7, 8, 12, 17, 18, 19, 20, 26, 28, 38, 39, 40, 41, 42, 66 - Global"},{"label":"5G bands","value":"1, 2, 3, 5, 7, 8, 20, 26, 28, 38, 40, 41, 66, 77, 78 SA/NSA - Global"},{"label":"Speed","value":"HSPA, LTE, 5G"}]},{"category":"Launch","specs":[{"label":"Announced","value":"2025, February 17"},{"label":"Status","value":"Available. Released 2025, February 25"}]},{"category":"Body","specs":[{"label":"Dimensions","value":"163.3 x 76.7 x 7.4 / 7.6 / 7.7 mm"},{"label":"Weight","value":"189 g or 199 g (6.67 oz)"},{"label":"Build","value":"Glass front, glass back or plastic back"},{"label":"SIM","value":"Nano-SIM + Nano-SIM"}]},{"category":"Display","specs":[{"label":"Type","value":"AMOLED, 1B colors, HDR10+, 120Hz, 3840Hz PWM, 1300 nits (HBM), 4500 nits (peak)"},{"label":"Size","value":"6.77 inches, 110.9 cm 2 (~88.5% screen-to-body ratio)"},{"label":"Resolution","value":"1080 x 2392 pixels (~388 ppi density)"},{"label":"Protection","value":"Diamond Shield Glass, Mohs level 4"}]},{"category":"Platform","specs":[{"label":"OS","value":"Android 15, up to 3 major Android upgrades, Funtouch 15"},{"label":"Chipset","value":"Qualcomm SM7550-AB Snapdragon 7 Gen 3 (4 nm)"},{"label":"CPU","value":"Octa-core (1x2.63 GHz Cortex-A715 & 3x2.4 GHz Cortex-A715 & 4x1.8 GHz Cortex-A510)"},{"label":"GPU","value":"Adreno 720"}]},{"category":"Memory","specs":[{"label":"Card slot","value":"No"},{"label":"Internal","value":"128GB 8GB RAM, 256GB 8GB RAM, 256GB 12GB RAM, 512GB 12GB RAM"}]},{"category":"Main Camera","specs":[{"label":"Dual","value":"50 MP, f/1.9, 23mm (wide), 1/1.55\\", 1.0µm, PDAF, OIS"},{"label":"Features","value":"Color spectrum sensor, Zeiss optics, Ring-LED flash, panorama, HDR"},{"label":"Video","value":"4K@30fps, 1080p@30fps, gyro-EIS, OIS"}]},{"category":"Selfie camera","specs":[{"label":"Single","value":"50 MP, f/2.0, 21mm (wide), 1/2.76\\", 0.64µm, AF"},{"label":"Video","value":"4K@30fps, 1080p@30fps"},{"label":"Features","value":"Zeiss optics, HDR"}]},{"category":"Sound","specs":[{"label":"Loudspeaker","value":"Yes, with stereo speakers"},{"label":"3.5mm jack","value":"No"}]},{"category":"Comms","specs":[{"label":"WLAN","value":"Wi-Fi 802.11 a/b/g/n/ac/6, dual-band"},{"label":"Bluetooth","value":"5.4, A2DP, LE"},{"label":"Positioning","value":"GPS, GALILEO, GLONASS, QZSS, BDS, NavIC"},{"label":"NFC","value":"Yes (market/region dependent)"},{"label":"USB","value":"USB Type-C 2.0, OTG"},{"label":"Radio","value":"No"}]},{"category":"Features","specs":[{"label":"Sensors","value":"Fingerprint (under display, optical), accelerometer, gyro, proximity, compass"}]},{"category":"Battery","specs":[{"label":"Type","value":"Si/C Li-Ion 6000 mAh"},{"label":"Charging","value":"90W wired, PD"}]},{"category":"Misc","specs":[{"label":"Colors","value":"Ancora Red (Rose Red), Satin Black (Titanium Grey), Starry Blue (Starry Night), Mist Purple"},{"label":"Models","value":"V2427"},{"label":"SAR","value":"0.99 W/kg (head)     0.84 W/kg (body)"},{"label":"Price","value":"$ 590.23 / € 424.15"}]}]');
INSERT OR IGNORE INTO device_pictures (device_id, url, position) VALUES (797, 'https://fdn2.gsmarena.com/vv/bigpic/vivo-v50.jpg', 0);
INSERT OR IGNORE INTO device_pictures (device_id, url, position) VALUES (797, 'https://fdn2.gsmarena.com/vv/pics/vivo/vivo-v50-1.jpg', 1);
INSERT OR IGNORE INTO device_pictures (device_id, url, position) VALUES (797, 'https://fdn2.gsmarena.com/vv/pics/vivo/vivo-v50-4.jpg', 2);
INSERT OR IGNORE INTO device_pictures (device_id, url, position) VALUES (797, 'https://fdn2.gsmarena.com/vv/pics/vivo/vivo-v50-2.jpg', 3);
INSERT OR IGNORE INTO device_pictures (device_id, url, position) VALUES (797, 'https://fdn2.gsmarena.com/vv/pics/vivo/vivo-v50-3.jpg', 4);
INSERT OR IGNORE INTO device_pictures (device_id, url, position) VALUES (797, 'https://fdn.gsmarena.com/imgroot/reviews/25/vivo-v50/lifestyle/-1024w2/gsmarena_001.jpg', 5);
INSERT OR IGNORE INTO device_pictures (device_id, url, position) VALUES (797, 'https://fdn.gsmarena.com/imgroot/reviews/25/vivo-v50/lifestyle/-1024w2/gsmarena_002.jpg', 6);
INSERT OR IGNORE INTO device_pictures (device_id, url, position) VALUES (797, 'https://fdn.gsmarena.com/imgroot/reviews/25/vivo-v50/lifestyle/-1024w2/gsmarena_003.jpg', 7);
INSERT OR IGNORE INTO device_pictures (device_id, url, position) VALUES (797, 'https://fdn.gsmarena.com/imgroot/reviews/25/vivo-v50/lifestyle/-1024w2/gsmarena_004.jpg', 8);
INSERT OR IGNORE INTO device_pictures (device_id, url, position) VALUES (797, 'https://fdn.gsmarena.com/imgroot/reviews/25/vivo-v50/lifestyle/-1024w2/gsmarena_005.jpg', 9);
INSERT OR IGNORE INTO devices (id, brand_id, name, gsmarena_url, thumbnail_url, summary) VALUES (798, 5, 'Y200 4G', 'https://www.gsmarena.com/vivo_y200_4g-13655.php', 'https://fdn2.gsmarena.com/vv/bigpic/vivo-y300-5g.jpg', 'Y200 4G');
INSERT OR IGNORE INTO device_specs (device_id, announced, status, network, os, chipset, cpu, gpu, display_size, display_type, display_res, ram, storage, main_camera, selfie_camera, battery, charging, nfc, usb, bluetooth, wlan, colors, weight, dimensions, sim, sensors, popularity, fans, rating, full_specs_json) VALUES (798, '2025, January', 'Available. Released 2025, January', 'GSM / HSPA / LTE / 4G/LTE', 'Android 14, Funtouch 14', 'Qualcomm SM6225 Snapdragon 685 (6 nm)', 'Octa-core (4x2.8 GHz Cortex-A73 & 4x1.9 GHz Cortex-A53)', 'Adreno 610', '6.67 inches, 107.4 cm 2 (~86.7% screen-to-body ratio)', 'AMOLED, 1B colors, 120Hz, 1200 nits (HBM), 1800 nits (peak)', '1080 x 2400 pixels, 20:9 ratio (~395 ppi density)', '8GB', '128GB', '50 MP, f/1.8, (wide), PDAF, Ring-LED flash, panorama, HDR', '32 MP, f/2.5, (wide), 1080p@30fps', 'Li-Ion 5000 mAh', '80W wired, 80% in 30 min', 'No', 'USB Type-C 2.0, OTG', '5.0, A2DP, LE', 'Wi-Fi 802.11 a/b/g/n/ac, dual-band', 'Titanium Silver, Emerald Green', '188 g or 190 g (6.63 oz)', '163.2 x 75.9 x 7.8 mm (6.43 x 2.99 x 0.31 in)', 'Nano-SIM + Nano-SIM', 'Fingerprint (under display, optical), accelerometer, gyro, proximity, compass', 'About 210 EUR', NULL, NULL, '[{"category":"Network","specs":[{"label":"Technology","value":"GSM / HSPA / LTE"},{"label":"2G bands","value":"GSM 850 / 900 / 1800 / 1900"},{"label":"3G bands","value":"HSDPA 850 / 900 / 2100"},{"label":"4G bands","value":"1, 3, 5, 7, 8, 20, 28, 38, 40, 41"},{"label":"Speed","value":"HSPA, LTE"}]},{"category":"Launch","specs":[{"label":"Announced","value":"2025, January"},{"label":"Status","value":"Available. Released 2025, January"}]},{"category":"Body","specs":[{"label":"Dimensions","value":"163.2 x 75.9 x 7.8 mm (6.43 x 2.99 x 0.31 in)"},{"label":"Weight","value":"188 g or 190 g (6.63 oz)"},{"label":"Build","value":"Glass front, plastic back, plastic frame"},{"label":"SIM","value":"Nano-SIM + Nano-SIM"}]},{"category":"Display","specs":[{"label":"Type","value":"AMOLED, 1B colors, 120Hz, 1200 nits (HBM), 1800 nits (peak)"},{"label":"Size","value":"6.67 inches, 107.4 cm 2 (~86.7% screen-to-body ratio)"},{"label":"Resolution","value":"1080 x 2400 pixels, 20:9 ratio (~395 ppi density)"}]},{"category":"Platform","specs":[{"label":"OS","value":"Android 14, Funtouch 14"},{"label":"Chipset","value":"Qualcomm SM6225 Snapdragon 685 (6 nm)"},{"label":"CPU","value":"Octa-core (4x2.8 GHz Cortex-A73 & 4x1.9 GHz Cortex-A53)"},{"label":"GPU","value":"Adreno 610"}]},{"category":"Memory","specs":[{"label":"Card slot","value":"microSDXC (uses shared SIM slot)"},{"label":"Internal","value":"128GB 8GB RAM, 256GB 8GB RAM"}]},{"category":"Main Camera","specs":[{"label":"Dual","value":"50 MP, f/1.8, (wide), PDAF"},{"label":"Features","value":"Ring-LED flash, panorama, HDR"},{"label":"Video","value":"1080p@30fps"}]},{"category":"Selfie camera","specs":[{"label":"Single","value":"32 MP, f/2.5, (wide)"},{"label":"Video","value":"1080p@30fps"}]},{"category":"Sound","specs":[{"label":"Loudspeaker","value":"Yes, with stereo speakers"},{"label":"3.5mm jack","value":"No"}]},{"category":"Comms","specs":[{"label":"WLAN","value":"Wi-Fi 802.11 a/b/g/n/ac, dual-band"},{"label":"Bluetooth","value":"5.0, A2DP, LE"},{"label":"Positioning","value":"GPS, GALILEO, GLONASS, QZSS, BDS"},{"label":"NFC","value":"No"},{"label":"USB","value":"USB Type-C 2.0, OTG"},{"label":"Radio","value":"No"}]},{"category":"Features","specs":[{"label":"Sensors","value":"Fingerprint (under display, optical), accelerometer, gyro, proximity, compass"}]},{"category":"Battery","specs":[{"label":"Type","value":"Li-Ion 5000 mAh"},{"label":"Charging","value":"80W wired, 80% in 30 min"}]},{"category":"Misc","specs":[{"label":"Colors","value":"Titanium Silver, Emerald Green"},{"label":"Price","value":"About 210 EUR"}]}]');
INSERT OR IGNORE INTO device_pictures (device_id, url, position) VALUES (798, 'https://fdn2.gsmarena.com/vv/bigpic/vivo-y300-5g.jpg', 0);
INSERT OR IGNORE INTO device_pictures (device_id, url, position) VALUES (798, 'https://fdn2.gsmarena.com/vv/pics/vivo/vivo-y200-4g-1.jpg', 1);
INSERT OR IGNORE INTO device_pictures (device_id, url, position) VALUES (798, 'https://fdn2.gsmarena.com/vv/pics/vivo/vivo-y200-4g-2.jpg', 2);
INSERT OR IGNORE INTO devices (id, brand_id, name, gsmarena_url, thumbnail_url, summary) VALUES (799, 5, 'Y200 (Asia)', 'https://www.gsmarena.com/vivo_y200_(asia)-13629.php', 'https://fdn2.gsmarena.com/vv/bigpic/vivo-y200-5g-gl.jpg', 'Y200 (Asia)');
INSERT OR IGNORE INTO device_specs (device_id, announced, status, network, os, chipset, cpu, gpu, display_size, display_type, display_res, ram, storage, main_camera, selfie_camera, battery, charging, nfc, usb, bluetooth, wlan, colors, weight, dimensions, sim, sensors, popularity, fans, rating, full_specs_json) VALUES (799, '2024, November', 'Available. Released 2024, November 22', 'GSM / HSPA / LTE / 5G / 5G', 'Android 14, Funtouch 14', 'Qualcomm SM4450 Snapdragon 4 Gen 2 (4 nm)', 'Octa-core (2x2.2 GHz Cortex-A78 & 6x1.95 GHz Cortex-A55)', 'Adreno 613', '6.67 inches, 107.4 cm 2 (~86.7% screen-to-body ratio)', 'AMOLED, 1B colors, 120Hz, 1200 nits (HBM), 1800 nits (peak)', '1080 x 2400 pixels, 20:9 ratio (~395 ppi density)', '8GB', '256GB', '50 MP, f/1.8, (wide), 1/1.95", 0.8µm, PDAF, Ring-LED flash, panorama, HDR', '32 MP, f/2.5, (wide), 1080p@30fps', 'Li-Ion 5000 mAh', '80W wired, 80% in 30 min', 'No', 'USB Type-C 2.0, OTG', '5.0, A2DP, LE', 'Wi-Fi 802.11 a/b/g/n/ac, dual-band', 'Dynamic Black (Imperial Black), Titanium Silver, Dreamy Violet', '188 g or 190 g (6.63 oz)', '163.2 x 75.9 x 7.8 mm or 8.0 mm', 'Nano-SIM + Nano-SIM', 'Fingerprint (under display, optical), accelerometer, gyro, proximity, compass', 'About 280 EUR', NULL, NULL, '[{"category":"Network","specs":[{"label":"Technology","value":"GSM / HSPA / LTE / 5G"},{"label":"2G bands","value":"GSM 850 / 900 / 1800 / 1900"},{"label":"3G bands","value":"HSDPA 850 / 900 / 1700(AWS) / 1900 / 2100"},{"label":"4G bands","value":"1, 2, 3, 4, 5, 7, 8, 18, 19, 20, 26, 28, 38, 39, 40, 41 - Asia"},{"label":"5G bands","value":"1, 3, 5, 7, 8, 20, 28, 38, 40, 41, 77, 78 SA/NSA - Asia"},{"label":"Speed","value":"HSPA, LTE, 5G"}]},{"category":"Launch","specs":[{"label":"Announced","value":"2024, November"},{"label":"Status","value":"Available. Released 2024, November 22"}]},{"category":"Body","specs":[{"label":"Dimensions","value":"163.2 x 75.9 x 7.8 mm or 8.0 mm"},{"label":"Weight","value":"188 g or 190 g (6.63 oz)"},{"label":"Build","value":"Glass front, plastic back, plastic frame"},{"label":"SIM","value":"Nano-SIM + Nano-SIM"}]},{"category":"Display","specs":[{"label":"Type","value":"AMOLED, 1B colors, 120Hz, 1200 nits (HBM), 1800 nits (peak)"},{"label":"Size","value":"6.67 inches, 107.4 cm 2 (~86.7% screen-to-body ratio)"},{"label":"Resolution","value":"1080 x 2400 pixels, 20:9 ratio (~395 ppi density)"}]},{"category":"Platform","specs":[{"label":"OS","value":"Android 14, Funtouch 14"},{"label":"Chipset","value":"Qualcomm SM4450 Snapdragon 4 Gen 2 (4 nm)"},{"label":"CPU","value":"Octa-core (2x2.2 GHz Cortex-A78 & 6x1.95 GHz Cortex-A55)"},{"label":"GPU","value":"Adreno 613"}]},{"category":"Memory","specs":[{"label":"Card slot","value":"microSDXC (uses shared SIM slot)"},{"label":"Internal","value":"256GB 8GB RAM, 512GB 12GB RAM"}]},{"category":"Main Camera","specs":[{"label":"Dual","value":"50 MP, f/1.8, (wide), 1/1.95\\", 0.8µm, PDAF"},{"label":"Features","value":"Ring-LED flash, panorama, HDR"},{"label":"Video","value":"1080p@30fps"}]},{"category":"Selfie camera","specs":[{"label":"Single","value":"32 MP, f/2.5, (wide)"},{"label":"Video","value":"1080p@30fps"}]},{"category":"Sound","specs":[{"label":"Loudspeaker","value":"Yes, with stereo speakers"},{"label":"3.5mm jack","value":"No"}]},{"category":"Comms","specs":[{"label":"WLAN","value":"Wi-Fi 802.11 a/b/g/n/ac, dual-band"},{"label":"Bluetooth","value":"5.0, A2DP, LE"},{"label":"Positioning","value":"GPS, GALILEO, GLONASS, QZSS, BDS"},{"label":"NFC","value":"No"},{"label":"USB","value":"USB Type-C 2.0, OTG"},{"label":"Radio","value":"No"}]},{"category":"Features","specs":[{"label":"Sensors","value":"Fingerprint (under display, optical), accelerometer, gyro, proximity, compass"}]},{"category":"Battery","specs":[{"label":"Type","value":"Li-Ion 5000 mAh"},{"label":"Charging","value":"80W wired, 80% in 30 min"}]},{"category":"Misc","specs":[{"label":"Colors","value":"Dynamic Black (Imperial Black), Titanium Silver, Dreamy Violet"},{"label":"Price","value":"About 280 EUR"}]}]');
INSERT OR IGNORE INTO device_pictures (device_id, url, position) VALUES (799, 'https://fdn2.gsmarena.com/vv/bigpic/vivo-y200-5g-gl.jpg', 0);
INSERT OR IGNORE INTO device_pictures (device_id, url, position) VALUES (799, 'https://fdn2.gsmarena.com/vv/pics/vivo/vivo-y200-5g-gl-1.jpg', 1);
INSERT OR IGNORE INTO device_pictures (device_id, url, position) VALUES (799, 'https://fdn2.gsmarena.com/vv/pics/vivo/vivo-y200-5g-th-2.jpg', 2);
INSERT OR IGNORE INTO devices (id, brand_id, name, gsmarena_url, thumbnail_url, summary) VALUES (800, 5, 'Y200', 'https://www.gsmarena.com/vivo_y200_(global)-13628.php', 'https://fdn2.gsmarena.com/vv/bigpic/vivo-y200-5g-gl.jpg', 'Y200');
INSERT OR IGNORE INTO device_specs (device_id, announced, status, network, os, chipset, cpu, gpu, display_size, display_type, display_res, ram, storage, main_camera, selfie_camera, battery, charging, nfc, usb, bluetooth, wlan, colors, weight, dimensions, sim, sensors, popularity, fans, rating, full_specs_json) VALUES (800, '2023, October', 'Available. Released 2023, October', 'GSM / HSPA / LTE / 5G / 5G', 'Android 13, Funtouch 13', 'Qualcomm SM4375 Snapdragon 4 Gen 1 (6 nm)', 'Octa-core (2x2.0 GHz Cortex-A78 & 6x1.8 GHz Cortex-A55)', 'Adreno 619', '6.67 inches, 107.4 cm 2 (~88.3% screen-to-body ratio)', 'AMOLED, 120Hz, 800 nits (peak)', '1080 x 2400 pixels, 20:9 ratio (~395 ppi density)', '8GB', '128GB', '64 MP, f/1.8, (wide), PDAF, Ring-LED flash, panorama, HDR', '16 MP, f/2.0, (wide), 1080p@30fps', 'Li-Ion 4800 mAh', '44W wired, 80% in 30 min', 'No', 'USB Type-C 2.0, OTG', '5.1, A2DP, LE', 'Wi-Fi 802.11 a/b/g/n/ac, dual-band', 'Titanium Silver, Emerald Green, Purple, Black', '190 g (6.70 oz)', '162.4 x 74.9 x 7.7 mm (6.39 x 2.95 x 0.30 in)', 'Nano-SIM + Nano-SIM', 'Fingerprint (under display, optical), accelerometer, gyro, proximity, compass', 'About 200 EUR', NULL, NULL, '[{"category":"Network","specs":[{"label":"Technology","value":"GSM / HSPA / LTE / 5G"},{"label":"2G bands","value":"GSM 850 / 900 / 1800 / 1900"},{"label":"3G bands","value":"HSDPA 850 / 900 / 2100"},{"label":"4G bands","value":"1, 3, 5, 8, 28, 38, 40, 41"},{"label":"5G bands","value":"1, 3, 5, 8, 28, 77, 78 SA/NSA"},{"label":"Speed","value":"HSPA, LTE, 5G"}]},{"category":"Launch","specs":[{"label":"Announced","value":"2023, October"},{"label":"Status","value":"Available. Released 2023, October"}]},{"category":"Body","specs":[{"label":"Dimensions","value":"162.4 x 74.9 x 7.7 mm (6.39 x 2.95 x 0.30 in)"},{"label":"Weight","value":"190 g (6.70 oz)"},{"label":"Build","value":"Glass front, plastic frame, glass back"},{"label":"SIM","value":"Nano-SIM + Nano-SIM"}]},{"category":"Display","specs":[{"label":"Type","value":"AMOLED, 120Hz, 800 nits (peak)"},{"label":"Size","value":"6.67 inches, 107.4 cm 2 (~88.3% screen-to-body ratio)"},{"label":"Resolution","value":"1080 x 2400 pixels, 20:9 ratio (~395 ppi density)"}]},{"category":"Platform","specs":[{"label":"OS","value":"Android 13, Funtouch 13"},{"label":"Chipset","value":"Qualcomm SM4375 Snapdragon 4 Gen 1 (6 nm)"},{"label":"CPU","value":"Octa-core (2x2.0 GHz Cortex-A78 & 6x1.8 GHz Cortex-A55)"},{"label":"GPU","value":"Adreno 619"}]},{"category":"Memory","specs":[{"label":"Card slot","value":"No"},{"label":"Internal","value":"128GB 8GB RAM, 256GB 8GB RAM"}]},{"category":"Main Camera","specs":[{"label":"Dual","value":"64 MP, f/1.8, (wide), PDAF"},{"label":"Features","value":"Ring-LED flash, panorama, HDR"},{"label":"Video","value":"1080p@30fps"}]},{"category":"Selfie camera","specs":[{"label":"Single","value":"16 MP, f/2.0, (wide)"},{"label":"Video","value":"1080p@30fps"}]},{"category":"Sound","specs":[{"label":"Loudspeaker","value":"Yes"},{"label":"3.5mm jack","value":"No"}]},{"category":"Comms","specs":[{"label":"WLAN","value":"Wi-Fi 802.11 a/b/g/n/ac, dual-band"},{"label":"Bluetooth","value":"5.1, A2DP, LE"},{"label":"Positioning","value":"GPS, GLONASS, GALILEO, BDS, QZSS"},{"label":"NFC","value":"No"},{"label":"USB","value":"USB Type-C 2.0, OTG"},{"label":"Radio","value":"No"}]},{"category":"Features","specs":[{"label":"Sensors","value":"Fingerprint (under display, optical), accelerometer, gyro, proximity, compass"}]},{"category":"Battery","specs":[{"label":"Type","value":"Li-Ion 4800 mAh"},{"label":"Charging","value":"44W wired, 80% in 30 min"}]},{"category":"Misc","specs":[{"label":"Colors","value":"Titanium Silver, Emerald Green, Purple, Black"},{"label":"SAR","value":"0.99 W/kg (head)     0.86 W/kg (body)"},{"label":"Price","value":"About 200 EUR"}]}]');
INSERT OR IGNORE INTO device_pictures (device_id, url, position) VALUES (800, 'https://fdn2.gsmarena.com/vv/bigpic/vivo-y200-5g-gl.jpg', 0);
INSERT OR IGNORE INTO device_pictures (device_id, url, position) VALUES (800, 'https://fdn2.gsmarena.com/vv/pics/vivo/vivo-y200-5g-gl-1.jpg', 1);
INSERT OR IGNORE INTO device_pictures (device_id, url, position) VALUES (800, 'https://fdn2.gsmarena.com/vv/pics/vivo/vivo-y200-5g-gl-2.jpg', 2);
INSERT OR IGNORE INTO devices (id, brand_id, name, gsmarena_url, thumbnail_url, summary) VALUES (801, 5, 'iQOO Z9 Turbo Endurance', 'https://www.gsmarena.com/vivo_iqoo_z9_turbo_endurance-13599.php', 'https://fdn2.gsmarena.com/vv/bigpic/vivo-iqoo-z9-turbo-endurance.jpg', 'iQOO Z9 Turbo Endurance');
INSERT OR IGNORE INTO device_specs (device_id, announced, status, network, os, chipset, cpu, gpu, display_size, display_type, display_res, ram, storage, main_camera, selfie_camera, battery, charging, nfc, usb, bluetooth, wlan, colors, weight, dimensions, sim, sensors, popularity, fans, rating, full_specs_json) VALUES (801, '2025, January 03', 'Available. Released 2025, January 03', 'GSM / CDMA / HSPA / LTE / 5G / 5G', 'Android 14, OriginOS 4', 'Qualcomm SM8635 Snapdragon 8s Gen 3 (4 nm)', 'Octa-core (1x3.0 GHz Cortex-X4 & 4x2.8 GHz Cortex-A720 & 3x2.0 GHz Cortex-A520)', 'Adreno 735', '6.78 inches, 111.0 cm 2 (~89.3% screen-to-body ratio)', 'AMOLED, 1B colors, 144Hz, HDR', '1260 x 2800 pixels, 20:9 ratio (~453 ppi density)', '12GB', '256GB', '50 MP, f/1.8, (wide), 1/1.95", 0.8µm, PDAF, OIS, LED flash, panorama, HDR', '16 MP, f/2.5, (wide), 1/3.0", 1.0µm, 1080p@30fps', 'Si/C Li-Ion 6400 mAh', '80W wired', 'Yes', 'USB Type-C 2.0, OTG', '5.4, A2DP, LE, aptX HD, aptX Adaptive, aptX Lossless', 'Wi-Fi 802.11 a/b/g/n/ac/6, dual-band', 'Black, White, Blue', '196 g (6.91 oz)', '163.7 x 75.9 x 8 mm (6.44 x 2.99 x 0.31 in)', 'Nano-SIM + Nano-SIM', 'Fingerprint (under display, optical), accelerometer, gyro, proximity, compass', 'About 250 EUR', NULL, NULL, '[{"category":"Network","specs":[{"label":"Technology","value":"GSM / CDMA / HSPA / LTE / 5G"},{"label":"2G bands","value":"GSM 850 / 900 / 1800 / 1900"},{"label":"3G bands","value":"HSDPA 850 / 900 / 2100"},{"label":"4G bands","value":"1, 3, 5, 8, 28, 34, 38, 39, 40, 41"},{"label":"5G bands","value":"1, 5, 8, 28, 41, 77, 78 SA/NSA"},{"label":"Speed","value":"HSPA, LTE, 5G"}]},{"category":"Launch","specs":[{"label":"Announced","value":"2025, January 03"},{"label":"Status","value":"Available. Released 2025, January 03"}]},{"category":"Body","specs":[{"label":"Dimensions","value":"163.7 x 75.9 x 8 mm (6.44 x 2.99 x 0.31 in)"},{"label":"Weight","value":"196 g (6.91 oz)"},{"label":"Build","value":"Glass front, plastic back, plastic frame"},{"label":"SIM","value":"Nano-SIM + Nano-SIM"}]},{"category":"Display","specs":[{"label":"Type","value":"AMOLED, 1B colors, 144Hz, HDR"},{"label":"Size","value":"6.78 inches, 111.0 cm 2 (~89.3% screen-to-body ratio)"},{"label":"Resolution","value":"1260 x 2800 pixels, 20:9 ratio (~453 ppi density)"}]},{"category":"Platform","specs":[{"label":"OS","value":"Android 14, OriginOS 4"},{"label":"Chipset","value":"Qualcomm SM8635 Snapdragon 8s Gen 3 (4 nm)"},{"label":"CPU","value":"Octa-core (1x3.0 GHz Cortex-X4 & 4x2.8 GHz Cortex-A720 & 3x2.0 GHz Cortex-A520)"},{"label":"GPU","value":"Adreno 735"}]},{"category":"Memory","specs":[{"label":"Card slot","value":"No"},{"label":"Internal","value":"256GB 12GB RAM, 256GB 16GB RAM, 512GB 12GB RAM, 512GB 16GB RAM"}]},{"category":"Main Camera","specs":[{"label":"Dual","value":"50 MP, f/1.8, (wide), 1/1.95\\", 0.8µm, PDAF, OIS"},{"label":"Features","value":"LED flash, panorama, HDR"},{"label":"Video","value":"4K@30/60fps, 1080p, gyro-EIS, OIS"}]},{"category":"Selfie camera","specs":[{"label":"Single","value":"16 MP, f/2.5, (wide), 1/3.0\\", 1.0µm"},{"label":"Video","value":"1080p@30fps"}]},{"category":"Sound","specs":[{"label":"Loudspeaker","value":"Yes, with stereo speakers"},{"label":"3.5mm jack","value":"No"}]},{"category":"Comms","specs":[{"label":"WLAN","value":"Wi-Fi 802.11 a/b/g/n/ac/6, dual-band"},{"label":"Bluetooth","value":"5.4, A2DP, LE, aptX HD, aptX Adaptive, aptX Lossless"},{"label":"Positioning","value":"GPS (L1+L5), GLONASS (G1), BDS (B1I+B1c+B2a), GALILEO (E1+E5a), QZSS (L1+L5)"},{"label":"NFC","value":"Yes"},{"label":"USB","value":"USB Type-C 2.0, OTG"},{"label":"Radio","value":"No"},{"label":"Infrared port","value":"Yes"}]},{"category":"Features","specs":[{"label":"Sensors","value":"Fingerprint (under display, optical), accelerometer, gyro, proximity, compass"}]},{"category":"Battery","specs":[{"label":"Type","value":"Si/C Li-Ion 6400 mAh"},{"label":"Charging","value":"80W wired"}]},{"category":"Misc","specs":[{"label":"Colors","value":"Black, White, Blue"},{"label":"Models","value":"V2352GA"},{"label":"Price","value":"About 250 EUR"}]}]');
INSERT OR IGNORE INTO device_pictures (device_id, url, position) VALUES (801, 'https://fdn2.gsmarena.com/vv/bigpic/vivo-iqoo-z9-turbo-endurance.jpg', 0);
INSERT OR IGNORE INTO device_pictures (device_id, url, position) VALUES (801, 'https://fdn2.gsmarena.com/vv/pics/vivo/vivo-iqoo-z9-turbo-1.jpg', 1);
INSERT OR IGNORE INTO device_pictures (device_id, url, position) VALUES (801, 'https://fdn2.gsmarena.com/vv/pics/vivo/vivo-iqoo-z9-turbo-endurance-2.jpg', 2);
INSERT OR IGNORE INTO device_pictures (device_id, url, position) VALUES (801, 'https://fdn2.gsmarena.com/vv/pics/vivo/vivo-iqoo-z9-turbo-endurance-3.jpg', 3);
INSERT OR IGNORE INTO devices (id, brand_id, name, gsmarena_url, thumbnail_url, summary) VALUES (802, 5, 'Y200+', 'https://www.gsmarena.com/vivo_y200+-13602.php', 'https://fdn2.gsmarena.com/vv/bigpic/vivo-y37-pro.jpg', 'Y200+');
INSERT OR IGNORE INTO device_specs (device_id, announced, status, network, os, chipset, cpu, gpu, display_size, display_type, display_res, ram, storage, main_camera, selfie_camera, battery, charging, nfc, usb, bluetooth, wlan, colors, weight, dimensions, sim, sensors, popularity, fans, rating, full_specs_json) VALUES (802, '2025, January 02', 'Available. Released 2025, January 02', 'GSM / CDMA / HSPA / CDMA2000 / LTE / 5G / 5G', 'Android 14, OriginOS 4', 'Qualcomm SM4450 Snapdragon 4 Gen 2 (4 nm)', 'Octa-core (2x2.2 GHz Cortex-A78 & 6x2.0 GHz Cortex-A55)', 'Adreno 613', '6.68 inches, 107.4 cm 2 (~85.3% screen-to-body ratio)', 'IPS LCD, 120Hz, 1000 nits (HBM)', '720 x 1608 pixels, 20:9 ratio (~264 ppi density)', '8GB', '256GB', '50 MP, f/1.8, (wide), PDAF, LED flash, panorama', '5 MP, f/2.2, (wide), 1080p@30fps', '6000 mAh', '44W wired, 50% in 36 min', 'No', 'USB Type-C 2.0, OTG', '4.2, A2DP, LE, aptX Adaptive', 'Wi-Fi 802.11 a/b/g/n/ac, dual-band', 'Dark Gray, Green, Apricot', '199 g (7.02 oz)', '165.7 x 76 x 8 mm (6.52 x 2.99 x 0.31 in)', 'Nano-SIM + Nano-SIM', 'Fingerprint (side-mounted), accelerometer, proximity, compass', 'About 150 EUR', NULL, NULL, '[{"category":"Network","specs":[{"label":"Technology","value":"GSM / CDMA / HSPA / CDMA2000 / LTE / 5G"},{"label":"2G bands","value":"GSM 850 / 900 / 1800 / 1900"},{"label":"3G bands","value":"HSDPA 850 / 900 / 2100"},{"label":"4G bands","value":"1, 3, 5, 8, 28, 34, 38, 39, 40, 41"},{"label":"5G bands","value":"1, 3, 5, 8, 28, 41, 77, 78 SA/NSA"},{"label":"Speed","value":"HSPA, LTE, 5G"}]},{"category":"Launch","specs":[{"label":"Announced","value":"2025, January 02"},{"label":"Status","value":"Available. Released 2025, January 02"}]},{"category":"Body","specs":[{"label":"Dimensions","value":"165.7 x 76 x 8 mm (6.52 x 2.99 x 0.31 in)"},{"label":"Weight","value":"199 g (7.02 oz)"},{"label":"Build","value":"Glass front, plastic frame, plastic back"},{"label":"SIM","value":"Nano-SIM + Nano-SIM"}]},{"category":"Display","specs":[{"label":"Type","value":"IPS LCD, 120Hz, 1000 nits (HBM)"},{"label":"Size","value":"6.68 inches, 107.4 cm 2 (~85.3% screen-to-body ratio)"},{"label":"Resolution","value":"720 x 1608 pixels, 20:9 ratio (~264 ppi density)"}]},{"category":"Platform","specs":[{"label":"OS","value":"Android 14, OriginOS 4"},{"label":"Chipset","value":"Qualcomm SM4450 Snapdragon 4 Gen 2 (4 nm)"},{"label":"CPU","value":"Octa-core (2x2.2 GHz Cortex-A78 & 6x2.0 GHz Cortex-A55)"},{"label":"GPU","value":"Adreno 613"}]},{"category":"Memory","specs":[{"label":"Card slot","value":"No"},{"label":"Internal","value":"256GB 8GB RAM, 256GB 12GB RAM, 512GB 12GB RAM"}]},{"category":"Main Camera","specs":[{"label":"Dual","value":"50 MP, f/1.8, (wide), PDAF"},{"label":"Features","value":"LED flash, panorama"},{"label":"Video","value":"1080p@30fps"}]},{"category":"Selfie camera","specs":[{"label":"Single","value":"5 MP, f/2.2, (wide)"},{"label":"Video","value":"1080p@30fps"}]},{"category":"Sound","specs":[{"label":"Loudspeaker","value":"Yes, with stereo speakers"},{"label":"3.5mm jack","value":"Yes"}]},{"category":"Comms","specs":[{"label":"WLAN","value":"Wi-Fi 802.11 a/b/g/n/ac, dual-band"},{"label":"Bluetooth","value":"4.2, A2DP, LE, aptX Adaptive"},{"label":"Positioning","value":"GPS, GALILEO, GLONASS, BDS, QZSS"},{"label":"NFC","value":"No"},{"label":"USB","value":"USB Type-C 2.0, OTG"},{"label":"Radio","value":"No"}]},{"category":"Features","specs":[{"label":"Sensors","value":"Fingerprint (side-mounted), accelerometer, proximity, compass"}]},{"category":"Battery","specs":[{"label":"Type","value":"6000 mAh"},{"label":"Charging","value":"44W wired, 50% in 36 min"}]},{"category":"Misc","specs":[{"label":"Colors","value":"Dark Gray, Green, Apricot"},{"label":"Price","value":"About 150 EUR"}]}]');
INSERT OR IGNORE INTO device_pictures (device_id, url, position) VALUES (802, 'https://fdn2.gsmarena.com/vv/bigpic/vivo-y37-pro.jpg', 0);
INSERT OR IGNORE INTO device_pictures (device_id, url, position) VALUES (802, 'https://fdn2.gsmarena.com/vv/pics/vivo/vivo-y37-pro-1.jpg', 1);
INSERT OR IGNORE INTO device_pictures (device_id, url, position) VALUES (802, 'https://fdn2.gsmarena.com/vv/pics/vivo/vivo-y37-pro-2.jpg', 2);
INSERT OR IGNORE INTO device_pictures (device_id, url, position) VALUES (802, 'https://fdn2.gsmarena.com/vv/pics/vivo/vivo-y37-pro-3.jpg', 3);
INSERT OR IGNORE INTO devices (id, brand_id, name, gsmarena_url, thumbnail_url, summary) VALUES (803, 5, 'Y29', 'https://www.gsmarena.com/vivo_y29-13587.php', 'https://fdn2.gsmarena.com/vv/bigpic/vivo-y19s.jpg', 'Y29');
INSERT OR IGNORE INTO device_specs (device_id, announced, status, network, os, chipset, cpu, gpu, display_size, display_type, display_res, ram, storage, main_camera, selfie_camera, battery, charging, nfc, usb, bluetooth, wlan, colors, weight, dimensions, sim, sensors, popularity, fans, rating, full_specs_json) VALUES (803, '2024, December 24', 'Available. Released 2024, December 24', 'GSM / HSPA / LTE / 5G / 5G', 'Android 14, Funtouch 14', 'Mediatek Dimensity 6300 (6 nm)', 'Octa-core (2x2.4 GHz Cortex-A76 & 6x2.0 GHz Cortex-A55)', 'Mali-G57 MC2', '6.68 inches, 107.4 cm 2 (~85.1% screen-to-body ratio)', 'IPS LCD, 120Hz, 1000 nits (HBM)', '720 x 1608 pixels, 20:9 ratio (~264 ppi density)', '4GB', '128GB', '50 MP, f/1.8, (wide), 1/1.95", 0.8µm, PDAF, Ring-LED flash, panorama', '8 MP, f/2.0, (wide), 1080p@30fps', 'Li-Ion 5500 mAh', '44W wired', 'No', 'USB Type-C 2.0, OTG', '5.4, A2DP, LE', 'Wi-Fi 802.11 a/b/g/n/ac, dual-band', 'Glacier Blue, Titanium Gold, Diamond Black', '198 g (6.98 oz)', '165.8 x 76.1 x 8.1 mm (6.53 x 3.00 x 0.32 in)', 'Nano-SIM + Nano-SIM', 'Fingerprint (side-mounted), accelerometer, proximity, compass', 'About 160 EUR', NULL, NULL, '[{"category":"Network","specs":[{"label":"Technology","value":"GSM / HSPA / LTE / 5G"},{"label":"2G bands","value":"GSM 850 / 900 / 1800 / 1900"},{"label":"3G bands","value":"HSDPA 850 / 900 / 2100"},{"label":"4G bands","value":"1, 3, 5, 8, 28, 38, 40, 41"},{"label":"5G bands","value":"1, 3, 5, 8, 28, 40, 77, 78 SA/NSA"},{"label":"Speed","value":"HSPA, LTE, 5G"}]},{"category":"Launch","specs":[{"label":"Announced","value":"2024, December 24"},{"label":"Status","value":"Available. Released 2024, December 24"}]},{"category":"Body","specs":[{"label":"Dimensions","value":"165.8 x 76.1 x 8.1 mm (6.53 x 3.00 x 0.32 in)"},{"label":"Weight","value":"198 g (6.98 oz)"},{"label":"Build","value":"Glass front, plastic back, plastic frame"},{"label":"SIM","value":"Nano-SIM + Nano-SIM"}]},{"category":"Display","specs":[{"label":"Type","value":"IPS LCD, 120Hz, 1000 nits (HBM)"},{"label":"Size","value":"6.68 inches, 107.4 cm 2 (~85.1% screen-to-body ratio)"},{"label":"Resolution","value":"720 x 1608 pixels, 20:9 ratio (~264 ppi density)"}]},{"category":"Platform","specs":[{"label":"OS","value":"Android 14, Funtouch 14"},{"label":"Chipset","value":"Mediatek Dimensity 6300 (6 nm)"},{"label":"CPU","value":"Octa-core (2x2.4 GHz Cortex-A76 & 6x2.0 GHz Cortex-A55)"},{"label":"GPU","value":"Mali-G57 MC2"}]},{"category":"Memory","specs":[{"label":"Card slot","value":"microSDXC (uses shared SIM slot)"},{"label":"Internal","value":"128GB 4GB RAM, 128GB 6GB RAM, 128GB 8GB RAM, 256GB 8GB RAM"}]},{"category":"Main Camera","specs":[{"label":"Single","value":"50 MP, f/1.8, (wide), 1/1.95\\", 0.8µm, PDAF"},{"label":"Features","value":"Ring-LED flash, panorama"},{"label":"Video","value":"1080p@30fps"}]},{"category":"Selfie camera","specs":[{"label":"Single","value":"8 MP, f/2.0, (wide)"},{"label":"Video","value":"1080p@30fps"}]},{"category":"Sound","specs":[{"label":"Loudspeaker","value":"Yes, with dual speakers"},{"label":"3.5mm jack","value":"Yes"}]},{"category":"Comms","specs":[{"label":"WLAN","value":"Wi-Fi 802.11 a/b/g/n/ac, dual-band"},{"label":"Bluetooth","value":"5.4, A2DP, LE"},{"label":"Positioning","value":"GPS, GLONASS, GALILEO, BDS, QZSS"},{"label":"NFC","value":"No"},{"label":"USB","value":"USB Type-C 2.0, OTG"},{"label":"Radio","value":"FM radio"}]},{"category":"Features","specs":[{"label":"Sensors","value":"Fingerprint (side-mounted), accelerometer, proximity, compass"}]},{"category":"Battery","specs":[{"label":"Type","value":"Li-Ion 5500 mAh"},{"label":"Charging","value":"44W wired"}]},{"category":"Misc","specs":[{"label":"Colors","value":"Glacier Blue, Titanium Gold, Diamond Black"},{"label":"Models","value":"V2420"},{"label":"SAR","value":"0.99 W/kg (head)     0.99 W/kg (body)"},{"label":"Price","value":"About 160 EUR"}]}]');
INSERT OR IGNORE INTO device_pictures (device_id, url, position) VALUES (803, 'https://fdn2.gsmarena.com/vv/bigpic/vivo-y19s.jpg', 0);
INSERT OR IGNORE INTO device_pictures (device_id, url, position) VALUES (803, 'https://fdn2.gsmarena.com/vv/pics/vivo/vivo-y29-5g-1.jpg', 1);
INSERT OR IGNORE INTO device_pictures (device_id, url, position) VALUES (803, 'https://fdn2.gsmarena.com/vv/pics/vivo/vivo-y29-5g-2.jpg', 2);
INSERT OR IGNORE INTO devices (id, brand_id, name, gsmarena_url, thumbnail_url, summary) VALUES (804, 5, 'Y300 (China)', 'https://www.gsmarena.com/vivo_y300_(china)-13567.php', 'https://fdn2.gsmarena.com/vv/bigpic/vivo-y300-5g-cn.jpg', 'Y300 (China)');
INSERT OR IGNORE INTO device_specs (device_id, announced, status, network, os, chipset, cpu, gpu, display_size, display_type, display_res, ram, storage, main_camera, selfie_camera, battery, charging, nfc, usb, bluetooth, wlan, colors, weight, dimensions, sim, sensors, popularity, fans, rating, full_specs_json) VALUES (804, '2024, December 16', 'Available. Released 2024, December 16', 'GSM / CDMA / HSPA / LTE / 5G / 5G', 'Android 15, OriginOS 5', 'Mediatek Dimensity 6300 (6 nm)', 'Octa-core (2x2.4 GHz Cortex-A76 & 6x2.0 GHz Cortex-A55)', 'Mali-G57 MC2', '6.77 inches, 110.9 cm 2 (~89.0% screen-to-body ratio)', 'AMOLED, 120Hz, 1300 nits (HBM), 1800 nits (peak)', '1080 x 2392 pixels (~388 ppi density)', '8GB', '128GB', '50 MP, f/1.8, (wide), PDAF, Ring-LED flash, panorama, HDR', '8 MP, f/2.1, (wide), 1080p@30fps', 'Si/C Li-Ion 6500 mAh', '44W wired', 'No', 'USB Type-C 2.0, OTG', '5.4, A2DP, LE, aptX HD', 'Wi-Fi 802.11 a/b/g/n/ac, dual-band', 'Black, White, Green', '200 g (7.05 oz)', '163.6 x 76.2 x 7.8 mm (6.44 x 3.00 x 0.31 in)', 'Nano-SIM + Nano-SIM', 'Fingerprint (under display, optical), accelerometer, gyro, proximity, compass', 'About 260 EUR', NULL, NULL, '[{"category":"Network","specs":[{"label":"Technology","value":"GSM / CDMA / HSPA / LTE / 5G"},{"label":"2G bands","value":"GSM 850 / 900 / 1800 / 1900"},{"label":"3G bands","value":"HSDPA 850 / 900 / 2100"},{"label":"4G bands","value":"1, 3, 5, 8, 28, 34, 38, 39, 40, 41"},{"label":"5G bands","value":"1, 3, 5, 8, 28, 38, 40, 41, 77, 78 SA/NSA"},{"label":"Speed","value":"HSPA, LTE, 5G"}]},{"category":"Launch","specs":[{"label":"Announced","value":"2024, December 16"},{"label":"Status","value":"Available. Released 2024, December 16"}]},{"category":"Body","specs":[{"label":"Dimensions","value":"163.6 x 76.2 x 7.8 mm (6.44 x 3.00 x 0.31 in)"},{"label":"Weight","value":"200 g (7.05 oz)"},{"label":"SIM","value":"Nano-SIM + Nano-SIM"}]},{"category":"Display","specs":[{"label":"Type","value":"AMOLED, 120Hz, 1300 nits (HBM), 1800 nits (peak)"},{"label":"Size","value":"6.77 inches, 110.9 cm 2 (~89.0% screen-to-body ratio)"},{"label":"Resolution","value":"1080 x 2392 pixels (~388 ppi density)"},{"label":"Protection","value":"Strengthened glass"}]},{"category":"Platform","specs":[{"label":"OS","value":"Android 15, OriginOS 5"},{"label":"Chipset","value":"Mediatek Dimensity 6300 (6 nm)"},{"label":"CPU","value":"Octa-core (2x2.4 GHz Cortex-A76 & 6x2.0 GHz Cortex-A55)"},{"label":"GPU","value":"Mali-G57 MC2"}]},{"category":"Memory","specs":[{"label":"Card slot","value":"No"},{"label":"Internal","value":"128GB 8GB RAM, 256GB 8GB RAM, 256GB 12GB RAM, 512GB 12GB RAM"}]},{"category":"Main Camera","specs":[{"label":"Dual","value":"50 MP, f/1.8, (wide), PDAF"},{"label":"Features","value":"Ring-LED flash, panorama, HDR"},{"label":"Video","value":"1080p@30fps, gyro-EIS"}]},{"category":"Selfie camera","specs":[{"label":"Single","value":"8 MP, f/2.1, (wide)"},{"label":"Video","value":"1080p@30fps"},{"label":"Features","value":"Panorama"}]},{"category":"Sound","specs":[{"label":"Loudspeaker","value":"Yes, with stereo speakers"},{"label":"3.5mm jack","value":"No"}]},{"category":"Comms","specs":[{"label":"WLAN","value":"Wi-Fi 802.11 a/b/g/n/ac, dual-band"},{"label":"Bluetooth","value":"5.4, A2DP, LE, aptX HD"},{"label":"Positioning","value":"GPS, GALILEO, GLONASS, QZSS, BDS"},{"label":"NFC","value":"No"},{"label":"USB","value":"USB Type-C 2.0, OTG"},{"label":"Radio","value":"No"}]},{"category":"Features","specs":[{"label":"Sensors","value":"Fingerprint (under display, optical), accelerometer, gyro, proximity, compass"}]},{"category":"Battery","specs":[{"label":"Type","value":"Si/C Li-Ion 6500 mAh"},{"label":"Charging","value":"44W wired"}]},{"category":"Misc","specs":[{"label":"Colors","value":"Black, White, Green"},{"label":"Models","value":"V2435, V2435A"},{"label":"Price","value":"About 260 EUR"}]}]');
INSERT OR IGNORE INTO device_pictures (device_id, url, position) VALUES (804, 'https://fdn2.gsmarena.com/vv/bigpic/vivo-y300-5g-cn.jpg', 0);
INSERT OR IGNORE INTO device_pictures (device_id, url, position) VALUES (804, 'https://fdn2.gsmarena.com/vv/pics/vivo/vivo-y300-5g-cn-1.jpg', 1);
INSERT OR IGNORE INTO device_pictures (device_id, url, position) VALUES (804, 'https://fdn2.gsmarena.com/vv/pics/vivo/vivo-y300-5g-cn-2.jpg', 2);
INSERT OR IGNORE INTO device_pictures (device_id, url, position) VALUES (804, 'https://fdn2.gsmarena.com/vv/pics/vivo/vivo-y300-5g-cn-3.jpg', 3);
INSERT OR IGNORE INTO devices (id, brand_id, name, gsmarena_url, thumbnail_url, summary) VALUES (805, 5, 'iQOO Neo10 Pro (China)', 'https://www.gsmarena.com/vivo_iqoo_neo10_pro_(china)-13489.php', 'https://fdn2.gsmarena.com/vv/bigpic/vivo-neo10-pro-cn.jpg', 'iQOO Neo10 Pro (China)');
INSERT OR IGNORE INTO device_specs (device_id, announced, status, network, os, chipset, cpu, gpu, display_size, display_type, display_res, ram, storage, main_camera, selfie_camera, battery, charging, nfc, usb, bluetooth, wlan, colors, weight, dimensions, sim, sensors, popularity, fans, rating, full_specs_json) VALUES (805, '2024, November 29', 'Available. Released 2024, November 29', 'GSM / HSPA / LTE / 5G / 5G', 'Android 15, OriginOS 5', 'Mediatek Dimensity 9400 (3 nm)', 'Octa-core (1x3.63 GHz Cortex-X925 & 3x3.3 GHz Cortex-X4 & 4x2.4 GHz Cortex-A720)', 'Immortalis-G925', '6.78 inches, 111.0 cm 2 (~90.4% screen-to-body ratio)', 'LTPO AMOLED, 1B colors, 144Hz, HDR10+, 1800 nits (HBM), 4500 nits (peak)', '1260 x 2800 pixels, 20:9 ratio (~453 ppi density)', '12GB', '256GB', '50 MP, f/1.8, (wide), 1/1.56", PDAF, OIS, LED flash, panorama, HDR', '16 MP, f/2.5, (wide), 1080p@30fps', 'Si/C Li-Ion 6100 mAh', '120W wired, 100W PPS+PD, 50% in 15 min', 'Yes', 'USB Type-C 2.0, OTG', '5.4, A2DP, LE, aptX HD, LHDC 5', 'Wi-Fi 802.11 a/b/g/n/ac/6/7, dual-band', 'Black, White, Orange', '199 g or 206 g (7.05 oz)', '162.9 x 75.4 x 8 mm (6.41 x 2.97 x 0.31 in)', 'Nano-SIM + Nano-SIM', 'Fingerprint (under display, ultrasonic), accelerometer, gyro, proximity, compass', 'About 420 EUR', NULL, NULL, '[{"category":"Network","specs":[{"label":"Technology","value":"GSM / HSPA / LTE / 5G"},{"label":"2G bands","value":"GSM 850 / 900 / 1800 / 1900"},{"label":"3G bands","value":"HSDPA 800 / 850 / 900 / 1700(AWS) / 1900 / 2100"},{"label":"4G bands","value":"1, 3, 4, 5, 7, 8, 18, 19, 26, 28, 34, 38, 39, 40, 41"},{"label":"5G bands","value":"1, 3, 5, 8, 28, 38, 40, 41, 77, 78 SA/NSA"},{"label":"Speed","value":"HSPA, LTE, 5G"}]},{"category":"Launch","specs":[{"label":"Announced","value":"2024, November 29"},{"label":"Status","value":"Available. Released 2024, November 29"}]},{"category":"Body","specs":[{"label":"Dimensions","value":"162.9 x 75.4 x 8 mm (6.41 x 2.97 x 0.31 in)"},{"label":"Weight","value":"199 g or 206 g (7.05 oz)"},{"label":"SIM","value":"Nano-SIM + Nano-SIM"}]},{"category":"Display","specs":[{"label":"Type","value":"LTPO AMOLED, 1B colors, 144Hz, HDR10+, 1800 nits (HBM), 4500 nits (peak)"},{"label":"Size","value":"6.78 inches, 111.0 cm 2 (~90.4% screen-to-body ratio)"},{"label":"Resolution","value":"1260 x 2800 pixels, 20:9 ratio (~453 ppi density)"}]},{"category":"Platform","specs":[{"label":"OS","value":"Android 15, OriginOS 5"},{"label":"Chipset","value":"Mediatek Dimensity 9400 (3 nm)"},{"label":"CPU","value":"Octa-core (1x3.63 GHz Cortex-X925 & 3x3.3 GHz Cortex-X4 & 4x2.4 GHz Cortex-A720)"},{"label":"GPU","value":"Immortalis-G925"}]},{"category":"Memory","specs":[{"label":"Card slot","value":"No"},{"label":"Internal","value":"256GB 12GB RAM, 256GB 16GB RAM, 512GB 12GB RAM, 512GB 16GB RAM, 1TB 16GB RAM"}]},{"category":"Main Camera","specs":[{"label":"Dual","value":"50 MP, f/1.8, (wide), 1/1.56\\", PDAF, OIS"},{"label":"Features","value":"LED flash, panorama, HDR"},{"label":"Video","value":"8K, 4K, 1080p, gyro-EIS"}]},{"category":"Selfie camera","specs":[{"label":"Single","value":"16 MP, f/2.5, (wide)"},{"label":"Video","value":"1080p@30fps"}]},{"category":"Sound","specs":[{"label":"Loudspeaker","value":"Yes, with stereo speakers (closed type)"},{"label":"3.5mm jack","value":"No"}]},{"category":"Comms","specs":[{"label":"WLAN","value":"Wi-Fi 802.11 a/b/g/n/ac/6/7, dual-band"},{"label":"Bluetooth","value":"5.4, A2DP, LE, aptX HD, LHDC 5"},{"label":"Positioning","value":"GPS (L1+L5), GLONASS, BDS (B1I+B1c+B2a+B2b), GALILEO (E1+E5a+E5b), QZSS (L1+L5), NavIC (L1+L5)"},{"label":"NFC","value":"Yes"},{"label":"USB","value":"USB Type-C 2.0, OTG"},{"label":"Radio","value":"No"},{"label":"Infrared port","value":"Yes"}]},{"category":"Features","specs":[{"label":"Sensors","value":"Fingerprint (under display, ultrasonic), accelerometer, gyro, proximity, compass"}]},{"category":"Battery","specs":[{"label":"Type","value":"Si/C Li-Ion 6100 mAh"},{"label":"Charging","value":"120W wired, 100W PPS+PD, 50% in 15 min"}]},{"category":"Misc","specs":[{"label":"Colors","value":"Black, White, Orange"},{"label":"Models","value":"2426A"},{"label":"Price","value":"About 420 EUR"}]}]');
INSERT OR IGNORE INTO device_pictures (device_id, url, position) VALUES (805, 'https://fdn2.gsmarena.com/vv/bigpic/vivo-neo10-pro-cn.jpg', 0);
INSERT OR IGNORE INTO device_pictures (device_id, url, position) VALUES (805, 'https://fdn2.gsmarena.com/vv/pics/vivo/vivo-neo10-pro-cn-1.jpg', 1);
INSERT OR IGNORE INTO device_pictures (device_id, url, position) VALUES (805, 'https://fdn2.gsmarena.com/vv/pics/vivo/vivo-neo10-pro-cn-2.jpg', 2);
INSERT OR IGNORE INTO device_pictures (device_id, url, position) VALUES (805, 'https://fdn2.gsmarena.com/vv/pics/vivo/vivo-neo10-pro-cn-3.jpg', 3);
INSERT OR IGNORE INTO devices (id, brand_id, name, gsmarena_url, thumbnail_url, summary) VALUES (806, 5, 'iQOO Neo10 (China)', 'https://www.gsmarena.com/vivo_iqoo_neo10_(china)-13531.php', 'https://fdn2.gsmarena.com/vv/bigpic/vivo-neo10-cn.jpg', 'iQOO Neo10 (China)');
INSERT OR IGNORE INTO device_specs (device_id, announced, status, network, os, chipset, cpu, gpu, display_size, display_type, display_res, ram, storage, main_camera, selfie_camera, battery, charging, nfc, usb, bluetooth, wlan, colors, weight, dimensions, sim, sensors, popularity, fans, rating, full_specs_json) VALUES (806, '2024, November 29', 'Available. Released 2024, November 29', 'GSM / HSPA / LTE / 5G / 5G', 'Android 15, OriginOS 5', 'Qualcomm SM8650-AB Snapdragon 8 Gen 3 (4 nm)', 'Octa-core (1x3.3 GHz Cortex-X4 & 3x3.2 GHz Cortex-A720 & 2x3.0 GHz Cortex-A720 & 2x2.3 GHz Cortex-A520)', 'Adreno 750', '6.78 inches, 111.0 cm 2 (~90.4% screen-to-body ratio)', 'LTPO AMOLED, 1B colors, 144Hz, HDR10+, 1800 nits (HBM), 4500 nits (peak)', '1260 x 2800 pixels, 20:9 ratio (~453 ppi density)', '12GB', '256GB', '50 MP, f/1.8, (wide), 1/1.56", PDAF, OIS, LED flash, panorama, HDR', '16 MP, f/2.5, (wide), 1080p@30fps', 'Si/C Li-Ion 6100 mAh', '120W wired, 100W PPS+PD, 50% in 15 min', 'Yes', 'USB Type-C 2.0, OTG', '5.4, A2DP, LE, aptX HD, aptX Adaptive, aptX Lossless, LHDC 5', 'Wi-Fi 802.11 a/b/g/n/ac/6/7, dual-band', 'Black, White, Orange', '199 g or 206 g (7.05 oz)', '162.9 x 75.4 x 8 mm (6.41 x 2.97 x 0.31 in)', 'Nano-SIM + Nano-SIM', 'Fingerprint (under display, ultrasonic), accelerometer, gyro, proximity, compass', 'About 300 EUR', NULL, NULL, '[{"category":"Network","specs":[{"label":"Technology","value":"GSM / HSPA / LTE / 5G"},{"label":"2G bands","value":"GSM 850 / 900 / 1800 / 1900"},{"label":"3G bands","value":"HSDPA 800 / 850 / 900 / 1700(AWS) / 1900 / 2100"},{"label":"4G bands","value":"1, 3, 4, 5, 7, 8, 18, 19, 26, 28, 34, 38, 39, 40, 41"},{"label":"5G bands","value":"1, 3, 5, 8, 28, 38, 40, 41, 77, 78 SA/NSA"},{"label":"Speed","value":"HSPA, LTE, 5G"}]},{"category":"Launch","specs":[{"label":"Announced","value":"2024, November 29"},{"label":"Status","value":"Available. Released 2024, November 29"}]},{"category":"Body","specs":[{"label":"Dimensions","value":"162.9 x 75.4 x 8 mm (6.41 x 2.97 x 0.31 in)"},{"label":"Weight","value":"199 g or 206 g (7.05 oz)"},{"label":"SIM","value":"Nano-SIM + Nano-SIM"}]},{"category":"Display","specs":[{"label":"Type","value":"LTPO AMOLED, 1B colors, 144Hz, HDR10+, 1800 nits (HBM), 4500 nits (peak)"},{"label":"Size","value":"6.78 inches, 111.0 cm 2 (~90.4% screen-to-body ratio)"},{"label":"Resolution","value":"1260 x 2800 pixels, 20:9 ratio (~453 ppi density)"}]},{"category":"Platform","specs":[{"label":"OS","value":"Android 15, OriginOS 5"},{"label":"Chipset","value":"Qualcomm SM8650-AB Snapdragon 8 Gen 3 (4 nm)"},{"label":"CPU","value":"Octa-core (1x3.3 GHz Cortex-X4 & 3x3.2 GHz Cortex-A720 & 2x3.0 GHz Cortex-A720 & 2x2.3 GHz Cortex-A520)"},{"label":"GPU","value":"Adreno 750"}]},{"category":"Memory","specs":[{"label":"Card slot","value":"No"},{"label":"Internal","value":"256GB 12GB RAM, 256GB 16GB RAM, 512GB 12GB RAM, 512GB 16GB RAM, 1TB 16GB RAM"}]},{"category":"Main Camera","specs":[{"label":"Dual","value":"50 MP, f/1.8, (wide), 1/1.56\\", PDAF, OIS"},{"label":"Features","value":"LED flash, panorama, HDR"},{"label":"Video","value":"8K, 4K, 1080p, gyro-EIS"}]},{"category":"Selfie camera","specs":[{"label":"Single","value":"16 MP, f/2.5, (wide)"},{"label":"Video","value":"1080p@30fps"}]},{"category":"Sound","specs":[{"label":"Loudspeaker","value":"Yes, with stereo speakers (closed type)"},{"label":"3.5mm jack","value":"No"}]},{"category":"Comms","specs":[{"label":"WLAN","value":"Wi-Fi 802.11 a/b/g/n/ac/6/7, dual-band"},{"label":"Bluetooth","value":"5.4, A2DP, LE, aptX HD, aptX Adaptive, aptX Lossless, LHDC 5"},{"label":"Positioning","value":"GPS (L1+L5), GLONASS, BDS (B1I+B1c+B2a), GALILEO (E1+E5a), QZSS (L1+L5)"},{"label":"NFC","value":"Yes"},{"label":"USB","value":"USB Type-C 2.0, OTG"},{"label":"Radio","value":"No"},{"label":"Infrared port","value":"Yes"}]},{"category":"Features","specs":[{"label":"Sensors","value":"Fingerprint (under display, ultrasonic), accelerometer, gyro, proximity, compass"}]},{"category":"Battery","specs":[{"label":"Type","value":"Si/C Li-Ion 6100 mAh"},{"label":"Charging","value":"120W wired, 100W PPS+PD, 50% in 15 min"}]},{"category":"Misc","specs":[{"label":"Colors","value":"Black, White, Orange"},{"label":"Models","value":"2425A, V2425A"},{"label":"Price","value":"About 300 EUR"}]}]');
INSERT OR IGNORE INTO device_pictures (device_id, url, position) VALUES (806, 'https://fdn2.gsmarena.com/vv/bigpic/vivo-neo10-cn.jpg', 0);
INSERT OR IGNORE INTO device_pictures (device_id, url, position) VALUES (806, 'https://fdn2.gsmarena.com/vv/pics/vivo/vivo-neo10-pro-cn-1.jpg', 1);
INSERT OR IGNORE INTO device_pictures (device_id, url, position) VALUES (806, 'https://fdn2.gsmarena.com/vv/pics/vivo/vivo-neo10-pro-cn-2.jpg', 2);
INSERT OR IGNORE INTO device_pictures (device_id, url, position) VALUES (806, 'https://fdn2.gsmarena.com/vv/pics/vivo/vivo-neo10-pro-cn-3.jpg', 3);
INSERT OR IGNORE INTO devices (id, brand_id, name, gsmarena_url, thumbnail_url, summary) VALUES (807, 5, 'S20 Pro', 'https://www.gsmarena.com/vivo_s20_pro-13527.php', 'https://fdn2.gsmarena.com/vv/bigpic/vivo-s20-pro-.jpg', 'S20 Pro');
INSERT OR IGNORE INTO device_specs (device_id, announced, status, network, os, chipset, cpu, gpu, display_size, display_type, display_res, ram, storage, main_camera, selfie_camera, battery, charging, nfc, usb, bluetooth, wlan, colors, weight, dimensions, sim, sensors, popularity, fans, rating, full_specs_json) VALUES (807, '2024, November 28', 'Available. Released 2024, December 12', 'GSM / CDMA / HSPA / LTE / 5G / 5G', 'Android 15, OriginOS 5', 'Mediatek Dimensity 9300+ (4 nm)', 'Octa-core (1x3.4 GHz Cortex-X4 & 3x2.85 GHz Cortex-X4 & 4x2.0 GHz Cortex-A720)', 'Immortalis-G720 MC12', '6.67 inches, 107.4 cm 2 (~89.2% screen-to-body ratio)', 'AMOLED, 1B colors, 120Hz, 1600 nits (HBM), 5000 nits (peak)', '1260 x 2800 pixels, 20:9 ratio (~460 ppi density)', '12GB', '256GB', '50 MP, f/1.9, 23mm (wide), 1/1.56", PDAF, OIS, Ring-LED flash, panorama, HDR', '50 MP, f/2.0, 22mm (wide), AF, 4K, 1080p', 'Si/C Li-Ion 5500 mAh', '90W wired, PD', 'Yes', 'USB Type-C 2.0, OTG', '5.4, A2DP, LE, aptX HD, LHDC 5', 'Wi-Fi 802.11 a/b/g/n/ac/6/7, dual-band, Wi-Fi Direct', 'Gray, Purple, Gold', '194 g (6.84 oz)', '160.6 x 75 x 7.5 mm (6.32 x 2.95 x 0.30 in)', 'Nano-SIM + Nano-SIM', 'Fingerprint (under display, optical), accelerometer, gyro, proximity, compass', 'About 450 EUR', NULL, NULL, '[{"category":"Network","specs":[{"label":"Technology","value":"GSM / CDMA / HSPA / LTE / 5G"},{"label":"2G bands","value":"GSM 850 / 900 / 1800 / 1900"},{"label":"3G bands","value":"HSDPA 800 / 850 / 900 / 1700(AWS) / 1900 / 2100"},{"label":"4G bands","value":"1, 3, 4, 5, 7, 8, 18, 19, 26, 28, 34, 38, 39, 40, 41"},{"label":"5G bands","value":"1, 3, 5, 8, 28, 38, 40, 41, 77, 78 SA/NSA"},{"label":"Speed","value":"HSPA, LTE, 5G"}]},{"category":"Launch","specs":[{"label":"Announced","value":"2024, November 28"},{"label":"Status","value":"Available. Released 2024, December 12"}]},{"category":"Body","specs":[{"label":"Dimensions","value":"160.6 x 75 x 7.5 mm (6.32 x 2.95 x 0.30 in)"},{"label":"Weight","value":"194 g (6.84 oz)"},{"label":"SIM","value":"Nano-SIM + Nano-SIM"}]},{"category":"Display","specs":[{"label":"Type","value":"AMOLED, 1B colors, 120Hz, 1600 nits (HBM), 5000 nits (peak)"},{"label":"Size","value":"6.67 inches, 107.4 cm 2 (~89.2% screen-to-body ratio)"},{"label":"Resolution","value":"1260 x 2800 pixels, 20:9 ratio (~460 ppi density)"}]},{"category":"Platform","specs":[{"label":"OS","value":"Android 15, OriginOS 5"},{"label":"Chipset","value":"Mediatek Dimensity 9300+ (4 nm)"},{"label":"CPU","value":"Octa-core (1x3.4 GHz Cortex-X4 & 3x2.85 GHz Cortex-X4 & 4x2.0 GHz Cortex-A720)"},{"label":"GPU","value":"Immortalis-G720 MC12"}]},{"category":"Memory","specs":[{"label":"Card slot","value":"No"},{"label":"Internal","value":"256GB 12GB RAM, 512GB 12GB RAM, 512GB 16GB RAM"}]},{"category":"Main Camera","specs":[{"label":"Triple","value":"50 MP, f/1.9, 23mm (wide), 1/1.56\\", PDAF, OIS"},{"label":"Features","value":"Ring-LED flash, panorama, HDR"},{"label":"Video","value":"4K, 1080p, gyro-EIS"}]},{"category":"Selfie camera","specs":[{"label":"Single","value":"50 MP, f/2.0, 22mm (wide), AF"},{"label":"Video","value":"4K, 1080p"},{"label":"Features","value":"HDR"}]},{"category":"Sound","specs":[{"label":"Loudspeaker","value":"Yes, with stereo speakers"},{"label":"3.5mm jack","value":"No"}]},{"category":"Comms","specs":[{"label":"WLAN","value":"Wi-Fi 802.11 a/b/g/n/ac/6/7, dual-band, Wi-Fi Direct"},{"label":"Bluetooth","value":"5.4, A2DP, LE, aptX HD, LHDC 5"},{"label":"Positioning","value":"GPS (L1+L5), GLONASS, BDS (B1I+B1c+B2a), GALILEO (E1+E5a), QZSS (L1+L5), NavIC (L5)"},{"label":"NFC","value":"Yes"},{"label":"USB","value":"USB Type-C 2.0, OTG"},{"label":"Radio","value":"No"},{"label":"Infrared port","value":"Yes"}]},{"category":"Features","specs":[{"label":"Sensors","value":"Fingerprint (under display, optical), accelerometer, gyro, proximity, compass"}]},{"category":"Battery","specs":[{"label":"Type","value":"Si/C Li-Ion 5500 mAh"},{"label":"Charging","value":"90W wired, PD"}]},{"category":"Misc","specs":[{"label":"Colors","value":"Gray, Purple, Gold"},{"label":"Models","value":"V2430A"},{"label":"Price","value":"About 450 EUR"}]}]');
INSERT OR IGNORE INTO device_pictures (device_id, url, position) VALUES (807, 'https://fdn2.gsmarena.com/vv/bigpic/vivo-s20-pro-.jpg', 0);
INSERT OR IGNORE INTO device_pictures (device_id, url, position) VALUES (807, 'https://fdn2.gsmarena.com/vv/pics/vivo/vivo-s20-pro-1.jpg', 1);
INSERT OR IGNORE INTO device_pictures (device_id, url, position) VALUES (807, 'https://fdn2.gsmarena.com/vv/pics/vivo/vivo-s20-pro-2.jpg', 2);
INSERT OR IGNORE INTO devices (id, brand_id, name, gsmarena_url, thumbnail_url, summary) VALUES (808, 5, 'S20', 'https://www.gsmarena.com/vivo_s20-13528.php', 'https://fdn2.gsmarena.com/vv/bigpic/vivo-s20.jpg', 'S20');
INSERT OR IGNORE INTO device_specs (device_id, announced, status, network, os, chipset, cpu, gpu, display_size, display_type, display_res, ram, storage, main_camera, selfie_camera, battery, charging, nfc, usb, bluetooth, wlan, colors, weight, dimensions, sim, sensors, popularity, fans, rating, full_specs_json) VALUES (808, '2024, November 28', 'Available. Released 2024, December 06', 'GSM / CDMA / HSPA / LTE / 5G / 5G', 'Android 15, OriginOS 5', 'Qualcomm SM7550-AB Snapdragon 7 Gen 3 (4 nm)', 'Octa-core (1x2.63 GHz Cortex-A715 & 3x2.4 GHz Cortex-A715 & 4x1.8 GHz Cortex-A510)', 'Adreno 720', '6.67 inches, 107.4 cm 2 (~90.2% screen-to-body ratio)', 'AMOLED, 1B colors, 120Hz, 1300 nits (HBM), 5000 nits (peak)', '1260 x 2800 pixels, 20:9 ratio (~460 ppi density)', '8GB', '256GB', '50 MP, f/1.9, 23mm (wide), 1/1.55", PDAF, OIS, Ring-LED flash, panorama, HDR', '50 MP, f/2.0, 22mm (wide), AF, 4K, 1080p', 'Si/C Li-Ion 6500 mAh', '90W wired, PD', 'Yes', 'USB Type-C 2.0, OTG', '5.4, A2DP, LE, aptX HD, aptX Adaptive, aptX Lossless, LHDC 5', 'Wi-Fi 802.11 a/b/g/n/ac/6, dual-band, Wi-Fi Direct', 'Gray, Gold, White', '186 g (6.56 oz)', '160.4 x 74.2 x 7.2 mm (6.31 x 2.92 x 0.28 in)', 'Nano-SIM + Nano-SIM', 'Fingerprint (under display, optical), accelerometer, gyro, proximity, compass', 'About 300 EUR', NULL, NULL, '[{"category":"Network","specs":[{"label":"Technology","value":"GSM / CDMA / HSPA / LTE / 5G"},{"label":"2G bands","value":"GSM 850 / 900 / 1800 / 1900"},{"label":"3G bands","value":"HSDPA 800 / 850 / 900 / 1700(AWS) / 1900 / 2100"},{"label":"4G bands","value":"1, 3, 4, 5, 7, 8, 18, 19, 26, 28, 34, 38, 39, 40, 41"},{"label":"5G bands","value":"1, 3, 5, 8, 28, 38, 40, 41, 77, 78 SA/NSA"},{"label":"Speed","value":"HSPA, LTE, 5G"}]},{"category":"Launch","specs":[{"label":"Announced","value":"2024, November 28"},{"label":"Status","value":"Available. Released 2024, December 06"}]},{"category":"Body","specs":[{"label":"Dimensions","value":"160.4 x 74.2 x 7.2 mm (6.31 x 2.92 x 0.28 in)"},{"label":"Weight","value":"186 g (6.56 oz)"},{"label":"SIM","value":"Nano-SIM + Nano-SIM"}]},{"category":"Display","specs":[{"label":"Type","value":"AMOLED, 1B colors, 120Hz, 1300 nits (HBM), 5000 nits (peak)"},{"label":"Size","value":"6.67 inches, 107.4 cm 2 (~90.2% screen-to-body ratio)"},{"label":"Resolution","value":"1260 x 2800 pixels, 20:9 ratio (~460 ppi density)"},{"label":"Protection","value":"Scratch/drop-resistant glass"}]},{"category":"Platform","specs":[{"label":"OS","value":"Android 15, OriginOS 5"},{"label":"Chipset","value":"Qualcomm SM7550-AB Snapdragon 7 Gen 3 (4 nm)"},{"label":"CPU","value":"Octa-core (1x2.63 GHz Cortex-A715 & 3x2.4 GHz Cortex-A715 & 4x1.8 GHz Cortex-A510)"},{"label":"GPU","value":"Adreno 720"}]},{"category":"Memory","specs":[{"label":"Card slot","value":"No"},{"label":"Internal","value":"256GB 8GB RAM, 256GB 12GB RAM, 512GB 12GB RAM, 512GB 16GB RAM"}]},{"category":"Main Camera","specs":[{"label":"Dual","value":"50 MP, f/1.9, 23mm (wide), 1/1.55\\", PDAF, OIS"},{"label":"Features","value":"Ring-LED flash, panorama, HDR"},{"label":"Video","value":"4K, 1080p, gyro-EIS"}]},{"category":"Selfie camera","specs":[{"label":"Single","value":"50 MP, f/2.0, 22mm (wide), AF"},{"label":"Video","value":"4K, 1080p"},{"label":"Features","value":"HDR"}]},{"category":"Sound","specs":[{"label":"Loudspeaker","value":"Yes, with stereo speakers"},{"label":"3.5mm jack","value":"No"}]},{"category":"Comms","specs":[{"label":"WLAN","value":"Wi-Fi 802.11 a/b/g/n/ac/6, dual-band, Wi-Fi Direct"},{"label":"Bluetooth","value":"5.4, A2DP, LE, aptX HD, aptX Adaptive, aptX Lossless, LHDC 5"},{"label":"Positioning","value":"GPS, GALILEO, GLONASS, QZSS, BDS (B1I+B1c)"},{"label":"NFC","value":"Yes"},{"label":"USB","value":"USB Type-C 2.0, OTG"},{"label":"Radio","value":"No"},{"label":"Infrared port","value":"Yes"}]},{"category":"Features","specs":[{"label":"Sensors","value":"Fingerprint (under display, optical), accelerometer, gyro, proximity, compass"}]},{"category":"Battery","specs":[{"label":"Type","value":"Si/C Li-Ion 6500 mAh"},{"label":"Charging","value":"90W wired, PD"}]},{"category":"Misc","specs":[{"label":"Colors","value":"Gray, Gold, White"},{"label":"Models","value":"V2429A"},{"label":"Price","value":"About 300 EUR"}]}]');
INSERT OR IGNORE INTO device_pictures (device_id, url, position) VALUES (808, 'https://fdn2.gsmarena.com/vv/bigpic/vivo-s20.jpg', 0);
INSERT OR IGNORE INTO device_pictures (device_id, url, position) VALUES (808, 'https://fdn2.gsmarena.com/vv/pics/vivo/vivo-s20-1.jpg', 1);
INSERT OR IGNORE INTO device_pictures (device_id, url, position) VALUES (808, 'https://fdn2.gsmarena.com/vv/pics/vivo/vivo-s20-2.jpg', 2);
INSERT OR IGNORE INTO devices (id, brand_id, name, gsmarena_url, thumbnail_url, summary) VALUES (809, 5, 'Y300', 'https://www.gsmarena.com/vivo_y300-13498.php', 'https://fdn2.gsmarena.com/vv/bigpic/vivo-y300-5g.jpg', 'Y300');
INSERT OR IGNORE INTO device_specs (device_id, announced, status, network, os, chipset, cpu, gpu, display_size, display_type, display_res, ram, storage, main_camera, selfie_camera, battery, charging, nfc, usb, bluetooth, wlan, colors, weight, dimensions, sim, sensors, popularity, fans, rating, full_specs_json) VALUES (809, '2024, November 21', 'Available. Released 2024, November 26', 'GSM / HSPA / LTE / 5G / 5G', 'Android 14, Funtouch 14', 'Qualcomm SM4450 Snapdragon 4 Gen 2 (4 nm)', 'Octa-core (2x2.2 GHz Cortex-A78 & 6x1.95 GHz Cortex-A55)', 'Adreno 613', '6.67 inches, 107.4 cm 2 (~86.7% screen-to-body ratio)', 'AMOLED, 1B colors, 120Hz, 1200 nits (HBM), 1800 nits (peak)', '1080 x 2400 pixels, 20:9 ratio (~395 ppi density)', '8GB', '128GB', '50 MP, f/1.8, (wide), 1/1.95", 0.8µm, PDAF, Ring-LED flash, panorama, HDR', '32 MP, f/2.5, (wide), 1080p@30fps', 'Li-Ion 5000 mAh', '80W wired, 80% in 30 min', 'No', 'USB Type-C 2.0, OTG', '5.0, A2DP, LE', 'Wi-Fi 802.11 a/b/g/n/ac, dual-band', 'Titanium Silver, Carbon Black, Emerald Green', '188 g or 190 g (6.63 oz)', '163.2 x 75.9 x 7.8 mm or 8.0 mm', 'Nano-SIM + Nano-SIM', 'Fingerprint (under display, optical), accelerometer, gyro, proximity, compass', 'About 250 EUR', NULL, NULL, '[{"category":"Network","specs":[{"label":"Technology","value":"GSM / HSPA / LTE / 5G"},{"label":"2G bands","value":"GSM 850 / 900 / 1800 / 1900"},{"label":"3G bands","value":"HSDPA 850 / 900 / 2100"},{"label":"4G bands","value":"1, 3, 5, 8, 28, 38, 40, 41"},{"label":"5G bands","value":"1, 3, 5, 8, 28, 40, 77, 78 SA/NSA"},{"label":"Speed","value":"HSPA, LTE, 5G"}]},{"category":"Launch","specs":[{"label":"Announced","value":"2024, November 21"},{"label":"Status","value":"Available. Released 2024, November 26"}]},{"category":"Body","specs":[{"label":"Dimensions","value":"163.2 x 75.9 x 7.8 mm or 8.0 mm"},{"label":"Weight","value":"188 g or 190 g (6.63 oz)"},{"label":"Build","value":"Glass front, plastic back, plastic frame"},{"label":"SIM","value":"Nano-SIM + Nano-SIM"}]},{"category":"Display","specs":[{"label":"Type","value":"AMOLED, 1B colors, 120Hz, 1200 nits (HBM), 1800 nits (peak)"},{"label":"Size","value":"6.67 inches, 107.4 cm 2 (~86.7% screen-to-body ratio)"},{"label":"Resolution","value":"1080 x 2400 pixels, 20:9 ratio (~395 ppi density)"}]},{"category":"Platform","specs":[{"label":"OS","value":"Android 14, Funtouch 14"},{"label":"Chipset","value":"Qualcomm SM4450 Snapdragon 4 Gen 2 (4 nm)"},{"label":"CPU","value":"Octa-core (2x2.2 GHz Cortex-A78 & 6x1.95 GHz Cortex-A55)"},{"label":"GPU","value":"Adreno 613"}]},{"category":"Memory","specs":[{"label":"Card slot","value":"microSDXC (uses shared SIM slot)"},{"label":"Internal","value":"128GB 8GB RAM, 256GB 8GB RAM"}]},{"category":"Main Camera","specs":[{"label":"Dual","value":"50 MP, f/1.8, (wide), 1/1.95\\", 0.8µm, PDAF"},{"label":"Features","value":"Ring-LED flash, panorama, HDR"},{"label":"Video","value":"1080p@30fps"}]},{"category":"Selfie camera","specs":[{"label":"Single","value":"32 MP, f/2.5, (wide)"},{"label":"Video","value":"1080p@30fps"}]},{"category":"Sound","specs":[{"label":"Loudspeaker","value":"Yes, with stereo speakers"},{"label":"3.5mm jack","value":"No"}]},{"category":"Comms","specs":[{"label":"WLAN","value":"Wi-Fi 802.11 a/b/g/n/ac, dual-band"},{"label":"Bluetooth","value":"5.0, A2DP, LE"},{"label":"Positioning","value":"GPS, GALILEO, GLONASS, QZSS, BDS, NavIC"},{"label":"NFC","value":"No"},{"label":"USB","value":"USB Type-C 2.0, OTG"},{"label":"Radio","value":"No"}]},{"category":"Features","specs":[{"label":"Sensors","value":"Fingerprint (under display, optical), accelerometer, gyro, proximity, compass"}]},{"category":"Battery","specs":[{"label":"Type","value":"Li-Ion 5000 mAh"},{"label":"Charging","value":"80W wired, 80% in 30 min"}]},{"category":"Misc","specs":[{"label":"Colors","value":"Titanium Silver, Carbon Black, Emerald Green"},{"label":"Models","value":"V2416"},{"label":"SAR","value":"0.99 W/kg (head)     0.99 W/kg (body)"},{"label":"Price","value":"About 250 EUR"}]}]');
INSERT OR IGNORE INTO device_pictures (device_id, url, position) VALUES (809, 'https://fdn2.gsmarena.com/vv/bigpic/vivo-y300-5g.jpg', 0);
INSERT OR IGNORE INTO device_pictures (device_id, url, position) VALUES (809, 'https://fdn2.gsmarena.com/vv/pics/vivo/vivo-y300-5g-1.jpg', 1);
INSERT OR IGNORE INTO device_pictures (device_id, url, position) VALUES (809, 'https://fdn2.gsmarena.com/vv/pics/vivo/vivo-y300-5g-2.jpg', 2);
INSERT OR IGNORE INTO devices (id, brand_id, name, gsmarena_url, thumbnail_url, summary) VALUES (810, 5, 'Y18t', 'https://www.gsmarena.com/vivo_y18t-13492.php', 'https://fdn2.gsmarena.com/vv/bigpic/vivo-y03.jpg', 'Y18t');
INSERT OR IGNORE INTO device_specs (device_id, announced, status, network, os, chipset, cpu, gpu, display_size, display_type, display_res, ram, storage, main_camera, selfie_camera, battery, charging, nfc, usb, bluetooth, wlan, colors, weight, dimensions, sim, sensors, popularity, fans, rating, full_specs_json) VALUES (810, '2024, November 12', 'Available. Released 2024, November 12', 'GSM / HSPA / LTE / 4G/LTE', 'Android 14, Funtouch 14', 'Unisoc T612 (12 nm)', 'Octa-core (2x1.8 GHz Cortex-A75 & 6x1.8 GHz Cortex-A55)', 'Mali-G57 MP1', '6.56 inches, 103.4 cm 2 (~83.6% screen-to-body ratio)', 'IPS LCD, 90Hz, 840 nits (HBM)', '720 x 1612 pixels, 20:9 ratio (~269 ppi density)', '4GB', '128GB', '50 MP, f/1.8, (wide), PDAF, LED flash, panorama', '8 MP, f/2.0, (wide), Yes', 'Li-Ion 5000 mAh', '15W wired', 'No', 'USB Type-C 2.0, OTG', '5.2, A2DP, LE', 'Wi-Fi 802.11 a/b/g/n/ac, dual-band', 'Space Black, Gem Green', '185 g (6.53 oz)', '163.6 x 75.6 x 8.4 mm (6.44 x 2.98 x 0.33 in)', 'Nano-SIM + Nano-SIM', 'Accelerometer, proximity, compass', 'About 110 EUR', NULL, NULL, '[{"category":"Network","specs":[{"label":"Technology","value":"GSM / HSPA / LTE"},{"label":"2G bands","value":"GSM 850 / 900 / 1800 / 1900"},{"label":"3G bands","value":"HSDPA 850 / 900 / 2100"},{"label":"4G bands","value":"1, 3, 5, 8, 38, 40, 41"},{"label":"Speed","value":"HSPA, LTE"}]},{"category":"Launch","specs":[{"label":"Announced","value":"2024, November 12"},{"label":"Status","value":"Available. Released 2024, November 12"}]},{"category":"Body","specs":[{"label":"Dimensions","value":"163.6 x 75.6 x 8.4 mm (6.44 x 2.98 x 0.33 in)"},{"label":"Weight","value":"185 g (6.53 oz)"},{"label":"Build","value":"Glass front, plastic frame, plastic back"},{"label":"SIM","value":"Nano-SIM + Nano-SIM"}]},{"category":"Display","specs":[{"label":"Type","value":"IPS LCD, 90Hz, 840 nits (HBM)"},{"label":"Size","value":"6.56 inches, 103.4 cm 2 (~83.6% screen-to-body ratio)"},{"label":"Resolution","value":"720 x 1612 pixels, 20:9 ratio (~269 ppi density)"}]},{"category":"Platform","specs":[{"label":"OS","value":"Android 14, Funtouch 14"},{"label":"Chipset","value":"Unisoc T612 (12 nm)"},{"label":"CPU","value":"Octa-core (2x1.8 GHz Cortex-A75 & 6x1.8 GHz Cortex-A55)"},{"label":"GPU","value":"Mali-G57 MP1"}]},{"category":"Memory","specs":[{"label":"Card slot","value":"microSDXC (dedicated slot)"},{"label":"Internal","value":"128GB 4GB RAM"}]},{"category":"Main Camera","specs":[{"label":"Single","value":"50 MP, f/1.8, (wide), PDAF"},{"label":"Features","value":"LED flash, panorama"},{"label":"Video","value":"1080p@30fps"}]},{"category":"Selfie camera","specs":[{"label":"Single","value":"8 MP, f/2.0, (wide)"},{"label":"Video","value":"Yes"}]},{"category":"Sound","specs":[{"label":"Loudspeaker","value":"Yes"},{"label":"3.5mm jack","value":"Yes"}]},{"category":"Comms","specs":[{"label":"WLAN","value":"Wi-Fi 802.11 a/b/g/n/ac, dual-band"},{"label":"Bluetooth","value":"5.2, A2DP, LE"},{"label":"Positioning","value":"GPS, GALILEO, GLONASS, BDS, QZSS"},{"label":"NFC","value":"No"},{"label":"USB","value":"USB Type-C 2.0, OTG"},{"label":"Radio","value":"FM radio"}]},{"category":"Features","specs":[{"label":"Sensors","value":"Accelerometer, proximity, compass"}]},{"category":"Battery","specs":[{"label":"Type","value":"Li-Ion 5000 mAh"},{"label":"Charging","value":"15W wired"}]},{"category":"Misc","specs":[{"label":"Colors","value":"Space Black, Gem Green"},{"label":"Price","value":"About 110 EUR"}]}]');
INSERT OR IGNORE INTO device_pictures (device_id, url, position) VALUES (810, 'https://fdn2.gsmarena.com/vv/bigpic/vivo-y03.jpg', 0);
INSERT OR IGNORE INTO device_pictures (device_id, url, position) VALUES (810, 'https://fdn2.gsmarena.com/vv/pics/vivo/vivo-y03t.jpg', 1);
INSERT OR IGNORE INTO device_pictures (device_id, url, position) VALUES (810, 'https://fdn2.gsmarena.com/vv/pics/vivo/vivo-y03.jpg', 2);
INSERT OR IGNORE INTO devices (id, brand_id, name, gsmarena_url, thumbnail_url, summary) VALUES (811, 5, 'iQOO 13', 'https://www.gsmarena.com/vivo_iqoo_13-13462.php', 'https://fdn2.gsmarena.com/vv/bigpic/vivo-iqoo-13.jpg', 'iQOO 13');
INSERT OR IGNORE INTO device_specs (device_id, announced, status, network, os, chipset, cpu, gpu, display_size, display_type, display_res, ram, storage, main_camera, selfie_camera, battery, charging, nfc, usb, bluetooth, wlan, colors, weight, dimensions, sim, sensors, popularity, fans, rating, full_specs_json) VALUES (811, '2024, October 30', 'Available. Released 2024, November 08', 'GSM / HSPA / LTE / 5G / 5G', 'Android 15, up to 4 major Android upgrades, Funtouch 15 (International), OriginOS 5 (China)', 'Qualcomm SM8750-AB Snapdragon 8 Elite (3 nm)', 'Octa-core (2x4.32 GHz Oryon V2 Phoenix L + 6x3.53 GHz Oryon V2 Phoenix M)', 'Adreno 830', '6.82 inches, 113.0 cm 2 (~90.2% screen-to-body ratio)', 'LTPO AMOLED, 1B colors, 144Hz, 2592Hz PWM, HDR10+, 800 nits (typ), 1800 nits (HBM), 4500 nits (peak)', '1440 x 3168 pixels (~510 ppi density)', '12GB', '256GB', '50 MP, f/1.9, 23mm (wide), 1/1.56", 1.0µm, PDAF, OIS, Color spectrum sensor, Dual-LED flash, HDR, panorama', '32 MP, f/2.5, 28mm (wide), 1/3.15", 0.7µm, 4K@30/60fps, 1080p@30/60fps', 'Market-dependent versions: · Si/C Li-Ion 6150 mAh (Global) · 6000 mAh (India only)', '120W wired, PPS, 100% in 30 min', 'Yes, 360˚', 'USB Type-C 3.2, OTG', '5.4, A2DP, LE, aptX HD, aptX Adaptive, aptX Lossless, LHDC 5', 'Wi-Fi 802.11 a/b/g/n/ac/6/7, dual-band, Wi-Fi Direct', 'Alpha (Black), Nardo Gray (Silver), White (BMW M branding), Ace Green', '207 g or 213 g (7.30 oz)', '163.4 x 76.7 x 8 mm (6.43 x 3.02 x 0.31 in)', 'Nano-SIM + Nano-SIM', 'Fingerprint (under display, ultrasonic), accelerometer, gyro, proximity, compass', 'About 590 EUR', NULL, NULL, '[{"category":"Network","specs":[{"label":"Technology","value":"GSM / HSPA / LTE / 5G"},{"label":"2G bands","value":"GSM 850 / 900 / 1800 / 1900"},{"label":"3G bands","value":"HSDPA 800 / 850 / 900 / 1700(AWS) / 1900 / 2100"},{"label":"4G bands","value":"1, 2, 3, 4, 5, 7, 8, 18, 19, 20, 26, 28, 38, 40, 41, 42, 66 - International"},{"label":"5G bands","value":"1, 3, 5, 7, 8, 20, 28, 38, 40, 41, 77, 78 SA/NSA - International"},{"label":"Speed","value":"HSPA, LTE, 5G"}]},{"category":"Launch","specs":[{"label":"Announced","value":"2024, October 30"},{"label":"Status","value":"Available. Released 2024, November 08"}]},{"category":"Body","specs":[{"label":"Dimensions","value":"163.4 x 76.7 x 8 mm (6.43 x 3.02 x 0.31 in)"},{"label":"Weight","value":"207 g or 213 g (7.30 oz)"},{"label":"Build","value":"Glass front, aluminum alloy frame, glass back or fiber-reinforced plastic back"},{"label":"SIM","value":"Nano-SIM + Nano-SIM"}]},{"category":"Display","specs":[{"label":"Type","value":"LTPO AMOLED, 1B colors, 144Hz, 2592Hz PWM, HDR10+, 800 nits (typ), 1800 nits (HBM), 4500 nits (peak)"},{"label":"Size","value":"6.82 inches, 113.0 cm 2 (~90.2% screen-to-body ratio)"},{"label":"Resolution","value":"1440 x 3168 pixels (~510 ppi density)"},{"label":"Protection","value":"Schott Xensation Alpha"}]},{"category":"Platform","specs":[{"label":"OS","value":"Android 15, up to 4 major Android upgrades, Funtouch 15 (International), OriginOS 5 (China)"},{"label":"Chipset","value":"Qualcomm SM8750-AB Snapdragon 8 Elite (3 nm)"},{"label":"CPU","value":"Octa-core (2x4.32 GHz Oryon V2 Phoenix L + 6x3.53 GHz Oryon V2 Phoenix M)"},{"label":"GPU","value":"Adreno 830"}]},{"category":"Memory","specs":[{"label":"Card slot","value":"No"},{"label":"Internal","value":"256GB 12GB RAM, 256GB 16GB RAM, 512GB 12GB RAM, 512GB 16GB RAM, 1TB 16GB RAM"}]},{"category":"Main Camera","specs":[{"label":"Triple","value":"50 MP, f/1.9, 23mm (wide), 1/1.56\\", 1.0µm, PDAF, OIS"},{"label":"Features","value":"Color spectrum sensor, Dual-LED flash, HDR, panorama"},{"label":"Video","value":"8K@30fps, 4K@24/30/60fps, 1080p@30/60/120/240fps, gyro-EIS"}]},{"category":"Selfie camera","specs":[{"label":"Single","value":"32 MP, f/2.5, 28mm (wide), 1/3.15\\", 0.7µm"},{"label":"Video","value":"4K@30/60fps, 1080p@30/60fps"},{"label":"Features","value":"HDR"}]},{"category":"Sound","specs":[{"label":"Loudspeaker","value":"Yes, with stereo speakers"},{"label":"3.5mm jack","value":"No"}]},{"category":"Comms","specs":[{"label":"WLAN","value":"Wi-Fi 802.11 a/b/g/n/ac/6/7, dual-band, Wi-Fi Direct"},{"label":"Bluetooth","value":"5.4, A2DP, LE, aptX HD, aptX Adaptive, aptX Lossless, LHDC 5"},{"label":"Positioning","value":"GPS (L1+L5), GLONASS (G1), BDS (B1I+B1c+B2a), GALILEO (E1+E5a), QZSS (L1+L5)"},{"label":"NFC","value":"Yes, 360˚"},{"label":"USB","value":"USB Type-C 3.2, OTG"},{"label":"Radio","value":"No"},{"label":"Infrared port","value":"Yes"}]},{"category":"Features","specs":[{"label":"Sensors","value":"Fingerprint (under display, ultrasonic), accelerometer, gyro, proximity, compass"}]},{"category":"Battery","specs":[{"label":"Type","value":"Market-dependent versions: · Si/C Li-Ion 6150 mAh (Global) · 6000 mAh (India only)"},{"label":"Charging","value":"120W wired, PPS, 100% in 30 min"}]},{"category":"Misc","specs":[{"label":"Colors","value":"Alpha (Black), Nardo Gray (Silver), White (BMW M branding), Ace Green"},{"label":"Models","value":"V2408A, I2401"},{"label":"Price","value":"About 590 EUR"}]}]');
INSERT OR IGNORE INTO device_pictures (device_id, url, position) VALUES (811, 'https://fdn2.gsmarena.com/vv/bigpic/vivo-iqoo-13.jpg', 0);
INSERT OR IGNORE INTO device_pictures (device_id, url, position) VALUES (811, 'https://fdn2.gsmarena.com/vv/pics/vivo/vivo-iqoo-13-1.jpg', 1);
INSERT OR IGNORE INTO device_pictures (device_id, url, position) VALUES (811, 'https://fdn2.gsmarena.com/vv/pics/vivo/vivo-iqoo-13-2.jpg', 2);
INSERT OR IGNORE INTO device_pictures (device_id, url, position) VALUES (811, 'https://fdn2.gsmarena.com/vv/pics/vivo/vivo-iqoo-13-11.jpg', 3);
INSERT OR IGNORE INTO device_pictures (device_id, url, position) VALUES (811, 'https://fdn.gsmarena.com/imgroot/reviews/24/iqoo-13/lifestyle/-1024w2/gsmarena_001.jpg', 4);
INSERT OR IGNORE INTO device_pictures (device_id, url, position) VALUES (811, 'https://fdn.gsmarena.com/imgroot/reviews/24/iqoo-13/lifestyle/-1024w2/gsmarena_003.jpg', 5);
INSERT OR IGNORE INTO device_pictures (device_id, url, position) VALUES (811, 'https://fdn.gsmarena.com/imgroot/reviews/24/iqoo-13/lifestyle/-1024w2/gsmarena_004.jpg', 6);
INSERT OR IGNORE INTO device_pictures (device_id, url, position) VALUES (811, 'https://fdn.gsmarena.com/imgroot/reviews/24/iqoo-13/lifestyle/-1024w2/gsmarena_005.jpg', 7);
INSERT OR IGNORE INTO device_pictures (device_id, url, position) VALUES (811, 'https://fdn.gsmarena.com/imgroot/reviews/24/iqoo-13/lifestyle/-1024w2/gsmarena_006.jpg', 8);
INSERT OR IGNORE INTO device_pictures (device_id, url, position) VALUES (811, 'https://fdn.gsmarena.com/imgroot/reviews/24/iqoo-13/lifestyle/-1024w2/gsmarena_015.jpg', 9);
INSERT OR IGNORE INTO devices (id, brand_id, name, gsmarena_url, thumbnail_url, summary) VALUES (812, 5, 'Y300 Plus', 'https://www.gsmarena.com/vivo_y300_plus-13427.php', 'https://fdn2.gsmarena.com/vv/bigpic/vivo-y300-plus-5g-.jpg', 'Y300 Plus');
INSERT OR IGNORE INTO device_specs (device_id, announced, status, network, os, chipset, cpu, gpu, display_size, display_type, display_res, ram, storage, main_camera, selfie_camera, battery, charging, nfc, usb, bluetooth, wlan, colors, weight, dimensions, sim, sensors, popularity, fans, rating, full_specs_json) VALUES (812, '2024, October 16', 'Available. Released 2024, October 16', 'GSM / HSPA / LTE / 5G / 5G', 'Android 14, Funtouch 14', 'Qualcomm SM6375 Snapdragon 695 5G (6 nm)', 'Octa-core (2x2.2 GHz Kryo 660 Gold & 6x1.8 GHz Kryo 660 Silver)', 'Adreno 619', '6.78 inches, 111.0 cm 2 (~90.1% screen-to-body ratio)', 'AMOLED, 120Hz, 1300 nits (peak)', '1080 x 2400 pixels, 20:9 ratio (~388 ppi density)', '8GB', '128GB', '50 MP, f/1.8, (wide), PDAF, LED flash, HDR, panorama', '32 MP, f/2.5, (wide), 1080p@30fps', '5000 mAh', '44W wired', 'No', 'USB Type-C, OTG', '5.1, A2DP, LE', 'Wi-Fi 802.11 a/b/g/n/ac, dual-band', 'Silk black, Silk green', '172 g or 183 g (6.07 oz)', '164.4 x 74.9 x 7.5 mm (6.47 x 2.95 x 0.30 in)', 'Nano-SIM + Nano-SIM', 'Fingerprint (under display, optical), accelerometer, gyro, proximity, compass', 'About 260 EUR', NULL, NULL, '[{"category":"Network","specs":[{"label":"Technology","value":"GSM / HSPA / LTE / 5G"},{"label":"2G bands","value":"GSM 850 / 900 / 1800 / 1900"},{"label":"3G bands","value":"HSDPA 850 / 900 / 2100"},{"label":"4G bands","value":"1, 3, 5, 8, 28, 38, 40, 41"},{"label":"5G bands","value":"1, 3, 5, 8, 28, 77, 78 SA/NSA"},{"label":"Speed","value":"HSPA, LTE, 5G"}]},{"category":"Launch","specs":[{"label":"Announced","value":"2024, October 16"},{"label":"Status","value":"Available. Released 2024, October 16"}]},{"category":"Body","specs":[{"label":"Dimensions","value":"164.4 x 74.9 x 7.5 mm (6.47 x 2.95 x 0.30 in)"},{"label":"Weight","value":"172 g or 183 g (6.07 oz)"},{"label":"Build","value":"Glass front, plastic back or glass back, plastic frame"},{"label":"SIM","value":"Nano-SIM + Nano-SIM"}]},{"category":"Display","specs":[{"label":"Type","value":"AMOLED, 120Hz, 1300 nits (peak)"},{"label":"Size","value":"6.78 inches, 111.0 cm 2 (~90.1% screen-to-body ratio)"},{"label":"Resolution","value":"1080 x 2400 pixels, 20:9 ratio (~388 ppi density)"}]},{"category":"Platform","specs":[{"label":"OS","value":"Android 14, Funtouch 14"},{"label":"Chipset","value":"Qualcomm SM6375 Snapdragon 695 5G (6 nm)"},{"label":"CPU","value":"Octa-core (2x2.2 GHz Kryo 660 Gold & 6x1.8 GHz Kryo 660 Silver)"},{"label":"GPU","value":"Adreno 619"}]},{"category":"Memory","specs":[{"label":"Card slot","value":"No"},{"label":"Internal","value":"128GB 8GB RAM"}]},{"category":"Main Camera","specs":[{"label":"Dual","value":"50 MP, f/1.8, (wide), PDAF"},{"label":"Features","value":"LED flash, HDR, panorama"},{"label":"Video","value":"1080p@30fps"}]},{"category":"Selfie camera","specs":[{"label":"Single","value":"32 MP, f/2.5, (wide)"},{"label":"Video","value":"1080p@30fps"}]},{"category":"Sound","specs":[{"label":"Loudspeaker","value":"Yes"},{"label":"3.5mm jack","value":"No"}]},{"category":"Comms","specs":[{"label":"WLAN","value":"Wi-Fi 802.11 a/b/g/n/ac, dual-band"},{"label":"Bluetooth","value":"5.1, A2DP, LE"},{"label":"Positioning","value":"GPS, GLONASS, GALILEO, BDS, QZSS, NavIC"},{"label":"NFC","value":"No"},{"label":"USB","value":"USB Type-C, OTG"},{"label":"Radio","value":"Unspecified"}]},{"category":"Features","specs":[{"label":"Sensors","value":"Fingerprint (under display, optical), accelerometer, gyro, proximity, compass"}]},{"category":"Battery","specs":[{"label":"Type","value":"5000 mAh"},{"label":"Charging","value":"44W wired"}]},{"category":"Misc","specs":[{"label":"Colors","value":"Silk black, Silk green"},{"label":"Models","value":"V2422"},{"label":"SAR","value":"0.95 W/kg (head)     0.91 W/kg (body)"},{"label":"Price","value":"About 260 EUR"}]}]');
INSERT OR IGNORE INTO device_pictures (device_id, url, position) VALUES (812, 'https://fdn2.gsmarena.com/vv/bigpic/vivo-y300-plus-5g-.jpg', 0);
INSERT OR IGNORE INTO device_pictures (device_id, url, position) VALUES (812, 'https://fdn2.gsmarena.com/vv/pics/vivo/vivo-y300-plus-5g-11.jpg', 1);
INSERT OR IGNORE INTO devices (id, brand_id, name, gsmarena_url, thumbnail_url, summary) VALUES (813, 5, 'X200 Pro mini', 'https://www.gsmarena.com/vivo_x200_pro_mini-13434.php', 'https://fdn2.gsmarena.com/vv/bigpic/vivo-x200-pro-mini.jpg', 'X200 Pro mini');
INSERT OR IGNORE INTO device_specs (device_id, announced, status, network, os, chipset, cpu, gpu, display_size, display_type, display_res, ram, storage, main_camera, selfie_camera, battery, charging, nfc, usb, bluetooth, wlan, colors, weight, dimensions, sim, sensors, popularity, fans, rating, full_specs_json) VALUES (813, '2024, October 14', 'Available. Released 2024, October 25', 'GSM / HSPA / LTE / 5G / 5G', 'Android 15, OriginOS 5 (China)', 'Mediatek Dimensity 9400 (3 nm)', 'Octa-core (1x3.63 GHz Cortex-X925 & 3x3.3 GHz Cortex-X4 & 4x2.4 GHz Cortex-A720)', 'Immortalis-G925', '6.31 inches, 98.0 cm 2 (~90.5% screen-to-body ratio)', 'LTPO AMOLED, 1B colors, 120Hz, 2160Hz PWM, HDR10+, 4500 nits (peak)', '1216 x 2640 pixels, 19.5:9 ratio (~460 ppi density)', '12GB', '256GB', '50 MP, f/1.6, 23mm (wide), 1/1.28", 1.22µm, PDAF, OIS, Laser AF, Zeiss optics, Zeiss T* lens coating, LED flash, panorama, HDR', '32 MP, f/2.0, 20mm (ultrawide), 4K, 1080p', 'Si/C Li-Ion 5700 mAh', '90W wired', 'Yes', 'USB Type-C 2.0, OTG', '5.4, A2DP, LE, aptX HD, LHDC 5', 'Wi-Fi 802.11 a/b/g/n/ac/6/7, dual-band', 'Black, White, Green, Pink', '187 g (6.60 oz)', '150.8 x 71.8 x 8.2 mm (5.94 x 2.83 x 0.32 in)', 'Nano-SIM + Nano-SIM', 'Fingerprint (under display, optical), accelerometer, gyro, proximity, compass', 'About 610 EUR', NULL, NULL, '[{"category":"Network","specs":[{"label":"Technology","value":"GSM / HSPA / LTE / 5G"},{"label":"2G bands","value":"GSM 850 / 900 / 1800 / 1900"},{"label":"3G bands","value":"HSDPA 800 / 850 / 900 / 1700(AWS) / 1900 / 2100"},{"label":"4G bands","value":"1, 2, 3, 4, 5, 7, 8, 18, 19, 26, 28, 34, 38, 39, 40, 41, 66"},{"label":"5G bands","value":"1, 3, 5, 8, 28, 38, 40, 41, 77, 78 SA/NSA"},{"label":"Speed","value":"HSPA, LTE, 5G"}]},{"category":"Launch","specs":[{"label":"Announced","value":"2024, October 14"},{"label":"Status","value":"Available. Released 2024, October 25"}]},{"category":"Body","specs":[{"label":"Dimensions","value":"150.8 x 71.8 x 8.2 mm (5.94 x 2.83 x 0.32 in)"},{"label":"Weight","value":"187 g (6.60 oz)"},{"label":"Build","value":"Glass front, aluminum alloy frame"},{"label":"SIM","value":"Nano-SIM + Nano-SIM"}]},{"category":"Display","specs":[{"label":"Type","value":"LTPO AMOLED, 1B colors, 120Hz, 2160Hz PWM, HDR10+, 4500 nits (peak)"},{"label":"Size","value":"6.31 inches, 98.0 cm 2 (~90.5% screen-to-body ratio)"},{"label":"Resolution","value":"1216 x 2640 pixels, 19.5:9 ratio (~460 ppi density)"}]},{"category":"Platform","specs":[{"label":"OS","value":"Android 15, OriginOS 5 (China)"},{"label":"Chipset","value":"Mediatek Dimensity 9400 (3 nm)"},{"label":"CPU","value":"Octa-core (1x3.63 GHz Cortex-X925 & 3x3.3 GHz Cortex-X4 & 4x2.4 GHz Cortex-A720)"},{"label":"GPU","value":"Immortalis-G925"}]},{"category":"Memory","specs":[{"label":"Card slot","value":"No"},{"label":"Internal","value":"256GB 12GB RAM, 512GB 12GB RAM, 512GB 16GB RAM, 1TB 16GB RAM"}]},{"category":"Main Camera","specs":[{"label":"Triple","value":"50 MP, f/1.6, 23mm (wide), 1/1.28\\", 1.22µm, PDAF, OIS"},{"label":"Features","value":"Laser AF, Zeiss optics, Zeiss T* lens coating, LED flash, panorama, HDR"},{"label":"Video","value":"4K@30/60fps, 1080p@30/60/120fps, gyro-EIS, HDR"}]},{"category":"Selfie camera","specs":[{"label":"Single","value":"32 MP, f/2.0, 20mm (ultrawide)"},{"label":"Video","value":"4K, 1080p"},{"label":"Features","value":"HDR"}]},{"category":"Sound","specs":[{"label":"Loudspeaker","value":"Yes, with stereo speakers"},{"label":"3.5mm jack","value":"No"}]},{"category":"Comms","specs":[{"label":"WLAN","value":"Wi-Fi 802.11 a/b/g/n/ac/6/7, dual-band"},{"label":"Bluetooth","value":"5.4, A2DP, LE, aptX HD, LHDC 5"},{"label":"Positioning","value":"GPS (L1+L5), GLONASS (L1), BDS (B1I+B1c+B2a+B2b), GALILEO (E1+E5a+E5b), QZSS (L1+L5), NavIC (L5)"},{"label":"NFC","value":"Yes"},{"label":"USB","value":"USB Type-C 2.0, OTG"},{"label":"Radio","value":"No"},{"label":"Infrared port","value":"Yes"}]},{"category":"Features","specs":[{"label":"Sensors","value":"Fingerprint (under display, optical), accelerometer, gyro, proximity, compass"}]},{"category":"Battery","specs":[{"label":"Type","value":"Si/C Li-Ion 5700 mAh"},{"label":"Charging","value":"90W wired"}]},{"category":"Misc","specs":[{"label":"Colors","value":"Black, White, Green, Pink"},{"label":"Models","value":"V2419A"},{"label":"Price","value":"About 610 EUR"}]}]');
INSERT OR IGNORE INTO device_pictures (device_id, url, position) VALUES (813, 'https://fdn2.gsmarena.com/vv/bigpic/vivo-x200-pro-mini.jpg', 0);
INSERT OR IGNORE INTO device_pictures (device_id, url, position) VALUES (813, 'https://fdn2.gsmarena.com/vv/pics/vivo/vivo-x200-pro-mini-1.jpg', 1);
INSERT OR IGNORE INTO device_pictures (device_id, url, position) VALUES (813, 'https://fdn2.gsmarena.com/vv/pics/vivo/vivo-x200-pro-mini-02.jpg', 2);
INSERT OR IGNORE INTO device_pictures (device_id, url, position) VALUES (813, 'https://fdn2.gsmarena.com/vv/pics/vivo/vivo-x200-pro-mini-3.jpg', 3);
INSERT OR IGNORE INTO device_pictures (device_id, url, position) VALUES (813, 'https://fdn2.gsmarena.com/vv/pics/vivo/vivo-x200-pro-mini-2.jpg', 4);
INSERT OR IGNORE INTO devices (id, brand_id, name, gsmarena_url, thumbnail_url, summary) VALUES (814, 5, 'X200 Pro', 'https://www.gsmarena.com/vivo_x200_pro-13410.php', 'https://fdn2.gsmarena.com/vv/bigpic/vivo-x200-pro.jpg', 'X200 Pro');
INSERT OR IGNORE INTO device_specs (device_id, announced, status, network, os, chipset, cpu, gpu, display_size, display_type, display_res, ram, storage, main_camera, selfie_camera, battery, charging, nfc, usb, bluetooth, wlan, colors, weight, dimensions, sim, sensors, popularity, fans, rating, full_specs_json) VALUES (814, '2024, October 14', 'Available. Released 2024, October 19', 'GSM / HSPA / LTE / 5G / 5G', 'Android 15, up to 4 major Android upgrades, Funtouch 15 (International), OriginOS 5 (China)', 'Mediatek Dimensity 9400 (3 nm)', 'Octa-core (1x3.63 GHz Cortex-X925 & 3x3.3 GHz Cortex-X4 & 4x2.4 GHz Cortex-A720)', 'Immortalis-G925', '6.78 inches, 111.5 cm 2 (~90.3% screen-to-body ratio)', 'LTPO AMOLED, 1B colors, 120Hz, 2160Hz PWM, HDR10+, Dolby Vision, 4500 nits (peak)', '1260 x 2800 pixels, 20:9 ratio (~452 ppi density)', '12GB', '256GB', '50 MP, f/1.6, 23mm (wide), 1/1.28", 1.22µm, PDAF, OIS, Laser AF, color spectrum sensor, Zeiss optics, Zeiss T* lens coating, LED flash, panorama, HDR, 3D LUT import', '32 MP, f/2.0, 20mm (ultrawide), 4K@30/60fps, 1080p@30/60fps', '· Si/C Li-Ion 6000 mAh (Global) · Li-Ion 5200 mAh (Austria, Hungary, Germany)', '90W wired', 'Yes', 'USB Type-C 3.2, OTG', '5.4, A2DP, LE, aptX HD, LHDC 5', 'Wi-Fi 802.11 a/b/g/n/ac/6/7, dual-band', 'Cosmos Black, Titanium Grey, Blue, White', '223 g or 228 g (7.87 oz)', '162.4 x 76 x 8.2 mm or 8.5 mm', '· Nano-SIM + Nano-SIM + eSIM (max 2 at a time) · Nano-SIM + Nano-SIM', 'Fingerprint (under display, ultrasonic), accelerometer, gyro, proximity, compass', '₹ 82,900', NULL, NULL, '[{"category":"Network","specs":[{"label":"Technology","value":"GSM / HSPA / LTE / 5G"},{"label":"2G bands","value":"GSM 850 / 900 / 1800 / 1900"},{"label":"3G bands","value":"HSDPA 800 / 850 / 900 / 1700(AWS) / 1900 / 2100 - China"},{"label":"4G bands","value":"1, 2, 3, 4, 5, 7, 8, 12, 17, 18, 19, 20, 26, 28, 32, 34, 38, 39, 40, 41, 42, 66 - International"},{"label":"5G bands","value":"1, 2, 3, 5, 7, 8, 12, 20, 25, 26, 28, 38, 40, 41, 66, 77, 78 SA/NSA/Sub6 - India"},{"label":"Speed","value":"HSPA, LTE, 5G"}]},{"category":"Launch","specs":[{"label":"Announced","value":"2024, October 14"},{"label":"Status","value":"Available. Released 2024, October 19"}]},{"category":"Body","specs":[{"label":"Dimensions","value":"162.4 x 76 x 8.2 mm or 8.5 mm"},{"label":"Weight","value":"223 g or 228 g (7.87 oz)"},{"label":"Build","value":"Glass front, aluminum alloy frame, glass back or fiber-reinforced plastic back"},{"label":"SIM","value":"· Nano-SIM + Nano-SIM + eSIM (max 2 at a time) · Nano-SIM + Nano-SIM"}]},{"category":"Display","specs":[{"label":"Type","value":"LTPO AMOLED, 1B colors, 120Hz, 2160Hz PWM, HDR10+, Dolby Vision, 4500 nits (peak)"},{"label":"Size","value":"6.78 inches, 111.5 cm 2 (~90.3% screen-to-body ratio)"},{"label":"Resolution","value":"1260 x 2800 pixels, 20:9 ratio (~452 ppi density)"},{"label":"Protection","value":"Scratch/drop-resistant glass (Armor Glass)"}]},{"category":"Platform","specs":[{"label":"OS","value":"Android 15, up to 4 major Android upgrades, Funtouch 15 (International), OriginOS 5 (China)"},{"label":"Chipset","value":"Mediatek Dimensity 9400 (3 nm)"},{"label":"CPU","value":"Octa-core (1x3.63 GHz Cortex-X925 & 3x3.3 GHz Cortex-X4 & 4x2.4 GHz Cortex-A720)"},{"label":"GPU","value":"Immortalis-G925"}]},{"category":"Memory","specs":[{"label":"Card slot","value":"No"},{"label":"Internal","value":"256GB 12GB RAM, 512GB 16GB RAM, 1TB 16GB RAM"}]},{"category":"Main Camera","specs":[{"label":"Triple","value":"50 MP, f/1.6, 23mm (wide), 1/1.28\\", 1.22µm, PDAF, OIS"},{"label":"Features","value":"Laser AF, color spectrum sensor, Zeiss optics, Zeiss T* lens coating, LED flash, panorama, HDR, 3D LUT import"},{"label":"Video","value":"8K@30fps, 4K@30/60/120fps, 1080p@30/60/120/240fps, gyro-EIS, 10-bit Log, Dolby Vision HDR"}]},{"category":"Selfie camera","specs":[{"label":"Single","value":"32 MP, f/2.0, 20mm (ultrawide)"},{"label":"Video","value":"4K@30/60fps, 1080p@30/60fps"},{"label":"Features","value":"HDR"}]},{"category":"Sound","specs":[{"label":"Loudspeaker","value":"Yes, with stereo speakers"},{"label":"3.5mm jack","value":"No"}]},{"category":"Comms","specs":[{"label":"WLAN","value":"Wi-Fi 802.11 a/b/g/n/ac/6/7, dual-band"},{"label":"Bluetooth","value":"5.4, A2DP, LE, aptX HD, LHDC 5"},{"label":"Positioning","value":"GPS (L1+L5), GLONASS (L1), BDS (B1I+B1c+B2a+B2b), GALILEO (E1+E5a+E5b), QZSS (L1+L5), NavIC (L5)"},{"label":"NFC","value":"Yes"},{"label":"USB","value":"USB Type-C 3.2, OTG"},{"label":"Radio","value":"No"},{"label":"Infrared port","value":"Yes"}]},{"category":"Features","specs":[{"label":"Sensors","value":"Fingerprint (under display, ultrasonic), accelerometer, gyro, proximity, compass"}]},{"category":"Battery","specs":[{"label":"Type","value":"· Si/C Li-Ion 6000 mAh (Global) · Li-Ion 5200 mAh (Austria, Hungary, Germany)"},{"label":"Charging","value":"90W wired"}]},{"category":"Misc","specs":[{"label":"Colors","value":"Cosmos Black, Titanium Grey, Blue, White"},{"label":"Models","value":"V2413, V2405A, V2405DA"},{"label":"SAR","value":"0.99 W/kg (head)     0.90 W/kg (body)"},{"label":"Price","value":"₹ 82,900"}]}]');
INSERT OR IGNORE INTO device_pictures (device_id, url, position) VALUES (814, 'https://fdn2.gsmarena.com/vv/bigpic/vivo-x200-pro.jpg', 0);
INSERT OR IGNORE INTO device_pictures (device_id, url, position) VALUES (814, 'https://fdn2.gsmarena.com/vv/pics/vivo/vivo-x200-pro-1.jpg', 1);
INSERT OR IGNORE INTO device_pictures (device_id, url, position) VALUES (814, 'https://fdn2.gsmarena.com/vv/pics/vivo/vivo-x200-pro-2.jpg', 2);
INSERT OR IGNORE INTO device_pictures (device_id, url, position) VALUES (814, 'https://fdn2.gsmarena.com/vv/pics/vivo/vivo-x200-pro-3.jpg', 3);
INSERT OR IGNORE INTO device_pictures (device_id, url, position) VALUES (814, 'https://fdn.gsmarena.com/imgroot/reviews/24/vivo-x200-pro/lifestyle/-1024w2/gsmarena_001.jpg', 4);
INSERT OR IGNORE INTO device_pictures (device_id, url, position) VALUES (814, 'https://fdn.gsmarena.com/imgroot/reviews/24/vivo-x200-pro/lifestyle/-1024w2/gsmarena_002.jpg', 5);
INSERT OR IGNORE INTO device_pictures (device_id, url, position) VALUES (814, 'https://fdn.gsmarena.com/imgroot/reviews/24/vivo-x200-pro/lifestyle/-1024w2/gsmarena_003.jpg', 6);
INSERT OR IGNORE INTO device_pictures (device_id, url, position) VALUES (814, 'https://fdn.gsmarena.com/imgroot/reviews/24/vivo-x200-pro/lifestyle/-1024w2/gsmarena_004.jpg', 7);
INSERT OR IGNORE INTO device_pictures (device_id, url, position) VALUES (814, 'https://fdn.gsmarena.com/imgroot/reviews/24/vivo-x200-pro/lifestyle/-1024w2/gsmarena_005.jpg', 8);
INSERT OR IGNORE INTO device_pictures (device_id, url, position) VALUES (814, 'https://fdn.gsmarena.com/imgroot/reviews/24/vivo-x200-pro/lifestyle/-1024w2/gsmarena_006.jpg', 9);
INSERT OR IGNORE INTO devices (id, brand_id, name, gsmarena_url, thumbnail_url, summary) VALUES (815, 5, 'X200', 'https://www.gsmarena.com/vivo_x200-13433.php', 'https://fdn2.gsmarena.com/vv/bigpic/vivo-x200.jpg', 'X200');
INSERT OR IGNORE INTO device_specs (device_id, announced, status, network, os, chipset, cpu, gpu, display_size, display_type, display_res, ram, storage, main_camera, selfie_camera, battery, charging, nfc, usb, bluetooth, wlan, colors, weight, dimensions, sim, sensors, popularity, fans, rating, full_specs_json) VALUES (815, '2024, October 14', 'Available. Released 2024, October 19', 'GSM / HSPA / LTE / 5G / 5G', 'Android 15, up to 4 major Android upgrades, Funtouch 15 (International), OriginOS 5 (China)', 'Mediatek Dimensity 9400 (3 nm)', 'Octa-core (1x3.63 GHz Cortex-X925 & 3x3.3 GHz Cortex-X4 & 4x2.4 GHz Cortex-A720)', 'Immortalis-G925', '6.67 inches, 107.4 cm 2 (~89.6% screen-to-body ratio)', 'AMOLED, 1B colors, 120Hz, 2160Hz PWM, HDR10+, 4500 nits (peak)', '1260 x 2800 pixels, 20:9 ratio (~460 ppi density)', '12GB', '256GB', '50 MP, f/1.6, 23mm (wide), 1/1.56", PDAF, OIS, Laser AF, Zeiss optics, Zeiss T* lens coating, LED flash, panorama, HDR, 3D LUT import', '32 MP, f/2.0, 20mm (ultrawide), 4K@30/60fps, 1080p@30/60fps', 'Market-dependent versions: · Si/C Li-Ion 5800 mAh (Global) · Li-Ion 5220 mAh (Austria)', '90W wired', 'Yes', 'USB Type-C 2.0, OTG', '5.4, A2DP, LE, aptX HD, LHDC 5', 'Wi-Fi 802.11 a/b/g/n/ac/6/7, dual-band', 'Natural Green (Aurora Green), Cosmos Black, Blue, White, Titanium', '197 g or 202 g (6.95 oz)', '160.3 x 74.8 x 8 mm (6.31 x 2.94 x 0.31 in)', '· Nano-SIM + Nano-SIM + eSIM (max 2 at a time) · Nano-SIM + Nano-SIM', 'Fingerprint (under display, optical), accelerometer, gyro, proximity, compass', 'About 520 EUR', NULL, NULL, '[{"category":"Network","specs":[{"label":"Technology","value":"GSM / HSPA / LTE / 5G"},{"label":"2G bands","value":"GSM 850 / 900 / 1800 / 1900"},{"label":"3G bands","value":"HSDPA 850 / 900 / 1700(AWS) / 1900 / 2100 - International"},{"label":"4G bands","value":"1, 2, 3, 4, 5, 7, 8, 12, 17, 18, 19, 20, 26, 28, 32, 38, 39, 40, 41, 42 - International"},{"label":"5G bands","value":"1, 3, 5, 7, 8, 20, 26, 28, 38, 40, 41, 75, 77, 78 SA/NSA/Sub6 - International"},{"label":"Speed","value":"HSPA, LTE, 5G"}]},{"category":"Launch","specs":[{"label":"Announced","value":"2024, October 14"},{"label":"Status","value":"Available. Released 2024, October 19"}]},{"category":"Body","specs":[{"label":"Dimensions","value":"160.3 x 74.8 x 8 mm (6.31 x 2.94 x 0.31 in)"},{"label":"Weight","value":"197 g or 202 g (6.95 oz)"},{"label":"Build","value":"Glass front, aluminum alloy frame, glass back or fiber-reinforced plastic back"},{"label":"SIM","value":"· Nano-SIM + Nano-SIM + eSIM (max 2 at a time) · Nano-SIM + Nano-SIM"}]},{"category":"Display","specs":[{"label":"Type","value":"AMOLED, 1B colors, 120Hz, 2160Hz PWM, HDR10+, 4500 nits (peak)"},{"label":"Size","value":"6.67 inches, 107.4 cm 2 (~89.6% screen-to-body ratio)"},{"label":"Resolution","value":"1260 x 2800 pixels, 20:9 ratio (~460 ppi density)"},{"label":"Protection","value":"Schott Xensation Alpha"}]},{"category":"Platform","specs":[{"label":"OS","value":"Android 15, up to 4 major Android upgrades, Funtouch 15 (International), OriginOS 5 (China)"},{"label":"Chipset","value":"Mediatek Dimensity 9400 (3 nm)"},{"label":"CPU","value":"Octa-core (1x3.63 GHz Cortex-X925 & 3x3.3 GHz Cortex-X4 & 4x2.4 GHz Cortex-A720)"},{"label":"GPU","value":"Immortalis-G925"}]},{"category":"Memory","specs":[{"label":"Card slot","value":"No"},{"label":"Internal","value":"256GB 12GB RAM, 512GB 12GB RAM, 512GB 16GB RAM, 1TB 16GB RAM"}]},{"category":"Main Camera","specs":[{"label":"Triple","value":"50 MP, f/1.6, 23mm (wide), 1/1.56\\", PDAF, OIS"},{"label":"Features","value":"Laser AF, Zeiss optics, Zeiss T* lens coating, LED flash, panorama, HDR, 3D LUT import"},{"label":"Video","value":"4K@30/60fps, 1080p@30/60/120/240fps, gyro-EIS"}]},{"category":"Selfie camera","specs":[{"label":"Single","value":"32 MP, f/2.0, 20mm (ultrawide)"},{"label":"Video","value":"4K@30/60fps, 1080p@30/60fps"},{"label":"Features","value":"HDR"}]},{"category":"Sound","specs":[{"label":"Loudspeaker","value":"Yes, with stereo speakers"},{"label":"3.5mm jack","value":"No"}]},{"category":"Comms","specs":[{"label":"WLAN","value":"Wi-Fi 802.11 a/b/g/n/ac/6/7, dual-band"},{"label":"Bluetooth","value":"5.4, A2DP, LE, aptX HD, LHDC 5"},{"label":"Positioning","value":"GPS (L1+L5), GLONASS (L1), BDS (B1I+B1c+B2a+B2b), GALILEO (E1+E5a+E5b), QZSS (L1+L5), NavIC (L5)"},{"label":"NFC","value":"Yes"},{"label":"USB","value":"USB Type-C 2.0, OTG"},{"label":"Radio","value":"No"},{"label":"Infrared port","value":"Yes"}]},{"category":"Features","specs":[{"label":"Sensors","value":"Fingerprint (under display, optical), accelerometer, gyro, proximity, compass"}]},{"category":"Battery","specs":[{"label":"Type","value":"Market-dependent versions: · Si/C Li-Ion 5800 mAh (Global) · Li-Ion 5220 mAh (Austria)"},{"label":"Charging","value":"90W wired"}]},{"category":"Misc","specs":[{"label":"Colors","value":"Natural Green (Aurora Green), Cosmos Black, Blue, White, Titanium"},{"label":"Models","value":"V2415A, V2405A, V2415"},{"label":"SAR","value":"1.00 W/kg (head)     0.78 W/kg (body)"},{"label":"Price","value":"About 520 EUR"}]}]');
INSERT OR IGNORE INTO device_pictures (device_id, url, position) VALUES (815, 'https://fdn2.gsmarena.com/vv/bigpic/vivo-x200.jpg', 0);
